!C99Shell v. 1.0 pre-release build #13!

Software: Apache. PHP/5.5.15 

uname -a: Windows NT SVR-DMZ 6.1 build 7600 (Windows Server 2008 R2 Enterprise Edition) i586 

SYSTEM 

Safe-mode: OFF (not secure)

E:\nuevo\apache\logs\   drwxrwxrwx
Free 9.41 GB of 239.26 GB (3.93%)
Detected drives: [ a ] [ c ] [ d ] [ e ] [ f ]
Home    Back    Forward    UPDIR    Refresh    Search    Buffer    Encoder    Tools    Proc.    FTP brute    Sec.    SQL    PHP-code    Update    Feedback    Self remove    Logout    


Viewing file:     access.2022.07.22.log (1.99 MB)      -rw-rw-rw-
Select action/file-type:
(+) | (+) | (+) | Code (+) | Session (+) | (+) | SDB (+) | (+) | (+) | (+) | (+) | (+) |
216.245.221.92 - - [22/Jul/2022:00:00:26 -0500] "HEAD / HTTP/1.1" 200 -
172.22.2.4 - - [21/Jul/2022:23:59:50 -0500] "HEAD /BLA/boletinlegal/ HTTP/1.1" 200 -
172.22.2.4 - - [22/Jul/2022:00:00:40 -0500] "GET /BLA/boletinlegal/ HTTP/1.1" 200 58122
201.245.192.253 - - [22/Jul/2022:00:02:45 -0500] "POST /kwsrmcab/Wsrmcab  HTTP/1.1" 200 213
186.80.52.70 - - [22/Jul/2022:00:02:57 -0500] "OPTIONS /kwssiamovil/sm/setfile/f? HTTP/1.1" 200 13
186.80.52.70 - - [22/Jul/2022:00:02:57 -0500] "POST /kwssiamovil/sm/setfile/f? HTTP/1.1" 200 381
186.80.52.70 - - [22/Jul/2022:00:03:00 -0500] "OPTIONS /kwssiamovil/sm/setfile/f? HTTP/1.1" 200 13
186.80.52.70 - - [22/Jul/2022:00:03:00 -0500] "POST /kwssiamovil/sm/setfile/f? HTTP/1.1" 200 381
186.80.52.70 - - [22/Jul/2022:00:03:03 -0500] "OPTIONS /kwssiamovil/sm/setfile/f? HTTP/1.1" 200 13
186.80.52.70 - - [22/Jul/2022:00:03:03 -0500] "POST /kwssiamovil/sm/setfile/f? HTTP/1.1" 200 381
186.80.52.70 - - [22/Jul/2022:00:03:05 -0500] "OPTIONS /kwssiamovil/sm/setfile/f? HTTP/1.1" 200 13
186.80.52.70 - - [22/Jul/2022:00:03:05 -0500] "POST /kwssiamovil/sm/setfile/f? HTTP/1.1" 200 381
186.80.52.70 - - [22/Jul/2022:00:03:13 -0500] "GET /kwssiamovil/sm/acme/a?s=U2FsdGVkX1+ZQQj5C5FL7bgrCnXjQ5VLn0ID8XQoFXxYpsWEDPTPqpXhrdGvhm/jYXbXWUaCXdrwGanCrGXV5riq5IkTfA8JoRnbtAO4hXkXyHRUBEGvHr8B70vDyVS+pNqkimolLRYn53QcAu7Z7X99eZlfMbVvGsF4ARxr+VoXCcyxbwxfmFx65mlH0PmnFd2I/ygvQn5xlTUrLjCA1CAJwxoJlUvfihkfEsIkr5secDyxk/WH/6Q+BnVC7hCfWXtRPT82I3zmR0Id9Oiu2g==&u=U2FsdGVkX18QG6Q6hRxGzIjDAwAxyCApNqSVeR9Myss=&y=U2FsdGVkX1/AZSTXt5GQVPDU3ciNPjtBzkVasvLkp2k= HTTP/1.1" 200 25
186.80.52.70 - - [22/Jul/2022:00:03:14 -0500] "GET /kwssiamovil/sm/acme/a?s=U2FsdGVkX1/vnfqKUL/ANDi0WVmdC0tMgw+j02vqTSLU9lH2VrgYYi9GDh7vEgjDPE5A6ces4MvGi6HMVo6EpS7ibp31zzSQI4/tBwY/csG32oWDNuoWZb+/3e1ozpGbqzFolkiWvS1+WH27ED8HvgZL+mZIpry4aodd5ej86D86XmL2l51TlOOwHAy0OKP0JgHB9wPA6tiszHRXxRtH7c4crDB6setfFC8gyl0ZsaFlV5zGOyWWrjE+VcRLSouC6eKIdMZs1Rgdm4TmqdQ6iW0XDvvnrIiMPfJob43MAyWqY/kalaMuL85Sm2OuvTUxU8ZDW0SBRj62k5WcYXGEVQGsJsHGz1dCtzVFj6gfPBYDlTsxh6nqviVZ9VVuLQVOoWBVpVUwKvSNqoQRcsTPj2v3+XgqCjknkEljBOGEQNGPmwJjKIY9MJo9dLZmNnyGViyr8xlLUAlfABMuDrtroDJZ9SP6hQA/j/Vwfxz9z90cgHd6ey+GnizAoL4dN7xmwOAca67oFprmfkyFkqBcP0Amh6b+ekut+oinsJYCe+xtp3TZlp/QtLckYPfd2AnXlWnUSkCclMtRIU6YWmWGTRPioAWlDZtjV55mkcpHZ7CtA8seacTIeVpVtTkx+ruJddQP2C9qQEIo+8eNLp9Z/i8PrYO1Anwjjvm9g51dtLyNIrEL35vozQltf0YTodnjtLUnzS69tivdnearVJXlN30ri8RUGm+YJM/iTl1+Lf9NJlvRxzMTNuL4jKfq8lWMsvc5gjXX7obpnywK89uO2nF2eykmymYkkI88Ayd2a9aywmRiETeLHHd+x5mnGkz0B3ZSkKZ185OlXYPGUsl6gQ61wGNtQsDfQaPKRpW7GAfQV2QE2zwbpzkNI6pbQ5feN4X5eMQZUcznqFmDVbZoAgEmHojqBXxvPQwANTNWHmVmN3pYUDt2m51o34osYtB7MrBRfNi1V0Dh2R5SsMMGvtlnyi/pjRNZpm21TsevkSBob7Wq8dRNmfkm9I11HTMfsqgZsLq5ErsdQxgLedMqulPdJCVFtpz+/jzLjDnTiDt5qP+e9EpaSQBMpI3Y5ma1UOtrdgiponIyK4TywKmjyXIvjNJF2ZqYBNrljWefmaUr3e4xXthOLaqy/uU4gDYVz6J9cwL91AsYXlvO8bJ0BaLlRve3yf8vG9XI7F89eCg3yEjL080Yg35SYxc7lXTfzpoRUxQo9t0sAzw5RqHl+0zOh1DK3jrr+LaTCglL7uG76jzmkJbLMOOPyKybzEiQTZ6Zl7Wnw65ItSl1DGKI+uE9955ugN9tKG01vmIhMiv+kjElNehjmdyb24h3P5RUcZB56NI8GnE/wc66XbO8+9ddoNZsyCnVE8ruaRyXsEdqwju451ibr1ZJhCKBIFdk8gIl8vtupunRB1vhSlsmGfqwkJxlFEE+jFrBq4N3TMn6yHiwG9iBxG1Fgbat5FFSxYqhwIpprahXiYm1v1agXWOXJ3jlO5p6o0A16Snijk56lEokkQmsWw67PvVP4rmURaOZ1yBEEDB4Emcui+M0vPZ4KaL1VVoQMlPCPLik/lfkiMyS3PeZpR2lncElnjP3GQHc3/6v7m+ZUsxhPi4XX4Q8w8VCSMP2bQOvPusCb/1yynjRmnA3riPARogaNt3MbNCyQViMZ2apewPXQke1QyV6XVEfRorLuMxuYDPMr9kXhQ/cSowa2stsG5aHotZUX8dN/VS0An1bO5It508rDsfjjsReqZ0SAVMmlBYkcQGsPSaMSOiAE3So8Ue4MxtD26jL6McFxYaCT+QcnrE9Bd3vkR6w6UReqzDiUdjYTsc94vQF9kAHOWZffruCQu+TWdacYcudH61+kqYl+5H5vt7obcjD1LxnyXdLSDTyNd31qLqEwPqjK9LnCSP44cf4/SDqpn7CzXU8WsFXKeeS5qxyUKqJMqpfVWLE9WAluxkOG4KlH/IfFfaFQcAr/SPmmngQ30o1MewozmZJEtNA+GvhZvSTkvROjw3UrGp8anU=&u=U2FsdGVkX18QG6Q6hRxGzIjDAwAxyCApNqSVeR9Myss=&y=U2FsdGVkX1/AZSTXt5GQVPDU3ciNPjtBzkVasvLkp2k= HTTP/1.1" 200 25
186.80.52.70 - - [22/Jul/2022:00:03:14 -0500] "GET /kwssiamovil/sm/acme/a?s=U2FsdGVkX19SrQlIsyaajDm27T16ro1aB6RA7/9FMtgfhpvuCrp6uwX37014gYOZV4QDqN7YHl8X6x4kp1KR95AVq99wq5529F9Uh5MVH3CDOUhQYI1Ta3c0qCgO9A+CGKAtd1bSvIJJHd5AydER3vFbWJ6H4ope9eJdwx0nOi8=&u=U2FsdGVkX18QG6Q6hRxGzIjDAwAxyCApNqSVeR9Myss=&y=U2FsdGVkX1/AZSTXt5GQVPDU3ciNPjtBzkVasvLkp2k= HTTP/1.1" 200 25
186.80.52.70 - - [22/Jul/2022:00:03:14 -0500] "GET /kwssiamovil/sm/acme/a?s=U2FsdGVkX19IWpQQwrZPyHQ9FJgXrVSXnH3i4BSEEtdnvSkiGmjinGlovSjrq1X4DNgbcU6EvRJJR9Zryh6B6yEauGV9HJFlRH49ytdQLmN1PpLePMYhtIKEVn9nKAnCziCWNf/pM1jDJ8BYEMAZ4K6hMqI+Ox6460TRDSkaGGg=&u=U2FsdGVkX18QG6Q6hRxGzIjDAwAxyCApNqSVeR9Myss=&y=U2FsdGVkX1/AZSTXt5GQVPDU3ciNPjtBzkVasvLkp2k= HTTP/1.1" 200 25
186.80.52.70 - - [22/Jul/2022:00:03:14 -0500] "GET /kwssiamovil/sm/acme/a?s=U2FsdGVkX19ElWWLSVxEa2DXo8SkDcCbMz3DUap1CGD6mv89WGOR04U4kaa1A0WJLeMZziLrDlaU4mIS6dvPPOw27HcgUFFcYuO1++wTThFiGSCe+l108DcJWEZoy7d05oMk/3pVyGul3FqLooacBLzO+QUjUmIIHzp4Y0hCsIY=&u=U2FsdGVkX18QG6Q6hRxGzIjDAwAxyCApNqSVeR9Myss=&y=U2FsdGVkX1/AZSTXt5GQVPDU3ciNPjtBzkVasvLkp2k= HTTP/1.1" 200 25
186.80.52.70 - - [22/Jul/2022:00:03:14 -0500] "GET /kwssiamovil/sm/acme/a?s=U2FsdGVkX1/jVmI1GhIclPNt5UpkK/MmPewzzn3bPkDZUVd7XghkrM11WIJQ6O55MdqvUdCad7/mKazhxI6dnTmHxdLdZISvdeGFgI93CBO5PSMwRTkeV8/jDraAp4LsmZ8P/bsicmiHXJo+jie80Cgc2pftiHWIwHWUKpUYnGD10e69t+1GIL1Hh4aWDZDW&u=U2FsdGVkX18QG6Q6hRxGzIjDAwAxyCApNqSVeR9Myss=&y=U2FsdGVkX1/AZSTXt5GQVPDU3ciNPjtBzkVasvLkp2k= HTTP/1.1" 200 25
186.80.52.70 - - [22/Jul/2022:00:03:15 -0500] "GET /kwssiamovil/sm/acme/a?s=U2FsdGVkX1+3V5rWwDDyc1/5jaUp9/T66bxuvJWT7paqhavee5Mq8H/+dmCT0lHsZEXYSnLU/P8aH6EQ49gSjS8gebvS7b3mlZ2YSNn/XtgDbXGUeg91CfPqiIJZ+S5TkEE4nFN+DLD8rg8oVznJgzprpxYZCQg6B/uFYMYaE+MtSgY/xTg6TEQmptuf7sGDRtpLws7CnRLCa4TIILFfJA==&u=U2FsdGVkX18QG6Q6hRxGzIjDAwAxyCApNqSVeR9Myss=&y=U2FsdGVkX1/AZSTXt5GQVPDU3ciNPjtBzkVasvLkp2k= HTTP/1.1" 200 25
186.80.52.70 - - [22/Jul/2022:00:03:15 -0500] "GET /kwssiamovil/sm/acme/a?s=U2FsdGVkX1+AZxCpLfmHZpNckUwZJdPV4UmfeQy+GxlUubsY6opmi4fCD8GtLjkV9SmttrHmagl8zzuBc4O3OXyhCs6vVnMeVu0WQTQVEHDEs8c5CVyFd/xrPcHTFUG1TSIUHeYRzRwc4d5WiuImigtmyeBW7rAmbI75l9lbFXpcqHcLyaJqeJsmskAAO2kAlGJMk/xjXJZ+F0AKv/fTIEKAwhavfeAqvj6KpJUavYutdgJDR/gfAr13rDrbhEkB1EacXNhdzEU7xg1D1pYi7L8KrgPIC+sw9518rXpir2WgyBKrx5pJtlEKbrIcAnveZh2uYegnguNgSIFA2Ly4QTxHyGDMdStasT6NCFxdAWITXXTUX1eMl0tgbPFtrMUEAEF/CybrHSdsvBquZZn9q2ojbOFQASja/uoREypAvAVrCzerj5Do/ze3zT+m+V0iV+DSzH32UHmD9OblITNE/yIfNngI0aZbJO8Jf3ZDCWQ=&u=U2FsdGVkX18QG6Q6hRxGzIjDAwAxyCApNqSVeR9Myss=&y=U2FsdGVkX1/AZSTXt5GQVPDU3ciNPjtBzkVasvLkp2k= HTTP/1.1" 200 25
186.80.52.70 - - [22/Jul/2022:00:03:15 -0500] "GET /kwssiamovil/sm/acme/a?s=U2FsdGVkX1/T5yhL07jT5b2ziq+AGbTLEtwWHQzk4yLzT++3ctSw192k+8/zz4MAjYlxvAo2JrYkEPVHqUL6zgDoe5GAKL+tZZgrpmeAMRicYcYGIYQA89wJPc5a9dr9NVE9zXPdD8l6FVk9sZ5dvEYPGKjGZS5xz4NVDGZgkye8JRAzr4m6ftNByVIewK9Y&u=U2FsdGVkX18QG6Q6hRxGzIjDAwAxyCApNqSVeR9Myss=&y=U2FsdGVkX1/AZSTXt5GQVPDU3ciNPjtBzkVasvLkp2k= HTTP/1.1" 200 25
186.80.52.70 - - [22/Jul/2022:00:03:15 -0500] "GET /kwssiamovil/sm/acme/a?s=U2FsdGVkX1+4G/ArFEgTsJ8N6zxnAFfOgjS63e6abnn2xsyCXw7rjmCrnJPlI4qsuKHRB6Bm9NtpFNFWz8gTIQtjIzwGfA0PpW34INYvSMppNaO58Le6aMWOnRknJRskEPFmEU38FtVk4BJSUb8RISD/h6K4sl+EVKtrakFryeM6Ts0gXKZL7RyXH+SZULioCCbhQBb6fWSe6QRUwsLNm2sAyFklSfnqyHI2JUnQaSd2fvjysw6MHP2WHbulxHlOZljHM2gLmMpxojWZvqNnSzeT6e/i6hLnPNy3OhhRWv7B7yw68YsZCaXEKumZB2ATDNo7tZlFMFGPE6m4gSeUJ5EgtmRpitYImDyN+yxjvhR3T2a4fX6h/YgPXyqoMWv5Nq9SZ/8LfuxFKTkh4PHaKA7ld0FAhPP0XBBO8f86fpXmRWJJiWK/Ia/AuX2/jMTm&u=U2FsdGVkX18QG6Q6hRxGzIjDAwAxyCApNqSVeR9Myss=&y=U2FsdGVkX1/AZSTXt5GQVPDU3ciNPjtBzkVasvLkp2k= HTTP/1.1" 200 25
186.80.52.70 - - [22/Jul/2022:00:03:15 -0500] "GET /kwssiamovil/sm/acme/a?s=U2FsdGVkX18h9F1yNx2MrYbPz+6p1MwzRzjNDJlAvv5qDBsXw6b3wPYt+b2lu80AzA3bG4Fq6mYLmEvZFXn1bemNIi5oeYtRePYZRWJ5k5FbR1mjG0VXG/jPc9F4acpEg1H2NXwIibMCEaDIcZKdsDzF2zEfvCFAEkpsF3AwKlUeY72Fzj+zl3gvzL0llN2pyO/Gg1rfF7WnGk4yn99fxA==&u=U2FsdGVkX18QG6Q6hRxGzIjDAwAxyCApNqSVeR9Myss=&y=U2FsdGVkX1/AZSTXt5GQVPDU3ciNPjtBzkVasvLkp2k= HTTP/1.1" 200 25
186.80.52.70 - - [22/Jul/2022:00:03:15 -0500] "GET /kwssiamovil/sm/acme/a?s=U2FsdGVkX19gcDlFXj3pne9cUDtdYGaplEOtYJsD8JBAOxX16Vp5nSRj6tA9Jh2gPTq5bw3FJiNIZRi5sU0qavHdzfSimCpGpOt15Y1h2+EcZLAfHizPfTQBO3fq2sQDIY524N46OwDnfgQRBzWMli77NYdd6wGghdQBCTGxSBh1I7LQAegDJ6jEkgwN5dDU&u=U2FsdGVkX18QG6Q6hRxGzIjDAwAxyCApNqSVeR9Myss=&y=U2FsdGVkX1/AZSTXt5GQVPDU3ciNPjtBzkVasvLkp2k= HTTP/1.1" 200 25
186.80.52.70 - - [22/Jul/2022:00:03:16 -0500] "GET /kwssiamovil/sm/acme/a?s=U2FsdGVkX1/vJaoD/atCtiKDS59CJHAbAYFBwjQElfyQsJnzMjesbS60EUz+Ji5Yvi1CZoELGekFdF8Z6Ots4OUY4h4hWuRm7fm0j8A2pZ8DDgZrZ7o0BRJXvT4F0jmvDpFG2fegVBxPXZDsZ61A6/syDz+SSQQ3xkJa97UkCNadWITJcmCfpNZyC2lZP3fkX5VubSr1AGuk9t6udsytnA==&u=U2FsdGVkX18QG6Q6hRxGzIjDAwAxyCApNqSVeR9Myss=&y=U2FsdGVkX1/AZSTXt5GQVPDU3ciNPjtBzkVasvLkp2k= HTTP/1.1" 200 25
186.80.52.70 - - [22/Jul/2022:00:03:16 -0500] "GET /kwssiamovil/sm/acme/a?s=U2FsdGVkX1/cIRAiWhBcEPsuye7QKJd6kgOkTcTVlQYmaG3nRY04B4PDxtiZhhqC75pljnhp7bI02XUKRxCOH7Q7pm3Lc6X9Cy1QiUscpQNs1H4doq1Hoq6XJa4APa/kkhlTJif3vX/Cb/8OwvyrodMOjBvlAXrMIlZOR8q3ADfkr6a7cPpJAqO73buktmcR&u=U2FsdGVkX18QG6Q6hRxGzIjDAwAxyCApNqSVeR9Myss=&y=U2FsdGVkX1/AZSTXt5GQVPDU3ciNPjtBzkVasvLkp2k= HTTP/1.1" 200 25
186.80.52.70 - - [22/Jul/2022:00:03:16 -0500] "GET /kwssiamovil/sm/acme/a?s=U2FsdGVkX19gCBocV0f43w+dLkOaRTTY1TJOmPaLUcmsMWA2HkqwhMIotArrSgyx4HS7krHtjn0hEEb1O+a1BEPUg9gVykxXCZShAwCADMTS9jU+HXPeHiph7ylprbAWiizXeb8w1LyIAWThZzIdtSSORJPrJZh3bAb4LSfICnzfj3c7HJ9TQL1MBHX/qJ5Vb97wFKv/vqM9XBNcjcs4CA==&u=U2FsdGVkX18QG6Q6hRxGzIjDAwAxyCApNqSVeR9Myss=&y=U2FsdGVkX1/AZSTXt5GQVPDU3ciNPjtBzkVasvLkp2k= HTTP/1.1" 200 25
186.80.52.70 - - [22/Jul/2022:00:03:16 -0500] "GET /kwssiamovil/sm/acme/a?s=U2FsdGVkX1/2Rc4JpidJW4QvCVZ2IBgYScZIsEIwcRvOydXQ7BIl4ziCNmpRxkZKL/22sEv4za2rKA1PFQ0Zo0ROZrSXv0WnO1ClFBCMR2gOvZkfYfAf8xsQuwRmG7Qtpx3vCxtLK/Gh1ZpT0D6jFg2ryIcStosxYvbgj2CKmMAh1ZweY5HEd6nywrMDN/Un&u=U2FsdGVkX18QG6Q6hRxGzIjDAwAxyCApNqSVeR9Myss=&y=U2FsdGVkX1/AZSTXt5GQVPDU3ciNPjtBzkVasvLkp2k= HTTP/1.1" 200 25
185.119.81.96 - - [22/Jul/2022:00:03:52 -0500] "GET /portaldeninos/wp-login.php HTTP/1.1" 200 2592
185.119.81.96 - - [22/Jul/2022:00:03:54 -0500] "POST /portaldeninos/wp-login.php HTTP/1.1" 200 3670
216.245.221.92 - - [22/Jul/2022:00:05:26 -0500] "HEAD / HTTP/1.1" 200 -
172.22.2.4 - - [22/Jul/2022:00:05:40 -0500] "HEAD /BLA/boletinlegal/ HTTP/1.1" 200 -
201.245.192.253 - - [22/Jul/2022:00:07:45 -0500] "POST /kwsrmcab/Wsrmcab  HTTP/1.1" 200 213
172.22.2.4 - - [22/Jul/2022:00:06:30 -0500] "GET /BLA/boletinlegal/ HTTP/1.1" 200 59828
216.245.221.92 - - [22/Jul/2022:00:10:26 -0500] "HEAD / HTTP/1.1" 200 -
172.22.2.4 - - [22/Jul/2022:00:10:31 -0500] "GET /BLA/boletinlegal/ HTTP/1.1" 200 36811
181.61.204.68 - - [22/Jul/2022:00:11:44 -0500] "GET /galeria/galeria/jquery.fancybox.css?v=2.1.5 HTTP/1.1" 200 4895
181.61.204.68 - - [22/Jul/2022:00:11:44 -0500] "GET /BLA/boletinlegal/js/jquery.scrollShow.js HTTP/1.1" 200 4586
181.61.204.68 - - [22/Jul/2022:00:11:44 -0500] "GET /galeria/galeria/jquery.fancybox.js?v=2.1.5 HTTP/1.1" 200 48706
94.102.61.10 - - [22/Jul/2022:00:12:29 -0500] "GET /portaldeninos/ HTTP/1.1" 200 14393
152.61.192.232 - - [22/Jul/2022:00:12:38 -0500] "GET / HTTP/1.1" 200 319
201.245.192.253 - - [22/Jul/2022:00:12:43 -0500] "POST /kwsrmcab/Wsrmcab  HTTP/1.1" 200 213
172.22.2.4 - - [22/Jul/2022:00:11:30 -0500] "HEAD /BLA/boletinlegal/ HTTP/1.1" 200 -
172.22.2.4 - - [22/Jul/2022:00:12:20 -0500] "GET /BLA/boletinlegal/ HTTP/1.1" 200 58122
216.245.221.92 - - [22/Jul/2022:00:15:26 -0500] "HEAD / HTTP/1.1" 200 -
201.245.192.253 - - [22/Jul/2022:00:17:42 -0500] "POST /kwsrmcab/Wsrmcab  HTTP/1.1" 200 213
152.61.128.50 - - [22/Jul/2022:00:17:55 -0500] "GET / HTTP/1.1" 200 319
172.22.2.4 - - [22/Jul/2022:00:18:35 -0500] "GET /BLA/boletinlegal/style.css HTTP/1.1" 200 9406
172.22.2.4 - - [22/Jul/2022:00:18:35 -0500] "GET /BLA/boletinlegal/js/jquery.js HTTP/1.1" 200 57254
172.22.2.4 - - [22/Jul/2022:00:18:35 -0500] "GET /BLA/boletinlegal/js/jquery.scrollTo-min.js HTTP/1.1" 200 1150
172.22.2.4 - - [22/Jul/2022:00:18:35 -0500] "GET /BLA/boletinlegal/styles2.css HTTP/1.1" 200 1838
172.22.2.4 - - [22/Jul/2022:00:18:35 -0500] "GET /BLA/boletinlegal/js/jquery.scrollShow.js HTTP/1.1" 200 4586
172.22.2.4 - - [22/Jul/2022:00:18:35 -0500] "GET /BLA/boletinlegal/images/cabezote%20BLEGAL.jpg HTTP/1.1" 200 118164
172.22.2.4 - - [22/Jul/2022:00:18:35 -0500] "GET /BLA/boletinlegal/images/subscribe-icon-big.png HTTP/1.1" 200 47702
172.22.2.4 - - [22/Jul/2022:00:18:35 -0500] "GET /BLA/boletinlegal/images/registro-usuarios.png HTTP/1.1" 200 8106
172.22.2.4 - - [22/Jul/2022:00:18:35 -0500] "GET /BLA/boletinlegal/images/arr_l.jpg HTTP/1.1" 200 1979
172.22.2.4 - - [22/Jul/2022:00:18:35 -0500] "GET /BLA/boletinlegal/images/historia.png HTTP/1.1" 200 52775
172.22.2.4 - - [22/Jul/2022:00:18:35 -0500] "GET /BLA/boletinlegal/images/screen_1.png HTTP/1.1" 200 202547
172.22.2.4 - - [22/Jul/2022:00:18:35 -0500] "GET /BLA/boletinlegal/images/launch.jpg HTTP/1.1" 200 14577
172.22.2.4 - - [22/Jul/2022:00:18:35 -0500] "GET /BLA/boletinlegal/images/body_bg.jpg HTTP/1.1" 200 1601
172.22.2.4 - - [22/Jul/2022:00:18:35 -0500] "GET /BLA/boletinlegal/images/menu_lft.gif HTTP/1.1" 200 1713
172.22.2.4 - - [22/Jul/2022:00:18:35 -0500] "GET /BLA/boletinlegal/images/hover.jpg HTTP/1.1" 200 640
172.22.2.4 - - [22/Jul/2022:00:18:35 -0500] "GET /BLA/boletinlegal/images/bg_top.jpg HTTP/1.1" 200 522
172.22.2.4 - - [22/Jul/2022:00:18:35 -0500] "GET /BLA/boletinlegal/images/menu_bg.jpg HTTP/1.1" 200 620
172.22.2.4 - - [22/Jul/2022:00:18:35 -0500] "GET /BLA/boletinlegal/images/text.jpg HTTP/1.1" 200 568
172.22.2.4 - - [22/Jul/2022:00:18:35 -0500] "GET /BLA/boletinlegal/images/menu_rght.gif HTTP/1.1" 200 1627
172.22.2.4 - - [22/Jul/2022:00:18:45 -0500] "GET /BLA/boletinlegal/images/screen_3.png HTTP/1.1" 200 210620
172.22.2.4 - - [22/Jul/2022:00:18:45 -0500] "GET /BLA/boletinlegal/images/screen_5.png HTTP/1.1" 200 368876
172.22.2.4 - - [22/Jul/2022:00:18:45 -0500] "GET /BLA/boletinlegal/images/screen_2.png HTTP/1.1" 200 362502
172.22.2.4 - - [22/Jul/2022:00:18:45 -0500] "GET /BLA/boletinlegal/images/arr_r.jpg HTTP/1.1" 200 1998
172.22.2.4 - - [22/Jul/2022:00:18:45 -0500] "GET /BLA/boletinlegal/images/footer_bg.jpg HTTP/1.1" 200 586
172.22.2.4 - - [22/Jul/2022:00:18:58 -0500] "GET /BLA/boletinlegal/images/pdf.gif HTTP/1.1" 200 567
172.22.2.4 - - [22/Jul/2022:00:17:20 -0500] "HEAD /BLA/boletinlegal/ HTTP/1.1" 200 -
172.22.2.4 - - [22/Jul/2022:00:19:19 -0500] "GET /BLA/boletinlegal/doctrina.php HTTP/1.1" 200 5604
172.22.2.4 - - [22/Jul/2022:00:19:20 -0500] "GET /BLA/boletinlegal/js/ajax_doctrina.js HTTP/1.1" 200 772
172.22.2.4 - - [22/Jul/2022:00:19:20 -0500] "GET /BLA/boletinlegal/js/popup.js HTTP/1.1" 200 1270
172.22.2.4 - - [22/Jul/2022:00:19:20 -0500] "GET /BLA/boletinlegal/js/lib.js HTTP/1.1" 200 6474
172.22.2.4 - - [22/Jul/2022:00:19:20 -0500] "GET /BLA/boletinlegal/js/jquery1.js HTTP/1.1" 200 29846
172.22.2.4 - - [22/Jul/2022:00:19:20 -0500] "GET /BLA/boletinlegal/images/sub_ul_li.gif HTTP/1.1" 200 343
172.22.2.4 - - [22/Jul/2022:00:19:20 -0500] "GET /BLA/boletinlegal/images/footer_bg_l.jpg HTTP/1.1" 200 776
172.22.2.4 - - [22/Jul/2022:00:19:20 -0500] "GET /BLA/boletinlegal/favicon.ico HTTP/1.1" 404 1332
172.22.2.4 - - [22/Jul/2022:00:19:25 -0500] "GET /BLA/boletinlegal/actos.php HTTP/1.1" 200 9559
172.22.2.4 - - [22/Jul/2022:00:19:25 -0500] "GET /BLA/boletinlegal/js/ajax_actos.js HTTP/1.1" 200 1322
172.22.2.4 - - [22/Jul/2022:00:19:25 -0500] "GET /BLA/boletinlegal/niceforms.js HTTP/1.1" 200 22876
172.22.2.4 - - [22/Jul/2022:00:19:25 -0500] "GET /BLA/boletinlegal/niceforms-default.css HTTP/1.1" 200 6694
172.22.2.4 - - [22/Jul/2022:00:19:25 -0500] "GET /BLA/boletinlegal/images/green-yellow-blue-pink-th.png HTTP/1.1" 200 7394
172.22.2.4 - - [22/Jul/2022:00:19:25 -0500] "GET /BLA/boletinlegal/images/abajo.png HTTP/1.1" 200 96676
172.22.2.4 - - [22/Jul/2022:00:19:25 -0500] "GET /BLA/boletinlegal/images/tel.png HTTP/1.1" 200 14477
172.22.2.4 - - [22/Jul/2022:00:19:25 -0500] "GET /BLA/boletinlegal/images/icono-email.png HTTP/1.1" 200 5544
172.22.2.4 - - [22/Jul/2022:00:19:25 -0500] "GET /BLA/boletinlegal/img/0.png HTTP/1.1" 200 110
172.22.2.4 - - [22/Jul/2022:00:19:25 -0500] "GET /BLA/boletinlegal/img/select-right.png HTTP/1.1" 200 44019
172.22.2.4 - - [22/Jul/2022:00:19:25 -0500] "GET /BLA/boletinlegal/img/select-left.png HTTP/1.1" 200 263
172.22.2.4 - - [22/Jul/2022:00:19:25 -0500] "GET /BLA/boletinlegal/img/button-left.png HTTP/1.1" 200 57071
172.22.2.4 - - [22/Jul/2022:00:19:25 -0500] "GET /BLA/boletinlegal/img/button.png HTTP/1.1" 200 43241
172.22.2.4 - - [22/Jul/2022:00:19:25 -0500] "GET /BLA/boletinlegal/img/button-right.png HTTP/1.1" 200 57878
66.249.65.15 - - [22/Jul/2022:00:19:26 -0500] "-" 408 -
172.22.2.4 - - [22/Jul/2022:00:19:31 -0500] "GET /BLA/boletinlegal/normativa.php HTTP/1.1" 200 8326
172.22.2.4 - - [22/Jul/2022:00:19:31 -0500] "GET /BLA/boletinlegal/js/ajax_normativa.js HTTP/1.1" 200 1154
172.22.2.4 - - [22/Jul/2022:00:19:36 -0500] "GET /BLA/boletinlegal/conceptos.php HTTP/1.1" 200 7443
172.22.2.4 - - [22/Jul/2022:00:19:37 -0500] "GET /BLA/boletinlegal/js/ajax_conceptos.js HTTP/1.1" 200 1326
172.22.2.4 - - [22/Jul/2022:00:18:10 -0500] "GET /BLA/boletinlegal/ HTTP/1.1" 200 46746
172.22.2.4 - - [22/Jul/2022:00:18:34 -0500] "GET /BLA/boletinlegal/ HTTP/1.1" 200 40907
201.245.192.253 - - [22/Jul/2022:00:20:18 -0500] "POST /kwsrmcab/Wsrmcab HTTP/1.1" 200 44678
201.245.192.253 - - [22/Jul/2022:00:20:22 -0500] "POST /kwsrmcab/Wsrmcab HTTP/1.1" 200 46740
216.245.221.92 - - [22/Jul/2022:00:20:26 -0500] "HEAD / HTTP/1.1" 200 -
207.46.13.92 - - [22/Jul/2022:00:21:04 -0500] "GET /portaldeninos/wp-content/uploads/2021/11/cronica-mujer-junio-29-junio-ambiente-300x159.png HTTP/1.1" 200 105399
172.22.2.4 - - [22/Jul/2022:00:21:09 -0500] "GET /BLA/boletinlegal/actos.php HTTP/1.1" 200 9559
186.84.21.174 - - [22/Jul/2022:00:21:53 -0500] "GET /BLA/resoluciones/ HTTP/1.1" 200 13093
186.84.21.174 - - [22/Jul/2022:00:21:53 -0500] "GET /BLA/resoluciones/dlf/folder.png HTTP/1.1" 200 410
186.84.21.174 - - [22/Jul/2022:00:21:53 -0500] "GET /BLA/resoluciones/dlf/styles.css HTTP/1.1" 200 3049
186.84.21.174 - - [22/Jul/2022:00:21:53 -0500] "GET /BLA/resoluciones/dlf/bg.gif HTTP/1.1" 200 54
186.84.21.174 - - [22/Jul/2022:00:21:53 -0500] "GET /favicon.ico HTTP/1.1" 200 7782
186.84.21.174 - - [22/Jul/2022:00:22:06 -0500] "GET /BLA/resoluciones/dlf/dirup.png HTTP/1.1" 200 644
186.84.21.174 - - [22/Jul/2022:00:22:06 -0500] "GET /BLA/resoluciones/dlf/pdf.gif HTTP/1.1" 200 272
186.84.21.174 - - [22/Jul/2022:00:22:06 -0500] "GET /BLA/resoluciones/index.php?dir=RESOLUCIONES+2012%2F HTTP/1.1" 200 140066
186.84.21.174 - - [22/Jul/2022:00:22:10 -0500] "GET /BLA/resoluciones/RESOLUCIONES%202012/0132.pdf HTTP/1.1" 200 271809
186.84.21.174 - - [22/Jul/2022:00:22:19 -0500] "GET /BLA/resoluciones/ HTTP/1.1" 200 13093
172.22.2.4 - - [22/Jul/2022:00:22:23 -0500] "GET /BLA/boletinlegal/consulta_actos.php?tipo=autos&no=&usuario=&sector=&fecha=2012&resuelve= HTTP/1.1" 200 752022
186.84.21.174 - - [22/Jul/2022:00:22:27 -0500] "GET /BLA/resoluciones/index.php?dir=RESOLUCIONES+2012%2F HTTP/1.1" 200 140066
186.84.21.174 - - [22/Jul/2022:00:22:32 -0500] "GET /BLA/resoluciones/index.php?dir=RESOLUCIONES%202012/&sort=date&order=asc HTTP/1.1" 200 140066
201.245.192.253 - - [22/Jul/2022:00:22:42 -0500] "POST /kwsrmcab/Wsrmcab  HTTP/1.1" 200 213
186.84.21.174 - - [22/Jul/2022:00:22:55 -0500] "GET /BLA/resoluciones/index.php?dir= HTTP/1.1" 200 13093
186.84.21.174 - - [22/Jul/2022:00:23:04 -0500] "GET /BLA/resoluciones/index.php?dir=&sort=name&order=desc HTTP/1.1" 200 12235
186.84.21.174 - - [22/Jul/2022:00:23:27 -0500] "GET /BLA/resoluciones/index.php?dir=RESOLUCIONES+2012%2F HTTP/1.1" 200 140066
186.84.21.174 - - [22/Jul/2022:00:23:44 -0500] "GET /BLA/resoluciones/index.php?dir=RESOLUCIONES%202012/&sort=date&order=asc HTTP/1.1" 200 140066
186.84.21.174 - - [22/Jul/2022:00:24:03 -0500] "GET /BLA/resoluciones/RESOLUCIONES%202012/0036.pdf HTTP/1.1" 200 314144
186.84.21.174 - - [22/Jul/2022:00:24:07 -0500] "GET /BLA/resoluciones/RESOLUCIONES%202012/0036.pdf HTTP/1.1" 200 314144
186.84.21.174 - - [22/Jul/2022:00:24:07 -0500] "GET /BLA/resoluciones/RESOLUCIONES%202012/0036.pdf HTTP/1.1" 200 314144
172.22.2.4 - - [22/Jul/2022:00:24:30 -0500] "GET /BLA/boletinlegal/images/background.gif HTTP/1.1" 200 -
172.22.2.4 - - [22/Jul/2022:00:23:10 -0500] "HEAD /BLA/boletinlegal/ HTTP/1.1" 200 -
172.22.2.4 - - [22/Jul/2022:00:25:02 -0500] "GET /BLA/boletinlegal/consulta_actos.php?tipo=autos&no=&usuario=&sector=PEV&fecha=2012&resuelve= HTTP/1.1" 200 10585
66.249.65.15 - - [22/Jul/2022:00:25:12 -0500] "-" 408 -
186.84.21.174 - - [22/Jul/2022:00:25:15 -0500] "GET /BLA/resoluciones/AUTOS%202012/0020.pdf HTTP/1.1" 200 289975
216.245.221.92 - - [22/Jul/2022:00:25:26 -0500] "HEAD / HTTP/1.1" 200 -
172.22.2.4 - - [22/Jul/2022:00:24:00 -0500] "GET /BLA/boletinlegal/ HTTP/1.1" 200 60410
201.245.192.253 - - [22/Jul/2022:00:27:40 -0500] "POST /kwsrmcab/Wsrmcab  HTTP/1.1" 200 213
172.22.2.4 - - [22/Jul/2022:00:27:59 -0500] "GET /BLA/boletinlegal/consulta_actos.php?tipo=autos&no=&usuario=&sector=PEV&fecha=2011&resuelve= HTTP/1.1" 200 132992
172.22.2.4 - - [22/Jul/2022:00:28:07 -0500] "GET /BLA/boletinlegal/consulta_actos.php?tipo=autos&no=&usuario=&sector=PEV&fecha=2011&resuelve= HTTP/1.1" 200 132992
185.7.214.104 - - [22/Jul/2022:00:29:04 -0500] "POST /cgi-bin/.%2e/.%2e/.%2e/.%2e/bin/sh HTTP/1.1" 400 945
201.245.192.253 - - [22/Jul/2022:00:30:17 -0500] "POST /kwsrmcab/Wsrmcab HTTP/1.1" 200 44678
201.245.192.253 - - [22/Jul/2022:00:30:22 -0500] "POST /kwsrmcab/Wsrmcab HTTP/1.1" 200 46740
216.245.221.92 - - [22/Jul/2022:00:30:26 -0500] "HEAD / HTTP/1.1" 200 -
172.22.2.4 - - [22/Jul/2022:00:29:00 -0500] "HEAD /BLA/boletinlegal/ HTTP/1.1" 200 -
157.55.39.114 - - [22/Jul/2022:00:30:47 -0500] "GET /sipse/faces/javax.faces.resource/jquery/jquery-plugins.js;jsessionid=1m7z1erp8+k0mjm2rvdyaaiw.undefined?ln=primefaces&v=4.0 HTTP/1.1" 200 220526
172.22.2.4 - - [22/Jul/2022:00:29:50 -0500] "GET /BLA/boletinlegal/ HTTP/1.1" 200 59828
66.249.73.141 - - [22/Jul/2022:00:32:23 -0500] "-" 408 -
172.22.2.4 - - [22/Jul/2022:00:32:40 -0500] "GET /BLA/boletinlegal/consulta_actos.php?tipo=autos&no=&usuario=&sector=PEV&fecha=2003&resuelve= HTTP/1.1" 200 626
201.245.192.253 - - [22/Jul/2022:00:32:40 -0500] "POST /kwsrmcab/Wsrmcab  HTTP/1.1" 200 213
66.249.65.13 - - [22/Jul/2022:00:32:50 -0500] "-" 408 -
172.22.2.4 - - [22/Jul/2022:00:33:10 -0500] "GET /BLA/boletinlegal/consulta_actos.php?tipo=autos&no=&usuario=&sector=PEV&fecha=2003&resuelve= HTTP/1.1" 200 626
172.22.2.4 - - [22/Jul/2022:00:34:07 -0500] "GET /BLA/boletinlegal/consulta_actos.php?tipo=autos&no=&usuario=&sector=PEV&fecha=2004&resuelve= HTTP/1.1" 200 626
172.22.2.4 - - [22/Jul/2022:00:34:09 -0500] "GET /BLA/boletinlegal/consulta_actos.php?tipo=autos&no=&usuario=&sector=PEV&fecha=2004&resuelve= HTTP/1.1" 200 626
172.22.2.4 - - [22/Jul/2022:00:34:09 -0500] "GET /BLA/boletinlegal/consulta_actos.php?tipo=autos&no=&usuario=&sector=PEV&fecha=2004&resuelve= HTTP/1.1" 200 626
172.22.2.4 - - [22/Jul/2022:00:34:33 -0500] "GET /BLA/boletinlegal/consulta_actos.php?tipo=autos&no=&usuario=&sector=PEV&fecha=2005&resuelve= HTTP/1.1" 200 626
172.22.2.4 - - [22/Jul/2022:00:34:35 -0500] "GET /BLA/boletinlegal/consulta_actos.php?tipo=autos&no=&usuario=&sector=PEV&fecha=2006&resuelve= HTTP/1.1" 200 626
172.22.2.4 - - [22/Jul/2022:00:34:37 -0500] "GET /BLA/boletinlegal/consulta_actos.php?tipo=autos&no=&usuario=&sector=PEV&fecha=2006&resuelve= HTTP/1.1" 200 626
172.22.2.4 - - [22/Jul/2022:00:34:37 -0500] "GET /BLA/boletinlegal/consulta_actos.php?tipo=autos&no=&usuario=&sector=PEV&fecha=2006&resuelve= HTTP/1.1" 200 626
172.22.2.4 - - [22/Jul/2022:00:34:38 -0500] "GET /BLA/boletinlegal/consulta_actos.php?tipo=autos&no=&usuario=&sector=PEV&fecha=2006&resuelve= HTTP/1.1" 200 626
172.22.2.4 - - [22/Jul/2022:00:34:50 -0500] "GET /BLA/boletinlegal/consulta_actos.php?tipo=autos&no=&usuario=&sector=PEV&fecha=2007&resuelve= HTTP/1.1" 200 626
172.22.2.4 - - [22/Jul/2022:00:34:51 -0500] "GET /BLA/boletinlegal/consulta_actos.php?tipo=autos&no=&usuario=&sector=PEV&fecha=2007&resuelve= HTTP/1.1" 200 626
172.22.2.4 - - [22/Jul/2022:00:34:51 -0500] "GET /BLA/boletinlegal/consulta_actos.php?tipo=autos&no=&usuario=&sector=PEV&fecha=2007&resuelve= HTTP/1.1" 200 626
172.22.2.4 - - [22/Jul/2022:00:34:52 -0500] "GET /BLA/boletinlegal/consulta_actos.php?tipo=autos&no=&usuario=&sector=PEV&fecha=2007&resuelve= HTTP/1.1" 200 626
172.22.2.4 - - [22/Jul/2022:00:34:52 -0500] "GET /BLA/boletinlegal/consulta_actos.php?tipo=autos&no=&usuario=&sector=PEV&fecha=2007&resuelve= HTTP/1.1" 200 626
172.22.2.4 - - [22/Jul/2022:00:34:52 -0500] "GET /BLA/boletinlegal/consulta_actos.php?tipo=autos&no=&usuario=&sector=PEV&fecha=2007&resuelve= HTTP/1.1" 200 626
172.22.2.4 - - [22/Jul/2022:00:34:52 -0500] "GET /BLA/boletinlegal/consulta_actos.php?tipo=autos&no=&usuario=&sector=PEV&fecha=2007&resuelve= HTTP/1.1" 200 626
172.22.2.4 - - [22/Jul/2022:00:34:53 -0500] "GET /BLA/boletinlegal/consulta_actos.php?tipo=autos&no=&usuario=&sector=PEV&fecha=2007&resuelve= HTTP/1.1" 200 626
216.245.221.92 - - [22/Jul/2022:00:35:26 -0500] "HEAD / HTTP/1.1" 200 -
185.119.81.101 - - [22/Jul/2022:00:35:47 -0500] "GET /portaldeninos/wp-login.php HTTP/1.1" 200 2592
185.119.81.101 - - [22/Jul/2022:00:35:48 -0500] "POST /portaldeninos/wp-login.php HTTP/1.1" 200 3605
172.22.2.4 - - [22/Jul/2022:00:36:01 -0500] "GET /BLA/boletinlegal/consulta_actos.php?tipo=autos&no=&usuario=&sector=PEV&fecha=2008&resuelve= HTTP/1.1" 200 365766
172.22.2.4 - - [22/Jul/2022:00:36:01 -0500] "GET /BLA/boletinlegal/consulta_actos.php?tipo=autos&no=&usuario=&sector=PEV&fecha=2008&resuelve= HTTP/1.1" 200 365766
172.22.2.4 - - [22/Jul/2022:00:36:01 -0500] "GET /BLA/boletinlegal/consulta_actos.php?tipo=autos&no=&usuario=&sector=PEV&fecha=2008&resuelve= HTTP/1.1" 200 365766
172.22.2.4 - - [22/Jul/2022:00:36:02 -0500] "GET /BLA/boletinlegal/consulta_actos.php?tipo=autos&no=&usuario=&sector=PEV&fecha=2008&resuelve= HTTP/1.1" 200 365766
172.22.2.4 - - [22/Jul/2022:00:36:02 -0500] "GET /BLA/boletinlegal/consulta_actos.php?tipo=autos&no=&usuario=&sector=PEV&fecha=2008&resuelve= HTTP/1.1" 200 365766
40.77.167.65 - - [22/Jul/2022:00:36:03 -0500] "GET /sipse/faces/javax.faces.resource/layout/layout.js;jsessionid=1m7z1erp8+k0mjm2rvdyaaiw.undefined?ln=primefaces&v=4.0 HTTP/1.1" 200 87560
172.22.2.4 - - [22/Jul/2022:00:34:50 -0500] "HEAD /BLA/boletinlegal/ HTTP/1.1" 200 -
172.22.2.4 - - [22/Jul/2022:00:35:40 -0500] "GET /BLA/boletinlegal/ HTTP/1.1" 200 55561
201.245.192.253 - - [22/Jul/2022:00:37:39 -0500] "POST /kwsrmcab/Wsrmcab  HTTP/1.1" 200 213
172.22.2.4 - - [22/Jul/2022:00:37:51 -0500] "GET /BLA/boletinlegal/ HTTP/1.1" 200 20427
66.249.65.13 - - [22/Jul/2022:00:38:55 -0500] "-" 408 -
40.77.167.65 - - [22/Jul/2022:00:39:42 -0500] "GET /BLA/resoluciones/AUTOS%202022/2139.pdf HTTP/1.1" 200 1835315
201.245.192.253 - - [22/Jul/2022:00:40:18 -0500] "POST /kwsrmcab/Wsrmcab HTTP/1.1" 200 44678
201.245.192.253 - - [22/Jul/2022:00:40:22 -0500] "POST /kwsrmcab/Wsrmcab HTTP/1.1" 200 46740
216.245.221.92 - - [22/Jul/2022:00:40:26 -0500] "HEAD / HTTP/1.1" 200 -
172.22.2.4 - - [22/Jul/2022:00:40:40 -0500] "HEAD /BLA/boletinlegal/ HTTP/1.1" 200 -
172.22.2.4 - - [22/Jul/2022:00:42:26 -0500] "GET /BLA/boletinlegal/consulta_actos.php?tipo=autos&no=&usuario=&sector=PEV&fecha=2012&resuelve= HTTP/1.1" 200 10585
201.245.192.253 - - [22/Jul/2022:00:42:38 -0500] "POST /kwsrmcab/Wsrmcab  HTTP/1.1" 200 213
172.22.2.4 - - [22/Jul/2022:00:41:31 -0500] "GET /BLA/boletinlegal/ HTTP/1.1" 200 58491
172.22.2.4 - - [22/Jul/2022:00:43:53 -0500] "GET /BLA/boletinlegal/consulta_actos.php?tipo=autos&no=&usuario=&sector=PEV&fecha=2011&resuelve= HTTP/1.1" 200 132992
172.22.2.4 - - [22/Jul/2022:00:43:53 -0500] "GET /BLA/boletinlegal/consulta_actos.php?tipo=autos&no=&usuario=&sector=PEV&fecha=2011&resuelve= HTTP/1.1" 200 132992
172.22.2.4 - - [22/Jul/2022:00:43:54 -0500] "GET /BLA/boletinlegal/consulta_actos.php?tipo=autos&no=&usuario=&sector=PEV&fecha=2011&resuelve= HTTP/1.1" 200 132992
172.22.2.4 - - [22/Jul/2022:00:43:54 -0500] "GET /BLA/boletinlegal/consulta_actos.php?tipo=autos&no=&usuario=&sector=PEV&fecha=2011&resuelve= HTTP/1.1" 200 132992
66.249.65.13 - - [22/Jul/2022:00:45:24 -0500] "-" 408 -
216.245.221.92 - - [22/Jul/2022:00:45:26 -0500] "HEAD / HTTP/1.1" 200 -
163.123.143.71 - - [22/Jul/2022:00:45:54 -0500] "POST /boaform/admin/formLogin HTTP/1.1" 404 1186
201.245.192.253 - - [22/Jul/2022:00:47:36 -0500] "POST /kwsrmcab/Wsrmcab  HTTP/1.1" 200 213
172.22.2.4 - - [22/Jul/2022:00:46:30 -0500] "HEAD /BLA/boletinlegal/ HTTP/1.1" 200 -
172.22.2.4 - - [22/Jul/2022:00:48:44 -0500] "GET /BLA/boletinlegal/consulta_actos.php?tipo=resoluciones&no=&usuario=&sector=PEV&fecha=2011&resuelve= HTTP/1.1" 200 731489
172.22.2.4 - - [22/Jul/2022:00:47:20 -0500] "GET /BLA/boletinlegal/ HTTP/1.1" 200 58122
216.245.221.92 - - [22/Jul/2022:00:50:26 -0500] "HEAD / HTTP/1.1" 200 -
66.249.65.13 - - [22/Jul/2022:00:51:31 -0500] "-" 408 -
201.245.192.253 - - [22/Jul/2022:00:52:35 -0500] "POST /kwsrmcab/Wsrmcab  HTTP/1.1" 200 213
172.22.2.4 - - [22/Jul/2022:00:52:20 -0500] "HEAD /BLA/boletinlegal/ HTTP/1.1" 200 -
172.22.2.4 - - [22/Jul/2022:00:53:10 -0500] "GET /BLA/boletinlegal/ HTTP/1.1" 200 52826
216.245.221.92 - - [22/Jul/2022:00:55:26 -0500] "HEAD / HTTP/1.1" 200 -
172.22.2.4 - - [22/Jul/2022:00:56:06 -0500] "GET /BLA/boletinlegal/consulta_actos.php?tipo=autos&no=&usuario=&sector=PEV&fecha=2013&resuelve= HTTP/1.1" 200 8615
172.22.2.4 - - [22/Jul/2022:00:57:05 -0500] "GET /BLA/boletinlegal/consulta_actos.php?tipo=autos&no=&usuario=&sector=PEV&fecha=2013&resuelve= HTTP/1.1" 200 8615
201.245.192.253 - - [22/Jul/2022:00:57:34 -0500] "POST /kwsrmcab/Wsrmcab  HTTP/1.1" 200 213
172.22.2.4 - - [22/Jul/2022:00:57:39 -0500] "GET /BLA/boletinlegal/jurisprudencia/analisis/AnalisisT-606-15.docx HTTP/1.1" 200 26698
172.22.2.4 - - [22/Jul/2022:00:57:40 -0500] "GET /BLA/boletinlegal/apple-touch-icon-120x120-precomposed.png HTTP/1.1" 404 1140
172.22.2.4 - - [22/Jul/2022:00:57:40 -0500] "GET /BLA/boletinlegal/apple-touch-icon-120x120.png HTTP/1.1" 404 1140
172.22.2.4 - - [22/Jul/2022:00:57:40 -0500] "GET /BLA/boletinlegal/apple-touch-icon-precomposed.png HTTP/1.1" 404 1140
172.22.2.4 - - [22/Jul/2022:00:57:40 -0500] "GET /BLA/boletinlegal/apple-touch-icon.png HTTP/1.1" 404 1140
172.22.2.4 - - [22/Jul/2022:00:57:40 -0500] "GET /BLA/boletinlegal/favicon.ico HTTP/1.1" 404 1140
172.22.2.4 - - [22/Jul/2022:00:57:40 -0500] "GET /BLA/boletinlegal/apple-touch-icon-120x120-precomposed.png HTTP/1.1" 404 1140
172.22.2.4 - - [22/Jul/2022:00:57:40 -0500] "GET /BLA/boletinlegal/apple-touch-icon-120x120.png HTTP/1.1" 404 1140
172.22.2.4 - - [22/Jul/2022:00:57:40 -0500] "GET /BLA/boletinlegal/apple-touch-icon-precomposed.png HTTP/1.1" 404 1140
172.22.2.4 - - [22/Jul/2022:00:57:41 -0500] "GET /BLA/boletinlegal/apple-touch-icon.png HTTP/1.1" 404 1140
172.22.2.4 - - [22/Jul/2022:00:57:41 -0500] "GET /BLA/boletinlegal/favicon.ico HTTP/1.1" 404 1140
152.61.192.232 - - [22/Jul/2022:00:58:38 -0500] "GET /arcgis/services/Calidad_del_Agua_WQI/MapServer/WMSServer?request=GetCapabilities&service=WMS HTTP/1.1" 503 1020
152.61.192.232 - - [22/Jul/2022:00:58:39 -0500] "GET /arcgis/services/Calidad_del_Agua_WQI/MapServer/WMSServer?SERVICE=WMS&REQUEST=GetCapabilities HTTP/1.1" 503 1020
152.61.192.232 - - [22/Jul/2022:00:58:39 -0500] "GET /arcgis/services/Calidad_del_Agua_WQI/MapServer/WMSServer?WMTVER=1.0.0&REQUEST=capabilities HTTP/1.1" 503 1020
172.22.2.4 - - [22/Jul/2022:00:58:10 -0500] "HEAD /BLA/boletinlegal/ HTTP/1.1" 200 -
172.22.2.4 - - [22/Jul/2022:00:59:55 -0500] "GET /BLA/boletinlegal/consulta_actos.php?tipo=autos&no=&usuario=&sector=PEV&fecha=2012&resuelve= HTTP/1.1" 200 10585
172.22.2.4 - - [22/Jul/2022:00:59:55 -0500] "GET /BLA/boletinlegal/consulta_actos.php?tipo=autos&no=&usuario=&sector=PEV&fecha=2012&resuelve= HTTP/1.1" 200 10585
172.22.2.4 - - [22/Jul/2022:00:59:55 -0500] "GET /BLA/boletinlegal/consulta_actos.php?tipo=autos&no=&usuario=&sector=PEV&fecha=2012&resuelve= HTTP/1.1" 200 10585
172.22.2.4 - - [22/Jul/2022:00:59:55 -0500] "GET /BLA/boletinlegal/consulta_actos.php?tipo=autos&no=&usuario=&sector=PEV&fecha=2012&resuelve= HTTP/1.1" 200 10585
172.22.2.4 - - [22/Jul/2022:00:59:55 -0500] "GET /BLA/boletinlegal/consulta_actos.php?tipo=autos&no=&usuario=&sector=PEV&fecha=2012&resuelve= HTTP/1.1" 200 10585
216.245.221.92 - - [22/Jul/2022:01:00:26 -0500] "HEAD / HTTP/1.1" 200 -
172.22.2.4 - - [22/Jul/2022:00:59:00 -0500] "GET /BLA/boletinlegal/ HTTP/1.1" 200 58122
201.245.192.253 - - [22/Jul/2022:01:02:34 -0500] "POST /kwsrmcab/Wsrmcab  HTTP/1.1" 200 213
157.55.39.114 - - [22/Jul/2022:01:02:40 -0500] "GET /BLA/resoluciones/AUTOS%202016/3123.pdf HTTP/1.1" 304 -
77.88.5.43 - - [22/Jul/2022:01:03:23 -0500] "-" 408 -
77.88.5.235 - - [22/Jul/2022:01:03:28 -0500] "-" 408 -
93.158.161.2 - - [22/Jul/2022:01:03:33 -0500] "-" 408 -
77.88.5.230 - - [22/Jul/2022:01:03:40 -0500] "-" 408 -
77.88.5.167 - - [22/Jul/2022:01:03:55 -0500] "-" 408 -
93.158.161.74 - - [22/Jul/2022:01:04:10 -0500] "-" 408 -
77.88.5.245 - - [22/Jul/2022:01:04:40 -0500] "-" 408 -
172.22.2.4 - - [22/Jul/2022:01:04:44 -0500] "GET /BLA/boletinlegal/style.css HTTP/1.1" 200 9406
172.22.2.4 - - [22/Jul/2022:01:04:44 -0500] "GET /BLA/boletinlegal/styles2.css HTTP/1.1" 200 1838
172.22.2.4 - - [22/Jul/2022:01:04:44 -0500] "GET /BLA/boletinlegal/js/jquery.js HTTP/1.1" 200 57254
172.22.2.4 - - [22/Jul/2022:01:04:44 -0500] "GET /BLA/boletinlegal/js/jquery.scrollTo-min.js HTTP/1.1" 200 1150
172.22.2.4 - - [22/Jul/2022:01:04:44 -0500] "GET /BLA/boletinlegal/js/jquery.scrollShow.js HTTP/1.1" 200 4586
172.22.2.4 - - [22/Jul/2022:01:04:44 -0500] "GET /BLA/boletinlegal/images/cabezote%20BLEGAL.jpg HTTP/1.1" 200 118164
172.22.2.4 - - [22/Jul/2022:01:04:44 -0500] "GET /BLA/boletinlegal/images/subscribe-icon-big.png HTTP/1.1" 200 47702
172.22.2.4 - - [22/Jul/2022:01:04:44 -0500] "GET /BLA/boletinlegal/images/historia.png HTTP/1.1" 200 52775
172.22.2.4 - - [22/Jul/2022:01:04:44 -0500] "GET /BLA/boletinlegal/images/registro-usuarios.png HTTP/1.1" 200 8106
172.22.2.4 - - [22/Jul/2022:01:04:44 -0500] "GET /BLA/boletinlegal/images/arr_l.jpg HTTP/1.1" 200 1979
172.22.2.4 - - [22/Jul/2022:01:04:44 -0500] "GET /BLA/boletinlegal/images/screen_1.png HTTP/1.1" 200 202547
172.22.2.4 - - [22/Jul/2022:01:04:44 -0500] "GET /BLA/boletinlegal/images/launch.jpg HTTP/1.1" 200 14577
172.22.2.4 - - [22/Jul/2022:01:04:44 -0500] "GET /BLA/boletinlegal/images/body_bg.jpg HTTP/1.1" 200 1601
172.22.2.4 - - [22/Jul/2022:01:04:44 -0500] "GET /BLA/boletinlegal/images/menu_lft.gif HTTP/1.1" 200 1713
172.22.2.4 - - [22/Jul/2022:01:04:44 -0500] "GET /BLA/boletinlegal/images/menu_rght.gif HTTP/1.1" 200 1627
172.22.2.4 - - [22/Jul/2022:01:04:44 -0500] "GET /BLA/boletinlegal/images/bg_top.jpg HTTP/1.1" 200 522
172.22.2.4 - - [22/Jul/2022:01:04:44 -0500] "GET /BLA/boletinlegal/images/menu_bg.jpg HTTP/1.1" 200 620
172.22.2.4 - - [22/Jul/2022:01:04:44 -0500] "GET /BLA/boletinlegal/images/hover.jpg HTTP/1.1" 200 640
172.22.2.4 - - [22/Jul/2022:01:04:44 -0500] "GET /BLA/boletinlegal/images/text.jpg HTTP/1.1" 200 568
172.22.2.4 - - [22/Jul/2022:01:04:49 -0500] "GET /BLA/boletinlegal/images/screen_2.png HTTP/1.1" 200 362502
172.22.2.4 - - [22/Jul/2022:01:04:49 -0500] "GET /BLA/boletinlegal/images/screen_3.png HTTP/1.1" 200 210620
172.22.2.4 - - [22/Jul/2022:01:04:49 -0500] "GET /BLA/boletinlegal/images/screen_5.png HTTP/1.1" 200 368876
172.22.2.4 - - [22/Jul/2022:01:04:49 -0500] "GET /BLA/boletinlegal/images/arr_r.jpg HTTP/1.1" 200 1998
172.22.2.4 - - [22/Jul/2022:01:04:49 -0500] "GET /BLA/boletinlegal/images/footer_bg.jpg HTTP/1.1" 200 586
216.245.221.92 - - [22/Jul/2022:01:05:26 -0500] "HEAD / HTTP/1.1" 200 -
66.249.65.13 - - [22/Jul/2022:01:05:32 -0500] "-" 408 -
172.22.2.4 - - [22/Jul/2022:01:04:41 -0500] "GET /BLA/boletinlegal/ HTTP/1.1" 200 32715
93.158.161.6 - - [22/Jul/2022:01:05:40 -0500] "-" 408 -
172.22.2.4 - - [22/Jul/2022:01:04:00 -0500] "HEAD /BLA/boletinlegal/ HTTP/1.1" 200 -
152.61.128.50 - - [22/Jul/2022:01:06:01 -0500] "GET /arcgis/services/Calidad_del_Agua_WQI/MapServer/WMSServer?request=GetCapabilities&service=WMS HTTP/1.1" 503 1020
152.61.128.50 - - [22/Jul/2022:01:06:02 -0500] "GET /arcgis/services/Calidad_del_Agua_WQI/MapServer/WMSServer?SERVICE=WMS&REQUEST=GetCapabilities HTTP/1.1" 503 1020
152.61.128.50 - - [22/Jul/2022:01:06:02 -0500] "GET /arcgis/services/Calidad_del_Agua_WQI/MapServer/WMSServer?WMTVER=1.0.0&REQUEST=capabilities HTTP/1.1" 503 1020
172.22.2.4 - - [22/Jul/2022:01:04:50 -0500] "GET /BLA/boletinlegal/ HTTP/1.1" 200 54359
77.88.5.81 - - [22/Jul/2022:01:06:40 -0500] "-" 408 -
173.252.107.4 - - [22/Jul/2022:01:07:16 -0500] "GET /plan-de-accion-climatica-pac-de-bogota-aporta-en-cerca-del-90-al-cumplimiento-de-las-acciones-del-acuerdo-de-emergencia-climatica.html HTTP/1.1" 206 1069
201.245.192.253 - - [22/Jul/2022:01:07:33 -0500] "POST /kwsrmcab/Wsrmcab  HTTP/1.1" 200 213
40.77.167.65 - - [22/Jul/2022:01:08:44 -0500] "GET /BLA/resoluciones/AUTOS%202021/6754.pdf HTTP/1.1" 200 394034
216.245.221.92 - - [22/Jul/2022:01:10:26 -0500] "HEAD / HTTP/1.1" 200 -
172.22.2.4 - - [22/Jul/2022:01:09:50 -0500] "HEAD /BLA/boletinlegal/ HTTP/1.1" 200 -
172.22.2.4 - - [22/Jul/2022:01:10:40 -0500] "GET /BLA/boletinlegal/ HTTP/1.1" 200 58122
201.245.192.253 - - [22/Jul/2022:01:12:32 -0500] "POST /kwsrmcab/Wsrmcab  HTTP/1.1" 200 213
172.22.2.4 - - [22/Jul/2022:01:13:40 -0500] "GET /BLA/boletinlegal/js/lib.js HTTP/1.1" 200 6474
172.22.2.4 - - [22/Jul/2022:01:13:40 -0500] "GET /BLA/boletinlegal/style.css HTTP/1.1" 200 9406
172.22.2.4 - - [22/Jul/2022:01:13:41 -0500] "GET /BLA/boletinlegal/js/ajax_actos.js HTTP/1.1" 200 1322
172.22.2.4 - - [22/Jul/2022:01:13:41 -0500] "GET /BLA/boletinlegal/js/jquery1.js HTTP/1.1" 200 29846
172.22.2.4 - - [22/Jul/2022:01:13:42 -0500] "GET /BLA/boletinlegal/niceforms-default.css HTTP/1.1" 200 6694
172.22.2.4 - - [22/Jul/2022:01:13:42 -0500] "GET /BLA/boletinlegal/styles2.css HTTP/1.1" 200 1838
172.22.2.4 - - [22/Jul/2022:01:13:44 -0500] "GET /BLA/boletinlegal/js/popup.js HTTP/1.1" 200 1270
172.22.2.4 - - [22/Jul/2022:01:13:46 -0500] "GET /BLA/boletinlegal/niceforms.js HTTP/1.1" 200 22876
216.245.221.92 - - [22/Jul/2022:01:15:26 -0500] "HEAD / HTTP/1.1" 200 -
172.22.2.4 - - [22/Jul/2022:01:15:40 -0500] "HEAD /BLA/boletinlegal/ HTTP/1.1" 200 -
172.22.2.4 - - [22/Jul/2022:01:16:31 -0500] "GET /BLA/boletinlegal/ HTTP/1.1" 200 24523
201.245.192.253 - - [22/Jul/2022:01:17:30 -0500] "POST /kwsrmcab/Wsrmcab  HTTP/1.1" 200 213
172.22.2.4 - - [22/Jul/2022:01:17:55 -0500] "GET /BLA/boletinlegal/robots.txt HTTP/1.1" 404 1018
172.22.2.4 - - [22/Jul/2022:01:17:56 -0500] "GET /BLA/boletinlegal/sitemap.xml HTTP/1.1" 404 1018
172.22.2.4 - - [22/Jul/2022:01:17:58 -0500] "GET /BLA/boletinlegal/.well-known/security.txt HTTP/1.1" 404 1018
172.22.2.4 - - [22/Jul/2022:01:16:31 -0500] "GET /BLA/boletinlegal/ HTTP/1.1" 200 52029
185.7.214.104 - - [22/Jul/2022:01:18:38 -0500] "GET / HTTP/1.1" 200 319
201.245.192.253 - - [22/Jul/2022:01:20:18 -0500] "POST /kwsrmcab/Wsrmcab HTTP/1.1" 200 44508
106.75.16.152 - - [22/Jul/2022:01:20:23 -0500] "GET / HTTP/1.1" 200 319
106.75.16.152 - - [22/Jul/2022:01:20:24 -0500] "GET /favicon.ico HTTP/1.1" 200 7782
201.245.192.253 - - [22/Jul/2022:01:20:21 -0500] "POST /kwsrmcab/Wsrmcab HTTP/1.1" 200 46733
106.75.16.152 - - [22/Jul/2022:01:20:25 -0500] "GET /sitemap.xml HTTP/1.1" 404 1018
216.245.221.92 - - [22/Jul/2022:01:20:26 -0500] "HEAD / HTTP/1.1" 200 -
201.245.192.253 - - [22/Jul/2022:01:22:30 -0500] "POST /kwsrmcab/Wsrmcab  HTTP/1.1" 200 213
172.22.2.4 - - [22/Jul/2022:01:21:30 -0500] "HEAD /BLA/boletinlegal/ HTTP/1.1" 200 -
172.22.2.4 - - [22/Jul/2022:01:22:20 -0500] "GET /BLA/boletinlegal/ HTTP/1.1" 200 58491
185.119.81.101 - - [22/Jul/2022:01:24:55 -0500] "GET /portaldeninos/wp-login.php HTTP/1.1" 200 2592
185.119.81.101 - - [22/Jul/2022:01:24:56 -0500] "POST /portaldeninos/wp-login.php HTTP/1.1" 200 3650
216.245.221.92 - - [22/Jul/2022:01:25:26 -0500] "HEAD / HTTP/1.1" 200 -
66.249.65.15 - - [22/Jul/2022:01:26:01 -0500] "-" 408 -
165.227.208.131 - - [22/Jul/2022:01:26:51 -0500] "POST /boaform/admin/formLogin HTTP/1.1" 404 1186
201.245.192.253 - - [22/Jul/2022:01:27:29 -0500] "POST /kwsrmcab/Wsrmcab  HTTP/1.1" 200 213
172.245.90.197 - - [22/Jul/2022:01:28:39 -0500] "GET / HTTP/1.1" 200 319
172.22.2.4 - - [22/Jul/2022:01:27:20 -0500] "HEAD /BLA/boletinlegal/ HTTP/1.1" 200 -
172.22.2.4 - - [22/Jul/2022:01:28:10 -0500] "GET /BLA/boletinlegal/ HTTP/1.1" 200 60992
201.245.192.253 - - [22/Jul/2022:01:30:18 -0500] "POST /kwsrmcab/Wsrmcab HTTP/1.1" 200 44508
201.245.192.253 - - [22/Jul/2022:01:30:22 -0500] "POST /kwsrmcab/Wsrmcab HTTP/1.1" 200 46733
216.245.221.92 - - [22/Jul/2022:01:30:26 -0500] "HEAD / HTTP/1.1" 200 -
201.245.192.253 - - [22/Jul/2022:01:32:28 -0500] "POST /kwsrmcab/Wsrmcab  HTTP/1.1" 200 213
172.22.2.4 - - [22/Jul/2022:01:33:10 -0500] "HEAD /BLA/boletinlegal/ HTTP/1.1" 200 -
192.241.213.133 - - [22/Jul/2022:01:34:58 -0500] "MGLNDD_190.27.245.106_80" 501 953
213.219.36.144 - - [22/Jul/2022:01:35:26 -0500] "GET / HTTP/1.1" 200 319
216.245.221.92 - - [22/Jul/2022:01:35:26 -0500] "HEAD / HTTP/1.1" 200 -
172.22.2.4 - - [22/Jul/2022:01:34:00 -0500] "GET /BLA/boletinlegal/ HTTP/1.1" 200 52826
201.245.192.253 - - [22/Jul/2022:01:37:27 -0500] "POST /kwsrmcab/Wsrmcab  HTTP/1.1" 200 213
66.249.65.15 - - [22/Jul/2022:01:38:02 -0500] "-" 408 -
34.147.76.148 - - [22/Jul/2022:01:38:39 -0500] "GET / HTTP/1.1" 200 319
212.102.41.36 - - [22/Jul/2022:01:38:54 -0500] "GET /wp-login.php HTTP/1.1" 404 1018
172.22.2.4 - - [22/Jul/2022:01:40:13 -0500] "GET /BLA/boletinlegal/actos.php HTTP/1.1" 200 9559
201.245.192.253 - - [22/Jul/2022:01:40:17 -0500] "POST /kwsrmcab/Wsrmcab HTTP/1.1" 500 253
201.245.192.253 - - [22/Jul/2022:01:40:17 -0500] "POST /kwsrmcab/Wsrmcab HTTP/1.1" 500 253
216.245.221.92 - - [22/Jul/2022:01:40:26 -0500] "HEAD / HTTP/1.1" 200 -
172.22.2.4 - - [22/Jul/2022:01:39:00 -0500] "HEAD /BLA/boletinlegal/ HTTP/1.1" 200 -
172.22.2.4 - - [22/Jul/2022:01:41:26 -0500] "GET /BLA/boletinlegal/niceforms.js HTTP/1.1" 200 22876
172.22.2.4 - - [22/Jul/2022:01:39:50 -0500] "GET /BLA/boletinlegal/ HTTP/1.1" 200 58122
172.22.2.4 - - [22/Jul/2022:01:42:25 -0500] "GET /BLA/boletinlegal/js/lib.js HTTP/1.1" 200 6474
172.22.2.4 - - [22/Jul/2022:01:42:25 -0500] "GET /BLA/boletinlegal/js/jquery1.js HTTP/1.1" 200 29846
172.22.2.4 - - [22/Jul/2022:01:42:26 -0500] "GET /BLA/boletinlegal/js/popup.js HTTP/1.1" 200 1270
201.245.192.253 - - [22/Jul/2022:01:42:26 -0500] "POST /kwsrmcab/Wsrmcab  HTTP/1.1" 500 253
172.22.2.4 - - [22/Jul/2022:01:42:26 -0500] "GET /BLA/boletinlegal/niceforms-default.css HTTP/1.1" 200 6694
118.107.47.19 - - [22/Jul/2022:01:44:31 -0500] "GET / HTTP/1.1" 200 319
216.245.221.92 - - [22/Jul/2022:01:45:26 -0500] "HEAD / HTTP/1.1" 200 -
172.22.2.4 - - [22/Jul/2022:01:44:50 -0500] "HEAD /BLA/boletinlegal/ HTTP/1.1" 200 -
66.249.65.13 - - [22/Jul/2022:01:46:38 -0500] "-" 408 -
172.22.2.4 - - [22/Jul/2022:01:45:40 -0500] "GET /BLA/boletinlegal/ HTTP/1.1" 200 58491
201.245.192.253 - - [22/Jul/2022:01:47:25 -0500] "POST /kwsrmcab/Wsrmcab  HTTP/1.1" 500 253
172.22.2.4 - - [22/Jul/2022:01:48:51 -0500] "GET /BLA/boletinlegal/robots.txt HTTP/1.1" 404 1140
216.245.221.92 - - [22/Jul/2022:01:50:26 -0500] "HEAD / HTTP/1.1" 200 -
172.22.2.4 - - [22/Jul/2022:01:50:59 -0500] "GET /BLA/boletinlegal/robots.txt HTTP/1.1" 404 1018
172.22.2.4 - - [22/Jul/2022:01:51:00 -0500] "GET /BLA/boletinlegal/sitemap.xml HTTP/1.1" 404 1018
172.22.2.4 - - [22/Jul/2022:01:51:00 -0500] "GET /BLA/boletinlegal/.well-known/security.txt HTTP/1.1" 404 1018
172.22.2.4 - - [22/Jul/2022:01:49:34 -0500] "GET /BLA/boletinlegal/ HTTP/1.1" 200 59828
207.46.13.188 - - [22/Jul/2022:01:51:46 -0500] "GET /BLA/resoluciones/RESOLUCIONES%202021/1865.pdf HTTP/1.1" 200 466582
172.22.2.4 - - [22/Jul/2022:01:50:40 -0500] "HEAD /BLA/boletinlegal/ HTTP/1.1" 200 -
201.245.192.253 - - [22/Jul/2022:01:52:24 -0500] "POST /kwsrmcab/Wsrmcab  HTTP/1.1" 500 253
172.22.2.4 - - [22/Jul/2022:01:51:30 -0500] "GET /BLA/boletinlegal/ HTTP/1.1" 200 60410
185.119.81.96 - - [22/Jul/2022:01:53:57 -0500] "GET /portaldeninos/wp-login.php HTTP/1.1" 200 2592
185.119.81.96 - - [22/Jul/2022:01:53:58 -0500] "POST /portaldeninos/wp-login.php HTTP/1.1" 200 3670
216.245.221.92 - - [22/Jul/2022:01:55:26 -0500] "HEAD / HTTP/1.1" 200 -
66.249.65.13 - - [22/Jul/2022:01:55:26 -0500] "-" 408 -
185.119.81.101 - - [22/Jul/2022:01:55:37 -0500] "GET /portaldeninos/wp-login.php HTTP/1.1" 200 2592
185.119.81.101 - - [22/Jul/2022:01:55:38 -0500] "POST /portaldeninos/wp-login.php HTTP/1.1" 200 3605
172.22.2.4 - - [22/Jul/2022:01:56:37 -0500] "GET /BLA/boletinlegal/jurisprudencia.php HTTP/1.1" 200 17573
201.245.192.253 - - [22/Jul/2022:01:57:23 -0500] "POST /kwsrmcab/Wsrmcab  HTTP/1.1" 500 253
13.66.139.12 - - [22/Jul/2022:01:57:47 -0500] "GET /BLA/resoluciones/AUTOS%202014/3900.pdf HTTP/1.1" 200 502584
172.22.2.4 - - [22/Jul/2022:01:56:30 -0500] "HEAD /BLA/boletinlegal/ HTTP/1.1" 200 -
172.22.2.4 - - [22/Jul/2022:01:57:20 -0500] "GET /BLA/boletinlegal/ HTTP/1.1" 200 58122
2.57.122.98 - - [22/Jul/2022:01:59:09 -0500] "GET / HTTP/1.1" 200 319
216.245.221.92 - - [22/Jul/2022:02:00:26 -0500] "HEAD / HTTP/1.1" 200 -
207.46.13.14 - - [22/Jul/2022:02:01:45 -0500] "GET /images/caminos-cerros-orientales-7-abril.jpg HTTP/1.1" 200 80138
66.249.65.13 - - [22/Jul/2022:02:02:06 -0500] "-" 408 -
185.119.81.101 - - [22/Jul/2022:02:02:12 -0500] "GET /portaldeninos/wp-login.php HTTP/1.1" 200 2592
185.119.81.101 - - [22/Jul/2022:02:02:13 -0500] "POST /portaldeninos/wp-login.php HTTP/1.1" 200 3605
201.245.192.253 - - [22/Jul/2022:02:02:22 -0500] "POST /kwsrmcab/Wsrmcab  HTTP/1.1" 500 253
172.22.2.4 - - [22/Jul/2022:02:03:36 -0500] "GET /BLA/boletinlegal/robots.txt HTTP/1.1" 404 1038
172.22.2.4 - - [22/Jul/2022:02:02:20 -0500] "HEAD /BLA/boletinlegal/ HTTP/1.1" 200 -
172.22.2.4 - - [22/Jul/2022:02:03:10 -0500] "GET /BLA/boletinlegal/ HTTP/1.1" 200 58866
216.245.221.92 - - [22/Jul/2022:02:05:26 -0500] "HEAD / HTTP/1.1" 200 -
201.245.192.253 - - [22/Jul/2022:02:07:20 -0500] "POST /kwsrmcab/Wsrmcab  HTTP/1.1" 500 253
66.249.65.13 - - [22/Jul/2022:02:07:49 -0500] "-" 408 -
172.22.2.4 - - [22/Jul/2022:02:08:10 -0500] "HEAD /BLA/boletinlegal/ HTTP/1.1" 200 -
94.181.164.13 - - [22/Jul/2022:02:09:50 -0500] "GET / HTTP/1.0" 200 319
216.245.221.92 - - [22/Jul/2022:02:10:26 -0500] "HEAD / HTTP/1.1" 200 -
172.22.2.4 - - [22/Jul/2022:02:09:00 -0500] "GET /BLA/boletinlegal/ HTTP/1.1" 200 60410
201.245.192.253 - - [22/Jul/2022:02:12:19 -0500] "POST /kwsrmcab/Wsrmcab  HTTP/1.1" 500 253
185.119.81.101 - - [22/Jul/2022:02:12:45 -0500] "GET /portaldeninos/wp-login.php HTTP/1.1" 200 2592
185.119.81.101 - - [22/Jul/2022:02:12:46 -0500] "POST /portaldeninos/wp-login.php HTTP/1.1" 200 3650
66.249.65.13 - - [22/Jul/2022:02:13:33 -0500] "-" 408 -
216.245.221.92 - - [22/Jul/2022:02:15:26 -0500] "HEAD / HTTP/1.1" 200 -
172.22.2.4 - - [22/Jul/2022:02:14:00 -0500] "HEAD /BLA/boletinlegal/ HTTP/1.1" 200 -
172.22.2.4 - - [22/Jul/2022:02:14:50 -0500] "GET /BLA/boletinlegal/ HTTP/1.1" 200 60410
201.245.192.253 - - [22/Jul/2022:02:17:18 -0500] "POST /kwsrmcab/Wsrmcab  HTTP/1.1" 500 253
66.249.65.13 - - [22/Jul/2022:02:19:51 -0500] "-" 408 -
201.245.192.253 - - [22/Jul/2022:02:20:18 -0500] "POST /kwsrmcab/Wsrmcab HTTP/1.1" 500 253
201.245.192.253 - - [22/Jul/2022:02:20:18 -0500] "POST /kwsrmcab/Wsrmcab HTTP/1.1" 500 253
216.245.221.92 - - [22/Jul/2022:02:20:26 -0500] "HEAD / HTTP/1.1" 200 -
172.22.2.4 - - [22/Jul/2022:02:19:50 -0500] "HEAD /BLA/boletinlegal/ HTTP/1.1" 200 -
201.245.192.253 - - [22/Jul/2022:02:22:18 -0500] "POST /kwsrmcab/Wsrmcab  HTTP/1.1" 500 253
172.22.2.4 - - [22/Jul/2022:02:20:40 -0500] "GET /BLA/boletinlegal/ HTTP/1.1" 200 53903
216.245.221.92 - - [22/Jul/2022:02:25:26 -0500] "HEAD / HTTP/1.1" 200 -
66.249.65.13 - - [22/Jul/2022:02:25:52 -0500] "-" 408 -
201.245.192.253 - - [22/Jul/2022:02:27:16 -0500] "POST /kwsrmcab/Wsrmcab  HTTP/1.1" 500 253
172.22.2.4 - - [22/Jul/2022:02:25:40 -0500] "HEAD /BLA/boletinlegal/ HTTP/1.1" 200 -
172.22.2.4 - - [22/Jul/2022:02:26:30 -0500] "GET /BLA/boletinlegal/ HTTP/1.1" 200 53539
201.245.192.253 - - [22/Jul/2022:02:30:17 -0500] "POST /kwsrmcab/Wsrmcab HTTP/1.1" 500 253
201.245.192.253 - - [22/Jul/2022:02:30:17 -0500] "POST /kwsrmcab/Wsrmcab HTTP/1.1" 500 253
216.245.221.92 - - [22/Jul/2022:02:30:26 -0500] "HEAD / HTTP/1.1" 200 -
66.249.65.13 - - [22/Jul/2022:02:31:40 -0500] "-" 408 -
201.245.192.253 - - [22/Jul/2022:02:32:15 -0500] "POST /kwsrmcab/Wsrmcab  HTTP/1.1" 500 253
172.22.2.4 - - [22/Jul/2022:02:31:30 -0500] "HEAD /BLA/boletinlegal/ HTTP/1.1" 200 -
172.22.2.4 - - [22/Jul/2022:02:32:20 -0500] "GET /BLA/boletinlegal/ HTTP/1.1" 200 60410
207.46.13.20 - - [22/Jul/2022:02:34:33 -0500] "GET /BLA/boletinlegal/Circulares/2011/Circular%20003%20de%20Febrero%20de%202011.pdf HTTP/1.1" 304 -
216.245.221.92 - - [22/Jul/2022:02:35:26 -0500] "HEAD / HTTP/1.1" 200 -
201.245.192.253 - - [22/Jul/2022:02:37:14 -0500] "POST /kwsrmcab/Wsrmcab  HTTP/1.1" 500 253
66.249.65.13 - - [22/Jul/2022:02:37:34 -0500] "-" 408 -
172.22.2.4 - - [22/Jul/2022:02:37:20 -0500] "HEAD /BLA/boletinlegal/ HTTP/1.1" 200 -
172.22.2.4 - - [22/Jul/2022:02:38:11 -0500] "GET /BLA/boletinlegal/ HTTP/1.1" 200 60410
201.245.192.253 - - [22/Jul/2022:02:40:17 -0500] "POST /kwsrmcab/Wsrmcab HTTP/1.1" 500 253
