!C99Shell v. 1.0 pre-release build #13!

Software: Apache. PHP/5.5.15 

uname -a: Windows NT SVR-DMZ 6.1 build 7600 (Windows Server 2008 R2 Enterprise Edition) i586 

SYSTEM 

Safe-mode: OFF (not secure)

E:\nuevo\apache\logs\   drwxrwxrwx
Free 8.02 GB of 239.26 GB (3.35%)
Detected drives: [ a ] [ c ] [ d ] [ e ] [ f ]
Home    Back    Forward    UPDIR    Refresh    Search    Buffer    Encoder    Tools    Proc.    FTP brute    Sec.    SQL    PHP-code    Update    Feedback    Self remove    Logout    


Viewing file:     access.2022.07.24.log (1.28 MB)      -rw-rw-rw-
Select action/file-type:
(+) | (+) | (+) | Code (+) | Session (+) | (+) | SDB (+) | (+) | (+) | (+) | (+) | (+) |
185.119.81.101 - - [24/Jul/2022:00:00:19 -0500] "GET /portaldeninos/wp-login.php HTTP/1.1" 200 2592
185.119.81.101 - - [24/Jul/2022:00:00:20 -0500] "POST /portaldeninos/wp-login.php HTTP/1.1" 200 3605
207.46.13.11 - - [24/Jul/2022:00:00:21 -0500] "GET /inicio/humedal-juan-amarillo/ HTTP/1.1" 404 1049
216.245.221.92 - - [24/Jul/2022:00:01:04 -0500] "HEAD / HTTP/1.1" 200 -
201.245.192.253 - - [24/Jul/2022:00:02:05 -0500] "POST /kwsrmcab/Wsrmcab  HTTP/1.1" 200 213
172.22.2.4 - - [24/Jul/2022:00:02:20 -0500] "GET /BLA/boletinlegal/robots.txt HTTP/1.1" 404 1140
172.22.2.4 - - [24/Jul/2022:00:01:23 -0500] "HEAD /BLA/boletinlegal/ HTTP/1.1" 200 -
207.46.13.20 - - [24/Jul/2022:00:03:35 -0500] "GET / HTTP/1.1" 200 319
172.22.2.4 - - [24/Jul/2022:00:02:13 -0500] "GET /BLA/boletinlegal/ HTTP/1.1" 200 51166
207.46.13.29 - - [24/Jul/2022:00:05:08 -0500] "GET /BLA/boletinlegal/Directivas/2019/Directiva%20No.%200001%20del%2011%20de%20junio%20de%202019.pdf HTTP/1.1" 304 -
216.245.221.92 - - [24/Jul/2022:00:06:04 -0500] "HEAD / HTTP/1.1" 200 -
201.245.192.253 - - [24/Jul/2022:00:07:04 -0500] "POST /kwsrmcab/Wsrmcab  HTTP/1.1" 200 213
173.252.83.4 - - [24/Jul/2022:00:08:07 -0500] "GET /images/llantaton-jornada.jpg HTTP/1.1" 200 356045
172.22.2.4 - - [24/Jul/2022:00:07:13 -0500] "HEAD /BLA/boletinlegal/ HTTP/1.1" 200 -
172.22.2.4 - - [24/Jul/2022:00:08:03 -0500] "GET /BLA/boletinlegal/ HTTP/1.1" 200 53187
216.245.221.92 - - [24/Jul/2022:00:11:04 -0500] "HEAD / HTTP/1.1" 200 -
157.55.39.50 - - [24/Jul/2022:00:11:23 -0500] "GET /portaldeninos/wp-content/uploads/2020/11/La-Vaca-B-260x146.jpg HTTP/1.1" 200 10481
207.46.13.14 - - [24/Jul/2022:00:11:34 -0500] "GET /portaldeninos/parque-mirador-de-los-nevados/ HTTP/1.1" 200 90056
201.245.192.253 - - [24/Jul/2022:00:12:03 -0500] "POST /kwsrmcab/Wsrmcab  HTTP/1.1" 200 213
152.61.192.232 - - [24/Jul/2022:00:13:23 -0500] "GET / HTTP/1.1" 200 319
172.22.2.4 - - [24/Jul/2022:00:13:03 -0500] "HEAD /BLA/boletinlegal/ HTTP/1.1" 200 -
186.84.91.4 - - [24/Jul/2022:00:15:23 -0500] "GET /Publicaciones/SSFFS-01633.zip HTTP/1.1" 200 3468653
172.22.2.4 - - [24/Jul/2022:00:13:53 -0500] "GET /BLA/boletinlegal/ HTTP/1.1" 200 60410
216.245.221.92 - - [24/Jul/2022:00:16:04 -0500] "HEAD / HTTP/1.1" 200 -
201.245.192.253 - - [24/Jul/2022:00:17:02 -0500] "POST /kwsrmcab/Wsrmcab  HTTP/1.1" 200 213
152.61.128.50 - - [24/Jul/2022:00:18:15 -0500] "GET / HTTP/1.1" 200 319
201.245.192.253 - - [24/Jul/2022:00:20:08 -0500] "POST /kwsrmcab/Wsrmcab HTTP/1.1" 200 46425
201.245.192.253 - - [24/Jul/2022:00:20:12 -0500] "POST /kwsrmcab/Wsrmcab HTTP/1.1" 200 46304
172.22.2.4 - - [24/Jul/2022:00:18:53 -0500] "HEAD /BLA/boletinlegal/ HTTP/1.1" 200 -
172.22.2.4 - - [24/Jul/2022:00:19:03 -0500] "GET /BLA/boletinlegal/ HTTP/1.1" 200 49582
216.245.221.92 - - [24/Jul/2022:00:21:04 -0500] "HEAD / HTTP/1.1" 200 -
172.22.2.4 - - [24/Jul/2022:00:19:43 -0500] "GET /BLA/boletinlegal/ HTTP/1.1" 200 53187
201.245.192.253 - - [24/Jul/2022:00:22:01 -0500] "POST /kwsrmcab/Wsrmcab  HTTP/1.1" 200 213
173.252.87.10 - - [24/Jul/2022:00:22:35 -0500] "GET /images/llantaton-jornada.jpg HTTP/1.1" 200 356045
2.57.122.98 - - [24/Jul/2022:00:25:58 -0500] "GET / HTTP/1.1" 200 319
216.245.221.92 - - [24/Jul/2022:00:26:04 -0500] "HEAD / HTTP/1.1" 200 -
172.22.2.4 - - [24/Jul/2022:00:24:43 -0500] "HEAD /BLA/boletinlegal/ HTTP/1.1" 200 -
201.245.192.253 - - [24/Jul/2022:00:27:00 -0500] "POST /kwsrmcab/Wsrmcab  HTTP/1.1" 200 213
172.22.2.4 - - [24/Jul/2022:00:25:33 -0500] "GET /BLA/boletinlegal/ HTTP/1.1" 200 55166
172.22.2.4 - - [24/Jul/2022:00:26:40 -0500] "GET /BLA/boletinlegal/ HTTP/1.1" 200 20427
66.249.70.13 - - [24/Jul/2022:00:29:40 -0500] "-" 408 -
201.245.192.253 - - [24/Jul/2022:00:30:08 -0500] "POST /kwsrmcab/Wsrmcab HTTP/1.1" 200 46425
201.245.192.253 - - [24/Jul/2022:00:30:12 -0500] "POST /kwsrmcab/Wsrmcab HTTP/1.1" 200 46304
216.245.221.92 - - [24/Jul/2022:00:31:04 -0500] "HEAD / HTTP/1.1" 200 -
172.22.2.4 - - [24/Jul/2022:00:30:13 -0500] "GET /BLA/boletinlegal/index.php?s=/Index/\\think\\app/invokefunction&function=call_user_func_array&vars[0]=md5&vars[1][]=HelloThinkPHP21 HTTP/1.1" 200 36811
172.22.2.4 - - [24/Jul/2022:00:31:40 -0500] "GET /BLA/boletinlegal/actos.php HTTP/1.1" 200 9559
191.111.26.99 - - [24/Jul/2022:00:31:42 -0500] "GET /BLA/resoluciones/ HTTP/1.1" 200 13093
191.111.26.99 - - [24/Jul/2022:00:31:46 -0500] "GET /BLA/resoluciones/index.php?dir=AUTOS+2011%2F HTTP/1.1" 200 635120
201.245.192.253 - - [24/Jul/2022:00:31:59 -0500] "POST /kwsrmcab/Wsrmcab  HTTP/1.1" 200 213
172.22.2.4 - - [24/Jul/2022:00:30:33 -0500] "HEAD /BLA/boletinlegal/ HTTP/1.1" 200 -
191.111.26.99 - - [24/Jul/2022:00:32:13 -0500] "GET /BLA/resoluciones/AUTOS%202011/4309.pdf HTTP/1.1" 200 250315
172.22.2.4 - - [24/Jul/2022:00:31:38 -0500] "GET /BLA/boletinlegal/ HTTP/1.1" 200 24523
172.22.2.4 - - [24/Jul/2022:00:31:23 -0500] "GET /BLA/boletinlegal/ HTTP/1.1" 200 45865
216.245.221.92 - - [24/Jul/2022:00:36:04 -0500] "HEAD / HTTP/1.1" 200 -
149.57.161.118 - - [24/Jul/2022:00:36:15 -0500] "GET /portaldeninos/ HTTP/1.1" 200 109662
173.252.83.18 - - [24/Jul/2022:00:36:22 -0500] "GET /images/humedal-agua-lluvias-bogota-18-marzo.jpg HTTP/1.1" 200 146923
66.249.70.13 - - [24/Jul/2022:00:36:51 -0500] "-" 408 -
201.245.192.253 - - [24/Jul/2022:00:36:58 -0500] "POST /kwsrmcab/Wsrmcab  HTTP/1.1" 200 213
172.22.2.4 - - [24/Jul/2022:00:36:23 -0500] "HEAD /BLA/boletinlegal/ HTTP/1.1" 200 -
172.22.2.4 - - [24/Jul/2022:00:37:13 -0500] "GET /BLA/boletinlegal/ HTTP/1.1" 200 57272
201.245.192.253 - - [24/Jul/2022:00:40:08 -0500] "POST /kwsrmcab/Wsrmcab HTTP/1.1" 200 46425
201.245.192.253 - - [24/Jul/2022:00:40:12 -0500] "POST /kwsrmcab/Wsrmcab HTTP/1.1" 200 46304
216.245.221.92 - - [24/Jul/2022:00:41:04 -0500] "HEAD / HTTP/1.1" 200 -
201.245.192.253 - - [24/Jul/2022:00:41:57 -0500] "POST /kwsrmcab/Wsrmcab  HTTP/1.1" 200 213
66.249.70.15 - - [24/Jul/2022:00:42:31 -0500] "-" 408 -
185.119.81.109 - - [24/Jul/2022:00:43:16 -0500] "GET /portaldeninos/wp-login.php HTTP/1.1" 200 2592
185.119.81.109 - - [24/Jul/2022:00:43:17 -0500] "POST /portaldeninos/wp-login.php HTTP/1.1" 200 3605
172.22.2.4 - - [24/Jul/2022:00:42:13 -0500] "HEAD /BLA/boletinlegal/ HTTP/1.1" 200 -
172.22.2.4 - - [24/Jul/2022:00:43:03 -0500] "GET /BLA/boletinlegal/ HTTP/1.1" 200 57699
216.245.221.92 - - [24/Jul/2022:00:46:04 -0500] "HEAD / HTTP/1.1" 200 -
201.245.192.253 - - [24/Jul/2022:00:46:56 -0500] "POST /kwsrmcab/Wsrmcab  HTTP/1.1" 200 213
152.61.128.50 - - [24/Jul/2022:00:49:34 -0500] "GET /arcgis/services/Calidad_del_Agua_WQI/MapServer/WMSServer?request=GetCapabilities&service=WMS HTTP/1.1" 503 1020
152.61.128.50 - - [24/Jul/2022:00:49:35 -0500] "GET /arcgis/services/Calidad_del_Agua_WQI/MapServer/WMSServer?SERVICE=WMS&REQUEST=GetCapabilities HTTP/1.1" 503 1020
152.61.128.50 - - [24/Jul/2022:00:49:36 -0500] "GET /arcgis/services/Calidad_del_Agua_WQI/MapServer/WMSServer?WMTVER=1.0.0&REQUEST=capabilities HTTP/1.1" 503 1020
172.22.2.4 - - [24/Jul/2022:00:48:03 -0500] "HEAD /BLA/boletinlegal/ HTTP/1.1" 200 -
172.22.2.4 - - [24/Jul/2022:00:48:53 -0500] "GET /BLA/boletinlegal/ HTTP/1.1" 200 53539
34.147.28.205 - - [24/Jul/2022:00:50:56 -0500] "GET / HTTP/1.1" 200 319
216.245.221.92 - - [24/Jul/2022:00:51:04 -0500] "HEAD / HTTP/1.1" 200 -
201.245.192.253 - - [24/Jul/2022:00:51:55 -0500] "POST /kwsrmcab/Wsrmcab  HTTP/1.1" 200 213
207.46.13.218 - - [24/Jul/2022:00:52:38 -0500] "GET /BLA/resoluciones/AUTOS%202021/1713.pdf HTTP/1.1" 304 -
172.22.2.4 - - [24/Jul/2022:00:53:53 -0500] "HEAD /BLA/boletinlegal/ HTTP/1.1" 200 -
216.245.221.92 - - [24/Jul/2022:00:56:04 -0500] "HEAD / HTTP/1.1" 200 -
172.22.2.4 - - [24/Jul/2022:00:54:43 -0500] "GET /BLA/boletinlegal/ HTTP/1.1" 200 52826
201.245.192.253 - - [24/Jul/2022:00:56:54 -0500] "POST /kwsrmcab/Wsrmcab  HTTP/1.1" 200 213
66.249.70.13 - - [24/Jul/2022:00:57:17 -0500] "-" 408 -
40.77.167.65 - - [24/Jul/2022:00:58:50 -0500] "GET /galeria/galeria/fotos/GuaymaralTorca3G.jpg HTTP/1.1" 200 330310
157.55.39.145 - - [24/Jul/2022:00:59:12 -0500] "GET / HTTP/1.1" 200 4720
152.61.192.232 - - [24/Jul/2022:00:59:23 -0500] "GET /arcgis/services/Calidad_del_Agua_WQI/MapServer/WMSServer?request=GetCapabilities&service=WMS HTTP/1.1" 503 1020
152.61.192.232 - - [24/Jul/2022:00:59:25 -0500] "GET /arcgis/services/Calidad_del_Agua_WQI/MapServer/WMSServer?SERVICE=WMS&REQUEST=GetCapabilities HTTP/1.1" 503 1020
152.61.192.232 - - [24/Jul/2022:00:59:25 -0500] "GET /arcgis/services/Calidad_del_Agua_WQI/MapServer/WMSServer?WMTVER=1.0.0&REQUEST=capabilities HTTP/1.1" 503 1020
216.245.221.92 - - [24/Jul/2022:01:01:04 -0500] "HEAD / HTTP/1.1" 200 -
172.22.2.4 - - [24/Jul/2022:00:59:43 -0500] "HEAD /BLA/boletinlegal/ HTTP/1.1" 200 -
201.245.192.253 - - [24/Jul/2022:01:01:53 -0500] "POST /kwsrmcab/Wsrmcab  HTTP/1.1" 200 213
172.22.2.4 - - [24/Jul/2022:01:00:33 -0500] "GET /BLA/boletinlegal/ HTTP/1.1" 200 57699
216.245.221.92 - - [24/Jul/2022:01:06:04 -0500] "HEAD / HTTP/1.1" 200 -
66.249.70.13 - - [24/Jul/2022:01:06:17 -0500] "-" 408 -
201.245.192.253 - - [24/Jul/2022:01:06:52 -0500] "POST /kwsrmcab/Wsrmcab  HTTP/1.1" 200 213
172.22.2.4 - - [24/Jul/2022:01:05:33 -0500] "HEAD /BLA/boletinlegal/ HTTP/1.1" 200 -
172.22.2.4 - - [24/Jul/2022:01:06:23 -0500] "GET /BLA/boletinlegal/ HTTP/1.1" 200 58122
172.22.2.4 - - [24/Jul/2022:01:10:15 -0500] "GET /BLA/boletinlegal/robots.txt HTTP/1.1" 404 1038
216.245.221.92 - - [24/Jul/2022:01:11:04 -0500] "HEAD / HTTP/1.1" 200 -
201.245.192.253 - - [24/Jul/2022:01:11:51 -0500] "POST /kwsrmcab/Wsrmcab  HTTP/1.1" 200 213
172.22.2.4 - - [24/Jul/2022:01:10:15 -0500] "GET /BLA/boletinlegal/ HTTP/1.1" 200 56279
172.22.2.4 - - [24/Jul/2022:01:11:15 -0500] "GET /BLA/boletinlegal/ HTTP/1.1" 200 49099
172.22.2.4 - - [24/Jul/2022:01:11:23 -0500] "HEAD /BLA/boletinlegal/ HTTP/1.1" 200 -
66.249.70.13 - - [24/Jul/2022:01:13:23 -0500] "-" 408 -
172.22.2.4 - - [24/Jul/2022:01:12:13 -0500] "GET /BLA/boletinlegal/ HTTP/1.1" 200 56279
216.245.221.92 - - [24/Jul/2022:01:16:04 -0500] "HEAD / HTTP/1.1" 200 -
201.245.192.253 - - [24/Jul/2022:01:16:50 -0500] "POST /kwsrmcab/Wsrmcab  HTTP/1.1" 200 213
172.22.2.4 - - [24/Jul/2022:01:17:13 -0500] "HEAD /BLA/boletinlegal/ HTTP/1.1" 200 -
172.22.2.4 - - [24/Jul/2022:01:18:03 -0500] "GET /BLA/boletinlegal/ HTTP/1.1" 200 60410
201.245.192.253 - - [24/Jul/2022:01:20:08 -0500] "POST /kwsrmcab/Wsrmcab HTTP/1.1" 200 46287
201.245.192.253 - - [24/Jul/2022:01:20:11 -0500] "POST /kwsrmcab/Wsrmcab HTTP/1.1" 200 46287
216.245.221.92 - - [24/Jul/2022:01:21:04 -0500] "HEAD / HTTP/1.1" 200 -
207.46.13.218 - - [24/Jul/2022:01:21:51 -0500] "GET /BLA/resoluciones/AUTOS%202021/6757.pdf HTTP/1.1" 200 493662
201.245.192.253 - - [24/Jul/2022:01:21:49 -0500] "POST /kwsrmcab/Wsrmcab  HTTP/1.1" 200 213
162.221.192.26 - - [24/Jul/2022:01:23:40 -0500] "GET /portaldeninos/ HTTP/1.1" 200 109662
172.22.2.4 - - [24/Jul/2022:01:23:03 -0500] "HEAD /BLA/boletinlegal/ HTTP/1.1" 200 -
172.22.2.4 - - [24/Jul/2022:01:23:53 -0500] "GET /BLA/boletinlegal/ HTTP/1.1" 200 59828
216.245.221.92 - - [24/Jul/2022:01:26:04 -0500] "HEAD / HTTP/1.1" 200 -
173.252.107.120 - - [24/Jul/2022:01:26:47 -0500] "GET /images/actividades-dia-tierra-22-abril.jpg HTTP/1.1" 200 77276
69.171.231.4 - - [24/Jul/2022:01:26:47 -0500] "GET /images/actividades-dia-tierra-22-abril.jpg HTTP/1.1" 200 77276
201.245.192.253 - - [24/Jul/2022:01:26:47 -0500] "POST /kwsrmcab/Wsrmcab  HTTP/1.1" 200 213
185.119.81.109 - - [24/Jul/2022:01:27:34 -0500] "GET /portaldeninos/wp-login.php HTTP/1.1" 200 2592
185.119.81.109 - - [24/Jul/2022:01:27:35 -0500] "POST /portaldeninos/wp-login.php HTTP/1.1" 200 3605
27.50.59.67 - - [24/Jul/2022:01:29:31 -0500] "GET /map/baidumap.xml HTTP/1.1" 404 1143
201.245.192.253 - - [24/Jul/2022:01:30:08 -0500] "POST /kwsrmcab/Wsrmcab HTTP/1.1" 200 46287
201.245.192.253 - - [24/Jul/2022:01:30:12 -0500] "POST /kwsrmcab/Wsrmcab HTTP/1.1" 200 46287
172.22.2.4 - - [24/Jul/2022:01:28:53 -0500] "HEAD /BLA/boletinlegal/ HTTP/1.1" 200 -
216.245.221.92 - - [24/Jul/2022:01:31:04 -0500] "HEAD / HTTP/1.1" 200 -
172.22.2.4 - - [24/Jul/2022:01:31:10 -0500] "GET /BLA/boletinlegal/jurisprudencia/analisis/ANALISIST-672-14.docx HTTP/1.1" 304 -
185.119.81.96 - - [24/Jul/2022:01:31:16 -0500] "GET /portaldeninos/wp-login.php HTTP/1.1" 200 2592
185.119.81.96 - - [24/Jul/2022:01:31:17 -0500] "POST /portaldeninos/wp-login.php HTTP/1.1" 200 3670
172.22.2.4 - - [24/Jul/2022:01:31:22 -0500] "GET /BLA/boletinlegal/jurisprudencia/analisis/AnalisisC-746-12.docx HTTP/1.1" 304 -
172.22.2.4 - - [24/Jul/2022:01:29:43 -0500] "GET /BLA/boletinlegal/ HTTP/1.1" 200 59828
201.245.192.253 - - [24/Jul/2022:01:31:46 -0500] "POST /kwsrmcab/Wsrmcab  HTTP/1.1" 200 213
173.252.95.111 - - [24/Jul/2022:01:35:13 -0500] "GET /images/lluvias-arboles-4-junio.jpeg HTTP/1.1" 200 117524
173.252.95.111 - - [24/Jul/2022:01:35:14 -0500] "GET /images/empresas-industrias-forestales-1-junio.jpg HTTP/1.1" 200 44019
173.252.95.111 - - [24/Jul/2022:01:35:15 -0500] "GET /images/facebook-live-ivc-MAYO27.png HTTP/1.1" 200 480404
173.252.95.117 - - [24/Jul/2022:01:35:15 -0500] "GET /images/energia-eficiencia-26-mayo.jpg HTTP/1.1" 200 46417
173.252.95.111 - - [24/Jul/2022:01:35:16 -0500] "GET /images/la-vieja-mayo-24.jpg HTTP/1.1" 200 58217
173.252.95.117 - - [24/Jul/2022:01:35:16 -0500] "GET /images/visita-suspension-humedal-techo-24-mayo.jpg HTTP/1.1" 200 57365
173.252.95.5 - - [24/Jul/2022:01:35:16 -0500] "GET /images/jardines-verticales-plantas-24-mayo.jpg HTTP/1.1" 200 148288
173.252.95.119 - - [24/Jul/2022:01:35:16 -0500] "GET /images/jornadas-llantas-usadas-23-mayo.jpg HTTP/1.1" 200 148376
173.252.95.111 - - [24/Jul/2022:01:35:16 -0500] "GET /images/control-madera-ilegal-24-mayo.jpg HTTP/1.1" 200 48269
173.252.95.117 - - [24/Jul/2022:01:35:16 -0500] "GET /images/bogota-polvo-sahara-23-mayo.jpg HTTP/1.1" 200 35039
173.252.95.111 - - [24/Jul/2022:01:35:17 -0500] "GET /images/Naturalista1.jpeg HTTP/1.1" 200 202073
173.252.95.117 - - [24/Jul/2022:01:35:17 -0500] "GET /images/feria-servicios-tramites-19-mayo.jpg HTTP/1.1" 200 40581
173.252.95.111 - - [24/Jul/2022:01:35:17 -0500] "GET /images/arbolado-bogota-mayo-13.jpg HTTP/1.1" 200 62568
173.252.95.117 - - [24/Jul/2022:01:35:17 -0500] "GET /images/negocios-verdes-mayo-2022.jpg HTTP/1.1" 200 48000
173.252.95.119 - - [24/Jul/2022:01:35:17 -0500] "GET /images/actividades-dia-aves-16-mayo.jpg HTTP/1.1" 200 147089
173.252.95.111 - - [24/Jul/2022:01:35:18 -0500] "GET /images/cronica-amanda-rodriguez-30-abril.jpg HTTP/1.1" 200 26304
173.252.95.117 - - [24/Jul/2022:01:35:18 -0500] "GET /images/parque-nal-secretaria.jpg HTTP/1.1" 200 168060
173.252.95.119 - - [24/Jul/2022:01:35:18 -0500] "GET /images/feria-servicios-12-mayo-principal.jpg HTTP/1.1" 200 44744
173.252.95.111 - - [24/Jul/2022:01:35:18 -0500] "GET /images/dia-rio-bogota-12-mayo.jpg HTTP/1.1" 200 44387
173.252.95.117 - - [24/Jul/2022:01:35:18 -0500] "GET /images/secretaria-rio-bogota-avances-12-mayo.jpg HTTP/1.1" 200 37281
173.252.95.119 - - [24/Jul/2022:01:35:18 -0500] "GET /images/ptar-alcaldesa-rio-bogota-12-mato.jpg HTTP/1.1" 200 40205
173.252.95.111 - - [24/Jul/2022:01:35:19 -0500] "GET /images/reunion-planta-termovalorizacion-11-mayo.jpg HTTP/1.1" 200 34782
173.252.95.118 - - [24/Jul/2022:01:35:20 -0500] "GET /images/feria-servicios-5-MAYO.jpg HTTP/1.1" 200 39759
173.252.95.118 - - [24/Jul/2022:01:35:20 -0500] "GET /images/Brasil1.jpeg HTTP/1.1" 200 27965
173.252.95.8 - - [24/Jul/2022:01:35:20 -0500] "GET /images/mercados-campesinos-5-mayo.jpg HTTP/1.1" 200 95848
173.252.95.13 - - [24/Jul/2022:01:35:20 -0500] "GET /images/secretaria-carolina-economia-circular-6-mayo.jpg HTTP/1.1" 200 33699
173.252.95.17 - - [24/Jul/2022:01:35:20 -0500] "GET /images/RCD1.jpg HTTP/1.1" 200 195843
173.252.95.8 - - [24/Jul/2022:01:35:21 -0500] "GET /images/Animales1.jpeg HTTP/1.1" 200 76841
173.252.95.118 - - [24/Jul/2022:01:35:21 -0500] "GET /images/accion-climatica.jpg HTTP/1.1" 200 417776
173.252.95.118 - - [24/Jul/2022:01:35:21 -0500] "GET /images/cerros-bogota-2-mayo.jpg HTTP/1.1" 200 98367
173.252.95.8 - - [24/Jul/2022:01:35:22 -0500] "GET /images/fachada-secretaria-ambiente-abril.jpg HTTP/1.1" 200 148853
173.252.95.24 - - [24/Jul/2022:01:35:22 -0500] "GET /images/operativos-residuos-peligrosos-25-ABRIL.jpg HTTP/1.1" 200 35345
216.245.221.92 - - [24/Jul/2022:01:36:04 -0500] "HEAD / HTTP/1.1" 200 -
172.22.2.4 - - [24/Jul/2022:01:34:43 -0500] "HEAD /BLA/boletinlegal/ HTTP/1.1" 200 -
107.182.129.137 - - [24/Jul/2022:01:36:29 -0500] "POST /boaform/admin/formLogin HTTP/1.1" 404 1186
201.245.192.253 - - [24/Jul/2022:01:36:45 -0500] "POST /kwsrmcab/Wsrmcab  HTTP/1.1" 200 213
172.22.2.4 - - [24/Jul/2022:01:35:33 -0500] "GET /BLA/boletinlegal/ HTTP/1.1" 200 57272
36.69.8.40 - - [24/Jul/2022:01:39:33 -0500] "GET / HTTP/1.1" 200 319
198.235.24.31 - - [24/Jul/2022:01:39:36 -0500] "GET / HTTP/1.1" 200 319
201.245.192.253 - - [24/Jul/2022:01:40:08 -0500] "POST /kwsrmcab/Wsrmcab HTTP/1.1" 500 253
201.245.192.253 - - [24/Jul/2022:01:40:08 -0500] "POST /kwsrmcab/Wsrmcab HTTP/1.1" 500 253
40.77.167.22 - - [24/Jul/2022:01:40:22 -0500] "GET /portaldeninos/2021/06/29/jasbleady-castaneda-una-mujer-que-le-pone-el-alma-a-la-proteccion-de-las-tinguas-azules/feed/ HTTP/1.1" 200 1208
216.245.221.92 - - [24/Jul/2022:01:41:04 -0500] "HEAD / HTTP/1.1" 200 -
201.245.192.253 - - [24/Jul/2022:01:41:44 -0500] "POST /kwsrmcab/Wsrmcab  HTTP/1.1" 500 253
66.249.70.17 - - [24/Jul/2022:01:42:02 -0500] "-" 408 -
172.22.2.4 - - [24/Jul/2022:01:40:33 -0500] "HEAD /BLA/boletinlegal/ HTTP/1.1" 200 -
172.22.2.4 - - [24/Jul/2022:01:41:23 -0500] "GET /BLA/boletinlegal/ HTTP/1.1" 200 58122
185.119.81.96 - - [24/Jul/2022:01:45:32 -0500] "GET /portaldeninos/wp-login.php HTTP/1.1" 200 2592
185.119.81.96 - - [24/Jul/2022:01:45:33 -0500] "POST /portaldeninos/wp-login.php HTTP/1.1" 200 3670
216.245.221.92 - - [24/Jul/2022:01:46:04 -0500] "HEAD / HTTP/1.1" 200 -
201.245.192.253 - - [24/Jul/2022:01:46:42 -0500] "POST /kwsrmcab/Wsrmcab  HTTP/1.1" 500 253
172.22.2.4 - - [24/Jul/2022:01:46:23 -0500] "HEAD /BLA/boletinlegal/ HTTP/1.1" 200 -
172.22.2.4 - - [24/Jul/2022:01:47:13 -0500] "GET /BLA/boletinlegal/ HTTP/1.1" 200 58491
66.249.70.13 - - [24/Jul/2022:01:49:57 -0500] "-" 408 -
216.245.221.92 - - [24/Jul/2022:01:51:04 -0500] "HEAD / HTTP/1.1" 200 -
201.245.192.253 - - [24/Jul/2022:01:51:41 -0500] "POST /kwsrmcab/Wsrmcab  HTTP/1.1" 500 253
185.119.81.109 - - [24/Jul/2022:01:52:03 -0500] "GET /portaldeninos/wp-login.php HTTP/1.1" 200 2592
185.119.81.109 - - [24/Jul/2022:01:52:04 -0500] "POST /portaldeninos/wp-login.php HTTP/1.1" 200 3670
172.22.2.4 - - [24/Jul/2022:01:52:13 -0500] "HEAD /BLA/boletinlegal/ HTTP/1.1" 200 -
172.22.2.4 - - [24/Jul/2022:01:53:03 -0500] "GET /BLA/boletinlegal/ HTTP/1.1" 200 60410
66.249.70.13 - - [24/Jul/2022:01:55:36 -0500] "-" 408 -
186.84.91.4 - - [24/Jul/2022:01:55:47 -0500] "-" 408 -
216.245.221.92 - - [24/Jul/2022:01:56:04 -0500] "HEAD / HTTP/1.1" 200 -
201.245.192.253 - - [24/Jul/2022:01:56:41 -0500] "POST /kwsrmcab/Wsrmcab  HTTP/1.1" 500 253
172.22.2.4 - - [24/Jul/2022:01:58:03 -0500] "HEAD /BLA/boletinlegal/ HTTP/1.1" 200 -
172.22.2.4 - - [24/Jul/2022:01:59:14 -0500] "GET /BLA/boletinlegal/ HTTP/1.1" 200 20427
172.22.2.4 - - [24/Jul/2022:01:59:14 -0500] "GET /BLA/boletinlegal/ HTTP/1.1" 200 32715
172.22.2.4 - - [24/Jul/2022:01:58:53 -0500] "GET /BLA/boletinlegal/ HTTP/1.1" 200 52424
172.22.2.4 - - [24/Jul/2022:01:59:50 -0500] "GET /BLA/boletinlegal/?XDEBUG_SESSION_START=phpstorm HTTP/1.1" 200 32715
186.84.91.4 - - [24/Jul/2022:02:00:52 -0500] "-" 408 -
186.84.91.4 - - [24/Jul/2022:02:00:52 -0500] "-" 408 -
216.245.221.92 - - [24/Jul/2022:02:01:04 -0500] "HEAD / HTTP/1.1" 200 -
201.245.192.253 - - [24/Jul/2022:02:01:40 -0500] "POST /kwsrmcab/Wsrmcab  HTTP/1.1" 500 253
66.249.70.13 - - [24/Jul/2022:02:03:01 -0500] "-" 408 -
172.22.2.4 - - [24/Jul/2022:02:03:53 -0500] "HEAD /BLA/boletinlegal/ HTTP/1.1" 200 -
216.245.221.92 - - [24/Jul/2022:02:06:04 -0500] "HEAD / HTTP/1.1" 200 -
172.22.2.4 - - [24/Jul/2022:02:04:43 -0500] "GET /BLA/boletinlegal/ HTTP/1.1" 200 58122
201.245.192.253 - - [24/Jul/2022:02:06:39 -0500] "POST /kwsrmcab/Wsrmcab  HTTP/1.1" 500 253
162.142.125.9 - - [24/Jul/2022:02:08:40 -0500] "GET / HTTP/1.1" 200 319
162.142.125.9 - - [24/Jul/2022:02:08:40 -0500] "GET / HTTP/1.1" 200 319
162.142.125.9 - - [24/Jul/2022:02:08:40 -0500] "PRI * HTTP/2.0" 400 946
66.249.70.13 - - [24/Jul/2022:02:09:52 -0500] "-" 408 -
2.57.122.98 - - [24/Jul/2022:02:10:25 -0500] "GET / HTTP/1.1" 200 319
172.22.2.4 - - [24/Jul/2022:02:10:35 -0500] "GET /BLA/boletinlegal/Circulares/2020/Circular%2000010%20del%2027%20de%20julio%20de%202020.pdf HTTP/1.1" 200 422655
216.245.221.92 - - [24/Jul/2022:02:11:04 -0500] "HEAD / HTTP/1.1" 200 -
172.22.2.4 - - [24/Jul/2022:02:09:43 -0500] "HEAD /BLA/boletinlegal/ HTTP/1.1" 200 -
201.245.192.253 - - [24/Jul/2022:02:11:38 -0500] "POST /kwsrmcab/Wsrmcab  HTTP/1.1" 500 253
172.22.2.4 - - [24/Jul/2022:02:10:33 -0500] "GET /BLA/boletinlegal/ HTTP/1.1" 200 60410
216.245.221.92 - - [24/Jul/2022:02:16:04 -0500] "HEAD / HTTP/1.1" 200 -
201.245.192.253 - - [24/Jul/2022:02:16:37 -0500] "POST /kwsrmcab/Wsrmcab  HTTP/1.1" 500 253
172.22.2.4 - - [24/Jul/2022:02:15:33 -0500] "HEAD /BLA/boletinlegal/ HTTP/1.1" 200 -
66.249.70.13 - - [24/Jul/2022:02:17:31 -0500] "-" 408 -
172.22.2.4 - - [24/Jul/2022:02:16:24 -0500] "GET /BLA/boletinlegal/ HTTP/1.1" 200 60410
201.245.192.253 - - [24/Jul/2022:02:20:07 -0500] "POST /kwsrmcab/Wsrmcab HTTP/1.1" 500 253
201.245.192.253 - - [24/Jul/2022:02:20:07 -0500] "POST /kwsrmcab/Wsrmcab HTTP/1.1" 500 253
172.22.2.4 - - [24/Jul/2022:02:20:28 -0500] "GET /BLA/boletinlegal/doctrina.php HTTP/1.1" 200 5604
216.245.221.92 - - [24/Jul/2022:02:21:04 -0500] "HEAD / HTTP/1.1" 200 -
201.245.192.253 - - [24/Jul/2022:02:21:36 -0500] "POST /kwsrmcab/Wsrmcab  HTTP/1.1" 500 253
172.22.2.4 - - [24/Jul/2022:02:20:25 -0500] "GET /BLA/boletinlegal/index.php HTTP/1.1" 200 54767
172.22.2.4 - - [24/Jul/2022:02:21:23 -0500] "HEAD /BLA/boletinlegal/ HTTP/1.1" 200 -
172.22.2.4 - - [24/Jul/2022:02:22:13 -0500] "GET /BLA/boletinlegal/ HTTP/1.1" 200 58491
66.249.70.13 - - [24/Jul/2022:02:25:13 -0500] "-" 408 -
149.57.161.118 - - [24/Jul/2022:02:25:33 -0500] "GET / HTTP/1.1" 200 319
128.1.248.26 - - [24/Jul/2022:02:25:40 -0500] "GET /portaldeninos/ HTTP/1.1" 200 109662
216.245.221.92 - - [24/Jul/2022:02:26:04 -0500] "HEAD / HTTP/1.1" 200 -
35.208.187.63 - - [24/Jul/2022:02:26:34 -0500] "HEAD /BLA/resoluciones/RESOLUCIONES%202017/0520.pdf HTTP/1.1" 200 -
201.245.192.253 - - [24/Jul/2022:02:26:35 -0500] "POST /kwsrmcab/Wsrmcab  HTTP/1.1" 500 253
109.237.103.9 - - [24/Jul/2022:02:28:17 -0500] "GET /.env HTTP/1.1" 404 1018
109.237.103.9 - - [24/Jul/2022:02:28:17 -0500] "\x16\x03\x01\x01D\x01" 400 226
172.22.2.4 - - [24/Jul/2022:02:27:13 -0500] "HEAD /BLA/boletinlegal/ HTTP/1.1" 200 -
172.22.2.4 - - [24/Jul/2022:02:28:03 -0500] "GET /BLA/boletinlegal/ HTTP/1.1" 200 58122
201.245.192.253 - - [24/Jul/2022:02:30:08 -0500] "POST /kwsrmcab/Wsrmcab HTTP/1.1" 500 253
201.245.192.253 - - [24/Jul/2022:02:30:08 -0500] "POST /kwsrmcab/Wsrmcab HTTP/1.1" 500 253
66.249.70.13 - - [24/Jul/2022:02:31:01 -0500] "-" 408 -
216.245.221.92 - - [24/Jul/2022:02:31:04 -0500] "HEAD / HTTP/1.1" 200 -
201.245.192.253 - - [24/Jul/2022:02:31:34 -0500] "POST /kwsrmcab/Wsrmcab  HTTP/1.1" 500 253
172.22.2.4 - - [24/Jul/2022:02:33:03 -0500] "HEAD /BLA/boletinlegal/ HTTP/1.1" 200 -
157.55.39.98 - - [24/Jul/2022:02:35:24 -0500] "GET /BLA/boletinlegal/Directivas/2011/Directiva%20No.%202%20del%2017%20de%20Mayo%20de%202011.pdf HTTP/1.1" 200 495382
172.22.2.4 - - [24/Jul/2022:02:33:53 -0500] "GET /BLA/boletinlegal/ HTTP/1.1" 200 58866
216.245.221.92 - - [24/Jul/2022:02:36:04 -0500] "HEAD / HTTP/1.1" 200 -
201.245.192.253 - - [24/Jul/2022:02:36:33 -0500] "POST /kwsrmcab/Wsrmcab  HTTP/1.1" 500 253
163.123.143.71 - - [24/Jul/2022:02:37:27 -0500] "POST /boaform/admin/formLogin HTTP/1.1" 404 1186
66.249.70.13 - - [24/Jul/2022:02:39:50 -0500] "-" 408 -
40.77.167.65 - - [24/Jul/2022:02:39:51 -0500] "GET /BLA/resoluciones/AUTOS%202018/2344.pdf HTTP/1.1" 304 -
201.245.192.253 - - [24/Jul/2022:02:40:08 -0500] "POST /kwsrmcab/Wsrmcab HTTP/1.1" 500 253
201.245.192.253 - - [24/Jul/2022:02:40:08 -0500] "POST /kwsrmcab/Wsrmcab HTTP/1.1" 500 253
172.22.2.4 - - [24/Jul/2022:02:38:53 -0500] "HEAD /BLA/boletinlegal/ HTTP/1.1" 200 -
216.245.221.92 - - [24/Jul/2022:02:41:04 -0500] "HEAD / HTTP/1.1" 200 -
172.22.2.4 - - [24/Jul/2022:02:39:43 -0500] "GET /BLA/boletinlegal/ HTTP/1.1" 200 60410
201.245.192.253 - - [24/Jul/2022:02:41:32 -0500] "POST /kwsrmcab/Wsrmcab  HTTP/1.1" 500 253
216.245.221.92 - - [24/Jul/2022:02:46:03 -0500] "HEAD / HTTP/1.1" 200 -
172.22.2.4 - - [24/Jul/2022:02:44:43 -0500] "HEAD /BLA/boletinlegal/ HTTP/1.1" 200 -
201.245.192.253 - - [24/Jul/2022:02:46:31 -0500] "POST /kwsrmcab/Wsrmcab  HTTP/1.1" 500 253
172.22.2.4 - - [24/Jul/2022:02:45:33 -0500] "GET /BLA/boletinlegal/ HTTP/1.1" 200 58491
66.249.70.13 - - [24/Jul/2022:02:48:06 -0500] "-" 408 -
216.245.221.92 - - [24/Jul/2022:02:51:03 -0500] "HEAD / HTTP/1.1" 200 -
201.245.192.253 - - [24/Jul/2022:02:51:30 -0500] "POST /kwsrmcab/Wsrmcab  HTTP/1.1" 500 253
172.22.2.4 - - [24/Jul/2022:02:50:33 -0500] "HEAD /BLA/boletinlegal/ HTTP/1.1" 200 -
172.22.2.4 - - [24/Jul/2022:02:51:23 -0500] "GET /BLA/boletinlegal/ HTTP/1.1" 200 60410
172.22.2.4 - - [24/Jul/2022:02:53:50 -0500] "GET /BLA/boletinlegal/Circulares/2021/CIRCULAR%20No.%2000007%20DEL%2010%20DE%20AGOSTO%20DEL%202021.pdf HTTP/1.1" 200 266364
172.22.2.4 - - [24/Jul/2022:02:55:06 -0500] "POST /BLA/boletinlegal/mifs/.;/services/LogService HTTP/1.1" 404 1158
66.249.70.13 - - [24/Jul/2022:02:55:26 -0500] "-" 408 -
216.245.221.92 - - [24/Jul/2022:02:56:03 -0500] "HEAD / HTTP/1.1" 200 -
201.245.192.253 - - [24/Jul/2022:02:56:28 -0500] "POST /kwsrmcab/Wsrmcab  HTTP/1.1" 500 253
172.22.2.4 - - [24/Jul/2022:02:56:23 -0500] "HEAD /BLA/boletinlegal/ HTTP/1.1" 200 -
172.22.2.4 - - [24/Jul/2022:02:57:13 -0500] "GET /BLA/boletinlegal/ HTTP/1.1" 200 60410
216.245.221.92 - - [24/Jul/2022:03:01:03 -0500] "HEAD / HTTP/1.1" 200 -
66.249.70.13 - - [24/Jul/2022:03:01:07 -0500] "-" 408 -
201.245.192.253 - - [24/Jul/2022:03:01:27 -0500] "POST /kwsrmcab/Wsrmcab  HTTP/1.1" 500 253
172.22.2.4 - - [24/Jul/2022:03:02:13 -0500] "HEAD /BLA/boletinlegal/ HTTP/1.1" 200 -
172.22.2.4 - - [24/Jul/2022:03:03:03 -0500] "GET /BLA/boletinlegal/ HTTP/1.1" 200 58122
216.245.221.92 - - [24/Jul/2022:03:06:03 -0500] "HEAD / HTTP/1.1" 200 -
201.245.192.253 - - [24/Jul/2022:03:06:27 -0500] "POST /kwsrmcab/Wsrmcab  HTTP/1.1" 500 253
66.249.70.13 - - [24/Jul/2022:03:08:31 -0500] "-" 408 -
172.22.2.4 - - [24/Jul/2022:03:08:03 -0500] "HEAD /BLA/boletinlegal/ HTTP/1.1" 200 -
172.22.2.4 - - [24/Jul/2022:03:08:53 -0500] "GET /BLA/boletinlegal/ HTTP/1.1" 200 60410
216.245.221.92 - - [24/Jul/2022:03:11:03 -0500] "HEAD / HTTP/1.1" 200 -
201.245.192.253 - - [24/Jul/2022:03:11:26 -0500] "POST /kwsrmcab/Wsrmcab  HTTP/1.1" 500 253
172.22.2.4 - - [24/Jul/2022:03:13:52 -0500] "HEAD /BLA/boletinlegal/ HTTP/1.1" 200 -
66.249.70.13 - - [24/Jul/2022:03:15:46 -0500] "-" 408 -
216.245.221.92 - - [24/Jul/2022:03:16:03 -0500] "HEAD / HTTP/1.1" 200 -
185.119.81.109 - - [24/Jul/2022:03:16:11 -0500] "GET /portaldeninos/wp-login.php HTTP/1.1" 200 2592
185.119.81.109 - - [24/Jul/2022:03:16:13 -0500] "POST /portaldeninos/wp-login.php HTTP/1.1" 200 3605
172.22.2.4 - - [24/Jul/2022:03:14:43 -0500] "GET /BLA/boletinlegal/ HTTP/1.1" 200 58122
201.245.192.253 - - [24/Jul/2022:03:16:25 -0500] "POST /kwsrmcab/Wsrmcab  HTTP/1.1" 500 253
191.109.165.120 - - [24/Jul/2022:03:18:54 -0500] "GET /portaldeninos/ HTTP/1.1" 200 109662
191.109.165.120 - - [24/Jul/2022:03:18:55 -0500] "GET /portaldeninos/wp-content/uploads/useanyfont/uaf.css?ver=1589905315 HTTP/1.1" 200 408
191.109.165.120 - - [24/Jul/2022:03:18:55 -0500] "GET /portaldeninos/wp-content/themes/betheme/style.css?ver=20.9.6 HTTP/1.1" 200 287
191.109.165.120 - - [24/Jul/2022:03:18:55 -0500] "GET /portaldeninos/wp-content/plugins/gallery-videos/CSS/Total-Soft-Gallery-Video-Widget.css?ver=4.9.8 HTTP/1.1" 200 51554
191.109.165.120 - - [24/Jul/2022:03:18:55 -0500] "GET /portaldeninos/wp-content/themes/betheme/css/base.css?ver=20.9.6 HTTP/1.1" 200 57283
191.109.165.120 - - [24/Jul/2022:03:18:55 -0500] "GET /portaldeninos/wp-content/plugins/gallery-videos/CSS/totalsoft.css?ver=4.9.8 HTTP/1.1" 200 40622
191.109.165.120 - - [24/Jul/2022:03:18:56 -0500] "GET /portaldeninos/wp-content/themes/betheme/assets/jplayer/css/jplayer.blue.monday.css?ver=20.9.6 HTTP/1.1" 200 9834
191.109.165.120 - - [24/Jul/2022:03:18:55 -0500] "GET /portaldeninos/wp-content/themes/betheme/css/layout.css?ver=20.9.6 HTTP/1.1" 200 116639
191.109.165.120 - - [24/Jul/2022:03:18:56 -0500] "GET /portaldeninos/wp-content/themes/betheme/assets/ui/jquery.ui.all.css?ver=20.9.6 HTTP/1.1" 200 18765
191.109.165.120 - - [24/Jul/2022:03:18:55 -0500] "GET /portaldeninos/wp-content/themes/betheme/assets/animations/animations.min.css?ver=20.9.6 HTTP/1.1" 200 58508
191.109.165.120 - - [24/Jul/2022:03:18:56 -0500] "GET /portaldeninos/wp-content/plugins/popup-maker/assets/css/site.min.css?ver=1.8.14 HTTP/1.1" 200 8260
191.109.165.120 - - [24/Jul/2022:03:18:56 -0500] "GET /portaldeninos/wp-content/themes/betheme/css/responsive.css?ver=20.9.6 HTTP/1.1" 200 55740
191.109.165.120 - - [24/Jul/2022:03:18:56 -0500] "GET /portaldeninos/wp-content/plugins/google-analytics-for-wordpress/assets/js/frontend-gtag.min.js?ver=8.5.0 HTTP/1.1" 200 11801
191.109.165.120 - - [24/Jul/2022:03:18:55 -0500] "GET /portaldeninos/wp-content/themes/betheme/css/shortcodes.css?ver=20.9.6 HTTP/1.1" 200 138889
191.109.165.120 - - [24/Jul/2022:03:18:56 -0500] "GET /portaldeninos/wp-includes/js/jquery/jquery-migrate.min.js?ver=1.4.1 HTTP/1.1" 200 10056
191.109.165.120 - - [24/Jul/2022:03:18:56 -0500] "GET /portaldeninos/wp-content/plugins/gallery-videos/JS/modernizr.custom.js?ver=4.9.8 HTTP/1.1" 200 9019
191.109.165.120 - - [24/Jul/2022:03:18:56 -0500] "GET /portaldeninos/wp-includes/js/jquery/ui/core.min.js?ver=1.11.4 HTTP/1.1" 200 4000
191.109.165.120 - - [24/Jul/2022:03:18:56 -0500] "GET /portaldeninos/wp-includes/js/jquery/jquery.js?ver=1.12.4 HTTP/1.1" 200 97184
191.109.165.120 - - [24/Jul/2022:03:18:56 -0500] "GET /portaldeninos/wp-content/plugins/gallery-videos/JS/Total-Soft-Gallery-Video-Widget.js?ver=4.9.8 HTTP/1.1" 200 80264
191.109.165.120 - - [24/Jul/2022:03:18:56 -0500] "GET /portaldeninos/wp-includes/js/jquery/ui/widget.min.js?ver=1.11.4 HTTP/1.1" 200 6908
191.109.165.120 - - [24/Jul/2022:03:18:56 -0500] "GET /portaldeninos/wp-includes/js/jquery/ui/mouse.min.js?ver=1.11.4 HTTP/1.1" 200 3148
191.109.165.120 - - [24/Jul/2022:03:18:56 -0500] "GET /portaldeninos/wp-content/themes/betheme/js/menu.js?ver=20.9.6 HTTP/1.1" 200 2449
191.109.165.120 - - [24/Jul/2022:03:18:56 -0500] "GET /portaldeninos/wp-includes/js/jquery/ui/accordion.min.js?ver=1.11.4 HTTP/1.1" 200 8584
191.109.165.120 - - [24/Jul/2022:03:18:56 -0500] "GET /portaldeninos/wp-content/themes/betheme/assets/animations/animations.min.js?ver=20.9.6 HTTP/1.1" 200 1896
191.109.165.120 - - [24/Jul/2022:03:18:56 -0500] "GET /portaldeninos/wp-includes/js/jquery/ui/tabs.min.js?ver=1.11.4 HTTP/1.1" 200 12110
191.109.165.120 - - [24/Jul/2022:03:18:56 -0500] "GET /portaldeninos/wp-includes/js/jquery/ui/sortable.min.js?ver=1.11.4 HTTP/1.1" 200 24899
191.109.165.120 - - [24/Jul/2022:03:18:56 -0500] "GET /portaldeninos/wp-content/uploads/2019/08/Logo-Ambientic.png HTTP/1.1" 200 22941
191.109.165.120 - - [24/Jul/2022:03:18:56 -0500] "GET /portaldeninos/wp-content/themes/betheme/fonts/mfn-icons.woff?93978679 HTTP/1.1" 200 80932
191.109.165.120 - - [24/Jul/2022:03:18:56 -0500] "GET /portaldeninos/wp-content/uploads/2021/06/titulo-cabezote-ni%C3%B1os.png HTTP/1.1" 200 64425
191.109.165.120 - - [24/Jul/2022:03:18:56 -0500] "GET /portaldeninos/wp-content/themes/betheme/assets/jplayer/jplayer.min.js?ver=20.9.6 HTTP/1.1" 200 52702
191.109.165.120 - - [24/Jul/2022:03:18:56 -0500] "GET /portaldeninos/wp-content/themes/betheme/js/plugins.js?ver=20.9.6 HTTP/1.1" 200 197151
191.109.165.120 - - [24/Jul/2022:03:18:56 -0500] "GET /portaldeninos/wp-includes/js/jquery/ui/position.min.js?ver=1.11.4 HTTP/1.1" 200 6527
191.109.165.120 - - [24/Jul/2022:03:18:56 -0500] "GET /portaldeninos/wp-content/themes/betheme/js/scripts.js?ver=20.9.6 HTTP/1.1" 200 77162
191.109.165.120 - - [24/Jul/2022:03:18:56 -0500] "GET /portaldeninos/wp-includes/js/wp-embed.min.js?ver=4.9.8 HTTP/1.1" 200 1398
191.109.165.120 - - [24/Jul/2022:03:18:56 -0500] "GET /portaldeninos/wp-includes/js/wp-emoji-release.min.js?ver=4.9.8 HTTP/1.1" 200 12026
191.109.165.120 - - [24/Jul/2022:03:18:56 -0500] "GET /portaldeninos/wp-content/uploads/2021/06/titulo-miambiente-ni%C3%B1os.png HTTP/1.1" 200 11944
191.109.165.120 - - [24/Jul/2022:03:18:56 -0500] "GET /portaldeninos/wp-content/plugins/popup-maker/assets/js/site.min.js?defer&ver=1.8.14 HTTP/1.1" 200 48457
191.109.165.120 - - [24/Jul/2022:03:18:56 -0500] "GET /portaldeninos/wp-content/uploads/2021/06/titulo-videos-ni%C3%B1os.png HTTP/1.1" 200 10502
191.109.165.120 - - [24/Jul/2022:03:18:56 -0500] "GET /portaldeninos/wp-content/uploads/2021/06/titulo-humedales-ni%C3%B1os.png HTTP/1.1" 200 13361
191.109.165.120 - - [24/Jul/2022:03:18:56 -0500] "GET /portaldeninos/wp-content/uploads/2018/10/oso.jpg HTTP/1.1" 200 305180
191.109.165.120 - - [24/Jul/2022:03:18:56 -0500] "GET /portaldeninos/wp-content/uploads/2020/01/Tierra-escenario.jpg HTTP/1.1" 200 181491
191.109.165.120 - - [24/Jul/2022:03:18:57 -0500] "GET /portaldeninos/wp-content/uploads/2020/05/fb.jpg HTTP/1.1" 200 9893
191.109.165.120 - - [24/Jul/2022:03:18:56 -0500] "GET /portaldeninos/wp-content/uploads/2018/11/caneca.jpg HTTP/1.1" 200 262661
191.109.165.120 - - [24/Jul/2022:03:18:56 -0500] "GET /portaldeninos/wp-content/uploads/2018/11/tigrillo.jpg HTTP/1.1" 200 402961
191.109.165.120 - - [24/Jul/2022:03:18:57 -0500] "GET /portaldeninos/wp-content/uploads/2022/03/humedal-capellania.jpg HTTP/1.1" 200 42159
191.109.165.120 - - [24/Jul/2022:03:18:56 -0500] "GET /portaldeninos/wp-content/uploads/2020/01/Frailejon-escenario.jpg HTTP/1.1" 200 357472
191.109.165.120 - - [24/Jul/2022:03:18:57 -0500] "GET /portaldeninos/wp-content/uploads/2020/05/ig.jpg HTTP/1.1" 200 11470
191.109.165.120 - - [24/Jul/2022:03:18:57 -0500] "GET /portaldeninos/wp-content/uploads/2020/06/yt.jpg HTTP/1.1" 200 10577
191.109.165.120 - - [24/Jul/2022:03:18:57 -0500] "GET /portaldeninos/wp-content/uploads/2020/06/tw.jpg HTTP/1.1" 200 11056
191.109.165.120 - - [24/Jul/2022:03:18:57 -0500] "GET /portaldeninos/wp-content/themes/betheme/images/box_shadow.png HTTP/1.1" 200 108
191.109.165.120 - - [24/Jul/2022:03:18:57 -0500] "GET /portaldeninos/wp-content/uploads/2022/03/Mapa-humedales-2022.jpg HTTP/1.1" 200 894674
191.109.165.120 - - [24/Jul/2022:03:18:57 -0500] "GET /portaldeninos/wp-json/pum/v1/analytics/?event=open&pid=1126&_cache=1658650625219 HTTP/1.1" 204 -
191.109.165.120 - - [24/Jul/2022:03:18:57 -0500] "GET /portaldeninos/wp-content/uploads/2022/01/Conoce-lo-que-hace-la-Secretar%C3%ADa-de-Ambiente.mp4 HTTP/1.1" 206 1825002
191.109.165.120 - - [24/Jul/2022:03:18:57 -0500] "GET /portaldeninos/wp-content/uploads/2019/06/CabezoteAMBIENTIC.mp4 HTTP/1.1" 206 2685158
201.245.192.253 - - [24/Jul/2022:03:20:08 -0500] "POST /kwsrmcab/Wsrmcab HTTP/1.1" 500 253
201.245.192.253 - - [24/Jul/2022:03:20:08 -0500] "POST /kwsrmcab/Wsrmcab HTTP/1.1" 500 253
216.245.221.92 - - [24/Jul/2022:03:21:03 -0500] "HEAD / HTTP/1.1" 200 -
172.22.2.4 - - [24/Jul/2022:03:19:42 -0500] "HEAD /BLA/boletinlegal/ HTTP/1.1" 200 -
201.245.192.253 - - [24/Jul/2022:03:21:23 -0500] "POST /kwsrmcab/Wsrmcab  HTTP/1.1" 500 253
66.249.70.13 - - [24/Jul/2022:03:21:50 -0500] "-" 408 -
172.22.2.4 - - [24/Jul/2022:03:20:33 -0500] "GET /BLA/boletinlegal/ HTTP/1.1" 200 58122
216.245.221.92 - - [24/Jul/2022:03:26:03 -0500] "HEAD / HTTP/1.1" 200 -
201.245.192.253 - - [24/Jul/2022:03:26:22 -0500] "POST /kwsrmcab/Wsrmcab  HTTP/1.1" 500 253
172.22.2.4 - - [24/Jul/2022:03:25:33 -0500] "HEAD /BLA/boletinlegal/ HTTP/1.1" 200 -
172.22.2.4 - - [24/Jul/2022:03:26:23 -0500] "GET /BLA/boletinlegal/ HTTP/1.1" 200 58122
66.249.70.13 - - [24/Jul/2022:03:28:07 -0500] "-" 408 -
201.245.192.253 - - [24/Jul/2022:03:30:07 -0500] "POST /kwsrmcab/Wsrmcab HTTP/1.1" 500 253
201.245.192.253 - - [24/Jul/2022:03:30:07 -0500] "POST /kwsrmcab/Wsrmcab HTTP/1.1" 500 253
34.147.9.143 - - [24/Jul/2022:03:30:23 -0500] "GET / HTTP/1.1" 200 319
216.245.221.92 - - [24/Jul/2022:03:31:03 -0500] "HEAD / HTTP/1.1" 200 -
201.245.192.253 - - [24/Jul/2022:03:31:21 -0500] "POST /kwsrmcab/Wsrmcab  HTTP/1.1" 500 253
172.22.2.4 - - [24/Jul/2022:03:31:22 -0500] "HEAD /BLA/boletinlegal/ HTTP/1.1" 200 -
172.22.2.4 - - [24/Jul/2022:03:32:13 -0500] "GET /BLA/boletinlegal/ HTTP/1.1" 200 58122
66.249.70.13 - - [24/Jul/2022:03:33:59 -0500] "-" 408 -
185.119.81.96 - - [24/Jul/2022:03:33:59 -0500] "GET /portaldeninos/wp-login.php HTTP/1.1" 200 2592
185.119.81.96 - - [24/Jul/2022:03:34:01 -0500] "POST /portaldeninos/wp-login.php HTTP/1.1" 200 3650
216.245.221.92 - - [24/Jul/2022:03:36:03 -0500] "HEAD / HTTP/1.1" 200 -
201.245.192.253 - - [24/Jul/2022:03:36:20 -0500] "POST /kwsrmcab/Wsrmcab  HTTP/1.1" 500 253
18.206.55.48 - - [24/Jul/2022:03:37:43 -0500] "HEAD / HTTP/1.1" 200 -
18.206.55.48 - - [24/Jul/2022:03:37:43 -0500] "GET / HTTP/1.1" 200 4720
18.206.55.48 - - [24/Jul/2022:03:37:43 -0500] "GET /favicon.ico HTTP/1.1" 404 1034
219.249.67.173 - - [24/Jul/2022:03:37:52 -0500] "GET http://noticias.ambientebogota.gov.co:80/favicon.ico HTTP/1.0" 404 1034
18.206.55.48 - - [24/Jul/2022:03:37:52 -0500] "GET /favicon.png HTTP/1.1" 404 1034
58.140.47.17 - - [24/Jul/2022:03:37:53 -0500] "GET http://noticias.ambientebogota.gov.co:80/favicon.png HTTP/1.0" 404 1034
54.227.32.154 - - [24/Jul/2022:03:38:05 -0500] "GET / HTTP/1.1" 200 4720
172.22.2.4 - - [24/Jul/2022:03:37:12 -0500] "HEAD /BLA/boletinlegal/ HTTP/1.1" 200 -
172.22.2.4 - - [24/Jul/2022:03:38:03 -0500] "GET /BLA/boletinlegal/ HTTP/1.1" 200 58866
201.245.192.253 - - [24/Jul/2022:03:40:08 -0500] "POST /kwsrmcab/Wsrmcab HTTP/1.1" 500 253
201.245.192.253 - - [24/Jul/2022:03:40:08 -0500] "POST /kwsrmcab/Wsrmcab HTTP/1.1" 500 253
216.245.221.92 - - [24/Jul/2022:03:41:03 -0500] "HEAD / HTTP/1.1" 200 -
201.245.192.253 - - [24/Jul/2022:03:41:19 -0500] "POST /kwsrmcab/Wsrmcab  HTTP/1.1" 500 253
172.22.2.4 - - [24/Jul/2022:03:43:02 -0500] "HEAD /BLA/boletinlegal/ HTTP/1.1" 200 -
172.22.2.4 - - [24/Jul/2022:03:43:53 -0500] "GET /BLA/boletinlegal/ HTTP/1.1" 200 60992
216.245.221.92 - - [24/Jul/2022:03:46:03 -0500] "HEAD / HTTP/1.1" 200 -
201.245.192.253 - - [24/Jul/2022:03:46:19 -0500] "POST /kwsrmcab/Wsrmcab  HTTP/1.1" 500 253
172.22.2.4 - - [24/Jul/2022:03:49:51 -0500] "GET /BLA/boletinlegal/console/ HTTP/1.1" 404 1018
172.22.2.4 - - [24/Jul/2022:03:48:52 -0500] "HEAD /BLA/boletinlegal/ HTTP/1.1" 200 -
216.245.221.92 - - [24/Jul/2022:03:51:03 -0500] "HEAD / HTTP/1.1" 200 -
201.245.192.253 - - [24/Jul/2022:03:51:18 -0500] "POST /kwsrmcab/Wsrmcab  HTTP/1.1" 500 253
172.22.2.4 - - [24/Jul/2022:03:49:43 -0500] "GET /BLA/boletinlegal/ HTTP/1.1" 200 60410
66.249.70.13 - - [24/Jul/2022:03:52:37 -0500] "-" 408 -
216.245.221.92 - - [24/Jul/2022:03:56:03 -0500] "HEAD / HTTP/1.1" 200 -
201.245.192.253 - - [24/Jul/2022:03:56:17 -0500] "POST /kwsrmcab/Wsrmcab  HTTP/1.1" 500 253
172.22.2.4 - - [24/Jul/2022:03:54:42 -0500] "HEAD /BLA/boletinlegal/ HTTP/1.1" 200 -
172.22.2.4 - - [24/Jul/2022:03:55:33 -0500] "GET /BLA/boletinlegal/ HTTP/1.1" 200 52826
172.22.2.4 - - [24/Jul/2022:03:59:59 -0500] "GET /BLA/boletinlegal/jurisprudencia/analisis/CUADRO%20ANALISIS%20SENTENCIA%20T-411%20DE%201992.doc HTTP/1.1" 304 -
216.245.221.92 - - [24/Jul/2022:04:01:03 -0500] "HEAD / HTTP/1.1" 200 -
201.245.192.253 - - [24/Jul/2022:04:01:16 -0500] "POST /kwsrmcab/Wsrmcab  HTTP/1.1" 500 253
172.22.2.4 - - [24/Jul/2022:04:00:32 -0500] "HEAD /BLA/boletinlegal/ HTTP/1.1" 200 -
172.22.2.4 - - [24/Jul/2022:04:01:23 -0500] "GET /BLA/boletinlegal/ HTTP/1.1" 200 60410
216.245.221.92 - - [24/Jul/2022:04:06:03 -0500] "HEAD / HTTP/1.1" 200 -
201.245.192.253 - - [24/Jul/2022:04:06:14 -0500] "POST /kwsrmcab/Wsrmcab  HTTP/1.1" 500 253
172.22.2.4 - - [24/Jul/2022:04:06:22 -0500] "HEAD /BLA/boletinlegal/ HTTP/1.1" 200 -
172.22.2.4 - - [24/Jul/2022:04:07:13 -0500] "GET /BLA/boletinlegal/ HTTP/1.1" 200 58122
216.245.221.92 - - [24/Jul/2022:04:11:03 -0500] "HEAD / HTTP/1.1" 200 -
201.245.192.253 - - [24/Jul/2022:04:11:13 -0500] "POST /kwsrmcab/Wsrmcab  HTTP/1.1" 500 253
117.173.193.206 - - [24/Jul/2022:04:12:29 -0500] "GET / HTTP/1.1" 200 319
172.22.2.4 - - [24/Jul/2022:04:12:12 -0500] "HEAD /BLA/boletinlegal/ HTTP/1.1" 200 -
172.22.2.4 - - [24/Jul/2022:04:13:03 -0500] "GET /BLA/boletinlegal/ HTTP/1.1" 200 58491
216.245.221.92 - - [24/Jul/2022:04:16:03 -0500] "HEAD / HTTP/1.1" 200 -
201.245.192.253 - - [24/Jul/2022:04:16:12 -0500] "POST /kwsrmcab/Wsrmcab  HTTP/1.1" 500 253
172.22.2.4 - - [24/Jul/2022:04:17:57 -0500] "GET /BLA/boletinlegal/ HTTP/1.1" 200 24523
172.22.2.4 - - [24/Jul/2022:04:18:02 -0500] "HEAD /BLA/boletinlegal/ HTTP/1.1" 200 -
201.245.192.253 - - [24/Jul/2022:04:20:07 -0500] "POST /kwsrmcab/Wsrmcab HTTP/1.1" 500 253
201.245.192.253 - - [24/Jul/2022:04:20:07 -0500] "POST /kwsrmcab/Wsrmcab HTTP/1.1" 500 253
172.22.2.4 - - [24/Jul/2022:04:18:53 -0500] "GET /BLA/boletinlegal/ HTTP/1.1" 200 57699
216.245.221.92 - - [24/Jul/2022:04:21:03 -0500] "HEAD / HTTP/1.1" 200 -
201.245.192.253 - - [24/Jul/2022:04:21:10 -0500] "POST /kwsrmcab/Wsrmcab  HTTP/1.1" 500 253
207.46.13.218 - - [24/Jul/2022:04:25:17 -0500] "GET /bla/resoluciones/index.php?dir=notificaciones%2FAUTOS+2021%2F HTTP/1.1" 200 197388
172.22.2.4 - - [24/Jul/2022:04:23:52 -0500] "HEAD /BLA/boletinlegal/ HTTP/1.1" 200 -
207.46.13.188 - - [24/Jul/2022:04:25:35 -0500] "GET /bla/resoluciones/dlf/styles.css HTTP/1.1" 200 3049
216.245.221.92 - - [24/Jul/2022:04:26:03 -0500] "HEAD / HTTP/1.1" 200 -
201.245.192.253 - - [24/Jul/2022:04:26:09 -0500] "POST /kwsrmcab/Wsrmcab  HTTP/1.1" 500 253
172.22.2.4 - - [24/Jul/2022:04:24:43 -0500] "GET /BLA/boletinlegal/ HTTP/1.1" 200 58491
163.123.143.71 - - [24/Jul/2022:04:26:36 -0500] "POST /boaform/admin/formLogin HTTP/1.1" 404 1186
201.245.192.253 - - [24/Jul/2022:04:30:08 -0500] "POST /kwsrmcab/Wsrmcab HTTP/1.1" 500 253
201.245.192.253 - - [24/Jul/2022:04:30:08 -0500] "POST /kwsrmcab/Wsrmcab HTTP/1.1" 500 253
216.158.229.206 - - [24/Jul/2022:04:30:44 -0500] "GET /doc/page/login.asp HTTP/1.1" 200 4756
216.245.221.92 - - [24/Jul/2022:04:31:03 -0500] "HEAD / HTTP/1.1" 200 -
201.245.192.253 - - [24/Jul/2022:04:31:09 -0500] "POST /kwsrmcab/Wsrmcab  HTTP/1.1" 500 253
172.22.2.4 - - [24/Jul/2022:04:29:42 -0500] "HEAD /BLA/boletinlegal/ HTTP/1.1" 200 -
172.22.2.4 - - [24/Jul/2022:04:30:33 -0500] "GET /BLA/boletinlegal/ HTTP/1.1" 200 60410
216.245.221.92 - - [24/Jul/2022:04:36:03 -0500] "HEAD / HTTP/1.1" 200 -
201.245.192.253 - - [24/Jul/2022:04:36:08 -0500] "POST /kwsrmcab/Wsrmcab  HTTP/1.1" 500 253
172.22.2.4 - - [24/Jul/2022:04:35:32 -0500] "HEAD /BLA/boletinlegal/ HTTP/1.1" 200 -
172.22.2.4 - - [24/Jul/2022:04:36:23 -0500] "GET /BLA/boletinlegal/ HTTP/1.1" 200 57699
201.245.192.253 - - [24/Jul/2022:04:40:07 -0500] "POST /kwsrmcab/Wsrmcab HTTP/1.1" 500 253
201.245.192.253 - - [24/Jul/2022:04:40:07 -0500] "POST /kwsrmcab/Wsrmcab HTTP/1.1" 500 253
216.245.221.92 - - [24/Jul/2022:04:41:03 -0500] "HEAD / HTTP/1.1" 200 -
201.245.192.253 - - [24/Jul/2022:04:41:07 -0500] "POST /kwsrmcab/Wsrmcab  HTTP/1.1" 500 253
192.241.220.234 - - [24/Jul/2022:04:42:51 -0500] "GET /hudson HTTP/1.1" 404 1018
172.22.2.4 - - [24/Jul/2022:04:41:22 -0500] "HEAD /BLA/boletinlegal/ HTTP/1.1" 200 -
172.22.2.4 - - [24/Jul/2022:04:42:13 -0500] "GET /BLA/boletinlegal/ HTTP/1.1" 200 58122
216.245.221.92 - - [24/Jul/2022:04:46:03 -0500] "HEAD / HTTP/1.1" 200 -
201.245.192.253 - - [24/Jul/2022:04:46:06 -0500] "POST /kwsrmcab/Wsrmcab  HTTP/1.1" 500 253
172.22.2.4 - - [24/Jul/2022:04:47:12 -0500] "HEAD /BLA/boletinlegal/ HTTP/1.1" 200 -
172.22.2.4 - - [24/Jul/2022:04:48:03 -0500] "GET /BLA/boletinlegal/ HTTP/1.1" 200 58122
216.245.221.92 - - [24/Jul/2022:04:51:03 -0500] "HEAD / HTTP/1.1" 200 -
201.245.192.253 - - [24/Jul/2022:04:51:05 -0500] "POST /kwsrmcab/Wsrmcab  HTTP/1.1" 500 253
172.22.2.4 - - [24/Jul/2022:04:53:02 -0500] "HEAD /BLA/boletinlegal/ HTTP/1.1" 200 -
207.46.13.20 - - [24/Jul/2022:04:54:49 -0500] "GET /BLA/resoluciones/RESOLUCIONES%202016/1336.pdf HTTP/1.1" 304 -
172.22.2.4 - - [24/Jul/2022:04:53:52 -0500] "GET /BLA/boletinlegal/ HTTP/1.1" 200 58122
216.245.221.92 - - [24/Jul/2022:04:56:03 -0500] "HEAD / HTTP/1.1" 200 -
201.245.192.253 - - [24/Jul/2022:04:56:04 -0500] "POST /kwsrmcab/Wsrmcab  HTTP/1.1" 500 253
40.77.167.65 - - [24/Jul/2022:04:57:22 -0500] "GET /catalogoisis/ HTTP/1.1" 200 8575
207.46.13.29 - - [24/Jul/2022:04:57:34 -0500] "GET /catalogoisis/Js/CriterioCombinada.js HTTP/1.1" 200 1843
207.46.13.20 - - [24/Jul/2022:04:57:36 -0500] "GET /catalogoisis/Js/Go.js HTTP/1.1" 200 364
207.46.13.29 - - [24/Jul/2022:04:57:37 -0500] "GET /catalogoisis/Js/Numero.js HTTP/1.1" 200 398
207.46.13.188 - - [24/Jul/2022:04:57:39 -0500] "GET /catalogoisis/Js/Enter.js HTTP/1.1" 200 1208
207.46.13.29 - - [24/Jul/2022:04:57:40 -0500] "GET /catalogoisis/Js/Remote.js HTTP/1.1" 200 436
207.46.13.218 - - [24/Jul/2022:04:57:41 -0500] "GET /catalogoisis/Js/AceptarLimpiar.js HTTP/1.1" 200 331
207.46.13.218 - - [24/Jul/2022:04:57:43 -0500] "GET /catalogoisis/Js/LimpiarCombinada.js HTTP/1.1" 200 207
172.22.2.4 - - [24/Jul/2022:04:58:52 -0500] "HEAD /BLA/boletinlegal/ HTTP/1.1" 200 -
201.245.192.253 - - [24/Jul/2022:05:01:03 -0500] "POST /kwsrmcab/Wsrmcab  HTTP/1.1" 500 253
216.245.221.92 - - [24/Jul/2022:05:01:03 -0500] "HEAD / HTTP/1.1" 200 -
172.22.2.4 - - [24/Jul/2022:04:59:42 -0500] "GET /BLA/boletinlegal/ HTTP/1.1" 200 57699
201.245.192.253 - - [24/Jul/2022:05:06:01 -0500] "POST /kwsrmcab/Wsrmcab  HTTP/1.1" 500 253
216.245.221.92 - - [24/Jul/2022:05:06:03 -0500] "HEAD / HTTP/1.1" 200 -
172.22.2.4 - - [24/Jul/2022:05:04:42 -0500] "HEAD /BLA/boletinlegal/ HTTP/1.1" 200 -
172.22.2.4 - - [24/Jul/2022:05:05:33 -0500] "GET /BLA/boletinlegal/ HTTP/1.1" 200 53187
201.245.192.253 - - [24/Jul/2022:05:11:00 -0500] "POST /kwsrmcab/Wsrmcab  HTTP/1.1" 500 253
216.245.221.92 - - [24/Jul/2022:05:11:03 -0500] "HEAD / HTTP/1.1" 200 -
172.22.2.4 - - [24/Jul/2022:05:10:32 -0500] "HEAD /BLA/boletinlegal/ HTTP/1.1" 200 -
172.22.2.4 - - [24/Jul/2022:05:11:22 -0500] "GET /BLA/boletinlegal/ HTTP/1.1" 200 58491
40.77.139.58 - - [24/Jul/2022:05:13:31 -0500] "GET /catalogoisis/Css/Busqueda.css HTTP/1.1" 200 1995
40.77.139.72 - - [24/Jul/2022:05:13:31 -0500] "GET /catalogoisis/Js/Cookies.js HTTP/1.1" 200 1369
172.22.2.4 - - [24/Jul/2022:05:13:58 -0500] "GET /BLA/boletinlegal/jurisprudencia/analisis/Analisis%20jurisprudencial%20Sentencia%20C-366-11.doc HTTP/1.1" 304 -
201.245.192.253 - - [24/Jul/2022:05:15:59 -0500] "POST /kwsrmcab/Wsrmcab  HTTP/1.1" 500 253
216.245.221.92 - - [24/Jul/2022:05:16:03 -0500] "HEAD / HTTP/1.1" 200 -
172.22.2.4 - - [24/Jul/2022:05:16:22 -0500] "HEAD /BLA/boletinlegal/ HTTP/1.1" 200 -
114.119.153.209 - - [24/Jul/2022:05:18:35 -0500] "-" 408 -
172.22.2.4 - - [24/Jul/2022:05:17:12 -0500] "GET /BLA/boletinlegal/ HTTP/1.1" 200 60410
201.245.192.253 - - [24/Jul/2022:05:20:07 -0500] "POST /kwsrmcab/Wsrmcab HTTP/1.1" 500 253
201.245.192.253 - - [24/Jul/2022:05:20:07 -0500] "POST /kwsrmcab/Wsrmcab HTTP/1.1" 500 253
201.245.192.253 - - [24/Jul/2022:05:20:57 -0500] "POST /kwsrmcab/Wsrmcab  HTTP/1.1" 500 253
216.245.221.92 - - [24/Jul/2022:05:21:03 -0500] "HEAD / HTTP/1.1" 200 -
172.22.2.4 - - [24/Jul/2022:05:22:12 -0500] "HEAD /BLA/boletinlegal/ HTTP/1.1" 200 -
172.22.2.4 - - [24/Jul/2022:05:23:03 -0500] "GET /BLA/boletinlegal/ HTTP/1.1" 200 60410
201.245.192.253 - - [24/Jul/2022:05:25:57 -0500] "POST /kwsrmcab/Wsrmcab  HTTP/1.1" 500 253
216.245.221.92 - - [24/Jul/2022:05:26:03 -0500] "HEAD / HTTP/1.1" 200 -
207.46.13.92 - - [24/Jul/2022:05:27:39 -0500] "GET /portaldeninos/wp-content/uploads/2021/06/titulo-miambiente-ni%C3%B1os.png HTTP/1.1" 200 11944
207.46.13.14 - - [24/Jul/2022:05:29:25 -0500] "GET /portaldeninos/ HTTP/1.1" 200 109662
172.22.2.4 - - [24/Jul/2022:05:28:02 -0500] "HEAD /BLA/boletinlegal/ HTTP/1.1" 200 -
201.245.192.253 - - [24/Jul/2022:05:30:07 -0500] "POST /kwsrmcab/Wsrmcab HTTP/1.1" 500 253
201.245.192.253 - - [24/Jul/2022:05:30:07 -0500] "POST /kwsrmcab/Wsrmcab HTTP/1.1" 500 253
172.22.2.4 - - [24/Jul/2022:05:28:52 -0500] "GET /BLA/boletinlegal/ HTTP/1.1" 200 58491
201.245.192.253 - - [24/Jul/2022:05:30:56 -0500] "POST /kwsrmcab/Wsrmcab  HTTP/1.1" 500 253
216.245.221.92 - - [24/Jul/2022:05:31:03 -0500] "HEAD / HTTP/1.1" 200 -
64.62.197.122 - - [24/Jul/2022:05:32:37 -0500] "GET / HTTP/1.1" 200 319
172.22.2.4 - - [24/Jul/2022:05:33:52 -0500] "HEAD /BLA/boletinlegal/ HTTP/1.1" 200 -
201.245.192.253 - - [24/Jul/2022:05:35:55 -0500] "POST /kwsrmcab/Wsrmcab  HTTP/1.1" 500 253
216.245.221.92 - - [24/Jul/2022:05:36:03 -0500] "HEAD / HTTP/1.1" 200 -
172.22.2.4 - - [24/Jul/2022:05:34:42 -0500] "GET /BLA/boletinlegal/ HTTP/1.1" 200 58122
40.77.167.22 - - [24/Jul/2022:05:38:43 -0500] "GET /portaldeninos/wp-content/uploads/2021/06/infograf%C3%ADa-ruido_optimized.jpg HTTP/1.1" 200 268472
