172.22.2.4 - - [24/Jul/2022:09:34:42 -0500] "HEAD /BLA/boletinlegal/ HTTP/1.1" 200 -
172.22.2.4 - - [24/Jul/2022:09:34:42 -0500] "HEAD /BLA/boletinlegal/ HTTP/1.1" 200 -
172.22.2.4 - - [24/Jul/2022:09:34:53 -0500] "HEAD /BLA/boletinlegal/ HTTP/1.1" 200 -
172.22.2.4 - - [24/Jul/2022:09:36:44 -0500] "GET /BLA/boletinlegal/ HTTP/1.1" 200 36811
201.245.192.253 - - [24/Jul/2022:09:40:07 -0500] "POST /kwsrmcab/Wsrmcab HTTP/1.1" 500 253
201.245.192.253 - - [24/Jul/2022:09:40:07 -0500] "POST /kwsrmcab/Wsrmcab HTTP/1.1" 500 253
172.22.2.4 - - [24/Jul/2022:09:38:52 -0500] "HEAD /BLA/boletinlegal/ HTTP/1.1" 200 -
216.245.221.92 - - [24/Jul/2022:09:41:02 -0500] "HEAD / HTTP/1.1" 200 -
172.22.2.4 - - [24/Jul/2022:09:39:42 -0500] "GET /BLA/boletinlegal/ HTTP/1.1" 200 58122
40.77.167.22 - - [24/Jul/2022:09:41:26 -0500] "GET /portaldeninos/?s= HTTP/1.1" 200 86121
163.123.143.71 - - [24/Jul/2022:09:42:38 -0500] "POST /boaform/admin/formLogin HTTP/1.1" 404 1186
13.66.139.0 - - [24/Jul/2022:09:43:46 -0500] "-" 408 -
31.13.127.6 - - [24/Jul/2022:09:44:06 -0500] "GET /images/reciclaton-mayo-3-mayo.jpg HTTP/1.1" 200 278453
216.245.221.92 - - [24/Jul/2022:09:46:02 -0500] "HEAD / HTTP/1.1" 200 -
172.22.2.4 - - [24/Jul/2022:09:44:42 -0500] "HEAD /BLA/boletinlegal/ HTTP/1.1" 200 -
172.22.2.4 - - [24/Jul/2022:09:45:32 -0500] "GET /BLA/boletinlegal/ HTTP/1.1" 200 58122
186.102.8.103 - - [24/Jul/2022:09:48:50 -0500] "GET /kwssiamovil/sm/acme/a?s=U2FsdGVkX1/FmN4Xw1j1hdnEyIWd1hdbXNh/AvKbsCmVqHVn3sPaJh4m0ENGTuQ2N7496dZHni3DWNOIvDJmzSiyzdy+krVKG8ZB3eFRkpO/+1ZXAefaXMH+rMaCrhJYD4InHjuBRK7sAOwhNM1hqCdYojf3iy2i6CPyqejvRFCjbrf6t/Nbzbmj8sGnawiPumt+FPY27qbHT1v62xDytt2hxxDBIAwq8Gl7p4m7nTR+Al8SBNbtRrYRg7lZisCM+YMpcFSLZibXW43yYj8uXQ==&u=U2FsdGVkX19sn/qYWpEz1zyVls81OhfUa7cJi0W+LAs=&y=U2FsdGVkX1+hN5ViYMw9CmBmdluftj9VJJ8jfiEaKXw= HTTP/1.1" 200 25
186.102.8.103 - - [24/Jul/2022:09:48:51 -0500] "GET /kwssiamovil/sm/acme/a?s=U2FsdGVkX1+Jw3LwCWsCsgT90LBevxdIfDg9Z0DeijXeO774FlrjZJcWh1w83PPDJqUAl3GNdNCLrS76oVskhksHydNNP2MA4KjUiPCXUzNtUXRWdMLYn++K3A2iPpSrMR7XZ6Ip2e6VI47gObbZ1Q9Irmlqm0P2yUDnNALLU1PyqEAiWcw2T2/KwLzIXOKjWzPwLgRH2PhLjjTmSLkUPguIl6oagP8WasX2hM6ezHfX2FTvAkq/O9qjCld0sWxAHkiBaUBZqFbs5qItdFKFJuQsx6TCanat8al++DAgQNwf2mimWFmn3aUUhqJUuXVUMbVzFT6oi3FOvMftTXYxMAAx3pNXg2gmlzWlU/CR9HYRF9hB97FF8kwD+g7+jhrK3anOReKEL5CZ25hAvanJr/7QyFJr4vuUcsFKxeVwmKqoUzNhTMWUKAD2nIlVUpEn9nbIbaSkQ57I/hmJU898vyJ8qjJtRlkYda2bEi1JfZWvpN70dzsAkNxBnz67RUFnTdwe0iwVYXo+o//bkk2H1K1AXAy7RivA1QfO5mV8SbX9euZS6HBywUZMnmeutyQm35gYpr4oHWEZ6BkVPLlg9YCeNYFdtlMO3W+L0srGQGBvsRkXT7V5eNUTByzWhpkSggMvyeryxJEXq/K4addTICsMoVkDj/hOJ0CHLxUL3vdXD2C0yeOpFGY8tqg2XJS8GinNVGfQxc56cOtXODj0Mul8H1OmkUV1ci+C1mv0cy4j5Z+MwBd4+STpRaSR+exzRvSkskj3NXs4PHqjDdzIoa10U4o6g210GyOJaKtoIwmZo+cG39MijtguzNYKuy13u/eWMZ6ggtz8PEaXijTXt3T2CIr1J5Rk/DxBPOPDoE51tx5jEe+lW/zt94zvTv/PeDAPHrYK+k90DYxLe0AcM8ZH6uKV5rcM7MXPiRZPBIJwvlWd2XOMCwhb2mCLGbecPxeaWmKhOZwlVgD5fi4LE8wqKjGMp3dfU3ef3ImFvAbZEAe1pLcL78YurURGr1SimBH3oNQEfuyRFeNwb8fnh37obE2bHZxHVKruW4T7YtqFHqb2XpvqXqw4v7cl7n34O1cCumIAIp7+BqUASYoN5VQYhbQqL+/8KWQPIHiNCmcrP+HHf5Kj9m3L3f9K9JRbDxKevPQZyY3k48n25G+pek/M1/5cfI6tybDPIdhEkvh9++ClVK5JGtHCFnmsFSPAxjzdLmieF+lj1OTCHia/75kwas2qp2OFpQ3EreXk+9a+BDTWW1wyDI8xPQZ10LmYg6swv1LMGUMAFnIfyAwXziHqpOTsv7z1Mzs0wqdRBDtimHoW7ESgQredGVpO/YCR6DTq3fzRRRZNsQcyF+aVI55mD655075e1PfVVjgbj7mHYqkYdJ3ZlUyU5eVUu5oxkN0LmJMjXGfPZVPghJArFtOnX+dM95IWgfvUM16vTTm3AaTM/oBBIY4REannye1CKPKLK8Aoj8r/GLUinjdyKI5Pn7YDDcb9GTvXWBoVF1z4LJB4zTDiVEEJ1VX2NFapxghhl68k5LrqT7IMNgkRW8t1Kj0413C2pSCuTXIXhaADIJ28kzTZC598aFCzaFSsF4R0XF+lHLoVior69Opf3HNk4af6AY9zasn4WZ8rtwA1cUgjI2zOZXhOZrrpneQR/Z7npltDpOcwKUv/330Mwus/jchUc8wcXbeTQBEm8E7MWW7o7qo7JIdKlPLR7JHIXA3yMx0CscJNcZGqqAJJTGFqlgvO4Z5gBLyo5H3gIbCqAuCX2Cai2n0bmURbf66iM/zDAqOdbYhWTlM1tO9eqbw9gXfWHls0GvF82TG0r3DNpgChSgSHR8wqj9SMTg9aA4A+kq6mj3dMcn2bxaJSZQCb9/vWaLr+O+UugA4Wz/aNAZJOn8WBVerUQ2yjzBgrpmX0ZTAJlHZ0W1QgfeaL2k3UwT6UML6tVykAxUaLzncsDSFR5sZRS3lvHYpP8SK9/aM1cRklvB4O0S89lgOJa588dgW0hgT+EvKx1vTImdZ2I/lFHgXwQMxrSDYfvIcOcqk3GL52o2cTmf9TzvAZHPUQApdn1Ezl6rdz+WQ+voCzIxnTYXSVjpXzl+3FI9OwSbD8NsQJzISZwCkGnU9nyA==&u=U2FsdGVkX19sn/qYWpEz1zyVls81OhfUa7cJi0W+LAs=&y=U2FsdGVkX1+hN5ViYMw9CmBmdluftj9VJJ8jfiEaKXw= HTTP/1.1" 200 25
186.102.8.103 - - [24/Jul/2022:09:48:51 -0500] "GET /kwssiamovil/sm/acme/a?s=U2FsdGVkX1+yIX0Lz+1jNbBeJ1b6cAIK/1HXdNwIhqSoWBIWKLjFtHRSnuRCPDnnEhokYoyTPJio93Upk9n7x/w9mdxHpUMnQLEXG6GZ75Zx1c4I/EiLMvUPD4jdtCHP9MAxpiQB3ZxbGKOVTcKvSOYFDYcP2e2+L7JuxUjgh2Q=&u=U2FsdGVkX19sn/qYWpEz1zyVls81OhfUa7cJi0W+LAs=&y=U2FsdGVkX1+hN5ViYMw9CmBmdluftj9VJJ8jfiEaKXw= HTTP/1.1" 200 25
186.102.8.103 - - [24/Jul/2022:09:48:51 -0500] "GET /kwssiamovil/sm/acme/a?s=U2FsdGVkX18v8qtZsV9kfOufzbdPY579us8yCEqAKilOjNvgbjQQi9+8MNwAoJoRlEKWHJJlR+B325fwPsuLbGOVzx8oIHWpyJMtUxwqy/I/ARuqp2C838Rb1SqsFgqHfTkX1vfG1CtfPf1HQs9Ihcb6hLrlEqJDYXCtbJUsw80=&u=U2FsdGVkX19sn/qYWpEz1zyVls81OhfUa7cJi0W+LAs=&y=U2FsdGVkX1+hN5ViYMw9CmBmdluftj9VJJ8jfiEaKXw= HTTP/1.1" 200 25
186.102.8.103 - - [24/Jul/2022:09:48:52 -0500] "GET /kwssiamovil/sm/acme/a?s=U2FsdGVkX18LhWjjZDcM7PAcJJFktrPbIFy3YD1y8bbeU4qApGfUUZdKHodZHdoRjFoHNBhHeDL2N+3WzF5bHjXZKUfcUndkJ8ApQOLYoSHgPv9rMUKEdQYLhbmppFbAApiFKl/RTwIcte5VXmMXCGRCpKNGUAzexmlII5i9Y84=&u=U2FsdGVkX19sn/qYWpEz1zyVls81OhfUa7cJi0W+LAs=&y=U2FsdGVkX1+hN5ViYMw9CmBmdluftj9VJJ8jfiEaKXw= HTTP/1.1" 200 25
186.102.8.103 - - [24/Jul/2022:09:48:52 -0500] "GET /kwssiamovil/sm/acme/a?s=U2FsdGVkX19OZPL6csqrQc3bi47koNHpIgvKqrHUd/CnCjTsKc1IQSLNjocHIHICQQaT0oL+Ez8vttAuH2G2TeW0a8cuYk+nMRBaiaSaboflOG3lm9ijnpJiopKSxufufjT/J1EspRAebg418TCa5kyYsvQmSzJzvJ7IeTkcw/Z9hJG9bs0qpVfERWstebN+&u=U2FsdGVkX19sn/qYWpEz1zyVls81OhfUa7cJi0W+LAs=&y=U2FsdGVkX1+hN5ViYMw9CmBmdluftj9VJJ8jfiEaKXw= HTTP/1.1" 200 25
201.245.192.253 - - [24/Jul/2022:09:49:27 -0500] "POST /kwsrmcab/Wsrmcab  HTTP/1.1" 500 253
216.245.221.92 - - [24/Jul/2022:09:51:02 -0500] "HEAD / HTTP/1.1" 200 -
172.22.2.4 - - [24/Jul/2022:09:50:32 -0500] "HEAD /BLA/boletinlegal/ HTTP/1.1" 200 -
2.57.122.98 - - [24/Jul/2022:09:52:29 -0500] "GET / HTTP/1.1" 200 319
172.22.2.4 - - [24/Jul/2022:09:51:22 -0500] "GET /BLA/boletinlegal/ HTTP/1.1" 200 60410
172.22.2.4 - - [24/Jul/2022:09:53:31 -0500] "GET /BLA/boletinlegal/normativa.php HTTP/1.1" 200 8326
172.22.2.4 - - [24/Jul/2022:09:53:31 -0500] "GET /BLA/boletinlegal/jurisprudencia.php HTTP/1.1" 200 17573
172.22.2.4 - - [24/Jul/2022:09:53:32 -0500] "GET /BLA/boletinlegal/conceptos.php HTTP/1.1" 200 7443
172.22.2.4 - - [24/Jul/2022:09:53:32 -0500] "GET /BLA/boletinlegal/doctrina.php HTTP/1.1" 200 5604
185.119.81.96 - - [24/Jul/2022:09:53:33 -0500] "GET /portaldeninos/wp-login.php HTTP/1.1" 200 2592
172.22.2.4 - - [24/Jul/2022:09:53:34 -0500] "GET /BLA/boletinlegal/sugerencias.php HTTP/1.1" 200 8615
185.119.81.96 - - [24/Jul/2022:09:53:34 -0500] "POST /portaldeninos/wp-login.php HTTP/1.1" 200 3605
113.206.177.163 - - [24/Jul/2022:09:53:33 -0500] "GET /portaldeninos/aulas-ambientales/ HTTP/1.1" 200 88617
113.206.177.163 - - [24/Jul/2022:09:53:35 -0500] "GET /portaldeninos/aulas-ambientales-2/parque-ecologico-distrital-de-montana-entrenubes/ HTTP/1.1" 200 90607
113.206.177.163 - - [24/Jul/2022:09:53:35 -0500] "GET /portaldeninos/aulas-ambientales/aula-ambiental-sorotama/ HTTP/1.1" 200 89797
113.206.177.163 - - [24/Jul/2022:09:53:37 -0500] "GET /portaldeninos/parque-mirador-de-los-nevados/ HTTP/1.1" 200 90056
113.206.177.163 - - [24/Jul/2022:09:53:34 -0500] "GET /portaldeninos/parque-ecologico-distrital-humedal-santa-maria-del-lago/ HTTP/1.1" 200 90404
113.206.177.163 - - [24/Jul/2022:09:53:41 -0500] "GET /portaldeninos/aula-ambiental-artistica-itinerante-auambari/ HTTP/1.1" 200 89507
113.206.177.163 - - [24/Jul/2022:09:53:41 -0500] "GET /portaldeninos/relatos-urbanos-de-los-ecosistemas-bogotanos-2/ HTTP/1.1" 200 88575
113.206.177.163 - - [24/Jul/2022:09:53:43 -0500] "GET /portaldeninos/los-animales/ HTTP/1.1" 200 110314
113.206.177.163 - - [24/Jul/2022:09:53:44 -0500] "GET /portaldeninos/los-arboles/ HTTP/1.1" 200 87747
113.206.177.163 - - [24/Jul/2022:09:53:48 -0500] "GET /portaldeninos/los-arboles/tips/ HTTP/1.1" 200 87878
113.206.177.163 - - [24/Jul/2022:09:53:48 -0500] "GET /portaldeninos/tipos-de-arboles-en-bogota/ HTTP/1.1" 200 110003
113.206.177.163 - - [24/Jul/2022:09:53:50 -0500] "GET /portaldeninos/fauna/ HTTP/1.1" 200 88630
113.206.177.163 - - [24/Jul/2022:09:53:50 -0500] "GET /portaldeninos/aire/ HTTP/1.1" 200 88416
113.206.177.163 - - [24/Jul/2022:09:53:50 -0500] "GET /portaldeninos/ruido/ HTTP/1.1" 200 88695
113.206.177.163 - - [24/Jul/2022:09:53:54 -0500] "GET /portaldeninos/glosario/ HTTP/1.1" 200 97399
113.206.177.163 - - [24/Jul/2022:09:53:54 -0500] "GET /portaldeninos/publicidad/ HTTP/1.1" 200 87770
113.206.177.163 - - [24/Jul/2022:09:53:57 -0500] "GET /portaldeninos/corresponsal-ambiental/ HTTP/1.1" 200 93969
113.206.177.163 - - [24/Jul/2022:09:54:00 -0500] "GET /portaldeninos/humedal-torca-y-guaymaral-2/ HTTP/1.1" 200 88291
113.206.177.163 - - [24/Jul/2022:09:53:59 -0500] "GET /portaldeninos/humedales-ramsar/ HTTP/1.1" 200 89460
113.206.177.163 - - [24/Jul/2022:09:54:02 -0500] "GET /portaldeninos/humedal-la-vaca-2/ HTTP/1.1" 200 88038
113.206.177.163 - - [24/Jul/2022:09:54:01 -0500] "GET /portaldeninos/humedal-santa-maria-del-lago/ HTTP/1.1" 200 89189
113.206.177.163 - - [24/Jul/2022:09:54:03 -0500] "GET /portaldeninos/humedal-la-conejera-2/ HTTP/1.1" 200 88221
113.206.177.163 - - [24/Jul/2022:09:54:08 -0500] "GET /portaldeninos/humedal-jaboque-2/ HTTP/1.1" 200 88047
113.206.177.163 - - [24/Jul/2022:09:54:08 -0500] "GET /portaldeninos/humedal-juan-amarillo-2/ HTTP/1.1" 200 88356
113.206.177.163 - - [24/Jul/2022:09:54:10 -0500] "GET /portaldeninos/humedal-el-burro-2/ HTTP/1.1" 200 88127
113.206.177.163 - - [24/Jul/2022:09:54:10 -0500] "GET /portaldeninos/humedal-el-tunjo/ HTTP/1.1" 200 87862
113.206.177.163 - - [24/Jul/2022:09:54:18 -0500] "GET /portaldeninos/gestion-del-riesgo-incendios-forestales HTTP/1.1" 301 -
113.206.177.163 - - [24/Jul/2022:09:54:15 -0500] "GET /portaldeninos/humedal-capellania-2/ HTTP/1.1" 200 88150
113.206.177.163 - - [24/Jul/2022:09:54:16 -0500] "GET /portaldeninos/humedal-cordoba-2/ HTTP/1.1" 200 88242
113.206.177.163 - - [24/Jul/2022:09:54:21 -0500] "GET /portaldeninos/agua-y-estructura-ecologica-principal HTTP/1.1" 301 -
113.206.177.163 - - [24/Jul/2022:09:54:21 -0500] "GET /portaldeninos/biodiversidad HTTP/1.1" 301 -
113.206.177.163 - - [24/Jul/2022:09:54:19 -0500] "GET /portaldeninos/gestion-del-riesgo-incendios-forestales/ HTTP/1.1" 200 87026
113.206.177.163 - - [24/Jul/2022:09:54:25 -0500] "GET /portaldeninos/residuos HTTP/1.1" 301 -
113.206.177.163 - - [24/Jul/2022:09:54:25 -0500] "GET /portaldeninos/que-es-cambio-climatico HTTP/1.1" 301 -
113.206.177.163 - - [24/Jul/2022:09:54:21 -0500] "GET /portaldeninos/biodiversidad/ HTTP/1.1" 200 86834
113.206.177.163 - - [24/Jul/2022:09:54:21 -0500] "GET /portaldeninos/agua-y-estructura-ecologica-principal/ HTTP/1.1" 200 87689
113.206.177.163 - - [24/Jul/2022:09:54:25 -0500] "GET /portaldeninos/que-es-cambio-climatico/ HTTP/1.1" 200 86928
113.206.177.163 - - [24/Jul/2022:09:54:25 -0500] "GET /portaldeninos/residuos/ HTTP/1.1" 200 87644
201.245.192.253 - - [24/Jul/2022:09:54:31 -0500] "POST /kwsrmcab/Wsrmcab  HTTP/1.1" 500 253
172.22.2.4 - - [24/Jul/2022:09:53:31 -0500] "GET /BLA/boletinlegal/index.php HTTP/1.1" 200 63618
216.245.221.92 - - [24/Jul/2022:09:56:02 -0500] "HEAD / HTTP/1.1" 200 -
172.22.2.4 - - [24/Jul/2022:09:55:50 -0500] "GET /BLA/boletinlegal/ HTTP/1.1" 200 57272
185.119.81.96 - - [24/Jul/2022:09:57:31 -0500] "GET /portaldeninos/wp-login.php HTTP/1.1" 200 2592
185.119.81.96 - - [24/Jul/2022:09:57:32 -0500] "POST /portaldeninos/wp-login.php HTTP/1.1" 200 3605
172.22.2.4 - - [24/Jul/2022:09:56:22 -0500] "HEAD /BLA/boletinlegal/ HTTP/1.1" 200 -
172.22.2.4 - - [24/Jul/2022:09:57:12 -0500] "GET /BLA/boletinlegal/ HTTP/1.1" 200 53539
201.245.192.253 - - [24/Jul/2022:09:59:33 -0500] "POST /kwsrmcab/Wsrmcab  HTTP/1.1" 500 253
38.142.11.235 - - [24/Jul/2022:10:00:12 -0500] "GET /galeria/galeria/fotos/2humedal-Burro2P.jpg HTTP/1.1" 200 8996
216.245.221.92 - - [24/Jul/2022:10:01:02 -0500] "HEAD / HTTP/1.1" 200 -
172.22.2.4 - - [24/Jul/2022:10:02:48 -0500] "GET /BLA/boletinlegal/actos.php HTTP/1.1" 200 9559
172.22.2.4 - - [24/Jul/2022:10:02:48 -0500] "GET /BLA/boletinlegal/styles2.css HTTP/1.1" 200 1838
172.22.2.4 - - [24/Jul/2022:10:02:48 -0500] "GET /BLA/boletinlegal/js/popup.js HTTP/1.1" 200 1270
172.22.2.4 - - [24/Jul/2022:10:02:48 -0500] "GET /BLA/boletinlegal/js/jquery1.js HTTP/1.1" 200 29846
172.22.2.4 - - [24/Jul/2022:10:02:48 -0500] "GET /BLA/boletinlegal/js/lib.js HTTP/1.1" 200 6474
172.22.2.4 - - [24/Jul/2022:10:02:48 -0500] "GET /BLA/boletinlegal/niceforms-default.css HTTP/1.1" 200 6694
172.22.2.4 - - [24/Jul/2022:10:02:48 -0500] "GET /BLA/boletinlegal/js/ajax_actos.js HTTP/1.1" 200 1322
172.22.2.4 - - [24/Jul/2022:10:02:48 -0500] "GET /BLA/boletinlegal/niceforms.js HTTP/1.1" 200 22876
172.22.2.4 - - [24/Jul/2022:10:02:48 -0500] "GET /BLA/boletinlegal/style.css HTTP/1.1" 200 9406
172.22.2.4 - - [24/Jul/2022:10:02:48 -0500] "GET /BLA/boletinlegal/images/cabezote%20BLEGAL.jpg HTTP/1.1" 200 118164
172.22.2.4 - - [24/Jul/2022:10:02:48 -0500] "GET /BLA/boletinlegal/images/subscribe-icon-big.png HTTP/1.1" 200 47702
172.22.2.4 - - [24/Jul/2022:10:02:48 -0500] "GET /BLA/boletinlegal/images/tel.png HTTP/1.1" 200 14477
172.22.2.4 - - [24/Jul/2022:10:02:48 -0500] "GET /BLA/boletinlegal/images/body_bg.jpg HTTP/1.1" 200 1601
172.22.2.4 - - [24/Jul/2022:10:02:48 -0500] "GET /BLA/boletinlegal/images/menu_rght.gif HTTP/1.1" 200 1627
172.22.2.4 - - [24/Jul/2022:10:02:48 -0500] "GET /BLA/boletinlegal/images/menu_bg.jpg HTTP/1.1" 200 620
172.22.2.4 - - [24/Jul/2022:10:02:48 -0500] "GET /BLA/boletinlegal/images/hover.jpg HTTP/1.1" 200 640
172.22.2.4 - - [24/Jul/2022:10:02:49 -0500] "GET /BLA/boletinlegal/images/icono-email.png HTTP/1.1" 200 5544
172.22.2.4 - - [24/Jul/2022:10:02:49 -0500] "GET /BLA/boletinlegal/images/green-yellow-blue-pink-th.png HTTP/1.1" 200 7394
172.22.2.4 - - [24/Jul/2022:10:02:49 -0500] "GET /BLA/boletinlegal/images/historia.png HTTP/1.1" 200 52775
172.22.2.4 - - [24/Jul/2022:10:02:49 -0500] "GET /BLA/boletinlegal/images/footer_bg.jpg HTTP/1.1" 200 586
172.22.2.4 - - [24/Jul/2022:10:02:49 -0500] "GET /BLA/boletinlegal/images/registro-usuarios.png HTTP/1.1" 200 8106
172.22.2.4 - - [24/Jul/2022:10:02:49 -0500] "GET /BLA/boletinlegal/images/bg_top.jpg HTTP/1.1" 200 522
172.22.2.4 - - [24/Jul/2022:10:02:49 -0500] "GET /BLA/boletinlegal/images/footer_bg_l.jpg HTTP/1.1" 200 776
172.22.2.4 - - [24/Jul/2022:10:02:49 -0500] "GET /BLA/boletinlegal/images/text.jpg HTTP/1.1" 200 568
172.22.2.4 - - [24/Jul/2022:10:02:49 -0500] "GET /BLA/boletinlegal/images/menu_lft.gif HTTP/1.1" 200 1713
172.22.2.4 - - [24/Jul/2022:10:02:49 -0500] "GET /BLA/boletinlegal/images/abajo.png HTTP/1.1" 200 96676
172.22.2.4 - - [24/Jul/2022:10:02:50 -0500] "GET /BLA/boletinlegal/img/0.png HTTP/1.1" 200 110
172.22.2.4 - - [24/Jul/2022:10:02:50 -0500] "GET /BLA/boletinlegal/img/select-left.png HTTP/1.1" 200 263
172.22.2.4 - - [24/Jul/2022:10:02:50 -0500] "GET /BLA/boletinlegal/img/button.png HTTP/1.1" 200 43241
172.22.2.4 - - [24/Jul/2022:10:02:50 -0500] "GET /BLA/boletinlegal/img/button-left.png HTTP/1.1" 200 57071
172.22.2.4 - - [24/Jul/2022:10:02:50 -0500] "GET /BLA/boletinlegal/img/select-right.png HTTP/1.1" 200 44019
172.22.2.4 - - [24/Jul/2022:10:02:51 -0500] "GET /BLA/boletinlegal/img/button-right.png HTTP/1.1" 200 57878
172.22.2.4 - - [24/Jul/2022:10:02:51 -0500] "GET /BLA/boletinlegal/favicon.ico HTTP/1.1" 404 1326
172.22.2.4 - - [24/Jul/2022:10:03:05 -0500] "GET /BLA/boletinlegal/consulta_actos.php?tipo=autos&no=&usuario=&sector=&fecha=2021&resuelve= HTTP/1.1" 200 1172435
172.22.2.4 - - [24/Jul/2022:10:03:07 -0500] "GET /BLA/boletinlegal/images/pdf.gif HTTP/1.1" 200 567
172.22.2.4 - - [24/Jul/2022:10:03:07 -0500] "GET /BLA/boletinlegal/images/background.gif HTTP/1.1" 200 -
173.252.107.14 - - [24/Jul/2022:10:03:09 -0500] "GET /images/lluvias-arboles-4-junio.jpeg HTTP/1.1" 200 117524
173.252.107.10 - - [24/Jul/2022:10:03:10 -0500] "GET /images/empresas-industrias-forestales-1-junio.jpg HTTP/1.1" 200 44019
173.252.107.24 - - [24/Jul/2022:10:03:11 -0500] "GET /images/energia-eficiencia-26-mayo.jpg HTTP/1.1" 200 46417
173.252.107.18 - - [24/Jul/2022:10:03:11 -0500] "GET /images/facebook-live-ivc-MAYO27.png HTTP/1.1" 200 480404
173.252.107.18 - - [24/Jul/2022:10:03:12 -0500] "GET /images/jardines-verticales-plantas-24-mayo.jpg HTTP/1.1" 200 148288
173.252.107.24 - - [24/Jul/2022:10:03:12 -0500] "GET /images/jornadas-llantas-usadas-23-mayo.jpg HTTP/1.1" 200 148376
173.252.107.5 - - [24/Jul/2022:10:03:12 -0500] "GET /images/la-vieja-mayo-24.jpg HTTP/1.1" 200 58217
173.252.107.18 - - [24/Jul/2022:10:03:13 -0500] "GET /images/control-madera-ilegal-24-mayo.jpg HTTP/1.1" 200 48269
173.252.107.24 - - [24/Jul/2022:10:03:13 -0500] "GET /images/bogota-polvo-sahara-23-mayo.jpg HTTP/1.1" 200 35039
173.252.107.24 - - [24/Jul/2022:10:03:13 -0500] "GET /images/Naturalista1.jpeg HTTP/1.1" 200 202073
173.252.107.18 - - [24/Jul/2022:10:03:14 -0500] "GET /images/feria-servicios-tramites-19-mayo.jpg HTTP/1.1" 200 40581
173.252.107.2 - - [24/Jul/2022:10:03:15 -0500] "GET /images/actividades-dia-aves-16-mayo.jpg HTTP/1.1" 200 147089
173.252.107.20 - - [24/Jul/2022:10:03:15 -0500] "GET /images/negocios-verdes-mayo-2022.jpg HTTP/1.1" 200 48000
173.252.107.1 - - [24/Jul/2022:10:03:16 -0500] "GET /images/parque-nal-secretaria.jpg HTTP/1.1" 200 168060
173.252.107.2 - - [24/Jul/2022:10:03:16 -0500] "GET /images/feria-servicios-12-mayo-principal.jpg HTTP/1.1" 200 44744
173.252.107.20 - - [24/Jul/2022:10:03:16 -0500] "GET /images/cronica-amanda-rodriguez-30-abril.jpg HTTP/1.1" 200 26304
173.252.107.1 - - [24/Jul/2022:10:03:17 -0500] "GET /images/secretaria-rio-bogota-avances-12-mayo.jpg HTTP/1.1" 200 37281
173.252.107.7 - - [24/Jul/2022:10:03:17 -0500] "GET /images/ptar-alcaldesa-rio-bogota-12-mato.jpg HTTP/1.1" 200 40205
173.252.107.1 - - [24/Jul/2022:10:03:18 -0500] "GET /images/reunion-planta-termovalorizacion-11-mayo.jpg HTTP/1.1" 200 34782
173.252.107.116 - - [24/Jul/2022:10:03:19 -0500] "GET /images/secretaria-carolina-economia-circular-6-mayo.jpg HTTP/1.1" 200 33699
173.252.107.118 - - [24/Jul/2022:10:03:19 -0500] "GET /images/RCD1.jpg HTTP/1.1" 200 195843
173.252.107.120 - - [24/Jul/2022:10:03:19 -0500] "GET /images/Brasil1.jpeg HTTP/1.1" 200 27965
173.252.107.120 - - [24/Jul/2022:10:03:19 -0500] "GET /images/feria-servicios-5-MAYO.jpg HTTP/1.1" 200 39759
173.252.107.18 - - [24/Jul/2022:10:03:19 -0500] "GET /images/mercados-campesinos-5-mayo.jpg HTTP/1.1" 200 95848
173.252.107.118 - - [24/Jul/2022:10:03:20 -0500] "GET /images/accion-climatica.jpg HTTP/1.1" 200 417776
173.252.107.120 - - [24/Jul/2022:10:03:20 -0500] "GET /images/Animales1.jpeg HTTP/1.1" 200 76841
173.252.107.120 - - [24/Jul/2022:10:03:20 -0500] "GET /images/cerros-bogota-2-mayo.jpg HTTP/1.1" 200 98367
173.252.107.118 - - [24/Jul/2022:10:03:21 -0500] "GET /images/fachada-secretaria-ambiente-abril.jpg HTTP/1.1" 200 148853
173.252.107.23 - - [24/Jul/2022:10:03:22 -0500] "GET /images/operativos-residuos-peligrosos-25-ABRIL.jpg HTTP/1.1" 200 35345
172.22.2.4 - - [24/Jul/2022:10:02:12 -0500] "HEAD /BLA/boletinlegal/ HTTP/1.1" 200 -
191.156.143.84 - - [24/Jul/2022:10:04:06 -0500] "GET /BLA/resoluciones/AUTOS%202021/4035.pdf HTTP/1.1" 200 468354
191.156.143.84 - - [24/Jul/2022:10:04:15 -0500] "GET /favicon.ico HTTP/1.1" 200 7782
191.156.143.84 - - [24/Jul/2022:10:04:18 -0500] "GET /apple-touch-icon.png HTTP/1.1" 404 1120
191.156.143.84 - - [24/Jul/2022:10:04:18 -0500] "GET /apple-touch-icon-precomposed.png HTTP/1.1" 404 1120
191.156.143.84 - - [24/Jul/2022:10:04:19 -0500] "GET /favicon.ico HTTP/1.1" 200 7782
201.245.192.253 - - [24/Jul/2022:10:04:34 -0500] "POST /kwsrmcab/Wsrmcab  HTTP/1.1" 500 253
172.22.2.4 - - [24/Jul/2022:10:03:02 -0500] "GET /BLA/boletinlegal/ HTTP/1.1" 200 52029
27.115.124.45 - - [24/Jul/2022:10:04:50 -0500] "GET /portaldeninos/wp-content/themes/betheme/style.css?ver=20.9.6 HTTP/1.1" 200 287
27.115.124.101 - - [24/Jul/2022:10:04:50 -0500] "GET /portaldeninos/wp-content/uploads/useanyfont/uaf.css?ver=1589905315 HTTP/1.1" 200 408
27.115.124.45 - - [24/Jul/2022:10:04:48 -0500] "GET /portaldeninos/ HTTP/1.1" 200 109662
27.115.124.70 - - [24/Jul/2022:10:04:49 -0500] "GET /portaldeninos/wp-content/plugins/gallery-videos/CSS/Total-Soft-Gallery-Video-Widget.css?ver=4.9.8 HTTP/1.1" 200 51554
27.115.124.6 - - [24/Jul/2022:10:04:50 -0500] "GET /portaldeninos/wp-content/plugins/gallery-videos/CSS/totalsoft.css?ver=4.9.8 HTTP/1.1" 200 40622
27.115.124.109 - - [24/Jul/2022:10:04:50 -0500] "GET /portaldeninos/wp-content/themes/betheme/css/base.css?ver=20.9.6 HTTP/1.1" 200 57283
27.115.124.6 - - [24/Jul/2022:10:04:51 -0500] "GET /portaldeninos/wp-content/themes/betheme/assets/jplayer/css/jplayer.blue.monday.css?ver=20.9.6 HTTP/1.1" 200 9834
27.115.124.45 - - [24/Jul/2022:10:04:51 -0500] "GET /portaldeninos/wp-content/themes/betheme/assets/animations/animations.min.css?ver=20.9.6 HTTP/1.1" 200 58508
27.115.124.70 - - [24/Jul/2022:10:04:51 -0500] "GET /portaldeninos/wp-content/themes/betheme/assets/ui/jquery.ui.all.css?ver=20.9.6 HTTP/1.1" 200 18765
27.115.124.45 - - [24/Jul/2022:10:04:51 -0500] "GET /portaldeninos/wp-content/plugins/popup-maker/assets/css/site.min.css?ver=1.8.14 HTTP/1.1" 200 8260
27.115.124.109 - - [24/Jul/2022:10:04:52 -0500] "GET /portaldeninos/wp-content/plugins/google-analytics-for-wordpress/assets/js/frontend-gtag.min.js?ver=8.5.0 HTTP/1.1" 200 11801
27.115.124.45 - - [24/Jul/2022:10:04:50 -0500] "GET /portaldeninos/wp-content/themes/betheme/css/shortcodes.css?ver=20.9.6 HTTP/1.1" 200 138889
27.115.124.45 - - [24/Jul/2022:10:04:52 -0500] "GET /portaldeninos/wp-includes/js/jquery/jquery-migrate.min.js?ver=1.4.1 HTTP/1.1" 200 10056
27.115.124.109 - - [24/Jul/2022:10:04:52 -0500] "GET /portaldeninos/wp-includes/js/jquery/ui/core.min.js?ver=1.11.4 HTTP/1.1" 200 4000
27.115.124.101 - - [24/Jul/2022:10:04:50 -0500] "GET /portaldeninos/wp-content/themes/betheme/css/layout.css?ver=20.9.6 HTTP/1.1" 200 116639
27.115.124.45 - - [24/Jul/2022:10:04:52 -0500] "GET /portaldeninos/wp-content/plugins/gallery-videos/JS/modernizr.custom.js?ver=4.9.8 HTTP/1.1" 200 9019
27.115.124.6 - - [24/Jul/2022:10:04:51 -0500] "GET /portaldeninos/wp-content/themes/betheme/css/responsive.css?ver=20.9.6 HTTP/1.1" 200 55740
27.115.124.70 - - [24/Jul/2022:10:04:52 -0500] "GET /portaldeninos/wp-includes/js/jquery/jquery.js?ver=1.12.4 HTTP/1.1" 200 97184
27.115.124.45 - - [24/Jul/2022:10:04:52 -0500] "GET /portaldeninos/wp-content/plugins/gallery-videos/JS/Total-Soft-Gallery-Video-Widget.js?ver=4.9.8 HTTP/1.1" 200 80264
27.115.124.70 - - [24/Jul/2022:10:04:53 -0500] "GET /portaldeninos/wp-includes/js/jquery/ui/widget.min.js?ver=1.11.4 HTTP/1.1" 200 6908
27.115.124.101 - - [24/Jul/2022:10:04:53 -0500] "GET /portaldeninos/wp-includes/js/jquery/ui/accordion.min.js?ver=1.11.4 HTTP/1.1" 200 8584
27.115.124.45 - - [24/Jul/2022:10:04:53 -0500] "GET /portaldeninos/wp-includes/js/jquery/ui/mouse.min.js?ver=1.11.4 HTTP/1.1" 200 3148
27.115.124.45 - - [24/Jul/2022:10:04:53 -0500] "GET /portaldeninos/wp-includes/js/jquery/ui/tabs.min.js?ver=1.11.4 HTTP/1.1" 200 12110
27.115.124.6 - - [24/Jul/2022:10:04:53 -0500] "GET /portaldeninos/wp-includes/js/jquery/ui/sortable.min.js?ver=1.11.4 HTTP/1.1" 200 24899
27.115.124.45 - - [24/Jul/2022:10:04:54 -0500] "GET /portaldeninos/wp-content/themes/betheme/js/menu.js?ver=20.9.6 HTTP/1.1" 200 2449
27.115.124.101 - - [24/Jul/2022:10:04:53 -0500] "GET /portaldeninos/wp-content/uploads/2019/08/Logo-Ambientic.png HTTP/1.1" 200 22941
27.115.124.70 - - [24/Jul/2022:10:04:53 -0500] "GET /portaldeninos/wp-content/themes/betheme/fonts/mfn-icons.woff?93978679 HTTP/1.1" 200 80932
27.115.124.6 - - [24/Jul/2022:10:04:54 -0500] "GET /portaldeninos/wp-content/themes/betheme/assets/animations/animations.min.js?ver=20.9.6 HTTP/1.1" 200 1896
27.115.124.45 - - [24/Jul/2022:10:04:53 -0500] "GET /portaldeninos/wp-content/uploads/2021/06/titulo-cabezote-ni%C3%B1os.png HTTP/1.1" 200 64425
27.115.124.70 - - [24/Jul/2022:10:04:54 -0500] "GET /portaldeninos/wp-includes/js/jquery/ui/position.min.js?ver=1.11.4 HTTP/1.1" 200 6527
27.115.124.45 - - [24/Jul/2022:10:04:54 -0500] "GET /portaldeninos/wp-includes/js/wp-embed.min.js?ver=4.9.8 HTTP/1.1" 200 1398
27.115.124.109 - - [24/Jul/2022:10:04:53 -0500] "GET /portaldeninos/wp-content/themes/betheme/js/plugins.js?ver=20.9.6 HTTP/1.1" 200 197151
27.115.124.45 - - [24/Jul/2022:10:04:54 -0500] "GET /portaldeninos/wp-content/themes/betheme/assets/jplayer/jplayer.min.js?ver=20.9.6 HTTP/1.1" 200 52702
27.115.124.101 - - [24/Jul/2022:10:04:54 -0500] "GET /portaldeninos/wp-content/themes/betheme/js/scripts.js?ver=20.9.6 HTTP/1.1" 200 77162
27.115.124.70 - - [24/Jul/2022:10:04:54 -0500] "GET /portaldeninos/wp-includes/js/wp-emoji-release.min.js?ver=4.9.8 HTTP/1.1" 200 12026
27.115.124.6 - - [24/Jul/2022:10:04:54 -0500] "GET /portaldeninos/wp-content/plugins/popup-maker/assets/js/site.min.js?defer&ver=1.8.14 HTTP/1.1" 200 48457
27.115.124.45 - - [24/Jul/2022:10:04:55 -0500] "GET /portaldeninos/wp-content/uploads/2021/06/titulo-miambiente-ni%C3%B1os.png HTTP/1.1" 200 11944
27.115.124.45 - - [24/Jul/2022:10:04:55 -0500] "GET /portaldeninos/wp-content/uploads/2021/06/titulo-videos-ni%C3%B1os.png HTTP/1.1" 200 10502
27.115.124.45 - - [24/Jul/2022:10:04:55 -0500] "GET /portaldeninos/wp-content/uploads/2021/06/titulo-humedales-ni%C3%B1os.png HTTP/1.1" 200 13361
27.115.124.109 - - [24/Jul/2022:10:04:55 -0500] "GET /portaldeninos/wp-content/uploads/2018/10/oso.jpg HTTP/1.1" 200 305180
27.115.124.70 - - [24/Jul/2022:10:04:55 -0500] "GET /portaldeninos/wp-content/uploads/2020/01/Tierra-escenario.jpg HTTP/1.1" 200 181491
27.115.124.70 - - [24/Jul/2022:10:04:57 -0500] "GET /portaldeninos/wp-content/uploads/2020/05/fb.jpg HTTP/1.1" 200 9893
27.115.124.101 - - [24/Jul/2022:10:04:55 -0500] "GET /portaldeninos/wp-content/uploads/2020/01/Frailejon-escenario.jpg HTTP/1.1" 200 357472
27.115.124.6 - - [24/Jul/2022:10:04:55 -0500] "GET /portaldeninos/wp-content/uploads/2018/11/caneca.jpg HTTP/1.1" 200 262661
27.115.124.45 - - [24/Jul/2022:10:04:56 -0500] "GET /portaldeninos/wp-content/uploads/2022/03/humedal-capellania.jpg HTTP/1.1" 200 42159
27.115.124.70 - - [24/Jul/2022:10:04:57 -0500] "GET /portaldeninos/wp-content/uploads/2020/05/ig.jpg HTTP/1.1" 200 11470
27.115.124.45 - - [24/Jul/2022:10:04:55 -0500] "GET /portaldeninos/wp-content/uploads/2018/11/tigrillo.jpg HTTP/1.1" 200 402961
27.115.124.101 - - [24/Jul/2022:10:04:57 -0500] "GET /portaldeninos/wp-content/uploads/2020/06/yt.jpg HTTP/1.1" 200 10577
27.115.124.6 - - [24/Jul/2022:10:04:57 -0500] "GET /portaldeninos/wp-content/uploads/2020/06/tw.jpg HTTP/1.1" 200 11056
27.115.124.45 - - [24/Jul/2022:10:04:57 -0500] "GET /portaldeninos/wp-content/themes/betheme/images/box_shadow.png HTTP/1.1" 200 108
27.115.124.101 - - [24/Jul/2022:10:04:57 -0500] "GET /portaldeninos/wp-json/pum/v1/analytics/?event=open&pid=1126&_cache=1658674985834 HTTP/1.1" 204 -
27.115.124.45 - - [24/Jul/2022:10:04:57 -0500] "GET /portaldeninos/wp-content/uploads/2022/01/Conoce-lo-que-hace-la-Secretar%C3%ADa-de-Ambiente.mp4 HTTP/1.1" 206 235754
27.115.124.109 - - [24/Jul/2022:10:04:56 -0500] "GET /portaldeninos/wp-content/uploads/2022/03/Mapa-humedales-2022.jpg HTTP/1.1" 200 894674
27.115.124.70 - - [24/Jul/2022:10:04:57 -0500] "GET /portaldeninos/wp-content/uploads/2019/06/CabezoteAMBIENTIC.mp4 HTTP/1.1" 206 882918
216.245.221.92 - - [24/Jul/2022:10:06:02 -0500] "HEAD / HTTP/1.1" 200 -
186.102.8.103 - - [24/Jul/2022:10:06:04 -0500] "GET /kwssiamovil/sm/acme/a?s=U2FsdGVkX1+cPPjJM8MRcqUYYtRW6404MGTD+mr0gtTOsVckWI3Ucn/clrD/ZVKE/ZVaI4dTa9scQDBQAaJXlyX+IwhuZuduGTtaRK1ZmP+nmtVseDr6tpqxkEa0TRa67BIbDzLGzpaO/YjC9SPXBbp74e6Spt/xqn9IiB8Mc6BRUyD3UH8N/Y+9ATCX47qZYO+3UyqFyXQSfUcBv52tj6pG51QpkXtFaZ8ya7lUrOGl/K+uCpxoaX1XLjJMLJGe4n+oc27UO6gATr6UalYLYg==&u=U2FsdGVkX19sn/qYWpEz1zyVls81OhfUa7cJi0W+LAs=&y=U2FsdGVkX1+hN5ViYMw9CmBmdluftj9VJJ8jfiEaKXw= HTTP/1.1" 200 25
186.102.8.103 - - [24/Jul/2022:10:06:04 -0500] "GET /kwssiamovil/sm/acme/a?s=U2FsdGVkX1/50upAZ9Zh09/PtZRLl3p02q5T1LrpSS+5/IHM6AIc8udR8FAbUqtXC0hjrFbpx7lhnzhOsMCZgcC65rzP1YfrBKgdKY07vLva8JWrc07gHenJKHsI0HvjtcjqgCzLrdULBukURHSBEW8Z6zfn99nf7DH6K2+DYvyEgxPDKVm4XkkPdYfEeLcadU98PIJZem/78jUFzWYxC8kjqrlmg5mkWC65TaaT8KuG4ZpfZ5eHoYNtLJbC5k4cHjYaOdhFfUZ3AvXnf22Lzzm+JZvuZe/2ggdK3OhBIfJiTP7guRLVoQN+KOzDyHqzfk32TGSQB9E1+GiJJwmJrgJWGdyGilR7lix/tu4CBYb+IWXl+xpbz2FQcHLa474SsTtwsF6m7StnDchhSLJEnCObyXLGmEsjuwUomJ9aL2dxXWn2TFVz8qvnpuC3hihtihPI3z9Ta+PyOPwX+a0s2k0Yc7g5A/XRgwLBUcCAsAEaAmsx2WYTr0jGxJbRBV8LIMoHAKhNVhGjRV6tZyFBqZf+SLkc5HdzVAQjF05FEaJ4nbSkg8h1TtJ/urDKMPR3xax2e6/ELQYUy6m7tN167Lh1JigPtvtZUpNHTDTsWYkr9CZCXBMOUhp5ppx6/CYu9WwOACQRqpwJLkFkr+7wvqEJDOUJkBKdNfL8e9EdyD0PmuI3fz47la9kP1Nbo86gKAWF4CdElW+Xt1OJ5YzV3LBNC/GxST0ROR2v+5RltanjPNl7zTl6nrhHkrQucrBO8ru8I7dtXBnzpyxFctOAtBqYNzhPEnH0f6A7/XffZcf5j5wwdbEYhlvbhURU3+Z/YSpzLVZKVEo1UTqWeTqQImkmEy9c8hclwgsl3FspoZxQ5dBpDW0FgQvajVFe8DyOYvG8GNvH9NCO1RJ4fBG/f0axHLmAM2vnh/ztho0HapNI/vsLwgqoGtmLslMGoAcjPWfDoYCZG9reUhtwT+mM4wODHNmbuhtd5es7drBiJyXuwn+S6g6OdH4pHlnc4TX8LblaImoiQY1Cvhz+un5tnYMwTfdcpniCJVVLePijAKUW+HnImfx5yH0OJeuxSzVn4jIFUXzdkeLgEFwbaO4X1z6u+C7E9QDB7VTihx7gXcJZLsVlpyTOX1MeDUNQ67Bqr1pJXBxwBiTVvparuGKcYNn11mWLCmbNtV2MrzcOW94SQcc9gHmQrbVZL8rKOg4npCkAsxyQOv4lXJcBKvaRynJHMEXCn87EIYueMuXuy/vxxUNJtYpuFecqQhibe04j4DCl1gqlfH5KD87X72TyLo4JlOVJsaxlhMW+Vi57Oq20HydJdFu4svbQyaoomJ3mUukgefWOeRX6mmK1GebHpCwEL0Nk82MvQp44Gzs/1r77T25WHYisVsy4B6w2wX9AgWIO/43vexhQyg4DEcC0gxmqjVtkS2GcEI3Ktfau0f46m0SxNLEoPXfDm9d+NYn+rGLnEyjdFrUTFuvxv3qIYNXFnkNZgOlvTmLcGaAhHYshjC/3Sm7weDbOB+grxT1rjj+MypEyQc4AwT/99QVJLCL6N65VO85rhVO9zzxC6s0=&u=U2FsdGVkX19sn/qYWpEz1zyVls81OhfUa7cJi0W+LAs=&y=U2FsdGVkX1+hN5ViYMw9CmBmdluftj9VJJ8jfiEaKXw= HTTP/1.1" 200 25
186.102.8.103 - - [24/Jul/2022:10:06:05 -0500] "GET /kwssiamovil/sm/acme/a?s=U2FsdGVkX19qjawuFjuwKheFocngvqNqZy9hz5G4XINcvSZchKLLHQJ+pLKOMUs6p8U4DNCYqcgyHecnZ2b/JGHjI/LyTxfZuyz5okv0fA6G5Y/2Tq6ga6BS1kmcpggd2SgwTqHkHf397YrUPBe416lIU89sm92MVODT2ZJcI5g=&u=U2FsdGVkX19sn/qYWpEz1zyVls81OhfUa7cJi0W+LAs=&y=U2FsdGVkX1+hN5ViYMw9CmBmdluftj9VJJ8jfiEaKXw= HTTP/1.1" 200 25
186.102.8.103 - - [24/Jul/2022:10:06:05 -0500] "GET /kwssiamovil/sm/acme/a?s=U2FsdGVkX19Dk9/yOHihwHSQlntkkNFV3TKgy3Dw4bCHfFef+qhXnNQ5ehQK2Y+4zXvJgSNJN7AgbZs9UM3T3aKHKmYTnyKB0r3dwG+wSiVcQOccUL9wiHlMBiRlbwVJXknEk0/1i5HqFGuELYVemiS0KrQiQq7g0nequxPF9Lk=&u=U2FsdGVkX19sn/qYWpEz1zyVls81OhfUa7cJi0W+LAs=&y=U2FsdGVkX1+hN5ViYMw9CmBmdluftj9VJJ8jfiEaKXw= HTTP/1.1" 200 25
186.102.8.103 - - [24/Jul/2022:10:06:05 -0500] "GET /kwssiamovil/sm/acme/a?s=U2FsdGVkX1+7L0InHnUY/KikkeCem+VeKfxxXII+Z+/H3R7TLQwYfZq0LCI81guKIwOyDYeam2z+VQxCgE6Gmylq6Cc41anwJOgte7mhTC3LF4If7itSAqIGxRbvfSZn4SMt9sS7H7bTakERaFd28ZO27v1FKMSt9rtn5YQpQ70=&u=U2FsdGVkX19sn/qYWpEz1zyVls81OhfUa7cJi0W+LAs=&y=U2FsdGVkX1+hN5ViYMw9CmBmdluftj9VJJ8jfiEaKXw= HTTP/1.1" 200 25
186.102.8.103 - - [24/Jul/2022:10:06:05 -0500] "GET /kwssiamovil/sm/acme/a?s=U2FsdGVkX18JYSCxxtnFxdItmVs2EPp3n63ZcehtTV5nEBEuug7PSxp2d8V/KEb3GqNvU4XRgIJ1HDJq1VO9di1KeLPv0CQg8Fy/JHDLv3o6AnKFDm1aFo6AY1iIDKTWh6nm2YY6vOCmaW4A8XYMKk8eavfwu9SvZ2XxeV8bQgTi/VKrRT2nw0Gk91PUMzVN&u=U2FsdGVkX19sn/qYWpEz1zyVls81OhfUa7cJi0W+LAs=&y=U2FsdGVkX1+hN5ViYMw9CmBmdluftj9VJJ8jfiEaKXw= HTTP/1.1" 200 25
207.46.13.218 - - [24/Jul/2022:10:06:38 -0500] "GET /BLA/resoluciones/AUTOS%202021/5408.pdf HTTP/1.1" 304 -
172.22.2.4 - - [24/Jul/2022:10:06:46 -0500] "GET /BLA/boletinlegal/actos.php HTTP/1.1" 200 9559
172.22.2.4 - - [24/Jul/2022:10:06:47 -0500] "GET /BLA/boletinlegal/favicon.ico HTTP/1.1" 404 1326
172.22.2.4 - - [24/Jul/2022:10:07:12 -0500] "GET /BLA/boletinlegal/consulta_actos.php?tipo=autos&no=5137&usuario=&sector=&fecha=2011&resuelve= HTTP/1.1" 200 1041
186.28.58.179 - - [24/Jul/2022:10:07:16 -0500] "GET /BLA/resoluciones/AUTOS%202011/5137.pdf HTTP/1.1" 200 1984954
201.245.192.253 - - [24/Jul/2022:10:09:35 -0500] "POST /kwsrmcab/Wsrmcab  HTTP/1.1" 500 253
172.22.2.4 - - [24/Jul/2022:10:08:01 -0500] "HEAD /BLA/boletinlegal/ HTTP/1.1" 200 -
172.22.2.4 - - [24/Jul/2022:10:08:52 -0500] "GET /BLA/boletinlegal/ HTTP/1.1" 200 58122
172.22.2.4 - - [24/Jul/2022:10:10:37 -0500] "GET /BLA/boletinlegal/style.css HTTP/1.1" 200 9406
172.22.2.4 - - [24/Jul/2022:10:10:37 -0500] "GET /BLA/boletinlegal/styles2.css HTTP/1.1" 200 1838
172.22.2.4 - - [24/Jul/2022:10:10:37 -0500] "GET /BLA/boletinlegal/js/jquery.js HTTP/1.1" 200 57254
172.22.2.4 - - [24/Jul/2022:10:10:37 -0500] "GET /BLA/boletinlegal/js/jquery.scrollTo-min.js HTTP/1.1" 200 1150
172.22.2.4 - - [24/Jul/2022:10:10:37 -0500] "GET /BLA/boletinlegal/js/jquery.scrollShow.js HTTP/1.1" 200 4586
172.22.2.4 - - [24/Jul/2022:10:10:37 -0500] "GET /BLA/boletinlegal/images/cabezote%20BLEGAL.jpg HTTP/1.1" 200 118164
172.22.2.4 - - [24/Jul/2022:10:10:37 -0500] "GET /BLA/boletinlegal/images/subscribe-icon-big.png HTTP/1.1" 200 47702
172.22.2.4 - - [24/Jul/2022:10:10:37 -0500] "GET /BLA/boletinlegal/images/historia.png HTTP/1.1" 200 52775
172.22.2.4 - - [24/Jul/2022:10:10:37 -0500] "GET /BLA/boletinlegal/images/registro-usuarios.png HTTP/1.1" 200 8106
172.22.2.4 - - [24/Jul/2022:10:10:37 -0500] "GET /BLA/boletinlegal/images/arr_l.jpg HTTP/1.1" 200 1979
172.22.2.4 - - [24/Jul/2022:10:10:37 -0500] "GET /BLA/boletinlegal/images/screen_1.png HTTP/1.1" 200 202547
172.22.2.4 - - [24/Jul/2022:10:10:37 -0500] "GET /BLA/boletinlegal/images/launch.jpg HTTP/1.1" 200 14577
172.22.2.4 - - [24/Jul/2022:10:10:37 -0500] "GET /BLA/boletinlegal/images/body_bg.jpg HTTP/1.1" 200 1601
172.22.2.4 - - [24/Jul/2022:10:10:37 -0500] "GET /BLA/boletinlegal/images/menu_lft.gif HTTP/1.1" 200 1713
172.22.2.4 - - [24/Jul/2022:10:10:37 -0500] "GET /BLA/boletinlegal/images/menu_bg.jpg HTTP/1.1" 200 620
172.22.2.4 - - [24/Jul/2022:10:10:37 -0500] "GET /BLA/boletinlegal/images/bg_top.jpg HTTP/1.1" 200 522
172.22.2.4 - - [24/Jul/2022:10:10:37 -0500] "GET /BLA/boletinlegal/images/text.jpg HTTP/1.1" 200 568
172.22.2.4 - - [24/Jul/2022:10:10:37 -0500] "GET /BLA/boletinlegal/images/hover.jpg HTTP/1.1" 200 640
172.22.2.4 - - [24/Jul/2022:10:10:37 -0500] "GET /BLA/boletinlegal/images/menu_rght.gif HTTP/1.1" 200 1627
172.22.2.4 - - [24/Jul/2022:10:10:43 -0500] "GET /BLA/boletinlegal/actos.php HTTP/1.1" 200 9559
172.22.2.4 - - [24/Jul/2022:10:10:44 -0500] "GET /BLA/boletinlegal/js/ajax_actos.js HTTP/1.1" 200 1322
172.22.2.4 - - [24/Jul/2022:10:10:44 -0500] "GET /BLA/boletinlegal/niceforms-default.css HTTP/1.1" 200 6694
172.22.2.4 - - [24/Jul/2022:10:10:44 -0500] "GET /BLA/boletinlegal/niceforms.js HTTP/1.1" 200 22876
172.22.2.4 - - [24/Jul/2022:10:10:44 -0500] "GET /BLA/boletinlegal/js/lib.js HTTP/1.1" 200 6474
172.22.2.4 - - [24/Jul/2022:10:10:44 -0500] "GET /BLA/boletinlegal/js/popup.js HTTP/1.1" 200 1270
172.22.2.4 - - [24/Jul/2022:10:10:44 -0500] "GET /BLA/boletinlegal/js/jquery1.js HTTP/1.1" 200 29846
172.22.2.4 - - [24/Jul/2022:10:10:44 -0500] "GET /BLA/boletinlegal/images/green-yellow-blue-pink-th.png HTTP/1.1" 200 7394
172.22.2.4 - - [24/Jul/2022:10:10:44 -0500] "GET /BLA/boletinlegal/images/abajo.png HTTP/1.1" 200 96676
172.22.2.4 - - [24/Jul/2022:10:10:44 -0500] "GET /BLA/boletinlegal/images/tel.png HTTP/1.1" 200 14477
172.22.2.4 - - [24/Jul/2022:10:10:44 -0500] "GET /BLA/boletinlegal/images/icono-email.png HTTP/1.1" 200 5544
172.22.2.4 - - [24/Jul/2022:10:10:44 -0500] "GET /BLA/boletinlegal/images/footer_bg.jpg HTTP/1.1" 200 586
172.22.2.4 - - [24/Jul/2022:10:10:45 -0500] "GET /BLA/boletinlegal/images/footer_bg_l.jpg HTTP/1.1" 200 776
172.22.2.4 - - [24/Jul/2022:10:10:45 -0500] "GET /BLA/boletinlegal/img/0.png HTTP/1.1" 200 110
172.22.2.4 - - [24/Jul/2022:10:10:45 -0500] "GET /BLA/boletinlegal/favicon.ico HTTP/1.1" 404 1326
172.22.2.4 - - [24/Jul/2022:10:10:45 -0500] "GET /BLA/boletinlegal/img/button-right.png HTTP/1.1" 200 57878
172.22.2.4 - - [24/Jul/2022:10:10:45 -0500] "GET /BLA/boletinlegal/img/select-right.png HTTP/1.1" 200 44019
172.22.2.4 - - [24/Jul/2022:10:10:45 -0500] "GET /BLA/boletinlegal/img/button.png HTTP/1.1" 200 43241
172.22.2.4 - - [24/Jul/2022:10:10:45 -0500] "GET /BLA/boletinlegal/img/button-left.png HTTP/1.1" 200 57071
172.22.2.4 - - [24/Jul/2022:10:10:45 -0500] "GET /BLA/boletinlegal/img/select-left.png HTTP/1.1" 200 263
172.22.2.4 - - [24/Jul/2022:10:10:45 -0500] "GET /BLA/boletinlegal/conceptos.php HTTP/1.1" 200 7443
172.22.2.4 - - [24/Jul/2022:10:10:46 -0500] "GET /BLA/boletinlegal/js/ajax_conceptos.js HTTP/1.1" 200 1326
172.22.2.4 - - [24/Jul/2022:10:10:51 -0500] "GET /BLA/boletinlegal/consulta_conceptos.php?no=0108&solicitante=&radicado_entrada=&fecha_concepto=2022&objeto= HTTP/1.1" 200 570
216.245.221.92 - - [24/Jul/2022:10:11:02 -0500] "HEAD / HTTP/1.1" 200 -
172.22.2.4 - - [24/Jul/2022:10:11:08 -0500] "GET /BLA/boletinlegal/consulta_conceptos.php?no=1087&solicitante=&radicado_entrada=&fecha_concepto=2022&objeto= HTTP/1.1" 200 570
172.22.2.4 - - [24/Jul/2022:10:10:37 -0500] "GET /BLA/boletinlegal/ HTTP/1.1" 200 24523
172.22.2.4 - - [24/Jul/2022:10:11:15 -0500] "GET /BLA/boletinlegal/consulta_conceptos.php?no=1087&solicitante=&radicado_entrada=&fecha_concepto=2017&objeto= HTTP/1.1" 200 570
172.22.2.4 - - [24/Jul/2022:10:11:17 -0500] "GET /BLA/boletinlegal/consulta_conceptos.php?no=1087&solicitante=&radicado_entrada=&fecha_concepto=2017&objeto= HTTP/1.1" 200 570
172.22.2.4 - - [24/Jul/2022:10:11:18 -0500] "GET /BLA/boletinlegal/consulta_conceptos.php?no=1087&solicitante=&radicado_entrada=&fecha_concepto=2017&objeto= HTTP/1.1" 200 570
172.22.2.4 - - [24/Jul/2022:10:11:18 -0500] "GET /BLA/boletinlegal/consulta_conceptos.php?no=1087&solicitante=&radicado_entrada=&fecha_concepto=2017&objeto= HTTP/1.1" 200 570
172.22.2.4 - - [24/Jul/2022:10:11:37 -0500] "GET /BLA/boletinlegal/actos.php HTTP/1.1" 200 9559
172.22.2.4 - - [24/Jul/2022:10:12:00 -0500] "GET /BLA/boletinlegal/consulta_actos.php?tipo=autos&no=1087&usuario=&sector=&fecha=2017&resuelve= HTTP/1.1" 200 626
172.22.2.4 - - [24/Jul/2022:10:12:08 -0500] "GET /BLA/boletinlegal/consulta_actos.php?tipo=resoluciones&no=1087&usuario=&sector=&fecha=2017&resuelve= HTTP/1.1" 200 626
201.245.192.253 - - [24/Jul/2022:10:14:35 -0500] "POST /kwsrmcab/Wsrmcab  HTTP/1.1" 500 253
172.22.2.4 - - [24/Jul/2022:10:13:52 -0500] "HEAD /BLA/boletinlegal/ HTTP/1.1" 200 -
216.245.221.92 - - [24/Jul/2022:10:16:02 -0500] "HEAD / HTTP/1.1" 200 -
172.22.2.4 - - [24/Jul/2022:10:14:42 -0500] "GET /BLA/boletinlegal/ HTTP/1.1" 200 52826
172.22.2.4 - - [24/Jul/2022:10:17:03 -0500] "GET /BLA/boletinlegal/actos.php HTTP/1.1" 200 9559
172.22.2.4 - - [24/Jul/2022:10:17:13 -0500] "GET /BLA/boletinlegal/actos.php HTTP/1.1" 200 9559
172.22.2.4 - - [24/Jul/2022:10:17:16 -0500] "GET /BLA/boletinlegal/doctrina.php HTTP/1.1" 200 5604
172.22.2.4 - - [24/Jul/2022:10:17:16 -0500] "GET /BLA/boletinlegal/js/ajax_doctrina.js HTTP/1.1" 200 772
172.22.2.4 - - [24/Jul/2022:10:17:16 -0500] "GET /BLA/boletinlegal/images/sub_ul_li.gif HTTP/1.1" 200 343
172.22.2.4 - - [24/Jul/2022:10:17:20 -0500] "GET /BLA/boletinlegal/jurisprudencia.php HTTP/1.1" 200 17573
172.22.2.4 - - [24/Jul/2022:10:17:20 -0500] "GET /BLA/boletinlegal/images/jurisprudencia.png HTTP/1.1" 200 66721
172.22.2.4 - - [24/Jul/2022:10:17:23 -0500] "GET /BLA/boletinlegal/conceptos.php HTTP/1.1" 200 7443
172.22.2.4 - - [24/Jul/2022:10:17:41 -0500] "GET /BLA/boletinlegal/consulta_conceptos.php?no=1087&solicitante=&radicado_entrada=&fecha_concepto=2017&objeto= HTTP/1.1" 200 570
201.245.192.253 - - [24/Jul/2022:10:19:35 -0500] "POST /kwsrmcab/Wsrmcab  HTTP/1.1" 500 253
201.245.192.253 - - [24/Jul/2022:10:20:06 -0500] "POST /kwsrmcab/Wsrmcab HTTP/1.1" 500 253
201.245.192.253 - - [24/Jul/2022:10:20:06 -0500] "POST /kwsrmcab/Wsrmcab HTTP/1.1" 500 253
181.58.186.188 - - [24/Jul/2022:10:20:21 -0500] "GET /kwssiamovil/sm/des/ldap/au?x=U2FsdGVkX1+yQAwN0Oa1PEFmo/tSgnjju0Pom6nw/8nmwM547LV2QZw077xneCI4&y=U2FsdGVkX19JY0Tu0VjB2rFyyqMF2/nHd8wFHyDzEZe9HwIQyJjrgGvvIM0v9h1q HTTP/1.1" 200 30
181.58.186.188 - - [24/Jul/2022:10:20:21 -0500] "GET /kwssiamovil/sm/des/acme/s?s=U2FsdGVkX1/TOZy7Y1ZRSEp8j/TC0nTUTrz3/j/G63qQaAFZOdPzMK1NmfXA8Udi6sru/bz3SEw3WVQexKbIvfiCYhJwoUcZLoYb7TljhCI=&u=U2FsdGVkX19yt1cnQWOm76pKvCgS7MljIBz2TOXSCLs=&y=U2FsdGVkX19JY0Tu0VjB2rFyyqMF2/nHd8wFHyDzEZe9HwIQyJjrgGvvIM0v9h1q HTTP/1.1" 200 97
181.58.186.188 - - [24/Jul/2022:10:20:21 -0500] "GET /kwssiamovil/sm/des/acme/s?s=U2FsdGVkX1++kkSOuYuk7F4f9J+OzrWI5Ilw4MrJdUcqQrJvttYylhAXLQBb8LCv1koNtV6ova7CjnVOP2e38yNFF2OWKJ4rytZHqeCxVGMvXzcCAYPi5IthEWtvxXEKbSk+0sPFou/0MzIUjVTJGOW27sNzK0DutvMojyR/v2iHDJ/FFCPy96IKxwp121CSA6b1WCYLV+7Khg0RnhrtVraNQpPeeNdPqqXwHSppJEMMc+w43GWAnF5OJ9xLV9EeMV1tNu7Yk+iNzePPH+2KRuqJA7FGbmh17bq275+knLRN2zdRC3mjscqVvIWTozFuTjkoBDuPRT5cAcaLVK3rMcd4j43ht+/kKiuVYKTtpM2MeYiTJhRlyvZw2G57klrIndjGdbweC/vwpKbLli3fVIjcXhYvmZymOsVm6c78xYESh32ZxhHnqDTPXW0/e/sVVkUVcZdplkjuZedy6GCIU10vfqb9lo3SkJWSiBrvUTUkkOcKqW8zF3LdG6danB4T7mhZpSKEOpbYZR5En81+GyW0Ncf18RcDfZLxOXtd4r6P1ZMIFLL3YbqpWwSbcllmGSqztgrqd4UZWvOBwg9csow2KVAGfSNNiazi5Dg26dJM9jo5Rzj0LcTwl+ofUy/ojTabOY1h594skotV2bLJ8E76dohZo6lZ/dypXGCPplnZY651EV/mWSmL4oj2EstNYXs458+NtqH1VAEykUtq56CUQshbo9nQjbgSGk/MOifa2NzrOHue7JSjJonI/xzqCL6MdFEdtqfpxXw2bdZyPasWDH73o/dvAPaq08P/jDBXfbqgiBp6WsTu/bdfsugsUXnx+fhj+fCgn2V2Ef9KFJjvV8Yjk/yGpStcbDAZMBPy2e1XlB7f4CvmloCaCR3CuHXOgzeVWgthQa1l7K9bRk0mYShc2cX4kqzsAf9LCuIsHl2UJJ5Eb1AsPyxXUplXx5m3mB+qeAwbcFnpMq6LVxRB2M+xd37Cm358ACsQiPzMrTGWp4RhWWAmWPUMJzNpI8cebgdHtXHOnPwixOr9yE3kG4O1UW1AaZFRyWgt8PuBChowhNSDKsDTO877am6T1ZuPWL0mPBfZLO9E1PZLGdvi6ZkqFjxgqoluWeKmtI//Jm6wmtneReHPYLG8mPwqdLDs7oy2FG1E12PKNvwxi6rDXaP4e7FSbryxb7QsRu3uHAe/RtI7BSo1U7xoJBGLujMBYzvmUkPXWKXcYvurN3mvvsvOI3WLtgELKtTFNfbLZXsyjR2ltnIg6l/bxt+T9p0aMrC3Xd/Hdadk1lGe5z18F6/6enYOLxZU0xJ4M/sGtRg3ZP+es49x4XdOwElguRyEEtKoYPe3sEvvV9VOd5XfuJrojVpoCPfz4Q2hhEs=&u=U2FsdGVkX19yt1cnQWOm76pKvCgS7MljIBz2TOXSCLs=&y=U2FsdGVkX19JY0Tu0VjB2rFyyqMF2/nHd8wFHyDzEZe9HwIQyJjrgGvvIM0v9h1q HTTP/1.1" 200 972
181.58.186.188 - - [24/Jul/2022:10:20:21 -0500] "GET /kwssiamovil/sm/des/acme/s?s=U2FsdGVkX1+rftUnVSzVDZNSKEwaQNBIr+Ws6G9Q+khil9MhpHHKSpBmRLM5EdEYbrPgV+iss7uC4OIgkJ7uplahq0fjqMo+AipohZkviYMspmkTBhSe6YhJ9lmu+nQ3MLebdO8/26TQ3mAKx34KIdglc9HqHSyIJtG1Df9h+ekD9j86Vg2XPqAnLBYJLsODi3kVDwGAc7JVai3iKZc/dSw+GU5KnUp28/wo7Vwg+fxx3/aSxYrs5xno1pm+7BsOqIV3RPO1ZGyTqk/FL3G+dtIkxsCVUzlizk9ZywtNrlf1Yzn5xk6iL7dLaKLoypy6olo3nsZegNWr+10UMom34w==&u=U2FsdGVkX19yt1cnQWOm76pKvCgS7MljIBz2TOXSCLs=&y=U2FsdGVkX19JY0Tu0VjB2rFyyqMF2/nHd8wFHyDzEZe9HwIQyJjrgGvvIM0v9h1q HTTP/1.1" 200 194
181.58.186.188 - - [24/Jul/2022:10:20:21 -0500] "GET /kwssiamovil/sm/des/cjson/pre?f=9&x=U2FsdGVkX1+yQAwN0Oa1PEFmo/tSgnjju0Pom6nw/8nmwM547LV2QZw077xneCI4 HTTP/1.1" 200 25128
216.245.221.92 - - [24/Jul/2022:10:21:02 -0500] "HEAD / HTTP/1.1" 200 -
172.22.2.4 - - [24/Jul/2022:10:19:41 -0500] "HEAD /BLA/boletinlegal/ HTTP/1.1" 200 -
172.22.2.4 - - [24/Jul/2022:10:20:32 -0500] "GET /BLA/boletinlegal/ HTTP/1.1" 200 60992
201.245.192.253 - - [24/Jul/2022:10:24:35 -0500] "POST /kwsrmcab/Wsrmcab  HTTP/1.1" 500 253
216.245.221.92 - - [24/Jul/2022:10:26:02 -0500] "HEAD / HTTP/1.1" 200 -
172.22.2.4 - - [24/Jul/2022:10:25:31 -0500] "HEAD /BLA/boletinlegal/ HTTP/1.1" 200 -
172.22.2.4 - - [24/Jul/2022:10:26:22 -0500] "GET /BLA/boletinlegal/ HTTP/1.1" 200 60410
172.22.2.4 - - [24/Jul/2022:10:28:28 -0500] "GET /BLA/boletinlegal/Circulares/2012/Circular%20No.%2016%20del%2022%20de%20octubre%20de%202012.pdf HTTP/1.1" 304 -
201.245.192.253 - - [24/Jul/2022:10:29:34 -0500] "POST /kwsrmcab/Wsrmcab  HTTP/1.1" 500 253
201.245.192.253 - - [24/Jul/2022:10:30:07 -0500] "POST /kwsrmcab/Wsrmcab HTTP/1.1" 500 253
201.245.192.253 - - [24/Jul/2022:10:30:07 -0500] "POST /kwsrmcab/Wsrmcab HTTP/1.1" 500 253
172.22.2.4 - - [24/Jul/2022:10:30:33 -0500] "GET /BLA/boletinlegal/images/cabezote%20BLEGAL.jpg HTTP/1.1" 304 -
173.252.107.11 - - [24/Jul/2022:10:30:59 -0500] "GET /images/Junio%2002-experiencias-jardines-verticales-sda.jpeg HTTP/1.1" 200 31171
216.245.221.92 - - [24/Jul/2022:10:31:02 -0500] "HEAD / HTTP/1.1" 200 -
216.158.229.206 - - [24/Jul/2022:10:31:52 -0500] "GET /doc/page/login.asp HTTP/1.1" 200 4756
185.119.81.102 - - [24/Jul/2022:10:32:40 -0500] "GET /portaldeninos/wp-login.php HTTP/1.1" 200 2592
185.119.81.102 - - [24/Jul/2022:10:32:41 -0500] "POST /portaldeninos/wp-login.php HTTP/1.1" 200 3650
130.44.212.107 - - [24/Jul/2022:10:32:52 -0500] "GET /galeria/galeria/fotos/1humedal-Burro1P.jpg HTTP/1.1" 200 7921
172.22.2.4 - - [24/Jul/2022:10:31:21 -0500] "HEAD /BLA/boletinlegal/ HTTP/1.1" 200 -
130.44.215.120 - - [24/Jul/2022:10:33:04 -0500] "GET /galeria/galeria/fotos/1humedal-Burro1P.jpg HTTP/1.1" 200 7921
172.22.2.4 - - [24/Jul/2022:10:32:12 -0500] "GET /BLA/boletinlegal/ HTTP/1.1" 200 56911
201.245.192.253 - - [24/Jul/2022:10:34:34 -0500] "POST /kwsrmcab/Wsrmcab  HTTP/1.1" 500 253
216.245.221.92 - - [24/Jul/2022:10:36:02 -0500] "HEAD / HTTP/1.1" 200 -
112.46.68.23 - - [24/Jul/2022:10:36:54 -0500] "GET / HTTP/1.1" 400 946
186.102.1.226 - - [24/Jul/2022:10:37:34 -0500] "GET /kwssiamovil/sm/ldap/au?x=U2FsdGVkX18AFA39QKiEy6HnakhgTKcKwsd1mLXu3fGfY5fP9wiTTuvNvKh12+d/&y=U2FsdGVkX18a/gNCJCJZZBMpO1xSXe76iWn3Mcs5FxDN2Vdo0ZZMRJnMYOsG7J7B HTTP/1.1" 200 30
186.102.1.226 - - [24/Jul/2022:10:37:34 -0500] "GET /kwssiamovil/sm/acme/s?s=U2FsdGVkX1/uXoCY4JjTjQveq3IBueUNINHOKevav44V0BnlR+GUdIHUt9oB9D15XmGdul7KRf2TMrcNEy4kgEszM1yNgQhWe1dXiUJoswU=&u=U2FsdGVkX19UQSU+EQFZQX7hJ4WBsTkwl0eCuvffpB1ZHIcBJpimtUQMB1+qSjRp&y=U2FsdGVkX18a/gNCJCJZZBMpO1xSXe76iWn3Mcs5FxDN2Vdo0ZZMRJnMYOsG7J7B HTTP/1.1" 200 97
186.102.1.226 - - [24/Jul/2022:10:37:34 -0500] "GET /kwssiamovil/sm/acme/s?s=U2FsdGVkX1/aaPKMLs4l1ofcq8EeQAakRn1evwjasBEtN9gybpLfqYKvpqfQaO28sEcbEjbFAfM/yO44VxarPvkaLjHRwgPcfcerQO8qX5vXWzx57/4IfXLVl+7u1UcQe8kvxPxE2Vz1WteTnxqwMFn+RsqtIdwBaWvLOOrQi4YiR4RgiZQ4SFZeipoF1CFBe2fWZSve2UFEuaaMgICuNu4SopkDtISF7VVnh3W3mo2GKBjOpJMtxOjzOvnwkcRlBuEb2Na0BTW2XwLOx/HnbTnW6gmgxnPVBj9qmYxI9F+ZyrmAzqQrPc3EYqAPDjwA60a5lfpaGw8xzSFqGbWipcrqH9WJWMr/kSveG9EpCoNRkvv53eiOzXfKJkaUjEzQyJnyo+wUqlQ+hUHm2syKle2wUOWjqXuafHJSNrQkPYON38FtysxWSVmMW1zXi6YhfF28LxjkyKQr3pB0un72WDlqz//CEsIJqUG10eLM83z82wehdzLxmalPDtZxPLtFXnND42p95r6GBvcwrDhuzRzXYfXgsPYCULh1MZFyMluvKH0AtvxUHQ8CpqftDPJ40pP1/6RAhjTNQC7lUOfY+Znuu/7v977XUF+x/1AZrM/3nzhhItF3B9WeUpPIG0NmCBAKoSLMGm29hkgNlnPN5zKCVD16XZfN381CXgm4n0UllCVnGtc7QhcJCSLOjR+75Ov3ws2QyS2yj7XDZMMLzuwaauAzEuAFet+QGbv0JyRVH2CWdCC9elQvw37OrY/D6H0vm2yqVXt5M7LwRFNzAn85k6QA5PMGc0z/PjHKkuzMgVc7eYltAjpc94fgUlPiP5Lp+wUMxuwL5DiB0A1aVQ5GZKgIQwaeSq16b1b2vffsoPnEkFxQmA6tPqJ8lXG72aQKPXDaE7Ysa7tLVf3jPgTBj+8UzUUImW86NySrweE1rJkzej2ZFeB8WK3+cS4rd2fKmw0WpouSumj3DyL9v2PTbOKDTU5PfyRe2xfR7ThkQuqW2ju/Fr5eF8ibXVAI3LzmXex7asTNp2s2VDzx5i+seafL+NSto0SxGIHKAGWCQ/brBoSpci9hWiQ1mI8jnAvkk+k23JlWM8Jn90wkQt8yc2JwV8d1511MU3COiBxZzy3I7YQnFOJz4pP3l5rJSEc0Ab81K8oGbFdCVQBgl+PeWorUSV+gCceno/5KGwpYbfXWWDpSEzp02WREsQg4s9+/3A12sEaFDHuF9Z3upjoVMimvPMus3XJl83SijvMaXjG0ocv7HpkAWhwEqtrsGBqLl9R0sYH2WS/HKjFffpkLpecQoptboZJxnlgOeg+5gUlkvtPffTYTHhf9fbmzYw/j4MnONIZxwhCi5SzB9HBvK0p6kf4CwsiFsVH1OaE=&u=U2FsdGVkX19UQSU+EQFZQX7hJ4WBsTkwl0eCuvffpB1ZHIcBJpimtUQMB1+qSjRp&y=U2FsdGVkX18a/gNCJCJZZBMpO1xSXe76iWn3Mcs5FxDN2Vdo0ZZMRJnMYOsG7J7B HTTP/1.1" 200 641
186.102.1.226 - - [24/Jul/2022:10:37:34 -0500] "GET /kwssiamovil/sm/acme/s?s=U2FsdGVkX19mjkjYn8D6zStAYfoGpg2AsMz9ZhaO7JKZOP0SSY9EeamSQ3P1nkUStmBOpeehOOLjk0463G+aOUhabUVDZlsiq9wIScTAmXHNPZg8ejVzVwzgzN6COQw5FkfiajdyhBVNQt4FTDhSTXjgedMe+JRK/AAAWlfd/y/dGbO/cZoOHYZINCLnFADdFlgGROnYMEGdzwV9zHhdY0aN0RGWES9U2zmyZGWxw3WT0xpsH1vigomqoohM1OcX77iVF0qK9XS1DUC8kXriL7R55xKM7/5RBbIJOFiTkG0=&u=U2FsdGVkX19UQSU+EQFZQX7hJ4WBsTkwl0eCuvffpB1ZHIcBJpimtUQMB1+qSjRp&y=U2FsdGVkX18a/gNCJCJZZBMpO1xSXe76iWn3Mcs5FxDN2Vdo0ZZMRJnMYOsG7J7B HTTP/1.1" 200 176
186.102.1.226 - - [24/Jul/2022:10:37:35 -0500] "GET /kwssiamovil/sm/cjson/pre?f=1&x=U2FsdGVkX18AFA39QKiEy6HnakhgTKcKwsd1mLXu3fGfY5fP9wiTTuvNvKh12+d/ HTTP/1.1" 200 30992
172.22.2.4 - - [24/Jul/2022:10:37:11 -0500] "HEAD /BLA/boletinlegal/ HTTP/1.1" 200 -
201.245.192.253 - - [24/Jul/2022:10:39:33 -0500] "POST /kwsrmcab/Wsrmcab  HTTP/1.1" 500 253
172.22.2.4 - - [24/Jul/2022:10:38:02 -0500] "GET /BLA/boletinlegal/ HTTP/1.1" 200 56911
201.245.192.253 - - [24/Jul/2022:10:40:06 -0500] "POST /kwsrmcab/Wsrmcab HTTP/1.1" 500 253
201.245.192.253 - - [24/Jul/2022:10:40:06 -0500] "POST /kwsrmcab/Wsrmcab HTTP/1.1" 500 253
216.245.221.92 - - [24/Jul/2022:10:41:02 -0500] "HEAD / HTTP/1.1" 200 -
173.252.107.22 - - [24/Jul/2022:10:44:31 -0500] "GET /images/mujeres-cultura-31.jpg HTTP/1.1" 200 33736
201.245.192.253 - - [24/Jul/2022:10:44:32 -0500] "POST /kwsrmcab/Wsrmcab  HTTP/1.1" 500 253
172.22.2.4 - - [24/Jul/2022:10:43:01 -0500] "HEAD /BLA/boletinlegal/ HTTP/1.1" 200 -
172.22.2.4 - - [24/Jul/2022:10:43:52 -0500] "GET /BLA/boletinlegal/ HTTP/1.1" 200 55912
216.245.221.92 - - [24/Jul/2022:10:46:02 -0500] "HEAD / HTTP/1.1" 200 -
2.57.122.98 - - [24/Jul/2022:10:46:40 -0500] "GET / HTTP/1.1" 200 319
185.119.81.101 - - [24/Jul/2022:10:49:24 -0500] "GET /portaldeninos/wp-login.php HTTP/1.1" 200 2592
185.119.81.101 - - [24/Jul/2022:10:49:25 -0500] "POST /portaldeninos/wp-login.php HTTP/1.1" 200 3670
201.245.192.253 - - [24/Jul/2022:10:49:32 -0500] "POST /kwsrmcab/Wsrmcab  HTTP/1.1" 500 253
172.22.2.4 - - [24/Jul/2022:10:49:38 -0500] "GET /BLA/boletinlegal/ HTTP/1.1" 200 20427
172.22.2.4 - - [24/Jul/2022:10:48:51 -0500] "HEAD /BLA/boletinlegal/ HTTP/1.1" 200 -
172.22.2.4 - - [24/Jul/2022:10:49:38 -0500] "GET /BLA/boletinlegal/ HTTP/1.1" 200 32715
128.14.133.58 - - [24/Jul/2022:10:50:55 -0500] "GET /portaldeninos/ HTTP/1.1" 200 109662
216.245.221.92 - - [24/Jul/2022:10:51:02 -0500] "HEAD / HTTP/1.1" 200 -
172.22.2.4 - - [24/Jul/2022:10:49:42 -0500] "GET /BLA/boletinlegal/ HTTP/1.1" 200 50335
186.102.8.103 - - [24/Jul/2022:10:52:38 -0500] "GET /kwssiamovil/sm/acme/a?s=U2FsdGVkX1+sF2ayTN0nSRGF4pL2XFyv2EIWb9pBGVltKdDE6/ZEZ4eHEOc3zQOcRO0k2LDGy2DPSaPLp+0hw8/VC7cxE6+cXCzICLC/L99Z9jqau979qeDB8VyMH9IHmNG29MhpI860oqzQLsmIGywlQxK4AJ8FUFaJMVs+Rs4xYw21+FeWHuuFpBLsFrBAkrIFlzPkBGCSHe/7R+h0VGS+B/6sxxUN5KhIbzfE9Xrpb/ys9zXRlTBqONhFOou9K+jcmel1deX2JekwXetCEQ==&u=U2FsdGVkX19sn/qYWpEz1zyVls81OhfUa7cJi0W+LAs=&y=U2FsdGVkX1+hN5ViYMw9CmBmdluftj9VJJ8jfiEaKXw= HTTP/1.1" 200 25
