191.95.54.69 - - [24/Jul/2022:18:05:09 -0500] "GET /mujeres-que-a-traves-del-ambiente-quieren-resignificar-el-campo.html HTTP/1.1" 304 -
216.245.221.92 - - [24/Jul/2022:18:06:01 -0500] "HEAD / HTTP/1.1" 200 -
207.46.13.188 - - [24/Jul/2022:18:07:22 -0500] "GET /images/RMCAB.jpg HTTP/1.1" 200 49926
207.46.13.20 - - [24/Jul/2022:18:07:59 -0500] "GET /BLA/resoluciones/AUTOS%202014/0501.pdf HTTP/1.1" 304 -
201.245.192.253 - - [24/Jul/2022:18:07:57 -0500] "POST /kwsrmcab/Wsrmcab  HTTP/1.1" 200 213
172.22.2.4 - - [24/Jul/2022:18:06:20 -0500] "HEAD /BLA/boletinlegal/ HTTP/1.1" 200 -
31.148.130.30 - - [24/Jul/2022:18:08:10 -0500] "GET /bla/resoluciones/notificaciones/autos%202018/00295.pdf HTTP/1.1" 200 1942635
172.22.2.4 - - [24/Jul/2022:18:07:11 -0500] "GET /BLA/boletinlegal/ HTTP/1.1" 200 60410
216.245.221.92 - - [24/Jul/2022:18:11:01 -0500] "HEAD / HTTP/1.1" 200 -
201.245.192.253 - - [24/Jul/2022:18:12:56 -0500] "POST /kwsrmcab/Wsrmcab  HTTP/1.1" 200 213
172.22.2.4 - - [24/Jul/2022:18:12:10 -0500] "HEAD /BLA/boletinlegal/ HTTP/1.1" 200 -
172.22.2.4 - - [24/Jul/2022:18:13:01 -0500] "GET /BLA/boletinlegal/ HTTP/1.1" 200 60410
216.245.221.92 - - [24/Jul/2022:18:17:02 -0500] "HEAD / HTTP/1.1" 200 -
172.22.2.4 - - [24/Jul/2022:18:14:42 -0500] "GET /BLA/boletinlegal/ HTTP/1.1" 200 64373
173.252.127.4 - - [24/Jul/2022:18:17:28 -0500] "GET /chulo-o-gallinazo-un-carronero-que-cumple-un-papel-fundamental-en-los-ecosistemas.html?fbclid=IwAR1OtfsVvx8kaM6Tm3EsclVfVEdqMxXugmeK9DQzQoxX8ypHELeOzjyOees HTTP/1.1" 200 784
201.245.192.253 - - [24/Jul/2022:18:18:56 -0500] "POST /kwsrmcab/Wsrmcab  HTTP/1.1" 200 213
172.22.2.4 - - [24/Jul/2022:18:19:01 -0500] "HEAD /BLA/boletinlegal/ HTTP/1.1" 200 -
201.245.192.253 - - [24/Jul/2022:18:21:05 -0500] "POST /kwsrmcab/Wsrmcab HTTP/1.1" 200 46926
201.245.192.253 - - [24/Jul/2022:18:21:09 -0500] "POST /kwsrmcab/Wsrmcab HTTP/1.1" 200 46780
207.46.13.29 - - [24/Jul/2022:18:21:29 -0500] "GET /siipev/Diseno%20de%20Elementos%20de%20Mobiliario%20Urbano/Parte2.html? HTTP/1.1" 200 21566
172.22.2.4 - - [24/Jul/2022:18:19:51 -0500] "GET /BLA/boletinlegal/ HTTP/1.1" 200 60410
216.245.221.92 - - [24/Jul/2022:18:22:02 -0500] "HEAD / HTTP/1.1" 200 -
66.249.73.100 - - [24/Jul/2022:18:22:09 -0500] "-" 408 -
185.119.81.101 - - [24/Jul/2022:18:22:32 -0500] "GET /portaldeninos/wp-login.php HTTP/1.1" 200 2592
185.119.81.101 - - [24/Jul/2022:18:22:32 -0500] "POST /portaldeninos/wp-login.php HTTP/1.1" 200 3605
40.77.167.65 - - [24/Jul/2022:18:23:20 -0500] "GET /galeria/galeria/fotos/GuaymaralTorca4G.jpg HTTP/1.1" 200 373786
207.46.13.188 - - [24/Jul/2022:18:23:27 -0500] "GET /galeria/galeria/fotos/Humedal-la-conejera1G.jpg HTTP/1.1" 200 340987
201.245.192.253 - - [24/Jul/2022:18:23:55 -0500] "POST /kwsrmcab/Wsrmcab  HTTP/1.1" 200 213
172.22.2.4 - - [24/Jul/2022:18:24:14 -0500] "GET /BLA/boletinlegal/Circulares/2012/Circular%20No.%204%20del%2019%20de%20abril%20de%202012.pdf HTTP/1.1" 304 -
66.249.73.88 - - [24/Jul/2022:18:24:45 -0500] "-" 408 -
172.22.2.4 - - [24/Jul/2022:18:24:51 -0500] "HEAD /BLA/boletinlegal/ HTTP/1.1" 200 -
172.22.2.4 - - [24/Jul/2022:18:26:33 -0500] "GET /BLA/boletinlegal/robots.txt HTTP/1.1" 404 1038
172.22.2.4 - - [24/Jul/2022:18:26:36 -0500] "GET /BLA/boletinlegal/Circulares/2011/Circular%20No.%202%20del%2031%20de%20Mayo%20de%202011.pdf HTTP/1.1" 200 496778
216.245.221.92 - - [24/Jul/2022:18:27:02 -0500] "HEAD / HTTP/1.1" 200 -
172.22.2.4 - - [24/Jul/2022:18:25:41 -0500] "GET /BLA/boletinlegal/ HTTP/1.1" 200 58491
207.46.13.218 - - [24/Jul/2022:18:27:46 -0500] "GET /Publicaciones/2022EE130997.pdf HTTP/1.1" 404 228
201.245.192.253 - - [24/Jul/2022:18:28:53 -0500] "POST /kwsrmcab/Wsrmcab  HTTP/1.1" 200 213
201.245.192.253 - - [24/Jul/2022:18:31:05 -0500] "POST /kwsrmcab/Wsrmcab HTTP/1.1" 200 46926
201.245.192.253 - - [24/Jul/2022:18:31:09 -0500] "POST /kwsrmcab/Wsrmcab HTTP/1.1" 200 46780
216.245.221.92 - - [24/Jul/2022:18:32:02 -0500] "HEAD / HTTP/1.1" 200 -
172.22.2.4 - - [24/Jul/2022:18:30:41 -0500] "HEAD /BLA/boletinlegal/ HTTP/1.1" 200 -
172.22.2.4 - - [24/Jul/2022:18:31:31 -0500] "GET /BLA/boletinlegal/ HTTP/1.1" 200 53539
201.245.192.253 - - [24/Jul/2022:18:33:52 -0500] "POST /kwsrmcab/Wsrmcab  HTTP/1.1" 200 213
172.22.2.4 - - [24/Jul/2022:18:35:10 -0500] "GET /BLA/boletinlegal/ HTTP/1.1" 200 59364
216.245.221.92 - - [24/Jul/2022:18:37:02 -0500] "HEAD / HTTP/1.1" 200 -
40.77.139.88 - - [24/Jul/2022:18:37:22 -0500] "GET /BLA/boletinlegal/js/jquery.scrollShow.js HTTP/1.1" 200 4586
172.22.2.4 - - [24/Jul/2022:18:36:31 -0500] "HEAD /BLA/boletinlegal/ HTTP/1.1" 200 -
201.245.192.253 - - [24/Jul/2022:18:38:52 -0500] "POST /kwsrmcab/Wsrmcab  HTTP/1.1" 200 213
172.22.2.4 - - [24/Jul/2022:18:37:21 -0500] "GET /BLA/boletinlegal/ HTTP/1.1" 200 60410
172.22.2.4 - - [24/Jul/2022:18:39:02 -0500] "GET /BLA/boletinlegal/Circulares/2019/.pdf HTTP/1.1" 404 1218
172.22.2.4 - - [24/Jul/2022:18:39:11 -0500] "GET /BLA/boletinlegal/Circulares/2012/Circular%20No.%2010%20del%2026%20de%20Enero%20de%202012.pdf HTTP/1.1" 404 1218
201.245.192.253 - - [24/Jul/2022:18:41:06 -0500] "POST /kwsrmcab/Wsrmcab HTTP/1.1" 200 46926
201.245.192.253 - - [24/Jul/2022:18:41:10 -0500] "POST /kwsrmcab/Wsrmcab HTTP/1.1" 200 46780
186.30.75.38 - - [24/Jul/2022:18:41:50 -0500] "GET /BLA/resoluciones/index.php?dir=AUTOS+2014%2F HTTP/1.1" 200 875367
216.245.221.92 - - [24/Jul/2022:18:42:02 -0500] "HEAD / HTTP/1.1" 200 -
186.30.75.38 - - [24/Jul/2022:18:42:37 -0500] "GET /BLA/resoluciones/AUTOS%202014/3493.pdf HTTP/1.1" 200 469278
201.245.192.253 - - [24/Jul/2022:18:43:50 -0500] "POST /kwsrmcab/Wsrmcab  HTTP/1.1" 200 213
172.22.2.4 - - [24/Jul/2022:18:42:21 -0500] "HEAD /BLA/boletinlegal/ HTTP/1.1" 200 -
172.22.2.4 - - [24/Jul/2022:18:44:48 -0500] "GET /BLA/boletinlegal/actos.php HTTP/1.1" 200 9559
186.84.20.45 - - [24/Jul/2022:18:44:51 -0500] "GET /BLA/resoluciones/ HTTP/1.1" 200 13093
172.22.2.4 - - [24/Jul/2022:18:43:11 -0500] "GET /BLA/boletinlegal/ HTTP/1.1" 200 44804
186.84.20.45 - - [24/Jul/2022:18:44:56 -0500] "GET /BLA/resoluciones/index.php?dir=RESOLUCIONES+2019%2F HTTP/1.1" 200 242517
172.22.2.4 - - [24/Jul/2022:18:43:17 -0500] "GET /BLA/boletinlegal/index.php HTTP/1.1" 200 44443
172.22.2.4 - - [24/Jul/2022:18:44:47 -0500] "GET /BLA/boletinlegal/ HTTP/1.1" 200 24523
172.22.2.4 - - [24/Jul/2022:18:45:27 -0500] "GET /BLA/boletinlegal/Circulares/2021/CIRCULAR%20No.%2000007%20DEL%2010%20DE%20AGOSTO%20DEL%202021.pdf HTTP/1.1" 200 266364
172.22.2.4 - - [24/Jul/2022:18:45:30 -0500] "GET /BLA/boletinlegal/Circulares/2022/CIRCULAR%20No.%2000003%20DEL%2007%20DE%20MARZO%20DEL%202022.pdf HTTP/1.1" 200 311468
172.22.2.4 - - [24/Jul/2022:18:45:33 -0500] "GET /BLA/boletinlegal/Circulares/2021/CIRCULAR%20No.%2000009%20DEL%2001%20DE%20OCTUBRE%20DEL%202021.pdf HTTP/1.1" 200 320793
172.22.2.4 - - [24/Jul/2022:18:45:36 -0500] "GET /BLA/boletinlegal/Circulares/2021/CIRCULAR%20No.%2000006%20DEL%2005%20DE%20AGOSTO%20DEL%202021.pdf HTTP/1.1" 200 249615
172.22.2.4 - - [24/Jul/2022:18:46:57 -0500] "GET /BLA/boletinlegal/Circulares/2020/CIRCULAR%20No.%2000019%20DEL%2018%20DE%20DICIEMBRE%20DEL%202020.pdf HTTP/1.1" 304 -
216.245.221.92 - - [24/Jul/2022:18:47:02 -0500] "HEAD / HTTP/1.1" 200 -
201.245.192.253 - - [24/Jul/2022:18:48:50 -0500] "POST /kwsrmcab/Wsrmcab  HTTP/1.1" 200 213
186.29.65.156 - - [24/Jul/2022:18:49:04 -0500] "GET /appsia/controlador HTTP/1.1" 200 4799
186.29.65.156 - - [24/Jul/2022:18:49:04 -0500] "GET /appsia/scripts/validarIngreso.js HTTP/1.1" 200 851
186.29.65.156 - - [24/Jul/2022:18:49:04 -0500] "GET /appsia/css/estilos.css HTTP/1.1" 200 4804
186.29.65.156 - - [24/Jul/2022:18:49:04 -0500] "GET /appsia/images/logo_bogota_p.png HTTP/1.1" 200 14951
186.29.65.156 - - [24/Jul/2022:18:49:04 -0500] "GET /appsia/images/cabezoteHojaVida.png HTTP/1.1" 200 32493
186.29.65.156 - - [24/Jul/2022:18:49:04 -0500] "GET /favicon.ico HTTP/1.1" 200 7782
186.29.65.156 - - [24/Jul/2022:18:49:21 -0500] "POST /appsia/controlador HTTP/1.1" 200 5437
186.29.65.156 - - [24/Jul/2022:18:49:24 -0500] "POST /appsia/controlador HTTP/1.1" 200 7791
186.29.65.156 - - [24/Jul/2022:18:49:34 -0500] "POST /appsia/controlador HTTP/1.1" 200 6656
186.29.65.156 - - [24/Jul/2022:18:49:36 -0500] "POST /appsia/controlador HTTP/1.1" 200 10217
172.22.2.4 - - [24/Jul/2022:18:48:11 -0500] "HEAD /BLA/boletinlegal/ HTTP/1.1" 200 -
172.22.2.4 - - [24/Jul/2022:18:49:01 -0500] "GET /BLA/boletinlegal/ HTTP/1.1" 200 58122
216.245.221.92 - - [24/Jul/2022:18:52:02 -0500] "HEAD / HTTP/1.1" 200 -
201.245.192.253 - - [24/Jul/2022:18:53:48 -0500] "POST /kwsrmcab/Wsrmcab  HTTP/1.1" 200 213
69.171.249.6 - - [24/Jul/2022:18:53:53 -0500] "GET /images/pieza-grafica-semana-ambiental-30.jpg HTTP/1.1" 200 38850
172.22.2.4 - - [24/Jul/2022:18:54:01 -0500] "HEAD /BLA/boletinlegal/ HTTP/1.1" 200 -
172.22.2.4 - - [24/Jul/2022:18:55:49 -0500] "GET /BLA/boletinlegal/Circulares/2020/CIRCULAR%20No.%2000014%20del%2001%20de%20septiembre%20del%202020.pdf HTTP/1.1" 304 -
172.22.2.4 - - [24/Jul/2022:18:54:51 -0500] "GET /BLA/boletinlegal/ HTTP/1.1" 200 55561
216.245.221.92 - - [24/Jul/2022:18:57:02 -0500] "HEAD / HTTP/1.1" 200 -
172.22.2.4 - - [24/Jul/2022:18:58:15 -0500] "GET /BLA/boletinlegal/Circulares/2010/Circular%2005%20de%208%20de%20septiembre%20de%202010.pdf HTTP/1.1" 304 -
201.245.192.253 - - [24/Jul/2022:18:58:47 -0500] "POST /kwsrmcab/Wsrmcab  HTTP/1.1" 200 213
34.90.90.208 - - [24/Jul/2022:19:00:27 -0500] "GET / HTTP/1.1" 200 319
172.22.2.4 - - [24/Jul/2022:18:59:51 -0500] "HEAD /BLA/boletinlegal/ HTTP/1.1" 200 -
172.22.2.4 - - [24/Jul/2022:19:01:57 -0500] "GET /BLA/boletinlegal/Circulares/2012/Circular%20No.%2014%20del%2011%20de%20Septiembre%20de%202012.pdf HTTP/1.1" 304 -
216.245.221.92 - - [24/Jul/2022:19:02:02 -0500] "HEAD / HTTP/1.1" 200 -
172.22.2.4 - - [24/Jul/2022:19:00:41 -0500] "GET /BLA/boletinlegal/ HTTP/1.1" 200 60410
201.245.192.253 - - [24/Jul/2022:19:03:46 -0500] "POST /kwsrmcab/Wsrmcab  HTTP/1.1" 200 213
114.119.146.18 - - [24/Jul/2022:19:04:44 -0500] "-" 408 -
172.22.2.4 - - [24/Jul/2022:19:04:50 -0500] "GET /BLA/boletinlegal/Directivas/2009/Directiva%20No.%20del%2023%20de%20Diciembre%20de%202009.pdf HTTP/1.1" 200 1636862
172.22.2.4 - - [24/Jul/2022:19:04:52 -0500] "GET /BLA/boletinlegal/Directivas/2009/Directiva%20No.%20del%2023%20de%20Diciembre%20de%202009.pdf HTTP/1.1" 206 1025
172.22.2.4 - - [24/Jul/2022:19:04:52 -0500] "GET /BLA/boletinlegal/Directivas/2009/Directiva%20No.%20del%2023%20de%20Diciembre%20de%202009.pdf HTTP/1.1" 200 1636862
216.245.221.92 - - [24/Jul/2022:19:07:02 -0500] "HEAD / HTTP/1.1" 200 -
172.22.2.4 - - [24/Jul/2022:19:05:41 -0500] "HEAD /BLA/boletinlegal/ HTTP/1.1" 200 -
172.22.2.4 - - [24/Jul/2022:19:06:31 -0500] "GET /BLA/boletinlegal/ HTTP/1.1" 200 60992
201.245.192.253 - - [24/Jul/2022:19:08:45 -0500] "POST /kwsrmcab/Wsrmcab  HTTP/1.1" 200 213
66.249.73.84 - - [24/Jul/2022:19:09:45 -0500] "-" 408 -
185.119.81.99 - - [24/Jul/2022:19:11:19 -0500] "GET /portaldeninos/wp-login.php HTTP/1.1" 200 2592
185.119.81.99 - - [24/Jul/2022:19:11:20 -0500] "POST /portaldeninos/wp-login.php HTTP/1.1" 200 3605
157.55.39.186 - - [24/Jul/2022:19:11:58 -0500] "GET / HTTP/1.1" 200 319
216.245.221.92 - - [24/Jul/2022:19:12:02 -0500] "HEAD / HTTP/1.1" 200 -
172.22.2.4 - - [24/Jul/2022:19:12:11 -0500] "GET /BLA/boletinlegal/style.css HTTP/1.1" 200 9406
172.22.2.4 - - [24/Jul/2022:19:12:11 -0500] "GET /BLA/boletinlegal/js/jquery.js HTTP/1.1" 200 57254
172.22.2.4 - - [24/Jul/2022:19:12:11 -0500] "GET /BLA/boletinlegal/js/jquery.scrollShow.js HTTP/1.1" 200 4586
172.22.2.4 - - [24/Jul/2022:19:12:11 -0500] "GET /BLA/boletinlegal/images/cabezote%20BLEGAL.jpg HTTP/1.1" 200 118164
172.22.2.4 - - [24/Jul/2022:19:12:11 -0500] "GET /BLA/boletinlegal/images/subscribe-icon-big.png HTTP/1.1" 200 47702
172.22.2.4 - - [24/Jul/2022:19:12:11 -0500] "GET /BLA/boletinlegal/images/historia.png HTTP/1.1" 200 52775
172.22.2.4 - - [24/Jul/2022:19:12:11 -0500] "GET /BLA/boletinlegal/images/body_bg.jpg HTTP/1.1" 200 1601
172.22.2.4 - - [24/Jul/2022:19:12:11 -0500] "GET /BLA/boletinlegal/images/menu_lft.gif HTTP/1.1" 200 1713
172.22.2.4 - - [24/Jul/2022:19:12:11 -0500] "GET /BLA/boletinlegal/images/menu_rght.gif HTTP/1.1" 200 1627
172.22.2.4 - - [24/Jul/2022:19:12:11 -0500] "GET /BLA/boletinlegal/images/registro-usuarios.png HTTP/1.1" 200 8106
172.22.2.4 - - [24/Jul/2022:19:12:11 -0500] "GET /BLA/boletinlegal/images/screen_1.png HTTP/1.1" 200 202547
172.22.2.4 - - [24/Jul/2022:19:12:11 -0500] "GET /BLA/boletinlegal/images/launch.jpg HTTP/1.1" 200 14577
172.22.2.4 - - [24/Jul/2022:19:12:11 -0500] "GET /BLA/boletinlegal/images/arr_l.jpg HTTP/1.1" 200 1979
172.22.2.4 - - [24/Jul/2022:19:12:11 -0500] "GET /BLA/boletinlegal/ HTTP/1.1" 200 24523
172.22.2.4 - - [24/Jul/2022:19:11:31 -0500] "HEAD /BLA/boletinlegal/ HTTP/1.1" 200 -
201.245.192.253 - - [24/Jul/2022:19:13:44 -0500] "POST /kwsrmcab/Wsrmcab  HTTP/1.1" 200 213
172.22.2.4 - - [24/Jul/2022:19:13:20 -0500] "GET /BLA/boletinlegal/ HTTP/1.1" 200 20427
172.22.2.4 - - [24/Jul/2022:19:12:21 -0500] "GET /BLA/boletinlegal/ HTTP/1.1" 200 50335
172.22.2.4 - - [24/Jul/2022:19:13:20 -0500] "GET /BLA/boletinlegal/ HTTP/1.1" 200 32715
216.245.221.92 - - [24/Jul/2022:19:17:02 -0500] "HEAD / HTTP/1.1" 200 -
201.245.192.253 - - [24/Jul/2022:19:18:43 -0500] "POST /kwsrmcab/Wsrmcab  HTTP/1.1" 200 213
172.22.2.4 - - [24/Jul/2022:19:17:21 -0500] "HEAD /BLA/boletinlegal/ HTTP/1.1" 200 -
172.22.2.4 - - [24/Jul/2022:19:18:11 -0500] "GET /BLA/boletinlegal/ HTTP/1.1" 200 60410
172.22.2.4 - - [24/Jul/2022:19:20:28 -0500] "GET /BLA/boletinlegal/jurisprudencia/analisis/AnalisisT-606-15.docx HTTP/1.1" 200 26698
172.22.2.4 - - [24/Jul/2022:19:20:29 -0500] "GET /BLA/boletinlegal/apple-touch-icon-120x120-precomposed.png HTTP/1.1" 404 1140
172.22.2.4 - - [24/Jul/2022:19:20:29 -0500] "GET /BLA/boletinlegal/apple-touch-icon-120x120.png HTTP/1.1" 404 1140
172.22.2.4 - - [24/Jul/2022:19:20:29 -0500] "GET /BLA/boletinlegal/apple-touch-icon-precomposed.png HTTP/1.1" 404 1140
172.22.2.4 - - [24/Jul/2022:19:20:29 -0500] "GET /BLA/boletinlegal/apple-touch-icon.png HTTP/1.1" 404 1140
172.22.2.4 - - [24/Jul/2022:19:20:29 -0500] "GET /BLA/boletinlegal/favicon.ico HTTP/1.1" 404 1140
172.22.2.4 - - [24/Jul/2022:19:20:29 -0500] "GET /BLA/boletinlegal/apple-touch-icon-120x120-precomposed.png HTTP/1.1" 404 1140
172.22.2.4 - - [24/Jul/2022:19:20:29 -0500] "GET /BLA/boletinlegal/apple-touch-icon-120x120.png HTTP/1.1" 404 1140
172.22.2.4 - - [24/Jul/2022:19:20:29 -0500] "GET /BLA/boletinlegal/apple-touch-icon-precomposed.png HTTP/1.1" 404 1140
172.22.2.4 - - [24/Jul/2022:19:20:29 -0500] "GET /BLA/boletinlegal/apple-touch-icon.png HTTP/1.1" 404 1140
172.22.2.4 - - [24/Jul/2022:19:20:29 -0500] "GET /BLA/boletinlegal/favicon.ico HTTP/1.1" 404 1140
201.245.192.253 - - [24/Jul/2022:19:21:06 -0500] "POST /kwsrmcab/Wsrmcab HTTP/1.1" 200 46623
201.245.192.253 - - [24/Jul/2022:19:21:09 -0500] "POST /kwsrmcab/Wsrmcab HTTP/1.1" 200 46782
216.245.221.92 - - [24/Jul/2022:19:22:02 -0500] "HEAD / HTTP/1.1" 200 -
165.232.186.239 - - [24/Jul/2022:19:22:42 -0500] "GET / HTTP/1.1" 200 319
201.245.192.253 - - [24/Jul/2022:19:23:41 -0500] "POST /kwsrmcab/Wsrmcab  HTTP/1.1" 200 213
206.189.142.139 - - [24/Jul/2022:19:24:06 -0500] "GET / HTTP/1.1" 200 319
191.96.106.33 - - [24/Jul/2022:19:24:42 -0500] "GET / HTTP/1.1" 200 319
172.22.2.4 - - [24/Jul/2022:19:23:11 -0500] "HEAD /BLA/boletinlegal/ HTTP/1.1" 200 -
191.96.106.33 - - [24/Jul/2022:19:25:09 -0500] "GET / HTTP/1.1" 200 319
172.22.2.4 - - [24/Jul/2022:19:24:44 -0500] "GET /BLA/boletinlegal/ HTTP/1.1" 200 32715
172.22.2.4 - - [24/Jul/2022:19:24:01 -0500] "GET /BLA/boletinlegal/ HTTP/1.1" 200 55912
216.245.221.92 - - [24/Jul/2022:19:27:02 -0500] "HEAD / HTTP/1.1" 200 -
201.245.192.253 - - [24/Jul/2022:19:28:40 -0500] "POST /kwsrmcab/Wsrmcab  HTTP/1.1" 200 213
172.22.2.4 - - [24/Jul/2022:19:29:01 -0500] "HEAD /BLA/boletinlegal/ HTTP/1.1" 200 -
201.245.192.253 - - [24/Jul/2022:19:31:05 -0500] "POST /kwsrmcab/Wsrmcab HTTP/1.1" 200 46623
201.245.192.253 - - [24/Jul/2022:19:31:09 -0500] "POST /kwsrmcab/Wsrmcab HTTP/1.1" 200 46782
172.22.2.4 - - [24/Jul/2022:19:29:51 -0500] "GET /BLA/boletinlegal/ HTTP/1.1" 200 60410
216.245.221.92 - - [24/Jul/2022:19:32:02 -0500] "HEAD / HTTP/1.1" 200 -
201.245.192.253 - - [24/Jul/2022:19:33:39 -0500] "POST /kwsrmcab/Wsrmcab  HTTP/1.1" 200 213
40.88.21.235 - - [24/Jul/2022:19:34:40 -0500] "GET / HTTP/1.1" 200 319
40.88.21.235 - - [24/Jul/2022:19:34:41 -0500] "GET /favicon.ico HTTP/1.1" 200 7782
172.22.2.4 - - [24/Jul/2022:19:34:51 -0500] "HEAD /BLA/boletinlegal/ HTTP/1.1" 200 -
172.22.2.4 - - [24/Jul/2022:19:35:16 -0500] "GET /BLA/boletinlegal/ HTTP/1.1" 200 44804
216.245.221.92 - - [24/Jul/2022:19:37:02 -0500] "HEAD / HTTP/1.1" 200 -
172.22.2.4 - - [24/Jul/2022:19:35:41 -0500] "GET /BLA/boletinlegal/ HTTP/1.1" 200 44804
201.245.192.253 - - [24/Jul/2022:19:38:38 -0500] "POST /kwsrmcab/Wsrmcab  HTTP/1.1" 200 213
172.22.2.4 - - [24/Jul/2022:19:39:03 -0500] "GET /BLA/boletinlegal/Circulares/2019/.pdf HTTP/1.1" 404 1218
201.245.192.253 - - [24/Jul/2022:19:41:05 -0500] "POST /kwsrmcab/Wsrmcab HTTP/1.1" 200 46623
201.245.192.253 - - [24/Jul/2022:19:41:09 -0500] "POST /kwsrmcab/Wsrmcab HTTP/1.1" 200 46782
216.245.221.92 - - [24/Jul/2022:19:42:02 -0500] "HEAD / HTTP/1.1" 200 -
172.22.2.4 - - [24/Jul/2022:19:40:41 -0500] "HEAD /BLA/boletinlegal/ HTTP/1.1" 200 -
172.22.2.4 - - [24/Jul/2022:19:41:31 -0500] "GET /BLA/boletinlegal/ HTTP/1.1" 200 58491
201.245.192.253 - - [24/Jul/2022:19:43:37 -0500] "POST /kwsrmcab/Wsrmcab  HTTP/1.1" 200 213
190.69.226.184 - - [24/Jul/2022:19:44:06 -0500] "GET /BLA/resoluciones/index.php?dir=AUTOS+2015%2F HTTP/1.1" 200 576507
190.69.226.184 - - [24/Jul/2022:19:44:13 -0500] "GET /BLA/resoluciones/AUTOS%202015/0104.pdf HTTP/1.1" 200 708068
216.245.221.92 - - [24/Jul/2022:19:47:02 -0500] "HEAD / HTTP/1.1" 200 -
172.22.2.4 - - [24/Jul/2022:19:46:31 -0500] "HEAD /BLA/boletinlegal/ HTTP/1.1" 200 -
201.245.192.253 - - [24/Jul/2022:19:48:36 -0500] "POST /kwsrmcab/Wsrmcab  HTTP/1.1" 200 213
172.22.2.4 - - [24/Jul/2022:19:47:21 -0500] "GET /BLA/boletinlegal/ HTTP/1.1" 200 60410
216.245.221.92 - - [24/Jul/2022:19:52:02 -0500] "HEAD / HTTP/1.1" 200 -
201.245.192.253 - - [24/Jul/2022:19:53:35 -0500] "POST /kwsrmcab/Wsrmcab  HTTP/1.1" 200 213
172.22.2.4 - - [24/Jul/2022:19:52:21 -0500] "HEAD /BLA/boletinlegal/ HTTP/1.1" 200 -
66.249.73.100 - - [24/Jul/2022:19:54:44 -0500] "-" 408 -
172.22.2.4 - - [24/Jul/2022:19:53:11 -0500] "GET /BLA/boletinlegal/ HTTP/1.1" 200 58122
216.245.221.92 - - [24/Jul/2022:19:57:02 -0500] "HEAD / HTTP/1.1" 200 -
201.245.192.253 - - [24/Jul/2022:19:58:34 -0500] "POST /kwsrmcab/Wsrmcab  HTTP/1.1" 200 213
172.22.2.4 - - [24/Jul/2022:19:58:11 -0500] "HEAD /BLA/boletinlegal/ HTTP/1.1" 200 -
172.22.2.4 - - [24/Jul/2022:19:59:01 -0500] "GET /BLA/boletinlegal/ HTTP/1.1" 200 58122
185.119.81.99 - - [24/Jul/2022:20:01:58 -0500] "GET /portaldeninos/wp-login.php HTTP/1.1" 200 2592
185.119.81.99 - - [24/Jul/2022:20:01:59 -0500] "POST /portaldeninos/wp-login.php HTTP/1.1" 200 3605
216.245.221.92 - - [24/Jul/2022:20:02:02 -0500] "HEAD / HTTP/1.1" 200 -
172.22.2.4 - - [24/Jul/2022:20:03:21 -0500] "GET /BLA/boletinlegal/images/screen_2.png HTTP/1.1" 200 362502
172.22.2.4 - - [24/Jul/2022:20:03:21 -0500] "GET /BLA/boletinlegal/images/screen_3.png HTTP/1.1" 200 210620
172.22.2.4 - - [24/Jul/2022:20:03:21 -0500] "GET /BLA/boletinlegal/images/screen_5.png HTTP/1.1" 200 368876
201.245.192.253 - - [24/Jul/2022:20:03:33 -0500] "POST /kwsrmcab/Wsrmcab  HTTP/1.1" 200 213
185.119.81.99 - - [24/Jul/2022:20:03:36 -0500] "GET /portaldeninos/wp-login.php HTTP/1.1" 200 2592
185.119.81.99 - - [24/Jul/2022:20:03:37 -0500] "POST /portaldeninos/wp-login.php HTTP/1.1" 200 3605
172.22.2.4 - - [24/Jul/2022:20:03:13 -0500] "GET /BLA/boletinlegal/ HTTP/1.1" 200 32715
185.119.81.99 - - [24/Jul/2022:20:04:12 -0500] "GET /portaldeninos/wp-login.php HTTP/1.1" 200 2592
185.119.81.99 - - [24/Jul/2022:20:04:13 -0500] "POST /portaldeninos/wp-login.php HTTP/1.1" 200 3605
172.22.2.4 - - [24/Jul/2022:20:04:01 -0500] "HEAD /BLA/boletinlegal/ HTTP/1.1" 200 -
172.22.2.4 - - [24/Jul/2022:20:04:51 -0500] "GET /BLA/boletinlegal/ HTTP/1.1" 200 58122
216.245.221.92 - - [24/Jul/2022:20:07:02 -0500] "HEAD / HTTP/1.1" 200 -
201.245.192.253 - - [24/Jul/2022:20:08:32 -0500] "POST /kwsrmcab/Wsrmcab  HTTP/1.1" 200 213
172.22.2.4 - - [24/Jul/2022:20:09:51 -0500] "HEAD /BLA/boletinlegal/ HTTP/1.1" 200 -
216.245.221.92 - - [24/Jul/2022:20:12:02 -0500] "HEAD / HTTP/1.1" 200 -
172.22.2.4 - - [24/Jul/2022:20:10:41 -0500] "GET /BLA/boletinlegal/ HTTP/1.1" 200 53539
31.13.115.23 - - [24/Jul/2022:20:13:29 -0500] "GET /images/mujeres-cultura-31.jpg HTTP/1.1" 200 33736
201.245.192.253 - - [24/Jul/2022:20:13:31 -0500] "POST /kwsrmcab/Wsrmcab  HTTP/1.1" 200 213
31.13.103.19 - - [24/Jul/2022:20:14:34 -0500] "GET /images/lluvias-arboles-4-junio.jpeg HTTP/1.1" 200 117524
31.13.103.19 - - [24/Jul/2022:20:14:35 -0500] "GET /images/empresas-industrias-forestales-1-junio.jpg HTTP/1.1" 200 44019
31.13.103.20 - - [24/Jul/2022:20:14:35 -0500] "GET /images/Junio%2002-experiencias-jardines-verticales-sda.jpeg HTTP/1.1" 200 31171
31.13.103.19 - - [24/Jul/2022:20:14:36 -0500] "GET /images/pieza-grafica-semana-ambiental-30.jpg HTTP/1.1" 200 38850
31.13.103.19 - - [24/Jul/2022:20:14:37 -0500] "GET /images/energia-eficiencia-26-mayo.jpg HTTP/1.1" 200 46417
31.13.103.20 - - [24/Jul/2022:20:14:37 -0500] "GET /images/facebook-live-ivc-MAYO27.png HTTP/1.1" 200 480404
31.13.103.9 - - [24/Jul/2022:20:14:40 -0500] "GET /images/la-vieja-mayo-24.jpg HTTP/1.1" 200 58217
31.13.103.7 - - [24/Jul/2022:20:14:40 -0500] "GET /images/jardines-verticales-plantas-24-mayo.jpg HTTP/1.1" 200 148288
31.13.103.23 - - [24/Jul/2022:20:14:40 -0500] "GET /images/visita-suspension-humedal-techo-24-mayo.jpg HTTP/1.1" 200 57365
31.13.103.3 - - [24/Jul/2022:20:14:40 -0500] "GET /images/jornadas-llantas-usadas-23-mayo.jpg HTTP/1.1" 200 148376
31.13.103.9 - - [24/Jul/2022:20:14:41 -0500] "GET /images/bogota-polvo-sahara-23-mayo.jpg HTTP/1.1" 200 35039
31.13.103.23 - - [24/Jul/2022:20:14:41 -0500] "GET /images/control-madera-ilegal-24-mayo.jpg HTTP/1.1" 200 48269
31.13.103.9 - - [24/Jul/2022:20:14:42 -0500] "GET /images/Naturalista1.jpeg HTTP/1.1" 200 202073
31.13.103.9 - - [24/Jul/2022:20:14:43 -0500] "GET /images/feria-servicios-tramites-19-mayo.jpg HTTP/1.1" 200 40581
31.13.103.23 - - [24/Jul/2022:20:14:43 -0500] "GET /images/reciclaton-mayo-3-mayo.jpg HTTP/1.1" 200 278453
31.13.103.9 - - [24/Jul/2022:20:14:44 -0500] "GET /images/arbolado-bogota-mayo-13.jpg HTTP/1.1" 200 62568
31.13.103.23 - - [24/Jul/2022:20:14:44 -0500] "GET /images/negocios-verdes-mayo-2022.jpg HTTP/1.1" 200 48000
31.13.103.3 - - [24/Jul/2022:20:14:44 -0500] "GET /images/actividades-dia-aves-16-mayo.jpg HTTP/1.1" 200 147089
31.13.103.9 - - [24/Jul/2022:20:14:45 -0500] "GET /images/feria-servicios-12-mayo-principal.jpg HTTP/1.1" 200 44744
31.13.103.23 - - [24/Jul/2022:20:14:45 -0500] "GET /images/cronica-amanda-rodriguez-30-abril.jpg HTTP/1.1" 200 26304
31.13.103.3 - - [24/Jul/2022:20:14:45 -0500] "GET /images/parque-nal-secretaria.jpg HTTP/1.1" 200 168060
31.13.103.9 - - [24/Jul/2022:20:14:46 -0500] "GET /images/secretaria-rio-bogota-avances-12-mayo.jpg HTTP/1.1" 200 37281
31.13.103.23 - - [24/Jul/2022:20:14:46 -0500] "GET /images/dia-rio-bogota-12-mayo.jpg HTTP/1.1" 200 44387
31.13.103.3 - - [24/Jul/2022:20:14:46 -0500] "GET /images/ptar-alcaldesa-rio-bogota-12-mato.jpg HTTP/1.1" 200 40205
31.13.103.9 - - [24/Jul/2022:20:14:47 -0500] "GET /images/reunion-planta-termovalorizacion-11-mayo.jpg HTTP/1.1" 200 34782
31.13.103.23 - - [24/Jul/2022:20:14:49 -0500] "GET /images/mercados-campesinos-5-mayo.jpg HTTP/1.1" 200 95848
31.13.103.9 - - [24/Jul/2022:20:14:49 -0500] "GET /images/feria-servicios-5-MAYO.jpg HTTP/1.1" 200 39759
31.13.103.2 - - [24/Jul/2022:20:14:49 -0500] "GET /images/Brasil1.jpeg HTTP/1.1" 200 27965
31.13.103.1 - - [24/Jul/2022:20:14:49 -0500] "GET /images/secretaria-carolina-economia-circular-6-mayo.jpg HTTP/1.1" 200 33699
31.13.103.7 - - [24/Jul/2022:20:14:49 -0500] "GET /images/RCD1.jpg HTTP/1.1" 200 195843
31.13.103.1 - - [24/Jul/2022:20:14:51 -0500] "GET /images/accion-climatica.jpg HTTP/1.1" 200 417776
31.13.103.23 - - [24/Jul/2022:20:14:51 -0500] "GET /images/Animales1.jpeg HTTP/1.1" 200 76841
31.13.103.23 - - [24/Jul/2022:20:14:53 -0500] "GET /images/cerros-bogota-2-mayo.jpg HTTP/1.1" 200 98367
31.13.103.23 - - [24/Jul/2022:20:14:54 -0500] "GET /images/fachada-secretaria-ambiente-abril.jpg HTTP/1.1" 200 148853
216.245.221.92 - - [24/Jul/2022:20:17:02 -0500] "HEAD / HTTP/1.1" 200 -
172.22.2.4 - - [24/Jul/2022:20:15:41 -0500] "HEAD /BLA/boletinlegal/ HTTP/1.1" 200 -
142.93.201.0 - - [24/Jul/2022:20:17:32 -0500] "HEAD / HTTP/1.1" 200 -
142.93.201.0 - - [24/Jul/2022:20:17:32 -0500] "GET /wp-login.php HTTP/1.1" 404 1199
142.93.201.0 - - [24/Jul/2022:20:17:32 -0500] "GET /wordpress/wp-login.php HTTP/1.1" 404 1199
142.93.201.0 - - [24/Jul/2022:20:17:33 -0500] "GET /blog/wp-login.php HTTP/1.1" 404 1199
142.93.201.0 - - [24/Jul/2022:20:17:33 -0500] "GET /wp/wp-login.php HTTP/1.1" 404 1199
172.22.2.4 - - [24/Jul/2022:20:16:31 -0500] "GET /BLA/boletinlegal/ HTTP/1.1" 200 53539
201.245.192.253 - - [24/Jul/2022:20:18:30 -0500] "POST /kwsrmcab/Wsrmcab  HTTP/1.1" 200 213
201.245.192.253 - - [24/Jul/2022:20:21:05 -0500] "POST /kwsrmcab/Wsrmcab HTTP/1.1" 200 46572
201.245.192.253 - - [24/Jul/2022:20:21:09 -0500] "POST /kwsrmcab/Wsrmcab HTTP/1.1" 200 46756
216.245.221.92 - - [24/Jul/2022:20:22:02 -0500] "HEAD / HTTP/1.1" 200 -
172.22.2.4 - - [24/Jul/2022:20:21:31 -0500] "HEAD /BLA/boletinlegal/ HTTP/1.1" 200 -
201.245.192.253 - - [24/Jul/2022:20:23:28 -0500] "POST /kwsrmcab/Wsrmcab  HTTP/1.1" 200 213
69.171.231.2 - - [24/Jul/2022:20:23:49 -0500] "GET /images/mujeres-cultura-31.jpg HTTP/1.1" 200 33736
172.22.2.4 - - [24/Jul/2022:20:22:21 -0500] "GET /BLA/boletinlegal/ HTTP/1.1" 200 53903
173.252.107.2 - - [24/Jul/2022:20:24:47 -0500] "GET /asi-es-el-tramite-para-obtener-el-certificado-de-conservacion-ambiental-2022.html HTTP/1.1" 206 935
157.55.39.161 - - [24/Jul/2022:20:24:46 -0500] "GET /portaldeninos/2019/08/05/ruido-2/ HTTP/1.1" 200 93781
130.44.215.120 - - [24/Jul/2022:20:26:01 -0500] "GET /galeria/galeria/fotos/Humedal-la-conejera2P.jpg HTTP/1.1" 200 31007
130.44.212.114 - - [24/Jul/2022:20:26:07 -0500] "GET /galeria/galeria/fotos/Humedal-la-conejera2P.jpg HTTP/1.1" 200 31007
216.245.221.92 - - [24/Jul/2022:20:27:02 -0500] "HEAD / HTTP/1.1" 200 -
201.245.192.253 - - [24/Jul/2022:20:28:27 -0500] "POST /kwsrmcab/Wsrmcab  HTTP/1.1" 200 213
172.22.2.4 - - [24/Jul/2022:20:27:21 -0500] "HEAD /BLA/boletinlegal/ HTTP/1.1" 200 -
172.22.2.4 - - [24/Jul/2022:20:28:11 -0500] "GET /BLA/boletinlegal/ HTTP/1.1" 200 58122
201.245.192.253 - - [24/Jul/2022:20:31:05 -0500] "POST /kwsrmcab/Wsrmcab HTTP/1.1" 200 46572
201.245.192.253 - - [24/Jul/2022:20:31:09 -0500] "POST /kwsrmcab/Wsrmcab HTTP/1.1" 200 46756
157.55.39.145 - - [24/Jul/2022:20:31:14 -0500] "GET /portaldeninos/wp-content/uploads/2021/11/pieza-observatorio-ambiental-10-abril-1024x524.jpg HTTP/1.1" 200 65672
207.46.13.188 - - [24/Jul/2022:20:31:26 -0500] "GET /BLA/resoluciones/RESOLUCIONES%202022/0096.pdf HTTP/1.1" 200 396374
216.245.221.92 - - [24/Jul/2022:20:32:02 -0500] "HEAD / HTTP/1.1" 200 -
201.245.192.253 - - [24/Jul/2022:20:32:56 -0500] "POST /kwsrmcab/Wsrmcab HTTP/1.1" 200 45034
172.22.2.4 - - [24/Jul/2022:20:33:04 -0500] "GET /BLA/boletinlegal/actos.php HTTP/1.1" 200 9559
201.245.192.253 - - [24/Jul/2022:20:33:26 -0500] "POST /kwsrmcab/Wsrmcab  HTTP/1.1" 200 213
172.22.2.4 - - [24/Jul/2022:20:33:11 -0500] "HEAD /BLA/boletinlegal/ HTTP/1.1" 200 -
172.22.2.4 - - [24/Jul/2022:20:34:01 -0500] "GET /BLA/boletinlegal/ HTTP/1.1" 200 54767
172.22.2.4 - - [24/Jul/2022:20:35:20 -0500] "GET /BLA/boletinlegal/ HTTP/1.1" 200 58866
216.245.221.92 - - [24/Jul/2022:20:37:02 -0500] "HEAD / HTTP/1.1" 200 -
191.95.63.213 - - [24/Jul/2022:20:38:16 -0500] "GET /BLA/resoluciones/RESOLUCIONES%202021/5262.pdf HTTP/1.1" 200 370932
201.245.192.253 - - [24/Jul/2022:20:38:25 -0500] "POST /kwsrmcab/Wsrmcab  HTTP/1.1" 200 213
172.22.2.4 - - [24/Jul/2022:20:39:09 -0500] "GET /BLA/boletinlegal/Circulares/2019/.pdf HTTP/1.1" 404 1218
172.22.2.4 - - [24/Jul/2022:20:39:19 -0500] "GET /BLA/boletinlegal/Circulares/2012/Circular%20No.%2010%20del%2026%20de%20Enero%20de%202012.pdf HTTP/1.1" 404 1218
172.22.2.4 - - [24/Jul/2022:20:39:01 -0500] "HEAD /BLA/boletinlegal/ HTTP/1.1" 200 -
186.30.124.150 - - [24/Jul/2022:20:40:57 -0500] "GET /kwssiamovil/sm/ldap/au?x=U2FsdGVkX19IDbtqnBEG8/adUfxlfj12dqXZM/nhqlM6ukpHHvhqObFX9aA9r8HG&y=U2FsdGVkX19WICtA2P2z4mgowQPHeBvsSOhr74mb0SuWKuVYZ5GJFm7DK/G9mHTx HTTP/1.1" 200 30
186.30.124.150 - - [24/Jul/2022:20:40:57 -0500] "GET /kwssiamovil/sm/acme/s?s=U2FsdGVkX1/XhrHghYsSqGHP5tO6LSb7I3S83jjR5Vfg6jQQCZcFPM2uUFn+FIFQAnIGHrqX37tD2BxnhEwMsUMMtkVR6nI8ES++6oYPaU4=&u=U2FsdGVkX19FF2idY9LainoZC0rqUOUGV6MzAOj+P3GQgy0VvPkDWHvpXHQJuU6q&y=U2FsdGVkX19WICtA2P2z4mgowQPHeBvsSOhr74mb0SuWKuVYZ5GJFm7DK/G9mHTx HTTP/1.1" 200 97
186.30.124.150 - - [24/Jul/2022:20:40:58 -0500] "GET /kwssiamovil/sm/acme/s?s=U2FsdGVkX18KBNaAKcGlVnWdcHt1ZCsi6pkHukC7sMMeBUEnJBuBmNN3PR0ldJu6PkfrnkpyFtE017ewBnXL7hH2lv7BDbK0T+P+hIBGHydV/8fJfba5X/VtRXDJdThFTSolABSAOufzHnoqsssbvCvsafDbIq7+O7TV6YcAMtEiY9Dg4NO3eAINXCAqqoy7dMrS3+xAAIQ+BlRfK5Jjm1GY/XlQTSUVJo/kI2FKycZivhdBb2b3HzV3Xs+VeG0uOtEGr4xfWI/jYVXStlzN6/t0iZk4y+B17OMPo+om9FMUMJzC4bPxJfznPIF06xgTynYvX6kQXv7Y0oBCnjZMnSgWJ7+lE139mvupORJIIXChuuV4F+1HXx1P6ApXTdRYmdpQ16tDwEVY1FNgxaPyLOQiZ8U1Lwgdn+LY76Esi/9euNUmDJ4LLwhcuMItSSroqpWL1duR1s9geEvUB0uut/pRZ/YjGUByY2b+GgWCX5GVlepuUEuP0hdEXQuusWUkC5PzXqJ9r2UvZRL3hLS5Wx7qKjA0/ieBWLuwujm3OzB1iR+ju0AXCsZMqY7qASDgPbIw6R9gCe/C2/0Y0LyW/bMrTh/uaeqRQwsNN80O2lg1PMcO6AjXK8z+Ks85EcVa5XXHjAt5TLqtZiG/QifQY4B8t+OxPvChh16DmTgapAyl3KP07360W9ir2xpRvUKWDkBoKF/bTJZiWfnKm++to2K1N2gqqtBZcd/pONVlKDvtg9rBpevDrif+1PYxCgYmuYjps90sBQni6yMXckk8fVHqHbhAPFvy/Nq7sgCdUt4ViiPAcBEq6J5Tp0+GicIcuNOxwL2F7pvxCgwdofMBBMGlokWHsU3lu46ljk9fa75qmYyTLmjURHK2kHiECQAlwKuCZB+kjKW8bAXmbkLrf7tMZbPM3AaGZz1usS+OJuinca+QRuhc0Y4Soui/avYLctJAkULyp3zO3sfkUzJ1R9UJxP5ObXDaXkuYjM0hxu9phy38c8cDrhJxkWG9xLFDFsr4nt7G71QWLBdDMg766DM/Jm8cdUVmWAs0k0UvJcOx+UP8m7W069WPXTf0+cRD5A6XPaEbC+KSjGbiBoTYvOzt2bA0waQscXKZRnPOWWOLacYpN+tRtE+U0etn/HJ4AKPUyf+ys2o18mc09hUKv7JlZkQ5Ba/Am7X18KMsuT5c4PAJqVyfKuHev9bDQQFouSwCbbIJ/4Lj3wk15ycEzXYZZq5ZlAR0xArNnuh+NZFunMbfbC9KG32jvMErc72C6mDSjY6X2esqZPVKM8HJwlU0KKM6HozrGSGGcdYDHTpWCBgK76acDw5NDCaU2X5B/+lxvzp8hQxUW7jr+NzhQatRKM3P4+seveoacOSb8FI=&u=U2FsdGVkX19FF2idY9LainoZC0rqUOUGV6MzAOj+P3GQgy0VvPkDWHvpXHQJuU6q&y=U2FsdGVkX19WICtA2P2z4mgowQPHeBvsSOhr74mb0SuWKuVYZ5GJFm7DK/G9mHTx HTTP/1.1" 200 11013
186.30.124.150 - - [24/Jul/2022:20:40:58 -0500] "GET /kwssiamovil/sm/acme/s?s=U2FsdGVkX191hpNqieza/TDqqtHWmb6RpRu76IsR9N/mdixI/J1rgFpveCSPpkjDlpZG6DhghO7LuisJlXZSToKPwVj9OOM0MNAeWZxGuZClJj07oalHf9F7UpcrGWHFjyG3D69KGF0dQJs6YmvW9IEQTo7RyZTVTBswadrrUsPBGE4I7hxXKYpTHsD1ypZj3EHG9yTRCTlIOq0DsZDvEPqtXN17Da5Ah5IROupwzEfZhayu2sBOclKjCngnUqYWjy/vTK127ZHqsRDzTp/aVIbUoLtOtzcjNcX+k25MgC8=&u=U2FsdGVkX19FF2idY9LainoZC0rqUOUGV6MzAOj+P3GQgy0VvPkDWHvpXHQJuU6q&y=U2FsdGVkX19WICtA2P2z4mgowQPHeBvsSOhr74mb0SuWKuVYZ5GJFm7DK/G9mHTx HTTP/1.1" 200 176
186.30.124.150 - - [24/Jul/2022:20:40:58 -0500] "GET /kwssiamovil/sm/cjson/pre?f=1&x=U2FsdGVkX19IDbtqnBEG8/adUfxlfj12dqXZM/nhqlM6ukpHHvhqObFX9aA9r8HG HTTP/1.1" 200 30992
201.245.192.253 - - [24/Jul/2022:20:41:05 -0500] "POST /kwsrmcab/Wsrmcab HTTP/1.1" 200 46572
201.245.192.253 - - [24/Jul/2022:20:41:09 -0500] "POST /kwsrmcab/Wsrmcab HTTP/1.1" 200 46756
172.22.2.4 - - [24/Jul/2022:20:39:51 -0500] "GET /BLA/boletinlegal/ HTTP/1.1" 200 58491
216.245.221.92 - - [24/Jul/2022:20:42:02 -0500] "HEAD / HTTP/1.1" 200 -
201.245.192.253 - - [24/Jul/2022:20:43:24 -0500] "POST /kwsrmcab/Wsrmcab  HTTP/1.1" 200 213
207.46.13.20 - - [24/Jul/2022:20:43:49 -0500] "GET /galeria/carrusel/Carrusel/jquery-ui-1.8.13.custom.min.js HTTP/1.1" 200 10800
40.77.167.65 - - [24/Jul/2022:20:43:50 -0500] "GET /galeria/carrusel/Carrusel/jquery.thumbnailScroller.css HTTP/1.1" 200 2066
207.46.13.29 - - [24/Jul/2022:20:43:52 -0500] "GET /galeria/carrusel/Carrusel/jquery.thumbnailScroller.js HTTP/1.1" 200 8157
40.77.167.65 - - [24/Jul/2022:20:43:53 -0500] "GET /galeria/nivo-slider/demo/banner.html HTTP/1.1" 200 5446
173.252.95.1 - - [24/Jul/2022:20:46:09 -0500] "GET /images/visita-suspension-humedal-techo-24-mayo.jpg HTTP/1.1" 200 57365
185.119.81.102 - - [24/Jul/2022:20:46:13 -0500] "GET /portaldeninos/wp-login.php HTTP/1.1" 200 2592
185.119.81.102 - - [24/Jul/2022:20:46:14 -0500] "POST /portaldeninos/wp-login.php HTTP/1.1" 200 3605
207.46.13.20 - - [24/Jul/2022:20:46:17 -0500] "GET /bla/resoluciones/resoluciones%202012/0623.pdf HTTP/1.1" 304 -
172.22.2.4 - - [24/Jul/2022:20:44:51 -0500] "HEAD /BLA/boletinlegal/ HTTP/1.1" 200 -
216.245.221.92 - - [24/Jul/2022:20:47:02 -0500] "HEAD / HTTP/1.1" 200 -
172.22.2.4 - - [24/Jul/2022:20:45:41 -0500] "GET /BLA/boletinlegal/ HTTP/1.1" 200 54359
201.245.192.253 - - [24/Jul/2022:20:48:23 -0500] "POST /kwsrmcab/Wsrmcab  HTTP/1.1" 200 213
40.77.167.98 - - [24/Jul/2022:20:51:41 -0500] "-" 408 -
216.245.221.92 - - [24/Jul/2022:20:52:02 -0500] "HEAD / HTTP/1.1" 200 -
172.22.2.4 - - [24/Jul/2022:20:50:41 -0500] "HEAD /BLA/boletinlegal/ HTTP/1.1" 200 -
190.109.21.60 - - [24/Jul/2022:20:52:24 -0500] "GET /galeria/galeria/jquery.fancybox.css?v=2.1.5 HTTP/1.1" 200 4895
190.109.21.60 - - [24/Jul/2022:20:52:24 -0500] "GET /BLA/boletinlegal/js/jquery.scrollShow.js HTTP/1.1" 200 4586
190.109.21.60 - - [24/Jul/2022:20:52:24 -0500] "GET /galeria/galeria/jquery.fancybox.js?v=2.1.5 HTTP/1.1" 200 48706
172.22.2.4 - - [24/Jul/2022:20:51:31 -0500] "GET /BLA/boletinlegal/ HTTP/1.1" 200 60410
201.245.192.253 - - [24/Jul/2022:20:53:22 -0500] "POST /kwsrmcab/Wsrmcab  HTTP/1.1" 200 213
157.55.39.161 - - [24/Jul/2022:20:54:27 -0500] "GET / HTTP/1.1" 200 319
2.57.122.98 - - [24/Jul/2022:20:55:18 -0500] "GET / HTTP/1.1" 200 319
216.245.221.92 - - [24/Jul/2022:20:57:02 -0500] "HEAD / HTTP/1.1" 200 -
172.22.2.4 - - [24/Jul/2022:20:56:31 -0500] "HEAD /BLA/boletinlegal/ HTTP/1.1" 200 -
201.245.192.253 - - [24/Jul/2022:20:58:21 -0500] "POST /kwsrmcab/Wsrmcab  HTTP/1.1" 200 213
172.22.2.4 - - [24/Jul/2022:20:57:21 -0500] "GET /BLA/boletinlegal/ HTTP/1.1" 200 58122
40.77.190.172 - - [24/Jul/2022:20:59:48 -0500] "GET /galeria/nivo-slider/themes/default/default.css HTTP/1.1" 200 1569
40.77.188.223 - - [24/Jul/2022:20:59:48 -0500] "GET /galeria/nivo-slider/themes/orman/orman.css HTTP/1.1" 200 2152
40.77.189.240 - - [24/Jul/2022:20:59:48 -0500] "GET /galeria/nivo-slider/themes/pascal/pascal.css HTTP/1.1" 200 2258
40.77.190.35 - - [24/Jul/2022:20:59:49 -0500] "GET /galeria/nivo-slider/nivo-slider.css HTTP/1.1" 200 1507
40.77.188.51 - - [24/Jul/2022:20:59:49 -0500] "GET /galeria/nivo-slider/demo/style.css HTTP/1.1" 200 2222
40.77.189.11 - - [24/Jul/2022:20:59:49 -0500] "GET /galeria/nivo-slider/demo/scripts/jquery-1.7.1.min.js HTTP/1.1" 200 93868
40.77.188.35 - - [24/Jul/2022:20:59:49 -0500] "GET /galeria/nivo-slider/jquery.nivo.slider.pack.js HTTP/1.1" 200 11561
185.119.81.101 - - [24/Jul/2022:21:01:19 -0500] "GET /portaldeninos/wp-login.php HTTP/1.1" 200 2592
185.119.81.101 - - [24/Jul/2022:21:01:20 -0500] "POST /portaldeninos/wp-login.php HTTP/1.1" 200 3650
216.245.221.92 - - [24/Jul/2022:21:02:02 -0500] "HEAD / HTTP/1.1" 200 -
172.22.2.4 - - [24/Jul/2022:21:02:19 -0500] "GET /BLA/boletinlegal/ HTTP/1.1" 200 24523
201.245.192.253 - - [24/Jul/2022:21:03:20 -0500] "POST /kwsrmcab/Wsrmcab  HTTP/1.1" 200 213
172.22.2.4 - - [24/Jul/2022:21:02:21 -0500] "HEAD /BLA/boletinlegal/ HTTP/1.1" 200 -
172.22.2.4 - - [24/Jul/2022:21:03:11 -0500] "GET /BLA/boletinlegal/ HTTP/1.1" 200 52826
172.22.2.4 - - [24/Jul/2022:21:05:04 -0500] "GET /BLA/boletinlegal/robots.txt HTTP/1.1" 404 1038
172.22.2.4 - - [24/Jul/2022:21:05:05 -0500] "GET /BLA/boletinlegal/conceptos.php HTTP/1.1" 200 7443
216.245.221.92 - - [24/Jul/2022:21:07:02 -0500] "HEAD / HTTP/1.1" 200 -
31.13.103.1 - - [24/Jul/2022:21:07:38 -0500] "GET /images/mujeres-cultura-31.jpg HTTP/1.1" 200 33736
172.22.2.4 - - [24/Jul/2022:21:08:08 -0500] "GET /BLA/boletinlegal/Directivas/2014/Directiva%20No.%202%20del%205%20de%20Mayo%20de%202014.pdf HTTP/1.1" 304 -
201.245.192.253 - - [24/Jul/2022:21:08:19 -0500] "POST /kwsrmcab/Wsrmcab  HTTP/1.1" 200 213
172.22.2.4 - - [24/Jul/2022:21:08:11 -0500] "HEAD /BLA/boletinlegal/ HTTP/1.1" 200 -
172.22.2.4 - - [24/Jul/2022:21:09:01 -0500] "GET /BLA/boletinlegal/ HTTP/1.1" 200 56279
173.252.107.17 - - [24/Jul/2022:21:10:58 -0500] "GET /images/mujeres-cultura-31.jpg HTTP/1.1" 200 33736
181.53.14.41 - - [24/Jul/2022:21:11:04 -0500] "GET /galeria/galeria/jquery.fancybox.css?v=2.1.5 HTTP/1.1" 200 4895
181.53.14.41 - - [24/Jul/2022:21:11:05 -0500] "GET /BLA/boletinlegal/js/jquery.scrollShow.js HTTP/1.1" 200 4586
181.53.14.41 - - [24/Jul/2022:21:11:05 -0500] "GET /galeria/galeria/jquery.fancybox.js?v=2.1.5 HTTP/1.1" 200 48706
40.77.167.22 - - [24/Jul/2022:21:11:30 -0500] "GET /portaldeninos/wp-content/uploads/2021/11/dibujos-concurso-vuelo-pajaro-relatos-27-mayo-1200x480.jpg HTTP/1.1" 200 88566
172.22.2.4 - - [24/Jul/2022:21:10:09 -0500] "GET /BLA/boletinlegal/ HTTP/1.1" 200 58866
216.245.221.92 - - [24/Jul/2022:21:12:02 -0500] "HEAD / HTTP/1.1" 200 -
201.245.192.253 - - [24/Jul/2022:21:13:17 -0500] "POST /kwsrmcab/Wsrmcab  HTTP/1.1" 200 213
40.77.167.65 - - [24/Jul/2022:21:14:13 -0500] "GET /BLA/resoluciones/AUTOS%202021/2545.pdf HTTP/1.1" 200 524402
172.22.2.4 - - [24/Jul/2022:21:14:01 -0500] "HEAD /BLA/boletinlegal/ HTTP/1.1" 200 -
103.79.112.237 - - [24/Jul/2022:21:16:28 -0500] "GET / HTTP/1.1" 200 319
172.22.2.4 - - [24/Jul/2022:21:14:51 -0500] "GET /BLA/boletinlegal/ HTTP/1.1" 200 58122
172.22.2.4 - - [24/Jul/2022:21:16:42 -0500] "GET /BLA/boletinlegal/jurisprudencia/analisis/AnalisisT-606-15.docx HTTP/1.1" 200 26698
172.22.2.4 - - [24/Jul/2022:21:16:43 -0500] "GET /BLA/boletinlegal/apple-touch-icon-120x120-precomposed.png HTTP/1.1" 404 1140
172.22.2.4 - - [24/Jul/2022:21:16:43 -0500] "GET /BLA/boletinlegal/apple-touch-icon-120x120.png HTTP/1.1" 404 1140
172.22.2.4 - - [24/Jul/2022:21:16:43 -0500] "GET /BLA/boletinlegal/apple-touch-icon-precomposed.png HTTP/1.1" 404 1140
172.22.2.4 - - [24/Jul/2022:21:16:43 -0500] "GET /BLA/boletinlegal/apple-touch-icon.png HTTP/1.1" 404 1140
172.22.2.4 - - [24/Jul/2022:21:16:43 -0500] "GET /BLA/boletinlegal/favicon.ico HTTP/1.1" 404 1140
172.22.2.4 - - [24/Jul/2022:21:16:43 -0500] "GET /BLA/boletinlegal/apple-touch-icon-120x120-precomposed.png HTTP/1.1" 404 1140
172.22.2.4 - - [24/Jul/2022:21:16:43 -0500] "GET /BLA/boletinlegal/apple-touch-icon-120x120.png HTTP/1.1" 404 1140
172.22.2.4 - - [24/Jul/2022:21:16:43 -0500] "GET /BLA/boletinlegal/apple-touch-icon-precomposed.png HTTP/1.1" 404 1140
172.22.2.4 - - [24/Jul/2022:21:16:43 -0500] "GET /BLA/boletinlegal/apple-touch-icon.png HTTP/1.1" 404 1140
172.22.2.4 - - [24/Jul/2022:21:16:44 -0500] "GET /BLA/boletinlegal/favicon.ico HTTP/1.1" 404 1140
216.245.221.92 - - [24/Jul/2022:21:17:02 -0500] "HEAD / HTTP/1.1" 200 -
201.245.192.253 - - [24/Jul/2022:21:18:17 -0500] "POST /kwsrmcab/Wsrmcab  HTTP/1.1" 200 213
201.245.192.253 - - [24/Jul/2022:21:21:05 -0500] "POST /kwsrmcab/Wsrmcab HTTP/1.1" 200 46439
201.245.192.253 - - [24/Jul/2022:21:21:09 -0500] "POST /kwsrmcab/Wsrmcab HTTP/1.1" 200 46745
172.22.2.4 - - [24/Jul/2022:21:21:30 -0500] "GET /BLA/boletinlegal/owa/auth/logon.aspx?url=https%3a%2f%2f1%2fecp%2f HTTP/1.1" 404 1018
172.22.2.4 - - [24/Jul/2022:21:19:51 -0500] "HEAD /BLA/boletinlegal/ HTTP/1.1" 200 -
216.245.221.92 - - [24/Jul/2022:21:22:02 -0500] "HEAD / HTTP/1.1" 200 -
172.22.2.4 - - [24/Jul/2022:21:22:11 -0500] "GET /BLA/boletinlegal/console/ HTTP/1.1" 404 1018
172.22.2.4 - - [24/Jul/2022:21:22:16 -0500] "PUT /BLA/boletinlegal/vendor/phpunit/phpunit/src/Util/PHP/eval-stdin.php HTTP/1.1" 405 938
172.22.2.4 - - [24/Jul/2022:21:22:18 -0500] "GET /BLA/boletinlegal/.DS_Store HTTP/1.1" 404 1018
172.22.2.4 - - [24/Jul/2022:21:22:18 -0500] "GET /BLA/boletinlegal/telescope/requests HTTP/1.1" 404 1018
172.22.2.4 - - [24/Jul/2022:21:22:18 -0500] "GET /BLA/boletinlegal/.json HTTP/1.1" 404 1018
172.22.2.4 - - [24/Jul/2022:21:21:50 -0500] "GET /BLA/boletinlegal/ HTTP/1.1" 200 20427
172.22.2.4 - - [24/Jul/2022:21:22:19 -0500] "GET /BLA/boletinlegal/frontend_dev.php/$ HTTP/1.1" 404 1018
172.22.2.4 - - [24/Jul/2022:21:22:19 -0500] "GET /BLA/boletinlegal/debug/default/view?panel=config HTTP/1.1" 404 1018
172.22.2.4 - - [24/Jul/2022:21:22:19 -0500] "GET /BLA/boletinlegal/info.php HTTP/1.1" 404 1018
172.22.2.4 - - [24/Jul/2022:21:20:41 -0500] "GET /BLA/boletinlegal/ HTTP/1.1" 200 56911
190.26.37.245 - - [24/Jul/2022:21:22:39 -0500] "GET /kwssiamovil/sm/ldap/au?x=U2FsdGVkX19yf78Ac0ysklD+Idws5vlMMVX9CMFqUOSBpc+yPu5C2A1Vxwb6R73z&y=U2FsdGVkX1/KnFKwrDyE6B9ZAqaudEP5Lwi8Y3fISvqGiP/hDHwsA2vg1yWn5d6r HTTP/1.1" 200 31
190.26.37.245 - - [24/Jul/2022:21:22:44 -0500] "GET /kwssiamovil/sm/ldap/au?x=U2FsdGVkX1/52tGix5Ch6aly1rsNbfxMVpeBqj3PB2mRIwMKkqgvxw9LfdOTKAvS&y=U2FsdGVkX19R8c+440QPdi0TO8H6IR8mmwywlcRMId90E9S2/xhh6N5Iy9kkaF8M HTTP/1.1" 200 31
190.26.37.245 - - [24/Jul/2022:21:23:17 -0500] "GET /kwssiamovil/sm/ldap/au?x=U2FsdGVkX18R0f3KXn+j8kODg+83zmbIwCvhdJtJCKsCLisb0d+rYY8lyfKJ/BCL&y=U2FsdGVkX19UxCt7wSjADJUv/SNMTjNEld/TmZ18UxOrK9HtGWxdp82cnSoYi4EM HTTP/1.1" 200 30
190.26.37.245 - - [24/Jul/2022:21:23:18 -0500] "GET /kwssiamovil/sm/acme/s?s=U2FsdGVkX18w6+IqoDwyPDhRK7ICPAN851rA2M83ArqGbppiwHjlcVN9LP5xAZBkKun4oJFcxwXG4naFqiij7Lx08tnD/1n8gE/LR5hlZK8=&u=U2FsdGVkX19ZrxObE2tt+xIE1rPZKjc2GUsTw3HO9pLmsQ+OntqNNUBzGAmed9d9&y=U2FsdGVkX19UxCt7wSjADJUv/SNMTjNEld/TmZ18UxOrK9HtGWxdp82cnSoYi4EM HTTP/1.1" 200 97
190.26.37.245 - - [24/Jul/2022:21:23:18 -0500] "GET /kwssiamovil/sm/acme/s?s=U2FsdGVkX18dKz+4QOP8/kW5bk9F/6tUVFE0XZiHlVURYUylt2Fr42PqRsxybEG1cmXd7c7VI6343zIoIdh+izG5kx6u6sMqnjCW1AzLPjYQ8WkjhobqpQPnidGFYnRP2Im7rVKPhheOPH5vKkMfAtVyv28vs7aNyI0ZcmQEcUxrUv6owxT1O4xf++015xSaCet06udLgrA1vHFgwkIEYn/zGntC+HL3+2hd2UUs4irsLHphk61KrlQnFkZJo/8aPsCMVwlVNOUbajMB68dLYLO/WAPtUzHzkV+68HT31cnj+6kF4+yQJyjQLbxC+CsAJypGpEcXQxIrFvNTE5zd47d6RkoSYbLt8cO3o9YJxHcC4p/F7bdNU4ccMTPQ2iEjY+8RjF2kUdS4fNkUs2Ou0Ropi2KjN6DtDoasNAj7carocF1NPiCpYxuj0UtY2/yc4eL1Sacn1LP0vv1pggLRXs/h6ut4JKiJ4K3TLZMPm4PxTwxt3uTxyjzxomlu79r3P/QXG8iUE7gayuuRUAowWdTkghuWK6XZm8oDWzQKXlbTdyWMxZi4Qj7q0Sa4c8dVoUH3eczyLJNkkOokg6E4zsYgmIcP60XbswgpIBD2eJyY8/+AyU2VBoJDr5t2cLgkVXYTbXWKe7tdLxYWti4iwM9K4c4s6bhyU8NjtloDRS6h7R0XC8N2yfrUzVD7FmZ0spFncmBL7K6jxmuGx4vI8FvH6wItszeaaRBgPFS728NqnVeu6HyI/W17V5HhUxef0+3O8eRBdmFW0xlDpTzturAuvj+eJgmOAgHdp1tqXzAm3eiqxx7ra6Y/p7osi5AOE5rbUDyPn2YGOeMLCLlRNc+2XqDN2WVDaUnRwdfsrgeU2A+a9QCycxilXaTbUcMeEosG/cHd4y9u0hUFvy6trf5GO55QLG3JiMO622RpQ2dQF0peR2bU1db5Ne/VLpl5r7wsxIxEfq5uBPUeqUhfRF/c0qev6zJpghC8ToiJDE1uM06C0yuZnrnKPeNhnkRB3nj92h09IQTZHo8JYXmRH39xUko+bORo4QM5NYI6t2CSuugO2heYhQmSoveX5SZFPrZ/8oi9JzZbf+PLf1bgDDpblOQf2t41BbYEeWPAG38IYDTXC5kf0nx6I/HSFmcKgmTo0zfu4r4kziBW40A25NRRKkiXtFtRtsPXbEZgeLxDqWIJMzrCKnPnTvv7eQwGI+91HrqTeyw1ZZFax7uIvW6E+D12vH2R0bsTw2P4/yqxWcu3WZy4M6lLWtTsClxCSzDRQuLWUk3j9RTSDzjSCawg4rLu21BFLGtl0EMmsysz1GkcWmctGzYothEt6/pCAdOtBCqn1hHaOqBvWQm70tmrZb2lBnubcVjr73NCHqI=&u=U2FsdGVkX19ZrxObE2tt+xIE1rPZKjc2GUsTw3HO9pLmsQ+OntqNNUBzGAmed9d9&y=U2FsdGVkX19UxCt7wSjADJUv/SNMTjNEld/TmZ18UxOrK9HtGWxdp82cnSoYi4EM HTTP/1.1" 200 2367
201.245.192.253 - - [24/Jul/2022:21:23:15 -0500] "POST /kwsrmcab/Wsrmcab  HTTP/1.1" 200 213
190.26.37.245 - - [24/Jul/2022:21:23:18 -0500] "GET /kwssiamovil/sm/acme/s?s=U2FsdGVkX1/V094pzo1m10AE2kCRDMp4n4Ny7iaqXkdU7kZQL21ncCbsaKuywlMQ/ZKcj2Elr5B3ekWBVskW/hibYhhfWl40IXeQW/LWjosVdA8ebMDzM16kY54h/UA60mXTk/a2RuvsINJY8lKY6q2SXFIIdEts00PBPaR+djDI1bGOL6Fdi30n2w83cUYbmVZnhJQJs03Pbky/Txs0Z5/ZVg9rVptgqCsvIiPWvZMDK0e8spqK46Eid8vdbIknCS1bgr/ZHdKaYET+b6rC65kKjznLvmyMiZLyuLnBnk4=&u=U2FsdGVkX19ZrxObE2tt+xIE1rPZKjc2GUsTw3HO9pLmsQ+OntqNNUBzGAmed9d9&y=U2FsdGVkX19UxCt7wSjADJUv/SNMTjNEld/TmZ18UxOrK9HtGWxdp82cnSoYi4EM HTTP/1.1" 200 176
190.26.37.245 - - [24/Jul/2022:21:23:18 -0500] "GET /kwssiamovil/sm/cjson/pre?f=1&x=U2FsdGVkX18R0f3KXn+j8kODg+83zmbIwCvhdJtJCKsCLisb0d+rYY8lyfKJ/BCL HTTP/1.1" 200 30992
172.22.2.4 - - [24/Jul/2022:21:24:36 -0500] "GET /BLA/boletinlegal/favicon.ico HTTP/1.1" 404 1018
172.22.2.4 - - [24/Jul/2022:21:24:42 -0500] "GET /BLA/boletinlegal/favicon.ico HTTP/1.1" 404 1038
172.22.2.4 - - [24/Jul/2022:21:24:26 -0500] "GET /BLA/boletinlegal/ HTTP/1.1" 200 32715
172.22.2.4 - - [24/Jul/2022:21:24:32 -0500] "GET /BLA/boletinlegal/ HTTP/1.1" 200 32715
216.245.221.92 - - [24/Jul/2022:21:27:02 -0500] "HEAD / HTTP/1.1" 200 -
172.22.2.4 - - [24/Jul/2022:21:25:41 -0500] "HEAD /BLA/boletinlegal/ HTTP/1.1" 200 -
173.252.107.14 - - [24/Jul/2022:21:27:56 -0500] "GET /caminos-de-los-cerros-espacios-naturales-seguros-para-cuidar-la-salud-fisica-y-mental-de-los-ciudadanos.html HTTP/1.1" 206 1139
173.252.83.3 - - [24/Jul/2022:21:28:02 -0500] "GET /images/Senderos1.jpeg HTTP/1.1" 200 172777
172.22.2.4 - - [24/Jul/2022:21:26:31 -0500] "GET /BLA/boletinlegal/ HTTP/1.1" 200 53903
201.245.192.253 - - [24/Jul/2022:21:28:14 -0500] "POST /kwsrmcab/Wsrmcab  HTTP/1.1" 200 213
173.252.127.2 - - [24/Jul/2022:21:28:35 -0500] "GET /images/la-vieja-mayo-24.jpg HTTP/1.1" 200 58217
185.119.81.99 - - [24/Jul/2022:21:29:01 -0500] "GET /portaldeninos/wp-login.php HTTP/1.1" 200 2592
185.119.81.99 - - [24/Jul/2022:21:29:02 -0500] "POST /portaldeninos/wp-login.php HTTP/1.1" 200 3605
201.245.192.253 - - [24/Jul/2022:21:31:04 -0500] "POST /kwsrmcab/Wsrmcab HTTP/1.1" 200 46439
201.245.192.253 - - [24/Jul/2022:21:31:08 -0500] "POST /kwsrmcab/Wsrmcab HTTP/1.1" 200 46745
216.245.221.92 - - [24/Jul/2022:21:32:02 -0500] "HEAD / HTTP/1.1" 200 -
173.252.83.24 - - [24/Jul/2022:21:32:19 -0500] "GET /images/mercados-campesinos-5-mayo.jpg HTTP/1.1" 200 95848
207.46.13.20 - - [24/Jul/2022:21:32:40 -0500] "GET /BLA/boletinlegal/Circulares/2021/CIRCULAR%20No.%2000007%20DEL%2010%20DE%20AGOSTO%20DEL%202021.pdf HTTP/1.1" 304 -
191.102.224.201 - - [24/Jul/2022:21:31:04 -0500] "GET /BLA/boletinlegal/index.php HTTP/1.1" 200 56279
172.22.2.4 - - [24/Jul/2022:21:31:31 -0500] "HEAD /BLA/boletinlegal/ HTTP/1.1" 200 -
201.245.192.253 - - [24/Jul/2022:21:33:13 -0500] "POST /kwsrmcab/Wsrmcab  HTTP/1.1" 200 213
34.147.63.66 - - [24/Jul/2022:21:33:59 -0500] "GET / HTTP/1.1" 200 319
172.22.2.4 - - [24/Jul/2022:21:32:21 -0500] "GET /BLA/boletinlegal/ HTTP/1.1" 200 53187
207.46.13.188 - - [24/Jul/2022:21:34:52 -0500] "GET /BLA/resoluciones/AUTOS%202021/5989.pdf HTTP/1.1" 304 -
190.102.124.5 - - [24/Jul/2022:21:35:42 -0500] "GET /kwssiamovil/sm/ldap/au?x=U2FsdGVkX1+nHwOQvVeb4dAnEMgbigGX/eJR1DQSdaPACwDAZ/o6nuUT5uregIhD&y=U2FsdGVkX18fnCEBjzz68k+mlUA18muFzPj9waDRUconQhByMZyR79OsCmV+KS+t HTTP/1.1" 200 30
190.102.124.5 - - [24/Jul/2022:21:35:42 -0500] "GET /kwssiamovil/sm/acme/s?s=U2FsdGVkX1/+AIPJ3jZOfzFWX7qBGVxlcPyxcqoQh62PWWF5IqG22Fk93qjQ/C/7uThvBrdzzh7o4ghYGdEJfF0wrAF70hSTimLntcL1xNU=&u=U2FsdGVkX18Vu20oZEZAoUN1K75OAW/LBAfGPaajwes=&y=U2FsdGVkX18fnCEBjzz68k+mlUA18muFzPj9waDRUconQhByMZyR79OsCmV+KS+t HTTP/1.1" 200 97
190.102.124.5 - - [24/Jul/2022:21:35:42 -0500] "GET /kwssiamovil/sm/acme/s?s=U2FsdGVkX1/TiO/wTtz8cWUIQlN1E/UkvibI5Y7D4KAYzZRgCK9xqJUbMVFtf7P7FFIljUYL8ykPyoPUp73Smh24jOz9vxy28XFj5lFdsxouAFD6gTqbixl0whInMzyilPcYWoUjnLvaLbDDZhBwrvm5MZyFEchDvtlS7a4HsWHaGeMSnI7/DBptbqMS+i3sJAMGXPqBAiLSrpPFMWIaIXDer8gDNaTIAgifiLCGFDdqZwBXk9w8B56+Hbc+ZtFXyp5zFyyCDrPMnuuVZ1GJoxUf/UdfaAwWMaBCYdb/My74tmOxsA9XlgAky9KsHEHf+Ih2Yj0kqGPAiSuV9nb4TdyxYek8+D1veSdIm/mGcbWgMBf8eyt+dn2/9/1JdZnXR6dmxHqVbhwSho03eynVNC/hJIfUIxekmF+mHZjBj1LEJ5j8XQo8jE1asSBbliOGK4QAy9dkoAtvPk1RPnF4HiLRgKG/hX7m/Xuoq7m6+EVBZmuwAT5KP++00QXrK7e39ESGt2y8cLx8/wSM1aYzAUugxMVTp8ZIdUYWZuIDsHeAR4/3OjRHpcpfi/UlHwOsWmXuHr9dOTuVxUUuT9trjMYTi7KDUeHs7rpfLyz9IS3EIu5UjCzLYX3VtLZMV1uGig2TAy4DrAj0uGrBVoYbnYjNM+qnqlpNuBUOR7ovNKh0QoyvBhHfk3uCWUWOJH3mPsjt3LXFyzjbbfZXGCZgnkQ0IlxKfJnxzSAW55t4mxZHt3NkZOILOw7Y9QvMLy3LeayPgIzLb88tgSmN4qhYDCiyEE3b5NI3dTfiynl3NAWyGApSKuyRSR+yM+LhsjP2SmVQRSHQy/RwwgFFU2KMkC8ey57IQMiIQW1e02CcK15cX2GYHp83kPdi00ubMU+kXVjlM5UMnlKAXkbxtZQP7AGCig8erQfgOkmI+mXzLDIWHEJiJqDbUjQiCnuorvX7tpiyARNUU0E0i99bFyOEkGjXY70CWpUzmvKZMwr9KAJIms+NzNWwhVbvFvc7BRbUpk0j/7lmNI48oHdl92sIc35j7RoWUym+9yivf48EVj29UUuuwp/ZUiiuXVF3YBswZTSofn/aFHBvFFvmkUM7WIgeiN5OKsEuowxleHiE2fPLlPK0M0PHRAA3zN8/i6wBeHZ49wwLCAuFzkSyaIVbsUQlfZcy1C6gEB7zO8lERtxmJDXqR9xvX5ZGO5hwILq75MxTGo14I64WBHIMwsyetzExzvzEfAVIpLExBoIEy+9ZwZjTsEWU+pQ9EfYxc47zS7JJX84IAyx5yPO64uZSJ/qpWNFQ6bR56TZN8N1cM6C6bx0VYmVnTd5RiRRgEtO6RakvznwdfnDjaONN4LnKJC4vz+HCpjQvOVxJGxG+12k=&u=U2FsdGVkX18Vu20oZEZAoUN1K75OAW/LBAfGPaajwes=&y=U2FsdGVkX18fnCEBjzz68k+mlUA18muFzPj9waDRUconQhByMZyR79OsCmV+KS+t HTTP/1.1" 200 72
190.102.124.5 - - [24/Jul/2022:21:35:42 -0500] "GET /kwssiamovil/sm/acme/s?s=U2FsdGVkX1+GTRsSyJeRbz9xiarRSyykOZg2LtcMnQvygohUyPWw/QVC9LSH6ITSyPZvq3v0dhpOnphwgFIm8rFDh/PFu/HTT9frO81Nstt0yD92+WivPHrczUf31qmH4UmuD/Aemmp2ZRKT5WEy7DLaHOcVr0ziApPJ5DneWH3IAv6DleRgq1zzk5ZbtC6Pjrw5IPDvE7337t0wGFnMSmcbe+MAqKMErLBmMkJ5mkthzgO6DSTdSMWaItO5yKcX8v/mcthNnyzFKTiSZLYZwQGfbMa0o29pzjb1VE+t8iQ=&u=U2FsdGVkX18Vu20oZEZAoUN1K75OAW/LBAfGPaajwes=&y=U2FsdGVkX18fnCEBjzz68k+mlUA18muFzPj9waDRUconQhByMZyR79OsCmV+KS+t HTTP/1.1" 200 176
190.102.124.5 - - [24/Jul/2022:21:35:42 -0500] "GET /kwssiamovil/sm/cjson/pre?f=1&x=U2FsdGVkX1+nHwOQvVeb4dAnEMgbigGX/eJR1DQSdaPACwDAZ/o6nuUT5uregIhD HTTP/1.1" 200 30992
190.157.180.202 - - [24/Jul/2022:21:36:58 -0500] "GET /portaldeninos/wp-content/plugins/gallery-videos/CSS/totalsoft.css?ver=4.9.8 HTTP/1.1" 200 40622
190.157.180.202 - - [24/Jul/2022:21:36:58 -0500] "GET /portaldeninos/wp-content/plugins/gallery-videos/CSS/Total-Soft-Gallery-Video-Widget.css?ver=4.9.8 HTTP/1.1" 200 51554
190.157.180.202 - - [24/Jul/2022:21:36:59 -0500] "GET /portaldeninos/wp-content/uploads/useanyfont/uaf.css?ver=1589905315 HTTP/1.1" 200 408
190.157.180.202 - - [24/Jul/2022:21:36:59 -0500] "GET /portaldeninos/wp-content/themes/betheme/style.css?ver=20.9.6 HTTP/1.1" 200 287
