207.46.13.20 - - [24/Jul/2022:05:39:13 -0500] "GET /Publicaciones/2022EE137203.pdf HTTP/1.1" 404 228
201.245.192.253 - - [24/Jul/2022:05:40:07 -0500] "POST /kwsrmcab/Wsrmcab HTTP/1.1" 500 253
201.245.192.253 - - [24/Jul/2022:05:40:07 -0500] "POST /kwsrmcab/Wsrmcab HTTP/1.1" 500 253
201.245.192.253 - - [24/Jul/2022:05:40:54 -0500] "POST /kwsrmcab/Wsrmcab  HTTP/1.1" 500 253
216.245.221.92 - - [24/Jul/2022:05:41:03 -0500] "HEAD / HTTP/1.1" 200 -
172.22.2.4 - - [24/Jul/2022:05:39:42 -0500] "HEAD /BLA/boletinlegal/ HTTP/1.1" 200 -
172.22.2.4 - - [24/Jul/2022:05:40:32 -0500] "GET /BLA/boletinlegal/ HTTP/1.1" 200 58122
172.22.2.4 - - [24/Jul/2022:05:44:52 -0500] "GET /BLA/boletinlegal/Circulares/2011/Circular%20No.%207%20del%2023%20de%20Diciembre%20de%202011.pdf HTTP/1.1" 304 -
172.22.2.4 - - [24/Jul/2022:05:45:38 -0500] "GET /BLA/boletinlegal/actos.php HTTP/1.1" 200 9559
113.206.177.163 - - [24/Jul/2022:05:45:38 -0500] "GET /portaldeninos/ HTTP/1.1" 200 109662
113.206.177.163 - - [24/Jul/2022:05:45:45 -0500] "GET /portaldeninos/contactanos/ HTTP/1.1" 200 88336
201.245.192.253 - - [24/Jul/2022:05:45:52 -0500] "POST /kwsrmcab/Wsrmcab  HTTP/1.1" 500 253
216.245.221.92 - - [24/Jul/2022:05:46:03 -0500] "HEAD / HTTP/1.1" 200 -
172.22.2.4 - - [24/Jul/2022:05:45:32 -0500] "HEAD /BLA/boletinlegal/ HTTP/1.1" 200 -
172.22.2.4 - - [24/Jul/2022:05:46:22 -0500] "GET /BLA/boletinlegal/ HTTP/1.1" 200 56911
201.245.192.253 - - [24/Jul/2022:05:50:51 -0500] "POST /kwsrmcab/Wsrmcab  HTTP/1.1" 500 253
216.245.221.92 - - [24/Jul/2022:05:51:03 -0500] "HEAD / HTTP/1.1" 200 -
172.22.2.4 - - [24/Jul/2022:05:51:22 -0500] "HEAD /BLA/boletinlegal/ HTTP/1.1" 200 -
172.22.2.4 - - [24/Jul/2022:05:52:12 -0500] "GET /BLA/boletinlegal/ HTTP/1.1" 200 58122
201.245.192.253 - - [24/Jul/2022:05:55:51 -0500] "POST /kwsrmcab/Wsrmcab  HTTP/1.1" 500 253
216.245.221.92 - - [24/Jul/2022:05:56:03 -0500] "HEAD / HTTP/1.1" 200 -
172.22.2.4 - - [24/Jul/2022:05:57:12 -0500] "HEAD /BLA/boletinlegal/ HTTP/1.1" 200 -
172.22.2.4 - - [24/Jul/2022:05:58:02 -0500] "GET /BLA/boletinlegal/ HTTP/1.1" 200 58122
201.245.192.253 - - [24/Jul/2022:06:00:49 -0500] "POST /kwsrmcab/Wsrmcab  HTTP/1.1" 500 253
216.245.221.92 - - [24/Jul/2022:06:01:03 -0500] "HEAD / HTTP/1.1" 200 -
172.22.2.4 - - [24/Jul/2022:06:03:02 -0500] "HEAD /BLA/boletinlegal/ HTTP/1.1" 200 -
172.22.2.4 - - [24/Jul/2022:06:03:52 -0500] "GET /BLA/boletinlegal/ HTTP/1.1" 200 58122
201.245.192.253 - - [24/Jul/2022:06:05:48 -0500] "POST /kwsrmcab/Wsrmcab  HTTP/1.1" 500 253
216.245.221.92 - - [24/Jul/2022:06:06:03 -0500] "HEAD / HTTP/1.1" 200 -
34.147.63.66 - - [24/Jul/2022:06:06:29 -0500] "GET / HTTP/1.1" 200 319
172.22.2.4 - - [24/Jul/2022:06:08:52 -0500] "HEAD /BLA/boletinlegal/ HTTP/1.1" 200 -
201.245.192.253 - - [24/Jul/2022:06:10:47 -0500] "POST /kwsrmcab/Wsrmcab  HTTP/1.1" 500 253
216.245.221.92 - - [24/Jul/2022:06:11:03 -0500] "HEAD / HTTP/1.1" 200 -
172.22.2.4 - - [24/Jul/2022:06:09:42 -0500] "GET /BLA/boletinlegal/ HTTP/1.1" 200 58866
185.119.81.109 - - [24/Jul/2022:06:14:28 -0500] "GET /portaldeninos/wp-login.php HTTP/1.1" 200 2592
185.119.81.109 - - [24/Jul/2022:06:14:29 -0500] "POST /portaldeninos/wp-login.php HTTP/1.1" 200 3650
201.245.192.253 - - [24/Jul/2022:06:15:46 -0500] "POST /kwsrmcab/Wsrmcab  HTTP/1.1" 500 253
65.112.30.162 - - [24/Jul/2022:06:15:53 -0500] "GET /.env HTTP/1.1" 404 1018
65.112.30.162 - - [24/Jul/2022:06:15:54 -0500] "POST / HTTP/1.1" 200 319
216.245.221.92 - - [24/Jul/2022:06:16:03 -0500] "HEAD / HTTP/1.1" 200 -
172.22.2.4 - - [24/Jul/2022:06:14:42 -0500] "HEAD /BLA/boletinlegal/ HTTP/1.1" 200 -
185.119.81.96 - - [24/Jul/2022:06:16:55 -0500] "GET /portaldeninos/wp-login.php HTTP/1.1" 200 2592
185.119.81.96 - - [24/Jul/2022:06:16:56 -0500] "POST /portaldeninos/wp-login.php HTTP/1.1" 200 3605
172.22.2.4 - - [24/Jul/2022:06:15:32 -0500] "GET /BLA/boletinlegal/ HTTP/1.1" 200 60410
45.33.80.237 - - [24/Jul/2022:06:19:51 -0500] "GET /galeria/galeria/jquery.fancybox.css?v=2.1.5 HTTP/1.1" 200 4895
45.33.80.237 - - [24/Jul/2022:06:19:51 -0500] "GET /BLA/boletinlegal/js/jquery.scrollShow.js HTTP/1.1" 200 4586
45.33.80.237 - - [24/Jul/2022:06:19:51 -0500] "GET /galeria/galeria/jquery.fancybox.js?v=2.1.5 HTTP/1.1" 200 48706
201.245.192.253 - - [24/Jul/2022:06:20:07 -0500] "POST /kwsrmcab/Wsrmcab HTTP/1.1" 500 253
201.245.192.253 - - [24/Jul/2022:06:20:07 -0500] "POST /kwsrmcab/Wsrmcab HTTP/1.1" 500 253
201.245.192.253 - - [24/Jul/2022:06:20:45 -0500] "POST /kwsrmcab/Wsrmcab  HTTP/1.1" 500 253
216.245.221.92 - - [24/Jul/2022:06:21:03 -0500] "HEAD / HTTP/1.1" 200 -
172.22.2.4 - - [24/Jul/2022:06:20:32 -0500] "HEAD /BLA/boletinlegal/ HTTP/1.1" 200 -
172.22.2.4 - - [24/Jul/2022:06:21:22 -0500] "GET /BLA/boletinlegal/ HTTP/1.1" 200 58122
172.22.2.4 - - [24/Jul/2022:06:23:32 -0500] "GET /BLA/boletinlegal/jurisprudencia/analisis/ANALISIST-672-14.docx HTTP/1.1" 304 -
201.245.192.253 - - [24/Jul/2022:06:25:43 -0500] "POST /kwsrmcab/Wsrmcab  HTTP/1.1" 500 253
216.245.221.92 - - [24/Jul/2022:06:26:03 -0500] "HEAD / HTTP/1.1" 200 -
172.22.2.4 - - [24/Jul/2022:06:26:22 -0500] "HEAD /BLA/boletinlegal/ HTTP/1.1" 200 -
172.22.2.4 - - [24/Jul/2022:06:27:13 -0500] "GET /BLA/boletinlegal/ HTTP/1.1" 200 58122
201.245.192.253 - - [24/Jul/2022:06:30:07 -0500] "POST /kwsrmcab/Wsrmcab HTTP/1.1" 500 253
201.245.192.253 - - [24/Jul/2022:06:30:07 -0500] "POST /kwsrmcab/Wsrmcab HTTP/1.1" 500 253
201.245.192.253 - - [24/Jul/2022:06:30:43 -0500] "POST /kwsrmcab/Wsrmcab  HTTP/1.1" 500 253
216.245.221.92 - - [24/Jul/2022:06:31:03 -0500] "HEAD / HTTP/1.1" 200 -
172.22.2.4 - - [24/Jul/2022:06:31:09 -0500] "GET /BLA/boletinlegal/.env HTTP/1.1" 404 1018
172.22.2.4 - - [24/Jul/2022:06:32:12 -0500] "HEAD /BLA/boletinlegal/ HTTP/1.1" 200 -
172.22.2.4 - - [24/Jul/2022:06:33:02 -0500] "GET /BLA/boletinlegal/ HTTP/1.1" 200 52826
201.245.192.253 - - [24/Jul/2022:06:35:41 -0500] "POST /kwsrmcab/Wsrmcab  HTTP/1.1" 500 253
216.245.221.92 - - [24/Jul/2022:06:36:03 -0500] "HEAD / HTTP/1.1" 200 -
172.22.2.4 - - [24/Jul/2022:06:38:02 -0500] "HEAD /BLA/boletinlegal/ HTTP/1.1" 200 -
201.245.192.253 - - [24/Jul/2022:06:40:07 -0500] "POST /kwsrmcab/Wsrmcab HTTP/1.1" 500 253
201.245.192.253 - - [24/Jul/2022:06:40:07 -0500] "POST /kwsrmcab/Wsrmcab HTTP/1.1" 500 253
172.22.2.4 - - [24/Jul/2022:06:38:52 -0500] "GET /BLA/boletinlegal/ HTTP/1.1" 200 52826
201.245.192.253 - - [24/Jul/2022:06:40:40 -0500] "POST /kwsrmcab/Wsrmcab  HTTP/1.1" 500 253
216.245.221.92 - - [24/Jul/2022:06:41:03 -0500] "HEAD / HTTP/1.1" 200 -
172.22.2.4 - - [24/Jul/2022:06:44:20 -0500] "GET /BLA/boletinlegal/Circulares/2011/Circular%20No.%203%20del%2016%20de%20Junio%20de%202011.pdf HTTP/1.1" 304 -
192.241.215.223 - - [24/Jul/2022:06:44:53 -0500] "GET /portal/redlion HTTP/1.1" 404 1018
192.241.222.223 - - [24/Jul/2022:06:45:13 -0500] "GET /actuator/health HTTP/1.1" 404 1018
172.22.2.4 - - [24/Jul/2022:06:43:52 -0500] "HEAD /BLA/boletinlegal/ HTTP/1.1" 200 -
201.245.192.253 - - [24/Jul/2022:06:45:40 -0500] "POST /kwsrmcab/Wsrmcab  HTTP/1.1" 500 253
216.245.221.92 - - [24/Jul/2022:06:46:03 -0500] "HEAD / HTTP/1.1" 200 -
172.22.2.4 - - [24/Jul/2022:06:44:42 -0500] "GET /BLA/boletinlegal/ HTTP/1.1" 200 52826
201.245.192.253 - - [24/Jul/2022:06:50:38 -0500] "POST /kwsrmcab/Wsrmcab  HTTP/1.1" 500 253
216.245.221.92 - - [24/Jul/2022:06:51:03 -0500] "HEAD / HTTP/1.1" 200 -
40.77.167.101 - - [24/Jul/2022:06:51:12 -0500] "-" 408 -
172.22.2.4 - - [24/Jul/2022:06:49:42 -0500] "HEAD /BLA/boletinlegal/ HTTP/1.1" 200 -
172.22.2.4 - - [24/Jul/2022:06:50:32 -0500] "GET /BLA/boletinlegal/ HTTP/1.1" 200 58122
23.251.102.74 - - [24/Jul/2022:06:53:51 -0500] "GET / HTTP/1.1" 200 319
201.245.192.253 - - [24/Jul/2022:06:55:38 -0500] "POST /kwsrmcab/Wsrmcab  HTTP/1.1" 500 253
216.245.221.92 - - [24/Jul/2022:06:56:03 -0500] "HEAD / HTTP/1.1" 200 -
172.22.2.4 - - [24/Jul/2022:06:55:32 -0500] "HEAD /BLA/boletinlegal/ HTTP/1.1" 200 -
172.22.2.4 - - [24/Jul/2022:06:56:22 -0500] "GET /BLA/boletinlegal/ HTTP/1.1" 200 57699
201.245.192.253 - - [24/Jul/2022:07:00:37 -0500] "POST /kwsrmcab/Wsrmcab  HTTP/1.1" 500 253
216.245.221.92 - - [24/Jul/2022:07:01:03 -0500] "HEAD / HTTP/1.1" 200 -
66.249.81.252 - - [24/Jul/2022:07:01:29 -0500] "GET /galeria/mapa/humedal2017.jpg HTTP/1.1" 200 644667
172.22.2.4 - - [24/Jul/2022:07:01:22 -0500] "HEAD /BLA/boletinlegal/ HTTP/1.1" 200 -
172.22.2.4 - - [24/Jul/2022:07:02:12 -0500] "GET /BLA/boletinlegal/ HTTP/1.1" 200 58122
173.252.127.116 - - [24/Jul/2022:07:04:23 -0500] "GET /acercar-programa-del-distrito-para-ayudar-a-las-empresas-a-crecer-de-manera-sostenible.html HTTP/1.1" 206 979
201.245.192.253 - - [24/Jul/2022:07:05:36 -0500] "POST /kwsrmcab/Wsrmcab  HTTP/1.1" 500 253
216.245.221.92 - - [24/Jul/2022:07:06:03 -0500] "HEAD / HTTP/1.1" 200 -
172.22.2.4 - - [24/Jul/2022:07:07:12 -0500] "HEAD /BLA/boletinlegal/ HTTP/1.1" 200 -
172.22.2.4 - - [24/Jul/2022:07:08:02 -0500] "GET /BLA/boletinlegal/ HTTP/1.1" 200 58491
201.245.192.253 - - [24/Jul/2022:07:10:35 -0500] "POST /kwsrmcab/Wsrmcab  HTTP/1.1" 500 253
216.245.221.92 - - [24/Jul/2022:07:11:03 -0500] "HEAD / HTTP/1.1" 200 -
172.22.2.4 - - [24/Jul/2022:07:13:02 -0500] "HEAD /BLA/boletinlegal/ HTTP/1.1" 200 -
172.22.2.4 - - [24/Jul/2022:07:13:52 -0500] "GET /BLA/boletinlegal/ HTTP/1.1" 200 58491
201.245.192.253 - - [24/Jul/2022:07:15:33 -0500] "POST /kwsrmcab/Wsrmcab  HTTP/1.1" 500 253
216.245.221.92 - - [24/Jul/2022:07:16:03 -0500] "HEAD / HTTP/1.1" 200 -
172.22.2.4 - - [24/Jul/2022:07:16:23 -0500] "GET /BLA/boletinlegal/Circulares/2011/Circular%20No.%207%20del%2015%20de%20Septiembre%20de%202011.pdf HTTP/1.1" 200 314873
185.119.81.101 - - [24/Jul/2022:07:18:33 -0500] "GET /portaldeninos/wp-login.php HTTP/1.1" 200 2592
185.119.81.101 - - [24/Jul/2022:07:18:34 -0500] "POST /portaldeninos/wp-login.php HTTP/1.1" 200 3605
201.245.192.253 - - [24/Jul/2022:07:20:07 -0500] "POST /kwsrmcab/Wsrmcab HTTP/1.1" 500 253
201.245.192.253 - - [24/Jul/2022:07:20:07 -0500] "POST /kwsrmcab/Wsrmcab HTTP/1.1" 500 253
201.245.192.253 - - [24/Jul/2022:07:20:32 -0500] "POST /kwsrmcab/Wsrmcab  HTTP/1.1" 500 253
172.22.2.4 - - [24/Jul/2022:07:18:52 -0500] "HEAD /BLA/boletinlegal/ HTTP/1.1" 200 -
216.245.221.92 - - [24/Jul/2022:07:21:03 -0500] "HEAD / HTTP/1.1" 200 -
172.22.2.4 - - [24/Jul/2022:07:19:42 -0500] "GET /BLA/boletinlegal/ HTTP/1.1" 200 53903
201.245.192.253 - - [24/Jul/2022:07:25:30 -0500] "POST /kwsrmcab/Wsrmcab  HTTP/1.1" 500 253
216.245.221.92 - - [24/Jul/2022:07:26:03 -0500] "HEAD / HTTP/1.1" 200 -
172.22.2.4 - - [24/Jul/2022:07:24:42 -0500] "HEAD /BLA/boletinlegal/ HTTP/1.1" 200 -
172.22.2.4 - - [24/Jul/2022:07:25:32 -0500] "GET /BLA/boletinlegal/ HTTP/1.1" 200 52826
201.245.192.253 - - [24/Jul/2022:07:30:06 -0500] "GET /kwsrmcab/Wsrmcab?wsdl HTTP/1.1" 200 6948
201.245.192.253 - - [24/Jul/2022:07:30:07 -0500] "POST /kwsrmcab/Wsrmcab HTTP/1.1" 500 253
201.245.192.253 - - [24/Jul/2022:07:30:07 -0500] "POST /kwsrmcab/Wsrmcab HTTP/1.1" 500 253
201.245.192.253 - - [24/Jul/2022:07:30:29 -0500] "POST /kwsrmcab/Wsrmcab  HTTP/1.1" 500 253
185.119.81.109 - - [24/Jul/2022:07:30:54 -0500] "GET /portaldeninos/wp-login.php HTTP/1.1" 200 2592
185.119.81.109 - - [24/Jul/2022:07:30:55 -0500] "POST /portaldeninos/wp-login.php HTTP/1.1" 200 3670
216.245.221.92 - - [24/Jul/2022:07:31:03 -0500] "HEAD / HTTP/1.1" 200 -
185.119.81.96 - - [24/Jul/2022:07:31:10 -0500] "GET /portaldeninos/wp-login.php HTTP/1.1" 200 2592
185.119.81.96 - - [24/Jul/2022:07:31:11 -0500] "POST /portaldeninos/wp-login.php HTTP/1.1" 200 3670
172.22.2.4 - - [24/Jul/2022:07:30:32 -0500] "HEAD /BLA/boletinlegal/ HTTP/1.1" 200 -
172.22.2.4 - - [24/Jul/2022:07:31:22 -0500] "GET /BLA/boletinlegal/ HTTP/1.1" 200 58866
207.46.13.14 - - [24/Jul/2022:07:35:05 -0500] "GET /portaldeninos/ HTTP/1.1" 200 109662
157.55.39.145 - - [24/Jul/2022:07:35:19 -0500] "GET /portaldeninos/wp-content/plugins/popup-maker/assets/js/site.min.js?defer&ver=1.8.14 HTTP/1.1" 200 48457
207.46.13.92 - - [24/Jul/2022:07:35:21 -0500] "GET /portaldeninos/wp-content/themes/betheme/style.css?ver=20.9.6 HTTP/1.1" 200 287
157.55.39.161 - - [24/Jul/2022:07:35:22 -0500] "GET /portaldeninos/wp-content/plugins/gallery-videos/CSS/Total-Soft-Gallery-Video-Widget.css?ver=4.9.8 HTTP/1.1" 200 51554
40.77.167.22 - - [24/Jul/2022:07:35:24 -0500] "GET /portaldeninos/wp-content/plugins/gallery-videos/CSS/totalsoft.css?ver=4.9.8 HTTP/1.1" 200 40622
157.55.39.161 - - [24/Jul/2022:07:35:24 -0500] "GET /portaldeninos/wp-content/plugins/gallery-videos/JS/modernizr.custom.js?ver=4.9.8 HTTP/1.1" 200 9019
40.77.167.22 - - [24/Jul/2022:07:35:26 -0500] "GET /portaldeninos/wp-content/themes/betheme/assets/ui/jquery.ui.all.css?ver=20.9.6 HTTP/1.1" 200 18765
157.55.39.161 - - [24/Jul/2022:07:35:27 -0500] "GET /portaldeninos/wp-content/plugins/popup-maker/assets/css/site.min.css?ver=1.8.14 HTTP/1.1" 200 8260
207.46.13.14 - - [24/Jul/2022:07:35:28 -0500] "GET /portaldeninos/wp-content/themes/betheme/assets/jplayer/jplayer.min.js?ver=20.9.6 HTTP/1.1" 200 52702
201.245.192.253 - - [24/Jul/2022:07:35:28 -0500] "POST /kwsrmcab/Wsrmcab  HTTP/1.1" 500 253
40.77.167.22 - - [24/Jul/2022:07:35:29 -0500] "GET /portaldeninos/wp-content/themes/betheme/css/layout.css?ver=20.9.6 HTTP/1.1" 200 116639
157.55.39.161 - - [24/Jul/2022:07:35:30 -0500] "GET /portaldeninos/wp-content/themes/betheme/assets/jplayer/css/jplayer.blue.monday.css?ver=20.9.6 HTTP/1.1" 200 9834
207.46.13.14 - - [24/Jul/2022:07:35:30 -0500] "GET /portaldeninos/wp-content/themes/betheme/fonts/mfn-icons.ttf?93978679 HTTP/1.1" 200 124684
40.77.167.22 - - [24/Jul/2022:07:35:32 -0500] "GET /portaldeninos/wp-content/themes/betheme/js/scripts.js?ver=20.9.6 HTTP/1.1" 200 77162
157.55.39.161 - - [24/Jul/2022:07:35:34 -0500] "GET /portaldeninos/wp-content/themes/betheme/css/responsive.css?ver=20.9.6 HTTP/1.1" 200 55740
207.46.13.14 - - [24/Jul/2022:07:35:33 -0500] "GET /portaldeninos/wp-content/themes/betheme/js/plugins.js?ver=20.9.6 HTTP/1.1" 200 197151
157.55.39.50 - - [24/Jul/2022:07:35:34 -0500] "GET /portaldeninos/wp-content/themes/betheme/assets/animations/animations.min.css?ver=20.9.6 HTTP/1.1" 200 58508
40.77.167.22 - - [24/Jul/2022:07:35:35 -0500] "GET /portaldeninos/wp-content/uploads/useanyfont/uaf.css?ver=1589905315 HTTP/1.1" 200 408
157.55.39.161 - - [24/Jul/2022:07:35:36 -0500] "GET /portaldeninos/wp-includes/js/jquery/jquery-migrate.min.js?ver=1.4.1 HTTP/1.1" 200 10056
207.46.13.14 - - [24/Jul/2022:07:35:37 -0500] "GET /portaldeninos/wp-includes/js/wp-emoji-release.min.js?ver=4.9.8 HTTP/1.1" 200 12026
157.55.39.50 - - [24/Jul/2022:07:35:37 -0500] "GET /portaldeninos/wp-includes/js/jquery/ui/accordion.min.js?ver=1.11.4 HTTP/1.1" 200 8584
157.55.39.161 - - [24/Jul/2022:07:35:39 -0500] "GET /portaldeninos/wp-includes/js/jquery/ui/position.min.js?ver=1.11.4 HTTP/1.1" 200 6527
157.55.39.50 - - [24/Jul/2022:07:35:40 -0500] "GET /portaldeninos/wp-includes/js/wp-embed.min.js?ver=4.9.8 HTTP/1.1" 200 1398
157.55.39.145 - - [24/Jul/2022:07:35:22 -0500] "GET /portaldeninos/wp-content/uploads/2022/01/Conoce-lo-que-hace-la-Secretar%C3%ADa-de-Ambiente.mp4 HTTP/1.1" 200 6599959
157.55.39.145 - - [24/Jul/2022:07:35:49 -0500] "GET /portaldeninos/wp-includes/js/jquery/ui/tabs.min.js?ver=1.11.4 HTTP/1.1" 200 12110
207.46.13.92 - - [24/Jul/2022:07:36:01 -0500] "GET /portaldeninos/wp-includes/js/jquery/ui/core.min.js?ver=1.11.4 HTTP/1.1" 200 4000
207.46.13.92 - - [24/Jul/2022:07:35:23 -0500] "GET /portaldeninos/wp-content/uploads/2019/06/CabezoteAMBIENTIC.mp4 HTTP/1.1" 200 10753389
216.245.221.92 - - [24/Jul/2022:07:36:03 -0500] "HEAD / HTTP/1.1" 200 -
172.22.2.4 - - [24/Jul/2022:07:36:22 -0500] "HEAD /BLA/boletinlegal/ HTTP/1.1" 200 -
172.22.2.4 - - [24/Jul/2022:07:37:12 -0500] "GET /BLA/boletinlegal/ HTTP/1.1" 200 58866
201.245.192.253 - - [24/Jul/2022:07:40:07 -0500] "POST /kwsrmcab/Wsrmcab HTTP/1.1" 500 253
201.245.192.253 - - [24/Jul/2022:07:40:07 -0500] "POST /kwsrmcab/Wsrmcab HTTP/1.1" 500 253
201.245.192.253 - - [24/Jul/2022:07:40:28 -0500] "POST /kwsrmcab/Wsrmcab  HTTP/1.1" 500 253
216.245.221.92 - - [24/Jul/2022:07:41:03 -0500] "HEAD / HTTP/1.1" 200 -
172.22.2.4 - - [24/Jul/2022:07:42:12 -0500] "HEAD /BLA/boletinlegal/ HTTP/1.1" 200 -
172.22.2.4 - - [24/Jul/2022:07:43:02 -0500] "GET /BLA/boletinlegal/ HTTP/1.1" 200 59364
201.245.192.253 - - [24/Jul/2022:07:45:26 -0500] "POST /kwsrmcab/Wsrmcab  HTTP/1.1" 500 253
216.245.221.92 - - [24/Jul/2022:07:46:03 -0500] "HEAD / HTTP/1.1" 200 -
172.22.2.4 - - [24/Jul/2022:07:48:02 -0500] "HEAD /BLA/boletinlegal/ HTTP/1.1" 200 -
172.22.2.4 - - [24/Jul/2022:07:49:54 -0500] "GET /BLA/boletinlegal/jurisprudencia/analisis/G__Jurisp.%20Junio%202014_ANALISIS%20JURISPRUDENCIA%20C-634-12%20DECOMISO.docx HTTP/1.1" 304 -
201.245.192.253 - - [24/Jul/2022:07:50:25 -0500] "POST /kwsrmcab/Wsrmcab  HTTP/1.1" 500 253
172.22.2.4 - - [24/Jul/2022:07:48:52 -0500] "GET /BLA/boletinlegal/ HTTP/1.1" 200 60410
216.245.221.92 - - [24/Jul/2022:07:51:03 -0500] "HEAD / HTTP/1.1" 200 -
40.77.188.109 - - [24/Jul/2022:07:51:17 -0500] "GET /portaldeninos/wp-json/pum/v1/analytics/?event=open&pid=1126&_cache=1658666966612 HTTP/1.1" 204 -
201.245.192.253 - - [24/Jul/2022:07:55:24 -0500] "POST /kwsrmcab/Wsrmcab  HTTP/1.1" 500 253
172.22.2.4 - - [24/Jul/2022:07:53:52 -0500] "HEAD /BLA/boletinlegal/ HTTP/1.1" 200 -
216.245.221.92 - - [24/Jul/2022:07:56:03 -0500] "HEAD / HTTP/1.1" 200 -
172.22.2.4 - - [24/Jul/2022:07:54:42 -0500] "GET /BLA/boletinlegal/ HTTP/1.1" 200 60410
113.206.177.163 - - [24/Jul/2022:07:59:54 -0500] "GET /portaldeninos/humedal-tibanica-2/ HTTP/1.1" 200 87972
201.245.192.253 - - [24/Jul/2022:08:00:23 -0500] "POST /kwsrmcab/Wsrmcab  HTTP/1.1" 500 253
216.245.221.92 - - [24/Jul/2022:08:01:03 -0500] "HEAD / HTTP/1.1" 200 -
185.119.81.101 - - [24/Jul/2022:08:01:03 -0500] "GET /portaldeninos/wp-login.php HTTP/1.1" 200 2592
185.119.81.101 - - [24/Jul/2022:08:01:04 -0500] "POST /portaldeninos/wp-login.php HTTP/1.1" 200 3650
172.22.2.4 - - [24/Jul/2022:07:59:42 -0500] "HEAD /BLA/boletinlegal/ HTTP/1.1" 200 -
172.22.2.4 - - [24/Jul/2022:08:00:48 -0500] "GET /BLA/boletinlegal/ HTTP/1.1" 200 32715
172.22.2.4 - - [24/Jul/2022:08:00:32 -0500] "GET /BLA/boletinlegal/ HTTP/1.1" 200 54359
13.66.139.14 - - [24/Jul/2022:08:03:58 -0500] "GET /BLA/resoluciones/RESOLUCIONES%202014/2521.pdf HTTP/1.1" 200 783513
201.245.192.253 - - [24/Jul/2022:08:05:23 -0500] "POST /kwsrmcab/Wsrmcab  HTTP/1.1" 500 253
216.245.221.92 - - [24/Jul/2022:08:06:03 -0500] "HEAD / HTTP/1.1" 200 -
172.22.2.4 - - [24/Jul/2022:08:05:32 -0500] "HEAD /BLA/boletinlegal/ HTTP/1.1" 200 -
172.22.2.4 - - [24/Jul/2022:08:06:22 -0500] "GET /BLA/boletinlegal/ HTTP/1.1" 200 59364
201.245.192.253 - - [24/Jul/2022:08:10:22 -0500] "POST /kwsrmcab/Wsrmcab  HTTP/1.1" 500 253
216.245.221.92 - - [24/Jul/2022:08:11:03 -0500] "HEAD / HTTP/1.1" 200 -
157.55.39.98 - - [24/Jul/2022:08:11:36 -0500] "GET /sipse/faces/faces/autenticacion.xhtml HTTP/1.1" 200 12493
172.22.2.4 - - [24/Jul/2022:08:11:22 -0500] "HEAD /BLA/boletinlegal/ HTTP/1.1" 200 -
172.22.2.4 - - [24/Jul/2022:08:12:12 -0500] "GET /BLA/boletinlegal/ HTTP/1.1" 200 58491
193.118.53.210 - - [24/Jul/2022:08:14:00 -0500] "GET / HTTP/1.1" 200 319
201.245.192.253 - - [24/Jul/2022:08:15:21 -0500] "POST /kwsrmcab/Wsrmcab  HTTP/1.1" 500 253
216.245.221.92 - - [24/Jul/2022:08:16:03 -0500] "HEAD / HTTP/1.1" 200 -
201.245.192.253 - - [24/Jul/2022:08:17:14 -0500] "POST /kwsrmcab/Wsrmcab  HTTP/1.1" 500 253
128.1.248.42 - - [24/Jul/2022:08:17:42 -0500] "GET / HTTP/1.1" 200 319
201.245.192.253 - - [24/Jul/2022:08:17:43 -0500] "POST /kwsrmcab/Wsrmcab  HTTP/1.1" 500 325
201.245.192.253 - - [24/Jul/2022:08:17:59 -0500] "POST /kwsrmcab/Wsrmcab  HTTP/1.1" 500 325
173.252.79.22 - - [24/Jul/2022:08:18:51 -0500] "GET /images/eficiencia-energetica-11-marzo.jpg HTTP/1.1" 200 46478
172.22.2.4 - - [24/Jul/2022:08:17:12 -0500] "HEAD /BLA/boletinlegal/ HTTP/1.1" 200 -
172.22.2.4 - - [24/Jul/2022:08:19:12 -0500] "GET /BLA/boletinlegal/robots.txt HTTP/1.1" 404 1038
172.22.2.4 - - [24/Jul/2022:08:18:02 -0500] "GET /BLA/boletinlegal/ HTTP/1.1" 200 53187
201.245.192.253 - - [24/Jul/2022:08:20:07 -0500] "POST /kwsrmcab/Wsrmcab HTTP/1.1" 500 253
201.245.192.253 - - [24/Jul/2022:08:20:07 -0500] "POST /kwsrmcab/Wsrmcab HTTP/1.1" 500 253
201.245.192.253 - - [24/Jul/2022:08:20:20 -0500] "POST /kwsrmcab/Wsrmcab  HTTP/1.1" 500 253
172.22.2.4 - - [24/Jul/2022:08:19:13 -0500] "GET /BLA/boletinlegal/index.php HTTP/1.1" 200 53195
216.245.221.92 - - [24/Jul/2022:08:21:03 -0500] "HEAD / HTTP/1.1" 200 -
172.22.2.4 - - [24/Jul/2022:08:20:13 -0500] "GET /BLA/boletinlegal/index.php HTTP/1.1" 200 49099
173.252.107.13 - - [24/Jul/2022:08:23:25 -0500] "GET /quieres-saber-como-ahorrar-energia-en-tu-empresa-secretaria-de-ambiente-lanza-guia-que-te-ayudara.html HTTP/1.1" 206 998
173.252.107.116 - - [24/Jul/2022:08:23:25 -0500] "GET /elabora-tu-jardin-vertical-y-contribuye-a-mitigar-los-efectos-del-cambio-climatico.html HTTP/1.1" 206 985
173.252.107.11 - - [24/Jul/2022:08:23:25 -0500] "GET /bogota-se-alista-para-la-feria-de-emprendimiento-verde.html HTTP/1.1" 206 862
40.77.167.65 - - [24/Jul/2022:08:24:32 -0500] "GET /BLA/boletinlegal/actos.php HTTP/1.1" 200 9559
207.46.13.188 - - [24/Jul/2022:08:24:39 -0500] "GET /BLA/boletinlegal/js/lib.js HTTP/1.1" 200 6474
172.22.2.4 - - [24/Jul/2022:08:23:02 -0500] "HEAD /BLA/boletinlegal/ HTTP/1.1" 200 -
207.46.13.29 - - [24/Jul/2022:08:24:44 -0500] "GET /BLA/boletinlegal/niceforms-default.css HTTP/1.1" 200 6694
157.55.39.98 - - [24/Jul/2022:08:24:46 -0500] "GET /BLA/boletinlegal/js/jquery1.js HTTP/1.1" 200 29846
207.46.13.20 - - [24/Jul/2022:08:24:46 -0500] "GET /BLA/boletinlegal/js/ajax_actos.js HTTP/1.1" 200 1322
207.46.13.29 - - [24/Jul/2022:08:24:47 -0500] "GET /BLA/boletinlegal/styles2.css HTTP/1.1" 200 1838
207.46.13.188 - - [24/Jul/2022:08:24:48 -0500] "GET /BLA/boletinlegal/niceforms.js HTTP/1.1" 200 22876
157.55.39.98 - - [24/Jul/2022:08:24:48 -0500] "GET /BLA/boletinlegal/js/popup.js HTTP/1.1" 200 1270
207.46.13.188 - - [24/Jul/2022:08:24:50 -0500] "GET /sipse/faces/autenticacion.xhtml HTTP/1.1" 200 12493
157.55.39.98 - - [24/Jul/2022:08:24:51 -0500] "GET /BLA/boletinlegal/style.css HTTP/1.1" 200 9406
201.245.192.253 - - [24/Jul/2022:08:25:18 -0500] "POST /kwsrmcab/Wsrmcab  HTTP/1.1" 500 253
172.22.2.4 - - [24/Jul/2022:08:23:52 -0500] "GET /BLA/boletinlegal/ HTTP/1.1" 200 58491
216.245.221.92 - - [24/Jul/2022:08:26:03 -0500] "HEAD / HTTP/1.1" 200 -
173.252.107.21 - - [24/Jul/2022:08:29:07 -0500] "GET /images/pieza-mujeres-reverdecen-4-abril.jpg HTTP/1.1" 200 48916
201.245.192.253 - - [24/Jul/2022:08:30:06 -0500] "POST /kwsrmcab/Wsrmcab HTTP/1.1" 500 253
201.245.192.253 - - [24/Jul/2022:08:30:06 -0500] "POST /kwsrmcab/Wsrmcab HTTP/1.1" 500 253
201.245.192.253 - - [24/Jul/2022:08:30:16 -0500] "POST /kwsrmcab/Wsrmcab  HTTP/1.1" 500 253
40.77.167.22 - - [24/Jul/2022:08:30:29 -0500] "GET /portaldeninos/humedal-el-tunjo/ HTTP/1.1" 200 87862
172.22.2.4 - - [24/Jul/2022:08:28:52 -0500] "HEAD /BLA/boletinlegal/ HTTP/1.1" 200 -
216.245.221.92 - - [24/Jul/2022:08:31:03 -0500] "HEAD / HTTP/1.1" 200 -
172.22.2.4 - - [24/Jul/2022:08:29:42 -0500] "GET /BLA/boletinlegal/ HTTP/1.1" 200 60410
201.245.192.253 - - [24/Jul/2022:08:31:53 -0500] "POST /kwsrmcab/Wsrmcab HTTP/1.1" 500 253
201.245.192.253 - - [24/Jul/2022:08:32:05 -0500] "POST /kwsrmcab/Wsrmcab HTTP/1.1" 500 253
200.118.61.74 - - [24/Jul/2022:08:33:27 -0500] "GET /forest/ HTTP/1.1" 200 12041
200.118.61.74 - - [24/Jul/2022:08:33:43 -0500] "POST /forest/index.php HTTP/1.1" 200 12268
201.245.192.253 - - [24/Jul/2022:08:35:15 -0500] "POST /kwsrmcab/Wsrmcab  HTTP/1.1" 500 253
216.245.221.92 - - [24/Jul/2022:08:36:03 -0500] "HEAD / HTTP/1.1" 200 -
172.22.2.4 - - [24/Jul/2022:08:34:42 -0500] "HEAD /BLA/boletinlegal/ HTTP/1.1" 200 -
172.22.2.4 - - [24/Jul/2022:08:35:32 -0500] "GET /BLA/boletinlegal/ HTTP/1.1" 200 58122
201.245.192.253 - - [24/Jul/2022:08:39:57 -0500] "POST /kwsrmcab/Wsrmcab HTTP/1.1" 500 253
201.245.192.253 - - [24/Jul/2022:08:40:07 -0500] "POST /kwsrmcab/Wsrmcab HTTP/1.1" 500 253
201.245.192.253 - - [24/Jul/2022:08:40:07 -0500] "POST /kwsrmcab/Wsrmcab HTTP/1.1" 500 253
201.245.192.253 - - [24/Jul/2022:08:40:07 -0500] "POST /kwsrmcab/Wsrmcab HTTP/1.1" 500 253
201.245.192.253 - - [24/Jul/2022:08:40:14 -0500] "POST /kwsrmcab/Wsrmcab  HTTP/1.1" 500 253
201.245.192.253 - - [24/Jul/2022:08:40:22 -0500] "POST /kwsrmcab/Wsrmcab HTTP/1.1" 500 239
201.245.192.253 - - [24/Jul/2022:08:40:29 -0500] "POST /kwsrmcab/Wsrmcab HTTP/1.1" 500 253
216.245.221.92 - - [24/Jul/2022:08:41:03 -0500] "HEAD / HTTP/1.1" 200 -
35.204.216.164 - - [24/Jul/2022:08:41:22 -0500] "GET / HTTP/1.1" 200 319
172.22.2.4 - - [24/Jul/2022:08:40:32 -0500] "HEAD /BLA/boletinlegal/ HTTP/1.1" 200 -
172.22.2.4 - - [24/Jul/2022:08:41:22 -0500] "GET /BLA/boletinlegal/ HTTP/1.1" 200 56911
201.245.192.253 - - [24/Jul/2022:08:45:13 -0500] "POST /kwsrmcab/Wsrmcab  HTTP/1.1" 500 253
216.245.221.92 - - [24/Jul/2022:08:46:03 -0500] "HEAD / HTTP/1.1" 200 -
172.22.2.4 - - [24/Jul/2022:08:44:39 -0500] "GET /BLA/boletinlegal/ HTTP/1.1" 200 63238
185.119.81.102 - - [24/Jul/2022:08:47:04 -0500] "GET /portaldeninos/wp-login.php HTTP/1.1" 200 2592
185.119.81.102 - - [24/Jul/2022:08:47:05 -0500] "POST /portaldeninos/wp-login.php HTTP/1.1" 200 3650
172.22.2.4 - - [24/Jul/2022:08:46:22 -0500] "HEAD /BLA/boletinlegal/ HTTP/1.1" 200 -
172.22.2.4 - - [24/Jul/2022:08:47:12 -0500] "GET /BLA/boletinlegal/ HTTP/1.1" 200 56279
201.245.192.253 - - [24/Jul/2022:08:50:12 -0500] "POST /kwsrmcab/Wsrmcab  HTTP/1.1" 500 253
201.245.192.253 - - [24/Jul/2022:08:50:15 -0500] "POST /kwsrmcab/Wsrmcab HTTP/1.1" 500 253
216.245.221.92 - - [24/Jul/2022:08:51:03 -0500] "HEAD / HTTP/1.1" 200 -
201.245.192.253 - - [24/Jul/2022:08:51:47 -0500] "POST /kwsrmcab/Wsrmcab HTTP/1.1" 500 253
201.245.192.253 - - [24/Jul/2022:08:51:55 -0500] "POST /kwsrmcab/Wsrmcab HTTP/1.1" 500 253
172.22.2.4 - - [24/Jul/2022:08:52:12 -0500] "HEAD /BLA/boletinlegal/ HTTP/1.1" 200 -
172.22.2.4 - - [24/Jul/2022:08:53:58 -0500] "GET /BLA/boletinlegal/ HTTP/1.1" 200 20427
172.22.2.4 - - [24/Jul/2022:08:53:02 -0500] "GET /BLA/boletinlegal/ HTTP/1.1" 200 49236
172.22.2.4 - - [24/Jul/2022:08:53:58 -0500] "GET /BLA/boletinlegal/ HTTP/1.1" 200 32715
201.245.192.253 - - [24/Jul/2022:08:55:11 -0500] "POST /kwsrmcab/Wsrmcab  HTTP/1.1" 500 253
216.245.221.92 - - [24/Jul/2022:08:56:03 -0500] "HEAD / HTTP/1.1" 200 -
172.22.2.4 - - [24/Jul/2022:08:56:56 -0500] "GET /BLA/boletinlegal/Circulares/2010/Circular%2003%20de%2015%20de%20marzo%20de%202010.pdf HTTP/1.1" 200 299174
186.102.8.103 - - [24/Jul/2022:08:58:56 -0500] "GET /kwssiamovil/sm/ldap/au?x=U2FsdGVkX1/YJ4vCw7HHs4NDgbsIYeO8vpi85XykQn0j7KKxsKrLSferQOgbInVi&y=U2FsdGVkX1+hN5ViYMw9CmBmdluftj9VJJ8jfiEaKXw= HTTP/1.1" 200 30
186.102.8.103 - - [24/Jul/2022:08:58:56 -0500] "GET /kwssiamovil/sm/acme/s?s=U2FsdGVkX19+8+0enKx3vN6yLmaNJgV5C8iZcf3k/UlShJlRuDWE0ZcgqhyrQqXi5wBV1Hf9bFgzNPYM4ZxMeHJMXwbkeftEN2TI6hEQh1c=&u=U2FsdGVkX19sn/qYWpEz1zyVls81OhfUa7cJi0W+LAs=&y=U2FsdGVkX1+hN5ViYMw9CmBmdluftj9VJJ8jfiEaKXw= HTTP/1.1" 200 97
186.102.8.103 - - [24/Jul/2022:08:58:56 -0500] "GET /kwssiamovil/sm/acme/s?s=U2FsdGVkX1/d3c0XgzJrwUuVmwZ7OB4fAPCyC3bh4QKdpnkss1MyjndbChavLB+pkhSQEqbWk74UHYaIBL8DjLBDA9yf7eWYvH7xwSKDXQ0Bh6+iFklkN2VGPGHqTUVg0PjIZETiiF0sF9Cypfzy5N8GIe2C1XW1d2RMYn0j/LdK3nyvtoCiX6tsJmnyG9goi4b7RRPIPco/Tz+SeqJIRt7Bjvp/J9ky3REal17pYVYlQvfTuK2CVwgaqS/ojoc4tVmR1WA2OpJfYAaY57ubZTmALzKIo4ZWKlAw/JpnKyPvUdRQM8yuWckbkAm3vtFwob6Kz3wNCytwaCloRE9li9vauhDTkmldlDw8FLb6jV1cNeLlOhA+oGyG6AljU2oRyoeY1ewLlynH4oiGL0vZwXuDBa4CTKZ8F29tInpLqAqooWuFk7XEbShjR+m3I9H8Jz438y7jZi5TNhkuprJ2SLEBHRF/pTO1ej4M5UifTvo/LoDmZS/a1dvaR3F8TlE9NQOVLNLcCqSXLyfnQI8h8nwI6XuhCj0f3oULyccqeoNeToq1MlLojSnmolRMxZ4NkPZaVr/iow/R8+rR3J6DFrX4RSXr9EmM0lLH4buApwWa0sOB/KNjKw140jCfYDKerG01d95aU2BSCMwN/ZmfVema/rPa4aKoQ+IDpKqyYccNGYJbkKp0Z3+s2jzmjBWqK6YUE3Ed2ELf+4PPfDbWVbQbVs5UE7CUYQWHZZf4MAuSNrJ+0cpX2yRncChKC9bRZBKNm+wSTqyqgXB8DIjBom9ePoLhFKQeMcn5IVqIbdpow/MsUDlPFBwuQBdpzs6KBtI4VwGHXaqmxn08j7Av/iRX0rdJz00u4WNjvOdR/z3gpe0+CuK9lnBU/m2gdzt9jnKX6svuv7MKmPQQKjYfPC2AAgiBmzK1Xzy68nFTSLywQZVRegOeWDaRQSdGSxCin6R/vXh4PuIj9QTrACJTmpcduijyE35BGZ4Wk+tT41B6JGeYyZoQqPa/q4v0SPBF5oCWFQcT/33qg1QOFjA2kXZ6Kcm95PXQ7NEvJ8RmO6AZxwZ6NRiAg0tYplNLTsHwEnYVMxFO14+v4+fSdn7XKZqdJYYdZR0n3E05H4j4GbGvY3V6rQ75qI2G4A0k/QhrfaEk1PuCCZxo07/80W0TpMHkojMdrlTSR7Bvzhf+ot0XJHUwXpg1FtMUT/cbUtOYYN+sua5ee+c5lifP4HiW18I2/TkY9S798iWzNj9KdrbF31SLJIB45/gUYaX047ADYfENLYuPM8aW12dz2YDUDlmDwi2lF6Pa+RFw2KAvYYJ4Uyep3Ys+7Y789KnrYeraRHRw2uivuvdwufE1lgig/xHWwnx6T3rBOhllmAFuwm8=&u=U2FsdGVkX19sn/qYWpEz1zyVls81OhfUa7cJi0W+LAs=&y=U2FsdGVkX1+hN5ViYMw9CmBmdluftj9VJJ8jfiEaKXw= HTTP/1.1" 200 1694
186.102.8.103 - - [24/Jul/2022:08:58:56 -0500] "GET /kwssiamovil/sm/acme/s?s=U2FsdGVkX1/1jPD+O1gf85WyKOTgHnaLT9pns/8AuhTuWC1PQyP9V7pDV9LxJb3uHXNdxJ/nsXMX1IVaeCmNpeCwdQWzGOEI/lVZTFxnu2q3UlU+Q31UIEEf+x3iLZufaF6CNPp3wfQnClgKqepLvvP04bLrjhSOD0Ziws5s4GgyM+ndm3tK7RG8V1GTETDcKZpL4nYkJ00LNOVQ10nhrS1d7fl8M6S9L0rcdtzzXtKCPDz5oKk+hLXURZhAOsGRaGt2IXzdeNMavz5Y4FQwVHdCvB30UlCbJHTeL8gefdw=&u=U2FsdGVkX19sn/qYWpEz1zyVls81OhfUa7cJi0W+LAs=&y=U2FsdGVkX1+hN5ViYMw9CmBmdluftj9VJJ8jfiEaKXw= HTTP/1.1" 200 176
186.102.8.103 - - [24/Jul/2022:08:58:56 -0500] "GET /kwssiamovil/sm/cjson/pre?f=1&x=U2FsdGVkX1/YJ4vCw7HHs4NDgbsIYeO8vpi85XykQn0j7KKxsKrLSferQOgbInVi HTTP/1.1" 200 30992
172.22.2.4 - - [24/Jul/2022:08:58:02 -0500] "HEAD /BLA/boletinlegal/ HTTP/1.1" 200 -
36.91.107.97 - - [24/Jul/2022:09:00:05 -0500] "GET /phpmyadmin2021/index.php?lang=en HTTP/1.1" 403 1165
36.91.107.97 - - [24/Jul/2022:09:00:06 -0500] "GET /php-my-admin/index.php?lang=en HTTP/1.1" 404 1018
36.91.107.97 - - [24/Jul/2022:09:00:06 -0500] "GET /db/phpmyadmin4/index.php?lang=en HTTP/1.1" 404 1018
36.91.107.97 - - [24/Jul/2022:09:00:06 -0500] "GET /sql/myadmin/index.php?lang=en HTTP/1.1" 404 1018
36.91.107.97 - - [24/Jul/2022:09:00:07 -0500] "GET /db/phpMyAdmin-3/index.php?lang=en HTTP/1.1" 404 1018
36.91.107.97 - - [24/Jul/2022:09:00:07 -0500] "GET /phpmyadmin_/index.php?lang=en HTTP/1.1" 403 1165
36.91.107.97 - - [24/Jul/2022:09:00:07 -0500] "GET /program/index.php?lang=en HTTP/1.1" 404 1018
36.91.107.97 - - [24/Jul/2022:09:00:08 -0500] "GET /sql/sqlweb/index.php?lang=en HTTP/1.1" 404 1018
36.91.107.97 - - [24/Jul/2022:09:00:08 -0500] "GET /_phpmyadmin_/index.php?lang=en HTTP/1.1" 404 1018
36.91.107.97 - - [24/Jul/2022:09:00:08 -0500] "GET /phpmyadmin2022/index.php?lang=en HTTP/1.1" 403 1165
36.91.107.97 - - [24/Jul/2022:09:00:09 -0500] "GET /phpMyAdmin-5/index.php?lang=en HTTP/1.1" 403 1165
36.91.107.97 - - [24/Jul/2022:09:00:09 -0500] "GET /phpmyAdmin/index.php?lang=en HTTP/1.1" 403 1165
201.245.192.253 - - [24/Jul/2022:09:00:09 -0500] "POST /kwsrmcab/Wsrmcab  HTTP/1.1" 500 253
36.91.107.97 - - [24/Jul/2022:09:00:09 -0500] "GET /mysqladmin/index.php?lang=en HTTP/1.1" 404 1018
36.91.107.97 - - [24/Jul/2022:09:00:10 -0500] "GET /phpMyAdmin_/index.php?lang=en HTTP/1.1" 403 1165
36.91.107.97 - - [24/Jul/2022:09:00:10 -0500] "GET /mysql/pma/index.php?lang=en HTTP/1.1" 404 1018
36.91.107.97 - - [24/Jul/2022:09:00:10 -0500] "GET /phpmyadmin2014/index.php?lang=en HTTP/1.1" 403 1165
36.91.107.97 - - [24/Jul/2022:09:00:11 -0500] "GET /db/webdb/index.php?lang=en HTTP/1.1" 404 1018
36.91.107.97 - - [24/Jul/2022:09:00:11 -0500] "GET /MyAdmin/index.php?lang=en HTTP/1.1" 404 1018
36.91.107.97 - - [24/Jul/2022:09:00:12 -0500] "GET /mysql/admin/index.php?lang=en HTTP/1.1" 404 1018
36.91.107.97 - - [24/Jul/2022:09:00:12 -0500] "GET /admin/pma/index.php?lang=en HTTP/1.1" 404 1018
36.91.107.97 - - [24/Jul/2022:09:00:12 -0500] "GET /admin/web/index.php?lang=en HTTP/1.1" 404 1018
36.91.107.97 - - [24/Jul/2022:09:00:13 -0500] "GET /sql/websql/index.php?lang=en HTTP/1.1" 404 1018
36.91.107.97 - - [24/Jul/2022:09:00:13 -0500] "GET /mysql/dbadmin/index.php?lang=en HTTP/1.1" 404 1018
36.91.107.97 - - [24/Jul/2022:09:00:13 -0500] "GET /phpMyAdmin3/index.php?lang=en HTTP/1.1" 403 1165
36.91.107.97 - - [24/Jul/2022:09:00:14 -0500] "GET /sql/webadmin/index.php?lang=en HTTP/1.1" 404 1018
36.91.107.97 - - [24/Jul/2022:09:00:14 -0500] "GET /mysql/sqlmanager/index.php?lang=en HTTP/1.1" 404 1018
36.91.107.97 - - [24/Jul/2022:09:00:14 -0500] "GET /mysql/pMA/index.php?lang=en HTTP/1.1" 404 1018
36.91.107.97 - - [24/Jul/2022:09:00:15 -0500] "GET /shopdb/index.php?lang=en HTTP/1.1" 404 1018
36.91.107.97 - - [24/Jul/2022:09:00:15 -0500] "GET /myadmin/index.php?lang=en HTTP/1.1" 404 1018
36.91.107.97 - - [24/Jul/2022:09:00:15 -0500] "GET /phpmyadmin2015/index.php?lang=en HTTP/1.1" 403 1165
36.91.107.97 - - [24/Jul/2022:09:00:16 -0500] "GET /administrator/phpMyAdmin/index.php?lang=en HTTP/1.1" 404 1018
36.91.107.97 - - [24/Jul/2022:09:00:16 -0500] "GET /phpMyAdmin-5.1.0/index.php?lang=en HTTP/1.1" 403 1165
36.91.107.97 - - [24/Jul/2022:09:00:16 -0500] "GET /mysql/web/index.php?lang=en HTTP/1.1" 404 1018
36.91.107.97 - - [24/Jul/2022:09:00:17 -0500] "GET /phpmyadmin2013/index.php?lang=en HTTP/1.1" 403 1165
36.91.107.97 - - [24/Jul/2022:09:00:17 -0500] "GET /administrator/web/index.php?lang=en HTTP/1.1" 404 1018
36.91.107.97 - - [24/Jul/2022:09:00:17 -0500] "GET /sql/phpmyadmin3/index.php?lang=en HTTP/1.1" 404 1018
36.91.107.97 - - [24/Jul/2022:09:00:18 -0500] "GET /phpMyAdmin-5.2.0/index.php?lang=en HTTP/1.1" 403 1165
36.91.107.97 - - [24/Jul/2022:09:00:18 -0500] "GET /db/phpMyAdmin-5/index.php?lang=en HTTP/1.1" 404 1018
36.91.107.97 - - [24/Jul/2022:09:00:18 -0500] "GET /phpMyAdmin2/index.php?lang=en HTTP/1.1" 403 1165
36.91.107.97 - - [24/Jul/2022:09:00:19 -0500] "GET /sqlmanager/index.php?lang=en HTTP/1.1" 404 1018
36.91.107.97 - - [24/Jul/2022:09:00:19 -0500] "GET /phpMyAdmin1/index.php?lang=en HTTP/1.1" 403 1165
36.91.107.97 - - [24/Jul/2022:09:00:19 -0500] "GET /admin/sqladmin/index.php?lang=en HTTP/1.1" 404 1018
36.91.107.97 - - [24/Jul/2022:09:00:20 -0500] "GET /db/phpmyadmin/index.php?lang=en HTTP/1.1" 404 1018
36.91.107.97 - - [24/Jul/2022:09:00:20 -0500] "GET /db/dbadmin/index.php?lang=en HTTP/1.1" 404 1018
36.91.107.97 - - [24/Jul/2022:09:00:20 -0500] "GET /db/websql/index.php?lang=en HTTP/1.1" 404 1018
36.91.107.97 - - [24/Jul/2022:09:00:21 -0500] "GET /phpmyadmin/index.php?lang=en HTTP/1.1" 403 1165
36.91.107.97 - - [24/Jul/2022:09:00:21 -0500] "GET /sql/php-myadmin/index.php?lang=en HTTP/1.1" 404 1018
36.91.107.97 - - [24/Jul/2022:09:00:21 -0500] "GET /db/phpmyadmin3/index.php?lang=en HTTP/1.1" 404 1018
36.91.107.97 - - [24/Jul/2022:09:00:22 -0500] "GET /sql/phpMyAdmin/index.php?lang=en HTTP/1.1" 404 1018
36.91.107.97 - - [24/Jul/2022:09:00:22 -0500] "GET /administrator/db/index.php?lang=en HTTP/1.1" 404 1018
36.91.107.97 - - [24/Jul/2022:09:00:22 -0500] "GET /db/phpMyAdmin3/index.php?lang=en HTTP/1.1" 404 1018
36.91.107.97 - - [24/Jul/2022:09:00:23 -0500] "GET /phpmyadmin2017/index.php?lang=en HTTP/1.1" 403 1165
36.91.107.97 - - [24/Jul/2022:09:00:23 -0500] "GET /phpmyadmin1/index.php?lang=en HTTP/1.1" 403 1165
36.91.107.97 - - [24/Jul/2022:09:00:24 -0500] "GET /sql/sql-admin/index.php?lang=en HTTP/1.1" 404 1018
36.91.107.97 - - [24/Jul/2022:09:00:24 -0500] "GET /sql/phpmanager/index.php?lang=en HTTP/1.1" 404 1018
36.91.107.97 - - [24/Jul/2022:09:00:24 -0500] "GET /1phpmyadmin/index.php?lang=en HTTP/1.1" 404 1018
36.91.107.97 - - [24/Jul/2022:09:00:25 -0500] "GET /phpMyAdmin4/index.php?lang=en HTTP/1.1" 403 1165
36.91.107.97 - - [24/Jul/2022:09:00:25 -0500] "GET /phpMyAdmin5/index.php?lang=en HTTP/1.1" 403 1165
36.91.107.97 - - [24/Jul/2022:09:00:25 -0500] "GET /phpmyadmin2018/index.php?lang=en HTTP/1.1" 403 1165
36.91.107.97 - - [24/Jul/2022:09:00:26 -0500] "GET /phpmyadmin2011/index.php?lang=en HTTP/1.1" 403 1165
36.91.107.97 - - [24/Jul/2022:09:00:26 -0500] "GET /phpmyadmin2020/index.php?lang=en HTTP/1.1" 403 1165
36.91.107.97 - - [24/Jul/2022:09:00:26 -0500] "GET /phpmyadmin2016/index.php?lang=en HTTP/1.1" 403 1165
36.91.107.97 - - [24/Jul/2022:09:00:27 -0500] "GET /phpmyadmin2019/index.php?lang=en HTTP/1.1" 403 1165
36.91.107.97 - - [24/Jul/2022:09:00:27 -0500] "GET /sql/phpmy-admin/index.php?lang=en HTTP/1.1" 404 1018
36.91.107.97 - - [24/Jul/2022:09:00:27 -0500] "GET /admin/phpmyadmin/index.php?lang=en HTTP/1.1" 404 1018
36.91.107.97 - - [24/Jul/2022:09:00:28 -0500] "GET /php-myadmin/index.php?lang=en HTTP/1.1" 404 1018
36.91.107.97 - - [24/Jul/2022:09:00:28 -0500] "GET /administrator/admin/index.php?lang=en HTTP/1.1" 404 1018
36.91.107.97 - - [24/Jul/2022:09:00:28 -0500] "GET /db/index.php?lang=en HTTP/1.1" 404 1018
36.91.107.97 - - [24/Jul/2022:09:00:29 -0500] "GET /sql/sql/index.php?lang=en HTTP/1.1" 404 1018
36.91.107.97 - - [24/Jul/2022:09:00:29 -0500] "GET /_phpmyadmin/index.php?lang=en HTTP/1.1" 404 1018
36.91.107.97 - - [24/Jul/2022:09:00:29 -0500] "GET /sql/phpmyadmin4/index.php?lang=en HTTP/1.1" 404 1018
36.91.107.97 - - [24/Jul/2022:09:00:30 -0500] "GET /sql/sqladmin/index.php?lang=en HTTP/1.1" 404 1018
36.91.107.97 - - [24/Jul/2022:09:00:30 -0500] "GET /sql/phpMyAdmin2/index.php?lang=en HTTP/1.1" 404 1018
36.91.107.97 - - [24/Jul/2022:09:00:30 -0500] "GET /PMA/index.php?lang=en HTTP/1.1" 404 1018
36.91.107.97 - - [24/Jul/2022:09:00:31 -0500] "GET /sql/webdb/index.php?lang=en HTTP/1.1" 404 1018
36.91.107.97 - - [24/Jul/2022:09:00:31 -0500] "GET /db/db-admin/index.php?lang=en HTTP/1.1" 404 1018
36.91.107.97 - - [24/Jul/2022:09:00:31 -0500] "GET /phpMyAdmin5.2/index.php?lang=en HTTP/1.1" 403 1165
36.91.107.97 - - [24/Jul/2022:09:00:32 -0500] "GET /administrator/phpmyadmin/index.php?lang=en HTTP/1.1" 404 1018
172.22.2.4 - - [24/Jul/2022:08:58:52 -0500] "GET /BLA/boletinlegal/ HTTP/1.1" 200 60410
36.91.107.97 - - [24/Jul/2022:09:00:32 -0500] "GET /pma/index.php?lang=en HTTP/1.1" 404 1018
36.91.107.97 - - [24/Jul/2022:09:00:32 -0500] "GET /admin/sysadmin/index.php?lang=en HTTP/1.1" 404 1018
36.91.107.97 - - [24/Jul/2022:09:00:33 -0500] "GET /db/myadmin/index.php?lang=en HTTP/1.1" 404 1018
36.91.107.97 - - [24/Jul/2022:09:00:33 -0500] "GET /phpmyadmin4/index.php?lang=en HTTP/1.1" 403 1165
36.91.107.97 - - [24/Jul/2022:09:00:33 -0500] "GET /phppma/index.php?lang=en HTTP/1.1" 404 1018
36.91.107.97 - - [24/Jul/2022:09:00:34 -0500] "GET /phpMyadmin/index.php?lang=en HTTP/1.1" 403 1165
36.91.107.97 - - [24/Jul/2022:09:00:34 -0500] "GET /phpmyadmin2/index.php?lang=en HTTP/1.1" 403 1165
36.91.107.97 - - [24/Jul/2022:09:00:34 -0500] "GET /admin/db/index.php?lang=en HTTP/1.1" 404 1018
36.91.107.97 - - [24/Jul/2022:09:00:35 -0500] "GET /database/index.php?lang=en HTTP/1.1" 404 1018
36.91.107.97 - - [24/Jul/2022:09:00:35 -0500] "GET /phpMyAdmin-5.1.1/index.php?lang=en HTTP/1.1" 403 1165
36.91.107.97 - - [24/Jul/2022:09:00:35 -0500] "GET /db/phpMyAdmin/index.php?lang=en HTTP/1.1" 404 1018
36.91.107.97 - - [24/Jul/2022:09:00:36 -0500] "GET /phpMyAdmin-5.1.3/index.php?lang=en HTTP/1.1" 403 1165
36.91.107.97 - - [24/Jul/2022:09:00:36 -0500] "GET /admin/phpMyAdmin/index.php?lang=en HTTP/1.1" 404 1018
36.91.107.97 - - [24/Jul/2022:09:00:37 -0500] "GET /phpmyadmin2012/index.php?lang=en HTTP/1.1" 403 1165
36.91.107.97 - - [24/Jul/2022:09:00:37 -0500] "GET /wp-content/plugins/portable-phpmyadmin/wp-pma-mod/index.php?lang=en HTTP/1.1" 404 1018
36.91.107.97 - - [24/Jul/2022:09:00:37 -0500] "GET /phpMyAdmin-4.9.7/index.php?lang=en HTTP/1.1" 403 1165
36.91.107.97 - - [24/Jul/2022:09:00:38 -0500] "GET /db/dbweb/index.php?lang=en HTTP/1.1" 404 1018
36.91.107.97 - - [24/Jul/2022:09:00:38 -0500] "GET /2phpmyadmin/index.php?lang=en HTTP/1.1" 404 1018
36.91.107.97 - - [24/Jul/2022:09:00:38 -0500] "GET /phpMyAdmin-5.1.2/index.php?lang=en HTTP/1.1" 403 1165
36.91.107.97 - - [24/Jul/2022:09:00:39 -0500] "GET /mysqlmanager/index.php?lang=en HTTP/1.1" 404 1018
36.91.107.97 - - [24/Jul/2022:09:00:39 -0500] "GET /dbadmin/index.php?lang=en HTTP/1.1" 404 1018
36.91.107.97 - - [24/Jul/2022:09:00:39 -0500] "GET /phpMyAdmin-4/index.php?lang=en HTTP/1.1" 403 1165
36.91.107.97 - - [24/Jul/2022:09:00:40 -0500] "GET /phpmyadmin3/index.php?lang=en HTTP/1.1" 403 1165
36.91.107.97 - - [24/Jul/2022:09:00:40 -0500] "GET /db/phpMyAdmin-4/index.php?lang=en HTTP/1.1" 404 1018
36.91.107.97 - - [24/Jul/2022:09:00:40 -0500] "GET /sql/phpmyadmin5/index.php?lang=en HTTP/1.1" 404 1018
36.91.107.97 - - [24/Jul/2022:09:00:41 -0500] "GET /phpmy/index.php?lang=en HTTP/1.1" 404 1018
36.91.107.97 - - [24/Jul/2022:09:00:41 -0500] "GET /mysql/index.php?lang=en HTTP/1.1" 404 1018
36.91.107.97 - - [24/Jul/2022:09:00:41 -0500] "GET /admin/index.php?lang=en HTTP/1.1" 404 1018
36.91.107.97 - - [24/Jul/2022:09:00:42 -0500] "GET /db/webadmin/index.php?lang=en HTTP/1.1" 404 1018
36.91.107.97 - - [24/Jul/2022:09:00:42 -0500] "GET /mysql/db/index.php?lang=en HTTP/1.1" 404 1018
36.91.107.97 - - [24/Jul/2022:09:00:42 -0500] "GET /mysql/mysqlmanager/index.php?lang=en HTTP/1.1" 404 1018
36.91.107.97 - - [24/Jul/2022:09:00:43 -0500] "GET /phpMyAdmin5.1/index.php?lang=en HTTP/1.1" 403 1165
36.91.107.97 - - [24/Jul/2022:09:00:43 -0500] "GET /phpmyadmin5/index.php?lang=en HTTP/1.1" 403 1165
36.91.107.97 - - [24/Jul/2022:09:00:43 -0500] "GET /administrator/PMA/index.php?lang=en HTTP/1.1" 404 1018
36.91.107.97 - - [24/Jul/2022:09:00:44 -0500] "GET /db/phpmyadmin5/index.php?lang=en HTTP/1.1" 404 1018
36.91.107.97 - - [24/Jul/2022:09:00:44 -0500] "GET /phpMyAdmin-3/index.php?lang=en HTTP/1.1" 403 1165
36.91.107.97 - - [24/Jul/2022:09:00:44 -0500] "GET /_phpMyAdmin/index.php?lang=en HTTP/1.1" 404 1018
36.91.107.97 - - [24/Jul/2022:09:00:45 -0500] "GET /administrator/pma/index.php?lang=en HTTP/1.1" 404 1018
36.91.107.97 - - [24/Jul/2022:09:00:45 -0500] "GET /phpmy-admin/index.php?lang=en HTTP/1.1" 404 1018
36.91.107.97 - - [24/Jul/2022:09:00:45 -0500] "GET /mysql-admin/index.php?lang=en HTTP/1.1" 404 1018
36.91.107.97 - - [24/Jul/2022:09:00:46 -0500] "GET /phpMyAdmin/index.php?lang=en HTTP/1.1" 403 1165
130.44.215.108 - - [24/Jul/2022:09:00:53 -0500] "GET /portaldeninos/wp-content/uploads/2020/06/mapa-humedales-de-bogot%C3%A1-1.jpg HTTP/1.1" 200 1170768
130.44.212.121 - - [24/Jul/2022:09:00:56 -0500] "GET /portaldeninos/wp-content/uploads/2020/06/mapa-humedales-de-bogot%C3%A1-1.jpg HTTP/1.1" 200 1170768
216.245.221.92 - - [24/Jul/2022:09:01:03 -0500] "HEAD / HTTP/1.1" 200 -
201.245.192.253 - - [24/Jul/2022:09:05:08 -0500] "POST /kwsrmcab/Wsrmcab  HTTP/1.1" 500 253
172.22.2.4 - - [24/Jul/2022:09:03:52 -0500] "HEAD /BLA/boletinlegal/ HTTP/1.1" 200 -
216.245.221.92 - - [24/Jul/2022:09:06:03 -0500] "HEAD / HTTP/1.1" 200 -
172.22.2.4 - - [24/Jul/2022:09:04:42 -0500] "GET /BLA/boletinlegal/ HTTP/1.1" 200 60410
201.245.192.253 - - [24/Jul/2022:09:10:07 -0500] "POST /kwsrmcab/Wsrmcab  HTTP/1.1" 500 253
216.245.221.92 - - [24/Jul/2022:09:11:02 -0500] "HEAD / HTTP/1.1" 200 -
34.76.158.233 - - [24/Jul/2022:09:11:14 -0500] "GET / HTTP/1.1" 200 319
172.22.2.4 - - [24/Jul/2022:09:09:42 -0500] "HEAD /BLA/boletinlegal/ HTTP/1.1" 200 -
172.22.2.4 - - [24/Jul/2022:09:10:32 -0500] "GET /BLA/boletinlegal/ HTTP/1.1" 200 55912
172.22.2.4 - - [24/Jul/2022:09:14:13 -0500] "GET /BLA/boletinlegal/actos.php HTTP/1.1" 200 9559
172.22.2.4 - - [24/Jul/2022:09:14:25 -0500] "GET /BLA/boletinlegal/js/lib.js HTTP/1.1" 200 6474
172.22.2.4 - - [24/Jul/2022:09:14:27 -0500] "GET /BLA/boletinlegal/niceforms-default.css HTTP/1.1" 200 6694
172.22.2.4 - - [24/Jul/2022:09:14:29 -0500] "GET /BLA/boletinlegal/js/ajax_actos.js HTTP/1.1" 200 1322
172.22.2.4 - - [24/Jul/2022:09:14:30 -0500] "GET /BLA/boletinlegal/niceforms.js HTTP/1.1" 200 22876
172.22.2.4 - - [24/Jul/2022:09:14:31 -0500] "GET /BLA/boletinlegal/style.css HTTP/1.1" 200 9406
172.22.2.4 - - [24/Jul/2022:09:14:34 -0500] "GET /BLA/boletinlegal/styles2.css HTTP/1.1" 200 1838
172.22.2.4 - - [24/Jul/2022:09:14:34 -0500] "GET /BLA/boletinlegal/js/jquery1.js HTTP/1.1" 200 29846
172.22.2.4 - - [24/Jul/2022:09:14:36 -0500] "GET /BLA/boletinlegal/js/popup.js HTTP/1.1" 200 1270
201.245.192.253 - - [24/Jul/2022:09:15:07 -0500] "POST /kwsrmcab/Wsrmcab  HTTP/1.1" 500 253
216.245.221.92 - - [24/Jul/2022:09:16:02 -0500] "HEAD / HTTP/1.1" 200 -
172.22.2.4 - - [24/Jul/2022:09:15:32 -0500] "HEAD /BLA/boletinlegal/ HTTP/1.1" 200 -
191.95.60.200 - - [24/Jul/2022:09:17:37 -0500] "GET /appsia/controlador HTTP/1.1" 500 80
191.95.60.200 - - [24/Jul/2022:09:17:37 -0500] "GET /favicon.ico HTTP/1.1" 200 7782
172.22.2.4 - - [24/Jul/2022:09:16:22 -0500] "GET /BLA/boletinlegal/ HTTP/1.1" 200 58866
201.245.192.253 - - [24/Jul/2022:09:20:04 -0500] "POST /kwsrmcab/Wsrmcab  HTTP/1.1" 500 253
201.245.192.253 - - [24/Jul/2022:09:20:06 -0500] "POST /kwsrmcab/Wsrmcab HTTP/1.1" 500 253
201.245.192.253 - - [24/Jul/2022:09:20:07 -0500] "POST /kwsrmcab/Wsrmcab HTTP/1.1" 500 253
173.252.79.11 - - [24/Jul/2022:09:20:15 -0500] "GET /images/jardines-verticales-4-marzo.jpg HTTP/1.1" 200 54804
216.245.221.92 - - [24/Jul/2022:09:21:02 -0500] "HEAD / HTTP/1.1" 200 -
172.22.2.4 - - [24/Jul/2022:09:21:10 -0500] "GET /BLA/boletinlegal/Directivas/2011/Directiva%20No.%206%20del%208%20de%20Septiembre%20de%202011.pdf HTTP/1.1" 304 -
157.55.39.186 - - [24/Jul/2022:09:21:52 -0500] "GET / HTTP/1.1" 200 319
172.22.2.4 - - [24/Jul/2022:09:21:22 -0500] "HEAD /BLA/boletinlegal/ HTTP/1.1" 200 -
207.46.13.188 - - [24/Jul/2022:09:23:35 -0500] "GET /bla/resoluciones/resoluciones%202012/1312.pdf HTTP/1.1" 200 1167773
172.22.2.4 - - [24/Jul/2022:09:22:12 -0500] "GET /BLA/boletinlegal/ HTTP/1.1" 200 58122
201.245.192.253 - - [24/Jul/2022:09:25:03 -0500] "POST /kwsrmcab/Wsrmcab  HTTP/1.1" 500 253
143.92.32.36 - - [24/Jul/2022:09:25:44 -0500] "GET /map/baidumap.xml HTTP/1.1" 404 1143
216.245.221.92 - - [24/Jul/2022:09:26:02 -0500] "HEAD / HTTP/1.1" 200 -
172.22.2.4 - - [24/Jul/2022:09:28:13 -0500] "GET /BLA/boletinlegal/Circulares/2020/CIRCULAR%20No.%2000019%20DEL%2018%20DE%20DICIEMBRE%20DEL%202020.pdf HTTP/1.1" 304 -
207.46.13.29 - - [24/Jul/2022:09:28:40 -0500] "GET /galeria/galeria/fotos/Humedal-vaca6G.jpg HTTP/1.1" 200 176858
172.22.2.4 - - [24/Jul/2022:09:27:12 -0500] "HEAD /BLA/boletinlegal/ HTTP/1.1" 200 -
173.252.83.13 - - [24/Jul/2022:09:29:09 -0500] "GET /images/mujeres-reverdecen-humedales-2-febrero.jpg HTTP/1.1" 200 47327
172.22.2.4 - - [24/Jul/2022:09:28:02 -0500] "GET /BLA/boletinlegal/ HTTP/1.1" 200 57272
201.245.192.253 - - [24/Jul/2022:09:30:02 -0500] "POST /kwsrmcab/Wsrmcab  HTTP/1.1" 500 253
201.245.192.253 - - [24/Jul/2022:09:30:06 -0500] "POST /kwsrmcab/Wsrmcab HTTP/1.1" 500 253
201.245.192.253 - - [24/Jul/2022:09:30:06 -0500] "POST /kwsrmcab/Wsrmcab HTTP/1.1" 500 253
216.245.221.92 - - [24/Jul/2022:09:31:02 -0500] "HEAD / HTTP/1.1" 200 -
180.163.220.3 - - [24/Jul/2022:09:32:27 -0500] "GET / HTTP/1.1" 200 319
42.236.10.93 - - [24/Jul/2022:09:32:28 -0500] "GET /galeria/galeria/jquery.fancybox.css?v=2.1.5 HTTP/1.1" 200 4895
42.236.10.75 - - [24/Jul/2022:09:32:28 -0500] "GET /BLA/boletinlegal/js/jquery.scrollShow.js HTTP/1.1" 200 4586
42.236.10.114 - - [24/Jul/2022:09:32:28 -0500] "GET /galeria/carrusel/Carrusel/jquery.thumbnailScroller.css HTTP/1.1" 200 2066
42.236.10.114 - - [24/Jul/2022:09:32:28 -0500] "GET /galeria/galeria/jquery.fancybox.js?v=2.1.5 HTTP/1.1" 200 48706
207.46.13.188 - - [24/Jul/2022:09:33:55 -0500] "GET /Publicaciones/2022EE135141.pdf HTTP/1.1" 404 228
172.22.2.4 - - [24/Jul/2022:09:34:05 -0500] "GET /BLA/boletinlegal/style.css HTTP/1.1" 200 9406
172.22.2.4 - - [24/Jul/2022:09:34:06 -0500] "GET /BLA/boletinlegal/styles2.css HTTP/1.1" 200 1838
172.22.2.4 - - [24/Jul/2022:09:34:06 -0500] "GET /BLA/boletinlegal/js/jquery.js HTTP/1.1" 200 57254
172.22.2.4 - - [24/Jul/2022:09:34:06 -0500] "GET /BLA/boletinlegal/js/jquery.scrollTo-min.js HTTP/1.1" 200 1150
172.22.2.4 - - [24/Jul/2022:09:34:07 -0500] "GET /BLA/boletinlegal/js/jquery.scrollShow.js HTTP/1.1" 200 4586
172.22.2.4 - - [24/Jul/2022:09:34:07 -0500] "GET /BLA/boletinlegal/images/cabezote%20BLEGAL.jpg HTTP/1.1" 200 118164
172.22.2.4 - - [24/Jul/2022:09:34:11 -0500] "GET /BLA/boletinlegal/images/subscribe-icon-big.png HTTP/1.1" 200 47702
172.22.2.4 - - [24/Jul/2022:09:34:12 -0500] "GET /BLA/boletinlegal/images/registro-usuarios.png HTTP/1.1" 200 8106
172.22.2.4 - - [24/Jul/2022:09:34:12 -0500] "GET /BLA/boletinlegal/images/historia.png HTTP/1.1" 200 52775
172.22.2.4 - - [24/Jul/2022:09:34:12 -0500] "GET /BLA/boletinlegal/images/body_bg.jpg HTTP/1.1" 200 1601
172.22.2.4 - - [24/Jul/2022:09:34:13 -0500] "GET /BLA/boletinlegal/images/menu_rght.gif HTTP/1.1" 200 1627
172.22.2.4 - - [24/Jul/2022:09:34:13 -0500] "GET /BLA/boletinlegal/images/menu_lft.gif HTTP/1.1" 200 1713
172.22.2.4 - - [24/Jul/2022:09:34:14 -0500] "GET /BLA/boletinlegal/images/bg_top.jpg HTTP/1.1" 200 522
172.22.2.4 - - [24/Jul/2022:09:34:14 -0500] "GET /BLA/boletinlegal/images/menu_bg.jpg HTTP/1.1" 200 620
172.22.2.4 - - [24/Jul/2022:09:34:14 -0500] "GET /BLA/boletinlegal/images/text.jpg HTTP/1.1" 200 568
172.22.2.4 - - [24/Jul/2022:09:34:14 -0500] "GET /BLA/boletinlegal/images/hover.jpg HTTP/1.1" 200 640
172.22.2.4 - - [24/Jul/2022:09:34:15 -0500] "GET /BLA/boletinlegal/images/footer_bg.jpg HTTP/1.1" 200 586
172.22.2.4 - - [24/Jul/2022:09:34:15 -0500] "GET /BLA/boletinlegal/images/screen_3.png HTTP/1.1" 200 210620
172.22.2.4 - - [24/Jul/2022:09:34:15 -0500] "GET /BLA/boletinlegal/images/screen_2.png HTTP/1.1" 200 362502
172.22.2.4 - - [24/Jul/2022:09:34:15 -0500] "GET /BLA/boletinlegal/images/screen_5.png HTTP/1.1" 200 368876
172.22.2.4 - - [24/Jul/2022:09:34:16 -0500] "GET /BLA/boletinlegal/images/arr_r.jpg HTTP/1.1" 200 1998
172.22.2.4 - - [24/Jul/2022:09:34:17 -0500] "GET /BLA/boletinlegal/images/arr_l.jpg HTTP/1.1" 200 1979
172.22.2.4 - - [24/Jul/2022:09:34:17 -0500] "GET /BLA/boletinlegal/images/screen_1.png HTTP/1.1" 200 202547
172.22.2.4 - - [24/Jul/2022:09:34:19 -0500] "GET /BLA/boletinlegal/images/launch.jpg HTTP/1.1" 200 14577
172.22.2.4 - - [24/Jul/2022:09:33:02 -0500] "HEAD /BLA/boletinlegal/ HTTP/1.1" 200 -
172.22.2.4 - - [24/Jul/2022:09:34:03 -0500] "GET /BLA/boletinlegal/ HTTP/1.1" 200 32715
172.22.2.4 - - [24/Jul/2022:09:33:52 -0500] "GET /BLA/boletinlegal/ HTTP/1.1" 200 39713
216.245.221.92 - - [24/Jul/2022:09:36:02 -0500] "HEAD / HTTP/1.1" 200 -
172.22.2.4 - - [24/Jul/2022:09:34:33 -0500] "HEAD /BLA/boletinlegal/ HTTP/1.1" 200 -
