186.102.3.26 - - [28/Jul/2022:17:15:05 -0500] "GET /kwssiamovil/sm/acme/a?s=U2FsdGVkX18MoGv12b2sATpLCqH2NhDwUh/Ajc4jEph5EzdgmpOHZcfF1eg5omGk0wIDMy9o9/b+s/DWqnigKi5i7F83JAKwY3VUlq9sVJViDp+9zfwnH7OVDrmPJJWH3bHMyxxcAH/NGuK3NeeDsWj0/UU9wo6MtYWk8T8FzsrRHmEO7o9Ds4pd97ylCl/fmgmcJ4jd1xdyCSioIEEOatK0jASfGMTPAzfLdjAQCzjiNnlVptl3qL73TBmC3PntaN1rzdofbbWYwdaTKjUyHuazXb4HMI+NORjKvTdRnmzecmqdiT+foWY2QU3y+ZrilsbkaIDIILkkghzGq52QJK10h1pIYgw+y1xORqPIPZD+HOY/RFtgUshpMEhgupQ3749ctCA7p1PblLHeOnsDcxt+kRfSuyKwqOmJC8fGQ+CND7Om7MTOP5xPwXTvjK+zBUBcGgc3BNU5V/+5iSIoV5jsGRTgrgwGkJk9bZXArP0L80B72/Ud8PImfpHKnHMaGajTq5M8omExRn5cXfElglDgPS6Z+BtOFLEb/aMpRgu3HbMMEAWMZsh4wziLNgWH/cpN4mITXwlcdSzAui74gysQyrXkMBqHlJWmYaPuAnWGmf7zwpPPezEsOxZPEOdxi46+jkTOtHPXmOWcck7HQalqDvtwZ+5hLQHEI1Axzv7cIcfOEtQhbBZ/UtIXLrJm6kSn3U9qa39MD7tYDKZuO66q5YNA/joung0sMJCbpcFni4zzIpJvWcbOTr0l4QuoWWY/vgafTk/KUi5XvyokuTvgR3szZUY/qzCvW1V3DlMbxqGzBZ5G5LQdSLeO6mVl5gXBoIrkaA3XsSDa2oWTXHyc4BjGVu1Z7hRGGXUxBVlhL8SrgVRtU+RT4W87gJYCQO0GoabCeN1SQqObT+YCe829U2odRfM+Uxc4hmQLa9EQga0m5+BO/qXxc4I5lGvVbo9xcW5SICxF1krUcecGacG0fuVXE9ZwQk57pJ3RpNciSUHzMP9zCGzLJ1NxTZhIcHdDDbIoZjImwwxL74GmWkKMR8egsgE5yAGhlRTDZxzyHAyt1+2w3A6M8PV6bvNIbKaEJRToQ78ApGMcthh3Lwl7v2Cm3CJzXZnLmVpvP8q8NbTuylbA1u1MHQmZ11wjj85cJHCSjpIK7OoRc9f3vFu72mlXKjsfEzm8SD8GkqdzfYAXMrUgPC3bD3KqtzuD3NPrj4XWhlEWB6lhYBNAXrsP6ktOcATW1X0RLATtr1ZyWH+avrGQAlWoxwttGH1MmW+zHBDKyRahvwW/CCJEzl7KNjc1odcNr4q2ZNqtsZwF+S/lh2XvB8XTBw8ztgkP0PA2UTWga/Txzm6/TlmIhptcarGsTtoqcMKStR2y1AxD9KKuDrMixz4ugNl+eKe/O12KYfGR3cFCL/z4jgR4x/zKOR9Y86RUwz/zDXDTBfGwxXGSwncNwEPLxR3gfvZphPSXpqi74pwYITkeUve54eWJNi/EFt+lwBeeDYYt92/5ToP4J6QX+PGAXWwCjv+llHyqCaxmryjEiWMp4Rqwy/uXCbcZPQO4T5T5ANwNghAPL6SbrUxnajvVCvYSGuTy3csmFS3dySiBA1+xbKM5uSOAK9d0t7jGg6daDkWWeaEIho9v2Y5uW0NsZCVI22txI6k4+hfwA37ZUc34344THcQeyHt3toiBMFaBamslSn4bDl2ik0cPjX9tfnCmMGjGM54JtGEsThWX/BWjEoemzAM/as3rfL9aqBRzEk6ubpMrMz+CJHuuchR3UCJ28Bfivo3tLqIwEmas4HMd/Mc6jinAbnlJb9ZizoSpucImkYdj7zFQoP++A4jAKI9hiLX2fSmuIXbSjhJbf6SpScFc1mynUluIyTJ57ILzfcgjacTv8pWbzzS8wmAHV7tC4lTAyQFYiliOgeIQfjhSmv0u4VvarpgBxosiqWkdGMKysh/qznxt9BOFo9y7V9N+88jcq+wt6IBkiIjXsjbzgcFjGgMyQHg6G9ZV0iIP3yU5OD1t+L81JSUVVOtsHTVh6s7B6O5Wxs3Sjz+/Cudf2n0v2VPQoOGJkUtPTEuYkwwyKbn4ZbUyGURkA78pc2He9FPs&u=U2FsdGVkX19TA2mrmpgtEwMtTMRB9wHOeTP+nWV0IMW+jQjt35bkFIbEi1kQPi8D&y=U2FsdGVkX1/MSz06wB46CqePUR9zMlk4Bu5ebuYoq3TqBI24eA1kg8Ld2PNgEBIc HTTP/1.1" 200 25
186.102.3.26 - - [28/Jul/2022:17:15:06 -0500] "GET /kwssiamovil/sm/acme/a?s=U2FsdGVkX18sHQEY1hd7UyH5cB8jiKnv64akAaJCsZ3tX72PHqWbsu8zmS2T7L3+9hEx3LIgY56sB0EJcM9CzV5ffCD0jcQ5BqqylubbG+dZiVWfcLr2zXe/LfSUQSvsyR+0o4tEXhhwEsNS501NfRW+GmZzHdG074fdKoRLwY4=&u=U2FsdGVkX19TA2mrmpgtEwMtTMRB9wHOeTP+nWV0IMW+jQjt35bkFIbEi1kQPi8D&y=U2FsdGVkX1/MSz06wB46CqePUR9zMlk4Bu5ebuYoq3TqBI24eA1kg8Ld2PNgEBIc HTTP/1.1" 200 25
186.102.3.26 - - [28/Jul/2022:17:15:06 -0500] "GET /kwssiamovil/sm/acme/a?s=U2FsdGVkX18B8GJBKrFNHq7U6DOMiphU00kZ/c0lmT/SpdjNe57LsEkcEtA6PK9N3IwHkTtluswcGDW/ymvbz8huuHDuE90H/A5OcyzrFBkWKScHtwxeiKR8n7Cu2muTkX7dJq2RIny9whcx+Ey5V4Ab8HJd1dGX46sTCFRAg94=&u=U2FsdGVkX19TA2mrmpgtEwMtTMRB9wHOeTP+nWV0IMW+jQjt35bkFIbEi1kQPi8D&y=U2FsdGVkX1/MSz06wB46CqePUR9zMlk4Bu5ebuYoq3TqBI24eA1kg8Ld2PNgEBIc HTTP/1.1" 200 25
186.102.3.26 - - [28/Jul/2022:17:15:06 -0500] "GET /kwssiamovil/sm/acme/a?s=U2FsdGVkX1++rxWiqkNghi4rQteYT0Bz0V7RsJAmEVWUWnEjqj8BRvAEa/L3iHhkbMYTdFuUl1FZXI3ZTFJ/c/mv2SYRAlbo6oIgKxfWuwDqNYyiByqqikFc7Oe2LiGKolfuUO6T3R7TmG2zq+AfFwvTzYmB11l/5UKHDJXXcG4=&u=U2FsdGVkX19TA2mrmpgtEwMtTMRB9wHOeTP+nWV0IMW+jQjt35bkFIbEi1kQPi8D&y=U2FsdGVkX1/MSz06wB46CqePUR9zMlk4Bu5ebuYoq3TqBI24eA1kg8Ld2PNgEBIc HTTP/1.1" 200 25
186.102.3.26 - - [28/Jul/2022:17:15:06 -0500] "GET /kwssiamovil/sm/acme/a?s=U2FsdGVkX189mL1w1NHItFng5l+gtaUcAZBVOO5Uh7lrivbA0KJFPUqSZvkZydUdAx5cJqyEHBkkHNoKrZrCjbXz/LzYT+Tr5821NXHm+/sXfPagYpJjIEDg2LknCjFHWYgOYWRgxdpyNXFYyB2NKNkfWLVeRiWRUXe2RWVLravOZrqs6sREX254gF5lKhtb&u=U2FsdGVkX19TA2mrmpgtEwMtTMRB9wHOeTP+nWV0IMW+jQjt35bkFIbEi1kQPi8D&y=U2FsdGVkX1/MSz06wB46CqePUR9zMlk4Bu5ebuYoq3TqBI24eA1kg8Ld2PNgEBIc HTTP/1.1" 200 25
216.245.221.92 - - [28/Jul/2022:17:16:48 -0500] "HEAD / HTTP/1.1" 200 -
201.184.40.54 - - [28/Jul/2022:17:16:49 -0500] "GET /catalogoisis/ HTTP/1.1" 200 8575
201.184.40.54 - - [28/Jul/2022:17:16:49 -0500] "GET /catalogoisis/Css/Busqueda.css HTTP/1.1" 200 1995
201.184.40.54 - - [28/Jul/2022:17:16:49 -0500] "GET /catalogoisis/Js/AceptarLimpiar.js HTTP/1.1" 200 331
201.184.40.54 - - [28/Jul/2022:17:16:49 -0500] "GET /catalogoisis/Js/CriterioCombinada.js HTTP/1.1" 200 1843
201.184.40.54 - - [28/Jul/2022:17:16:49 -0500] "GET /catalogoisis/Js/LimpiarCombinada.js HTTP/1.1" 200 207
201.184.40.54 - - [28/Jul/2022:17:16:49 -0500] "GET /catalogoisis/Js/Cookies.js HTTP/1.1" 200 1369
201.184.40.54 - - [28/Jul/2022:17:16:49 -0500] "GET /catalogoisis/Js/Go.js HTTP/1.1" 200 364
201.184.40.54 - - [28/Jul/2022:17:16:49 -0500] "GET /catalogoisis/Js/Remote.js HTTP/1.1" 200 436
201.184.40.54 - - [28/Jul/2022:17:16:49 -0500] "GET /catalogoisis/Js/Numero.js HTTP/1.1" 200 398
201.184.40.54 - - [28/Jul/2022:17:16:49 -0500] "GET /catalogoisis/Js/Enter.js HTTP/1.1" 200 1208
201.184.40.54 - - [28/Jul/2022:17:16:49 -0500] "GET /catalogoisis/imagenes/br1c1.gif HTTP/1.1" 200 172
201.184.40.54 - - [28/Jul/2022:17:16:49 -0500] "GET /catalogoisis/imagenes/aceptar1.gif HTTP/1.1" 200 604
201.184.40.54 - - [28/Jul/2022:17:16:49 -0500] "GET /catalogoisis/imagenes/br1c3.gif HTTP/1.1" 200 302
201.184.40.54 - - [28/Jul/2022:17:16:49 -0500] "GET /catalogoisis/imagenes/Turnbo1.gif HTTP/1.1" 200 227
201.184.40.54 - - [28/Jul/2022:17:16:49 -0500] "GET /catalogoisis/imagenes/limpiar1.gif HTTP/1.1" 200 606
201.184.40.54 - - [28/Jul/2022:17:16:50 -0500] "GET /catalogoisis/imagenes/br2c2.gif HTTP/1.1" 200 302
201.184.40.54 - - [28/Jul/2022:17:16:50 -0500] "GET /catalogoisis/imagenes/br2c1.gif HTTP/1.1" 200 297
201.184.40.54 - - [28/Jul/2022:17:16:50 -0500] "GET /catalogoisis/imagenes/br1c2.gif HTTP/1.1" 200 297
201.184.40.54 - - [28/Jul/2022:17:16:50 -0500] "GET /catalogoisis/imagenes/br3c1.gif HTTP/1.1" 200 177
201.184.40.54 - - [28/Jul/2022:17:16:50 -0500] "GET /catalogoisis/imagenes/br2c3.gif HTTP/1.1" 200 416
201.184.40.54 - - [28/Jul/2022:17:16:49 -0500] "GET /catalogoisis/imagenes/Header.gif HTTP/1.1" 200 30313
201.184.40.54 - - [28/Jul/2022:17:16:50 -0500] "GET /catalogoisis/imagenes/br3c2.gif HTTP/1.1" 200 285
201.184.40.54 - - [28/Jul/2022:17:16:50 -0500] "GET /catalogoisis/imagenes/br3c3.gif HTTP/1.1" 200 186
201.184.40.54 - - [28/Jul/2022:17:16:50 -0500] "GET /favicon.ico HTTP/1.1" 200 7782
191.95.166.68 - - [28/Jul/2022:17:16:56 -0500] "GET /BLA/resoluciones/RESOLUCIONES%202011/6971.pdf HTTP/1.1" 200 637749
191.95.166.68 - - [28/Jul/2022:17:16:56 -0500] "GET /favicon.ico HTTP/1.1" 200 7782
172.22.2.4 - - [28/Jul/2022:17:17:08 -0500] "GET /BLA/boletinlegal/conceptos.php HTTP/1.1" 200 7443
207.46.13.20 - - [28/Jul/2022:17:17:32 -0500] "GET /sipse/faces/javax.faces.resource/jquery/jquery.js;jsessionid=ggd3fktqjxmtopzapzgspoh1.undefined?ln=primefaces&amp;v=4.0 HTTP/1.1" 200 105384
186.119.103.217 - - [28/Jul/2022:17:17:33 -0500] "POST /sipse/faces/presentacion/financiero/solicitudProceso/consultarSolicitudProceso.xhtml HTTP/1.1" 200 64681
186.119.103.217 - - [28/Jul/2022:17:17:34 -0500] "GET /sipse/faces/javax.faces.resource/theme.css?ln=primefaces-sipse HTTP/1.1" 304 -
186.119.103.217 - - [28/Jul/2022:17:17:34 -0500] "GET /sipse/faces/javax.faces.resource/primefaces.css?ln=primefaces&v=4.0 HTTP/1.1" 304 -
186.119.103.217 - - [28/Jul/2022:17:17:34 -0500] "GET /sipse/faces/javax.faces.resource/layout/layout.css?ln=primefaces&v=4.0 HTTP/1.1" 304 -
186.119.103.217 - - [28/Jul/2022:17:17:34 -0500] "GET /sipse/css/imagen/contrasena.png HTTP/1.1" 404 383
186.119.103.217 - - [28/Jul/2022:17:17:34 -0500] "GET /sipse/faces/javax.faces.resource/jquery/jquery.js?ln=primefaces&v=4.0 HTTP/1.1" 304 -
186.119.103.217 - - [28/Jul/2022:17:17:34 -0500] "GET /sipse/faces/javax.faces.resource/jquery/jquery-plugins.js?ln=primefaces&v=4.0 HTTP/1.1" 304 -
186.119.103.217 - - [28/Jul/2022:17:17:34 -0500] "GET /sipse/faces/javax.faces.resource/primefaces.js?ln=primefaces&v=4.0 HTTP/1.1" 304 -
186.119.103.217 - - [28/Jul/2022:17:17:34 -0500] "GET /sipse/faces/javax.faces.resource/layout/layout.js?ln=primefaces&v=4.0 HTTP/1.1" 304 -
186.119.103.217 - - [28/Jul/2022:17:17:34 -0500] "GET /sipse/faces/javax.faces.resource/images/ui-icons_898989_256x240.png?ln=primefaces-aristo HTTP/1.1" 304 -
186.119.103.217 - - [28/Jul/2022:17:17:34 -0500] "POST /sipse/faces/presentacion/financiero/solicitudProceso/listarSolicitudProceso.xhtml HTTP/1.1" 200 58011
186.119.103.217 - - [28/Jul/2022:17:17:35 -0500] "GET /sipse/faces/javax.faces.resource/images/ui-bg_flat_0_2d5972_40x100.png?ln=primefaces-aristo HTTP/1.1" 304 -
186.119.103.217 - - [28/Jul/2022:17:17:35 -0500] "POST /sipse/faces/presentacion/financiero/solicitudProceso/listarSolicitudProceso.xhtml HTTP/1.1" 200 58011
186.119.103.217 - - [28/Jul/2022:17:17:35 -0500] "POST /sipse/faces/presentacion/financiero/solicitudProceso/listarSolicitudProceso.xhtml HTTP/1.1" 200 1560
186.119.103.217 - - [28/Jul/2022:17:17:38 -0500] "POST /sipse/faces/presentacion/financiero/solicitudProceso/listarSolicitudProceso.xhtml HTTP/1.1" 200 1556
186.119.103.217 - - [28/Jul/2022:17:17:41 -0500] "POST /sipse/faces/presentacion/financiero/solicitudProceso/listarSolicitudProceso.xhtml HTTP/1.1" 200 1568
172.22.2.4 - - [28/Jul/2022:17:16:19 -0500] "HEAD /BLA/boletinlegal/ HTTP/1.1" 200 -
201.245.192.253 - - [28/Jul/2022:17:18:09 -0500] "POST /kwsrmcab/Wsrmcab  HTTP/1.1" 200 45524
207.46.13.20 - - [28/Jul/2022:17:18:28 -0500] "GET /Publicaciones/2022EE136332.pdf HTTP/1.1" 404 228
172.22.2.4 - - [28/Jul/2022:17:17:09 -0500] "GET /BLA/boletinlegal/ HTTP/1.1" 200 58164
216.244.66.246 - - [28/Jul/2022:17:19:06 -0500] "-" 408 -
201.245.192.253 - - [28/Jul/2022:17:20:46 -0500] "POST /kwsrmcab/Wsrmcab HTTP/1.1" 200 46191
201.245.192.253 - - [28/Jul/2022:17:20:50 -0500] "POST /kwsrmcab/Wsrmcab HTTP/1.1" 200 47984
172.22.2.4 - - [28/Jul/2022:17:21:20 -0500] "GET /BLA/boletinlegal/consulta_actos.php?tipo=resoluciones&no=2166&usuario=&sector=SILVICULTURA&fecha=2019&resuelve= HTTP/1.1" 200 1359
172.22.2.4 - - [28/Jul/2022:17:21:40 -0500] "GET /BLA/boletinlegal/actos.php HTTP/1.1" 200 9559
172.22.2.4 - - [28/Jul/2022:17:21:47 -0500] "GET /BLA/boletinlegal/consulta_actos.php?tipo=resoluciones&no=1101&usuario=&sector=&fecha=2022&resuelve= HTTP/1.1" 200 626
216.245.221.92 - - [28/Jul/2022:17:21:48 -0500] "HEAD / HTTP/1.1" 200 -
172.22.2.4 - - [28/Jul/2022:17:21:53 -0500] "GET /BLA/boletinlegal/consulta_actos.php?tipo=resoluciones&no=1101&usuario=&sector=&fecha=2021&resuelve= HTTP/1.1" 200 626
172.22.2.4 - - [28/Jul/2022:17:21:55 -0500] "GET /BLA/boletinlegal/consulta_actos.php?tipo=resoluciones&no=1101&usuario=&sector=&fecha=2021&resuelve= HTTP/1.1" 200 626
172.22.2.4 - - [28/Jul/2022:17:21:58 -0500] "GET /BLA/boletinlegal/consulta_actos.php?tipo=resoluciones&no=1101&usuario=&sector=&fecha=2020&resuelve= HTTP/1.1" 200 626
172.22.2.4 - - [28/Jul/2022:17:21:59 -0500] "GET /BLA/boletinlegal/consulta_actos.php?tipo=resoluciones&no=1101&usuario=&sector=&fecha=2020&resuelve= HTTP/1.1" 200 626
172.22.2.4 - - [28/Jul/2022:17:22:00 -0500] "GET /BLA/boletinlegal/consulta_actos.php?tipo=resoluciones&no=1101&usuario=&sector=&fecha=2020&resuelve= HTTP/1.1" 200 626
172.22.2.4 - - [28/Jul/2022:17:22:00 -0500] "GET /BLA/boletinlegal/consulta_actos.php?tipo=resoluciones&no=1101&usuario=&sector=&fecha=2020&resuelve= HTTP/1.1" 200 626
172.22.2.4 - - [28/Jul/2022:17:22:00 -0500] "GET /BLA/boletinlegal/consulta_actos.php?tipo=resoluciones&no=1101&usuario=&sector=&fecha=2020&resuelve= HTTP/1.1" 200 626
172.22.2.4 - - [28/Jul/2022:17:22:00 -0500] "GET /BLA/boletinlegal/consulta_actos.php?tipo=resoluciones&no=1101&usuario=&sector=&fecha=2020&resuelve= HTTP/1.1" 200 626
172.22.2.4 - - [28/Jul/2022:17:22:02 -0500] "GET /BLA/boletinlegal/consulta_actos.php?tipo=resoluciones&no=1101&usuario=&sector=&fecha=2020&resuelve= HTTP/1.1" 200 626
172.22.2.4 - - [28/Jul/2022:17:22:06 -0500] "GET /BLA/boletinlegal/consulta_actos.php?tipo=autos&no=1101&usuario=&sector=&fecha=2020&resuelve= HTTP/1.1" 200 1089
161.18.229.233 - - [28/Jul/2022:17:22:14 -0500] "GET /BLA/resoluciones/AUTOS%202020/1101.pdf HTTP/1.1" 200 296728
172.22.2.4 - - [28/Jul/2022:17:22:36 -0500] "GET /BLA/boletinlegal/consulta_actos.php?tipo=resoluciones&no=1101&usuario=&sector=&fecha=2020&resuelve= HTTP/1.1" 200 626
201.245.192.253 - - [28/Jul/2022:17:23:08 -0500] "POST /kwsrmcab/Wsrmcab  HTTP/1.1" 200 45524
199.16.157.181 - - [28/Jul/2022:17:23:47 -0500] "-" 408 -
172.22.2.4 - - [28/Jul/2022:17:22:09 -0500] "HEAD /BLA/boletinlegal/ HTTP/1.1" 200 -
200.71.62.60 - - [28/Jul/2022:17:24:23 -0500] "GET /BLA/resoluciones/index.php?dir=RESOLUCIONES+2017%2F HTTP/1.1" 200 281726
172.22.2.4 - - [28/Jul/2022:17:22:59 -0500] "GET /BLA/boletinlegal/ HTTP/1.1" 200 56733
207.46.13.29 - - [28/Jul/2022:17:24:57 -0500] "GET /Publicaciones/2022EE130263.pdf HTTP/1.1" 404 228
173.252.95.118 - - [28/Jul/2022:17:25:35 -0500] "GET /se-abre-proceso-de-formacion-para-aprender-sobre-especies-migratorias-y-avistamiento-de-aves.html HTTP/1.1" 206 939
216.245.221.92 - - [28/Jul/2022:17:26:48 -0500] "HEAD / HTTP/1.1" 200 -
186.119.103.217 - - [28/Jul/2022:17:27:15 -0500] "POST /sipse/faces/presentacion/financiero/solicitudProceso/listarSolicitudProceso.xhtml HTTP/1.1" 200 13523
186.119.103.217 - - [28/Jul/2022:17:27:17 -0500] "POST /sipse/faces/presentacion/financiero/solicitudProceso/listarSolicitudProceso.xhtml HTTP/1.1" 200 154467
186.119.103.217 - - [28/Jul/2022:17:27:18 -0500] "GET /sipse/faces/javax.faces.resource/theme.css?ln=primefaces-sipse HTTP/1.1" 304 -
186.119.103.217 - - [28/Jul/2022:17:27:18 -0500] "GET /sipse/faces/javax.faces.resource/primefaces.css?ln=primefaces&v=4.0 HTTP/1.1" 304 -
186.119.103.217 - - [28/Jul/2022:17:27:18 -0500] "GET /sipse/faces/javax.faces.resource/layout/layout.css?ln=primefaces&v=4.0 HTTP/1.1" 304 -
186.119.103.217 - - [28/Jul/2022:17:27:18 -0500] "GET /sipse/faces/javax.faces.resource/jquery/jquery.js?ln=primefaces&v=4.0 HTTP/1.1" 304 -
186.119.103.217 - - [28/Jul/2022:17:27:18 -0500] "GET /sipse/faces/javax.faces.resource/jquery/jquery-plugins.js?ln=primefaces&v=4.0 HTTP/1.1" 304 -
186.119.103.217 - - [28/Jul/2022:17:27:19 -0500] "GET /sipse/faces/javax.faces.resource/primefaces.js?ln=primefaces&v=4.0 HTTP/1.1" 304 -
186.119.103.217 - - [28/Jul/2022:17:27:19 -0500] "GET /sipse/faces/javax.faces.resource/layout/layout.js?ln=primefaces&v=4.0 HTTP/1.1" 304 -
186.119.103.217 - - [28/Jul/2022:17:27:25 -0500] "POST /sipse/faces/presentacion/financiero/solicitudProceso/consultarSolicitudProceso.xhtml HTTP/1.1" 200 117955
190.60.254.238 - - [28/Jul/2022:17:27:40 -0500] "GET /sipse/faces/javax.faces.resource/theme.css?ln=primefaces-sipse HTTP/1.1" 304 -
190.60.254.238 - - [28/Jul/2022:17:27:40 -0500] "GET /sipse/faces/javax.faces.resource/primefaces.css?ln=primefaces&v=4.0 HTTP/1.1" 304 -
190.60.254.238 - - [28/Jul/2022:17:27:40 -0500] "GET /sipse/faces/javax.faces.resource/layout/layout.css?ln=primefaces&v=4.0 HTTP/1.1" 304 -
190.60.254.238 - - [28/Jul/2022:17:27:40 -0500] "GET /sipse/faces/javax.faces.resource/jquery/jquery.js?ln=primefaces&v=4.0 HTTP/1.1" 304 -
190.60.254.238 - - [28/Jul/2022:17:27:40 -0500] "GET /sipse/faces/javax.faces.resource/jquery/jquery-plugins.js?ln=primefaces&v=4.0 HTTP/1.1" 304 -
190.60.254.238 - - [28/Jul/2022:17:27:40 -0500] "GET /sipse/faces/javax.faces.resource/primefaces.js?ln=primefaces&v=4.0 HTTP/1.1" 304 -
190.60.254.238 - - [28/Jul/2022:17:27:40 -0500] "GET /sipse/faces/javax.faces.resource/layout/layout.js?ln=primefaces&v=4.0 HTTP/1.1" 304 -
190.60.254.238 - - [28/Jul/2022:17:27:40 -0500] "GET /sipse/faces/javax.faces.resource/images/ui-icons_898989_256x240.png?ln=primefaces-aristo HTTP/1.1" 304 -
190.60.254.238 - - [28/Jul/2022:17:27:41 -0500] "GET /sipse/faces/faces/faces/faces/faces/index.xhtml HTTP/1.1" 200 677
190.60.254.238 - - [28/Jul/2022:17:27:41 -0500] "GET /sipse/faces/javax.faces.resource/theme.css?ln=primefaces-sipse HTTP/1.1" 304 -
190.60.254.238 - - [28/Jul/2022:17:27:41 -0500] "GET /sipse/faces/faces/faces/faces/faces/faces/autenticacion.xhtml HTTP/1.1" 200 12170
190.60.254.238 - - [28/Jul/2022:17:27:41 -0500] "GET /sipse/faces/javax.faces.resource/theme.css?ln=primefaces-sipse HTTP/1.1" 304 -
190.60.254.238 - - [28/Jul/2022:17:27:41 -0500] "GET /sipse/faces/javax.faces.resource/primefaces.css?ln=primefaces&v=4.0 HTTP/1.1" 304 -
190.60.254.238 - - [28/Jul/2022:17:27:41 -0500] "GET /sipse/faces/javax.faces.resource/layout/layout.css?ln=primefaces&v=4.0 HTTP/1.1" 304 -
190.60.254.238 - - [28/Jul/2022:17:27:41 -0500] "GET /sipse/faces/javax.faces.resource/jquery/jquery.js?ln=primefaces&v=4.0 HTTP/1.1" 304 -
190.60.254.238 - - [28/Jul/2022:17:27:41 -0500] "GET /sipse/faces/javax.faces.resource/jquery/jquery-plugins.js?ln=primefaces&v=4.0 HTTP/1.1" 304 -
190.60.254.238 - - [28/Jul/2022:17:27:41 -0500] "GET /sipse/faces/javax.faces.resource/primefaces.js?ln=primefaces&v=4.0 HTTP/1.1" 304 -
190.60.254.238 - - [28/Jul/2022:17:27:41 -0500] "GET /sipse/faces/javax.faces.resource/layout/layout.js?ln=primefaces&v=4.0 HTTP/1.1" 304 -
201.245.192.253 - - [28/Jul/2022:17:28:06 -0500] "POST /kwsrmcab/Wsrmcab  HTTP/1.1" 200 45524
181.53.13.165 - - [28/Jul/2022:17:29:08 -0500] "GET /BLA/resoluciones/ HTTP/1.1" 200 13093
181.53.13.165 - - [28/Jul/2022:17:29:19 -0500] "GET /BLA/resoluciones/index.php?dir=AUTOS+2022%2F HTTP/1.1" 200 153332
172.22.2.4 - - [28/Jul/2022:17:27:59 -0500] "HEAD /BLA/boletinlegal/ HTTP/1.1" 200 -
172.22.2.4 - - [28/Jul/2022:17:28:49 -0500] "GET /BLA/boletinlegal/ HTTP/1.1" 200 54357
201.245.192.253 - - [28/Jul/2022:17:30:47 -0500] "POST /kwsrmcab/Wsrmcab HTTP/1.1" 200 46191
201.245.192.253 - - [28/Jul/2022:17:30:51 -0500] "POST /kwsrmcab/Wsrmcab HTTP/1.1" 200 47984
45.118.76.249 - - [28/Jul/2022:17:31:06 -0500] "GET / HTTP/1.1" 200 319
216.245.221.92 - - [28/Jul/2022:17:31:48 -0500] "HEAD / HTTP/1.1" 200 -
207.46.13.188 - - [28/Jul/2022:17:33:07 -0500] "GET /BLA/resoluciones/AUTOS%202011/1531.pdf HTTP/1.1" 200 182154
201.245.192.253 - - [28/Jul/2022:17:33:05 -0500] "POST /kwsrmcab/Wsrmcab  HTTP/1.1" 200 45524
172.22.2.4 - - [28/Jul/2022:17:33:49 -0500] "HEAD /BLA/boletinlegal/ HTTP/1.1" 200 -
207.46.13.188 - - [28/Jul/2022:17:35:29 -0500] "GET /BLA/resoluciones/RESOLUCIONES%202018/4183.pdf HTTP/1.1" 304 -
172.22.2.4 - - [28/Jul/2022:17:34:39 -0500] "GET /BLA/boletinlegal/ HTTP/1.1" 200 58576
216.245.221.92 - - [28/Jul/2022:17:36:48 -0500] "HEAD / HTTP/1.1" 200 -
207.46.13.188 - - [28/Jul/2022:17:37:08 -0500] "GET /BLA/resoluciones/RESOLUCIONES%202008/0408.pdf HTTP/1.1" 200 1395887
190.26.163.147 - - [28/Jul/2022:17:37:54 -0500] "GET /BLA/resoluciones/ HTTP/1.1" 200 13093
201.245.192.253 - - [28/Jul/2022:17:38:03 -0500] "POST /kwsrmcab/Wsrmcab  HTTP/1.1" 200 45524
190.26.163.147 - - [28/Jul/2022:17:38:09 -0500] "GET /BLA/resoluciones/index.php?dir=AUTOS+2021%2F HTTP/1.1" 200 391370
186.119.103.217 - - [28/Jul/2022:17:38:19 -0500] "GET /sipse/faces/javax.faces.resource/theme.css?ln=primefaces-sipse HTTP/1.1" 304 -
186.119.103.217 - - [28/Jul/2022:17:38:19 -0500] "GET /sipse/faces/faces/autenticacion.xhtml HTTP/1.1" 200 12178
186.119.103.217 - - [28/Jul/2022:17:38:19 -0500] "GET /sipse/faces/javax.faces.resource/primefaces.css?ln=primefaces&v=4.0 HTTP/1.1" 304 -
186.119.103.217 - - [28/Jul/2022:17:38:19 -0500] "GET /sipse/faces/javax.faces.resource/theme.css?ln=primefaces-sipse HTTP/1.1" 304 -
186.119.103.217 - - [28/Jul/2022:17:38:19 -0500] "GET /sipse/faces/javax.faces.resource/layout/layout.css?ln=primefaces&v=4.0 HTTP/1.1" 304 -
186.119.103.217 - - [28/Jul/2022:17:38:19 -0500] "GET /sipse/faces/javax.faces.resource/layout/layout.js?ln=primefaces&v=4.0 HTTP/1.1" 304 -
186.119.103.217 - - [28/Jul/2022:17:38:19 -0500] "GET /sipse/faces/javax.faces.resource/jquery/jquery.js?ln=primefaces&v=4.0 HTTP/1.1" 304 -
186.119.103.217 - - [28/Jul/2022:17:38:19 -0500] "GET /sipse/faces/javax.faces.resource/jquery/jquery-plugins.js?ln=primefaces&v=4.0 HTTP/1.1" 304 -
186.119.103.217 - - [28/Jul/2022:17:38:19 -0500] "GET /sipse/faces/javax.faces.resource/primefaces.js?ln=primefaces&v=4.0 HTTP/1.1" 304 -
186.119.103.217 - - [28/Jul/2022:17:38:19 -0500] "GET /sipse/faces/javax.faces.resource/images/ui-icons_898989_256x240.png?ln=primefaces-aristo HTTP/1.1" 304 -
172.22.2.4 - - [28/Jul/2022:17:39:07 -0500] "GET /BLA/boletinlegal/consulta_actos.php?tipo=autos&no=4650&usuario=&sector=&fecha=2011&resuelve= HTTP/1.1" 200 626
172.22.2.4 - - [28/Jul/2022:17:39:39 -0500] "GET /BLA/boletinlegal/.well-known/traffic-advice HTTP/1.1" 404 1038
172.22.2.4 - - [28/Jul/2022:17:39:40 -0500] "GET /BLA/boletinlegal/actos.php HTTP/1.1" 200 9559
172.22.2.4 - - [28/Jul/2022:17:39:44 -0500] "GET /BLA/boletinlegal/jurisprudencia/analisis/AnalisisT-606-15.docx HTTP/1.1" 200 26698
172.22.2.4 - - [28/Jul/2022:17:39:44 -0500] "GET /BLA/boletinlegal/apple-touch-icon-120x120-precomposed.png HTTP/1.1" 404 1140
172.22.2.4 - - [28/Jul/2022:17:39:44 -0500] "GET /BLA/boletinlegal/apple-touch-icon-120x120.png HTTP/1.1" 404 1140
172.22.2.4 - - [28/Jul/2022:17:39:44 -0500] "GET /BLA/boletinlegal/apple-touch-icon-precomposed.png HTTP/1.1" 404 1140
172.22.2.4 - - [28/Jul/2022:17:39:44 -0500] "GET /BLA/boletinlegal/apple-touch-icon.png HTTP/1.1" 404 1140
172.22.2.4 - - [28/Jul/2022:17:39:45 -0500] "GET /BLA/boletinlegal/favicon.ico HTTP/1.1" 404 1140
172.22.2.4 - - [28/Jul/2022:17:39:45 -0500] "GET /BLA/boletinlegal/apple-touch-icon-120x120-precomposed.png HTTP/1.1" 404 1140
172.22.2.4 - - [28/Jul/2022:17:39:45 -0500] "GET /BLA/boletinlegal/apple-touch-icon-120x120.png HTTP/1.1" 404 1140
172.22.2.4 - - [28/Jul/2022:17:39:45 -0500] "GET /BLA/boletinlegal/apple-touch-icon-precomposed.png HTTP/1.1" 404 1140
172.22.2.4 - - [28/Jul/2022:17:39:45 -0500] "GET /BLA/boletinlegal/apple-touch-icon.png HTTP/1.1" 404 1140
172.22.2.4 - - [28/Jul/2022:17:39:45 -0500] "GET /BLA/boletinlegal/favicon.ico HTTP/1.1" 404 1140
172.22.2.4 - - [28/Jul/2022:17:39:41 -0500] "GET /BLA/boletinlegal/ HTTP/1.1" 200 24523
201.245.192.253 - - [28/Jul/2022:17:40:46 -0500] "POST /kwsrmcab/Wsrmcab HTTP/1.1" 200 46191
201.245.192.253 - - [28/Jul/2022:17:40:50 -0500] "POST /kwsrmcab/Wsrmcab HTTP/1.1" 200 47984
172.22.2.4 - - [28/Jul/2022:17:41:12 -0500] "GET /BLA/boletinlegal/style.css HTTP/1.1" 200 9406
172.22.2.4 - - [28/Jul/2022:17:41:12 -0500] "GET /BLA/boletinlegal/styles2.css HTTP/1.1" 200 1838
172.22.2.4 - - [28/Jul/2022:17:41:13 -0500] "GET /BLA/boletinlegal/js/jquery.scrollTo-min.js HTTP/1.1" 200 1150
172.22.2.4 - - [28/Jul/2022:17:41:13 -0500] "GET /BLA/boletinlegal/js/jquery.js HTTP/1.1" 200 57254
172.22.2.4 - - [28/Jul/2022:17:41:13 -0500] "GET /BLA/boletinlegal/js/jquery.scrollShow.js HTTP/1.1" 200 4586
172.22.2.4 - - [28/Jul/2022:17:41:13 -0500] "GET /BLA/boletinlegal/images/cabezote%20BLEGAL.jpg HTTP/1.1" 200 118164
172.22.2.4 - - [28/Jul/2022:17:41:13 -0500] "GET /BLA/boletinlegal/images/subscribe-icon-big.png HTTP/1.1" 200 47702
172.22.2.4 - - [28/Jul/2022:17:41:13 -0500] "GET /BLA/boletinlegal/images/historia.png HTTP/1.1" 200 52775
172.22.2.4 - - [28/Jul/2022:17:41:13 -0500] "GET /BLA/boletinlegal/images/registro-usuarios.png HTTP/1.1" 200 8106
172.22.2.4 - - [28/Jul/2022:17:41:13 -0500] "GET /BLA/boletinlegal/images/arr_l.jpg HTTP/1.1" 200 1979
172.22.2.4 - - [28/Jul/2022:17:41:13 -0500] "GET /BLA/boletinlegal/images/menu_rght.gif HTTP/1.1" 200 1627
172.22.2.4 - - [28/Jul/2022:17:41:13 -0500] "GET /BLA/boletinlegal/images/text.jpg HTTP/1.1" 200 568
172.22.2.4 - - [28/Jul/2022:17:41:13 -0500] "GET /BLA/boletinlegal/images/menu_lft.gif HTTP/1.1" 200 1713
172.22.2.4 - - [28/Jul/2022:17:41:13 -0500] "GET /BLA/boletinlegal/images/menu_bg.jpg HTTP/1.1" 200 620
172.22.2.4 - - [28/Jul/2022:17:41:13 -0500] "GET /BLA/boletinlegal/images/body_bg.jpg HTTP/1.1" 200 1601
172.22.2.4 - - [28/Jul/2022:17:41:13 -0500] "GET /BLA/boletinlegal/images/bg_top.jpg HTTP/1.1" 200 522
172.22.2.4 - - [28/Jul/2022:17:41:13 -0500] "GET /BLA/boletinlegal/images/launch.jpg HTTP/1.1" 200 14577
172.22.2.4 - - [28/Jul/2022:17:41:13 -0500] "GET /BLA/boletinlegal/images/hover.jpg HTTP/1.1" 200 640
172.22.2.4 - - [28/Jul/2022:17:41:13 -0500] "GET /BLA/boletinlegal/images/screen_1.png HTTP/1.1" 200 202547
172.22.2.4 - - [28/Jul/2022:17:39:39 -0500] "HEAD /BLA/boletinlegal/ HTTP/1.1" 200 -
172.22.2.4 - - [28/Jul/2022:17:41:22 -0500] "GET /BLA/boletinlegal/images/screen_2.png HTTP/1.1" 200 362502
172.22.2.4 - - [28/Jul/2022:17:41:22 -0500] "GET /BLA/boletinlegal/images/screen_5.png HTTP/1.1" 200 368876
172.22.2.4 - - [28/Jul/2022:17:41:22 -0500] "GET /BLA/boletinlegal/images/footer_bg.jpg HTTP/1.1" 200 586
172.22.2.4 - - [28/Jul/2022:17:41:22 -0500] "GET /BLA/boletinlegal/images/arr_r.jpg HTTP/1.1" 200 1998
172.22.2.4 - - [28/Jul/2022:17:41:22 -0500] "GET /BLA/boletinlegal/images/screen_3.png HTTP/1.1" 200 210620
172.22.2.4 - - [28/Jul/2022:17:41:31 -0500] "GET /BLA/boletinlegal/images/pdf.gif HTTP/1.1" 200 567
172.22.2.4 - - [28/Jul/2022:17:41:35 -0500] "GET /BLA/boletinlegal/actos.php HTTP/1.1" 200 9559
172.22.2.4 - - [28/Jul/2022:17:41:35 -0500] "GET /BLA/boletinlegal/js/ajax_actos.js HTTP/1.1" 200 1322
172.22.2.4 - - [28/Jul/2022:17:41:35 -0500] "GET /BLA/boletinlegal/niceforms-default.css HTTP/1.1" 200 6694
172.22.2.4 - - [28/Jul/2022:17:41:35 -0500] "GET /BLA/boletinlegal/niceforms.js HTTP/1.1" 200 22876
172.22.2.4 - - [28/Jul/2022:17:41:35 -0500] "GET /BLA/boletinlegal/js/jquery1.js HTTP/1.1" 200 29846
172.22.2.4 - - [28/Jul/2022:17:41:35 -0500] "GET /BLA/boletinlegal/js/popup.js HTTP/1.1" 200 1270
172.22.2.4 - - [28/Jul/2022:17:41:35 -0500] "GET /BLA/boletinlegal/js/lib.js HTTP/1.1" 200 6474
172.22.2.4 - - [28/Jul/2022:17:41:35 -0500] "GET /BLA/boletinlegal/images/green-yellow-blue-pink-th.png HTTP/1.1" 200 7394
172.22.2.4 - - [28/Jul/2022:17:41:35 -0500] "GET /BLA/boletinlegal/images/abajo.png HTTP/1.1" 200 96676
172.22.2.4 - - [28/Jul/2022:17:41:35 -0500] "GET /BLA/boletinlegal/images/tel.png HTTP/1.1" 200 14477
172.22.2.4 - - [28/Jul/2022:17:41:35 -0500] "GET /BLA/boletinlegal/images/icono-email.png HTTP/1.1" 200 5544
172.22.2.4 - - [28/Jul/2022:17:41:35 -0500] "GET /BLA/boletinlegal/images/footer_bg_l.jpg HTTP/1.1" 200 776
172.22.2.4 - - [28/Jul/2022:17:41:35 -0500] "GET /BLA/boletinlegal/img/0.png HTTP/1.1" 200 110
172.22.2.4 - - [28/Jul/2022:17:41:35 -0500] "GET /BLA/boletinlegal/img/select-left.png HTTP/1.1" 200 263
172.22.2.4 - - [28/Jul/2022:17:41:35 -0500] "GET /BLA/boletinlegal/img/select-right.png HTTP/1.1" 200 44019
172.22.2.4 - - [28/Jul/2022:17:41:35 -0500] "GET /BLA/boletinlegal/img/button-left.png HTTP/1.1" 200 57071
172.22.2.4 - - [28/Jul/2022:17:41:35 -0500] "GET /BLA/boletinlegal/img/button.png HTTP/1.1" 200 43241
172.22.2.4 - - [28/Jul/2022:17:41:35 -0500] "GET /BLA/boletinlegal/img/button-right.png HTTP/1.1" 200 57878
172.22.2.4 - - [28/Jul/2022:17:41:35 -0500] "GET /BLA/boletinlegal/favicon.ico HTTP/1.1" 404 1326
31.13.115.7 - - [28/Jul/2022:17:41:36 -0500] "GET /images/ecosistema-dia-internacional-tierra-21-abril.jpg HTTP/1.1" 200 30098
216.245.221.92 - - [28/Jul/2022:17:41:48 -0500] "HEAD / HTTP/1.1" 200 -
172.22.2.4 - - [28/Jul/2022:17:42:08 -0500] "GET /BLA/boletinlegal/consulta_actos.php?tipo=autos&no=1101&usuario=&sector=&fecha=2020&resuelve= HTTP/1.1" 200 1089
172.22.2.4 - - [28/Jul/2022:17:41:12 -0500] "GET /BLA/boletinlegal/ HTTP/1.1" 200 36811
172.22.2.4 - - [28/Jul/2022:17:40:29 -0500] "GET /BLA/boletinlegal/ HTTP/1.1" 200 56015
172.22.2.4 - - [28/Jul/2022:17:42:29 -0500] "GET /BLA/boletinlegal/consulta_actos.php?tipo=resoluciones&no=1101&usuario=&sector=&fecha=2020&resuelve= HTTP/1.1" 200 626
172.22.2.4 - - [28/Jul/2022:17:42:38 -0500] "GET /BLA/boletinlegal/consulta_actos.php?tipo=resoluciones&no=1101&usuario=&sector=&fecha=2019&resuelve= HTTP/1.1" 200 626
172.22.2.4 - - [28/Jul/2022:17:42:47 -0500] "GET /BLA/boletinlegal/consulta_actos.php?tipo=resoluciones&no=1101&usuario=&sector=&fecha=2021&resuelve= HTTP/1.1" 200 626
172.22.2.4 - - [28/Jul/2022:17:42:58 -0500] "GET /BLA/boletinlegal/consulta_actos.php?tipo=resoluciones&no=1101&usuario=&sector=&fecha=2022&resuelve= HTTP/1.1" 200 626
172.22.2.4 - - [28/Jul/2022:17:43:04 -0500] "GET /BLA/boletinlegal/consulta_actos.php?tipo=autos&no=1101&usuario=&sector=&fecha=2020&resuelve= HTTP/1.1" 200 1089
201.245.192.253 - - [28/Jul/2022:17:43:03 -0500] "POST /kwsrmcab/Wsrmcab  HTTP/1.1" 200 45524
186.102.14.245 - - [28/Jul/2022:17:43:07 -0500] "GET /BLA/resoluciones/AUTOS%202020/1101.pdf HTTP/1.1" 200 296728
172.22.2.4 - - [28/Jul/2022:17:43:10 -0500] "GET /BLA/boletinlegal/consulta_actos.php?tipo=autos&no=5475&usuario=&sector=&fecha=2010&resuelve= HTTP/1.1" 200 1051
201.221.172.147 - - [28/Jul/2022:17:43:11 -0500] "GET /BLA/resoluciones/AUTOS%202010/5475.pdf HTTP/1.1" 200 192674
172.22.2.4 - - [28/Jul/2022:17:43:21 -0500] "GET /BLA/boletinlegal/style.css HTTP/1.1" 200 9406
172.22.2.4 - - [28/Jul/2022:17:43:21 -0500] "GET /BLA/boletinlegal/styles2.css HTTP/1.1" 200 1838
172.22.2.4 - - [28/Jul/2022:17:43:21 -0500] "GET /BLA/boletinlegal/images/subscribe-icon-big.png HTTP/1.1" 200 47702
172.22.2.4 - - [28/Jul/2022:17:43:21 -0500] "GET /BLA/boletinlegal/js/jquery.js HTTP/1.1" 200 57254
172.22.2.4 - - [28/Jul/2022:17:43:21 -0500] "GET /BLA/boletinlegal/images/historia.png HTTP/1.1" 200 52775
172.22.2.4 - - [28/Jul/2022:17:43:21 -0500] "GET /BLA/boletinlegal/js/jquery.scrollShow.js HTTP/1.1" 200 4586
172.22.2.4 - - [28/Jul/2022:17:43:21 -0500] "GET /BLA/boletinlegal/images/registro-usuarios.png HTTP/1.1" 200 8106
172.22.2.4 - - [28/Jul/2022:17:43:21 -0500] "GET /BLA/boletinlegal/images/arr_l.jpg HTTP/1.1" 200 1979
172.22.2.4 - - [28/Jul/2022:17:43:21 -0500] "GET /BLA/boletinlegal/images/screen_1.png HTTP/1.1" 200 202547
172.22.2.4 - - [28/Jul/2022:17:43:21 -0500] "GET /BLA/boletinlegal/images/launch.jpg HTTP/1.1" 200 14577
172.22.2.4 - - [28/Jul/2022:17:43:21 -0500] "GET /BLA/boletinlegal/images/body_bg.jpg HTTP/1.1" 200 1601
172.22.2.4 - - [28/Jul/2022:17:43:21 -0500] "GET /BLA/boletinlegal/images/menu_lft.gif HTTP/1.1" 200 1713
172.22.2.4 - - [28/Jul/2022:17:43:21 -0500] "GET /BLA/boletinlegal/images/menu_rght.gif HTTP/1.1" 200 1627
172.22.2.4 - - [28/Jul/2022:17:43:21 -0500] "GET /BLA/boletinlegal/images/bg_top.jpg HTTP/1.1" 200 522
172.22.2.4 - - [28/Jul/2022:17:43:21 -0500] "GET /BLA/boletinlegal/images/menu_bg.jpg HTTP/1.1" 200 620
172.22.2.4 - - [28/Jul/2022:17:43:21 -0500] "GET /BLA/boletinlegal/images/hover.jpg HTTP/1.1" 200 640
172.22.2.4 - - [28/Jul/2022:17:43:21 -0500] "GET /BLA/boletinlegal/images/text.jpg HTTP/1.1" 200 568
186.102.14.245 - - [28/Jul/2022:17:43:25 -0500] "GET /BLA/resoluciones/AUTOS%202020/1101.pdf HTTP/1.1" 206 1
186.102.14.245 - - [28/Jul/2022:17:43:25 -0500] "GET /BLA/resoluciones/AUTOS%202020/1101.pdf HTTP/1.1" 206 131828
172.22.2.4 - - [28/Jul/2022:17:43:27 -0500] "GET /BLA/boletinlegal/actos.php HTTP/1.1" 200 9559
172.22.2.4 - - [28/Jul/2022:17:43:27 -0500] "GET /BLA/boletinlegal/js/ajax_actos.js HTTP/1.1" 200 1322
172.22.2.4 - - [28/Jul/2022:17:43:27 -0500] "GET /BLA/boletinlegal/images/green-yellow-blue-pink-th.png HTTP/1.1" 200 7394
172.22.2.4 - - [28/Jul/2022:17:43:27 -0500] "GET /BLA/boletinlegal/images/abajo.png HTTP/1.1" 200 96676
172.22.2.4 - - [28/Jul/2022:17:43:28 -0500] "GET /BLA/boletinlegal/js/popup.js HTTP/1.1" 200 1270
172.22.2.4 - - [28/Jul/2022:17:43:28 -0500] "GET /BLA/boletinlegal/niceforms.js HTTP/1.1" 200 22876
172.22.2.4 - - [28/Jul/2022:17:43:28 -0500] "GET /BLA/boletinlegal/niceforms-default.css HTTP/1.1" 200 6694
172.22.2.4 - - [28/Jul/2022:17:43:28 -0500] "GET /BLA/boletinlegal/js/jquery1.js HTTP/1.1" 200 29846
172.22.2.4 - - [28/Jul/2022:17:43:28 -0500] "GET /BLA/boletinlegal/js/lib.js HTTP/1.1" 200 6474
172.22.2.4 - - [28/Jul/2022:17:43:28 -0500] "GET /BLA/boletinlegal/images/icono-email.png HTTP/1.1" 200 5544
172.22.2.4 - - [28/Jul/2022:17:43:28 -0500] "GET /BLA/boletinlegal/images/tel.png HTTP/1.1" 200 14477
172.22.2.4 - - [28/Jul/2022:17:43:28 -0500] "GET /BLA/boletinlegal/images/footer_bg.jpg HTTP/1.1" 200 586
172.22.2.4 - - [28/Jul/2022:17:43:28 -0500] "GET /BLA/boletinlegal/images/footer_bg_l.jpg HTTP/1.1" 200 776
172.22.2.4 - - [28/Jul/2022:17:43:28 -0500] "GET /BLA/boletinlegal/img/select-left.png HTTP/1.1" 200 263
172.22.2.4 - - [28/Jul/2022:17:43:28 -0500] "GET /BLA/boletinlegal/img/button.png HTTP/1.1" 200 43241
172.22.2.4 - - [28/Jul/2022:17:43:28 -0500] "GET /BLA/boletinlegal/img/button-right.png HTTP/1.1" 200 57878
191.95.144.18 - - [28/Jul/2022:17:43:30 -0500] "GET /BLA/resoluciones/ HTTP/1.1" 200 13093
191.95.144.18 - - [28/Jul/2022:17:43:31 -0500] "GET /BLA/resoluciones/dlf/folder.png HTTP/1.1" 200 410
191.95.144.18 - - [28/Jul/2022:17:43:31 -0500] "GET /BLA/resoluciones/dlf/bg.gif HTTP/1.1" 200 54
191.95.144.18 - - [28/Jul/2022:17:43:34 -0500] "GET /BLA/resoluciones/dlf/pdf.gif HTTP/1.1" 200 272
191.95.144.18 - - [28/Jul/2022:17:43:34 -0500] "GET /BLA/resoluciones/index.php?dir=AUTOS+2014%2F HTTP/1.1" 200 875530
191.95.144.18 - - [28/Jul/2022:17:43:35 -0500] "GET /BLA/resoluciones/dlf/unknown.png HTTP/1.1" 200 266
186.102.14.245 - - [28/Jul/2022:17:43:35 -0500] "GET /BLA/resoluciones/ HTTP/1.1" 200 13093
186.102.14.245 - - [28/Jul/2022:17:43:35 -0500] "GET /BLA/resoluciones/dlf/styles.css HTTP/1.1" 200 3049
186.102.14.245 - - [28/Jul/2022:17:43:35 -0500] "GET /BLA/resoluciones/dlf/folder.png HTTP/1.1" 200 410
186.102.14.245 - - [28/Jul/2022:17:43:35 -0500] "GET /BLA/resoluciones/dlf/bg.gif HTTP/1.1" 200 54
186.102.14.245 - - [28/Jul/2022:17:43:35 -0500] "GET /favicon.ico HTTP/1.1" 200 7782
186.102.14.245 - - [28/Jul/2022:17:43:44 -0500] "GET /BLA/resoluciones/dlf/dirup.png HTTP/1.1" 200 644
186.102.14.245 - - [28/Jul/2022:17:43:44 -0500] "GET /BLA/resoluciones/dlf/pdf.gif HTTP/1.1" 200 272
186.102.14.245 - - [28/Jul/2022:17:43:44 -0500] "GET /BLA/resoluciones/index.php?dir=RESOLUCIONES+2020%2F HTTP/1.1" 200 163782
172.22.2.4 - - [28/Jul/2022:17:43:21 -0500] "GET /BLA/boletinlegal/ HTTP/1.1" 200 24523
172.22.2.4 - - [28/Jul/2022:17:43:26 -0500] "GET /BLA/boletinlegal/ HTTP/1.1" 200 24523
191.95.144.18 - - [28/Jul/2022:17:44:08 -0500] "GET /BLA/resoluciones/index.php?dir=RESOLUCIONES+2014%2F HTTP/1.1" 200 333508
186.102.14.245 - - [28/Jul/2022:17:44:24 -0500] "GET /BLA/resoluciones/RESOLUCIONES%202020/1111.pdf HTTP/1.1" 200 362919
191.95.144.18 - - [28/Jul/2022:17:44:50 -0500] "GET /BLA/resoluciones/RESOLUCIONES%202014/2310.pdf HTTP/1.1" 200 823578
191.95.144.18 - - [28/Jul/2022:17:44:51 -0500] "GET /BLA/resoluciones/RESOLUCIONES%202014/2310.pdf HTTP/1.1" 206 16384
186.102.14.245 - - [28/Jul/2022:17:44:59 -0500] "GET /BLA/resoluciones/RESOLUCIONES%202020/2101.pdf HTTP/1.1" 200 528678
66.220.149.117 - - [28/Jul/2022:17:45:06 -0500] "GET /images/energia-eficiencia-26-mayo.jpg HTTP/1.1" 200 46417
172.22.2.4 - - [28/Jul/2022:17:43:35 -0500] "GET /BLA/boletinlegal/ HTTP/1.1" 200 59320
173.252.83.10 - - [28/Jul/2022:17:45:22 -0500] "GET /proyecto-de-eficiencia-energetica-y-energia-solar-para-entidades-publicas-de-bogota-recibira-apoyo-de-c40.html HTTP/1.1" 206 890
186.102.14.245 - - [28/Jul/2022:17:45:46 -0500] "GET /BLA/resoluciones/RESOLUCIONES%202020/0004.pdf HTTP/1.1" 200 410671
173.252.83.15 - - [28/Jul/2022:17:45:51 -0500] "GET /images/negocios-verdes-3-marzo.jpg HTTP/1.1" 200 33179
186.102.14.245 - - [28/Jul/2022:17:46:28 -0500] "GET /BLA/resoluciones/RESOLUCIONES%202020/0002.pdf HTTP/1.1" 200 378904
69.171.231.117 - - [28/Jul/2022:17:46:32 -0500] "GET /images/reciclaton-mayo-3-mayo.jpg HTTP/1.1" 200 278453
216.245.221.92 - - [28/Jul/2022:17:46:48 -0500] "HEAD / HTTP/1.1" 200 -
186.102.14.245 - - [28/Jul/2022:17:46:55 -0500] "GET /BLA/resoluciones/RESOLUCIONES%202020/0005.pdf HTTP/1.1" 200 374921
108.174.5.112 - - [28/Jul/2022:17:47:03 -0500] "GET /distrito-entrego-certificado-de-reconocimiento-a-mas-de-600-mujeres-que-reverdecen-tras-seis-meses-de-formacion-teorica-y-practica.html HTTP/1.1" 206 1113
186.102.14.245 - - [28/Jul/2022:17:47:06 -0500] "GET /BLA/resoluciones/RESOLUCIONES%202020/0009.pdf HTTP/1.1" 200 387190
172.22.2.4 - - [28/Jul/2022:17:45:29 -0500] "HEAD /BLA/boletinlegal/ HTTP/1.1" 200 -
186.102.14.245 - - [28/Jul/2022:17:47:21 -0500] "GET /BLA/resoluciones/RESOLUCIONES%202020/0011.pdf HTTP/1.1" 200 341475
172.22.2.4 - - [28/Jul/2022:17:47:23 -0500] "GET /BLA/boletinlegal/Circulares/2019/.pdf HTTP/1.1" 404 1218
186.102.14.245 - - [28/Jul/2022:17:47:30 -0500] "GET /BLA/resoluciones/RESOLUCIONES%202020/0012.pdf HTTP/1.1" 200 300329
172.22.2.4 - - [28/Jul/2022:17:47:34 -0500] "GET /BLA/boletinlegal/Circulares/2012/Circular%20No.%2010%20del%2026%20de%20Enero%20de%202012.pdf HTTP/1.1" 404 1218
186.102.14.245 - - [28/Jul/2022:17:47:46 -0500] "GET /BLA/resoluciones/RESOLUCIONES%202020/0019.pdf HTTP/1.1" 200 366507
172.22.2.4 - - [28/Jul/2022:17:46:19 -0500] "GET /BLA/boletinlegal/ HTTP/1.1" 200 58576
186.102.14.245 - - [28/Jul/2022:17:48:01 -0500] "GET /BLA/resoluciones/RESOLUCIONES%202020/0025.pdf HTTP/1.1" 200 367222
201.245.192.253 - - [28/Jul/2022:17:48:03 -0500] "POST /kwsrmcab/Wsrmcab  HTTP/1.1" 200 45524
186.102.14.245 - - [28/Jul/2022:17:48:10 -0500] "GET /BLA/resoluciones/RESOLUCIONES%202020/0026.pdf HTTP/1.1" 200 356448
34.90.246.33 - - [28/Jul/2022:17:48:18 -0500] "GET / HTTP/1.1" 200 319
186.102.14.245 - - [28/Jul/2022:17:48:24 -0500] "GET /BLA/resoluciones/RESOLUCIONES%202020/0044.pdf HTTP/1.1" 200 289756
186.102.14.245 - - [28/Jul/2022:17:48:40 -0500] "GET /BLA/resoluciones/RESOLUCIONES%202020/0067.pdf HTTP/1.1" 200 238755
186.102.14.245 - - [28/Jul/2022:17:48:51 -0500] "GET /BLA/resoluciones/RESOLUCIONES%202020/0068.pdf HTTP/1.1" 200 351744
186.102.14.245 - - [28/Jul/2022:17:49:09 -0500] "GET /BLA/resoluciones/RESOLUCIONES%202020/0073.pdf HTTP/1.1" 200 390086
186.102.14.245 - - [28/Jul/2022:17:49:16 -0500] "GET /BLA/resoluciones/RESOLUCIONES%202020/0075.pdf HTTP/1.1" 200 298102
186.102.14.245 - - [28/Jul/2022:17:49:26 -0500] "GET /BLA/resoluciones/RESOLUCIONES%202020/0077.pdf HTTP/1.1" 200 292779
186.102.14.245 - - [28/Jul/2022:17:49:38 -0500] "GET /BLA/resoluciones/RESOLUCIONES%202020/0084.pdf HTTP/1.1" 200 605948
186.84.20.15 - - [28/Jul/2022:17:49:40 -0500] "GET /galeria/galeria/jquery.fancybox.js?v=2.1.5 HTTP/1.1" 200 48706
186.84.20.15 - - [28/Jul/2022:17:49:40 -0500] "GET /BLA/boletinlegal/js/jquery.scrollShow.js HTTP/1.1" 200 4586
186.84.20.15 - - [28/Jul/2022:17:49:40 -0500] "GET /galeria/galeria/jquery.fancybox.css?v=2.1.5 HTTP/1.1" 200 4895
201.245.192.253 - - [28/Jul/2022:17:49:44 -0500] "GET /sipse/faces/index.xhtml HTTP/1.1" 200 677
201.245.192.253 - - [28/Jul/2022:17:49:44 -0500] "GET /sipse/faces/javax.faces.resource/theme.css?ln=primefaces-sipse HTTP/1.1" 304 -
201.245.192.253 - - [28/Jul/2022:17:49:45 -0500] "GET /sipse/faces/faces/autenticacion.xhtml HTTP/1.1" 200 12176
201.245.192.253 - - [28/Jul/2022:17:49:45 -0500] "GET /sipse/faces/javax.faces.resource/theme.css?ln=primefaces-sipse HTTP/1.1" 304 -
201.245.192.253 - - [28/Jul/2022:17:49:45 -0500] "GET /sipse/faces/javax.faces.resource/primefaces.css?ln=primefaces&v=4.0 HTTP/1.1" 304 -
201.245.192.253 - - [28/Jul/2022:17:49:45 -0500] "GET /sipse/faces/javax.faces.resource/jquery/jquery.js?ln=primefaces&v=4.0 HTTP/1.1" 304 -
201.245.192.253 - - [28/Jul/2022:17:49:45 -0500] "GET /sipse/faces/javax.faces.resource/jquery/jquery-plugins.js?ln=primefaces&v=4.0 HTTP/1.1" 304 -
201.245.192.253 - - [28/Jul/2022:17:49:45 -0500] "GET /sipse/faces/javax.faces.resource/layout/layout.css?ln=primefaces&v=4.0 HTTP/1.1" 304 -
201.245.192.253 - - [28/Jul/2022:17:49:45 -0500] "GET /sipse/faces/javax.faces.resource/primefaces.js?ln=primefaces&v=4.0 HTTP/1.1" 304 -
201.245.192.253 - - [28/Jul/2022:17:49:45 -0500] "GET /sipse/faces/javax.faces.resource/layout/layout.js?ln=primefaces&v=4.0 HTTP/1.1" 304 -
201.245.192.253 - - [28/Jul/2022:17:49:45 -0500] "GET /sipse/faces/javax.faces.resource/images/ui-icons_898989_256x240.png?ln=primefaces-aristo HTTP/1.1" 304 -
201.245.192.253 - - [28/Jul/2022:17:49:51 -0500] "POST /sipse/faces/autenticacion.xhtml HTTP/1.1" 200 11164
201.245.192.253 - - [28/Jul/2022:17:49:52 -0500] "GET /sipse/faces/javax.faces.resource/layout/layout.css?ln=primefaces&v=4.0 HTTP/1.1" 304 -
201.245.192.253 - - [28/Jul/2022:17:49:52 -0500] "GET /sipse/faces/javax.faces.resource/jquery/jquery.js?ln=primefaces&v=4.0 HTTP/1.1" 304 -
201.245.192.253 - - [28/Jul/2022:17:49:52 -0500] "GET /sipse/faces/javax.faces.resource/theme.css?ln=primefaces-sipse HTTP/1.1" 304 -
201.245.192.253 - - [28/Jul/2022:17:49:52 -0500] "GET /sipse/faces/javax.faces.resource/primefaces.css?ln=primefaces&v=4.0 HTTP/1.1" 304 -
201.245.192.253 - - [28/Jul/2022:17:49:52 -0500] "GET /sipse/faces/javax.faces.resource/jquery/jquery-plugins.js?ln=primefaces&v=4.0 HTTP/1.1" 304 -
201.245.192.253 - - [28/Jul/2022:17:49:52 -0500] "GET /sipse/faces/javax.faces.resource/primefaces.js?ln=primefaces&v=4.0 HTTP/1.1" 304 -
201.245.192.253 - - [28/Jul/2022:17:49:52 -0500] "GET /sipse/faces/javax.faces.resource/layout/layout.js?ln=primefaces&v=4.0 HTTP/1.1" 304 -
201.245.192.253 - - [28/Jul/2022:17:49:52 -0500] "GET /sipse/faces/javax.faces.resource/messages/messages.png?ln=primefaces&v=4.0 HTTP/1.1" 304 -
186.102.14.245 - - [28/Jul/2022:17:49:54 -0500] "GET /BLA/resoluciones/RESOLUCIONES%202020/0097.pdf HTTP/1.1" 200 330548
201.245.192.253 - - [28/Jul/2022:17:49:55 -0500] "POST /sipse/faces/presentacion/sistema/seguridad/seleccionRol.xhtml HTTP/1.1" 200 17529
201.245.192.253 - - [28/Jul/2022:17:49:56 -0500] "GET /sipse/faces/javax.faces.resource/layout/layout.css?ln=primefaces&v=4.0 HTTP/1.1" 304 -
201.245.192.253 - - [28/Jul/2022:17:49:56 -0500] "GET /sipse/faces/javax.faces.resource/theme.css?ln=primefaces-sipse HTTP/1.1" 304 -
201.245.192.253 - - [28/Jul/2022:17:49:56 -0500] "GET /sipse/faces/javax.faces.resource/primefaces.css?ln=primefaces&v=4.0 HTTP/1.1" 304 -
201.245.192.253 - - [28/Jul/2022:17:49:56 -0500] "GET /sipse/faces/javax.faces.resource/jquery/jquery.js?ln=primefaces&v=4.0 HTTP/1.1" 304 -
201.245.192.253 - - [28/Jul/2022:17:49:56 -0500] "GET /sipse/faces/javax.faces.resource/jquery/jquery-plugins.js?ln=primefaces&v=4.0 HTTP/1.1" 304 -
201.245.192.253 - - [28/Jul/2022:17:49:56 -0500] "GET /sipse/faces/javax.faces.resource/primefaces.js?ln=primefaces&v=4.0 HTTP/1.1" 304 -
201.245.192.253 - - [28/Jul/2022:17:49:56 -0500] "GET /sipse/faces/javax.faces.resource/layout/layout.js?ln=primefaces&v=4.0 HTTP/1.1" 304 -
201.245.192.253 - - [28/Jul/2022:17:49:56 -0500] "GET /sipse/css/imagen/contrasena.png HTTP/1.1" 404 383
201.245.192.253 - - [28/Jul/2022:17:49:57 -0500] "GET /sipse/faces/javax.faces.resource/images/ui-bg_flat_0_2d5972_40x100.png?ln=primefaces-aristo HTTP/1.1" 304 -
201.245.192.253 - - [28/Jul/2022:17:49:57 -0500] "POST /sipse/faces/bienvenido.xhtml HTTP/1.1" 200 3843
201.245.192.253 - - [28/Jul/2022:17:50:00 -0500] "POST /sipse/faces/bienvenido.xhtml HTTP/1.1" 200 41523
201.245.192.253 - - [28/Jul/2022:17:50:01 -0500] "GET /sipse/faces/javax.faces.resource/primefaces.css?ln=primefaces&v=4.0 HTTP/1.1" 304 -
201.245.192.253 - - [28/Jul/2022:17:50:01 -0500] "GET /sipse/faces/javax.faces.resource/theme.css?ln=primefaces-sipse HTTP/1.1" 304 -
201.245.192.253 - - [28/Jul/2022:17:50:01 -0500] "GET /sipse/faces/javax.faces.resource/layout/layout.css?ln=primefaces&v=4.0 HTTP/1.1" 304 -
201.245.192.253 - - [28/Jul/2022:17:50:01 -0500] "GET /sipse/faces/javax.faces.resource/jquery/jquery.js?ln=primefaces&v=4.0 HTTP/1.1" 304 -
201.245.192.253 - - [28/Jul/2022:17:50:01 -0500] "GET /sipse/faces/javax.faces.resource/jquery/jquery-plugins.js?ln=primefaces&v=4.0 HTTP/1.1" 304 -
201.245.192.253 - - [28/Jul/2022:17:50:01 -0500] "GET /sipse/faces/javax.faces.resource/primefaces.js?ln=primefaces&v=4.0 HTTP/1.1" 304 -
201.245.192.253 - - [28/Jul/2022:17:50:01 -0500] "GET /sipse/faces/javax.faces.resource/layout/layout.js?ln=primefaces&v=4.0 HTTP/1.1" 304 -
201.245.192.253 - - [28/Jul/2022:17:50:01 -0500] "POST /sipse/faces/presentacion/financiero/solicitudProceso/listarSolicitudProceso.xhtml HTTP/1.1" 200 1420
186.102.14.245 - - [28/Jul/2022:17:50:05 -0500] "GET /BLA/resoluciones/RESOLUCIONES%202020/0099.pdf HTTP/1.1" 200 329490
186.102.14.245 - - [28/Jul/2022:17:50:18 -0500] "GET /BLA/resoluciones/RESOLUCIONES%202020/0101.pdf HTTP/1.1" 200 348587
186.102.14.245 - - [28/Jul/2022:17:50:32 -0500] "GET /BLA/resoluciones/RESOLUCIONES%202020/0104.pdf HTTP/1.1" 200 341623
186.102.14.245 - - [28/Jul/2022:17:50:45 -0500] "GET /BLA/resoluciones/RESOLUCIONES%202020/0106.pdf HTTP/1.1" 200 332885
201.245.192.253 - - [28/Jul/2022:17:50:48 -0500] "POST /sipse/faces/presentacion/financiero/solicitudProceso/listarSolicitudProceso.xhtml HTTP/1.1" 200 142609
201.245.192.253 - - [28/Jul/2022:17:50:49 -0500] "GET /sipse/faces/javax.faces.resource/theme.css?ln=primefaces-sipse HTTP/1.1" 304 -
201.245.192.253 - - [28/Jul/2022:17:50:49 -0500] "GET /sipse/faces/javax.faces.resource/layout/layout.css?ln=primefaces&v=4.0 HTTP/1.1" 304 -
201.245.192.253 - - [28/Jul/2022:17:50:49 -0500] "GET /sipse/faces/javax.faces.resource/primefaces.css?ln=primefaces&v=4.0 HTTP/1.1" 304 -
201.245.192.253 - - [28/Jul/2022:17:50:49 -0500] "GET /sipse/faces/javax.faces.resource/jquery/jquery.js?ln=primefaces&v=4.0 HTTP/1.1" 304 -
201.245.192.253 - - [28/Jul/2022:17:50:49 -0500] "GET /sipse/faces/javax.faces.resource/jquery/jquery-plugins.js?ln=primefaces&v=4.0 HTTP/1.1" 304 -
201.245.192.253 - - [28/Jul/2022:17:50:49 -0500] "GET /sipse/faces/javax.faces.resource/primefaces.js?ln=primefaces&v=4.0 HTTP/1.1" 304 -
201.245.192.253 - - [28/Jul/2022:17:50:49 -0500] "GET /sipse/faces/javax.faces.resource/layout/layout.js?ln=primefaces&v=4.0 HTTP/1.1" 304 -
186.102.14.245 - - [28/Jul/2022:17:50:57 -0500] "GET /BLA/resoluciones/RESOLUCIONES%202020/0108.pdf HTTP/1.1" 200 325019
186.102.14.245 - - [28/Jul/2022:17:51:20 -0500] "GET /BLA/resoluciones/RESOLUCIONES%202020/0183.pdf HTTP/1.1" 200 322420
186.102.14.245 - - [28/Jul/2022:17:51:33 -0500] "GET /BLA/resoluciones/RESOLUCIONES%202020/0186.pdf HTTP/1.1" 200 332898
186.102.14.245 - - [28/Jul/2022:17:51:47 -0500] "GET /BLA/resoluciones/RESOLUCIONES%202020/0189.pdf HTTP/1.1" 200 323954
216.245.221.92 - - [28/Jul/2022:17:51:48 -0500] "HEAD / HTTP/1.1" 200 -
186.102.14.245 - - [28/Jul/2022:17:51:56 -0500] "GET /BLA/resoluciones/RESOLUCIONES%202020/0190.pdf HTTP/1.1" 200 326562
186.102.14.245 - - [28/Jul/2022:17:52:05 -0500] "GET /BLA/resoluciones/RESOLUCIONES%202020/0191.pdf HTTP/1.1" 200 325913
186.102.14.245 - - [28/Jul/2022:17:52:17 -0500] "GET /BLA/resoluciones/RESOLUCIONES%202020/0193.pdf HTTP/1.1" 200 338083
186.102.14.245 - - [28/Jul/2022:17:52:30 -0500] "GET /BLA/resoluciones/RESOLUCIONES%202020/0200.pdf HTTP/1.1" 200 395136
186.102.14.245 - - [28/Jul/2022:17:52:47 -0500] "GET /BLA/resoluciones/RESOLUCIONES%202020/0218.pdf HTTP/1.1" 200 326608
201.245.192.253 - - [28/Jul/2022:17:52:47 -0500] "POST /sipse/faces/presentacion/financiero/solicitudProceso/consultarSolicitudProceso.xhtml HTTP/1.1" 200 120993
172.22.2.4 - - [28/Jul/2022:17:52:47 -0500] "GET /BLA/boletinlegal/owa/auth/x.js HTTP/1.1" 404 1018
172.22.2.4 - - [28/Jul/2022:17:51:19 -0500] "HEAD /BLA/boletinlegal/ HTTP/1.1" 200 -
186.102.14.245 - - [28/Jul/2022:17:53:02 -0500] "GET /BLA/resoluciones/RESOLUCIONES%202020/0221.pdf HTTP/1.1" 200 328568
201.245.192.253 - - [28/Jul/2022:17:53:01 -0500] "POST /kwsrmcab/Wsrmcab  HTTP/1.1" 200 45524
186.102.14.245 - - [28/Jul/2022:17:53:12 -0500] "GET /BLA/resoluciones/RESOLUCIONES%202020/0226.pdf HTTP/1.1" 200 331557
186.102.23.49 - - [28/Jul/2022:17:53:24 -0500] "GET /kwssiamovil/sm/acme/u?s=U2FsdGVkX19ICxKwyLleBCPLHOz6vtUazXutNYN/sfKsKJxdQ0qMGsDCs3/fEw+Vs2fQnPE/NBcjoxTRYPYcGHXMQdy9GUqivw0PQ/GJsgvgloV7Ls257OGXmBC09oEc8nK8kj9flen4wvRDu7DUZg==&u=U2FsdGVkX18ajC3GacyWlhfByaP8XNUslRIqHdFGuCuQhdZLF8ZuSPlpT5I0SKJe&y=U2FsdGVkX1838nByDEs/ccbH4WrluSFtJh9NxjWBQ2TSs6gMLvpidySrwUg1Qc8H HTTP/1.1" 200 60
186.102.14.245 - - [28/Jul/2022:17:53:24 -0500] "GET /BLA/resoluciones/RESOLUCIONES%202020/0235.pdf HTTP/1.1" 200 332938
186.102.14.245 - - [28/Jul/2022:17:53:36 -0500] "GET /BLA/resoluciones/RESOLUCIONES%202020/0240.pdf HTTP/1.1" 200 326368
186.102.14.245 - - [28/Jul/2022:17:53:48 -0500] "GET /BLA/resoluciones/RESOLUCIONES%202020/0247.pdf HTTP/1.1" 200 325090
172.22.2.4 - - [28/Jul/2022:17:52:09 -0500] "GET /BLA/boletinlegal/ HTTP/1.1" 200 58576
186.102.14.245 - - [28/Jul/2022:17:54:01 -0500] "GET /BLA/resoluciones/RESOLUCIONES%202020/0253.pdf HTTP/1.1" 200 352482
186.102.14.245 - - [28/Jul/2022:17:54:19 -0500] "GET /BLA/resoluciones/RESOLUCIONES%202020/0268.pdf HTTP/1.1" 200 345888
201.245.192.253 - - [28/Jul/2022:17:54:23 -0500] "POST /sipse/faces/presentacion/financiero/solicitudProceso/consultarSolicitudProceso.xhtml HTTP/1.1" 200 38117
201.245.192.253 - - [28/Jul/2022:17:54:23 -0500] "GET /sipse/faces/javax.faces.resource/theme.css?ln=primefaces-sipse HTTP/1.1" 304 -
201.245.192.253 - - [28/Jul/2022:17:54:23 -0500] "GET /sipse/faces/javax.faces.resource/primefaces.css?ln=primefaces&v=4.0 HTTP/1.1" 304 -
201.245.192.253 - - [28/Jul/2022:17:54:23 -0500] "GET /sipse/faces/javax.faces.resource/primefaces.js?ln=primefaces&v=4.0 HTTP/1.1" 304 -
201.245.192.253 - - [28/Jul/2022:17:54:23 -0500] "GET /sipse/faces/javax.faces.resource/jquery/jquery-plugins.js?ln=primefaces&v=4.0 HTTP/1.1" 304 -
201.245.192.253 - - [28/Jul/2022:17:54:23 -0500] "GET /sipse/faces/javax.faces.resource/layout/layout.css?ln=primefaces&v=4.0 HTTP/1.1" 304 -
201.245.192.253 - - [28/Jul/2022:17:54:23 -0500] "GET /sipse/faces/javax.faces.resource/jquery/jquery.js?ln=primefaces&v=4.0 HTTP/1.1" 304 -
201.245.192.253 - - [28/Jul/2022:17:54:23 -0500] "GET /sipse/faces/javax.faces.resource/layout/layout.js?ln=primefaces&v=4.0 HTTP/1.1" 304 -
201.245.192.253 - - [28/Jul/2022:17:54:23 -0500] "GET /sipse/css/imagen/contrasena.png HTTP/1.1" 404 383
