172.22.2.4 - - [28/Jul/2022:02:53:01 -0500] "HEAD /BLA/boletinlegal/ HTTP/1.1" 200 -
207.46.13.218 - - [28/Jul/2022:02:55:23 -0500] "GET /BLA/resoluciones/index.php?dir=AUTOS+2020%2F HTTP/1.1" 200 326003
172.22.2.4 - - [28/Jul/2022:02:53:51 -0500] "GET /BLA/boletinlegal/ HTTP/1.1" 200 60282
157.55.39.98 - - [28/Jul/2022:02:56:02 -0500] "GET /BLA/resoluciones/index.php?dir=RESOLUCIONES+2011%2F HTTP/1.1" 200 746823
40.77.167.65 - - [28/Jul/2022:02:56:06 -0500] "GET /BLA/resoluciones/index.php?dir=AUTOS+2019%2F HTTP/1.1" 200 346241
201.245.192.253 - - [28/Jul/2022:02:56:09 -0500] "POST /kwsrmcab/Wsrmcab  HTTP/1.1" 200 45524
216.245.221.92 - - [28/Jul/2022:02:56:50 -0500] "HEAD / HTTP/1.1" 200 -
66.249.73.100 - - [28/Jul/2022:02:57:18 -0500] "-" 408 -
40.77.167.65 - - [28/Jul/2022:02:57:47 -0500] "GET /BLA/resoluciones/index.php?dir=AUTOS+2014%2F HTTP/1.1" 200 794571
40.77.167.65 - - [28/Jul/2022:02:58:28 -0500] "GET /BLA/resoluciones/index.php?dir=RESOLUCIONES+2014%2F HTTP/1.1" 200 333508
172.22.2.4 - - [28/Jul/2022:02:58:51 -0500] "HEAD /BLA/boletinlegal/ HTTP/1.1" 200 -
130.44.215.102 - - [28/Jul/2022:03:00:43 -0500] "GET /galeria/galeria/fotos/Humedal-Tibanica2P.jpg HTTP/1.1" 200 29568
130.44.215.105 - - [28/Jul/2022:03:00:44 -0500] "GET /galeria/galeria/fotos/Humedal-Tibanica2P.jpg HTTP/1.1" 200 29568
201.245.192.253 - - [28/Jul/2022:03:01:09 -0500] "POST /kwsrmcab/Wsrmcab  HTTP/1.1" 200 45524
172.22.2.4 - - [28/Jul/2022:02:59:41 -0500] "GET /BLA/boletinlegal/ HTTP/1.1" 200 58576
216.245.221.92 - - [28/Jul/2022:03:01:50 -0500] "HEAD / HTTP/1.1" 200 -
207.46.13.29 - - [28/Jul/2022:03:03:09 -0500] "GET /BLA/resoluciones/ HTTP/1.1" 200 13093
66.249.73.127 - - [28/Jul/2022:03:03:54 -0500] "-" 408 -
201.245.192.253 - - [28/Jul/2022:03:06:08 -0500] "POST /kwsrmcab/Wsrmcab  HTTP/1.1" 200 45524
172.22.2.4 - - [28/Jul/2022:03:04:41 -0500] "HEAD /BLA/boletinlegal/ HTTP/1.1" 200 -
216.245.221.92 - - [28/Jul/2022:03:06:50 -0500] "HEAD / HTTP/1.1" 200 -
51.159.178.181 - - [28/Jul/2022:03:07:06 -0500] "GET / HTTP/1.1" 200 319
172.22.2.4 - - [28/Jul/2022:03:05:31 -0500] "GET /BLA/boletinlegal/ HTTP/1.1" 200 58576
172.22.2.4 - - [28/Jul/2022:03:07:31 -0500] "GET /BLA/boletinlegal/Circulares/2012/Circular%20No.%207%20del%2008%20de%20Agosto%20de%202012.pdf HTTP/1.1" 304 -
172.22.2.4 - - [28/Jul/2022:03:10:08 -0500] "GET /BLA/boletinlegal/robots.txt HTTP/1.1" 404 1038
172.22.2.4 - - [28/Jul/2022:03:10:11 -0500] "GET /BLA/boletinlegal/Circulares/2011/Circular%20No.%201%20del%2012%20de%20Abril%20de%202011.pdf HTTP/1.1" 200 366269
201.245.192.253 - - [28/Jul/2022:03:11:06 -0500] "POST /kwsrmcab/Wsrmcab  HTTP/1.1" 200 45524
216.245.221.92 - - [28/Jul/2022:03:11:50 -0500] "HEAD / HTTP/1.1" 200 -
172.22.2.4 - - [28/Jul/2022:03:10:31 -0500] "HEAD /BLA/boletinlegal/ HTTP/1.1" 200 -
172.22.2.4 - - [28/Jul/2022:03:11:21 -0500] "GET /BLA/boletinlegal/ HTTP/1.1" 200 58956
66.249.73.97 - - [28/Jul/2022:03:13:11 -0500] "-" 408 -
201.245.192.253 - - [28/Jul/2022:03:16:05 -0500] "POST /kwsrmcab/Wsrmcab  HTTP/1.1" 200 45524
216.245.221.92 - - [28/Jul/2022:03:16:50 -0500] "HEAD / HTTP/1.1" 200 -
172.22.2.4 - - [28/Jul/2022:03:16:21 -0500] "HEAD /BLA/boletinlegal/ HTTP/1.1" 200 -
172.22.2.4 - - [28/Jul/2022:03:17:11 -0500] "GET /BLA/boletinlegal/ HTTP/1.1" 200 58576
185.7.214.104 - - [28/Jul/2022:03:19:32 -0500] "GET /vendor/phpunit/phpunit/src/Util/PHP/eval-stdin.php HTTP/1.1" 404 1018
201.245.192.253 - - [28/Jul/2022:03:20:49 -0500] "POST /kwsrmcab/Wsrmcab HTTP/1.1" 200 45701
201.245.192.253 - - [28/Jul/2022:03:20:53 -0500] "POST /kwsrmcab/Wsrmcab HTTP/1.1" 200 47055
201.245.192.253 - - [28/Jul/2022:03:21:04 -0500] "POST /kwsrmcab/Wsrmcab  HTTP/1.1" 200 45524
216.245.221.92 - - [28/Jul/2022:03:21:50 -0500] "HEAD / HTTP/1.1" 200 -
172.22.2.4 - - [28/Jul/2022:03:22:11 -0500] "HEAD /BLA/boletinlegal/ HTTP/1.1" 200 -
172.22.2.4 - - [28/Jul/2022:03:23:01 -0500] "GET /BLA/boletinlegal/ HTTP/1.1" 200 60282
181.53.14.162 - - [28/Jul/2022:03:25:31 -0500] "GET /mesa/contrasena.pdf HTTP/1.1" 200 443199
181.53.14.162 - - [28/Jul/2022:03:25:32 -0500] "GET /mesa/contrasena.pdf HTTP/1.1" 206 1
181.53.14.162 - - [28/Jul/2022:03:25:32 -0500] "GET /mesa/contrasena.pdf HTTP/1.1" 206 373715
200.29.113.39 - - [28/Jul/2022:03:25:32 -0500] "GET /mesa/contrasena.pdf HTTP/1.1" 200 443199
201.245.192.253 - - [28/Jul/2022:03:26:04 -0500] "POST /kwsrmcab/Wsrmcab  HTTP/1.1" 200 45524
216.245.221.92 - - [28/Jul/2022:03:26:50 -0500] "HEAD / HTTP/1.1" 200 -
172.22.2.4 - - [28/Jul/2022:03:28:01 -0500] "HEAD /BLA/boletinlegal/ HTTP/1.1" 200 -
172.22.2.4 - - [28/Jul/2022:03:28:51 -0500] "GET /BLA/boletinlegal/ HTTP/1.1" 200 59829
201.245.192.253 - - [28/Jul/2022:03:30:49 -0500] "POST /kwsrmcab/Wsrmcab HTTP/1.1" 200 45701
201.245.192.253 - - [28/Jul/2022:03:30:53 -0500] "POST /kwsrmcab/Wsrmcab HTTP/1.1" 200 47055
201.245.192.253 - - [28/Jul/2022:03:31:02 -0500] "POST /kwsrmcab/Wsrmcab  HTTP/1.1" 200 45524
216.245.221.92 - - [28/Jul/2022:03:31:50 -0500] "HEAD / HTTP/1.1" 200 -
172.22.2.4 - - [28/Jul/2022:03:33:47 -0500] "GET /BLA/boletinlegal/index.php HTTP/1.1" 200 50800
172.22.2.4 - - [28/Jul/2022:03:33:51 -0500] "HEAD /BLA/boletinlegal/ HTTP/1.1" 200 -
172.22.2.4 - - [28/Jul/2022:03:35:36 -0500] "GET /BLA/boletinlegal/js/jquery.js HTTP/1.1" 200 57254
172.22.2.4 - - [28/Jul/2022:03:35:39 -0500] "GET /BLA/boletinlegal/js/jquery.scrollShow.js HTTP/1.1" 200 4586
172.22.2.4 - - [28/Jul/2022:03:35:42 -0500] "GET /BLA/boletinlegal/js/jquery.scrollTo-min.js HTTP/1.1" 200 1150
201.245.192.253 - - [28/Jul/2022:03:36:01 -0500] "POST /kwsrmcab/Wsrmcab  HTTP/1.1" 200 45524
172.22.2.4 - - [28/Jul/2022:03:34:41 -0500] "GET /BLA/boletinlegal/ HTTP/1.1" 200 54824
216.245.221.92 - - [28/Jul/2022:03:36:50 -0500] "HEAD / HTTP/1.1" 200 -
201.245.192.253 - - [28/Jul/2022:03:40:49 -0500] "POST /kwsrmcab/Wsrmcab HTTP/1.1" 200 45701
201.245.192.253 - - [28/Jul/2022:03:40:53 -0500] "POST /kwsrmcab/Wsrmcab HTTP/1.1" 200 47055
201.245.192.253 - - [28/Jul/2022:03:41:01 -0500] "POST /kwsrmcab/Wsrmcab  HTTP/1.1" 200 45524
172.22.2.4 - - [28/Jul/2022:03:39:41 -0500] "HEAD /BLA/boletinlegal/ HTTP/1.1" 200 -
40.77.167.65 - - [28/Jul/2022:03:41:31 -0500] "GET /BLA/resoluciones/index.php?dir=AUTOS+2018%2F HTTP/1.1" 200 436111
216.245.221.92 - - [28/Jul/2022:03:41:50 -0500] "HEAD / HTTP/1.1" 200 -
172.22.2.4 - - [28/Jul/2022:03:40:31 -0500] "GET /BLA/boletinlegal/ HTTP/1.1" 200 58576
185.7.214.104 - - [28/Jul/2022:03:43:40 -0500] "-" 408 -
193.142.147.7 - - [28/Jul/2022:03:45:41 -0500] "\x03" 400 226
193.142.147.7 - - [28/Jul/2022:03:45:41 -0500] "\x03" 400 226
201.245.192.253 - - [28/Jul/2022:03:45:58 -0500] "POST /kwsrmcab/Wsrmcab  HTTP/1.1" 200 45524
216.245.221.92 - - [28/Jul/2022:03:46:50 -0500] "HEAD / HTTP/1.1" 200 -
172.22.2.4 - - [28/Jul/2022:03:45:31 -0500] "HEAD /BLA/boletinlegal/ HTTP/1.1" 200 -
172.22.2.4 - - [28/Jul/2022:03:46:21 -0500] "GET /BLA/boletinlegal/ HTTP/1.1" 200 58576
201.245.192.253 - - [28/Jul/2022:03:50:57 -0500] "POST /kwsrmcab/Wsrmcab  HTTP/1.1" 200 45524
216.245.221.92 - - [28/Jul/2022:03:51:50 -0500] "HEAD / HTTP/1.1" 200 -
172.22.2.4 - - [28/Jul/2022:03:51:21 -0500] "HEAD /BLA/boletinlegal/ HTTP/1.1" 200 -
172.22.2.4 - - [28/Jul/2022:03:52:11 -0500] "GET /BLA/boletinlegal/ HTTP/1.1" 200 58164
190.240.62.211 - - [28/Jul/2022:03:55:45 -0500] "GET /BLA/resoluciones/RESOLUCIONES%202020/1502.pdf HTTP/1.1" 200 1022782
201.245.192.253 - - [28/Jul/2022:03:55:56 -0500] "POST /kwsrmcab/Wsrmcab  HTTP/1.1" 200 45524
216.245.221.92 - - [28/Jul/2022:03:56:50 -0500] "HEAD / HTTP/1.1" 200 -
172.22.2.4 - - [28/Jul/2022:03:57:11 -0500] "HEAD /BLA/boletinlegal/ HTTP/1.1" 200 -
40.77.167.65 - - [28/Jul/2022:03:59:22 -0500] "GET /galeria/galeria/fotos/GuaymaralTorca4G.jpg HTTP/1.1" 200 373786
172.22.2.4 - - [28/Jul/2022:03:58:01 -0500] "GET /BLA/boletinlegal/ HTTP/1.1" 200 58576
201.245.192.253 - - [28/Jul/2022:04:00:55 -0500] "POST /kwsrmcab/Wsrmcab  HTTP/1.1" 200 45524
185.7.214.104 - - [28/Jul/2022:04:01:08 -0500] "GET /solr/admin/info/system?wt=json HTTP/1.1" 404 1018
216.245.221.92 - - [28/Jul/2022:04:01:50 -0500] "HEAD / HTTP/1.1" 200 -
172.22.2.4 - - [28/Jul/2022:04:03:01 -0500] "HEAD /BLA/boletinlegal/ HTTP/1.1" 200 -
172.22.2.4 - - [28/Jul/2022:04:03:51 -0500] "GET /BLA/boletinlegal/ HTTP/1.1" 200 58164
201.245.192.253 - - [28/Jul/2022:04:05:55 -0500] "POST /kwsrmcab/Wsrmcab  HTTP/1.1" 200 45524
216.245.221.92 - - [28/Jul/2022:04:06:50 -0500] "HEAD / HTTP/1.1" 200 -
172.22.2.4 - - [28/Jul/2022:04:08:51 -0500] "HEAD /BLA/boletinlegal/ HTTP/1.1" 200 -
201.245.192.253 - - [28/Jul/2022:04:10:54 -0500] "POST /kwsrmcab/Wsrmcab  HTTP/1.1" 200 45524
172.22.2.4 - - [28/Jul/2022:04:09:41 -0500] "GET /BLA/boletinlegal/ HTTP/1.1" 200 54004
216.245.221.92 - - [28/Jul/2022:04:11:50 -0500] "HEAD / HTTP/1.1" 200 -
40.77.167.65 - - [28/Jul/2022:04:12:02 -0500] "GET /BLA/boletinlegal/conceptos.php HTTP/1.1" 200 7443
172.22.2.4 - - [28/Jul/2022:04:12:15 -0500] "GET /BLA/boletinlegal/Circulares/2020/Circular%2000010%20del%2027%20de%20julio%20de%202020.pdf HTTP/1.1" 304 -
157.55.39.98 - - [28/Jul/2022:04:12:18 -0500] "GET /BLA/boletinlegal/js/ajax_conceptos.js HTTP/1.1" 200 1326
172.22.2.4 - - [28/Jul/2022:04:12:16 -0500] "GET /BLA/boletinlegal/index.php HTTP/1.1" 200 63208
201.245.192.253 - - [28/Jul/2022:04:15:53 -0500] "POST /kwsrmcab/Wsrmcab  HTTP/1.1" 200 45524
172.22.2.4 - - [28/Jul/2022:04:14:41 -0500] "HEAD /BLA/boletinlegal/ HTTP/1.1" 200 -
216.245.221.92 - - [28/Jul/2022:04:16:50 -0500] "HEAD / HTTP/1.1" 200 -
172.22.2.4 - - [28/Jul/2022:04:15:31 -0500] "GET /BLA/boletinlegal/ HTTP/1.1" 200 58164
207.46.13.188 - - [28/Jul/2022:04:19:45 -0500] "GET /pdc/actos/850.pdf HTTP/1.1" 200 979989
201.245.192.253 - - [28/Jul/2022:04:20:49 -0500] "POST /kwsrmcab/Wsrmcab HTTP/1.1" 200 45688
201.245.192.253 - - [28/Jul/2022:04:20:52 -0500] "POST /kwsrmcab/Wsrmcab  HTTP/1.1" 200 45524
201.245.192.253 - - [28/Jul/2022:04:20:53 -0500] "POST /kwsrmcab/Wsrmcab HTTP/1.1" 200 46907
216.245.221.92 - - [28/Jul/2022:04:21:50 -0500] "HEAD / HTTP/1.1" 200 -
172.22.2.4 - - [28/Jul/2022:04:20:31 -0500] "HEAD /BLA/boletinlegal/ HTTP/1.1" 200 -
172.22.2.4 - - [28/Jul/2022:04:21:21 -0500] "GET /BLA/boletinlegal/ HTTP/1.1" 200 57726
157.55.39.98 - - [28/Jul/2022:04:24:31 -0500] "GET /sipse/faces/faces/autenticacion.xhtml HTTP/1.1" 200 12492
185.7.214.104 - - [28/Jul/2022:04:25:36 -0500] "GET /index.php?s=/Index/\\think\\app/invokefunction&function=call_user_func_array&vars[0]=md5&vars[1][]=HelloThinkPHP21 HTTP/1.1" 404 1018
201.245.192.253 - - [28/Jul/2022:04:25:51 -0500] "POST /kwsrmcab/Wsrmcab  HTTP/1.1" 200 45524
216.245.221.92 - - [28/Jul/2022:04:26:50 -0500] "HEAD / HTTP/1.1" 200 -
66.220.149.9 - - [28/Jul/2022:04:26:52 -0500] "GET /images/llantaton-jornada.jpg HTTP/1.1" 200 356045
172.22.2.4 - - [28/Jul/2022:04:26:21 -0500] "HEAD /BLA/boletinlegal/ HTTP/1.1" 200 -
34.75.202.73 - - [28/Jul/2022:04:28:47 -0500] "GET /galeria/galeria/fotos/diaSC3Peq.jpg HTTP/1.1" 200 24913
172.22.2.4 - - [28/Jul/2022:04:27:11 -0500] "GET /BLA/boletinlegal/ HTTP/1.1" 200 60875
201.245.192.253 - - [28/Jul/2022:04:30:49 -0500] "POST /kwsrmcab/Wsrmcab HTTP/1.1" 200 45688
201.245.192.253 - - [28/Jul/2022:04:30:50 -0500] "POST /kwsrmcab/Wsrmcab  HTTP/1.1" 200 45524
201.245.192.253 - - [28/Jul/2022:04:30:53 -0500] "POST /kwsrmcab/Wsrmcab HTTP/1.1" 200 46907
107.161.18.152 - - [28/Jul/2022:04:31:13 -0500] "GET / HTTP/1.1" 200 4720
216.245.221.92 - - [28/Jul/2022:04:31:50 -0500] "HEAD / HTTP/1.1" 200 -
172.22.2.4 - - [28/Jul/2022:04:32:11 -0500] "HEAD /BLA/boletinlegal/ HTTP/1.1" 200 -
172.22.2.4 - - [28/Jul/2022:04:33:01 -0500] "GET /BLA/boletinlegal/ HTTP/1.1" 200 60875
201.245.192.253 - - [28/Jul/2022:04:35:49 -0500] "POST /kwsrmcab/Wsrmcab  HTTP/1.1" 200 45524
216.245.221.92 - - [28/Jul/2022:04:36:50 -0500] "HEAD / HTTP/1.1" 200 -
35.204.10.117 - - [28/Jul/2022:04:37:22 -0500] "GET / HTTP/1.1" 200 319
207.46.13.20 - - [28/Jul/2022:04:37:40 -0500] "GET /bla/resoluciones/resoluciones%202022/0135.pdf HTTP/1.1" 304 -
172.22.2.4 - - [28/Jul/2022:04:38:01 -0500] "HEAD /BLA/boletinlegal/ HTTP/1.1" 200 -
172.22.2.4 - - [28/Jul/2022:04:38:51 -0500] "GET /BLA/boletinlegal/ HTTP/1.1" 200 60282
201.245.192.253 - - [28/Jul/2022:04:40:48 -0500] "POST /kwsrmcab/Wsrmcab  HTTP/1.1" 200 45524
201.245.192.253 - - [28/Jul/2022:04:40:49 -0500] "POST /kwsrmcab/Wsrmcab HTTP/1.1" 200 45688
172.22.2.4 - - [28/Jul/2022:04:40:54 -0500] "GET /BLA/boletinlegal/images/cabezote%20BLEGAL.jpg HTTP/1.1" 200 118164
201.245.192.253 - - [28/Jul/2022:04:40:53 -0500] "POST /kwsrmcab/Wsrmcab HTTP/1.1" 200 46907
216.245.221.92 - - [28/Jul/2022:04:41:50 -0500] "HEAD / HTTP/1.1" 200 -
157.55.39.98 - - [28/Jul/2022:04:44:51 -0500] "GET /BLA/resoluciones/RESOLUCIONES%202018/1466.pdf HTTP/1.1" 200 339441
172.22.2.4 - - [28/Jul/2022:04:43:51 -0500] "HEAD /BLA/boletinlegal/ HTTP/1.1" 200 -
201.245.192.253 - - [28/Jul/2022:04:45:47 -0500] "POST /kwsrmcab/Wsrmcab  HTTP/1.1" 200 45524
172.22.2.4 - - [28/Jul/2022:04:46:06 -0500] "GET /BLA/boletinlegal/jurisprudencia/analisis/AnalisisT-606-15.docx HTTP/1.1" 200 26698
172.22.2.4 - - [28/Jul/2022:04:46:06 -0500] "GET /BLA/boletinlegal/apple-touch-icon-120x120-precomposed.png HTTP/1.1" 404 1140
172.22.2.4 - - [28/Jul/2022:04:46:06 -0500] "GET /BLA/boletinlegal/apple-touch-icon-120x120.png HTTP/1.1" 404 1140
172.22.2.4 - - [28/Jul/2022:04:46:07 -0500] "GET /BLA/boletinlegal/apple-touch-icon-precomposed.png HTTP/1.1" 404 1140
172.22.2.4 - - [28/Jul/2022:04:46:07 -0500] "GET /BLA/boletinlegal/apple-touch-icon.png HTTP/1.1" 404 1140
172.22.2.4 - - [28/Jul/2022:04:46:07 -0500] "GET /BLA/boletinlegal/favicon.ico HTTP/1.1" 404 1140
172.22.2.4 - - [28/Jul/2022:04:46:07 -0500] "GET /BLA/boletinlegal/apple-touch-icon-120x120-precomposed.png HTTP/1.1" 404 1140
172.22.2.4 - - [28/Jul/2022:04:46:07 -0500] "GET /BLA/boletinlegal/apple-touch-icon-120x120.png HTTP/1.1" 404 1140
172.22.2.4 - - [28/Jul/2022:04:46:07 -0500] "GET /BLA/boletinlegal/apple-touch-icon-precomposed.png HTTP/1.1" 404 1140
172.22.2.4 - - [28/Jul/2022:04:46:07 -0500] "GET /BLA/boletinlegal/apple-touch-icon.png HTTP/1.1" 404 1140
172.22.2.4 - - [28/Jul/2022:04:46:07 -0500] "GET /BLA/boletinlegal/favicon.ico HTTP/1.1" 404 1140
172.22.2.4 - - [28/Jul/2022:04:44:41 -0500] "GET /BLA/boletinlegal/ HTTP/1.1" 200 58576
216.245.221.92 - - [28/Jul/2022:04:46:50 -0500] "HEAD / HTTP/1.1" 200 -
201.245.192.253 - - [28/Jul/2022:04:50:46 -0500] "POST /kwsrmcab/Wsrmcab  HTTP/1.1" 200 45524
172.22.2.4 - - [28/Jul/2022:04:49:41 -0500] "HEAD /BLA/boletinlegal/ HTTP/1.1" 200 -
216.245.221.92 - - [28/Jul/2022:04:51:50 -0500] "HEAD / HTTP/1.1" 200 -
172.22.2.4 - - [28/Jul/2022:04:50:31 -0500] "GET /BLA/boletinlegal/ HTTP/1.1" 200 55631
201.245.192.253 - - [28/Jul/2022:04:55:45 -0500] "POST /kwsrmcab/Wsrmcab  HTTP/1.1" 200 45524
216.245.221.92 - - [28/Jul/2022:04:56:50 -0500] "HEAD / HTTP/1.1" 200 -
172.22.2.4 - - [28/Jul/2022:04:55:31 -0500] "HEAD /BLA/boletinlegal/ HTTP/1.1" 200 -
207.46.13.188 - - [28/Jul/2022:04:57:18 -0500] "GET /galeria/galeria/fotos/Huemdal-el-Tunjo1G.jpg HTTP/1.1" 200 393262
172.22.2.4 - - [28/Jul/2022:04:56:21 -0500] "GET /BLA/boletinlegal/ HTTP/1.1" 200 58576
201.245.192.253 - - [28/Jul/2022:05:00:44 -0500] "POST /kwsrmcab/Wsrmcab  HTTP/1.1" 200 45524
216.245.221.92 - - [28/Jul/2022:05:01:50 -0500] "HEAD / HTTP/1.1" 200 -
172.22.2.4 - - [28/Jul/2022:05:01:21 -0500] "HEAD /BLA/boletinlegal/ HTTP/1.1" 200 -
172.22.2.4 - - [28/Jul/2022:05:02:11 -0500] "GET /BLA/boletinlegal/ HTTP/1.1" 200 60875
201.245.192.253 - - [28/Jul/2022:05:05:43 -0500] "POST /kwsrmcab/Wsrmcab  HTTP/1.1" 200 45524
216.245.221.92 - - [28/Jul/2022:05:06:50 -0500] "HEAD / HTTP/1.1" 200 -
40.77.167.65 - - [28/Jul/2022:05:08:48 -0500] "GET /galeria/galeria/fotos/GuaymaralTorca3G.jpg HTTP/1.1" 200 330310
172.22.2.4 - - [28/Jul/2022:05:07:11 -0500] "HEAD /BLA/boletinlegal/ HTTP/1.1" 200 -
172.22.2.4 - - [28/Jul/2022:05:08:01 -0500] "GET /BLA/boletinlegal/ HTTP/1.1" 200 59320
201.245.192.253 - - [28/Jul/2022:05:10:42 -0500] "POST /kwsrmcab/Wsrmcab  HTTP/1.1" 200 45524
163.123.143.71 - - [28/Jul/2022:05:10:59 -0500] "POST /boaform/admin/formLogin HTTP/1.1" 404 1186
216.245.221.92 - - [28/Jul/2022:05:11:50 -0500] "HEAD / HTTP/1.1" 200 -
185.7.214.104 - - [28/Jul/2022:05:12:09 -0500] "GET /?a=fetch&content=<php>die(@md5(HelloThinkCMF))</php> HTTP/1.1" 200 319
207.46.13.218 - - [28/Jul/2022:05:13:55 -0500] "GET /forest/ HTTP/1.1" 200 12041
172.22.2.4 - - [28/Jul/2022:05:13:01 -0500] "HEAD /BLA/boletinlegal/ HTTP/1.1" 200 -
172.22.2.4 - - [28/Jul/2022:05:13:51 -0500] "GET /BLA/boletinlegal/ HTTP/1.1" 200 54004
201.245.192.253 - - [28/Jul/2022:05:15:41 -0500] "POST /kwsrmcab/Wsrmcab  HTTP/1.1" 200 45524
216.245.221.92 - - [28/Jul/2022:05:16:50 -0500] "HEAD / HTTP/1.1" 200 -
172.22.2.4 - - [28/Jul/2022:05:18:51 -0500] "HEAD /BLA/boletinlegal/ HTTP/1.1" 200 -
201.245.192.253 - - [28/Jul/2022:05:20:40 -0500] "POST /kwsrmcab/Wsrmcab  HTTP/1.1" 200 45524
201.245.192.253 - - [28/Jul/2022:05:20:48 -0500] "POST /kwsrmcab/Wsrmcab HTTP/1.1" 200 45702
201.245.192.253 - - [28/Jul/2022:05:20:52 -0500] "POST /kwsrmcab/Wsrmcab HTTP/1.1" 200 47078
172.22.2.4 - - [28/Jul/2022:05:19:41 -0500] "GET /BLA/boletinlegal/ HTTP/1.1" 200 53291
216.245.221.92 - - [28/Jul/2022:05:21:50 -0500] "HEAD / HTTP/1.1" 200 -
201.245.192.253 - - [28/Jul/2022:05:25:39 -0500] "POST /kwsrmcab/Wsrmcab  HTTP/1.1" 200 45524
172.22.2.4 - - [28/Jul/2022:05:24:41 -0500] "HEAD /BLA/boletinlegal/ HTTP/1.1" 200 -
216.245.221.92 - - [28/Jul/2022:05:26:50 -0500] "HEAD / HTTP/1.1" 200 -
172.22.2.4 - - [28/Jul/2022:05:25:31 -0500] "GET /BLA/boletinlegal/ HTTP/1.1" 200 52878
201.245.192.253 - - [28/Jul/2022:05:30:38 -0500] "POST /kwsrmcab/Wsrmcab  HTTP/1.1" 200 45524
201.245.192.253 - - [28/Jul/2022:05:30:48 -0500] "POST /kwsrmcab/Wsrmcab HTTP/1.1" 200 45702
201.245.192.253 - - [28/Jul/2022:05:30:52 -0500] "POST /kwsrmcab/Wsrmcab HTTP/1.1" 200 47078
216.245.221.92 - - [28/Jul/2022:05:31:50 -0500] "HEAD / HTTP/1.1" 200 -
172.22.2.4 - - [28/Jul/2022:05:30:31 -0500] "HEAD /BLA/boletinlegal/ HTTP/1.1" 200 -
172.22.2.4 - - [28/Jul/2022:05:32:48 -0500] "GET /BLA/boletinlegal/js/jquery.scrollTo-min.js HTTP/1.1" 200 1150
172.22.2.4 - - [28/Jul/2022:05:32:48 -0500] "GET /BLA/boletinlegal/js/jquery.js HTTP/1.1" 200 57254
172.22.2.4 - - [28/Jul/2022:05:32:48 -0500] "GET /BLA/boletinlegal/style.css HTTP/1.1" 200 9406
172.22.2.4 - - [28/Jul/2022:05:32:48 -0500] "GET /BLA/boletinlegal/styles2.css HTTP/1.1" 200 1838
172.22.2.4 - - [28/Jul/2022:05:32:48 -0500] "GET /BLA/boletinlegal/images/cabezote%20BLEGAL.jpg HTTP/1.1" 200 118164
172.22.2.4 - - [28/Jul/2022:05:32:48 -0500] "GET /BLA/boletinlegal/js/jquery.scrollShow.js HTTP/1.1" 200 4586
172.22.2.4 - - [28/Jul/2022:05:32:48 -0500] "GET /BLA/boletinlegal/images/subscribe-icon-big.png HTTP/1.1" 200 47702
172.22.2.4 - - [28/Jul/2022:05:32:48 -0500] "GET /BLA/boletinlegal/images/historia.png HTTP/1.1" 200 52775
172.22.2.4 - - [28/Jul/2022:05:32:48 -0500] "GET /BLA/boletinlegal/images/registro-usuarios.png HTTP/1.1" 200 8106
172.22.2.4 - - [28/Jul/2022:05:32:48 -0500] "GET /BLA/boletinlegal/images/arr_l.jpg HTTP/1.1" 200 1979
172.22.2.4 - - [28/Jul/2022:05:32:48 -0500] "GET /BLA/boletinlegal/images/screen_1.png HTTP/1.1" 200 202547
172.22.2.4 - - [28/Jul/2022:05:32:48 -0500] "GET /BLA/boletinlegal/images/launch.jpg HTTP/1.1" 200 14577
172.22.2.4 - - [28/Jul/2022:05:32:55 -0500] "GET /BLA/boletinlegal/images/screen_2.png HTTP/1.1" 200 362502
172.22.2.4 - - [28/Jul/2022:05:32:55 -0500] "GET /BLA/boletinlegal/images/screen_3.png HTTP/1.1" 200 210620
172.22.2.4 - - [28/Jul/2022:05:32:55 -0500] "GET /BLA/boletinlegal/images/screen_5.png HTTP/1.1" 200 368876
172.22.2.4 - - [28/Jul/2022:05:32:55 -0500] "GET /BLA/boletinlegal/images/arr_r.jpg HTTP/1.1" 200 1998
172.22.2.4 - - [28/Jul/2022:05:31:21 -0500] "GET /BLA/boletinlegal/ HTTP/1.1" 200 57376
172.22.2.4 - - [28/Jul/2022:05:33:04 -0500] "GET /BLA/boletinlegal/images/pdf.gif HTTP/1.1" 200 567
172.22.2.4 - - [28/Jul/2022:05:32:47 -0500] "GET /BLA/boletinlegal/ HTTP/1.1" 200 62773
201.245.192.253 - - [28/Jul/2022:05:35:37 -0500] "POST /kwsrmcab/Wsrmcab  HTTP/1.1" 200 45524
216.245.221.92 - - [28/Jul/2022:05:36:50 -0500] "HEAD / HTTP/1.1" 200 -
137.184.47.67 - - [28/Jul/2022:05:37:00 -0500] "HEAD / HTTP/1.0" 200 -
137.184.47.67 - - [28/Jul/2022:05:37:03 -0500] "GET /system_api.php HTTP/1.1" 404 1018
137.184.47.67 - - [28/Jul/2022:05:37:05 -0500] "GET /c/version.js HTTP/1.1" 404 1018
137.184.47.67 - - [28/Jul/2022:05:37:07 -0500] "GET /streaming/clients_live.php HTTP/1.1" 404 1018
137.184.47.67 - - [28/Jul/2022:05:37:09 -0500] "GET /stalker_portal/c/version.js HTTP/1.1" 404 1018
137.184.47.67 - - [28/Jul/2022:05:37:11 -0500] "GET /stream/live.php HTTP/1.1" 404 1018
137.184.47.67 - - [28/Jul/2022:05:37:13 -0500] "GET /flu/403.html HTTP/1.1" 404 1018
137.184.47.67 - - [28/Jul/2022:05:37:14 -0500] "GET / HTTP/1.1" 200 319
172.22.2.4 - - [28/Jul/2022:05:36:21 -0500] "HEAD /BLA/boletinlegal/ HTTP/1.1" 200 -
172.22.2.4 - - [28/Jul/2022:05:37:11 -0500] "GET /BLA/boletinlegal/ HTTP/1.1" 200 57726
201.245.192.253 - - [28/Jul/2022:05:40:35 -0500] "POST /kwsrmcab/Wsrmcab  HTTP/1.1" 200 45524
201.245.192.253 - - [28/Jul/2022:05:40:49 -0500] "POST /kwsrmcab/Wsrmcab HTTP/1.1" 200 45702
201.245.192.253 - - [28/Jul/2022:05:40:53 -0500] "POST /kwsrmcab/Wsrmcab HTTP/1.1" 200 47078
173.252.87.118 - - [28/Jul/2022:05:41:39 -0500] "GET /images/Junio%2002-experiencias-jardines-verticales-sda.jpeg HTTP/1.1" 200 31171
216.245.221.92 - - [28/Jul/2022:05:41:50 -0500] "HEAD / HTTP/1.1" 200 -
172.22.2.4 - - [28/Jul/2022:05:42:11 -0500] "HEAD /BLA/boletinlegal/ HTTP/1.1" 200 -
172.22.2.4 - - [28/Jul/2022:05:43:01 -0500] "GET /BLA/boletinlegal/ HTTP/1.1" 200 53641
201.245.192.253 - - [28/Jul/2022:05:45:34 -0500] "POST /kwsrmcab/Wsrmcab  HTTP/1.1" 200 45524
216.245.221.92 - - [28/Jul/2022:05:46:50 -0500] "HEAD / HTTP/1.1" 200 -
172.22.2.4 - - [28/Jul/2022:05:46:40 -0500] "GET /BLA/boletinlegal/ HTTP/1.1" 200 62381
172.22.2.4 - - [28/Jul/2022:05:48:01 -0500] "HEAD /BLA/boletinlegal/ HTTP/1.1" 200 -
172.22.2.4 - - [28/Jul/2022:05:48:51 -0500] "GET /BLA/boletinlegal/ HTTP/1.1" 200 53641
201.245.192.253 - - [28/Jul/2022:05:50:33 -0500] "POST /kwsrmcab/Wsrmcab  HTTP/1.1" 200 45524
157.55.39.145 - - [28/Jul/2022:05:51:02 -0500] "GET /portaldeninos/humedal-torca-y-guaymaral-2/ HTTP/1.1" 200 88287
207.46.13.92 - - [28/Jul/2022:05:51:12 -0500] "GET /portaldeninos/wp-content/themes/betheme/assets/animations/animations.min.js?ver=20.9.6 HTTP/1.1" 200 1896
157.55.39.145 - - [28/Jul/2022:05:51:12 -0500] "GET /portaldeninos/wp-includes/js/jquery/ui/widget.min.js?ver=1.11.4 HTTP/1.1" 200 6908
207.46.13.92 - - [28/Jul/2022:05:51:15 -0500] "GET /portaldeninos/wp-content/themes/betheme/css/shortcodes.css?ver=20.9.6 HTTP/1.1" 200 138889
157.55.39.50 - - [28/Jul/2022:05:51:17 -0500] "GET /portaldeninos/wp-includes/js/jquery/ui/accordion.min.js?ver=1.11.4 HTTP/1.1" 200 8584
207.46.13.92 - - [28/Jul/2022:05:51:18 -0500] "GET /portaldeninos/wp-content/themes/betheme/style.css?ver=20.9.6 HTTP/1.1" 200 287
40.77.167.22 - - [28/Jul/2022:05:51:18 -0500] "GET /portaldeninos/wp-content/themes/betheme/assets/ui/jquery.ui.all.css?ver=20.9.6 HTTP/1.1" 200 18765
207.46.13.14 - - [28/Jul/2022:05:51:19 -0500] "GET /portaldeninos/wp-content/themes/betheme/js/plugins.js?ver=20.9.6 HTTP/1.1" 200 197151
40.77.167.22 - - [28/Jul/2022:05:51:21 -0500] "GET /portaldeninos/wp-includes/js/jquery/jquery.js?ver=1.12.4 HTTP/1.1" 200 97184
216.245.221.92 - - [28/Jul/2022:05:51:50 -0500] "HEAD / HTTP/1.1" 200 -
172.22.2.4 - - [28/Jul/2022:05:53:51 -0500] "HEAD /BLA/boletinlegal/ HTTP/1.1" 200 -
201.245.192.253 - - [28/Jul/2022:05:55:31 -0500] "POST /kwsrmcab/Wsrmcab  HTTP/1.1" 200 45524
172.22.2.4 - - [28/Jul/2022:05:54:41 -0500] "GET /BLA/boletinlegal/ HTTP/1.1" 200 52494
172.22.2.4 - - [28/Jul/2022:05:55:47 -0500] "GET /BLA/boletinlegal/ HTTP/1.1" 200 20427
172.22.2.4 - - [28/Jul/2022:05:55:47 -0500] "GET /BLA/boletinlegal/ HTTP/1.1" 200 32715
216.245.221.92 - - [28/Jul/2022:05:56:50 -0500] "HEAD / HTTP/1.1" 200 -
201.245.192.253 - - [28/Jul/2022:06:00:30 -0500] "POST /kwsrmcab/Wsrmcab  HTTP/1.1" 200 45524
172.22.2.4 - - [28/Jul/2022:05:59:41 -0500] "HEAD /BLA/boletinlegal/ HTTP/1.1" 200 -
216.245.221.92 - - [28/Jul/2022:06:01:50 -0500] "HEAD / HTTP/1.1" 200 -
172.22.2.4 - - [28/Jul/2022:06:00:31 -0500] "GET /BLA/boletinlegal/ HTTP/1.1" 200 58576
181.60.232.56 - - [28/Jul/2022:06:05:12 -0500] "GET /galeria/galeria/jquery.fancybox.js?v=2.1.5 HTTP/1.1" 200 48706
181.60.232.56 - - [28/Jul/2022:06:05:12 -0500] "GET /BLA/boletinlegal/js/jquery.scrollShow.js HTTP/1.1" 200 4586
181.60.232.56 - - [28/Jul/2022:06:05:12 -0500] "GET /galeria/galeria/jquery.fancybox.css?v=2.1.5 HTTP/1.1" 200 4895
201.245.192.253 - - [28/Jul/2022:06:05:29 -0500] "POST /kwsrmcab/Wsrmcab  HTTP/1.1" 200 45524
216.245.221.92 - - [28/Jul/2022:06:06:50 -0500] "HEAD / HTTP/1.1" 200 -
172.22.2.4 - - [28/Jul/2022:06:05:31 -0500] "HEAD /BLA/boletinlegal/ HTTP/1.1" 200 -
172.22.2.4 - - [28/Jul/2022:06:06:21 -0500] "GET /BLA/boletinlegal/ HTTP/1.1" 200 60875
172.22.2.4 - - [28/Jul/2022:06:08:06 -0500] "GET /BLA/boletinlegal/robots.txt HTTP/1.1" 404 1038
172.22.2.4 - - [28/Jul/2022:06:08:06 -0500] "GET /BLA/boletinlegal/conceptos.php HTTP/1.1" 200 7443
172.22.2.4 - - [28/Jul/2022:06:08:10 -0500] "GET /BLA/boletinlegal/js/ajax_conceptos.js HTTP/1.1" 200 1326
201.245.192.253 - - [28/Jul/2022:06:10:27 -0500] "POST /kwsrmcab/Wsrmcab  HTTP/1.1" 200 45524
216.245.221.92 - - [28/Jul/2022:06:11:50 -0500] "HEAD / HTTP/1.1" 200 -
185.7.214.104 - - [28/Jul/2022:06:12:33 -0500] "GET /?XDEBUG_SESSION_START=phpstorm HTTP/1.1" 200 319
172.22.2.4 - - [28/Jul/2022:06:11:21 -0500] "HEAD /BLA/boletinlegal/ HTTP/1.1" 200 -
172.22.2.4 - - [28/Jul/2022:06:12:11 -0500] "GET /BLA/boletinlegal/ HTTP/1.1" 200 60282
201.245.192.253 - - [28/Jul/2022:06:15:27 -0500] "POST /kwsrmcab/Wsrmcab  HTTP/1.1" 200 45524
103.194.88.13 - - [28/Jul/2022:06:16:05 -0500] "GET / HTTP/1.1" 200 319
216.245.221.92 - - [28/Jul/2022:06:16:50 -0500] "HEAD / HTTP/1.1" 200 -
172.22.2.4 - - [28/Jul/2022:06:15:55 -0500] "GET /BLA/boletinlegal/ HTTP/1.1" 200 57726
172.22.2.4 - - [28/Jul/2022:06:17:11 -0500] "HEAD /BLA/boletinlegal/ HTTP/1.1" 200 -
172.22.2.4 - - [28/Jul/2022:06:18:01 -0500] "GET /BLA/boletinlegal/ HTTP/1.1" 200 58164
201.245.192.253 - - [28/Jul/2022:06:20:26 -0500] "POST /kwsrmcab/Wsrmcab  HTTP/1.1" 200 45524
201.245.192.253 - - [28/Jul/2022:06:20:49 -0500] "POST /kwsrmcab/Wsrmcab HTTP/1.1" 200 45414
201.245.192.253 - - [28/Jul/2022:06:20:52 -0500] "POST /kwsrmcab/Wsrmcab HTTP/1.1" 200 47080
207.46.13.20 - - [28/Jul/2022:06:21:46 -0500] "GET /transparencia/financiera/Ejecucion%20Presupuestal/Vigencia%20actual/3.%20EJECUCION%20DE%20RESERVAS%20MARZO%202022.xlsx HTTP/1.1" 200 29026
216.245.221.92 - - [28/Jul/2022:06:21:50 -0500] "HEAD / HTTP/1.1" 200 -
172.22.2.4 - - [28/Jul/2022:06:23:01 -0500] "HEAD /BLA/boletinlegal/ HTTP/1.1" 200 -
201.245.192.253 - - [28/Jul/2022:06:25:25 -0500] "POST /kwsrmcab/Wsrmcab  HTTP/1.1" 200 45524
172.22.2.4 - - [28/Jul/2022:06:23:51 -0500] "GET /BLA/boletinlegal/ HTTP/1.1" 200 60282
201.245.192.253 - - [28/Jul/2022:06:26:08 -0500] "GET /css/date_blue.css HTTP/1.1" 404 1254
201.245.192.253 - - [28/Jul/2022:06:26:08 -0500] "GET /css/fondos.css HTTP/1.1" 404 1254
201.245.192.253 - - [28/Jul/2022:06:26:08 -0500] "GET /css/textos.css HTTP/1.1" 404 1254
201.245.192.253 - - [28/Jul/2022:06:26:09 -0500] "GET /css/bordes.css HTTP/1.1" 404 1254
216.245.221.92 - - [28/Jul/2022:06:26:50 -0500] "HEAD / HTTP/1.1" 200 -
201.245.192.253 - - [28/Jul/2022:06:30:24 -0500] "POST /kwsrmcab/Wsrmcab  HTTP/1.1" 200 45524
172.22.2.4 - - [28/Jul/2022:06:28:51 -0500] "HEAD /BLA/boletinlegal/ HTTP/1.1" 200 -
201.245.192.253 - - [28/Jul/2022:06:30:48 -0500] "POST /kwsrmcab/Wsrmcab HTTP/1.1" 200 45414
201.245.192.253 - - [28/Jul/2022:06:30:52 -0500] "POST /kwsrmcab/Wsrmcab HTTP/1.1" 200 47080
172.22.2.4 - - [28/Jul/2022:06:29:41 -0500] "GET /BLA/boletinlegal/ HTTP/1.1" 200 58576
216.245.221.92 - - [28/Jul/2022:06:31:50 -0500] "HEAD / HTTP/1.1" 200 -
69.171.251.17 - - [28/Jul/2022:06:32:17 -0500] "GET /images/mujeres-cultura-31.jpg HTTP/1.1" 200 33736
201.245.192.253 - - [28/Jul/2022:06:35:23 -0500] "POST /kwsrmcab/Wsrmcab  HTTP/1.1" 200 45524
172.22.2.4 - - [28/Jul/2022:06:34:41 -0500] "HEAD /BLA/boletinlegal/ HTTP/1.1" 200 -
216.245.221.92 - - [28/Jul/2022:06:36:50 -0500] "HEAD / HTTP/1.1" 200 -
172.22.2.4 - - [28/Jul/2022:06:35:31 -0500] "GET /BLA/boletinlegal/ HTTP/1.1" 200 58576
207.46.13.20 - - [28/Jul/2022:06:39:01 -0500] "GET /BLA/resoluciones/AUTOS%202021/6051.pdf HTTP/1.1" 200 359432
201.245.192.253 - - [28/Jul/2022:06:40:21 -0500] "POST /kwsrmcab/Wsrmcab  HTTP/1.1" 200 45524
201.245.192.253 - - [28/Jul/2022:06:40:48 -0500] "POST /kwsrmcab/Wsrmcab HTTP/1.1" 200 45414
201.245.192.253 - - [28/Jul/2022:06:40:52 -0500] "POST /kwsrmcab/Wsrmcab HTTP/1.1" 200 47080
216.245.221.92 - - [28/Jul/2022:06:41:49 -0500] "HEAD / HTTP/1.1" 200 -
172.22.2.4 - - [28/Jul/2022:06:40:31 -0500] "HEAD /BLA/boletinlegal/ HTTP/1.1" 200 -
172.22.2.4 - - [28/Jul/2022:06:41:21 -0500] "GET /BLA/boletinlegal/ HTTP/1.1" 200 56733
201.245.192.253 - - [28/Jul/2022:06:45:21 -0500] "POST /kwsrmcab/Wsrmcab  HTTP/1.1" 200 45524
216.245.221.92 - - [28/Jul/2022:06:46:49 -0500] "HEAD / HTTP/1.1" 200 -
172.22.2.4 - - [28/Jul/2022:06:46:21 -0500] "HEAD /BLA/boletinlegal/ HTTP/1.1" 200 -
172.22.2.4 - - [28/Jul/2022:06:47:11 -0500] "GET /BLA/boletinlegal/ HTTP/1.1" 200 60282
201.245.192.253 - - [28/Jul/2022:06:50:19 -0500] "POST /kwsrmcab/Wsrmcab  HTTP/1.1" 200 45524
216.245.221.92 - - [28/Jul/2022:06:51:49 -0500] "HEAD / HTTP/1.1" 200 -
173.252.95.14 - - [28/Jul/2022:06:53:36 -0500] "GET /images/JBB1.jpeg HTTP/1.1" 200 90628
173.252.107.10 - - [28/Jul/2022:06:53:43 -0500] "GET /en-semana-santa-jardin-botanico-una-opcion-vital-para-reconectarse-y-vivir-la-naturaleza.html HTTP/1.1" 206 1012
172.22.2.4 - - [28/Jul/2022:06:52:11 -0500] "HEAD /BLA/boletinlegal/ HTTP/1.1" 200 -
172.22.2.4 - - [28/Jul/2022:06:53:01 -0500] "GET /BLA/boletinlegal/ HTTP/1.1" 200 58576
201.245.192.253 - - [28/Jul/2022:06:55:19 -0500] "POST /kwsrmcab/Wsrmcab  HTTP/1.1" 200 45524
216.245.221.92 - - [28/Jul/2022:06:56:49 -0500] "HEAD / HTTP/1.1" 200 -
172.22.2.4 - - [28/Jul/2022:06:58:01 -0500] "HEAD /BLA/boletinlegal/ HTTP/1.1" 200 -
201.245.192.253 - - [28/Jul/2022:07:00:19 -0500] "POST /kwsrmcab/Wsrmcab  HTTP/1.1" 200 45524
172.22.2.4 - - [28/Jul/2022:06:58:51 -0500] "GET /BLA/boletinlegal/ HTTP/1.1" 200 60282
216.245.221.92 - - [28/Jul/2022:07:01:49 -0500] "HEAD / HTTP/1.1" 200 -
173.252.111.18 - - [28/Jul/2022:07:02:51 -0500] "GET /images/mujeres-cultura-31.jpg HTTP/1.1" 200 33736
49.7.199.67 - - [28/Jul/2022:07:02:31 -0500] "GET /portaldeninos/wp-content/uploads/2020/06/mapa-humedales-de-bogot%C3%A1-1.jpg HTTP/1.1" 200 1170768
201.245.192.253 - - [28/Jul/2022:07:05:17 -0500] "POST /kwsrmcab/Wsrmcab  HTTP/1.1" 200 45524
172.22.2.4 - - [28/Jul/2022:07:03:51 -0500] "HEAD /BLA/boletinlegal/ HTTP/1.1" 200 -
172.22.2.4 - - [28/Jul/2022:07:04:41 -0500] "GET /BLA/boletinlegal/ HTTP/1.1" 200 58576
45.83.65.77 - - [28/Jul/2022:07:06:36 -0500] "GET / HTTP/1.1" 200 319
45.83.65.72 - - [28/Jul/2022:07:06:37 -0500] "GET /favicon.ico HTTP/1.1" 200 7782
216.245.221.92 - - [28/Jul/2022:07:06:49 -0500] "HEAD / HTTP/1.1" 200 -
172.22.2.4 - - [28/Jul/2022:07:08:09 -0500] "GET /BLA/boletinlegal/actos.php HTTP/1.1" 200 9559
172.22.2.4 - - [28/Jul/2022:07:08:13 -0500] "GET /BLA/boletinlegal/niceforms-default.css HTTP/1.1" 200 6694
172.22.2.4 - - [28/Jul/2022:07:08:13 -0500] "GET /BLA/boletinlegal/js/lib.js HTTP/1.1" 200 6474
172.22.2.4 - - [28/Jul/2022:07:08:14 -0500] "GET /BLA/boletinlegal/niceforms.js HTTP/1.1" 200 22876
172.22.2.4 - - [28/Jul/2022:07:08:14 -0500] "GET /BLA/boletinlegal/js/ajax_actos.js HTTP/1.1" 200 1322
185.7.214.104 - - [28/Jul/2022:07:09:38 -0500] "GET /console/ HTTP/1.1" 404 1018
201.245.192.253 - - [28/Jul/2022:07:10:17 -0500] "POST /kwsrmcab/Wsrmcab  HTTP/1.1" 200 45524
172.22.2.4 - - [28/Jul/2022:07:09:41 -0500] "HEAD /BLA/boletinlegal/ HTTP/1.1" 200 -
216.245.221.92 - - [28/Jul/2022:07:11:49 -0500] "HEAD / HTTP/1.1" 200 -
172.22.2.4 - - [28/Jul/2022:07:10:31 -0500] "GET /BLA/boletinlegal/ HTTP/1.1" 200 60282
157.90.181.147 - - [28/Jul/2022:07:15:07 -0500] "-" 408 -
201.245.192.253 - - [28/Jul/2022:07:15:16 -0500] "POST /kwsrmcab/Wsrmcab  HTTP/1.1" 200 45524
34.147.119.135 - - [28/Jul/2022:07:16:09 -0500] "GET / HTTP/1.1" 200 319
216.245.221.92 - - [28/Jul/2022:07:16:49 -0500] "HEAD / HTTP/1.1" 200 -
172.22.2.4 - - [28/Jul/2022:07:15:30 -0500] "HEAD /BLA/boletinlegal/ HTTP/1.1" 200 -
172.22.2.4 - - [28/Jul/2022:07:16:21 -0500] "GET /BLA/boletinlegal/ HTTP/1.1" 200 60875
185.7.214.104 - - [28/Jul/2022:07:18:58 -0500] "POST /Autodiscover/Autodiscover.xml HTTP/1.1" 404 1018
117.148.130.28 - - [28/Jul/2022:07:19:11 -0500] "GET /images/banneropelweb.jpg HTTP/1.1" 404 1018
117.148.130.28 - - [28/Jul/2022:07:19:15 -0500] "GET /images/bannereco2020.jpg HTTP/1.1" 404 1018
117.148.130.28 - - [28/Jul/2022:07:19:20 -0500] "GET /images/Bannerultimo.jpg HTTP/1.1" 404 1018
117.148.130.28 - - [28/Jul/2022:07:19:21 -0500] "GET /images/bannerdesarrollo2020.jpg HTTP/1.1" 404 1018
200.118.16.79 - - [28/Jul/2022:07:19:43 -0500] "GET /kwssiamovil/sm/ldap/au?x=U2FsdGVkX1/GNb1rBWUTxvLV/t3/Uo79uhOtPjJ8myAQKNYf2ezKMI2qcwOiJ303&y=U2FsdGVkX18lRSfDsm14cM1v8kLSJwTfmEZI38dbcCPKF5s0UiiCmcENbvzgrVAv HTTP/1.1" 200 30
200.118.16.79 - - [28/Jul/2022:07:19:43 -0500] "GET /kwssiamovil/sm/acme/s?s=U2FsdGVkX19Q0fh7H4RZQVRM9vzYLi+rZbCA46/kD2Dg2s2kLxkoQjcczsFD6cAOnelkbb57QOIpouTTU14HVktG+NhitEtQFPD0ZnjnJzU=&u=U2FsdGVkX19E+ihGciFegJ/5rX/Gu/zc3GziVGrF8xU=&y=U2FsdGVkX18lRSfDsm14cM1v8kLSJwTfmEZI38dbcCPKF5s0UiiCmcENbvzgrVAv HTTP/1.1" 200 97
200.118.16.79 - - [28/Jul/2022:07:19:43 -0500] "GET /kwssiamovil/sm/acme/s?s=U2FsdGVkX19j7XOCcrSeMB1r86SY42tw/qNEvqZvskHsgzauDLIfEDV4gdXWNj/dNIGKhYUkHfpiD0r43yqeuaO1zBZ6oDJ/JW4X1FZR/e1CI3fx3iUetZUuJ7gptAd5oqA7nBuKcj3b1Z+eARUFplJLj3kfxEckCU1jnEbSLilugcNdQFxVSM+cYjudGxbzq5urrjQoNPzLtyXMhSuH/W7cI4uOInxF3IROyif1cDLQ5Si/iG2lKqpWhHkLhfc4tKXpDV1Hn4AOgmxJqnR2NdcJcahGvbHjON2+pya/ChHSM2lq/m8JbnfCcgSiWIZLOGyfjRCBTQHuWURg+fM5EltZkctA6tLiTzyKeroyNYl2rk0N+42qSeHarDbMhGmO8qrrV1CETy3EcyfUh6zvEPPdJsFYO6rvkpQ4NvcGeeE7ZkRFcIVTN+VVCGJpTrAw6fgINBGdNVZk0iKv2FjXjx69smH2SZLlvla5H2CyaaY/FGXUIS4v3eb3k9PkFSvJ/HrxxuTrx4oUrTnEoFt7iGi9L9R2sL1g0yM9gqT1CM5SXVxYYbkQ7zPsBXYIOqkbE1/s1gqJEF9E6Bmf/62rfVV9yLgd0UeouZWiXyDPE2jjHD1qi1wysru1giNr0vlGhgGu1w+eQhLJK/TZrMsSy978kDQ4luzcFbBc7OEAgXjhSALx4IZqhCerBR1DVkB0bKQy82TEjsLExd7QjHR5CpI7yLhlhkamhMAumgc7kN3A+TnWf5Hx9NdAp4J7khR4DCTDxf5pDIyAK75IcNkYnKz9geQMuXWOIgeLgGLl750HPcdnskui3BoKpO5nAZKXfLZKI3HrVfql9gxUZH6tWFm7WEjozC6anE25JwtEC0jvnhvpy68WHE9aGth3mz/ubuzkkGfraRrjTczlw57lmXbElwkEcHpQzbjLOOLdB+mS47mnVE5Z32KDnmY3HyJu2aoeI9ZUgI63qoHd4IfXwiUZ+bEIdJtTmVsd8S1HKgWw76YNH7Aml+J+75xGXVoYcFThU9Kj0Jv/9FMGY6gHFL+TmWz3FWRqDKI6UQrXerpCmAeHQ2bnymgfZJhtOf9SY8GY0suIu2MbCRyvB6rcY+HXXCj7ut6s2viMAVEuvOyhRlxbmJQ7OIovzLsU1pOa1dPTE5v7FpSh64b6cFiYv9wqZ+XSQHj74N53foOu8ov8EVunyxEwj49SZiYvjNQa4KSnnvSczqeM37aI4vTqbvxP9qO6+EwEXBxsCjEVmJ2fQSviJk85A9HOhjkejtChabkIkPPiS0qc9tkCv5w9NWba2q8g4dUMExapdwTy0tX0IpPMXUb6/zcrz77szpAlEvDJU3WywBNAt3ZAtEbFfK28UH+d/1XFhUDm4CBlG44=&u=U2FsdGVkX19E+ihGciFegJ/5rX/Gu/zc3GziVGrF8xU=&y=U2FsdGVkX18lRSfDsm14cM1v8kLSJwTfmEZI38dbcCPKF5s0UiiCmcENbvzgrVAv HTTP/1.1" 200 3066
200.118.16.79 - - [28/Jul/2022:07:19:43 -0500] "GET /kwssiamovil/sm/acme/s?s=U2FsdGVkX1/Uej7fnjkBIuNEsZvDXSLLZW6haQ/em4qHrAn9pApQu+TM3dxodb0t2fad4sxyLoetp7t8wl1QdbiWca/LC1jtnUUhhaAmqBZ1JmiCp0oGuLJ+W3462te8Jb3lf+nDkgfE4CKU/h/GFz/E04HAkIRwrRIZlaIKJouIbUpdm6xs1Yr5uF88UsZu3PjVMp9q++kVXhtPCumlkENMsErd2mot4zaM3ZnotenzqQOOIMVoBCaZkh2mJbF8j4KN7dCjbAZ+hlqpyKHOIvkc5gCsO6G4daY2m9WnZKM=&u=U2FsdGVkX19E+ihGciFegJ/5rX/Gu/zc3GziVGrF8xU=&y=U2FsdGVkX18lRSfDsm14cM1v8kLSJwTfmEZI38dbcCPKF5s0UiiCmcENbvzgrVAv HTTP/1.1" 200 176
200.118.16.79 - - [28/Jul/2022:07:19:43 -0500] "GET /kwssiamovil/sm/cjson/pre?f=1&x=U2FsdGVkX1/GNb1rBWUTxvLV/t3/Uo79uhOtPjJ8myAQKNYf2ezKMI2qcwOiJ303 HTTP/1.1" 200 30992
201.245.192.253 - - [28/Jul/2022:07:20:15 -0500] "POST /kwsrmcab/Wsrmcab  HTTP/1.1" 200 45524
201.245.192.253 - - [28/Jul/2022:07:20:48 -0500] "POST /kwsrmcab/Wsrmcab HTTP/1.1" 200 45556
201.245.192.253 - - [28/Jul/2022:07:20:52 -0500] "POST /kwsrmcab/Wsrmcab HTTP/1.1" 200 47091
216.245.221.92 - - [28/Jul/2022:07:21:49 -0500] "HEAD / HTTP/1.1" 200 -
172.22.2.4 - - [28/Jul/2022:07:22:50 -0500] "GET /BLA/boletinlegal/favicon.ico HTTP/1.1" 404 1308
172.22.2.4 - - [28/Jul/2022:07:21:20 -0500] "HEAD /BLA/boletinlegal/ HTTP/1.1" 200 -
157.55.39.98 - - [28/Jul/2022:07:23:36 -0500] "GET /BLA/resoluciones/index.php HTTP/1.1" 200 13093
172.22.2.4 - - [28/Jul/2022:07:23:48 -0500] "GET /BLA/boletinlegal/jurisprudencia/analisis/G__Jurisp.%20Junio%202014_ANALISIS%20JURISPRUDENCIA%20C-634-12%20DECOMISO.docx HTTP/1.1" 304 -
172.22.2.4 - - [28/Jul/2022:07:22:11 -0500] "GET /BLA/boletinlegal/ HTTP/1.1" 200 56015
201.245.192.253 - - [28/Jul/2022:07:25:13 -0500] "POST /kwsrmcab/Wsrmcab  HTTP/1.1" 200 45524
200.118.16.79 - - [28/Jul/2022:07:26:08 -0500] "GET /kwssiamovil/sm/acme/a?s=U2FsdGVkX1+fVMnzLPLWXEcZ7aayeNNXEEkJrIyiAM6ZE/h1htwz6KcNBbzOSeyWQD9tr3l3f1uiddO16+PMbOaiWv5keTHZI9Pf9uToPLXJrrSBKxx9lFLtyYYpLsk9K/ba2mHAX6XFwauqmHv1REiz/7AlEYQGCETl62kXYPCpLYghFuJWAT4Rai182Zp9NAL0kkzMQI7izKSUmTCafR/WDtf+A02DGaBLE2yuNHz3PTwE5JNPCpDGfN3ux9HK6xK3qjYA09GEM0ohFAuS/Q==&u=U2FsdGVkX19E+ihGciFegJ/5rX/Gu/zc3GziVGrF8xU=&y=U2FsdGVkX18lRSfDsm14cM1v8kLSJwTfmEZI38dbcCPKF5s0UiiCmcENbvzgrVAv HTTP/1.1" 200 25
200.118.16.79 - - [28/Jul/2022:07:26:08 -0500] "GET /kwssiamovil/sm/acme/a?s=U2FsdGVkX1/5F1hSKzhascgvkWWeAAxq/n8r5JhhwxtJJPXBaOzjmR4ZLYG1oqjBNBjNnmDYb3OqHBo1Lo6JzyMroCpA1AzugrkDlLXFR0juyQMQErMwbk88aytU4nWLF4bgDaJFE9eJSSfkKN5WDt5xbV7AhXmWhaCAQO2DpLDPvk2psBxztrzbxeALgSk4wVVmyedNyQAxOEAamJVgaiwoNFY+ZisaZ0m09CydSaymh/LkZdEuurH9VYHxdcw00hpMykkUonSl4CVDkK4y7u/dpXPQBEvto4fnuKWcgtfNRXQ6t6INIQ3DfCiO7ONfjJiAiAGONU1uuEPqE+pGllXt+xG2QjXVnJqkpR8fywSAcBCk3z3cy7T3FWCMmAF5pe++hkozNzKO4tABXYt+cKOvRGqyw0aucdZs5rX1/QVaf/3Eh4hzfwwFXdcglLtCEF97LziPFGuft3eSXoQGC48AFk/rqzdI/mm23rimfjmVSXrRAR8Nhm5mcoek3GEG6BWuYdHRfZ9hlZyWM90xzX9izIa7N3zio9ix8KmY7Rg8oUz7nbQEiDKiyLW9zC7S0aU8PrWuoNK21Xuhw8yE8BdMVMsebuyRxTOnJ2YmUCQRWUITVfg1PGDo5HpL1JcGWmeS3TX+Rjul5fiCtW2ulZ8UX8sH4RFcEgEKHc3yJxa++rvwitC9Ike+7zGZoPGhpnz27wODJ1GbvoSQU/EsyXiZ/R8dsJWCdo/UOMk4mtwtv/3KpqSjiibn/iZgvq2cKeIiU7RAc8of6Kqz7qoH+8FqLgt4qhC+DLMpZYCNzvLsjaeqzyJIHQj1BCp66T3jzFQND11fN1cGCwhM+S5RpQSk7ovCKa8pg/hFFsqQpfFb3nzzmP7ezf/H6ZR0WewjUl8u2oZ/2TAsuh0oOUVBYXd1IYpipE1v6Iat7y7hl70VHtsyVaA+NA7ZAjZy3RCk22eeJ3qzoai7m9VnrcZRLUizOpKB/fdjyKZ5S+4CLU6gm5j/y9V99BQnwsfNM4VNUlH4b1xLUioSQua8mGXXpGNODdRzN03fARb+KArEZ7F3NYupmo9Qg1fkj/Cj8T4sdlc1g+xMJBH78t64zJZjED6V7wFiyNCDZjpuHQ8g/VF0HDUOUFCqxd7to8nT2Sf1YAf7SC1qEinPHNrkh4KQtqgunkGPyKBSoFhRsXk7vEiDIJXy+mMKf+ueMz9Gm+iHUiWCBlJnGspw1dQ6MIjrdpJ56ONphsam1oihhgp+e1bsAQ3Ktg06hxlvVrY4jZYa+vYfVWgC6BkIqjHm5xwdaT9TsHvw+WxqfNDFD6/DvafTzUTk+WBQbJNsAf/7J5yJb90MelDE/fSRoH1yLJYCvZcMs67+reC35emnvXEEF4gkoW/mSEtL/azPbVP/4dcpRSPsdHpB10MX3V3OVUFjat5ycJjhC10I+FIHo8EEXarZqSc6njqREyXNDkgIo/iv&u=U2FsdGVkX19E+ihGciFegJ/5rX/Gu/zc3GziVGrF8xU=&y=U2FsdGVkX18lRSfDsm14cM1v8kLSJwTfmEZI38dbcCPKF5s0UiiCmcENbvzgrVAv HTTP/1.1" 200 25
200.118.16.79 - - [28/Jul/2022:07:26:08 -0500] "GET /kwssiamovil/sm/acme/a?s=U2FsdGVkX19c3F8dVooKdfEDHEagkLP07MG7nd3rftu4FisHSSr//5cLEqrNTuEHDJW9wRswEnAztprRdMB+AMNbLxjsHOOhml/YItR/s0LD8VOMXH5uOhPHPzRMySCdgYwc867tvDbMjOHIYNeZ8DgPCtUefi9lZS258QSKE30=&u=U2FsdGVkX19E+ihGciFegJ/5rX/Gu/zc3GziVGrF8xU=&y=U2FsdGVkX18lRSfDsm14cM1v8kLSJwTfmEZI38dbcCPKF5s0UiiCmcENbvzgrVAv HTTP/1.1" 200 25
200.118.16.79 - - [28/Jul/2022:07:26:09 -0500] "GET /kwssiamovil/sm/acme/a?s=U2FsdGVkX1+aJp3v7bFWmp6gnFOwG+T6GB4BjMB/JbmvgdNKRGvsx2gwr1u1kxlHE4OLrD4ZsEEbFSwo6D2PTaQmRklzfh0JcHTfWq2FGNKWxIydUSNAkLyp5U98VMRdh12lece6oysC2uPKnvv5hl7ZLigJdjS1A6/EOX8e4k8=&u=U2FsdGVkX19E+ihGciFegJ/5rX/Gu/zc3GziVGrF8xU=&y=U2FsdGVkX18lRSfDsm14cM1v8kLSJwTfmEZI38dbcCPKF5s0UiiCmcENbvzgrVAv HTTP/1.1" 200 25
200.118.16.79 - - [28/Jul/2022:07:26:09 -0500] "GET /kwssiamovil/sm/acme/a?s=U2FsdGVkX1+/JUF4H3k8oLa5TnI2m1wE/BMMyeemoZ/fq1AnPGk6W8+ITYw4GUGkUBMX9QonDbZX503bdnS2r0fsgztdYJApekiluHSKf/2i+N6SHByXkcwXY+jT9PBF4O9KZJSF8O/yza9QxSSKtQMp1kqwLiInPZwjvwgSQ2Y=&u=U2FsdGVkX19E+ihGciFegJ/5rX/Gu/zc3GziVGrF8xU=&y=U2FsdGVkX18lRSfDsm14cM1v8kLSJwTfmEZI38dbcCPKF5s0UiiCmcENbvzgrVAv HTTP/1.1" 200 25
200.118.16.79 - - [28/Jul/2022:07:26:09 -0500] "GET /kwssiamovil/sm/acme/a?s=U2FsdGVkX18YTerBM0CUvPbAIcIWUezeo1lYfWiu9Zd5+yXIp7jbHJD1+ErpqA9bOX/Cs7oRy34S554i+PNHKxgHPPGLCsc/t4RKjkYQxOR2E5jIMLIzhBP0au2UKdaCjXAwulL95ulq6yvm10VM1PRei2MgRQz5s3eID0F64IM3W/YEo6kV1nBZrePp3RZ9&u=U2FsdGVkX19E+ihGciFegJ/5rX/Gu/zc3GziVGrF8xU=&y=U2FsdGVkX18lRSfDsm14cM1v8kLSJwTfmEZI38dbcCPKF5s0UiiCmcENbvzgrVAv HTTP/1.1" 200 25
216.245.221.92 - - [28/Jul/2022:07:26:49 -0500] "HEAD / HTTP/1.1" 200 -
157.55.39.236 - - [28/Jul/2022:07:28:21 -0500] "GET / HTTP/1.1" 200 319
172.22.2.4 - - [28/Jul/2022:07:27:10 -0500] "HEAD /BLA/boletinlegal/ HTTP/1.1" 200 -
54.214.66.173 - - [28/Jul/2022:07:27:27 -0500] "GET /BLA/boletinlegal/index.php HTTP/1.1" 200 49099
172.22.2.4 - - [28/Jul/2022:07:28:01 -0500] "GET /BLA/boletinlegal/ HTTP/1.1" 200 52494
201.245.192.253 - - [28/Jul/2022:07:30:12 -0500] "POST /kwsrmcab/Wsrmcab  HTTP/1.1" 200 45524
201.245.192.253 - - [28/Jul/2022:07:30:48 -0500] "POST /kwsrmcab/Wsrmcab HTTP/1.1" 200 45556
201.245.192.253 - - [28/Jul/2022:07:30:52 -0500] "POST /kwsrmcab/Wsrmcab HTTP/1.1" 200 47091
207.46.13.29 - - [28/Jul/2022:07:31:02 -0500] "GET /BLA/resoluciones/ HTTP/1.1" 200 13093
172.22.2.4 - - [28/Jul/2022:07:31:19 -0500] "GET /BLA/boletinlegal/.DS_Store HTTP/1.1" 404 1018
172.22.2.4 - - [28/Jul/2022:07:31:20 -0500] "GET /BLA/boletinlegal/login.action HTTP/1.1" 404 1018
172.22.2.4 - - [28/Jul/2022:07:31:24 -0500] "GET /BLA/boletinlegal/.env HTTP/1.1" 404 1018
172.22.2.4 - - [28/Jul/2022:07:31:26 -0500] "GET /BLA/boletinlegal/.git/config HTTP/1.1" 404 1018
172.22.2.4 - - [28/Jul/2022:07:31:27 -0500] "GET /BLA/boletinlegal/telescope/requests HTTP/1.1" 404 1018
172.22.2.4 - - [28/Jul/2022:07:31:06 -0500] "GET /BLA/boletinlegal/ HTTP/1.1" 200 20427
172.22.2.4 - - [28/Jul/2022:07:31:30 -0500] "GET /BLA/boletinlegal/info.php HTTP/1.1" 404 1018
172.22.2.4 - - [28/Jul/2022:07:31:34 -0500] "GET /BLA/boletinlegal/.json HTTP/1.1" 404 1018
172.22.2.4 - - [28/Jul/2022:07:31:42 -0500] "GET /BLA/boletinlegal/config.json HTTP/1.1" 404 1018
172.22.2.4 - - [28/Jul/2022:07:31:45 -0500] "GET /BLA/boletinlegal/idx_config/ HTTP/1.1" 404 1018
172.22.2.4 - - [28/Jul/2022:07:31:47 -0500] "GET /BLA/boletinlegal/s/lkx/_/;/META-INF/maven/com.atlassian.jira/jira-webapp-dist/pom.properties HTTP/1.1" 404 1018
216.245.221.92 - - [28/Jul/2022:07:31:49 -0500] "HEAD / HTTP/1.1" 200 -
172.22.2.4 - - [28/Jul/2022:07:31:50 -0500] "GET /BLA/boletinlegal/api/geojson?url=file:///etc/hosts HTTP/1.1" 404 1018
172.22.2.4 - - [28/Jul/2022:07:31:54 -0500] "GET /BLA/boletinlegal/Directivas/2022/DIRECTIVA%20No.%2000002%20DEL%2022%20DE%20JUNIO%20DEL%202022.pdf HTTP/1.1" 200 384175
172.22.2.4 - - [28/Jul/2022:07:33:00 -0500] "HEAD /BLA/boletinlegal/ HTTP/1.1" 200 -
201.245.192.253 - - [28/Jul/2022:07:35:11 -0500] "POST /kwsrmcab/Wsrmcab  HTTP/1.1" 200 45524
172.22.2.4 - - [28/Jul/2022:07:33:51 -0500] "GET /BLA/boletinlegal/ HTTP/1.1" 200 60282
186.102.38.117 - - [28/Jul/2022:07:35:40 -0500] "GET /kwssiamovil/sm/ldap/au?x=U2FsdGVkX19YI6VJoOBDzEZoHm3njDneG9zk4FN7TFEh0SEhwKYiFwkg288cJl/Ot77dq8pYRSSew08ttyDXbA==&y=U2FsdGVkX1+HdosdiPbR3v2TQ3bCMtHZZLowL7DH+l2Qg9+BgST5ioc1u534XlC6 HTTP/1.1" 200 30
186.102.38.117 - - [28/Jul/2022:07:35:40 -0500] "GET /kwssiamovil/sm/acme/s?s=U2FsdGVkX19uaB56ZWDTuU5Pm/099Rb5MxQhx5ULWIkAGAv5FVEJEV0Rk58TFVVky4mzQ/AQwAiZb6kslp5qIWOQPQeFl3IP92PKww5yndw=&u=U2FsdGVkX183bJGEslc5gfbE9IM4mANWPCV9V0BQwbU=&y=U2FsdGVkX1+HdosdiPbR3v2TQ3bCMtHZZLowL7DH+l2Qg9+BgST5ioc1u534XlC6 HTTP/1.1" 200 97
186.102.38.117 - - [28/Jul/2022:07:35:40 -0500] "GET /kwssiamovil/sm/acme/s?s=U2FsdGVkX1+hUVsRMFeqCmwxwK/ZpgJoVonNKcb5e1D9UxE2MMSwiT6V/VMmsex4wEg5gehw7TrdtfFC6sd0eOONWSfJYdv9dhMNNzdAyf4ToxYqJAp8EfBP5rLyx+Q9PCJo+sgexHHPWywJgGxJ/CUc3YX9e4bpyOSma9zC/MeUarvyMwYuXfIpsiO4SVJvhPxgTPii7fd1ShVIQHknBzMR/V3g8wo7Gm2RvEjZhGT3yT2kwKHUaKnZyUUhp9nzovpZEMZHO1zzXrz/aoY9yNWm5H5Fv4kMBGSG7ukpQb/+Wr2cxTy2451Z6tfU3PWKvDcyrJvkgktBcv2Z/vv7/5Ps0Q3RuoGFkNAemk0B7icxmlUGpnaEr7oghfHm/9KhhRqLUObQz+S4zpjEwfc/8FgUYO+Zw+3W9OuNUh1qi0UjN7iT3KrDMgK+mZEM449YStYuI1TQRT5iK6g/5yvAihg1G/mQRXMXySbuqtKKrEu4yn9ti323OOWmDwnMv3xr7AmPVlTAltWWH2J3dloRo+Yi2b8CPbx9nP5l7TI01HeK3kv2zpWr3oyGfna+5RCKlXqg47+rSR53YjSE4HWxzRt5IdUbgScBepxmV3UCaSE9Mdo+jA50wUzP5NPR3F8fLtidsh0pDMP1B32ixUp5HP1EmfUVcdQcRxFlziOUGgtyF4WrxfD6k1Xkinx8qUb7gxt2jaTOba+OUF1D18UX5SOqgO0PD8e2nS/U2+nYP8okklvf8u2OZmywDAexiSeFsOsi5YsWaEX9Gh+EO4cQj6gAFJ2Z63Wtq3+aREfwDFQo4SDt7P705RQ4RnQ9hxmp5qGLUe2a8Mpcxe758JIkfetDL0Ky1C7Db2UyH4PeEheDdMzfTE5zV7a/2QRNOngfJRj173UnFDM/Qs1GqEQzCuIgq5MdPCBTBMXQcmO40jDBGitoRy7f0AbFVM50S+Jae9kTPKpolUyG5s5s419Js2c+vNQl0FAxQ9RuW+gEhtog4lhWWE0C2S4E+ZMzxdQshM0y86ircEUifowGxr9zIksUdYON79vXQsy1Z2qpaFxhQbf92FluRKsk006/PwvMaR4i1ISW59HLXekHK0pUtG14BqnybsX+KqRJ9a71HFN22mdMwTVAHM2ik88lpGa0iImeLu3tUUyTSpkkIPy8RqN9Kw3gVTgOxfY8zG7oT8huNwTRwKXMYCCMXHW1hix80nXDyYjoG+jcDDCNw1329HB8Zhac+yz7jbWzZhWFzzRO8DLrZdaW6zBFPsgMpeDHZKcZ8wfhhh65dbOcicnj8N/MPovFoClJIthrzbL/uemQg2TxFr9M95Amzog+Y/4pXSvTCca+JrySW9PbHtCFK052+jXqzml3D8vuwDe0Uu4=&u=U2FsdGVkX183bJGEslc5gfbE9IM4mANWPCV9V0BQwbU=&y=U2FsdGVkX1+HdosdiPbR3v2TQ3bCMtHZZLowL7DH+l2Qg9+BgST5ioc1u534XlC6 HTTP/1.1" 200 367
186.102.38.117 - - [28/Jul/2022:07:35:40 -0500] "GET /kwssiamovil/sm/acme/s?s=U2FsdGVkX1/XBfPqzHjqFFFs04I9MigIYnClBz5JWwEIUF62bdL5W1Ov4MRJbqXzdPs8+OcI2tgOeqLJZlbhju04NxjBgmUw9HHvM0tvjH5SOve/lbNoL6HwAyGEncvc0AW5OPq6MaSgS9jL5QXabtrgtOZGbFQVBq8rN0ZaZVcVxMEELl20nzjwrEGK57P0k0m3lhrqHvwmQhGvOPKjyUgfPtXxm/MHWOM1oxlIYdaD0B3At6x2Owhlz1dAEcLQ2C9xV86cTa+HOH4PxWqhEjgGMQlqK7pkrwuMVb+qu3k=&u=U2FsdGVkX183bJGEslc5gfbE9IM4mANWPCV9V0BQwbU=&y=U2FsdGVkX1+HdosdiPbR3v2TQ3bCMtHZZLowL7DH+l2Qg9+BgST5ioc1u534XlC6 HTTP/1.1" 200 176
186.102.38.117 - - [28/Jul/2022:07:35:40 -0500] "GET /kwssiamovil/sm/cjson/pre?f=1&x=U2FsdGVkX19YI6VJoOBDzEZoHm3njDneG9zk4FN7TFEh0SEhwKYiFwkg288cJl/Ot77dq8pYRSSew08ttyDXbA== HTTP/1.1" 200 30992
216.245.221.92 - - [28/Jul/2022:07:36:49 -0500] "HEAD / HTTP/1.1" 200 -
173.252.95.21 - - [28/Jul/2022:07:36:55 -0500] "GET /images/arbolado-bogota-mayo-13.jpg HTTP/1.1" 200 62568
172.22.2.4 - - [28/Jul/2022:07:38:21 -0500] "GET /BLA/boletinlegal/robots.txt HTTP/1.1" 404 1140
45.95.55.5 - - [28/Jul/2022:07:39:40 -0500] "GET / HTTP/1.1" 200 319
201.245.192.253 - - [28/Jul/2022:07:40:09 -0500] "POST /kwsrmcab/Wsrmcab  HTTP/1.1" 200 45524
172.22.2.4 - - [28/Jul/2022:07:38:50 -0500] "HEAD /BLA/boletinlegal/ HTTP/1.1" 200 -
201.245.192.253 - - [28/Jul/2022:07:40:48 -0500] "POST /kwsrmcab/Wsrmcab HTTP/1.1" 200 45556
201.245.192.253 - - [28/Jul/2022:07:40:52 -0500] "POST /kwsrmcab/Wsrmcab HTTP/1.1" 200 47091
172.22.2.4 - - [28/Jul/2022:07:39:41 -0500] "GET /BLA/boletinlegal/ HTTP/1.1" 200 58164
216.245.221.92 - - [28/Jul/2022:07:41:49 -0500] "HEAD / HTTP/1.1" 200 -
201.245.192.253 - - [28/Jul/2022:07:44:54 -0500] "GET /appsia/controlador HTTP/1.1" 200 4799
201.245.192.253 - - [28/Jul/2022:07:44:56 -0500] "GET /appsia/controlador HTTP/1.1" 200 4799
201.245.192.253 - - [28/Jul/2022:07:45:00 -0500] "POST /appsia/controlador HTTP/1.1" 200 5437
201.245.192.253 - - [28/Jul/2022:07:45:04 -0500] "POST /appsia/controlador HTTP/1.1" 200 7781
201.245.192.253 - - [28/Jul/2022:07:45:08 -0500] "POST /kwsrmcab/Wsrmcab  HTTP/1.1" 200 45524
201.245.192.253 - - [28/Jul/2022:07:45:16 -0500] "POST /appsia/controlador HTTP/1.1" 200 6646
201.245.192.253 - - [28/Jul/2022:07:45:18 -0500] "POST /appsia/controlador HTTP/1.1" 200 11320
201.245.192.253 - - [28/Jul/2022:07:45:28 -0500] "POST /appsia/controlador HTTP/1.1" 200 7781
201.245.192.253 - - [28/Jul/2022:07:45:33 -0500] "POST /appsia/controlador HTTP/1.1" 200 6646
201.245.192.253 - - [28/Jul/2022:07:45:34 -0500] "POST /appsia/controlador HTTP/1.1" 200 11320
201.245.192.253 - - [28/Jul/2022:07:45:41 -0500] "POST /appsia/controlador HTTP/1.1" 200 7781
201.245.192.253 - - [28/Jul/2022:07:45:51 -0500] "POST /appsia/controlador HTTP/1.1" 200 6646
201.245.192.253 - - [28/Jul/2022:07:45:53 -0500] "POST /appsia/controlador HTTP/1.1" 200 11320
201.245.192.253 - - [28/Jul/2022:07:46:13 -0500] "POST /appsia/controlador HTTP/1.1" 200 7781
201.245.192.253 - - [28/Jul/2022:07:46:15 -0500] "POST /appsia/controlador HTTP/1.1" 200 6646
201.245.192.253 - - [28/Jul/2022:07:46:16 -0500] "POST /appsia/controlador HTTP/1.1" 200 11320
172.22.2.4 - - [28/Jul/2022:07:44:40 -0500] "HEAD /BLA/boletinlegal/ HTTP/1.1" 200 -
200.118.16.79 - - [28/Jul/2022:07:46:24 -0500] "GET /kwssiamovil/sm/acme/u?s=U2FsdGVkX1/ZYU1q7vBgRLRDp1jbavbRcIZR7wqa3LWZ6WgP5RU+3H6uIrv26qI1xjM9rYgg0QIoIhGH2isvP2BAs+H9x/aYoE9Dx5rxOLDuIhlZjAwm9e4gqn5ENFoMGOfPrsg4OAOUHixt9IlTIA==&u=U2FsdGVkX19E+ihGciFegJ/5rX/Gu/zc3GziVGrF8xU=&y=U2FsdGVkX18lRSfDsm14cM1v8kLSJwTfmEZI38dbcCPKF5s0UiiCmcENbvzgrVAv HTTP/1.1" 200 60
136.243.228.197 - - [28/Jul/2022:07:45:41 -0500] "GET /BLA/boletinlegal/ HTTP/1.1" 200 32715
216.245.221.92 - - [28/Jul/2022:07:46:49 -0500] "HEAD / HTTP/1.1" 200 -
172.22.2.4 - - [28/Jul/2022:07:45:31 -0500] "GET /BLA/boletinlegal/ HTTP/1.1" 200 52878
172.22.2.4 - - [28/Jul/2022:07:48:12 -0500] "GET /BLA/boletinlegal/favicon.ico HTTP/1.1" 404 1018
172.22.2.4 - - [28/Jul/2022:07:48:17 -0500] "GET /BLA/boletinlegal/sitemap.xml HTTP/1.1" 404 1018
172.22.2.4 - - [28/Jul/2022:07:48:04 -0500] "GET /BLA/boletinlegal/ HTTP/1.1" 200 24523
201.245.192.253 - - [28/Jul/2022:07:50:07 -0500] "POST /kwsrmcab/Wsrmcab  HTTP/1.1" 200 45524
216.245.221.92 - - [28/Jul/2022:07:51:49 -0500] "HEAD / HTTP/1.1" 200 -
172.22.2.4 - - [28/Jul/2022:07:50:30 -0500] "HEAD /BLA/boletinlegal/ HTTP/1.1" 200 -
172.22.2.4 - - [28/Jul/2022:07:51:21 -0500] "GET /BLA/boletinlegal/ HTTP/1.1" 200 58576
