172.22.2.4 - - [29/Jul/2022:03:23:48 -0500] "GET /BLA/boletinlegal/ HTTP/1.1" 200 58576
216.245.221.92 - - [29/Jul/2022:03:26:46 -0500] "HEAD / HTTP/1.1" 200 -
201.245.192.253 - - [29/Jul/2022:03:28:09 -0500] "POST /kwsrmcab/Wsrmcab  HTTP/1.1" 200 45524
207.46.13.188 - - [29/Jul/2022:03:28:53 -0500] "GET /BLA/resoluciones/RESOLUCIONES%202021/2903.pdf HTTP/1.1" 304 -
172.22.2.4 - - [29/Jul/2022:03:28:47 -0500] "HEAD /BLA/boletinlegal/ HTTP/1.1" 200 -
201.245.192.253 - - [29/Jul/2022:03:30:45 -0500] "POST /kwsrmcab/Wsrmcab HTTP/1.1" 200 46007
201.245.192.253 - - [29/Jul/2022:03:30:48 -0500] "POST /kwsrmcab/Wsrmcab HTTP/1.1" 200 47671
172.22.2.4 - - [29/Jul/2022:03:29:38 -0500] "GET /BLA/boletinlegal/ HTTP/1.1" 200 55221
216.245.221.92 - - [29/Jul/2022:03:31:46 -0500] "HEAD / HTTP/1.1" 200 -
201.245.192.253 - - [29/Jul/2022:03:33:08 -0500] "POST /kwsrmcab/Wsrmcab  HTTP/1.1" 200 45524
172.22.2.4 - - [29/Jul/2022:03:34:37 -0500] "HEAD /BLA/boletinlegal/ HTTP/1.1" 200 -
216.245.221.92 - - [29/Jul/2022:03:36:46 -0500] "HEAD / HTTP/1.1" 200 -
172.22.2.4 - - [29/Jul/2022:03:35:28 -0500] "GET /BLA/boletinlegal/ HTTP/1.1" 200 58576
201.245.192.253 - - [29/Jul/2022:03:38:07 -0500] "POST /kwsrmcab/Wsrmcab  HTTP/1.1" 200 45524
157.55.39.98 - - [29/Jul/2022:03:39:00 -0500] "GET /BLA/resoluciones/AUTOS%202018/1371.pdf HTTP/1.1" 304 -
201.245.192.253 - - [29/Jul/2022:03:40:44 -0500] "POST /kwsrmcab/Wsrmcab HTTP/1.1" 200 46007
201.245.192.253 - - [29/Jul/2022:03:40:48 -0500] "POST /kwsrmcab/Wsrmcab HTTP/1.1" 200 47671
172.22.2.4 - - [29/Jul/2022:03:41:29 -0500] "GET /BLA/boletinlegal/robots.txt HTTP/1.1" 404 1118
216.245.221.92 - - [29/Jul/2022:03:41:46 -0500] "HEAD / HTTP/1.1" 200 -
172.22.2.4 - - [29/Jul/2022:03:40:27 -0500] "HEAD /BLA/boletinlegal/ HTTP/1.1" 200 -
172.22.2.4 - - [29/Jul/2022:03:42:43 -0500] "GET /BLA/boletinlegal/style.css HTTP/1.1" 200 9406
172.22.2.4 - - [29/Jul/2022:03:42:43 -0500] "GET /BLA/boletinlegal/js/jquery.js HTTP/1.1" 200 57254
172.22.2.4 - - [29/Jul/2022:03:42:43 -0500] "GET /BLA/boletinlegal/js/jquery.scrollTo-min.js HTTP/1.1" 200 1150
172.22.2.4 - - [29/Jul/2022:03:42:43 -0500] "GET /BLA/boletinlegal/js/jquery.scrollShow.js HTTP/1.1" 200 4586
172.22.2.4 - - [29/Jul/2022:03:42:43 -0500] "GET /BLA/boletinlegal/styles2.css HTTP/1.1" 200 1838
172.22.2.4 - - [29/Jul/2022:03:42:54 -0500] "GET /BLA/boletinlegal/favicon.ico HTTP/1.1" 404 1118
172.22.2.4 - - [29/Jul/2022:03:41:18 -0500] "GET /BLA/boletinlegal/ HTTP/1.1" 200 51631
201.245.192.253 - - [29/Jul/2022:03:43:06 -0500] "POST /kwsrmcab/Wsrmcab  HTTP/1.1" 200 45524
172.22.2.4 - - [29/Jul/2022:03:41:34 -0500] "GET /BLA/boletinlegal/ HTTP/1.1" 200 49099
216.245.221.92 - - [29/Jul/2022:03:46:46 -0500] "HEAD / HTTP/1.1" 200 -
172.22.2.4 - - [29/Jul/2022:03:46:17 -0500] "HEAD /BLA/boletinlegal/ HTTP/1.1" 200 -
201.245.192.253 - - [29/Jul/2022:03:48:05 -0500] "POST /kwsrmcab/Wsrmcab  HTTP/1.1" 200 45524
172.22.2.4 - - [29/Jul/2022:03:47:08 -0500] "GET /BLA/boletinlegal/ HTTP/1.1" 200 59829
216.245.221.92 - - [29/Jul/2022:03:51:46 -0500] "HEAD / HTTP/1.1" 200 -
185.7.214.104 - - [29/Jul/2022:03:52:11 -0500] "GET /console/ HTTP/1.1" 404 1018
201.245.192.253 - - [29/Jul/2022:03:53:04 -0500] "POST /kwsrmcab/Wsrmcab  HTTP/1.1" 200 45524
172.22.2.4 - - [29/Jul/2022:03:52:07 -0500] "HEAD /BLA/boletinlegal/ HTTP/1.1" 200 -
157.55.39.145 - - [29/Jul/2022:03:53:49 -0500] "GET / HTTP/1.1" 200 4720
172.22.2.4 - - [29/Jul/2022:03:52:58 -0500] "GET /BLA/boletinlegal/ HTTP/1.1" 200 60282
172.22.2.4 - - [29/Jul/2022:03:56:06 -0500] "GET /BLA/boletinlegal/a2billing/customer/templates/default/footer.tpl HTTP/1.1" 404 1018
216.245.221.92 - - [29/Jul/2022:03:56:46 -0500] "HEAD / HTTP/1.1" 200 -
20.14.74.88 - - [29/Jul/2022:03:56:38 -0500] "GET / HTTP/1.1" 200 319
20.14.74.88 - - [29/Jul/2022:03:56:54 -0500] "GET / HTTP/1.1" 200 319
20.14.74.88 - - [29/Jul/2022:03:57:10 -0500] "GET /wp-includes/wlwmanifest.xml HTTP/1.1" 404 1018
20.14.74.88 - - [29/Jul/2022:03:57:26 -0500] "GET /xmlrpc.php?rsd HTTP/1.1" 404 1018
20.14.74.88 - - [29/Jul/2022:03:57:41 -0500] "GET / HTTP/1.1" 200 319
201.245.192.253 - - [29/Jul/2022:03:58:02 -0500] "POST /kwsrmcab/Wsrmcab  HTTP/1.1" 200 45524
20.14.74.88 - - [29/Jul/2022:03:57:57 -0500] "GET /blog/wp-includes/wlwmanifest.xml HTTP/1.1" 404 1018
20.14.74.88 - - [29/Jul/2022:03:58:13 -0500] "GET /web/wp-includes/wlwmanifest.xml HTTP/1.1" 404 1018
20.14.74.88 - - [29/Jul/2022:03:58:29 -0500] "GET /wordpress/wp-includes/wlwmanifest.xml HTTP/1.1" 404 1018
20.14.74.88 - - [29/Jul/2022:03:58:45 -0500] "GET /website/wp-includes/wlwmanifest.xml HTTP/1.1" 404 1018
20.14.74.88 - - [29/Jul/2022:03:59:00 -0500] "GET /wp/wp-includes/wlwmanifest.xml HTTP/1.1" 404 1018
20.14.74.88 - - [29/Jul/2022:03:59:16 -0500] "GET /news/wp-includes/wlwmanifest.xml HTTP/1.1" 404 1018
172.22.2.4 - - [29/Jul/2022:03:57:57 -0500] "HEAD /BLA/boletinlegal/ HTTP/1.1" 200 -
20.14.74.88 - - [29/Jul/2022:03:59:32 -0500] "GET /wp1/wp-includes/wlwmanifest.xml HTTP/1.1" 404 1018
20.14.74.88 - - [29/Jul/2022:03:59:48 -0500] "GET /test/wp-includes/wlwmanifest.xml HTTP/1.1" 404 1018
20.14.74.88 - - [29/Jul/2022:04:00:04 -0500] "GET /wp2/wp-includes/wlwmanifest.xml HTTP/1.1" 404 1018
172.22.2.4 - - [29/Jul/2022:03:58:48 -0500] "GET /BLA/boletinlegal/ HTTP/1.1" 200 48353
20.14.74.88 - - [29/Jul/2022:04:00:19 -0500] "GET /site/wp-includes/wlwmanifest.xml HTTP/1.1" 404 1018
172.22.2.4 - - [29/Jul/2022:03:59:18 -0500] "GET /BLA/boletinlegal/ HTTP/1.1" 200 36811
20.14.74.88 - - [29/Jul/2022:04:00:35 -0500] "GET /cms/wp-includes/wlwmanifest.xml HTTP/1.1" 404 1018
20.14.74.88 - - [29/Jul/2022:04:00:51 -0500] "GET /sito/wp-includes/wlwmanifest.xml HTTP/1.1" 404 1018
216.245.221.92 - - [29/Jul/2022:04:01:46 -0500] "HEAD / HTTP/1.1" 200 -
201.245.192.253 - - [29/Jul/2022:04:03:01 -0500] "POST /kwsrmcab/Wsrmcab  HTTP/1.1" 200 45524
172.22.2.4 - - [29/Jul/2022:04:03:47 -0500] "HEAD /BLA/boletinlegal/ HTTP/1.1" 200 -
172.22.2.4 - - [29/Jul/2022:04:04:38 -0500] "GET /BLA/boletinlegal/ HTTP/1.1" 200 58164
216.245.221.92 - - [29/Jul/2022:04:06:46 -0500] "HEAD / HTTP/1.1" 200 -
172.22.2.4 - - [29/Jul/2022:04:07:10 -0500] "GET /BLA/boletinlegal/Directivas/2016/Directiva%20No.%2003%20del%2026%20de%20Julio%20de%202016.pdf HTTP/1.1" 200 370200
172.22.2.4 - - [29/Jul/2022:04:07:10 -0500] "GET /BLA/boletinlegal/favicon.ico HTTP/1.1" 404 1492
201.245.192.253 - - [29/Jul/2022:04:08:00 -0500] "POST /kwsrmcab/Wsrmcab  HTTP/1.1" 200 45524
34.141.141.234 - - [29/Jul/2022:04:09:25 -0500] "GET / HTTP/1.1" 200 319
172.22.2.4 - - [29/Jul/2022:04:09:37 -0500] "HEAD /BLA/boletinlegal/ HTTP/1.1" 200 -
216.245.221.92 - - [29/Jul/2022:04:11:46 -0500] "HEAD / HTTP/1.1" 200 -
172.22.2.4 - - [29/Jul/2022:04:10:28 -0500] "GET /BLA/boletinlegal/ HTTP/1.1" 200 53291
201.245.192.253 - - [29/Jul/2022:04:13:00 -0500] "POST /kwsrmcab/Wsrmcab  HTTP/1.1" 200 45524
216.245.221.92 - - [29/Jul/2022:04:16:46 -0500] "HEAD / HTTP/1.1" 200 -
172.22.2.4 - - [29/Jul/2022:04:15:27 -0500] "HEAD /BLA/boletinlegal/ HTTP/1.1" 200 -
172.22.2.4 - - [29/Jul/2022:04:16:18 -0500] "GET /BLA/boletinlegal/ HTTP/1.1" 200 58164
201.245.192.253 - - [29/Jul/2022:04:17:58 -0500] "POST /kwsrmcab/Wsrmcab  HTTP/1.1" 200 45524
201.245.192.253 - - [29/Jul/2022:04:20:44 -0500] "POST /kwsrmcab/Wsrmcab HTTP/1.1" 200 45984
201.245.192.253 - - [29/Jul/2022:04:20:48 -0500] "POST /kwsrmcab/Wsrmcab HTTP/1.1" 200 47658
216.245.221.92 - - [29/Jul/2022:04:21:46 -0500] "HEAD / HTTP/1.1" 200 -
172.22.2.4 - - [29/Jul/2022:04:21:17 -0500] "HEAD /BLA/boletinlegal/ HTTP/1.1" 200 -
201.245.192.253 - - [29/Jul/2022:04:22:57 -0500] "POST /kwsrmcab/Wsrmcab  HTTP/1.1" 200 45524
172.22.2.4 - - [29/Jul/2022:04:22:08 -0500] "GET /BLA/boletinlegal/ HTTP/1.1" 200 54824
176.67.104.186 - - [29/Jul/2022:04:26:05 -0500] "GET / HTTP/1.1" 200 319
176.67.104.186 - - [29/Jul/2022:04:26:05 -0500] "GET / HTTP/1.1" 200 319
176.67.104.186 - - [29/Jul/2022:04:26:05 -0500] "GET / HTTP/1.1" 200 319
176.67.104.186 - - [29/Jul/2022:04:26:05 -0500] "GET / HTTP/1.1" 200 319
176.67.104.186 - - [29/Jul/2022:04:26:05 -0500] "GET / HTTP/1.1" 200 319
176.67.104.186 - - [29/Jul/2022:04:26:05 -0500] "GET / HTTP/1.1" 200 319
207.46.13.188 - - [29/Jul/2022:04:26:20 -0500] "GET /sipse/faces/javax.faces.resource/jquery/jquery-plugins.js;jsessionid=fvvhrxnz+fmcsse-ddhcxok1.undefined?ln=primefaces&amp;v=4.0 HTTP/1.1" 200 220526
157.55.39.98 - - [29/Jul/2022:04:26:33 -0500] "GET /galeria/mapa/3MapaBogot%C3%A1.jpg HTTP/1.1" 200 688183
216.245.221.92 - - [29/Jul/2022:04:26:46 -0500] "HEAD / HTTP/1.1" 200 -
201.245.192.253 - - [29/Jul/2022:04:27:57 -0500] "POST /kwsrmcab/Wsrmcab  HTTP/1.1" 200 45524
172.22.2.4 - - [29/Jul/2022:04:27:08 -0500] "HEAD /BLA/boletinlegal/ HTTP/1.1" 200 -
172.105.77.209 - - [29/Jul/2022:04:29:00 -0500] "-" 408 -
172.22.2.4 - - [29/Jul/2022:04:27:58 -0500] "GET /BLA/boletinlegal/ HTTP/1.1" 200 57376
201.245.192.253 - - [29/Jul/2022:04:30:44 -0500] "POST /kwsrmcab/Wsrmcab HTTP/1.1" 200 45984
201.245.192.253 - - [29/Jul/2022:04:30:48 -0500] "POST /kwsrmcab/Wsrmcab HTTP/1.1" 200 47658
172.22.2.4 - - [29/Jul/2022:04:31:23 -0500] "GET /BLA/boletinlegal/Circulares/2011/Circular%20No.%204%20del%2014%20de%20Julio%20de%202011.pdf HTTP/1.1" 304 -
207.46.13.188 - - [29/Jul/2022:04:31:29 -0500] "GET /sipse/faces/autenticacion.xhtml HTTP/1.1" 200 12493
216.245.221.92 - - [29/Jul/2022:04:31:46 -0500] "HEAD / HTTP/1.1" 200 -
173.252.107.12 - - [29/Jul/2022:04:32:00 -0500] "GET /secretaria-de-ambiente-abre-las-votaciones-para-definir-las-mejores-practicas-ambientales-en-las-entidades-publicas.html HTTP/1.1" 206 996
201.245.192.253 - - [29/Jul/2022:04:32:55 -0500] "POST /kwsrmcab/Wsrmcab  HTTP/1.1" 200 45524
172.22.2.4 - - [29/Jul/2022:04:32:57 -0500] "HEAD /BLA/boletinlegal/ HTTP/1.1" 200 -
172.22.2.4 - - [29/Jul/2022:04:33:48 -0500] "GET /BLA/boletinlegal/ HTTP/1.1" 200 60282
216.245.221.92 - - [29/Jul/2022:04:36:46 -0500] "HEAD / HTTP/1.1" 200 -
201.245.192.253 - - [29/Jul/2022:04:37:54 -0500] "POST /kwsrmcab/Wsrmcab  HTTP/1.1" 200 45524
185.7.214.104 - - [29/Jul/2022:04:38:24 -0500] "POST /Autodiscover/Autodiscover.xml HTTP/1.1" 404 1018
77.88.5.235 - - [29/Jul/2022:04:40:17 -0500] "-" 408 -
77.88.5.129 - - [29/Jul/2022:04:40:22 -0500] "-" 408 -
172.22.2.4 - - [29/Jul/2022:04:38:47 -0500] "HEAD /BLA/boletinlegal/ HTTP/1.1" 200 -
201.245.192.253 - - [29/Jul/2022:04:40:44 -0500] "POST /kwsrmcab/Wsrmcab HTTP/1.1" 200 45984
201.245.192.253 - - [29/Jul/2022:04:40:48 -0500] "POST /kwsrmcab/Wsrmcab HTTP/1.1" 200 47658
77.88.5.230 - - [29/Jul/2022:04:41:00 -0500] "-" 408 -
77.88.5.167 - - [29/Jul/2022:04:41:15 -0500] "-" 408 -
172.22.2.4 - - [29/Jul/2022:04:39:38 -0500] "GET /BLA/boletinlegal/ HTTP/1.1" 200 60875
77.88.5.241 - - [29/Jul/2022:04:41:30 -0500] "-" 408 -
216.245.221.92 - - [29/Jul/2022:04:41:46 -0500] "HEAD / HTTP/1.1" 200 -
93.158.161.6 - - [29/Jul/2022:04:42:00 -0500] "-" 408 -
201.245.192.253 - - [29/Jul/2022:04:42:54 -0500] "POST /kwsrmcab/Wsrmcab  HTTP/1.1" 200 45524
93.158.161.40 - - [29/Jul/2022:04:43:00 -0500] "-" 408 -
77.88.5.5 - - [29/Jul/2022:04:44:01 -0500] "-" 408 -
104.238.153.175 - - [29/Jul/2022:04:44:48 -0500] "GET / HTTP/1.1" 200 4720
77.88.5.44 - - [29/Jul/2022:04:46:00 -0500] "-" 408 -
172.22.2.4 - - [29/Jul/2022:04:44:37 -0500] "HEAD /BLA/boletinlegal/ HTTP/1.1" 200 -
216.245.221.92 - - [29/Jul/2022:04:46:46 -0500] "HEAD / HTTP/1.1" 200 -
172.22.2.4 - - [29/Jul/2022:04:45:28 -0500] "GET /BLA/boletinlegal/ HTTP/1.1" 200 56377
157.55.39.98 - - [29/Jul/2022:04:47:44 -0500] "GET /BLA/resoluciones/RESOLUCIONES%202018/1466.pdf HTTP/1.1" 200 339441
201.245.192.253 - - [29/Jul/2022:04:47:53 -0500] "POST /kwsrmcab/Wsrmcab  HTTP/1.1" 200 45524
93.158.161.36 - - [29/Jul/2022:04:49:00 -0500] "-" 408 -
216.245.221.92 - - [29/Jul/2022:04:51:46 -0500] "HEAD / HTTP/1.1" 200 -
172.22.2.4 - - [29/Jul/2022:04:50:27 -0500] "HEAD /BLA/boletinlegal/ HTTP/1.1" 200 -
201.245.192.253 - - [29/Jul/2022:04:52:53 -0500] "POST /kwsrmcab/Wsrmcab  HTTP/1.1" 200 45524
172.22.2.4 - - [29/Jul/2022:04:51:17 -0500] "GET /BLA/boletinlegal/ HTTP/1.1" 200 60282
207.46.13.218 - - [29/Jul/2022:04:53:06 -0500] "GET /BLA/resoluciones/AUTOS%202022/2021.pdf HTTP/1.1" 200 354261
40.77.167.65 - - [29/Jul/2022:04:53:22 -0500] "GET /isolucionsda/scripts/jsutilities.js?fecha=20150217a HTTP/1.1" 200 134322
176.58.118.70 - - [29/Jul/2022:04:54:45 -0500] "GET / HTTP/1.1" 200 319
207.46.13.29 - - [29/Jul/2022:04:56:11 -0500] "GET /sipse/faces/javax.faces.resource/primefaces.js;jsessionid=ggd3fktqjxmtopzapzgspoh1.undefined?ln=primefaces&amp;v=4.0 HTTP/1.1" 200 276924
157.55.39.161 - - [29/Jul/2022:04:56:18 -0500] "GET /portaldeninos/wp-content/uploads/2021/11/aves-fauna-16-junio-134x75.jpg HTTP/1.1" 503 1037
216.245.221.92 - - [29/Jul/2022:04:56:46 -0500] "HEAD / HTTP/1.1" 200 -
201.245.192.253 - - [29/Jul/2022:04:57:52 -0500] "POST /kwsrmcab/Wsrmcab  HTTP/1.1" 200 45524
172.22.2.4 - - [29/Jul/2022:04:56:17 -0500] "HEAD /BLA/boletinlegal/ HTTP/1.1" 200 -
207.46.13.29 - - [29/Jul/2022:04:58:32 -0500] "GET /BLA/resoluciones/AUTOS%202018/5633.pdf HTTP/1.1" 304 -
172.22.2.4 - - [29/Jul/2022:04:57:07 -0500] "GET /BLA/boletinlegal/ HTTP/1.1" 200 60282
216.245.221.92 - - [29/Jul/2022:05:01:46 -0500] "HEAD / HTTP/1.1" 200 -
201.245.192.253 - - [29/Jul/2022:05:02:52 -0500] "POST /kwsrmcab/Wsrmcab  HTTP/1.1" 200 45524
172.22.2.4 - - [29/Jul/2022:05:02:07 -0500] "HEAD /BLA/boletinlegal/ HTTP/1.1" 200 -
77.88.5.219 - - [29/Jul/2022:05:04:20 -0500] "-" 408 -
172.22.2.4 - - [29/Jul/2022:05:02:58 -0500] "GET /BLA/boletinlegal/ HTTP/1.1" 200 60875
77.88.5.158 - - [29/Jul/2022:05:04:39 -0500] "-" 408 -
77.88.5.164 - - [29/Jul/2022:05:04:45 -0500] "-" 408 -
93.158.161.46 - - [29/Jul/2022:05:04:50 -0500] "-" 408 -
93.158.161.50 - - [29/Jul/2022:05:05:05 -0500] "-" 408 -
93.158.161.57 - - [29/Jul/2022:05:05:20 -0500] "-" 408 -
93.158.161.49 - - [29/Jul/2022:05:05:50 -0500] "-" 408 -
216.245.221.92 - - [29/Jul/2022:05:06:46 -0500] "HEAD / HTTP/1.1" 200 -
77.88.5.215 - - [29/Jul/2022:05:06:50 -0500] "-" 408 -
118.99.76.128 - - [29/Jul/2022:05:07:08 -0500] "GET / HTTP/1.1" 200 319
207.46.13.20 - - [29/Jul/2022:05:07:30 -0500] "GET /svr-ciudadano/ HTTP/1.1" 200 76573
77.88.5.237 - - [29/Jul/2022:05:07:50 -0500] "-" 408 -
201.245.192.253 - - [29/Jul/2022:05:07:51 -0500] "POST /kwsrmcab/Wsrmcab  HTTP/1.1" 200 45524
157.55.39.98 - - [29/Jul/2022:05:09:27 -0500] "GET /sipse/faces/faces/autenticacion.xhtml HTTP/1.1" 200 12493
172.22.2.4 - - [29/Jul/2022:05:07:57 -0500] "HEAD /BLA/boletinlegal/ HTTP/1.1" 200 -
130.44.212.121 - - [29/Jul/2022:05:10:09 -0500] "GET /galeria/galeria/fotos/Humedal-Vaca3P.jpg HTTP/1.1" 200 38460
147.160.184.127 - - [29/Jul/2022:05:10:09 -0500] "GET /galeria/galeria/fotos/Humedal-Vaca3P.jpg HTTP/1.1" 200 38460
172.22.2.4 - - [29/Jul/2022:05:08:47 -0500] "GET /BLA/boletinlegal/ HTTP/1.1" 200 58164
173.252.107.116 - - [29/Jul/2022:05:11:40 -0500] "GET /en-esta-navidad-bogota-esta-mejorando-con-mas-espacios-verdes-para-el-disfrute-de-la-ciudadania.html HTTP/1.1" 206 1114
216.245.221.92 - - [29/Jul/2022:05:11:46 -0500] "HEAD / HTTP/1.1" 200 -
93.158.161.66 - - [29/Jul/2022:05:12:50 -0500] "-" 408 -
201.245.192.253 - - [29/Jul/2022:05:12:49 -0500] "POST /kwsrmcab/Wsrmcab  HTTP/1.1" 200 45524
172.22.2.4 - - [29/Jul/2022:05:13:47 -0500] "HEAD /BLA/boletinlegal/ HTTP/1.1" 200 -
172.22.2.4 - - [29/Jul/2022:05:14:37 -0500] "GET /BLA/boletinlegal/ HTTP/1.1" 200 58164
185.7.214.104 - - [29/Jul/2022:05:16:36 -0500] "GET /_ignition/execute-solution HTTP/1.1" 404 1018
216.245.221.92 - - [29/Jul/2022:05:16:46 -0500] "HEAD / HTTP/1.1" 200 -
201.245.192.253 - - [29/Jul/2022:05:17:48 -0500] "POST /kwsrmcab/Wsrmcab  HTTP/1.1" 200 45524
201.245.192.253 - - [29/Jul/2022:05:20:44 -0500] "POST /kwsrmcab/Wsrmcab HTTP/1.1" 200 45854
201.245.192.253 - - [29/Jul/2022:05:20:48 -0500] "POST /kwsrmcab/Wsrmcab HTTP/1.1" 200 47674
142.54.224.196 - - [29/Jul/2022:05:21:05 -0500] "HEAD / HTTP/1.1" 200 -
142.54.224.196 - - [29/Jul/2022:05:21:05 -0500] "GET /wp-login.php HTTP/1.1" 404 1241
142.54.224.196 - - [29/Jul/2022:05:21:05 -0500] "GET /wordpress/wp-login.php HTTP/1.1" 404 1241
142.54.224.196 - - [29/Jul/2022:05:21:05 -0500] "GET /blog/wp-login.php HTTP/1.1" 404 1241
142.54.224.196 - - [29/Jul/2022:05:21:06 -0500] "GET /wp/wp-login.php HTTP/1.1" 404 1241
172.22.2.4 - - [29/Jul/2022:05:19:37 -0500] "HEAD /BLA/boletinlegal/ HTTP/1.1" 200 -
216.245.221.92 - - [29/Jul/2022:05:21:46 -0500] "HEAD / HTTP/1.1" 200 -
172.22.2.4 - - [29/Jul/2022:05:20:27 -0500] "GET /BLA/boletinlegal/ HTTP/1.1" 200 58164
201.245.192.253 - - [29/Jul/2022:05:22:47 -0500] "POST /kwsrmcab/Wsrmcab  HTTP/1.1" 200 45524
207.46.13.20 - - [29/Jul/2022:05:24:05 -0500] "GET /isolucionsda/framesetarticulo.asp?pagina=/isolucionsda/bancoconocimiento/r/resolucion3074del3dejuniode2011/resolucion3074del3dejuniode2011.asp?idarticulo=6538 HTTP/1.1" 200 527
207.46.13.20 - - [29/Jul/2022:05:26:13 -0500] "GET /Publicaciones/2022EE134575.pdf HTTP/1.1" 404 228
216.245.221.92 - - [29/Jul/2022:05:26:46 -0500] "HEAD / HTTP/1.1" 200 -
172.22.2.4 - - [29/Jul/2022:05:25:27 -0500] "HEAD /BLA/boletinlegal/ HTTP/1.1" 200 -
173.252.95.120 - - [29/Jul/2022:05:27:17 -0500] "GET /mirla-un-ave-que-recorre-y-habita-diferentes-ecosistemas-de-bogota.html HTTP/1.1" 206 728
201.245.192.253 - - [29/Jul/2022:05:27:46 -0500] "POST /kwsrmcab/Wsrmcab  HTTP/1.1" 200 45524
172.22.2.4 - - [29/Jul/2022:05:26:17 -0500] "GET /BLA/boletinlegal/ HTTP/1.1" 200 56733
40.77.167.65 - - [29/Jul/2022:05:29:05 -0500] "GET /bla/resoluciones/resoluciones%202010/3891.pdf HTTP/1.1" 200 595336
201.245.192.253 - - [29/Jul/2022:05:30:43 -0500] "POST /kwsrmcab/Wsrmcab HTTP/1.1" 200 45854
201.245.192.253 - - [29/Jul/2022:05:30:47 -0500] "POST /kwsrmcab/Wsrmcab HTTP/1.1" 200 47674
216.245.221.92 - - [29/Jul/2022:05:31:46 -0500] "HEAD / HTTP/1.1" 200 -
201.245.192.253 - - [29/Jul/2022:05:32:45 -0500] "POST /kwsrmcab/Wsrmcab  HTTP/1.1" 200 45524
172.22.2.4 - - [29/Jul/2022:05:31:17 -0500] "HEAD /BLA/boletinlegal/ HTTP/1.1" 200 -
185.173.35.5 - - [29/Jul/2022:05:33:38 -0500] "GET / HTTP/1.0" 200 319
172.22.2.4 - - [29/Jul/2022:05:32:07 -0500] "GET /BLA/boletinlegal/ HTTP/1.1" 200 58164
216.245.221.92 - - [29/Jul/2022:05:36:46 -0500] "HEAD / HTTP/1.1" 200 -
201.245.192.253 - - [29/Jul/2022:05:37:44 -0500] "POST /kwsrmcab/Wsrmcab  HTTP/1.1" 200 45524
185.7.214.104 - - [29/Jul/2022:05:37:54 -0500] "GET / HTTP/1.1" 200 319
172.22.2.4 - - [29/Jul/2022:05:37:07 -0500] "HEAD /BLA/boletinlegal/ HTTP/1.1" 200 -
172.22.2.4 - - [29/Jul/2022:05:37:32 -0500] "GET /BLA/boletinlegal/ HTTP/1.1" 200 50800
167.94.138.120 - - [29/Jul/2022:05:39:20 -0500] "GET / HTTP/1.1" 200 319
167.94.138.120 - - [29/Jul/2022:05:39:20 -0500] "GET / HTTP/1.1" 200 319
167.94.138.120 - - [29/Jul/2022:05:39:21 -0500] "PRI * HTTP/2.0" 400 946
172.22.2.4 - - [29/Jul/2022:05:37:58 -0500] "GET /BLA/boletinlegal/ HTTP/1.1" 200 53291
201.245.192.253 - - [29/Jul/2022:05:40:44 -0500] "POST /kwsrmcab/Wsrmcab HTTP/1.1" 200 45854
201.245.192.253 - - [29/Jul/2022:05:40:48 -0500] "POST /kwsrmcab/Wsrmcab HTTP/1.1" 200 47674
216.245.221.92 - - [29/Jul/2022:05:41:46 -0500] "HEAD / HTTP/1.1" 200 -
201.245.192.253 - - [29/Jul/2022:05:42:43 -0500] "POST /kwsrmcab/Wsrmcab  HTTP/1.1" 200 45524
172.22.2.4 - - [29/Jul/2022:05:42:57 -0500] "HEAD /BLA/boletinlegal/ HTTP/1.1" 200 -
172.22.2.4 - - [29/Jul/2022:05:43:48 -0500] "GET /BLA/boletinlegal/ HTTP/1.1" 200 57726
216.245.221.92 - - [29/Jul/2022:05:46:46 -0500] "HEAD / HTTP/1.1" 200 -
201.245.192.253 - - [29/Jul/2022:05:47:42 -0500] "POST /kwsrmcab/Wsrmcab  HTTP/1.1" 200 45524
172.22.2.4 - - [29/Jul/2022:05:48:47 -0500] "HEAD /BLA/boletinlegal/ HTTP/1.1" 200 -
172.22.2.4 - - [29/Jul/2022:05:49:38 -0500] "GET /BLA/boletinlegal/ HTTP/1.1" 200 56015
216.245.221.92 - - [29/Jul/2022:05:51:46 -0500] "HEAD / HTTP/1.1" 200 -
201.245.192.253 - - [29/Jul/2022:05:52:41 -0500] "POST /kwsrmcab/Wsrmcab  HTTP/1.1" 200 45524
172.22.2.4 - - [29/Jul/2022:05:54:37 -0500] "HEAD /BLA/boletinlegal/ HTTP/1.1" 200 -
216.245.221.92 - - [29/Jul/2022:05:56:46 -0500] "HEAD / HTTP/1.1" 200 -
172.22.2.4 - - [29/Jul/2022:05:55:27 -0500] "GET /BLA/boletinlegal/ HTTP/1.1" 200 52494
207.46.13.218 - - [29/Jul/2022:05:57:43 -0500] "GET /BLA/resoluciones/AUTOS%202021/2476.pdf HTTP/1.1" 304 -
201.245.192.253 - - [29/Jul/2022:05:57:40 -0500] "POST /kwsrmcab/Wsrmcab  HTTP/1.1" 200 45524
207.46.13.20 - - [29/Jul/2022:05:58:34 -0500] "GET /BLA/resoluciones/AUTOS%202021/3072.pdf HTTP/1.1" 304 -
172.22.2.4 - - [29/Jul/2022:06:00:16 -0500] "GET /BLA/boletinlegal/actos.php HTTP/1.1" 200 9559
172.22.2.4 - - [29/Jul/2022:06:00:16 -0500] "GET /BLA/boletinlegal/favicon.ico HTTP/1.1" 404 1326
172.22.2.4 - - [29/Jul/2022:06:00:25 -0500] "GET /BLA/boletinlegal/consulta_actos.php?tipo=autos&no=3431&usuario=&sector=&fecha=2022&resuelve= HTTP/1.1" 200 626
172.22.2.4 - - [29/Jul/2022:06:00:56 -0500] "GET /BLA/boletinlegal/consulta_actos.php?tipo=autos&no=3431&usuario=&sector=&fecha=2022&resuelve= HTTP/1.1" 200 626
172.22.2.4 - - [29/Jul/2022:06:01:10 -0500] "GET /BLA/boletinlegal/consulta_actos.php?tipo=autos&no=0781&usuario=&sector=&fecha=2022&resuelve= HTTP/1.1" 200 626
172.22.2.4 - - [29/Jul/2022:06:01:11 -0500] "GET /BLA/boletinlegal/consulta_actos.php?tipo=autos&no=0781&usuario=&sector=&fecha=2022&resuelve= HTTP/1.1" 200 626
216.245.221.92 - - [29/Jul/2022:06:01:46 -0500] "HEAD / HTTP/1.1" 200 -
172.22.2.4 - - [29/Jul/2022:06:02:06 -0500] "GET /BLA/boletinlegal/consulta_actos.php?tipo=autos&no=5602&usuario=&sector=&fecha=2022&resuelve= HTTP/1.1" 200 626
172.22.2.4 - - [29/Jul/2022:06:00:27 -0500] "HEAD /BLA/boletinlegal/ HTTP/1.1" 200 -
201.245.192.253 - - [29/Jul/2022:06:02:39 -0500] "POST /kwsrmcab/Wsrmcab  HTTP/1.1" 200 45524
172.22.2.4 - - [29/Jul/2022:06:02:46 -0500] "GET /BLA/boletinlegal/consulta_actos.php?tipo=autos&no=5602&usuario=&sector=&fecha=2021&resuelve= HTTP/1.1" 200 626
172.22.2.4 - - [29/Jul/2022:06:02:48 -0500] "GET /BLA/boletinlegal/consulta_actos.php?tipo=autos&no=5602&usuario=&sector=&fecha=2021&resuelve= HTTP/1.1" 200 626
172.22.2.4 - - [29/Jul/2022:06:02:48 -0500] "GET /BLA/boletinlegal/consulta_actos.php?tipo=autos&no=5602&usuario=&sector=&fecha=2021&resuelve= HTTP/1.1" 200 626
172.22.2.4 - - [29/Jul/2022:06:02:48 -0500] "GET /BLA/boletinlegal/consulta_actos.php?tipo=autos&no=5602&usuario=&sector=&fecha=2021&resuelve= HTTP/1.1" 200 626
172.22.2.4 - - [29/Jul/2022:06:02:49 -0500] "GET /BLA/boletinlegal/consulta_actos.php?tipo=autos&no=5602&usuario=&sector=&fecha=2021&resuelve= HTTP/1.1" 200 626
172.22.2.4 - - [29/Jul/2022:06:02:49 -0500] "GET /BLA/boletinlegal/consulta_actos.php?tipo=autos&no=5602&usuario=&sector=&fecha=2021&resuelve= HTTP/1.1" 200 626
172.22.2.4 - - [29/Jul/2022:06:02:57 -0500] "GET /BLA/boletinlegal/consulta_actos.php?tipo=autos&no=4695&usuario=&sector=&fecha=2021&resuelve= HTTP/1.1" 200 1148
172.22.2.4 - - [29/Jul/2022:06:01:17 -0500] "GET /BLA/boletinlegal/ HTTP/1.1" 200 59320
172.22.2.4 - - [29/Jul/2022:06:03:14 -0500] "GET /BLA/boletinlegal/consulta_actos.php?tipo=resoluciones&no=5602&usuario=&sector=&fecha=2021&resuelve= HTTP/1.1" 200 1046
172.22.2.4 - - [29/Jul/2022:06:03:49 -0500] "GET /BLA/boletinlegal/consulta_actos.php?tipo=resoluciones&no=5602&usuario=&sector=&fecha=2021&resuelve= HTTP/1.1" 200 1046
172.22.2.4 - - [29/Jul/2022:06:04:02 -0500] "GET /BLA/boletinlegal/consulta_actos.php?tipo=resoluciones&no=4695&usuario=&sector=&fecha=2021&resuelve= HTTP/1.1" 200 1139
172.22.2.4 - - [29/Jul/2022:06:04:21 -0500] "GET /BLA/boletinlegal/consulta_actos.php?tipo=resoluciones&no=2316&usuario=&sector=&fecha=2022&resuelve= HTTP/1.1" 200 1098
172.22.2.4 - - [29/Jul/2022:06:04:34 -0500] "GET /BLA/boletinlegal/consulta_actos.php?tipo=resoluciones&no=0119&usuario=&sector=&fecha=2022&resuelve= HTTP/1.1" 200 1130
172.22.2.4 - - [29/Jul/2022:06:04:55 -0500] "GET /BLA/boletinlegal/consulta_actos.php?tipo=resoluciones&no=5607&usuario=&sector=&fecha=2022&resuelve= HTTP/1.1" 200 626
172.22.2.4 - - [29/Jul/2022:06:05:04 -0500] "GET /BLA/boletinlegal/consulta_actos.php?tipo=resoluciones&no=5607&usuario=&sector=&fecha=2021&resuelve= HTTP/1.1" 200 1106
172.22.2.4 - - [29/Jul/2022:06:05:54 -0500] "GET /BLA/boletinlegal/consulta_actos.php?tipo=autos&no=3000&usuario=&sector=&fecha=2021&resuelve= HTTP/1.1" 200 626
172.22.2.4 - - [29/Jul/2022:06:06:10 -0500] "GET /BLA/boletinlegal/consulta_actos.php?tipo=autos&no=3000&usuario=&sector=&fecha=2022&resuelve= HTTP/1.1" 200 1072
172.22.2.4 - - [29/Jul/2022:06:06:21 -0500] "GET /BLA/boletinlegal/consulta_actos.php?tipo=autos&no=3021&usuario=&sector=&fecha=2022&resuelve= HTTP/1.1" 200 1086
172.22.2.4 - - [29/Jul/2022:06:06:30 -0500] "GET /BLA/boletinlegal/consulta_actos.php?tipo=autos&no=5611&usuario=&sector=&fecha=2022&resuelve= HTTP/1.1" 200 626
172.22.2.4 - - [29/Jul/2022:06:06:42 -0500] "GET /BLA/boletinlegal/consulta_actos.php?tipo=resoluciones&no=5611&usuario=&sector=&fecha=2021&resuelve= HTTP/1.1" 200 1098
216.245.221.92 - - [29/Jul/2022:06:06:46 -0500] "HEAD / HTTP/1.1" 200 -
172.22.2.4 - - [29/Jul/2022:06:07:03 -0500] "GET /BLA/boletinlegal/consulta_actos.php?tipo=autos&no=2977&usuario=&sector=&fecha=2022&resuelve= HTTP/1.1" 200 1072
172.22.2.4 - - [29/Jul/2022:06:07:17 -0500] "GET /BLA/boletinlegal/consulta_actos.php?tipo=resoluciones&no=1869&usuario=&sector=&fecha=2022&resuelve= HTTP/1.1" 200 626
201.245.192.253 - - [29/Jul/2022:06:07:38 -0500] "POST /kwsrmcab/Wsrmcab  HTTP/1.1" 200 45524
172.22.2.4 - - [29/Jul/2022:06:06:17 -0500] "HEAD /BLA/boletinlegal/ HTTP/1.1" 200 -
172.22.2.4 - - [29/Jul/2022:06:07:07 -0500] "GET /BLA/boletinlegal/ HTTP/1.1" 200 54004
216.245.221.92 - - [29/Jul/2022:06:11:46 -0500] "HEAD / HTTP/1.1" 200 -
201.245.192.253 - - [29/Jul/2022:06:12:37 -0500] "POST /kwsrmcab/Wsrmcab  HTTP/1.1" 200 45524
207.46.13.218 - - [29/Jul/2022:06:12:44 -0500] "GET /BLA/resoluciones/index.php?dir=AUTOS+2012%2F HTTP/1.1" 200 271425
207.46.13.188 - - [29/Jul/2022:06:13:08 -0500] "GET /BLA/resoluciones/dlf/styles.css HTTP/1.1" 200 3049
172.22.2.4 - - [29/Jul/2022:06:12:07 -0500] "HEAD /BLA/boletinlegal/ HTTP/1.1" 200 -
172.22.2.4 - - [29/Jul/2022:06:12:57 -0500] "GET /BLA/boletinlegal/ HTTP/1.1" 200 54004
157.55.39.236 - - [29/Jul/2022:06:14:54 -0500] "GET / HTTP/1.1" 200 319
172.22.2.4 - - [29/Jul/2022:06:15:28 -0500] "GET /BLA/boletinlegal/actos.php HTTP/1.1" 200 9559
172.22.2.4 - - [29/Jul/2022:06:15:39 -0500] "GET /BLA/boletinlegal/consulta_actos.php?tipo=resoluciones&no=1852&usuario=&sector=&fecha=2022&resuelve= HTTP/1.1" 200 1608
216.245.221.92 - - [29/Jul/2022:06:16:46 -0500] "HEAD / HTTP/1.1" 200 -
201.245.192.253 - - [29/Jul/2022:06:17:37 -0500] "POST /kwsrmcab/Wsrmcab  HTTP/1.1" 200 45524
172.22.2.4 - - [29/Jul/2022:06:17:41 -0500] "GET /BLA/boletinlegal/consulta_actos.php?tipo=autos&no=3060&usuario=&sector=&fecha=2022&resuelve= HTTP/1.1" 200 1095
172.22.2.4 - - [29/Jul/2022:06:18:20 -0500] "GET /BLA/boletinlegal/consulta_actos.php?tipo=autos&no=3047&usuario=&sector=&fecha=2022&resuelve= HTTP/1.1" 200 1074
172.22.2.4 - - [29/Jul/2022:06:19:00 -0500] "GET /BLA/boletinlegal/consulta_actos.php?tipo=autos&no=3422&usuario=&sector=&fecha=2022&resuelve= HTTP/1.1" 200 1093
172.22.2.4 - - [29/Jul/2022:06:19:21 -0500] "GET /BLA/boletinlegal/consulta_actos.php?tipo=autos&no=3427&usuario=&sector=&fecha=2022&resuelve= HTTP/1.1" 200 626
172.22.2.4 - - [29/Jul/2022:06:19:27 -0500] "GET /BLA/boletinlegal/consulta_actos.php?tipo=autos&no=3227&usuario=&sector=&fecha=2022&resuelve= HTTP/1.1" 200 626
172.22.2.4 - - [29/Jul/2022:06:19:29 -0500] "GET /BLA/boletinlegal/consulta_actos.php?tipo=autos&no=3227&usuario=&sector=&fecha=2022&resuelve= HTTP/1.1" 200 626
172.22.2.4 - - [29/Jul/2022:06:19:34 -0500] "GET /BLA/boletinlegal/consulta_actos.php?tipo=autos&no=3277&usuario=&sector=&fecha=2022&resuelve= HTTP/1.1" 200 1075
172.22.2.4 - - [29/Jul/2022:06:17:57 -0500] "HEAD /BLA/boletinlegal/ HTTP/1.1" 200 -
172.22.2.4 - - [29/Jul/2022:06:19:42 -0500] "GET /BLA/boletinlegal/consulta_actos.php?tipo=autos&no=2972&usuario=&sector=&fecha=2022&resuelve= HTTP/1.1" 200 1079
172.22.2.4 - - [29/Jul/2022:06:18:47 -0500] "GET /BLA/boletinlegal/ HTTP/1.1" 200 58164
201.245.192.253 - - [29/Jul/2022:06:20:44 -0500] "POST /kwsrmcab/Wsrmcab HTTP/1.1" 200 45849
201.245.192.253 - - [29/Jul/2022:06:20:48 -0500] "POST /kwsrmcab/Wsrmcab HTTP/1.1" 200 47693
172.22.2.4 - - [29/Jul/2022:06:21:00 -0500] "GET /BLA/boletinlegal/consulta_actos.php?tipo=autos&no=3406&usuario=&sector=&fecha=2022&resuelve= HTTP/1.1" 200 1074
172.22.2.4 - - [29/Jul/2022:06:21:16 -0500] "GET /BLA/boletinlegal/consulta_actos.php?tipo=resoluciones&no=0712&usuario=&sector=&fecha=2022&resuelve= HTTP/1.1" 200 1103
216.245.221.92 - - [29/Jul/2022:06:21:46 -0500] "HEAD / HTTP/1.1" 200 -
201.245.192.253 - - [29/Jul/2022:06:22:36 -0500] "POST /kwsrmcab/Wsrmcab  HTTP/1.1" 200 45524
172.22.2.4 - - [29/Jul/2022:06:23:47 -0500] "HEAD /BLA/boletinlegal/ HTTP/1.1" 200 -
172.22.2.4 - - [29/Jul/2022:06:24:37 -0500] "GET /BLA/boletinlegal/ HTTP/1.1" 200 57726
173.252.127.117 - - [29/Jul/2022:06:26:32 -0500] "GET /mujeres-que-reverdecen-bogota-intercambian-saberes-y-semillas.html HTTP/1.1" 206 880
216.245.221.92 - - [29/Jul/2022:06:26:46 -0500] "HEAD / HTTP/1.1" 200 -
201.245.192.253 - - [29/Jul/2022:06:27:35 -0500] "POST /kwsrmcab/Wsrmcab  HTTP/1.1" 200 45524
172.22.2.4 - - [29/Jul/2022:06:28:33 -0500] "GET /BLA/boletinlegal/robots.txt HTTP/1.1" 404 1038
172.22.2.4 - - [29/Jul/2022:06:28:33 -0500] "GET /BLA/boletinlegal/Circulares/2020/Circular%2000010%20del%2027%20de%20julio%20de%202020.pdf HTTP/1.1" 200 422655
201.245.192.253 - - [29/Jul/2022:06:30:44 -0500] "POST /kwsrmcab/Wsrmcab HTTP/1.1" 200 45849
201.245.192.253 - - [29/Jul/2022:06:30:48 -0500] "POST /kwsrmcab/Wsrmcab HTTP/1.1" 200 47693
172.22.2.4 - - [29/Jul/2022:06:30:55 -0500] "GET /BLA/boletinlegal/consulta_actos.php?tipo=resoluciones&no=0766&usuario=&sector=&fecha=2022&resuelve= HTTP/1.1" 200 1222
172.22.2.4 - - [29/Jul/2022:06:29:37 -0500] "HEAD /BLA/boletinlegal/ HTTP/1.1" 200 -
172.22.2.4 - - [29/Jul/2022:06:31:26 -0500] "GET /BLA/boletinlegal/consulta_actos.php?tipo=resoluciones&no=1454&usuario=&sector=&fecha=2022&resuelve= HTTP/1.1" 200 1301
216.245.221.92 - - [29/Jul/2022:06:31:46 -0500] "HEAD / HTTP/1.1" 200 -
172.22.2.4 - - [29/Jul/2022:06:31:49 -0500] "GET /BLA/boletinlegal/consulta_actos.php?tipo=resoluciones&no=2711&usuario=&sector=&fecha=2022&resuelve= HTTP/1.1" 200 626
172.22.2.4 - - [29/Jul/2022:06:31:54 -0500] "GET /BLA/boletinlegal/consulta_actos.php?tipo=autos&no=2711&usuario=&sector=&fecha=2022&resuelve= HTTP/1.1" 200 1096
172.22.2.4 - - [29/Jul/2022:06:30:27 -0500] "GET /BLA/boletinlegal/ HTTP/1.1" 200 58164
201.245.192.253 - - [29/Jul/2022:06:32:34 -0500] "POST /kwsrmcab/Wsrmcab  HTTP/1.1" 200 45524
172.22.2.4 - - [29/Jul/2022:06:34:31 -0500] "GET /BLA/boletinlegal/consulta_actos.php?tipo=resoluciones&no=0703&usuario=&sector=&fecha=2022&resuelve= HTTP/1.1" 200 1131
172.22.2.4 - - [29/Jul/2022:06:34:46 -0500] "GET /BLA/boletinlegal/consulta_actos.php?tipo=resoluciones&no=1429&usuario=&sector=&fecha=2022&resuelve= HTTP/1.1" 200 1118
172.22.2.4 - - [29/Jul/2022:06:35:01 -0500] "GET /BLA/boletinlegal/consulta_actos.php?tipo=resoluciones&no=1391&usuario=&sector=&fecha=2022&resuelve= HTTP/1.1" 200 1093
207.46.13.20 - - [29/Jul/2022:06:35:10 -0500] "GET /BLA/resoluciones/RESOLUCIONES%202018/2594.pdf HTTP/1.1" 304 -
172.22.2.4 - - [29/Jul/2022:06:35:13 -0500] "GET /BLA/boletinlegal/consulta_actos.php?tipo=resoluciones&no=1422&usuario=&sector=&fecha=2022&resuelve= HTTP/1.1" 200 1079
172.22.2.4 - - [29/Jul/2022:06:35:32 -0500] "GET /BLA/boletinlegal/consulta_actos.php?tipo=resoluciones&no=0698&usuario=&sector=&fecha=2022&resuelve= HTTP/1.1" 200 1076
172.22.2.4 - - [29/Jul/2022:06:36:09 -0500] "GET /BLA/boletinlegal/consulta_actos.php?tipo=resoluciones&no=0732&usuario=&sector=&fecha=2022&resuelve= HTTP/1.1" 200 1100
172.22.2.4 - - [29/Jul/2022:06:34:38 -0500] "GET /BLA/boletinlegal/ HTTP/1.1" 200 58956
186.86.108.187 - - [29/Jul/2022:06:36:06 -0500] "GET /portaldeninos/ HTTP/1.1" 503 1141
186.86.108.187 - - [29/Jul/2022:06:36:19 -0500] "GET /favicon.ico HTTP/1.1" 200 7782
172.22.2.4 - - [29/Jul/2022:06:36:21 -0500] "GET /BLA/boletinlegal/js/jquery.scrollTo-min.js HTTP/1.1" 200 1150
172.22.2.4 - - [29/Jul/2022:06:36:24 -0500] "GET /BLA/boletinlegal/consulta_actos.php?tipo=resoluciones&no=0772&usuario=&sector=&fecha=2022&resuelve= HTTP/1.1" 200 1075
172.22.2.4 - - [29/Jul/2022:06:36:35 -0500] "GET /BLA/boletinlegal/consulta_actos.php?tipo=resoluciones&no=0819&usuario=&sector=&fecha=2022&resuelve= HTTP/1.1" 200 1075
216.245.221.92 - - [29/Jul/2022:06:36:46 -0500] "HEAD / HTTP/1.1" 200 -
172.22.2.4 - - [29/Jul/2022:06:36:47 -0500] "GET /BLA/boletinlegal/consulta_actos.php?tipo=resoluciones&no=0822&usuario=&sector=&fecha=2022&resuelve= HTTP/1.1" 200 1078
185.7.214.104 - - [29/Jul/2022:06:36:50 -0500] "POST /cgi-bin/.%2e/.%2e/.%2e/.%2e/bin/sh HTTP/1.1" 400 945
172.22.2.4 - - [29/Jul/2022:06:36:57 -0500] "GET /BLA/boletinlegal/consulta_actos.php?tipo=resoluciones&no=0837&usuario=&sector=&fecha=2022&resuelve= HTTP/1.1" 200 1080
172.22.2.4 - - [29/Jul/2022:06:37:05 -0500] "GET /BLA/boletinlegal/consulta_actos.php?tipo=resoluciones&no=0866&usuario=&sector=&fecha=2022&resuelve= HTTP/1.1" 200 1073
172.22.2.4 - - [29/Jul/2022:06:35:27 -0500] "HEAD /BLA/boletinlegal/ HTTP/1.1" 200 -
172.22.2.4 - - [29/Jul/2022:06:37:26 -0500] "GET /BLA/boletinlegal/consulta_actos.php?tipo=resoluciones&no=0479&usuario=&sector=&fecha=2021&resuelve= HTTP/1.1" 200 626
172.22.2.4 - - [29/Jul/2022:06:37:32 -0500] "GET /BLA/boletinlegal/consulta_actos.php?tipo=resoluciones&no=4792&usuario=&sector=&fecha=2021&resuelve= HTTP/1.1" 200 1078
201.245.192.253 - - [29/Jul/2022:06:37:32 -0500] "POST /kwsrmcab/Wsrmcab  HTTP/1.1" 200 45524
172.22.2.4 - - [29/Jul/2022:06:37:42 -0500] "GET /BLA/boletinlegal/consulta_actos.php?tipo=resoluciones&no=4922&usuario=&sector=&fecha=2021&resuelve= HTTP/1.1" 200 1081
172.22.2.4 - - [29/Jul/2022:06:37:50 -0500] "GET /BLA/boletinlegal/consulta_actos.php?tipo=resoluciones&no=5078&usuario=&sector=&fecha=2021&resuelve= HTTP/1.1" 200 1070
172.22.2.4 - - [29/Jul/2022:06:37:54 -0500] "GET /BLA/boletinlegal/consulta_actos.php?tipo=resoluciones&no=5078&usuario=&sector=&fecha=2021&resuelve= HTTP/1.1" 200 1070
172.22.2.4 - - [29/Jul/2022:06:37:56 -0500] "GET /BLA/boletinlegal/consulta_actos.php?tipo=resoluciones&no=5078&usuario=&sector=&fecha=2021&resuelve= HTTP/1.1" 200 1070
172.22.2.4 - - [29/Jul/2022:06:36:17 -0500] "GET /BLA/boletinlegal/ HTTP/1.1" 200 58164
172.22.2.4 - - [29/Jul/2022:06:38:14 -0500] "GET /BLA/boletinlegal/consulta_actos.php?tipo=resoluciones&no=0509&usuario=&sector=&fecha=2021&resuelve= HTTP/1.1" 200 1347
172.22.2.4 - - [29/Jul/2022:06:38:26 -0500] "GET /BLA/boletinlegal/consulta_actos.php?tipo=resoluciones&no=5114&usuario=&sector=&fecha=2021&resuelve= HTTP/1.1" 200 1073
172.22.2.4 - - [29/Jul/2022:06:38:44 -0500] "GET /BLA/boletinlegal/consulta_actos.php?tipo=resoluciones&no=4624&usuario=&sector=&fecha=2021&resuelve= HTTP/1.1" 200 1074
172.22.2.4 - - [29/Jul/2022:06:38:52 -0500] "GET /BLA/boletinlegal/consulta_actos.php?tipo=resoluciones&no=4584&usuario=&sector=&fecha=2021&resuelve= HTTP/1.1" 200 1067
172.22.2.4 - - [29/Jul/2022:06:39:03 -0500] "GET /BLA/boletinlegal/consulta_actos.php?tipo=resoluciones&no=4556&usuario=&sector=&fecha=2021&resuelve= HTTP/1.1" 200 1080
172.22.2.4 - - [29/Jul/2022:06:39:11 -0500] "GET /BLA/boletinlegal/consulta_actos.php?tipo=resoluciones&no=4530&usuario=&sector=&fecha=2021&resuelve= HTTP/1.1" 200 1079
172.22.2.4 - - [29/Jul/2022:06:39:22 -0500] "GET /BLA/boletinlegal/consulta_actos.php?tipo=resoluciones&no=4529&usuario=&sector=&fecha=2021&resuelve= HTTP/1.1" 200 1084
172.22.2.4 - - [29/Jul/2022:06:39:30 -0500] "GET /BLA/boletinlegal/consulta_actos.php?tipo=resoluciones&no=4675&usuario=&sector=&fecha=2021&resuelve= HTTP/1.1" 200 1073
172.22.2.4 - - [29/Jul/2022:06:39:56 -0500] "GET /BLA/boletinlegal/consulta_actos.php?tipo=resoluciones&no=4552&usuario=&sector=&fecha=2021&resuelve= HTTP/1.1" 200 1082
172.22.2.4 - - [29/Jul/2022:06:40:03 -0500] "GET /BLA/boletinlegal/consulta_actos.php?tipo=resoluciones&no=4559&usuario=&sector=&fecha=2021&resuelve= HTTP/1.1" 200 1093
172.22.2.4 - - [29/Jul/2022:06:40:11 -0500] "GET /BLA/boletinlegal/consulta_actos.php?tipo=resoluciones&no=4882&usuario=&sector=&fecha=2021&resuelve= HTTP/1.1" 200 1082
201.245.192.253 - - [29/Jul/2022:06:40:43 -0500] "POST /kwsrmcab/Wsrmcab HTTP/1.1" 200 45849
201.245.192.253 - - [29/Jul/2022:06:40:47 -0500] "POST /kwsrmcab/Wsrmcab HTTP/1.1" 200 47693
172.22.2.4 - - [29/Jul/2022:06:41:09 -0500] "GET /BLA/boletinlegal/consulta_actos.php?tipo=resoluciones&no=5057&usuario=&sector=&fecha=2021&resuelve= HTTP/1.1" 200 1084
172.22.2.4 - - [29/Jul/2022:06:41:17 -0500] "GET /BLA/boletinlegal/consulta_actos.php?tipo=resoluciones&no=4872&usuario=&sector=&fecha=2021&resuelve= HTTP/1.1" 200 1075
172.22.2.4 - - [29/Jul/2022:06:41:24 -0500] "GET /BLA/boletinlegal/consulta_actos.php?tipo=resoluciones&no=5127&usuario=&sector=&fecha=2021&resuelve= HTTP/1.1" 200 1069
172.22.2.4 - - [29/Jul/2022:06:41:30 -0500] "GET /BLA/boletinlegal/consulta_actos.php?tipo=resoluciones&no=5121&usuario=&sector=&fecha=2021&resuelve= HTTP/1.1" 200 1077
172.22.2.4 - - [29/Jul/2022:06:41:39 -0500] "GET /BLA/boletinlegal/consulta_actos.php?tipo=resoluciones&no=5117&usuario=&sector=&fecha=2021&resuelve= HTTP/1.1" 200 1076
172.22.2.4 - - [29/Jul/2022:06:41:45 -0500] "GET /BLA/boletinlegal/consulta_actos.php?tipo=resoluciones&no=5118&usuario=&sector=&fecha=2021&resuelve= HTTP/1.1" 200 1087
216.245.221.92 - - [29/Jul/2022:06:41:46 -0500] "HEAD / HTTP/1.1" 200 -
172.22.2.4 - - [29/Jul/2022:06:41:53 -0500] "GET /BLA/boletinlegal/consulta_actos.php?tipo=resoluciones&no=5112&usuario=&sector=&fecha=2021&resuelve= HTTP/1.1" 200 1078
172.22.2.4 - - [29/Jul/2022:06:41:59 -0500] "GET /BLA/boletinlegal/consulta_actos.php?tipo=resoluciones&no=5118&usuario=&sector=&fecha=2021&resuelve= HTTP/1.1" 200 1087
172.22.2.4 - - [29/Jul/2022:06:42:30 -0500] "GET /BLA/boletinlegal/consulta_actos.php?tipo=resoluciones&no=5041&usuario=&sector=&fecha=2021&resuelve= HTTP/1.1" 200 1081
201.245.192.253 - - [29/Jul/2022:06:42:30 -0500] "POST /kwsrmcab/Wsrmcab  HTTP/1.1" 200 45524
172.22.2.4 - - [29/Jul/2022:06:42:37 -0500] "GET /BLA/boletinlegal/consulta_actos.php?tipo=resoluciones&no=4704&usuario=&sector=&fecha=2021&resuelve= HTTP/1.1" 200 1074
172.22.2.4 - - [29/Jul/2022:06:42:48 -0500] "GET /BLA/boletinlegal/consulta_actos.php?tipo=resoluciones&no=4683&usuario=&sector=&fecha=2021&resuelve= HTTP/1.1" 200 1074
172.22.2.4 - - [29/Jul/2022:06:42:56 -0500] "GET /BLA/boletinlegal/consulta_actos.php?tipo=resoluciones&no=4687&usuario=&sector=&fecha=2021&resuelve= HTTP/1.1" 200 1079
172.22.2.4 - - [29/Jul/2022:06:41:17 -0500] "HEAD /BLA/boletinlegal/ HTTP/1.1" 200 -
172.22.2.4 - - [29/Jul/2022:06:43:02 -0500] "GET /BLA/boletinlegal/consulta_actos.php?tipo=resoluciones&no=4682&usuario=&sector=&fecha=2021&resuelve= HTTP/1.1" 200 1081
172.22.2.4 - - [29/Jul/2022:06:43:09 -0500] "GET /BLA/boletinlegal/consulta_actos.php?tipo=resoluciones&no=4592&usuario=&sector=&fecha=2021&resuelve= HTTP/1.1" 200 1076
172.22.2.4 - - [29/Jul/2022:06:43:16 -0500] "GET /BLA/boletinlegal/consulta_actos.php?tipo=resoluciones&no=4528&usuario=&sector=&fecha=2021&resuelve= HTTP/1.1" 200 1087
172.22.2.4 - - [29/Jul/2022:06:43:22 -0500] "GET /BLA/boletinlegal/consulta_actos.php?tipo=resoluciones&no=5103&usuario=&sector=&fecha=2021&resuelve= HTTP/1.1" 200 1082
172.22.2.4 - - [29/Jul/2022:06:43:29 -0500] "GET /BLA/boletinlegal/consulta_actos.php?tipo=resoluciones&no=5113&usuario=&sector=&fecha=2021&resuelve= HTTP/1.1" 200 1080
172.22.2.4 - - [29/Jul/2022:06:43:30 -0500] "GET /BLA/boletinlegal/consulta_actos.php?tipo=resoluciones&no=5113&usuario=&sector=&fecha=2021&resuelve= HTTP/1.1" 200 1080
172.22.2.4 - - [29/Jul/2022:06:43:40 -0500] "GET /BLA/boletinlegal/consulta_actos.php?tipo=resoluciones&no=4869&usuario=&sector=&fecha=2021&resuelve= HTTP/1.1" 200 1081
172.22.2.4 - - [29/Jul/2022:06:43:47 -0500] "GET /BLA/boletinlegal/consulta_actos.php?tipo=resoluciones&no=4689&usuario=&sector=&fecha=2021&resuelve= HTTP/1.1" 200 1082
172.22.2.4 - - [29/Jul/2022:06:42:07 -0500] "GET /BLA/boletinlegal/ HTTP/1.1" 200 54004
172.22.2.4 - - [29/Jul/2022:06:43:55 -0500] "GET /BLA/boletinlegal/consulta_actos.php?tipo=resoluciones&no=4227&usuario=&sector=&fecha=2021&resuelve= HTTP/1.1" 200 626
172.22.2.4 - - [29/Jul/2022:06:44:04 -0500] "GET /BLA/boletinlegal/consulta_actos.php?tipo=resoluciones&no=2066&usuario=&sector=&fecha=2021&resuelve= HTTP/1.1" 200 1081
34.141.135.168 - - [29/Jul/2022:06:45:33 -0500] "GET / HTTP/1.1" 200 319
216.245.221.92 - - [29/Jul/2022:06:46:46 -0500] "HEAD / HTTP/1.1" 200 -
201.245.192.253 - - [29/Jul/2022:06:47:29 -0500] "POST /kwsrmcab/Wsrmcab  HTTP/1.1" 200 45524
172.22.2.4 - - [29/Jul/2022:06:47:43 -0500] "GET /BLA/boletinlegal/consulta_actos.php?tipo=resoluciones&no=3393&usuario=&sector=&fecha=2011&resuelve= HTTP/1.1" 200 1066
181.53.14.142 - - [29/Jul/2022:06:47:51 -0500] "GET /BLA/resoluciones/RESOLUCIONES%202011/3393.pdf HTTP/1.1" 200 626248
172.22.2.4 - - [29/Jul/2022:06:47:07 -0500] "HEAD /BLA/boletinlegal/ HTTP/1.1" 200 -
172.22.2.4 - - [29/Jul/2022:06:47:57 -0500] "GET /BLA/boletinlegal/ HTTP/1.1" 200 53641
221.2.163.231 - - [29/Jul/2022:06:49:44 -0500] "GET / HTTP/1.1" 200 319
216.245.221.92 - - [29/Jul/2022:06:51:46 -0500] "HEAD / HTTP/1.1" 200 -
181.54.14.204 - - [29/Jul/2022:06:52:09 -0500] "GET /BLA/boletinlegal/js/jquery.scrollShow.js HTTP/1.1" 200 4586
181.54.14.204 - - [29/Jul/2022:06:52:09 -0500] "GET /galeria/galeria/jquery.fancybox.css?v=2.1.5 HTTP/1.1" 200 4895
181.54.14.204 - - [29/Jul/2022:06:52:09 -0500] "GET /galeria/galeria/jquery.fancybox.js?v=2.1.5 HTTP/1.1" 200 48706
181.54.14.204 - - [29/Jul/2022:06:52:19 -0500] "GET /siipev/Diseno%20de%20Elementos%20de%20Mobiliario%20Urbano/Parte1.html? HTTP/1.1" 200 3594
181.54.14.204 - - [29/Jul/2022:06:52:19 -0500] "GET /siipev/Diseno%20de%20Elementos%20de%20Mobiliario%20Urbano/Diseno%20pertenecientes%20al%20mobiliario%20urbano%20M10-M160/Infografia/Parte1/M-10.png HTTP/1.1" 200 11175
181.54.14.204 - - [29/Jul/2022:06:52:19 -0500] "GET /siipev/Diseno%20de%20Elementos%20de%20Mobiliario%20Urbano/Diseno%20pertenecientes%20al%20mobiliario%20urbano%20M10-M160/Infografia/Parte1/M-160.png HTTP/1.1" 200 7332
201.245.192.253 - - [29/Jul/2022:06:52:28 -0500] "POST /kwsrmcab/Wsrmcab  HTTP/1.1" 200 45524
172.22.2.4 - - [29/Jul/2022:06:52:57 -0500] "HEAD /BLA/boletinlegal/ HTTP/1.1" 200 -
157.55.39.98 - - [29/Jul/2022:06:54:48 -0500] "GET /sipse/faces/faces/autenticacion.xhtml HTTP/1.1" 200 12493
172.22.2.4 - - [29/Jul/2022:06:53:47 -0500] "GET /BLA/boletinlegal/ HTTP/1.1" 200 60282
216.245.221.92 - - [29/Jul/2022:06:56:46 -0500] "HEAD / HTTP/1.1" 200 -
201.245.192.253 - - [29/Jul/2022:06:57:27 -0500] "POST /kwsrmcab/Wsrmcab  HTTP/1.1" 200 45524
173.252.127.23 - - [29/Jul/2022:06:59:21 -0500] "GET /images/chulo-o-gallinazo-optimized.jpg HTTP/1.1" 200 60427
172.22.2.4 - - [29/Jul/2022:06:58:47 -0500] "HEAD /BLA/boletinlegal/ HTTP/1.1" 200 -
172.22.2.4 - - [29/Jul/2022:06:59:37 -0500] "GET /BLA/boletinlegal/ HTTP/1.1" 200 55631
216.245.221.92 - - [29/Jul/2022:07:01:46 -0500] "HEAD / HTTP/1.1" 200 -
181.54.14.204 - - [29/Jul/2022:07:01:50 -0500] "GET /siipev/Diseno%20de%20Elementos%20de%20Mobiliario%20Urbano/Parte2.html? HTTP/1.1" 200 21566
181.54.14.204 - - [29/Jul/2022:07:01:50 -0500] "GET /siipev/Diseno%20de%20Elementos%20de%20Mobiliario%20Urbano/Otros%20Elementos/Infografia/Parte2/M-20.PNG HTTP/1.1" 200 7870
181.54.14.204 - - [29/Jul/2022:07:01:50 -0500] "GET /siipev/Diseno%20de%20Elementos%20de%20Mobiliario%20Urbano/Otros%20Elementos/Infografia/Parte2/M-30.PNG HTTP/1.1" 200 15205
181.54.14.204 - - [29/Jul/2022:07:01:50 -0500] "GET /siipev/Diseno%20de%20Elementos%20de%20Mobiliario%20Urbano/Otros%20Elementos/Infografia/Parte2/M-60.png HTTP/1.1" 200 30439
181.54.14.204 - - [29/Jul/2022:07:01:50 -0500] "GET /siipev/Diseno%20de%20Elementos%20de%20Mobiliario%20Urbano/Otros%20Elementos/Infografia/Parte2/M-31.PNG HTTP/1.1" 200 7548
181.54.14.204 - - [29/Jul/2022:07:01:50 -0500] "GET /siipev/Diseno%20de%20Elementos%20de%20Mobiliario%20Urbano/Otros%20Elementos/Infografia/Parte2/M-40.PNG HTTP/1.1" 200 7816
181.54.14.204 - - [29/Jul/2022:07:01:50 -0500] "GET /siipev/Diseno%20de%20Elementos%20de%20Mobiliario%20Urbano/Otros%20Elementos/Infografia/Parte2/M-41.PNG HTTP/1.1" 200 4709
181.54.14.204 - - [29/Jul/2022:07:01:50 -0500] "GET /siipev/Diseno%20de%20Elementos%20de%20Mobiliario%20Urbano/Otros%20Elementos/Infografia/Parte2/M-50.png HTTP/1.1" 200 16160
181.54.14.204 - - [29/Jul/2022:07:01:50 -0500] "GET /siipev/Diseno%20de%20Elementos%20de%20Mobiliario%20Urbano/Otros%20Elementos/Infografia/Parte2/M-61.png HTTP/1.1" 200 7270
181.54.14.204 - - [29/Jul/2022:07:01:50 -0500] "GET /siipev/Diseno%20de%20Elementos%20de%20Mobiliario%20Urbano/Otros%20Elementos/Infografia/Parte2/M-62.png HTTP/1.1" 200 7881
181.54.14.204 - - [29/Jul/2022:07:01:50 -0500] "GET /siipev/Diseno%20de%20Elementos%20de%20Mobiliario%20Urbano/Otros%20Elementos/Infografia/Parte2/M-142.png HTTP/1.1" 200 28872
181.54.14.204 - - [29/Jul/2022:07:01:50 -0500] "GET /siipev/Diseno%20de%20Elementos%20de%20Mobiliario%20Urbano/Otros%20Elementos/Infografia/Parte2/M-131.png HTTP/1.1" 200 17197
181.54.14.204 - - [29/Jul/2022:07:01:50 -0500] "GET /siipev/Diseno%20de%20Elementos%20de%20Mobiliario%20Urbano/Otros%20Elementos/Infografia/Parte2/M-110.png HTTP/1.1" 200 2156
181.54.14.204 - - [29/Jul/2022:07:01:50 -0500] "GET /siipev/Diseno%20de%20Elementos%20de%20Mobiliario%20Urbano/Otros%20Elementos/Infografia/Parte2/M-140.png HTTP/1.1" 200 27774
181.54.14.204 - - [29/Jul/2022:07:01:50 -0500] "GET /siipev/Diseno%20de%20Elementos%20de%20Mobiliario%20Urbano/Otros%20Elementos/Infografia/Parte2/M-72.png HTTP/1.1" 200 25370
181.54.14.204 - - [29/Jul/2022:07:01:50 -0500] "GET /siipev/Diseno%20de%20Elementos%20de%20Mobiliario%20Urbano/Otros%20Elementos/Infografia/Parte2/M-81.png HTTP/1.1" 200 6737
181.54.14.204 - - [29/Jul/2022:07:01:50 -0500] "GET /siipev/Diseno%20de%20Elementos%20de%20Mobiliario%20Urbano/Otros%20Elementos/Infografia/Parte2/M-90.png HTTP/1.1" 200 24296
181.54.14.204 - - [29/Jul/2022:07:01:50 -0500] "GET /siipev/Diseno%20de%20Elementos%20de%20Mobiliario%20Urbano/Otros%20Elementos/Infografia/Parte2/M-70.png HTTP/1.1" 200 18527
181.54.14.204 - - [29/Jul/2022:07:01:50 -0500] "GET /siipev/Diseno%20de%20Elementos%20de%20Mobiliario%20Urbano/Otros%20Elementos/Infografia/Parte2/M-100.png HTTP/1.1" 200 17003
181.54.14.204 - - [29/Jul/2022:07:01:50 -0500] "GET /siipev/Diseno%20de%20Elementos%20de%20Mobiliario%20Urbano/Otros%20Elementos/Infografia/Parte2/M-71.png HTTP/1.1" 200 29698
181.54.14.204 - - [29/Jul/2022:07:01:50 -0500] "GET /siipev/Diseno%20de%20Elementos%20de%20Mobiliario%20Urbano/Otros%20Elementos/Infografia/Parte2/M-130.png HTTP/1.1" 200 4007
181.54.14.204 - - [29/Jul/2022:07:01:50 -0500] "GET /siipev/Diseno%20de%20Elementos%20de%20Mobiliario%20Urbano/Otros%20Elementos/Infografia/Parte2/M-101.png HTTP/1.1" 200 21839
181.54.14.204 - - [29/Jul/2022:07:01:50 -0500] "GET /siipev/Diseno%20de%20Elementos%20de%20Mobiliario%20Urbano/Otros%20Elementos/Infografia/Parte2/M-120.png HTTP/1.1" 200 14640
181.54.14.204 - - [29/Jul/2022:07:01:50 -0500] "GET /siipev/Diseno%20de%20Elementos%20de%20Mobiliario%20Urbano/Otros%20Elementos/Infografia/Parte2/M-21.PNG HTTP/1.1" 200 5682
181.54.14.204 - - [29/Jul/2022:07:01:50 -0500] "GET /siipev/Diseno%20de%20Elementos%20de%20Mobiliario%20Urbano/Otros%20Elementos/Infografia/Parte2/M-121.png HTTP/1.1" 200 31225
181.54.14.204 - - [29/Jul/2022:07:01:50 -0500] "GET /siipev/Diseno%20de%20Elementos%20de%20Mobiliario%20Urbano/Otros%20Elementos/Infografia/Parte2/M-80.png HTTP/1.1" 200 11511
181.54.14.204 - - [29/Jul/2022:07:01:50 -0500] "GET /siipev/Diseno%20de%20Elementos%20de%20Mobiliario%20Urbano/Otros%20Elementos/Infografia/Parte2/M-82.png HTTP/1.1" 200 11389
181.54.14.204 - - [29/Jul/2022:07:01:50 -0500] "GET /siipev/Diseno%20de%20Elementos%20de%20Mobiliario%20Urbano/Otros%20Elementos/Infografia/Parte2/M-63.png HTTP/1.1" 200 8412
181.54.14.204 - - [29/Jul/2022:07:01:50 -0500] "GET /siipev/Diseno%20de%20Elementos%20de%20Mobiliario%20Urbano/Otros%20Elementos/Infografia/Parte2/M-141.png HTTP/1.1" 200 22886
181.54.14.204 - - [29/Jul/2022:07:01:50 -0500] "GET /siipev/Diseno%20de%20Elementos%20de%20Mobiliario%20Urbano/Otros%20Elementos/Infografia/Parte2/M-91.png HTTP/1.1" 200 13700
181.54.14.204 - - [29/Jul/2022:07:01:50 -0500] "GET /siipev/Diseno%20de%20Elementos%20de%20Mobiliario%20Urbano/Otros%20Elementos/Infografia/Parte2/M-143.png HTTP/1.1" 200 24704
181.54.14.204 - - [29/Jul/2022:07:01:50 -0500] "GET /siipev/Diseno%20de%20Elementos%20de%20Mobiliario%20Urbano/Otros%20Elementos/Infografia/Parte2/M-150.png HTTP/1.1" 200 6334
181.54.14.204 - - [29/Jul/2022:07:01:50 -0500] "GET /siipev/Diseno%20de%20Elementos%20de%20Mobiliario%20Urbano/Otros%20Elementos/Infografia/Parte2/M-148.png HTTP/1.1" 200 16745
181.54.14.204 - - [29/Jul/2022:07:01:50 -0500] "GET /siipev/Diseno%20de%20Elementos%20de%20Mobiliario%20Urbano/Otros%20Elementos/Infografia/Parte2/M-146.png HTTP/1.1" 200 29315
181.54.14.204 - - [29/Jul/2022:07:01:50 -0500] "GET /siipev/Diseno%20de%20Elementos%20de%20Mobiliario%20Urbano/Otros%20Elementos/Infografia/Parte2/M-147.png HTTP/1.1" 200 18687
181.54.14.204 - - [29/Jul/2022:07:01:50 -0500] "GET /siipev/Diseno%20de%20Elementos%20de%20Mobiliario%20Urbano/Otros%20Elementos/Infografia/Parte2/M-144.png HTTP/1.1" 200 22328
181.54.14.204 - - [29/Jul/2022:07:01:50 -0500] "GET /siipev/Diseno%20de%20Elementos%20de%20Mobiliario%20Urbano/Otros%20Elementos/Infografia/Parte2/M-145.png HTTP/1.1" 200 24761
201.245.192.253 - - [29/Jul/2022:07:02:26 -0500] "POST /kwsrmcab/Wsrmcab  HTTP/1.1" 200 45524
172.22.2.4 - - [29/Jul/2022:07:04:37 -0500] "HEAD /BLA/boletinlegal/ HTTP/1.1" 200 -
