186.102.52.79 - - [29/Jul/2022:10:21:21 -0500] "GET /kwssiamovil/sm/acme/s?s=U2FsdGVkX18ufdsqogFBhATiWqUkPVq8YZraTaNs3TaY513+8wDRvlblGHeLed0rla9Q7pf8fOJGPM3lKRuppK1HTyKSIcgMPHoPD0UKjo5S88K4Y0BP/k+CecTh6FJ4BzNRZEJwl3EvCsJeRB1u0ORdLFOY3/vbind74tlyod1IwopBqssKdgIiZpRPeGDyOzitsLrJwq6ZNI4UU/uzs1l4kaK2t5JJxWqD08n4GSCrRa0YMXhdg3VUZ9hNdMC/6eIt/5gjhTaL956PllIO46W75eu95K8ibAfi2XZd1A7ChwKHlLl5XdKKroxXSNVuhnBwFz81RXSIWAUmZTbuoTeEHqLoWuzbXIi6hZGeZPA6XYqyiyJqSOFsZOJjsvzwkbRItlVifzzVHyaIvucewWTgcByui1A2b7xkgN1rR1mQpPvbfmkfrTOf6FjtJ5RkWo8nDYg6wE8X3XglpDZs2BXVV31q08xCzjKmbfSIvmH3f6mBPqtvfhXwroUcNu9auo+Vq21aPCmcH0NeCQ0pXAHZtmWnDnEYW4uanFB0aALfr0C7EAHnsGvqrQ+eTBhfHeQ0k8UZqRxhzEX9cCb4PQ+BE1PCvq/bysBqiarDoimAsM86DQJvGUv2ZhtdxPsMz3q/G1ZYbRh3BrbLI+9YF8yraDD1waJkNdhvXyT0VVA9MzBEvX6P241PCPk7BG+o9tkSBydf3Kqvi4Mkykd1qGezUyV9Qc82lN/tbElF9vBwifqy8KI0bbrmxFUWzKwo4OK8NK7tuQOhjxEkl/nnJfgR4cxNXg7svzF4vAml3m+q49TqTPzhb2CUsWervVXJfcbu9FcUZTnf4lwRJ4W3dQCYH251l5qk24ZuReg7pM7PVcQpl6Bb6T4vkrPKJmw8nYtwditp6obIHXkELk9kJhkTuuhuka3u9G5sFU3qgICqzbsPlN7QelgQBxLnZXKc1FY6/unucOE3Spl4JQuoX3au1vZlSqMdh3Lt5yi1druL6dBlLVNP1nl2mIaGVaXA+OuvC4lLkwKe8eN1u8Bi6jzhch+GC3jtgrqAhZRsD2sSILbSxbePT/r6rBjdtbtSMF4EF756Oypw/CSfBu9Vu8yiERvPsBfzjHgzW2gRPCSWG/WHgCAzZNvBUNhP7yrRuXjMw6gDF5HMg2cyC1DaX0mZN8rARhqfcKvFcc/sLlWN//jy2zpUrBRigfEHO5kXz1yrYTs9du0YQNRDjAmswhN1/ycnE4Z18LO6zG9hp1i5cvVpKtXcP8qokKflRqZ9Zs3h6CiyKT7E+RaGo7MnGCRSeanVTEzB5PUgz3XMP2mTtcGWFNsThVRFMMvEbBUbfcvMKl1UPG5X3qRgsstWHXWR59OcPz5H1iixruMbahg=&u=U2FsdGVkX18t60vg6TYWqFL+2Y1FYQkKCDyGI23jrEg=&y=U2FsdGVkX1+k7MXqpjH/qvKhV0LgLaPtFqCOPOkPD03/vPUqTSI6GvHC+6O8Lbht HTTP/1.1" 200 98
186.102.52.79 - - [29/Jul/2022:10:21:22 -0500] "GET /kwssiamovil/sm/acme/s?s=U2FsdGVkX1/Bppn0Dj9Ub9BvO9peEz9Mttq1HdPgIA8icPemEOG8WPcMQ1iOolRD3HAle9ggTNdNEIKMuJ4eICk3CL0zY8Nxv6EY/4iP6DpGewFRk2RdMsKyci7GlSfTn2yp0NIYPCfAj/7QOYdyryhvXr1E61BzG5BdkkfxcCp+5NeTerldULANOaZqK/TCkRnj3rDsja+e6DdQIupZyZrBEbZALdYwTGobOqLDrGzVRnAHfQCsAtC4VkNHhCikLAIsjgXKQHfnbuaRs+Vem7TmKQGT9opnFxHxpTbz7LmDY6lXQfV1wW+v5Z3YPboRHVtfv8jK/+sDoL0uw2ZSEA==&u=U2FsdGVkX18t60vg6TYWqFL+2Y1FYQkKCDyGI23jrEg=&y=U2FsdGVkX1+k7MXqpjH/qvKhV0LgLaPtFqCOPOkPD03/vPUqTSI6GvHC+6O8Lbht HTTP/1.1" 200 98
186.80.174.201 - - [29/Jul/2022:10:21:23 -0500] "POST /sipse/faces/presentacion/financiero/solicitudProceso/listarSolicitudProceso.xhtml HTTP/1.1" 200 59084
186.80.174.201 - - [29/Jul/2022:10:21:24 -0500] "GET /sipse/faces/javax.faces.resource/jquery/jquery.js?ln=primefaces&v=4.0 HTTP/1.1" 304 -
186.80.174.201 - - [29/Jul/2022:10:21:24 -0500] "GET /sipse/faces/javax.faces.resource/jquery/jquery-plugins.js?ln=primefaces&v=4.0 HTTP/1.1" 304 -
186.80.174.201 - - [29/Jul/2022:10:21:24 -0500] "GET /sipse/faces/javax.faces.resource/primefaces.js?ln=primefaces&v=4.0 HTTP/1.1" 304 -
186.80.174.201 - - [29/Jul/2022:10:21:24 -0500] "GET /sipse/faces/javax.faces.resource/layout/layout.js?ln=primefaces&v=4.0 HTTP/1.1" 304 -
181.237.44.119 - - [29/Jul/2022:10:21:26 -0500] "POST /sipsesda/faces/vista/administracion/funcionario/registrarFuncionario.jspx?_afPfm=1 HTTP/1.1" 200 14751
181.237.44.119 - - [29/Jul/2022:10:21:26 -0500] "GET /sipsesda/adf/images/dfb.gif HTTP/1.1" 200 194
181.237.44.119 - - [29/Jul/2022:10:21:27 -0500] "GET /sipsesda/faces/__ADFv__?_afPfm=1.1&_t=fred&_red=cd&value=1659107932629&loc=es-CO&enc=UTF-8&minValue=1136073600000&maxValue=1785326400000 HTTP/1.1" 200 1074
181.237.44.119 - - [29/Jul/2022:10:21:27 -0500] "GET /sipsesda/faces/__ADFv__?_afPfm=1.1&_t=cd&value=1659107932629&enc=UTF-8&loc=es-CO&maxValue=1785326400000&minValue=1136073600000 HTTP/1.1" 200 7491
186.80.174.201 - - [29/Jul/2022:10:21:29 -0500] "POST /sipse/faces/presentacion/financiero/solicitudProceso/crearModificarSolicitudProceso.xhtml HTTP/1.1" 200 51773
181.237.44.119 - - [29/Jul/2022:10:21:35 -0500] "POST /sipsesda/faces/vista/administracion/dependenciaFuncionario/registrarDependenciaFuncionario.jspx?_afPfm=1.1 HTTP/1.1" 200 19429
181.237.44.119 - - [29/Jul/2022:10:21:37 -0500] "POST /sipsesda/faces/vista/administracion/funcionario/registrarFuncionario.jspx?_afPfm=1 HTTP/1.1" 200 14751
186.80.174.201 - - [29/Jul/2022:10:21:39 -0500] "POST /sipse/faces/presentacion/financiero/solicitudProceso/crearModificarSolicitudProceso.xhtml HTTP/1.1" 200 64789
186.80.174.201 - - [29/Jul/2022:10:21:40 -0500] "GET /sipse/faces/javax.faces.resource/jquery/jquery.js?ln=primefaces&v=4.0 HTTP/1.1" 304 -
186.80.174.201 - - [29/Jul/2022:10:21:40 -0500] "GET /sipse/faces/javax.faces.resource/jquery/jquery-plugins.js?ln=primefaces&v=4.0 HTTP/1.1" 304 -
186.80.174.201 - - [29/Jul/2022:10:21:40 -0500] "GET /sipse/faces/javax.faces.resource/primefaces.js?ln=primefaces&v=4.0 HTTP/1.1" 304 -
186.80.174.201 - - [29/Jul/2022:10:21:40 -0500] "GET /sipse/faces/javax.faces.resource/layout/layout.js?ln=primefaces&v=4.0 HTTP/1.1" 304 -
186.80.174.201 - - [29/Jul/2022:10:21:40 -0500] "POST /sipse/faces/presentacion/financiero/solicitudProceso/listarSolicitudProceso.xhtml HTTP/1.1" 200 58122
181.237.44.119 - - [29/Jul/2022:10:21:40 -0500] "POST /sipsesda/faces/vista/administracion/dependenciaFuncionario/registrarDependenciaFuncionario.jspx?_afPfm=1.2 HTTP/1.1" 200 19429
186.80.174.201 - - [29/Jul/2022:10:21:40 -0500] "POST /sipse/faces/presentacion/financiero/solicitudProceso/listarSolicitudProceso.xhtml HTTP/1.1" 200 58122
186.80.174.201 - - [29/Jul/2022:10:21:41 -0500] "POST /sipse/faces/presentacion/financiero/solicitudProceso/listarSolicitudProceso.xhtml HTTP/1.1" 200 58122
186.80.174.201 - - [29/Jul/2022:10:21:41 -0500] "POST /sipse/faces/presentacion/financiero/solicitudProceso/listarSolicitudProceso.xhtml HTTP/1.1" 200 58122
186.80.174.201 - - [29/Jul/2022:10:21:41 -0500] "POST /sipse/faces/presentacion/financiero/solicitudProceso/listarSolicitudProceso.xhtml HTTP/1.1" 200 1560
186.80.174.201 - - [29/Jul/2022:10:21:42 -0500] "POST /sipse/faces/presentacion/financiero/solicitudProceso/listarSolicitudProceso.xhtml HTTP/1.1" 200 1556
186.80.174.201 - - [29/Jul/2022:10:21:43 -0500] "POST /sipse/faces/presentacion/financiero/solicitudProceso/listarSolicitudProceso.xhtml HTTP/1.1" 200 1568
186.80.174.201 - - [29/Jul/2022:10:21:44 -0500] "POST /sipse/faces/presentacion/financiero/solicitudProceso/listarSolicitudProceso.xhtml HTTP/1.1" 200 1556
186.80.174.201 - - [29/Jul/2022:10:21:44 -0500] "POST /sipse/faces/presentacion/financiero/solicitudProceso/listarSolicitudProceso.xhtml HTTP/1.1" 200 1564
216.245.221.92 - - [29/Jul/2022:10:21:45 -0500] "HEAD / HTTP/1.1" 200 -
181.237.44.119 - - [29/Jul/2022:10:21:46 -0500] "POST /sipsesda/faces/vista/administracion/funcionario/registrarFuncionario.jspx?_afPfm=1 HTTP/1.1" 200 37416
186.80.174.201 - - [29/Jul/2022:10:21:46 -0500] "POST /sipse/faces/presentacion/financiero/solicitudProceso/listarSolicitudProceso.xhtml HTTP/1.1" 200 59084
186.80.174.201 - - [29/Jul/2022:10:21:46 -0500] "GET /sipse/faces/javax.faces.resource/jquery/jquery.js?ln=primefaces&v=4.0 HTTP/1.1" 304 -
186.80.174.201 - - [29/Jul/2022:10:21:46 -0500] "GET /sipse/faces/javax.faces.resource/jquery/jquery-plugins.js?ln=primefaces&v=4.0 HTTP/1.1" 304 -
186.80.174.201 - - [29/Jul/2022:10:21:46 -0500] "GET /sipse/faces/javax.faces.resource/primefaces.js?ln=primefaces&v=4.0 HTTP/1.1" 304 -
186.80.174.201 - - [29/Jul/2022:10:21:46 -0500] "GET /sipse/faces/javax.faces.resource/layout/layout.js?ln=primefaces&v=4.0 HTTP/1.1" 304 -
181.237.44.119 - - [29/Jul/2022:10:21:48 -0500] "POST /sipsesda/faces/vista/administracion/funcionario/listadoFuncionario.jspx HTTP/1.1" 200 36915
186.80.174.201 - - [29/Jul/2022:10:21:50 -0500] "POST /sipse/faces/presentacion/financiero/solicitudProceso/crearModificarSolicitudProceso.xhtml HTTP/1.1" 200 51773
181.237.44.119 - - [29/Jul/2022:10:21:54 -0500] "POST /sipsesda/faces/vista/administracion/funcionario/listadoFuncionario.jspx HTTP/1.1" 200 37362
181.237.44.119 - - [29/Jul/2022:10:21:55 -0500] "POST /sipsesda/faces/vista/administracion/funcionario/listadoFuncionario.jspx HTTP/1.1" 200 21123
186.80.174.201 - - [29/Jul/2022:10:21:59 -0500] "POST /sipse/faces/presentacion/financiero/solicitudProceso/crearModificarSolicitudProceso.xhtml HTTP/1.1" 200 25130
181.237.44.119 - - [29/Jul/2022:10:22:18 -0500] "POST /sipsesda/faces/vista/administracion/funcionario/registrarFuncionario.jspx?_afPfm=2 HTTP/1.1" 200 14770
181.237.44.119 - - [29/Jul/2022:10:22:22 -0500] "POST /sipsesda/faces/vista/administracion/dependenciaFuncionario/registrarDependenciaFuncionario.jspx?_afPfm=2.1 HTTP/1.1" 200 21113
181.237.44.119 - - [29/Jul/2022:10:22:26 -0500] "POST /sipsesda/faces/vista/administracion/funcionario/registrarFuncionario.jspx?_afPfm=2 HTTP/1.1" 200 14751
181.237.44.119 - - [29/Jul/2022:10:22:27 -0500] "GET /sipsesda/faces/__ADFv__?_afPfm=2.2&_t=fred&_red=cd&value=1610582400000&loc=es-CO&enc=UTF-8&minValue=1136073600000&maxValue=1785326400000 HTTP/1.1" 200 1074
181.237.44.119 - - [29/Jul/2022:10:22:27 -0500] "GET /sipsesda/faces/__ADFv__?_afPfm=2.2&_t=cd&enc=UTF-8&minValue=1136073600000&value=1610582400000&loc=es-CO&maxValue=1785326400000 HTTP/1.1" 200 7491
181.237.44.119 - - [29/Jul/2022:10:22:33 -0500] "GET /sipsesda/faces/__ADFv__?_afPfm=2.2&_t=fred&_red=cd&value=1611964800000&loc=es-CO&enc=UTF-8&minValue=1136073600000&maxValue=1785326400000 HTTP/1.1" 200 1074
181.237.44.119 - - [29/Jul/2022:10:22:33 -0500] "GET /sipsesda/faces/__ADFv__?_afPfm=2.2&_t=cd&loc=es-CO&value=1611964800000&minValue=1136073600000&maxValue=1785326400000&enc=UTF-8 HTTP/1.1" 200 7491
181.237.44.119 - - [29/Jul/2022:10:22:41 -0500] "GET /sipsesda/faces/__ADFv__?_afPfm=2.2&_t=cd&&minValue=1136073600000&maxValue=1785326400000&value=1611964800000&loc=es-CO&scrolledValue=1642204800000 HTTP/1.1" 200 7467
201.245.192.253 - - [29/Jul/2022:10:22:42 -0500] "GET /sipse/faces/javax.faces.resource/images/ui-bg_flat_0_2d5972_40x100.png?ln=primefaces-aristo HTTP/1.1" 304 -
201.245.192.253 - - [29/Jul/2022:10:22:42 -0500] "POST /sipse/faces/presentacion/financiero/solicitudProceso/consultarSolicitudProceso.xhtml HTTP/1.1" 200 43352
201.245.192.253 - - [29/Jul/2022:10:22:43 -0500] "GET /sipse/faces/javax.faces.resource/theme.css?ln=primefaces-sipse HTTP/1.1" 304 -
201.245.192.253 - - [29/Jul/2022:10:22:43 -0500] "GET /sipse/faces/javax.faces.resource/primefaces.css?ln=primefaces&v=4.0 HTTP/1.1" 304 -
201.245.192.253 - - [29/Jul/2022:10:22:43 -0500] "GET /sipse/faces/javax.faces.resource/layout/layout.css?ln=primefaces&v=4.0 HTTP/1.1" 304 -
201.245.192.253 - - [29/Jul/2022:10:22:43 -0500] "GET /sipse/faces/javax.faces.resource/jquery/jquery.js?ln=primefaces&v=4.0 HTTP/1.1" 304 -
201.245.192.253 - - [29/Jul/2022:10:22:43 -0500] "GET /sipse/faces/javax.faces.resource/jquery/jquery-plugins.js?ln=primefaces&v=4.0 HTTP/1.1" 304 -
201.245.192.253 - - [29/Jul/2022:10:22:43 -0500] "GET /sipse/faces/javax.faces.resource/primefaces.js?ln=primefaces&v=4.0 HTTP/1.1" 304 -
201.245.192.253 - - [29/Jul/2022:10:22:43 -0500] "GET /sipse/faces/javax.faces.resource/layout/layout.js?ln=primefaces&v=4.0 HTTP/1.1" 304 -
181.237.44.119 - - [29/Jul/2022:10:22:44 -0500] "GET /sipsesda/faces/__ADFv__?_afPfm=2.2&_t=cd&&minValue=1136073600000&maxValue=1785326400000&value=1611964800000&loc=es-CO&scrolledValue=1657843200000 HTTP/1.1" 200 7466
201.245.192.253 - - [29/Jul/2022:10:22:44 -0500] "POST /sipse/faces/presentacion/financiero/solicitudProceso/listarSolicitudProceso.xhtml HTTP/1.1" 200 36696
201.245.192.253 - - [29/Jul/2022:10:22:44 -0500] "POST /sipse/faces/presentacion/financiero/solicitudProceso/listarSolicitudProceso.xhtml HTTP/1.1" 200 36696
201.245.192.253 - - [29/Jul/2022:10:22:44 -0500] "POST /sipse/faces/presentacion/financiero/solicitudProceso/listarSolicitudProceso.xhtml HTTP/1.1" 200 1468
201.245.192.253 - - [29/Jul/2022:10:22:44 -0500] "POST /sipse/faces/presentacion/financiero/solicitudProceso/listarSolicitudProceso.xhtml HTTP/1.1" 200 1456
201.245.192.253 - - [29/Jul/2022:10:22:45 -0500] "POST /sipse/faces/presentacion/financiero/solicitudProceso/listarSolicitudProceso.xhtml HTTP/1.1" 200 1472
181.237.44.119 - - [29/Jul/2022:10:22:48 -0500] "POST /sipsesda/faces/vista/administracion/dependenciaFuncionario/registrarDependenciaFuncionario.jspx?_afPfm=2.2 HTTP/1.1" 200 21113
201.245.192.253 - - [29/Jul/2022:10:22:53 -0500] "POST /sipse/faces/presentacion/financiero/solicitudProceso/listarSolicitudProceso.xhtml HTTP/1.1" 200 2169
181.237.44.119 - - [29/Jul/2022:10:22:53 -0500] "POST /sipsesda/faces/vista/administracion/funcionario/registrarFuncionario.jspx?_afPfm=2 HTTP/1.1" 200 14752
201.245.192.253 - - [29/Jul/2022:10:22:54 -0500] "POST /sipse/faces/presentacion/financiero/solicitudProceso/listarSolicitudProceso.xhtml HTTP/1.1" 200 38371
201.245.192.253 - - [29/Jul/2022:10:22:54 -0500] "GET /sipse/faces/javax.faces.resource/theme.css?ln=primefaces-sipse HTTP/1.1" 304 -
201.245.192.253 - - [29/Jul/2022:10:22:54 -0500] "GET /sipse/faces/javax.faces.resource/primefaces.css?ln=primefaces&v=4.0 HTTP/1.1" 304 -
201.245.192.253 - - [29/Jul/2022:10:22:54 -0500] "GET /sipse/faces/javax.faces.resource/layout/layout.css?ln=primefaces&v=4.0 HTTP/1.1" 304 -
201.245.192.253 - - [29/Jul/2022:10:22:54 -0500] "GET /sipse/faces/javax.faces.resource/jquery/jquery.js?ln=primefaces&v=4.0 HTTP/1.1" 304 -
201.245.192.253 - - [29/Jul/2022:10:22:54 -0500] "GET /sipse/faces/javax.faces.resource/jquery/jquery-plugins.js?ln=primefaces&v=4.0 HTTP/1.1" 304 -
201.245.192.253 - - [29/Jul/2022:10:22:54 -0500] "GET /sipse/faces/javax.faces.resource/primefaces.js?ln=primefaces&v=4.0 HTTP/1.1" 304 -
201.245.192.253 - - [29/Jul/2022:10:22:54 -0500] "GET /sipse/faces/javax.faces.resource/layout/layout.js?ln=primefaces&v=4.0 HTTP/1.1" 304 -
201.245.192.253 - - [29/Jul/2022:10:22:54 -0500] "POST /sipse/faces/presentacion/financiero/solicitudProceso/consultar.xhtml HTTP/1.1" 200 31741
201.245.192.253 - - [29/Jul/2022:10:22:54 -0500] "POST /sipse/faces/presentacion/financiero/solicitudProceso/consultar.xhtml HTTP/1.1" 200 31741
201.245.192.253 - - [29/Jul/2022:10:22:54 -0500] "POST /sipse/faces/presentacion/financiero/solicitudProceso/consultar.xhtml HTTP/1.1" 200 31741
181.237.44.119 - - [29/Jul/2022:10:22:55 -0500] "GET /sipsesda/faces/__ADFv__?_afPfm=2.3&_t=fred&_red=cd&value=1659108020701&loc=es-CO&enc=UTF-8&minValue=1136073600000&maxValue=1785326400000 HTTP/1.1" 200 1074
181.237.44.119 - - [29/Jul/2022:10:22:56 -0500] "GET /sipsesda/faces/__ADFv__?_afPfm=2.3&_t=cd&value=1659108020701&enc=UTF-8&loc=es-CO&maxValue=1785326400000&minValue=1136073600000 HTTP/1.1" 200 7491
186.119.103.217 - - [29/Jul/2022:10:22:56 -0500] "POST /sipse/faces/presentacion/financiero/solicitudProceso/consultarSolicitudProceso.xhtml HTTP/1.1" 200 64922
186.119.103.217 - - [29/Jul/2022:10:22:57 -0500] "GET /sipse/faces/javax.faces.resource/theme.css?ln=primefaces-sipse HTTP/1.1" 304 -
186.119.103.217 - - [29/Jul/2022:10:22:57 -0500] "GET /sipse/faces/javax.faces.resource/primefaces.css?ln=primefaces&v=4.0 HTTP/1.1" 304 -
186.119.103.217 - - [29/Jul/2022:10:22:57 -0500] "GET /sipse/faces/javax.faces.resource/layout/layout.css?ln=primefaces&v=4.0 HTTP/1.1" 304 -
186.119.103.217 - - [29/Jul/2022:10:22:57 -0500] "GET /sipse/faces/javax.faces.resource/jquery/jquery.js?ln=primefaces&v=4.0 HTTP/1.1" 304 -
186.119.103.217 - - [29/Jul/2022:10:22:57 -0500] "GET /sipse/faces/javax.faces.resource/jquery/jquery-plugins.js?ln=primefaces&v=4.0 HTTP/1.1" 304 -
186.119.103.217 - - [29/Jul/2022:10:22:57 -0500] "GET /sipse/faces/javax.faces.resource/primefaces.js?ln=primefaces&v=4.0 HTTP/1.1" 304 -
186.119.103.217 - - [29/Jul/2022:10:22:57 -0500] "GET /sipse/faces/javax.faces.resource/layout/layout.js?ln=primefaces&v=4.0 HTTP/1.1" 304 -
186.119.103.217 - - [29/Jul/2022:10:22:58 -0500] "POST /sipse/faces/presentacion/financiero/solicitudProceso/listarSolicitudProceso.xhtml HTTP/1.1" 200 58251
186.119.103.217 - - [29/Jul/2022:10:22:58 -0500] "POST /sipse/faces/presentacion/financiero/solicitudProceso/listarSolicitudProceso.xhtml HTTP/1.1" 200 58251
186.119.103.217 - - [29/Jul/2022:10:22:59 -0500] "POST /sipse/faces/presentacion/financiero/solicitudProceso/listarSolicitudProceso.xhtml HTTP/1.1" 200 58251
181.237.44.119 - - [29/Jul/2022:10:22:59 -0500] "POST /sipsesda/faces/vista/administracion/dependenciaFuncionario/registrarDependenciaFuncionario.jspx?_afPfm=2.3 HTTP/1.1" 200 21127
186.119.103.217 - - [29/Jul/2022:10:23:00 -0500] "POST /sipse/faces/presentacion/financiero/solicitudProceso/listarSolicitudProceso.xhtml HTTP/1.1" 200 58251
186.119.103.217 - - [29/Jul/2022:10:23:00 -0500] "POST /sipse/faces/presentacion/financiero/solicitudProceso/listarSolicitudProceso.xhtml HTTP/1.1" 200 1560
186.119.103.217 - - [29/Jul/2022:10:23:03 -0500] "POST /sipse/faces/presentacion/financiero/solicitudProceso/listarSolicitudProceso.xhtml HTTP/1.1" 200 1556
186.119.103.217 - - [29/Jul/2022:10:23:05 -0500] "POST /sipse/faces/presentacion/financiero/solicitudProceso/listarSolicitudProceso.xhtml HTTP/1.1" 200 1568
186.119.103.217 - - [29/Jul/2022:10:23:11 -0500] "GET /sipse/faces/index.xhtml HTTP/1.1" 200 677
186.119.103.217 - - [29/Jul/2022:10:23:12 -0500] "GET /sipse/faces/javax.faces.resource/theme.css?ln=primefaces-sipse HTTP/1.1" 304 -
181.237.44.119 - - [29/Jul/2022:10:23:11 -0500] "POST /sipsesda/faces/vista/administracion/funcionario/registrarFuncionario.jspx?_afPfm=2 HTTP/1.1" 200 7723
186.119.103.217 - - [29/Jul/2022:10:23:12 -0500] "GET /sipse/faces/faces/autenticacion.xhtml HTTP/1.1" 200 12179
186.119.103.217 - - [29/Jul/2022:10:23:12 -0500] "GET /sipse/faces/javax.faces.resource/primefaces.css?ln=primefaces&v=4.0 HTTP/1.1" 304 -
186.119.103.217 - - [29/Jul/2022:10:23:12 -0500] "GET /sipse/faces/javax.faces.resource/theme.css?ln=primefaces-sipse HTTP/1.1" 304 -
186.119.103.217 - - [29/Jul/2022:10:23:12 -0500] "GET /sipse/faces/javax.faces.resource/layout/layout.css?ln=primefaces&v=4.0 HTTP/1.1" 304 -
186.119.103.217 - - [29/Jul/2022:10:23:12 -0500] "GET /sipse/faces/javax.faces.resource/jquery/jquery.js?ln=primefaces&v=4.0 HTTP/1.1" 304 -
186.119.103.217 - - [29/Jul/2022:10:23:12 -0500] "GET /sipse/faces/javax.faces.resource/primefaces.js?ln=primefaces&v=4.0 HTTP/1.1" 304 -
186.119.103.217 - - [29/Jul/2022:10:23:12 -0500] "GET /sipse/faces/javax.faces.resource/jquery/jquery-plugins.js?ln=primefaces&v=4.0 HTTP/1.1" 304 -
186.119.103.217 - - [29/Jul/2022:10:23:12 -0500] "GET /sipse/faces/javax.faces.resource/layout/layout.js?ln=primefaces&v=4.0 HTTP/1.1" 304 -
186.119.103.217 - - [29/Jul/2022:10:23:12 -0500] "GET /sipse/faces/javax.faces.resource/images/ui-icons_898989_256x240.png?ln=primefaces-aristo HTTP/1.1" 304 -
181.237.44.119 - - [29/Jul/2022:10:23:13 -0500] "POST /sipsesda/faces/vista/administracion/rolFuncionario/registrarRolFuncionario.jspx?_afPfm=2.4 HTTP/1.1" 200 21137
186.119.103.217 - - [29/Jul/2022:10:23:15 -0500] "POST /sipse/faces/autenticacion.xhtml HTTP/1.1" 200 2215
186.119.103.217 - - [29/Jul/2022:10:23:15 -0500] "GET /sipse/faces/javax.faces.resource/messages/messages.png?ln=primefaces&v=4.0 HTTP/1.1" 304 -
201.245.192.253 - - [29/Jul/2022:10:23:16 -0500] "POST /sipse/faces/presentacion/financiero/solicitudProceso/detalleSolicitudProcesoOtrosPagos.xhtml HTTP/1.1" 200 883495
186.119.103.217 - - [29/Jul/2022:10:23:16 -0500] "POST /sipse/faces/autenticacion.xhtml HTTP/1.1" 200 16331
186.119.103.217 - - [29/Jul/2022:10:23:16 -0500] "GET /sipse/faces/javax.faces.resource/theme.css?ln=primefaces-sipse HTTP/1.1" 304 -
186.119.103.217 - - [29/Jul/2022:10:23:16 -0500] "GET /sipse/faces/javax.faces.resource/primefaces.css?ln=primefaces&v=4.0 HTTP/1.1" 304 -
186.119.103.217 - - [29/Jul/2022:10:23:16 -0500] "GET /sipse/faces/javax.faces.resource/layout/layout.css?ln=primefaces&v=4.0 HTTP/1.1" 304 -
186.119.103.217 - - [29/Jul/2022:10:23:16 -0500] "GET /sipse/faces/javax.faces.resource/jquery/jquery.js?ln=primefaces&v=4.0 HTTP/1.1" 304 -
186.119.103.217 - - [29/Jul/2022:10:23:16 -0500] "GET /sipse/faces/javax.faces.resource/jquery/jquery-plugins.js?ln=primefaces&v=4.0 HTTP/1.1" 304 -
186.119.103.217 - - [29/Jul/2022:10:23:16 -0500] "GET /sipse/faces/javax.faces.resource/primefaces.js?ln=primefaces&v=4.0 HTTP/1.1" 304 -
186.119.103.217 - - [29/Jul/2022:10:23:16 -0500] "GET /sipse/faces/javax.faces.resource/layout/layout.js?ln=primefaces&v=4.0 HTTP/1.1" 304 -
186.119.103.217 - - [29/Jul/2022:10:23:16 -0500] "GET /sipse/css/imagen/contrasena.png HTTP/1.1" 404 383
181.237.44.119 - - [29/Jul/2022:10:23:17 -0500] "POST /sipsesda/faces/vista/administracion/funcionario/registrarFuncionario.jspx?_afPfm=2 HTTP/1.1" 200 37420
201.245.192.253 - - [29/Jul/2022:10:23:17 -0500] "POST /sipse/faces/presentacion/financiero/solicitudProceso/consultar.xhtml HTTP/1.1" 200 12717
186.119.103.217 - - [29/Jul/2022:10:23:18 -0500] "GET /sipse/faces/javax.faces.resource/images/ui-bg_flat_0_2d5972_40x100.png?ln=primefaces-aristo HTTP/1.1" 304 -
186.119.103.217 - - [29/Jul/2022:10:23:18 -0500] "POST /sipse/faces/bienvenido.xhtml HTTP/1.1" 200 2658
201.245.192.253 - - [29/Jul/2022:10:23:20 -0500] "POST /sipse/faces/presentacion/financiero/solicitudProceso/consultar.xhtml HTTP/1.1" 200 108386
201.245.192.253 - - [29/Jul/2022:10:23:22 -0500] "GET /sipse/faces/javax.faces.resource/theme.css?ln=primefaces-sipse HTTP/1.1" 304 -
201.245.192.253 - - [29/Jul/2022:10:23:22 -0500] "GET /sipse/faces/javax.faces.resource/primefaces.css?ln=primefaces&v=4.0 HTTP/1.1" 304 -
201.245.192.253 - - [29/Jul/2022:10:23:22 -0500] "GET /sipse/faces/javax.faces.resource/layout/layout.css?ln=primefaces&v=4.0 HTTP/1.1" 304 -
201.245.192.253 - - [29/Jul/2022:10:23:22 -0500] "GET /sipse/faces/javax.faces.resource/jquery/jquery.js?ln=primefaces&v=4.0 HTTP/1.1" 304 -
201.245.192.253 - - [29/Jul/2022:10:23:22 -0500] "GET /sipse/faces/javax.faces.resource/jquery/jquery-plugins.js?ln=primefaces&v=4.0 HTTP/1.1" 304 -
201.245.192.253 - - [29/Jul/2022:10:23:22 -0500] "GET /sipse/faces/javax.faces.resource/primefaces.js?ln=primefaces&v=4.0 HTTP/1.1" 304 -
201.245.192.253 - - [29/Jul/2022:10:23:22 -0500] "GET /sipse/faces/javax.faces.resource/layout/layout.js?ln=primefaces&v=4.0 HTTP/1.1" 304 -
186.119.103.217 - - [29/Jul/2022:10:23:18 -0500] "POST /sipse/faces/bienvenido.xhtml HTTP/1.1" 200 64922
201.245.192.253 - - [29/Jul/2022:10:23:22 -0500] "GET /sipse/faces/javax.faces.resource/dynamiccontent.properties?ln=primefaces&pfdrid=XjOR5%2F%2FfPAZAuY9TpWQeCiM0BhlXxYRBGKi%2FQcXXfeA%3D&pfdrid_c=false HTTP/1.1" 500 383
186.119.103.217 - - [29/Jul/2022:10:23:22 -0500] "GET /sipse/faces/javax.faces.resource/theme.css?ln=primefaces-sipse HTTP/1.1" 304 -
186.119.103.217 - - [29/Jul/2022:10:23:22 -0500] "GET /sipse/faces/javax.faces.resource/primefaces.css?ln=primefaces&v=4.0 HTTP/1.1" 304 -
186.119.103.217 - - [29/Jul/2022:10:23:22 -0500] "GET /sipse/faces/javax.faces.resource/layout/layout.css?ln=primefaces&v=4.0 HTTP/1.1" 304 -
181.237.44.119 - - [29/Jul/2022:10:23:22 -0500] "GET /sipse/faces/index.xhtml HTTP/1.1" 200 677
186.119.103.217 - - [29/Jul/2022:10:23:22 -0500] "GET /sipse/faces/javax.faces.resource/jquery/jquery.js?ln=primefaces&v=4.0 HTTP/1.1" 304 -
186.119.103.217 - - [29/Jul/2022:10:23:22 -0500] "GET /sipse/faces/javax.faces.resource/jquery/jquery-plugins.js?ln=primefaces&v=4.0 HTTP/1.1" 304 -
181.237.44.119 - - [29/Jul/2022:10:23:22 -0500] "GET /sipse/faces/javax.faces.resource/theme.css?ln=primefaces-sipse HTTP/1.1" 200 50058
186.119.103.217 - - [29/Jul/2022:10:23:22 -0500] "GET /sipse/faces/javax.faces.resource/primefaces.js?ln=primefaces&v=4.0 HTTP/1.1" 304 -
186.119.103.217 - - [29/Jul/2022:10:23:22 -0500] "GET /sipse/faces/javax.faces.resource/layout/layout.js?ln=primefaces&v=4.0 HTTP/1.1" 304 -
181.237.44.119 - - [29/Jul/2022:10:23:22 -0500] "GET /sipse/faces/faces/autenticacion.xhtml HTTP/1.1" 200 12171
181.237.44.119 - - [29/Jul/2022:10:23:23 -0500] "GET /sipse/faces/javax.faces.resource/theme.css?ln=primefaces-sipse HTTP/1.1" 304 -
181.237.44.119 - - [29/Jul/2022:10:23:23 -0500] "GET /sipse/css/custom_css_sg.css HTTP/1.1" 200 9694
181.237.44.119 - - [29/Jul/2022:10:23:23 -0500] "GET /sipse/js/disable_browser_buttons.js HTTP/1.1" 304 -
181.237.44.119 - - [29/Jul/2022:10:23:23 -0500] "GET /sipse/css/custom_css_sg_prime_login.css HTTP/1.1" 200 443
181.237.44.119 - - [29/Jul/2022:10:23:23 -0500] "GET /sipse/js/funciones.js HTTP/1.1" 304 -
181.237.44.119 - - [29/Jul/2022:10:23:23 -0500] "GET /sipse/faces/javax.faces.resource/layout/layout.css?ln=primefaces&v=4.0 HTTP/1.1" 200 542
181.237.44.119 - - [29/Jul/2022:10:23:23 -0500] "GET /sipse/faces/javax.faces.resource/jquery/jquery.js?ln=primefaces&v=4.0 HTTP/1.1" 304 -
181.237.44.119 - - [29/Jul/2022:10:23:23 -0500] "GET /sipse/faces/javax.faces.resource/jquery/jquery-plugins.js?ln=primefaces&v=4.0 HTTP/1.1" 304 -
181.237.44.119 - - [29/Jul/2022:10:23:23 -0500] "GET /sipse/faces/javax.faces.resource/primefaces.js?ln=primefaces&v=4.0 HTTP/1.1" 304 -
181.237.44.119 - - [29/Jul/2022:10:23:23 -0500] "GET /sipse/faces/javax.faces.resource/layout/layout.js?ln=primefaces&v=4.0 HTTP/1.1" 304 -
181.237.44.119 - - [29/Jul/2022:10:23:23 -0500] "GET /sipse/faces/javax.faces.resource/primefaces.css?ln=primefaces&v=4.0 HTTP/1.1" 200 53295
181.237.44.119 - - [29/Jul/2022:10:23:23 -0500] "GET /sipse/faces/javax.faces.resource/images/ui-icons_898989_256x240.png?ln=primefaces-aristo HTTP/1.1" 200 5355
181.237.44.119 - - [29/Jul/2022:10:23:23 -0500] "GET /sipse/css/imagen/logoSDG.png HTTP/1.1" 200 53064
181.237.44.119 - - [29/Jul/2022:10:23:23 -0500] "GET /sipse/css/imagen/loginimg.png HTTP/1.1" 200 71635
181.237.44.119 - - [29/Jul/2022:10:23:24 -0500] "POST /sipse/faces/autenticacion.xhtml HTTP/1.1" 200 11986
181.237.44.119 - - [29/Jul/2022:10:23:24 -0500] "GET /sipse/css/custom_css_sg_prime.css HTTP/1.1" 200 5201
181.237.44.119 - - [29/Jul/2022:10:23:24 -0500] "GET /sipse/faces/javax.faces.resource/jquery/jquery.js?ln=primefaces&v=4.0 HTTP/1.1" 304 -
181.237.44.119 - - [29/Jul/2022:10:23:24 -0500] "GET /sipse/faces/javax.faces.resource/jquery/jquery-plugins.js?ln=primefaces&v=4.0 HTTP/1.1" 304 -
181.237.44.119 - - [29/Jul/2022:10:23:24 -0500] "GET /sipse/faces/javax.faces.resource/primefaces.js?ln=primefaces&v=4.0 HTTP/1.1" 304 -
181.237.44.119 - - [29/Jul/2022:10:23:24 -0500] "GET /sipse/faces/javax.faces.resource/layout/layout.js?ln=primefaces&v=4.0 HTTP/1.1" 304 -
181.237.44.119 - - [29/Jul/2022:10:23:24 -0500] "GET /sipse/faces/javax.faces.resource/messages/messages.png?ln=primefaces&v=4.0 HTTP/1.1" 200 27209
186.119.103.217 - - [29/Jul/2022:10:23:23 -0500] "POST /sipse/faces/presentacion/financiero/solicitudProceso/listarSolicitudProceso.xhtml HTTP/1.1" 200 1560
181.237.44.119 - - [29/Jul/2022:10:23:26 -0500] "POST /sipse/faces/presentacion/sistema/seguridad/seleccionRol.xhtml HTTP/1.1" 200 6420
181.237.44.119 - - [29/Jul/2022:10:23:27 -0500] "POST /sipse/faces/presentacion/sistema/seguridad/seleccionRol.xhtml HTTP/1.1" 200 18726
181.237.44.119 - - [29/Jul/2022:10:23:27 -0500] "GET /sipse/js/jquery.min.js HTTP/1.1" 304 -
181.237.44.119 - - [29/Jul/2022:10:23:27 -0500] "GET /sipse/faces/javax.faces.resource/jquery/jquery.js?ln=primefaces&v=4.0 HTTP/1.1" 304 -
181.237.44.119 - - [29/Jul/2022:10:23:27 -0500] "GET /sipse/faces/javax.faces.resource/jquery/jquery-plugins.js?ln=primefaces&v=4.0 HTTP/1.1" 304 -
181.237.44.119 - - [29/Jul/2022:10:23:27 -0500] "GET /sipse/faces/javax.faces.resource/primefaces.js?ln=primefaces&v=4.0 HTTP/1.1" 304 -
181.237.44.119 - - [29/Jul/2022:10:23:27 -0500] "GET /sipse/faces/javax.faces.resource/layout/layout.js?ln=primefaces&v=4.0 HTTP/1.1" 304 -
181.237.44.119 - - [29/Jul/2022:10:23:27 -0500] "GET /sipse/imagenes/cargando.gif HTTP/1.1" 304 -
181.237.44.119 - - [29/Jul/2022:10:23:27 -0500] "GET /sipse/css/imagen/contrasena.png HTTP/1.1" 404 383
181.237.44.119 - - [29/Jul/2022:10:23:27 -0500] "GET /sipse/imagenes/logoAplicacion.jpg HTTP/1.1" 304 -
181.237.44.119 - - [29/Jul/2022:10:23:28 -0500] "GET /sipse/faces/javax.faces.resource/images/ui-bg_flat_0_2d5972_40x100.png?ln=primefaces-aristo HTTP/1.1" 200 183
181.237.44.119 - - [29/Jul/2022:10:23:28 -0500] "POST /sipse/faces/bienvenido.xhtml HTTP/1.1" 200 3887
181.237.44.119 - - [29/Jul/2022:10:23:29 -0500] "POST /sipse/faces/bienvenido.xhtml HTTP/1.1" 200 43265
181.237.44.119 - - [29/Jul/2022:10:23:29 -0500] "GET /sipse/faces/javax.faces.resource/jquery/jquery.js?ln=primefaces&v=4.0 HTTP/1.1" 304 -
181.237.44.119 - - [29/Jul/2022:10:23:29 -0500] "GET /sipse/faces/javax.faces.resource/jquery/jquery-plugins.js?ln=primefaces&v=4.0 HTTP/1.1" 304 -
181.237.44.119 - - [29/Jul/2022:10:23:29 -0500] "GET /sipse/faces/javax.faces.resource/primefaces.js?ln=primefaces&v=4.0 HTTP/1.1" 304 -
181.237.44.119 - - [29/Jul/2022:10:23:29 -0500] "GET /sipse/faces/javax.faces.resource/layout/layout.js?ln=primefaces&v=4.0 HTTP/1.1" 304 -
201.244.245.139 - - [29/Jul/2022:10:23:36 -0500] "POST /sipsesda/faces/vista/administracion/funcionario/listadoFuncionario.jspx HTTP/1.1" 200 37354
172.104.138.223 - - [29/Jul/2022:10:23:38 -0500] "GET /fuN3 HTTP/1.0" 404 1019
181.237.44.119 - - [29/Jul/2022:10:23:39 -0500] "POST /sipse/faces/presentacion/financiero/solicitudProceso/consultar.xhtml HTTP/1.1" 200 3175
201.244.245.139 - - [29/Jul/2022:10:23:38 -0500] "POST /sipsesda/faces/vista/administracion/funcionario/listadoFuncionario.jspx HTTP/1.1" 200 19224
186.80.174.201 - - [29/Jul/2022:10:23:42 -0500] "POST /sipse/faces/presentacion/financiero/solicitudProceso/crearModificarSolicitudProceso.xhtml HTTP/1.1" 200 6287
201.245.192.253 - - [29/Jul/2022:10:23:54 -0500] "POST /kwsrmcab/Wsrmcab  HTTP/1.1" 200 45524
186.80.174.201 - - [29/Jul/2022:10:24:00 -0500] "POST /sipse/faces/presentacion/financiero/solicitudProceso/crearModificarSolicitudProceso.xhtml HTTP/1.1" 200 9532
181.237.44.119 - - [29/Jul/2022:10:23:40 -0500] "POST /sipse/faces/presentacion/financiero/solicitudProceso/consultar.xhtml HTTP/1.1" 200 85839
181.237.44.119 - - [29/Jul/2022:10:24:06 -0500] "GET /sipse/faces/javax.faces.resource/jquery/jquery.js?ln=primefaces&v=4.0 HTTP/1.1" 304 -
181.237.44.119 - - [29/Jul/2022:10:24:06 -0500] "GET /sipse/faces/javax.faces.resource/jquery/jquery-plugins.js?ln=primefaces&v=4.0 HTTP/1.1" 304 -
181.237.44.119 - - [29/Jul/2022:10:24:06 -0500] "GET /sipse/faces/javax.faces.resource/primefaces.js?ln=primefaces&v=4.0 HTTP/1.1" 304 -
181.237.44.119 - - [29/Jul/2022:10:24:06 -0500] "GET /sipse/faces/javax.faces.resource/layout/layout.js?ln=primefaces&v=4.0 HTTP/1.1" 304 -
181.237.44.119 - - [29/Jul/2022:10:24:06 -0500] "POST /sipse/faces/presentacion/proyectos/proyecto/listarProyecto.xhtml HTTP/1.1" 200 79219
172.22.2.4 - - [29/Jul/2022:10:22:56 -0500] "HEAD /BLA/boletinlegal/ HTTP/1.1" 200 -
181.237.44.119 - - [29/Jul/2022:10:24:47 -0500] "POST /sipse/faces/presentacion/proyectos/proyecto/listarProyecto.xhtml HTTP/1.1" 200 13319
181.237.44.119 - - [29/Jul/2022:10:24:48 -0500] "POST /sipse/faces/presentacion/proyectos/proyecto/listarProyecto.xhtml HTTP/1.1" 200 4867
181.237.44.119 - - [29/Jul/2022:10:24:51 -0500] "POST /sipse/faces/presentacion/proyectos/proyecto/listarProyecto.xhtml HTTP/1.1" 200 163
181.237.44.119 - - [29/Jul/2022:10:24:51 -0500] "GET /sipse/faces/presentacion/proyectos/proyecto/proyecto.xhtml HTTP/1.1" 200 91535
181.237.44.119 - - [29/Jul/2022:10:24:53 -0500] "GET /sipse/faces/javax.faces.resource/theme.css?ln=primefaces-sipse HTTP/1.1" 304 -
181.237.44.119 - - [29/Jul/2022:10:24:53 -0500] "GET /sipse/faces/javax.faces.resource/layout/layout.css?ln=primefaces&v=4.0 HTTP/1.1" 304 -
181.237.44.119 - - [29/Jul/2022:10:24:53 -0500] "GET /sipse/faces/javax.faces.resource/primefaces.css?ln=primefaces&v=4.0 HTTP/1.1" 304 -
181.237.44.119 - - [29/Jul/2022:10:24:53 -0500] "GET /sipse/faces/javax.faces.resource/jquery/jquery-plugins.js?ln=primefaces&v=4.0 HTTP/1.1" 304 -
181.237.44.119 - - [29/Jul/2022:10:24:53 -0500] "GET /sipse/faces/javax.faces.resource/primefaces.js?ln=primefaces&v=4.0 HTTP/1.1" 304 -
181.237.44.119 - - [29/Jul/2022:10:24:53 -0500] "GET /sipse/faces/javax.faces.resource/jquery/jquery.js?ln=primefaces&v=4.0 HTTP/1.1" 304 -
181.237.44.119 - - [29/Jul/2022:10:24:53 -0500] "GET /sipse/faces/javax.faces.resource/layout/layout.js?ln=primefaces&v=4.0 HTTP/1.1" 304 -
181.237.44.119 - - [29/Jul/2022:10:24:53 -0500] "GET /sipse/faces/javax.faces.resource/images/ui-icons_898989_256x240.png?ln=primefaces-aristo HTTP/1.1" 200 5355
181.237.44.119 - - [29/Jul/2022:10:24:53 -0500] "GET /favicon.ico HTTP/1.1" 200 7782
181.237.44.119 - - [29/Jul/2022:10:24:53 -0500] "GET /sipse/faces/javax.faces.resource/images/ui-bg_flat_0_2d5972_40x100.png?ln=primefaces-aristo HTTP/1.1" 304 -
181.237.44.119 - - [29/Jul/2022:10:24:53 -0500] "POST /sipse/faces/presentacion/proyectos/proyecto/proyecto.xhtml HTTP/1.1" 200 3249
181.237.44.119 - - [29/Jul/2022:10:25:01 -0500] "POST /sipse/faces/presentacion/proyectos/proyecto/proyecto.xhtml HTTP/1.1" 200 28637
181.237.44.119 - - [29/Jul/2022:10:25:03 -0500] "GET /sipse/faces/javax.faces.resource/jquery/jquery.js?ln=primefaces&v=4.0 HTTP/1.1" 304 -
181.237.44.119 - - [29/Jul/2022:10:25:03 -0500] "GET /sipse/faces/javax.faces.resource/jquery/jquery-plugins.js?ln=primefaces&v=4.0 HTTP/1.1" 304 -
181.237.44.119 - - [29/Jul/2022:10:25:03 -0500] "GET /sipse/faces/javax.faces.resource/primefaces.js?ln=primefaces&v=4.0 HTTP/1.1" 304 -
181.237.44.119 - - [29/Jul/2022:10:25:03 -0500] "GET /sipse/faces/javax.faces.resource/layout/layout.js?ln=primefaces&v=4.0 HTTP/1.1" 304 -
181.237.44.119 - - [29/Jul/2022:10:25:16 -0500] "POST /sipse/faces/presentacion/proyectos/proyecto/proyectoAdministrador/editarAdministrador.xhtml HTTP/1.1" 200 19172
181.237.44.119 - - [29/Jul/2022:10:25:20 -0500] "POST /sipse/faces/presentacion/proyectos/proyecto/proyectoAdministrador/editarAdministrador.xhtml HTTP/1.1" 200 19172
181.237.44.119 - - [29/Jul/2022:10:25:23 -0500] "POST /sipse/faces/presentacion/proyectos/proyecto/proyectoAdministrador/editarAdministrador.xhtml HTTP/1.1" 200 2041
181.237.44.119 - - [29/Jul/2022:10:25:23 -0500] "POST /sipse/faces/presentacion/proyectos/proyecto/proyectoAdministrador/editarAdministrador.xhtml HTTP/1.1" 200 2041
181.237.44.119 - - [29/Jul/2022:10:25:25 -0500] "POST /sipse/faces/presentacion/proyectos/proyecto/proyectoAdministrador/editarAdministrador.xhtml HTTP/1.1" 200 2045
172.22.2.4 - - [29/Jul/2022:10:23:47 -0500] "GET /BLA/boletinlegal/ HTTP/1.1" 200 58164
186.80.174.201 - - [29/Jul/2022:10:25:27 -0500] "POST /sipse/faces/presentacion/financiero/solicitudProceso/crearModificarSolicitudProceso.xhtml HTTP/1.1" 200 7326
181.237.44.119 - - [29/Jul/2022:10:25:27 -0500] "POST /sipse/faces/presentacion/proyectos/proyecto/proyectoAdministrador/editarAdministrador.xhtml HTTP/1.1" 200 2214
181.237.44.119 - - [29/Jul/2022:10:25:32 -0500] "POST /sipsesda/faces/vista/administracion/funcionario/listadoFuncionario.jspx HTTP/1.1" 200 21137
186.102.52.79 - - [29/Jul/2022:10:25:58 -0500] "GET /kwssiamovil/sm/ldap/au?x=U2FsdGVkX1+89zWzL7C3HVOVqCINVFApmSE2MG54IBW6Szpecy1Zvno2+C0VHHLA&y=U2FsdGVkX1+J8ZhtJ6vffQi+lUxBS01zPPosMsYPMze2IfKt0hqpx50sk7yNMO8j HTTP/1.1" 200 30
186.102.52.79 - - [29/Jul/2022:10:25:58 -0500] "GET /kwssiamovil/sm/acme/s?s=U2FsdGVkX1+yctGimGipPraBApoxvUvRPlsOpXbjUJArHfE2Lhy3vEb6C7XdX7MyreWI0AFkaegZq9ku8vD4mYqs94Acn7Na/X78eWrT/5w=&u=U2FsdGVkX18YhGHacCz10vccSrZcjEhoVuZHI5UO3yo1MAZvL4nea6FUUQqbjyEA&y=U2FsdGVkX1+J8ZhtJ6vffQi+lUxBS01zPPosMsYPMze2IfKt0hqpx50sk7yNMO8j HTTP/1.1" 200 97
186.102.52.79 - - [29/Jul/2022:10:25:58 -0500] "GET /kwssiamovil/sm/acme/s?s=U2FsdGVkX19cncDxAb84BTYtgxKD9xGuikHIskSf4yM6d4VMQjpAuFoZs9LVYQPZEK5YjRgL/xscuOIsjFgU2SvkaewkATkERv7e5bR5cGemyCZ0WPHUhaZVwCyX5goiQXWqYaolv8NsqG6R8dgpRTwU7VFGGIUuIHLVdXrFqUHtLVqT3fPJKWPoGxQ02ShOwZfiWAQxWs3np5WTTeeIuuzYYo7P3JIjJub2T3jH1ZkDIANdhdkCtv/PhvbbYh6pCKtvrOvqYakEi5U01pFXJ2bJJI4cXLXctf7xpBFe/PsDM8pbpHWKyV9aBahdf5YLCEHZe/S0AT6UNWteVxkFpPJjMgeWk5gPuSUnGXFj0K2H/RmVm5fv7BnTyc3NOk4BctlAZrJ5vfTRXYUtcbPrecybo8adYo/b8nzIe1RYiSozuIgWnUQ78EtRE3GIHIW7UdUaDZMCYP/UdeuKdqb/aEaO5vIdL05mEyCm2qAId9pRlQJOZAvwXDy5A7UCQ2pY9HlcvQ0UOg9joTomoUSRtIUBZ8qylq1sDiH6vzSINnqoZ+50+4H1+LUqAESu3CbwVgz/eEMas5T4IJBIe3bCcwJxme/TLm6mrs3tPAoVRXYsPZ64g9SYbQDa7VS6Iw3ZnkEPZTuatUSNR4Uy66745y9T56CEIWWtRDmIAdJwVuun1T6A2OfSptNYIEwjf/eEmoDVwYX2fzdwcve/5Iitc0wEEFcFdVFbF4B4p5ohjeB1adGR8Ky3DzOuMzK1YQXA9PnLbK2UgmYmShIjIL4Y4B82tuSEgf/s7DnnaYTh3ynv+fAiqcBxTTW5Mi1D9ZGBcvY/1LD2boWqKaeItUdR2MOZH2+PsVQGOUW3TKSOiQOuF6h+BuqkMMlZZZmWnyIIpvHOyFbtQ4KsVE6KqAAKOI+LBfzZFQSsoR6dhBCvOvf2PNOplq38L3q8H1zPVd9Qtoulvi+d94qcze6FBhZ8fZUCgYCWHOhR80UOEZR7wYM4Ao58pjnBQP//7WouvhlLJHGAPYFgKPrGGJwi0u6nSKXrMd54TFW9rfPavRK3RaMVA+0Utfe4lgZL49YFWKtAucvciWRPfnQphUYpp3ItCD9eiieJ04t7PjnLgS7y6Ju3EYQ7xLUpui8hNJ7D+4bR9t0dlQexX2ScTQNvyVnXmyXBqK3jEmam0jZ1m4Gq0QLgr/HXTpAu/GWmhRBIzHv3/BgWBk+dnNZxL2W59nuskTEB8T9P9YxT3Xkw2b7saFn8M9NNQIsmbTKZhzyjo8mTv7252TmpiE1fadXNtXMHdbCO5c3sii2q87U4ITZKkfSec1TB5qYWem2YwXGKIqArStCxrqKtLVvy6RsCg6lTd2viU7l0wEM+lc9oFWQgA0k=&u=U2FsdGVkX18YhGHacCz10vccSrZcjEhoVuZHI5UO3yo1MAZvL4nea6FUUQqbjyEA&y=U2FsdGVkX1+J8ZhtJ6vffQi+lUxBS01zPPosMsYPMze2IfKt0hqpx50sk7yNMO8j HTTP/1.1" 200 524
186.102.52.79 - - [29/Jul/2022:10:25:58 -0500] "GET /kwssiamovil/sm/acme/s?s=U2FsdGVkX19tr4y0OTh44OTGL5XW566WpQNaXEhdwumYkgc2bNWhmDJvMRUOWQ9w1bAuJEF9CzNM1ERz8hN0UCuz/3GjwJOPi9VAR4XBpPvBbwAEb0T1edGpFQEnSuhvW/PyffqaFm10A8grsBADqA==&u=U2FsdGVkX18YhGHacCz10vccSrZcjEhoVuZHI5UO3yo1MAZvL4nea6FUUQqbjyEA&y=U2FsdGVkX1+J8ZhtJ6vffQi+lUxBS01zPPosMsYPMze2IfKt0hqpx50sk7yNMO8j HTTP/1.1" 200 92
186.119.103.217 - - [29/Jul/2022:10:25:57 -0500] "POST /sipse/faces/presentacion/financiero/solicitudProceso/listarSolicitudProceso.xhtml HTTP/1.1" 200 113495
186.119.103.217 - - [29/Jul/2022:10:25:58 -0500] "GET /sipse/faces/javax.faces.resource/theme.css?ln=primefaces-sipse HTTP/1.1" 304 -
186.119.103.217 - - [29/Jul/2022:10:25:58 -0500] "GET /sipse/faces/javax.faces.resource/layout/layout.css?ln=primefaces&v=4.0 HTTP/1.1" 304 -
186.119.103.217 - - [29/Jul/2022:10:25:58 -0500] "GET /sipse/faces/javax.faces.resource/primefaces.css?ln=primefaces&v=4.0 HTTP/1.1" 304 -
186.119.103.217 - - [29/Jul/2022:10:25:58 -0500] "GET /sipse/faces/javax.faces.resource/jquery/jquery.js?ln=primefaces&v=4.0 HTTP/1.1" 304 -
186.119.103.217 - - [29/Jul/2022:10:25:59 -0500] "GET /sipse/faces/javax.faces.resource/jquery/jquery-plugins.js?ln=primefaces&v=4.0 HTTP/1.1" 304 -
186.119.103.217 - - [29/Jul/2022:10:25:59 -0500] "GET /sipse/faces/javax.faces.resource/primefaces.js?ln=primefaces&v=4.0 HTTP/1.1" 304 -
186.119.103.217 - - [29/Jul/2022:10:25:59 -0500] "GET /sipse/faces/javax.faces.resource/layout/layout.js?ln=primefaces&v=4.0 HTTP/1.1" 304 -
186.102.52.79 - - [29/Jul/2022:10:25:59 -0500] "GET /kwssiamovil/sm/acme/s?s=U2FsdGVkX18o4nbuf+p24ufJm1ChVo81vDnSvhCKHqVrMH3Mdsci5XT8VILLYQCqoWNxmUazfm26YliBIvDDvsz3fmqa5+aGIrPqGXoxXX0pPEzK+f8A16sAbVfkPMci96D1w4SgIMHSt3Jdb7s1cRGbaiqKSu7WSDamc4lT/4AXF529m/MZhC9l/SKBiVDDFCxK8wgsOR39jMbpFVFKdhORpcVbiglq2egJMMhRWPzHeaBqkfsi2kEvju5hsKCOPEruUzu+SJS8mZlyweWSQBNGtj2lEncEUjExoH4uOD00/EgtHbk5jdE8z2TTDtqSCjaBqYmvRgsoX9ztfALuA00AKtbzDME3yJsOAjSNbMQ=&u=U2FsdGVkX18YhGHacCz10vccSrZcjEhoVuZHI5UO3yo1MAZvL4nea6FUUQqbjyEA&y=U2FsdGVkX1+J8ZhtJ6vffQi+lUxBS01zPPosMsYPMze2IfKt0hqpx50sk7yNMO8j HTTP/1.1" 200 1011
186.119.103.217 - - [29/Jul/2022:10:25:59 -0500] "GET /sipse/faces/javax.faces.resource/dynamiccontent.properties?ln=primefaces&pfdrid=XjOR5%2F%2FfPAZAuY9TpWQeCiM0BhlXxYRBGKi%2FQcXXfeA%3D&pfdrid_c=false HTTP/1.1" 500 383
186.102.52.79 - - [29/Jul/2022:10:25:59 -0500] "GET /kwssiamovil/sm/cjson/pre?f=17&x=U2FsdGVkX1+89zWzL7C3HVOVqCINVFApmSE2MG54IBW6Szpecy1Zvno2+C0VHHLA HTTP/1.1" 200 9591
186.102.52.79 - - [29/Jul/2022:10:25:59 -0500] "GET /kwssiamovil/sm/cjson/pre?f=4&x=U2FsdGVkX1+89zWzL7C3HVOVqCINVFApmSE2MG54IBW6Szpecy1Zvno2+C0VHHLA HTTP/1.1" 200 33589
186.102.52.79 - - [29/Jul/2022:10:25:59 -0500] "GET /kwssiamovil/sm/cjson/pre?f=6&x=U2FsdGVkX1+89zWzL7C3HVOVqCINVFApmSE2MG54IBW6Szpecy1Zvno2+C0VHHLA HTTP/1.1" 200 34953
201.244.245.139 - - [29/Jul/2022:10:26:00 -0500] "POST /sipsesda/faces/vista/administracion/funcionario/registrarFuncionario.jspx?_afPfm=1 HTTP/1.1" 200 37413
186.102.52.79 - - [29/Jul/2022:10:25:59 -0500] "GET /kwssiamovil/sm/cjson/pre?f=8&x=U2FsdGVkX1+89zWzL7C3HVOVqCINVFApmSE2MG54IBW6Szpecy1Zvno2+C0VHHLA HTTP/1.1" 200 36025
186.102.52.79 - - [29/Jul/2022:10:25:59 -0500] "GET /kwssiamovil/sm/cjson/pre?f=5&x=U2FsdGVkX1+89zWzL7C3HVOVqCINVFApmSE2MG54IBW6Szpecy1Zvno2+C0VHHLA HTTP/1.1" 200 96713
186.102.52.79 - - [29/Jul/2022:10:25:59 -0500] "GET /kwssiamovil/sm/cjson/pre?f=7&x=U2FsdGVkX1+89zWzL7C3HVOVqCINVFApmSE2MG54IBW6Szpecy1Zvno2+C0VHHLA HTTP/1.1" 200 93137
201.244.245.139 - - [29/Jul/2022:10:26:01 -0500] "POST /sipsesda/faces/vista/administracion/funcionario/listadoFuncionario.jspx HTTP/1.1" 200 36916
186.102.52.79 - - [29/Jul/2022:10:25:59 -0500] "GET /kwssiamovil/sm/cjson/pre?f=3&x=U2FsdGVkX1+89zWzL7C3HVOVqCINVFApmSE2MG54IBW6Szpecy1Zvno2+C0VHHLA HTTP/1.1" 200 94836
186.119.103.217 - - [29/Jul/2022:10:26:02 -0500] "POST /sipse/faces/presentacion/financiero/solicitudProceso/consultarSolicitudProceso.xhtml HTTP/1.1" 200 64922
186.119.103.217 - - [29/Jul/2022:10:26:03 -0500] "GET /sipse/faces/javax.faces.resource/theme.css?ln=primefaces-sipse HTTP/1.1" 304 -
186.119.103.217 - - [29/Jul/2022:10:26:03 -0500] "GET /sipse/faces/javax.faces.resource/primefaces.css?ln=primefaces&v=4.0 HTTP/1.1" 304 -
186.119.103.217 - - [29/Jul/2022:10:26:03 -0500] "GET /sipse/faces/javax.faces.resource/layout/layout.css?ln=primefaces&v=4.0 HTTP/1.1" 304 -
186.119.103.217 - - [29/Jul/2022:10:26:03 -0500] "GET /sipse/faces/javax.faces.resource/jquery/jquery.js?ln=primefaces&v=4.0 HTTP/1.1" 304 -
186.119.103.217 - - [29/Jul/2022:10:26:03 -0500] "GET /sipse/faces/javax.faces.resource/jquery/jquery-plugins.js?ln=primefaces&v=4.0 HTTP/1.1" 304 -
186.119.103.217 - - [29/Jul/2022:10:26:03 -0500] "GET /sipse/faces/javax.faces.resource/primefaces.js?ln=primefaces&v=4.0 HTTP/1.1" 304 -
186.119.103.217 - - [29/Jul/2022:10:26:03 -0500] "GET /sipse/faces/javax.faces.resource/layout/layout.js?ln=primefaces&v=4.0 HTTP/1.1" 304 -
186.119.103.217 - - [29/Jul/2022:10:26:03 -0500] "POST /sipse/faces/presentacion/financiero/solicitudProceso/listarSolicitudProceso.xhtml HTTP/1.1" 200 58251
186.119.103.217 - - [29/Jul/2022:10:26:04 -0500] "POST /sipse/faces/presentacion/financiero/solicitudProceso/listarSolicitudProceso.xhtml HTTP/1.1" 200 58251
186.119.103.217 - - [29/Jul/2022:10:26:05 -0500] "POST /sipse/faces/presentacion/financiero/solicitudProceso/listarSolicitudProceso.xhtml HTTP/1.1" 200 1560
201.244.245.139 - - [29/Jul/2022:10:26:08 -0500] "POST /sipsesda/faces/vista/administracion/funcionario/listadoFuncionario.jspx HTTP/1.1" 200 37364
186.119.103.217 - - [29/Jul/2022:10:26:07 -0500] "POST /sipse/faces/presentacion/financiero/solicitudProceso/listarSolicitudProceso.xhtml HTTP/1.1" 200 1556
201.244.245.139 - - [29/Jul/2022:10:26:09 -0500] "POST /sipsesda/faces/vista/administracion/funcionario/listadoFuncionario.jspx HTTP/1.1" 200 21118
186.119.103.217 - - [29/Jul/2022:10:26:10 -0500] "POST /sipse/faces/presentacion/financiero/solicitudProceso/listarSolicitudProceso.xhtml HTTP/1.1" 200 1568
216.245.221.92 - - [29/Jul/2022:10:26:45 -0500] "HEAD / HTTP/1.1" 200 -
186.80.174.201 - - [29/Jul/2022:10:27:32 -0500] "POST /sipse/faces/presentacion/financiero/solicitudProceso/crearModificarSolicitudProceso.xhtml HTTP/1.1" 200 24640
186.80.174.201 - - [29/Jul/2022:10:27:33 -0500] "GET /sipse/faces/javax.faces.resource/theme.css?ln=primefaces-sipse HTTP/1.1" 304 -
186.80.174.201 - - [29/Jul/2022:10:27:33 -0500] "GET /sipse/faces/javax.faces.resource/primefaces.js?ln=primefaces&v=4.0 HTTP/1.1" 304 -
186.80.174.201 - - [29/Jul/2022:10:27:33 -0500] "GET /sipse/faces/javax.faces.resource/jquery/jquery-plugins.js?ln=primefaces&v=4.0 HTTP/1.1" 304 -
186.80.174.201 - - [29/Jul/2022:10:27:33 -0500] "GET /sipse/faces/javax.faces.resource/jquery/jquery.js?ln=primefaces&v=4.0 HTTP/1.1" 304 -
186.80.174.201 - - [29/Jul/2022:10:27:33 -0500] "GET /sipse/faces/javax.faces.resource/layout/layout.js?ln=primefaces&v=4.0 HTTP/1.1" 304 -
186.80.174.201 - - [29/Jul/2022:10:27:33 -0500] "GET /sipse/faces/javax.faces.resource/layout/layout.css?ln=primefaces&v=4.0 HTTP/1.1" 200 542
186.80.174.201 - - [29/Jul/2022:10:27:33 -0500] "GET /sipse/faces/javax.faces.resource/primefaces.css?ln=primefaces&v=4.0 HTTP/1.1" 200 53295
186.80.174.201 - - [29/Jul/2022:10:27:36 -0500] "GET /sipse/faces/javax.faces.resource/images/ui-icons_898989_256x240.png?ln=primefaces-aristo HTTP/1.1" 304 -
201.244.245.139 - - [29/Jul/2022:10:27:39 -0500] "POST /sipsesda/faces/vista/administracion/funcionario/registrarFuncionario.jspx?_afPfm=2 HTTP/1.1" 200 37417
201.244.245.139 - - [29/Jul/2022:10:27:42 -0500] "POST /sipsesda/faces/vista/administracion/funcionario/listadoFuncionario.jspx HTTP/1.1" 200 36916
186.80.174.201 - - [29/Jul/2022:10:27:44 -0500] "GET /sipse/faces/javax.faces.resource/images/ui-bg_flat_0_2d5972_40x100.png?ln=primefaces-aristo HTTP/1.1" 200 183
186.80.174.201 - - [29/Jul/2022:10:27:44 -0500] "POST /sipse/faces/presentacion/financiero/solicitudProyectoActividad/asociarProyectoSolicitud.xhtml HTTP/1.1" 200 6535
186.80.174.201 - - [29/Jul/2022:10:27:47 -0500] "POST /sipse/faces/presentacion/financiero/solicitudProyectoActividad/asociarProyectoSolicitud.xhtml HTTP/1.1" 200 1692
186.80.174.201 - - [29/Jul/2022:10:27:49 -0500] "POST /sipse/faces/presentacion/financiero/solicitudProyectoActividad/asociarProyectoSolicitud.xhtml HTTP/1.1" 200 45688
186.80.174.201 - - [29/Jul/2022:10:27:49 -0500] "GET /sipse/faces/javax.faces.resource/jquery/jquery.js?ln=primefaces&v=4.0 HTTP/1.1" 304 -
186.80.174.201 - - [29/Jul/2022:10:27:50 -0500] "GET /sipse/faces/javax.faces.resource/jquery/jquery-plugins.js?ln=primefaces&v=4.0 HTTP/1.1" 304 -
186.80.174.201 - - [29/Jul/2022:10:27:50 -0500] "GET /sipse/faces/javax.faces.resource/primefaces.js?ln=primefaces&v=4.0 HTTP/1.1" 304 -
186.80.174.201 - - [29/Jul/2022:10:27:50 -0500] "GET /sipse/faces/javax.faces.resource/layout/layout.js?ln=primefaces&v=4.0 HTTP/1.1" 304 -
201.244.245.139 - - [29/Jul/2022:10:27:53 -0500] "POST /sipsesda/faces/vista/administracion/funcionario/listadoFuncionario.jspx HTTP/1.1" 200 37360
201.244.245.139 - - [29/Jul/2022:10:28:16 -0500] "POST /sipsesda/faces/vista/administracion/funcionario/listadoFuncionario.jspx HTTP/1.1" 200 19224
186.80.174.201 - - [29/Jul/2022:10:28:28 -0500] "POST /sipse/faces/presentacion/financiero/solicitudProyectoActividad/asociarActividadSolicitud.xhtml HTTP/1.1" 200 20152
186.80.174.201 - - [29/Jul/2022:10:28:28 -0500] "GET /sipse/faces/javax.faces.resource/jquery/jquery.js?ln=primefaces&v=4.0 HTTP/1.1" 304 -
186.80.174.201 - - [29/Jul/2022:10:28:29 -0500] "GET /sipse/faces/javax.faces.resource/jquery/jquery-plugins.js?ln=primefaces&v=4.0 HTTP/1.1" 304 -
186.80.174.201 - - [29/Jul/2022:10:28:29 -0500] "GET /sipse/faces/javax.faces.resource/primefaces.js?ln=primefaces&v=4.0 HTTP/1.1" 304 -
186.80.174.201 - - [29/Jul/2022:10:28:29 -0500] "GET /sipse/faces/javax.faces.resource/layout/layout.js?ln=primefaces&v=4.0 HTTP/1.1" 304 -
201.244.245.139 - - [29/Jul/2022:10:28:36 -0500] "POST /sipsesda/faces/vista/administracion/funcionario/registrarFuncionario.jspx?_afPfm=3 HTTP/1.1" 200 14752
201.244.245.139 - - [29/Jul/2022:10:28:38 -0500] "GET /sipsesda/faces/__ADFv__?_afPfm=3.1&_t=fred&_red=cd&value=1659108364031&loc=es-CO&enc=UTF-8&minValue=1136073600000&maxValue=1785326400000 HTTP/1.1" 200 1074
201.244.245.139 - - [29/Jul/2022:10:28:38 -0500] "GET /sipsesda/faces/__ADFv__?_afPfm=3.1&_t=cd&value=1659108364031&maxValue=1785326400000&enc=UTF-8&loc=es-CO&minValue=1136073600000 HTTP/1.1" 200 7491
201.245.192.253 - - [29/Jul/2022:10:28:42 -0500] "POST /sipse/faces/presentacion/financiero/solicitudProceso/consultarSolicitudProceso.xhtml HTTP/1.1" 200 43925
201.245.192.253 - - [29/Jul/2022:10:28:43 -0500] "GET /sipse/faces/javax.faces.resource/primefaces.css?ln=primefaces&v=4.0 HTTP/1.1" 304 -
201.245.192.253 - - [29/Jul/2022:10:28:43 -0500] "GET /sipse/faces/javax.faces.resource/theme.css?ln=primefaces-sipse HTTP/1.1" 304 -
201.245.192.253 - - [29/Jul/2022:10:28:43 -0500] "GET /sipse/faces/javax.faces.resource/layout/layout.css?ln=primefaces&v=4.0 HTTP/1.1" 304 -
201.245.192.253 - - [29/Jul/2022:10:28:43 -0500] "GET /sipse/faces/javax.faces.resource/jquery/jquery.js?ln=primefaces&v=4.0 HTTP/1.1" 304 -
201.245.192.253 - - [29/Jul/2022:10:28:43 -0500] "GET /sipse/faces/javax.faces.resource/jquery/jquery-plugins.js?ln=primefaces&v=4.0 HTTP/1.1" 304 -
201.245.192.253 - - [29/Jul/2022:10:28:43 -0500] "GET /sipse/faces/javax.faces.resource/primefaces.js?ln=primefaces&v=4.0 HTTP/1.1" 304 -
201.245.192.253 - - [29/Jul/2022:10:28:44 -0500] "GET /sipse/faces/javax.faces.resource/layout/layout.js?ln=primefaces&v=4.0 HTTP/1.1" 304 -
201.244.245.139 - - [29/Jul/2022:10:28:44 -0500] "GET /sipsesda/faces/__ADFv__?_afPfm=3.1&_t=fred&_red=cd&value=1659052800000&loc=es-CO&enc=UTF-8&minValue=1136073600000&maxValue=1785326400000 HTTP/1.1" 200 1074
201.245.192.253 - - [29/Jul/2022:10:28:44 -0500] "POST /sipse/faces/presentacion/financiero/solicitudProceso/listarSolicitudProceso.xhtml HTTP/1.1" 200 37269
201.244.245.139 - - [29/Jul/2022:10:28:44 -0500] "GET /sipsesda/faces/__ADFv__?_afPfm=3.1&_t=cd&enc=UTF-8&minValue=1136073600000&loc=es-CO&value=1659052800000&maxValue=1785326400000 HTTP/1.1" 200 7491
201.245.192.253 - - [29/Jul/2022:10:28:44 -0500] "POST /sipse/faces/presentacion/financiero/solicitudProceso/listarSolicitudProceso.xhtml HTTP/1.1" 200 37269
201.245.192.253 - - [29/Jul/2022:10:28:45 -0500] "POST /sipse/faces/presentacion/financiero/solicitudProceso/listarSolicitudProceso.xhtml HTTP/1.1" 200 37269
201.245.192.253 - - [29/Jul/2022:10:28:45 -0500] "POST /sipse/faces/presentacion/financiero/solicitudProceso/listarSolicitudProceso.xhtml HTTP/1.1" 200 37269
201.245.192.253 - - [29/Jul/2022:10:28:45 -0500] "POST /sipse/faces/presentacion/financiero/solicitudProceso/listarSolicitudProceso.xhtml HTTP/1.1" 200 37269
201.245.192.253 - - [29/Jul/2022:10:28:46 -0500] "POST /sipse/faces/presentacion/financiero/solicitudProceso/listarSolicitudProceso.xhtml HTTP/1.1" 200 1468
