172.22.2.4 - - [29/Jul/2022:07:06:37 -0500] "GET /BLA/boletinlegal/.git/config HTTP/1.1" 404 1018
216.245.221.92 - - [29/Jul/2022:07:06:46 -0500] "HEAD / HTTP/1.1" 200 -
186.102.2.83 - - [29/Jul/2022:07:06:53 -0500] "GET /kwssiamovil/sm/acme/a?s=U2FsdGVkX1+dqX845qCmkXL2R11q3wl8/DMq7yJsQgYoc0xlebtvATl0D5uzC64gB1SUEV0WQP7cK+7THXkIvo7oygTK784R/wE6zMf1ed6dtqnE0H3pSvOtVOBv1nNRu5zqSaygatZ/sdoT46sS58MkeUoCqqu2isF/8a00JNN59Z38eRC2dKzBpxoOIH5/WeBb7jVDfYzAGD8U+iQTRe3atdFSmuy0yNRIZ/B4Tqw1JyNrYYj7TvVC4tCteDwgWZBErA9BZbMM01ZTc9Yfkw==&u=U2FsdGVkX191fGf7TAJ3WfjM0cITBjHbUhye14ZtofdbjkWOnXwkR6K0HWni8lJh&y=U2FsdGVkX18sspQXJAgcBVlnWG7WXDipvZGuOViS3YkxdzRkB06/Yl5Ebhs2AO7i HTTP/1.1" 200 25
186.102.2.83 - - [29/Jul/2022:07:06:54 -0500] "GET /kwssiamovil/sm/acme/a?s=U2FsdGVkX1/Kj1hBg+h3GHmY1PWZI76xQMIVC0ZamvCGbdVuArNos3J0qbS8s19rmI5DGP5StAde8AtC0FATMk14Y5dt/hsIfQllsr8sK4gFODFMFXkN/eZw4fbr9oJvlzngGIz/kp3w7/BV5RNijGz/r7L5qwGIULhaOiOKyUEC+shmGdN1HTIY+iwWZaa6ETlIncJl7KDsoenHn+D4r3Pu3V32FZlpu7vC5SBRIRm7SJ2Z29nGJQmSzgm33DSZs21kBL3XKxIpQrDsOFN2ZGWoPydXyZHgvmur57rmP9U9saPe1iNULROvZRGn5jBh+HAFZ20NX+R3Sd8/+hcWaNYyYMiIAj5//3v4N5rotrpiNeQrszpc1+kMTf7/giAUs0UnKKxP5h3ieV9aCR6MA5KjStkqX27Qlp91MjIrEx3aPoBEQU+tyEnuyKZ5siqXdMCMWCd8he8nknh5Yg7o0cH5NfqogfaE4oIqb9ktk0jF1DliKPBieSJrfnkDJvqWBXh8krMcHrHrNjAj7tcRnEQREBwKY3fL6w0T7QJmulOZz6tm9qrRvkc8576UkWuKnmhsHO0EDNj69Hzi8kWnhiXZjri3hs3TxEbtqBpWx2DHnbLAOSVQ0juWaTUhikiNJMp/A4X+8XPPHZK5ayXxf7NDSJn/+eU19R8nSBdeGAMPwYcYElkG+HCyzNiQfnBb8rT1xrWVjglVk/CQmstuZ/OclHgsZeeHfcgTVdV92FfABHa+X9ZgAKUxNpuDiA+iaIQr/Uocr2nbkOGEyN+h0k0JNK9UqlwEMGjj7ymRbETJ+sQCWeX3q19xQrwPGcoW9i7BLWX5kXp7+l6KK6skLqUj2s1dGur3KUp2RWxd57Qb6GQOPKlkrDakhP/WNtrlnNpPDHaVBLx51oePU9M3cKBxsFYhbZPd75joBQKp2nsR26Sgd3EBlZ1tpwbiWWl4Ho0qFv9FALeX5N9rrSodk4JMNTbNEgf48oPZdiq8tX5Vj7x3azSBzAAHjS3cVPxkeXr+VoqesrpoJjadUAn22cqBHIXwTSMaWudIejaZXNvQCkNSy1LtuTNksrmNSE0UAdG8rgj5zVGZOXjFwwIULkVWuFXHeKDaWpwZU2z/uNWcBFJSJlE4N/Ay0tcQ+z2j31D5vYeX5jol8u0nwdwO3w8keUy3pIIXaTxU9VZzasJyus6lmIQBV/oLMcWd/Goe765G1aJZVTTqUCsWH3T9r6ApsrEAWId8VSkl2Be3X21ZKZKPrsO7ifriU+rzIE2AN68t1pdARY4vzgrNetkPc2zwVQ/089PRyNEp7J5on1KVic1HKi9t0FLw/4NrEbxmbuRWsY6MnwINM4grubjhIsSYpjUpNYiMEXAR0iRCiH52yPg+xiOS5yEg7HzDfgQYTeihxR8QZcMVkXIfqOkfQqLx3GZjQgckVCMQRSB2D7A55qkVlB1JzZ/rp2YGaSt711cxU3vbhTwMW7b3ELsrGqaQZGFRiQCOvfB2DxIcFi6GkgQNb2PBqkffNeLoC7azD9pSQlpwOWlfgoU7lMXpucxZkcR6j2s9oES1ua2T215xhXaiB/JpZJsu0e0UnsiFXHcdkqLOpWU7e1slSX5W/ydBBQaOI2WZnXZ7SXVccCY5KPI5uwdvE1kSX32gATnBj74rxqHM+V/ARiyXNyDDZ4UvTjx178HdYcpE4/lN3q2j2YkeaGHfjfp4eC20XxuV0F63scv2pJ+wc5QLHjJj6t5L1Fw528NuotQcheiDzeaV3xcrqGWWuPbHbrtVneya8bvtfcmuPAt5uzY4JKEG+dzhLNrcfDz2VngndLiHdsCfqE6D1aWIBSjngwKGiZDyyfKSBR07Hdr7FSaLjMJxVxqj4PPAC/T3TRC43qb61TacTkTxF+EYnw/FDkMsMY46X2iMkStQfmA/Aon2M4sHxkM7x3SrSZ5i/gev43/Aw2V/l2Md0GHie3YeVyhcduq3VLUFFDNNsZgDc2YJQ+czOsa3BqbDHB33xhRzmpw42rVY3H9oiK2YXWOEZcdtSLYJwUFcEEP9HlazRptKvuQ2bLV9gi+Y4vhpIzHjya5VHslOtCdCZgJBxfEJHMclpBezjRVXs2NSfEMhFqlmg3vvR9DrPaTNJx8sKPBzvfyZqp+3sAU1yKxsZBhjKTLFwJriz93bM/keuUJ0KgMMtFmMJNSKkj1NR06lpdclVdxegKIVV0Q/EE8cWs91S2B/7MHtpYwTn6oQ6IUfVgcP36dOND+C2nIZxNADBgRr8ZMMY6WdVmkw1Bj4aY1gwOwk0ybo5kejylJVOBQG2ajG9T6s2F1uNUtXE193MFNrrg989GZP9NjrXK41dpsP/uSw7Ym0wa9WvaqTJX9NlwdQ3dR1yEgL80kG4cw1jezVDXqc1khyiHiHRkNKIVRKqQ6ykrPEvY7ww3EQ997/aBV8wbenJANt/buMfmeUeor4E0XR5oCOGu9SxN6fCnlgJxT2TSADGZBOkArXe1g/C42SjqQZPz3gXRG10bD1BaS5PHVQ1mv9ONSk8gAfiLaqRY4GTOpNPIX4pzETAwaQoOAewFCVmn+4SA8ihc3LfIKk0CwdVfziUVlZtjplaDVVMnUTN5BxqVlvtw5FVC6UMx3h1YumWB5RrJvSIil2q4wsfXZjAARBiOrr1AdsOKy4H7lJYviYhcS1UySzrjczHk3bPYPCKnd4+jZBmdVohHH94+4PnEl+2oalyLPzIqXsPvgVCjD4B64qzDO3f+17GNVDAUkiYk34ftp8AJx95cgcnwSbRjTfHt07GRTqwGhGZScRPB+tACDaaPn1MJlFTozvIXmiMFALpTBb63b4knVf/h/2HYsF/ccLiDhJdm9QkgnjLrWcxu1Ux86n0/nj52sZw4rIchZUCE3IeWeHzg2nClvSuXP2f8rVs/33bqYZaRmsLB2XDFXL+JuFZgWDYGigWQUheZKdMsYHg7lrxSozB7R0xPvZxXlOAWfCYDkdVYaeedgeaXluMyRxKYRcrTBpu3AnRgczd9ZK2f9WWUNxj6xksZBBdeKtt2s4DJOaYp/FGhT4TUofgU/3U01bo9S6Y7gIpe+vpfHp6HoBel7ssFEIMcqAIpZ1Gz4rAEs3kn9MPrEpeCWWPE7BdmmvYNQxZ40NzYMxZegcZ+u5SQ/CC2sBpBDXpdnJBY77qoThXXG9xiP5cdLFJrk+z6+vOAmxDHATsj7Rx4WbaSF8nmiAgIVAJeItDeFZ8ujdYRtViqgjaGRbIv8Tlkh9IgdnDw+vNRdRWIowD3ndGKeUT7gCow/XgW+Cqiuy/LdcIa6489SimX1Ysi/UnjpWlU1j/wD9GHh8b+B7VHjWQ4d61Z9MYwb9kkY=&u=U2FsdGVkX191fGf7TAJ3WfjM0cITBjHbUhye14ZtofdbjkWOnXwkR6K0HWni8lJh&y=U2FsdGVkX18sspQXJAgcBVlnWG7WXDipvZGuOViS3YkxdzRkB06/Yl5Ebhs2AO7i HTTP/1.1" 200 25
186.102.2.83 - - [29/Jul/2022:07:06:54 -0500] "GET /kwssiamovil/sm/acme/a?s=U2FsdGVkX1/P88ryW1HRt2F1GwJU4slXhGFJ7jt3j5xPiR5RY9b6V/uhPpWbhnHbXGnFSFhsJ2m//zjPzePCSixiwaiFVHK+Ztam3ZKrZwpk2gE9BZhP4k8r8aGZeKHyz9dWh9ZFrkZ2v1uzlwSVKSHRRI4xExPt+x/fS8dUUDw=&u=U2FsdGVkX191fGf7TAJ3WfjM0cITBjHbUhye14ZtofdbjkWOnXwkR6K0HWni8lJh&y=U2FsdGVkX18sspQXJAgcBVlnWG7WXDipvZGuOViS3YkxdzRkB06/Yl5Ebhs2AO7i HTTP/1.1" 200 25
186.102.2.83 - - [29/Jul/2022:07:06:54 -0500] "GET /kwssiamovil/sm/acme/a?s=U2FsdGVkX1+bRP0mNpjEi48XBHv1S/hF2vB3Ulg/cE+5Q3xbKOP1T0SXvAOPtwsmFbjlIk5Ajurs+M04+z6sS8FO2FCT6bY63kzLquQnP8ZPcmnmCAu39pxyYdvNbyqG5AQJkSbJezsqPWxb5Xemb8iMZQxq6N/UtwTqpWwGRFU=&u=U2FsdGVkX191fGf7TAJ3WfjM0cITBjHbUhye14ZtofdbjkWOnXwkR6K0HWni8lJh&y=U2FsdGVkX18sspQXJAgcBVlnWG7WXDipvZGuOViS3YkxdzRkB06/Yl5Ebhs2AO7i HTTP/1.1" 200 25
186.102.2.83 - - [29/Jul/2022:07:06:55 -0500] "GET /kwssiamovil/sm/acme/a?s=U2FsdGVkX1+kzmaDafg9fTef0rHlDcZx8/H9R5i6sGB6LzM1ufsM6FzOUvbGtTBkfvMuzkIQlhyNdIkEcOawwzPqEo63A4lHBW5YE4FiMUFetv6EDZpDjqXt9QFpJLg8XCc7NIcwfpSNJcQldzoFNi838GGWMjVLGY3UBSZ1B3c=&u=U2FsdGVkX191fGf7TAJ3WfjM0cITBjHbUhye14ZtofdbjkWOnXwkR6K0HWni8lJh&y=U2FsdGVkX18sspQXJAgcBVlnWG7WXDipvZGuOViS3YkxdzRkB06/Yl5Ebhs2AO7i HTTP/1.1" 200 25
186.102.2.83 - - [29/Jul/2022:07:06:55 -0500] "GET /kwssiamovil/sm/acme/a?s=U2FsdGVkX19e1OVszk3DLdOeNbSKZdEGpJTVHB8IdBRM0OKxDSJhA1XFzqFKuwZC8Bq/IUtegmfh1/TyhS8u8qoqbQV5gq7mmJPe1A56h4s+DJca0dJWX6Ul3FYHjJ/28f7WwHQsoorX5iKXZyJOxvHLWRKr3o4vPK20GappwzinT2dYO7OKFl55033jtJ2sDZA2m2bHEzq28j0UI1PMCA==&u=U2FsdGVkX191fGf7TAJ3WfjM0cITBjHbUhye14ZtofdbjkWOnXwkR6K0HWni8lJh&y=U2FsdGVkX18sspQXJAgcBVlnWG7WXDipvZGuOViS3YkxdzRkB06/Yl5Ebhs2AO7i HTTP/1.1" 200 25
186.102.2.83 - - [29/Jul/2022:07:06:55 -0500] "GET /kwssiamovil/sm/acme/a?s=U2FsdGVkX1/R4gomMcTF1hQc20tlU61EqJjJ3Wx8b0gbujVDS8WYbv6iar50N4w1DKsbWE+BugSUzMWK7EFPJdH5Fn2tQjAB+MeQtVWazYvcbtdlHqyCh1s8QEv+Rw8pCZzVoql+vX1K0pkuWzqVdepDtrAY013YrXIepEpY2E0SYK+QGi4d3IFsWF18UkBUFXjagniOkmtvha2lidPpM93rpb66sUz7ZleT6qL1uh4KSfcgu/l0JAJ6/cmRcygXtlADXfvX8VELmWYZCJeUit3ObW0ZIw0zE78sN0BiFonme7bim6ArMkN17pbmVdaPqvMl8iD/B+bcFXMS0JwNrBbnXM+vriBUTcoPl/FTtOj7S8+x9aGtE2qq3QbXB+1Q0YiyYaaDYi91Y6hbyEdLug+MLIWJpIV3ZLQqfGPPna7aV93ydhtds6UspnZwjxrLUTFVTz1F5cUcPKP+VibN8JdM0SLOztyCzsyoDuPe5jwGiYD8hYXivvAGUGSIh8/5IgdUtp/WoIvklcKyW6IM9wx7CljqoSlg0KNQC5kSH0BfR15yXP9we1/U5xIZ91L0&u=U2FsdGVkX191fGf7TAJ3WfjM0cITBjHbUhye14ZtofdbjkWOnXwkR6K0HWni8lJh&y=U2FsdGVkX18sspQXJAgcBVlnWG7WXDipvZGuOViS3YkxdzRkB06/Yl5Ebhs2AO7i HTTP/1.1" 200 25
186.102.2.83 - - [29/Jul/2022:07:06:56 -0500] "GET /kwssiamovil/sm/acme/a?s=U2FsdGVkX1/WnV34Xxj3OFUwR5iH5RFUShi0OCJmD7xHxrGBSjjETDK8wQW/nQKI/PNfryY2hDjG8r4m5rL8xtp8qD3QsoBY2zxnM4dMQ0b7BZ9GZ2zFAiMlMEzTduW2KV6wXZrOFTX58rGoQVQr6NlyViRpl6cTKWeaa5OKrbFIffKXrF5e3h8l41sRyT85Ua9Tho7cpH6t3NJveutsmOt06jDyC6kGfS5Nc/Ooj6M2TZl8WMlhDCnFub/iztAKTVDFDgv7JV3vPpl99G0esoIptkCGNCXzrx5is1XIHe1jAqeOMXV17mWkowO6rRosI3FZESpvbuA51+wWwm7V98b5HovskygYUUBdhMV/mig3+ZJojsmxI/5mCtoR1J//G4D5Hb5Z1zDYdnoyv4RptM6kctM+glbWPIE1zD8/CSsxBym5IeI6VSI0jmEtBL5OF+Ce5HMMl96HXXnBRuCNyOVhSAYvNX3jZk+xEnzHVE/7uemGSISX5rB/TPELYKyHa+den430cBmkQNk9ptkatF8gs0Qxy3svLcmIOiryjEE=&u=U2FsdGVkX191fGf7TAJ3WfjM0cITBjHbUhye14ZtofdbjkWOnXwkR6K0HWni8lJh&y=U2FsdGVkX18sspQXJAgcBVlnWG7WXDipvZGuOViS3YkxdzRkB06/Yl5Ebhs2AO7i HTTP/1.1" 200 25
172.22.2.4 - - [29/Jul/2022:07:05:27 -0500] "GET /BLA/boletinlegal/ HTTP/1.1" 200 60282
201.245.192.253 - - [29/Jul/2022:07:07:25 -0500] "POST /kwsrmcab/Wsrmcab  HTTP/1.1" 200 45524
216.245.221.92 - - [29/Jul/2022:07:11:46 -0500] "HEAD / HTTP/1.1" 200 -
172.22.2.4 - - [29/Jul/2022:07:10:27 -0500] "HEAD /BLA/boletinlegal/ HTTP/1.1" 200 -
201.245.192.253 - - [29/Jul/2022:07:12:23 -0500] "POST /kwsrmcab/Wsrmcab  HTTP/1.1" 200 45524
172.22.2.4 - - [29/Jul/2022:07:11:17 -0500] "GET /BLA/boletinlegal/ HTTP/1.1" 200 60282
172.22.2.4 - - [29/Jul/2022:07:14:28 -0500] "GET /BLA/boletinlegal/consulta_actos.php?tipo=autos&no=3431&usuario=&sector=&fecha=2022&resuelve= HTTP/1.1" 200 626
201.245.192.253 - - [29/Jul/2022:07:14:30 -0500] "GET /BLA/resoluciones/ HTTP/1.1" 200 13093
201.245.192.253 - - [29/Jul/2022:07:14:30 -0500] "GET /BLA/resoluciones/dlf/styles.css HTTP/1.1" 200 3049
201.245.192.253 - - [29/Jul/2022:07:14:30 -0500] "GET /BLA/resoluciones/dlf/bg.gif HTTP/1.1" 200 54
201.245.192.253 - - [29/Jul/2022:07:14:30 -0500] "GET /BLA/resoluciones/dlf/folder.png HTTP/1.1" 200 410
201.245.192.253 - - [29/Jul/2022:07:14:30 -0500] "GET /favicon.ico HTTP/1.1" 200 7782
201.245.192.253 - - [29/Jul/2022:07:14:42 -0500] "GET /BLA/resoluciones/dlf/dirup.png HTTP/1.1" 200 644
201.245.192.253 - - [29/Jul/2022:07:14:42 -0500] "GET /BLA/resoluciones/dlf/pdf.gif HTTP/1.1" 200 272
201.245.192.253 - - [29/Jul/2022:07:14:42 -0500] "GET /BLA/resoluciones/index.php?dir=RESOLUCIONES+2022%2F HTTP/1.1" 200 95064
201.245.192.253 - - [29/Jul/2022:07:14:59 -0500] "GET /BLA/resoluciones/dlf/unknown.png HTTP/1.1" 200 266
201.245.192.253 - - [29/Jul/2022:07:14:59 -0500] "GET /BLA/resoluciones/index.php?dir=AUTOS+2021%2F HTTP/1.1" 200 391370
190.26.163.147 - - [29/Jul/2022:07:15:07 -0500] "GET /BLA/resoluciones/ HTTP/1.1" 200 13093
201.245.192.253 - - [29/Jul/2022:07:15:12 -0500] "GET /BLA/resoluciones/index.php?dir=AUTOS+2020%2F HTTP/1.1" 200 326003
190.26.163.147 - - [29/Jul/2022:07:15:18 -0500] "GET /BLA/resoluciones/index.php?dir=AUTOS+2021%2F HTTP/1.1" 200 391370
207.46.13.20 - - [29/Jul/2022:07:15:53 -0500] "GET /BLA/boletinlegal/Directivas/2009/Directiva%20No.%20del%2023%20de%20Diciembre%20de%202009.pdf HTTP/1.1" 304 -
216.245.221.92 - - [29/Jul/2022:07:16:46 -0500] "HEAD / HTTP/1.1" 200 -
172.22.2.4 - - [29/Jul/2022:07:17:02 -0500] "GET /BLA/boletinlegal/consulta_actos.php?tipo=resoluciones&no=5602&usuario=&sector=&fecha=2021&resuelve= HTTP/1.1" 200 1046
201.245.192.253 - - [29/Jul/2022:07:17:22 -0500] "POST /kwsrmcab/Wsrmcab  HTTP/1.1" 200 45524
201.245.192.253 - - [29/Jul/2022:07:17:45 -0500] "GET /appsia/controlador HTTP/1.1" 200 4799
201.245.192.253 - - [29/Jul/2022:07:17:45 -0500] "GET /appsia/scripts/validarIngreso.js HTTP/1.1" 200 851
201.245.192.253 - - [29/Jul/2022:07:17:45 -0500] "GET /appsia/css/estilos.css HTTP/1.1" 200 4804
201.245.192.253 - - [29/Jul/2022:07:17:45 -0500] "GET /appsia/images/logo_bogota_p.png HTTP/1.1" 200 14951
201.245.192.253 - - [29/Jul/2022:07:17:45 -0500] "GET /appsia/images/cabezoteHojaVida.png HTTP/1.1" 200 32493
201.245.192.253 - - [29/Jul/2022:07:17:52 -0500] "POST /appsia/controlador HTTP/1.1" 200 5437
201.245.192.253 - - [29/Jul/2022:07:17:54 -0500] "POST /appsia/controlador HTTP/1.1" 200 7785
172.22.2.4 - - [29/Jul/2022:07:16:17 -0500] "HEAD /BLA/boletinlegal/ HTTP/1.1" 200 -
201.245.192.253 - - [29/Jul/2022:07:18:04 -0500] "POST /appsia/controlador HTTP/1.1" 200 6650
201.245.192.253 - - [29/Jul/2022:07:18:05 -0500] "POST /appsia/controlador HTTP/1.1" 200 10576
172.22.2.4 - - [29/Jul/2022:07:17:07 -0500] "GET /BLA/boletinlegal/ HTTP/1.1" 200 58164
207.46.13.92 - - [29/Jul/2022:07:19:50 -0500] "GET /si-usted-o-su-negocio-es-generador-de-residuos-hospitalarios-o-similares-debera-inscribirse-ante-la-secretaria-de-ambiente.html HTTP/1.1" 304 -
201.245.192.253 - - [29/Jul/2022:07:20:44 -0500] "POST /kwsrmcab/Wsrmcab HTTP/1.1" 200 45854
201.245.192.253 - - [29/Jul/2022:07:20:48 -0500] "POST /kwsrmcab/Wsrmcab HTTP/1.1" 200 47524
172.22.2.4 - - [29/Jul/2022:07:19:24 -0500] "GET /BLA/boletinlegal/ HTTP/1.1" 200 63703
201.245.192.253 - - [29/Jul/2022:07:21:14 -0500] "POST /appsia/controlador HTTP/1.1" 200 7785
201.245.192.253 - - [29/Jul/2022:07:21:18 -0500] "POST /appsia/controlador HTTP/1.1" 200 6650
201.245.192.253 - - [29/Jul/2022:07:21:19 -0500] "POST /appsia/controlador HTTP/1.1" 200 10929
201.245.192.253 - - [29/Jul/2022:07:21:23 -0500] "POST /appsia/controlador HTTP/1.1" 200 7785
201.245.192.253 - - [29/Jul/2022:07:21:25 -0500] "POST /appsia/controlador HTTP/1.1" 200 6650
201.245.192.253 - - [29/Jul/2022:07:21:26 -0500] "POST /appsia/controlador HTTP/1.1" 200 12485
216.245.221.92 - - [29/Jul/2022:07:21:46 -0500] "HEAD / HTTP/1.1" 200 -
201.245.192.253 - - [29/Jul/2022:07:22:02 -0500] "POST /appsia/controlador HTTP/1.1" 200 7785
201.245.192.253 - - [29/Jul/2022:07:22:04 -0500] "POST /appsia/controlador HTTP/1.1" 200 5437
201.245.192.253 - - [29/Jul/2022:07:22:05 -0500] "POST /appsia/controlador HTTP/1.1" 200 4799
201.245.192.253 - - [29/Jul/2022:07:22:21 -0500] "POST /kwsrmcab/Wsrmcab  HTTP/1.1" 200 45524
172.22.2.4 - - [29/Jul/2022:07:22:07 -0500] "HEAD /BLA/boletinlegal/ HTTP/1.1" 200 -
172.22.2.4 - - [29/Jul/2022:07:22:57 -0500] "GET /BLA/boletinlegal/ HTTP/1.1" 200 55631
216.245.221.92 - - [29/Jul/2022:07:26:46 -0500] "HEAD / HTTP/1.1" 200 -
58.212.42.181 - - [29/Jul/2022:07:26:47 -0500] "GET /BLA/boletinlegal/Circulares/2022/CIRCULAR%20No.%2000004%20DEL%2019%20DE%20MAYO%20DEL%202022.pdf HTTP/1.0" 200 252981
58.212.42.181 - - [29/Jul/2022:07:26:48 -0500] "GET / HTTP/1.0" 200 319
201.245.192.253 - - [29/Jul/2022:07:27:21 -0500] "POST /kwsrmcab/Wsrmcab  HTTP/1.1" 200 45524
172.22.2.4 - - [29/Jul/2022:07:27:57 -0500] "HEAD /BLA/boletinlegal/ HTTP/1.1" 200 -
185.7.214.104 - - [29/Jul/2022:07:30:01 -0500] "GET / HTTP/1.1" 200 319
172.22.2.4 - - [29/Jul/2022:07:28:47 -0500] "GET /BLA/boletinlegal/ HTTP/1.1" 200 53291
201.245.192.253 - - [29/Jul/2022:07:30:43 -0500] "POST /kwsrmcab/Wsrmcab HTTP/1.1" 200 45854
201.245.192.253 - - [29/Jul/2022:07:30:47 -0500] "POST /kwsrmcab/Wsrmcab HTTP/1.1" 200 47524
61.147.15.67 - - [29/Jul/2022:07:30:56 -0500] "GET / HTTP/1.1" 200 319
61.147.15.65 - - [29/Jul/2022:07:31:07 -0500] "GET / HTTP/1.1" 200 319
207.46.13.29 - - [29/Jul/2022:07:31:36 -0500] "GET /BLA/resoluciones/ HTTP/1.1" 200 13093
216.245.221.92 - - [29/Jul/2022:07:31:46 -0500] "HEAD / HTTP/1.1" 200 -
61.147.15.67 - - [29/Jul/2022:07:31:50 -0500] "GET /favicon.ico HTTP/1.1" 200 7782
201.245.192.253 - - [29/Jul/2022:07:32:20 -0500] "POST /kwsrmcab/Wsrmcab  HTTP/1.1" 200 45524
61.147.15.67 - - [29/Jul/2022:07:33:16 -0500] "GET / HTTP/1.1" 200 319
157.55.39.145 - - [29/Jul/2022:07:34:39 -0500] "GET /images/voluntariado-ambiental-reconocimientos-premiacion-6-diciembre.jpg HTTP/1.1" 200 36865
172.22.2.4 - - [29/Jul/2022:07:33:47 -0500] "HEAD /BLA/boletinlegal/ HTTP/1.1" 200 -
186.102.59.83 - - [29/Jul/2022:07:35:39 -0500] "GET /kwssiamovil/sm/acme/a?s=U2FsdGVkX18tuOf2h3uureNIY4UkdxRPipZ1D+nDxYCkyTaaTcBJlE4cK5yH5NL/LS381/Y81kv/KVHg0Ziz6Zk+VhLLbGB+jU0SkMRHzoTibk7lxGL8EGhpVQT/XtCUDwiqkz7DhpXQI4RgAyDDmFLN0E40WukRmFUiAjRhKOBjZAAiCvFgBqISoq3JvoUVYGtrAIgcK8UelFa6sJ+KiTY0hbA138ED5wrp8Lg01ULh/MymLpWtXzDkEcTfLgHbGGF/XEkK8DKH9AoYeaLhrg==&u=U2FsdGVkX191fGf7TAJ3WfjM0cITBjHbUhye14ZtofdbjkWOnXwkR6K0HWni8lJh&y=U2FsdGVkX18sspQXJAgcBVlnWG7WXDipvZGuOViS3YkxdzRkB06/Yl5Ebhs2AO7i HTTP/1.1" 200 25
186.102.59.83 - - [29/Jul/2022:07:35:40 -0500] "GET /kwssiamovil/sm/acme/a?s=U2FsdGVkX1/evbnJuGYM2o1jd1GdDOljDkl9PnZoZl//lqHU+fqnBdVSbjBU1YvVLFsa4AwKzZCIfcosc1Ej60+e2W4DzkEC/apeQm/yJCczR487MVFvzF7hBT/3siluFcxRw4NomBqQsSrFOmqFB6yl7vglsSIgb4a+Vbn5XmgvZBrowzBVFW3dBPwiKg+KNmza/PRdjKRmXaiibKwYMdz6nau53G8t/TIhQCakJ5AwIZRw3KOfiHnxJGEp4vBEg509ndBJF24dtJMKtVg1MymqlECofLg3xfVOk//9xTxpp5WC6Tq+eHuXeJk4CLhimA0hDdxjRdn2gK0ZWcHKmwqFuGeHAs8QJQ+xce5aVV4luN/Eaq7lKFRH+/NvXYAcyV20aUbPkasK8CxhgYG5b9l7tEV6BFxP7kGlFpx5SNv8Xgj9L0duHyeQnO1JtdwhUniHErlGYE95DNsb6m9ypGjPVS92YqToJDe1XzXKk3MmXKPmQfu0LC3Fkb3WJz3SfmPKQaV1BCzeXedhMMdh/8bBEF5L7fILkj6InbLVJEyDeI24zMeBSg8NsCiVazR31463UvuZFQDiATBQEaNDn1Rnun4wPIkIc6rxzC8jny7MlPXmSCEyVqYX3Wlbl4xK6Z4/uhgkZ8Z6JRkdkiGMTkzNF4BKsgtfKx7ObllOjExiTc4WC2qbwOyHW4unR8z7//9ulX/BvqeQ6KkBxW12g3PKGkIUfXIL0QOvkdNej9Wi/ru0Q2BFdap93RnJ7BX497heUwdxcPTN3RvcwMkmp4EpxCoJuOwVx9/8iaO6Nxtj0bJeUiZUlugtIY2MgqgOtj8vFapmaWVwfrp5biOwmAuT2zP3+hEXwtk+NS3BQIQnDTkR/AtjsIujKFOZQk1spQmCHHao4FMIQ4g/zz10ES4cocQUINJEOuGyY4PH0keDXW8eghq0/u/owpZl9gft8y/1wd3mzPC0w4SMG/3GVnRKFYdi3x1TboownkF1je5fAB+kHCj8r/BymjoylRGzZRQTachrvfX3/Hh1wTr6m4/SUvOINviHZU039H/KB4AAK2yrpNrqsYe8sr7/GtgWaiL8Pev9G835MsQyT00Ad/nk5EsaZDg/RjBY5ayKVRgzYpru6HnN7fbisLx905dYk1X1N92OK9n4iAqKRJ0drqxy3tsdxILq8GvfNG8F8NulMAiOw1Js5zcfCMKkN6V+d1qq682SZz/m3ALbqPjdjZQBhT4D0e5JAZhOJDstvC9gbBj9QHe5UKwIOA05tjFvqK7Gbg3N0jKvO2n+F1XTLy7j9jnIXO4ZfmnvLwGXrJNXxPExxkFUE27A83s3fkB2m44tYJ9QLIEJTXA/rAGaG3wBTn3omBS3GHN+q8ZgYxtpZfMoNQWIIOkRbrYRPDmrXT+US68f3dq5G52uQYsquer44zElvWbmFCYBSQPKIIu38GWiaVoxD4T7ufFLIkqp3uxYcebWe2ZRnmMPu/9JeqOEmotte9O8lPkE1sFrUSq49VaBxsR9MAF9N2Dgm3f3IEU3vVF9a6nCdhodOySGdTegXfYGvnF5IO6yZnWF/Q32wVqt/NuSmdkKO2n0gARIBqVX4cRvCpel7hK58ETgDgG8ZAtwKY2UcjT5R7UfdTjKl+RHdKTeT1ElZUKI12WF4/YdJeH3zZfW5bz8Kuu4V7gaMMt5WIBgKd2o+7naTBZJr5522ZDiITkVJSlYclX88JjtjQE2KmPK1vJoTzzo30VfbdoqwaOx4z0S8LgAmacIvWXm36Ar7ewwOpB6bWbkDfnzyXQgnrm+rLiZlcBngiWVH9qniwwC4fj/aiNWFflimDjLLiPtzFZ8F92DtDdOBPIvpxu7nHJycDDI09emPa6OG/AQAz/lsfyAxu7QrPn9GOx2t9wRrUpyFy3OOvzz4UpDiRURcPAsUsLhtx/ACyfxZ6YSgh+DHPHVRN2HEuVbHglOL+Zr79ZRsZU8i24unT59HfIJUPFCCsZyTMlXMPyi3SydHv6aHbrWnIYgSk8icLVu9Oyls74EryQdSlI7IMF5lshtMLfNkv3eTrkH2fCoNMr5wPzhPGANE89VeKTiM4fgDZ7Q1C1FpfkB7gebhL/sibdMMCuNj3rPzwjPrP6xO2htTg4HRw8gnA0jCSMUn1ipCN9Gc8F2bOligRSmNzz2RZpqOgKRmHYaxe0JQZ5CEZav4Oz6x6ojiaOlBxeYHNtw16SAXK6+jmlRDwfBYIj/T2Pb9BlkmukfEt/PfA==&u=U2FsdGVkX191fGf7TAJ3WfjM0cITBjHbUhye14ZtofdbjkWOnXwkR6K0HWni8lJh&y=U2FsdGVkX18sspQXJAgcBVlnWG7WXDipvZGuOViS3YkxdzRkB06/Yl5Ebhs2AO7i HTTP/1.1" 200 25
186.102.59.83 - - [29/Jul/2022:07:35:40 -0500] "GET /kwssiamovil/sm/acme/a?s=U2FsdGVkX1+HqnRXERoVwJ/FNXQmKmNpMjK3ydSViHTJUFbVRFM86fexNI/UpvQ6zgGe31b+dFz9Y7jN4PgQCdxcAagVxN5xQOy2SQK4IF+GTZCaMvUkPGLo1KouH4KJgr9wJTzRt8QgfNrnGLnuFk3N4UiWC5LssNc8VzoYHGg=&u=U2FsdGVkX191fGf7TAJ3WfjM0cITBjHbUhye14ZtofdbjkWOnXwkR6K0HWni8lJh&y=U2FsdGVkX18sspQXJAgcBVlnWG7WXDipvZGuOViS3YkxdzRkB06/Yl5Ebhs2AO7i HTTP/1.1" 200 25
186.102.59.83 - - [29/Jul/2022:07:35:40 -0500] "GET /kwssiamovil/sm/acme/a?s=U2FsdGVkX1+9MOqLR+iGONaQ1gdeofQU2WgXs6rh05s/CinL57ltapTWv2XbXQ5gb+4dcskg+r6KvjVFp5kMXPfefwi9x7jM8vaVClJZZrNJpCk73KTkh7nMpzZSuveTP7sFFFQScP5yiHxZd6vWyT1d1QQb0zZOKOsCyE/AgMY=&u=U2FsdGVkX191fGf7TAJ3WfjM0cITBjHbUhye14ZtofdbjkWOnXwkR6K0HWni8lJh&y=U2FsdGVkX18sspQXJAgcBVlnWG7WXDipvZGuOViS3YkxdzRkB06/Yl5Ebhs2AO7i HTTP/1.1" 200 25
186.102.59.83 - - [29/Jul/2022:07:35:41 -0500] "GET /kwssiamovil/sm/acme/a?s=U2FsdGVkX18Xc18vGjRKklPSnRmjCYeAJHwxgNrYauA44+p5iSpmo7S2J/BOW3CTGB7voOqbPxtaWy6GguCbseCPPoIust510QPGsOHzgl7Phz0D0WPxlLG/AHGl9g0fnaC/d4VkjuXJA+tCRiiW8LHW7Tsswy2230BGqtyqmx4=&u=U2FsdGVkX191fGf7TAJ3WfjM0cITBjHbUhye14ZtofdbjkWOnXwkR6K0HWni8lJh&y=U2FsdGVkX18sspQXJAgcBVlnWG7WXDipvZGuOViS3YkxdzRkB06/Yl5Ebhs2AO7i HTTP/1.1" 200 25
186.102.59.83 - - [29/Jul/2022:07:35:41 -0500] "GET /kwssiamovil/sm/acme/a?s=U2FsdGVkX18rzUNvgm1BGmfo5DTLOwNUc4Kiop9kYanA32x+KTVCcoE84GtODsCRyyi+/11BA5ABoplak3ysR/QAGuAvaYW3I97WRnkiN29mrDVnMXKQ8T9dEOAEtXRvfE0Vw/HL/0bUS0TkdgOjjjaH/Jxhy4nHPpkFo5BM9ESz3ql6Oq4Xc+12vnZUJWIRLp9sufjpO5eJKlcZ08sWkw==&u=U2FsdGVkX191fGf7TAJ3WfjM0cITBjHbUhye14ZtofdbjkWOnXwkR6K0HWni8lJh&y=U2FsdGVkX18sspQXJAgcBVlnWG7WXDipvZGuOViS3YkxdzRkB06/Yl5Ebhs2AO7i HTTP/1.1" 200 25
186.102.59.83 - - [29/Jul/2022:07:35:41 -0500] "GET /kwssiamovil/sm/acme/a?s=U2FsdGVkX19CaiFy3vJ7Qk2ZxmT/LfYC/o8eeF1PYbHjudMmXPVssOflBbJk6raKgFrXsmPqx7mXnJDsR0bxGPSpC5iFkZrZ3x5z+ionhk8wnwztA/TDCJrs7ITMCSctpzozicy8+ipPi2K6oUIWQb9ZCpjMQ9Kt7/xNxf479QpjUcSYh/vvXFdokZcZgF2S7D6X+udA5nICbpazgYjxZBMwBdRtX83SacU5q+KsXiouBfOOOLJ6rIu2v7msDMPf+rbzu0/drQJVCqWR2mi3ICGv/DJ2Gl+lZNfAFY4PeYjXVchOEp/XP4jdzIy3H/9A+DEPQHrd1ZBqElBLVn44hCVu2MPyUkPQiN0VUizdNUyHQUK517ISz/RcrFWWIJCuhikgTYZRIb/CJ0FbakvCeN+eKS+bfzL6LVJbE8gVqt9gFDbdULZIq7mzyILzuzaSl7J0/Q3OnMz8vuW3P65lMJPSZt1++4MrZXn1BBpkhoagwxvlcSHkhKyIFu+klh5ganCF2B3l94uyXS15NqJArebjJXtQx7clNR1jLvnVwlg=&u=U2FsdGVkX191fGf7TAJ3WfjM0cITBjHbUhye14ZtofdbjkWOnXwkR6K0HWni8lJh&y=U2FsdGVkX18sspQXJAgcBVlnWG7WXDipvZGuOViS3YkxdzRkB06/Yl5Ebhs2AO7i HTTP/1.1" 200 25
186.102.59.83 - - [29/Jul/2022:07:35:41 -0500] "GET /kwssiamovil/sm/acme/a?s=U2FsdGVkX1/klILb5004Fo21y9WsyQfuCGp1ww/IdJuuy/Qn0Z6GA3REBgJQy/Gws68IoBWEXz5tKnT1QgwBQN5at1z5lkGEHEha0qcSb4/gveEqyqVNuuJzrOcLSuA5alDBIE/3QmA2Vuk7GeA7t96DZ0BMQvEW/qTEhKVmH2lOLZYTafwerKdmxk1J7hk2ijHt1KZKfu6d25VvrfU6/WApxyYdOuXWMkWM9t4lVCR3VZFc+q2DEU8a1benqSRg8kRB0r6x1p3/x9dHy/MjSONNPE3w4So9Wq7cnnMjot0B2wqdHDoyBgqUS537nE3Yri0cI0yCT9sDTTZrIEgW8a64wevtdQfXQS2LM9ywxib1f694zmwXmhVOslflrb9AFYgPIaAb1KJc6e8+ZGidvAxZx8e3M7AVxZ6037wZ1G5sKbtFPC4zSuS8G5M2wUfSJt1ja+vpLL4ghEFXCc6c7/J6S8RbmTjzPXw1XOYaQXbeLlft8NS0idGSGmeeL4wb&u=U2FsdGVkX191fGf7TAJ3WfjM0cITBjHbUhye14ZtofdbjkWOnXwkR6K0HWni8lJh&y=U2FsdGVkX18sspQXJAgcBVlnWG7WXDipvZGuOViS3YkxdzRkB06/Yl5Ebhs2AO7i HTTP/1.1" 200 25
172.22.2.4 - - [29/Jul/2022:07:34:37 -0500] "GET /BLA/boletinlegal/ HTTP/1.1" 200 57726
172.22.2.4 - - [29/Jul/2022:07:36:25 -0500] "GET /BLA/boletinlegal/consulta_actos.php?tipo=resoluciones&no=5091&usuario=&sector=&fecha=2021&resuelve= HTTP/1.1" 200 1088
216.245.221.92 - - [29/Jul/2022:07:36:46 -0500] "HEAD / HTTP/1.1" 200 -
172.22.2.4 - - [29/Jul/2022:07:36:15 -0500] "GET /BLA/boletinlegal/ HTTP/1.1" 200 36811
201.245.192.253 - - [29/Jul/2022:07:37:18 -0500] "POST /kwsrmcab/Wsrmcab  HTTP/1.1" 200 45524
172.22.2.4 - - [29/Jul/2022:07:37:29 -0500] "GET /BLA/boletinlegal/consulta_actos.php?tipo=resoluciones&no=4672&usuario=&sector=&fecha=2021&resuelve= HTTP/1.1" 200 1075
172.22.2.4 - - [29/Jul/2022:07:36:34 -0500] "GET /BLA/boletinlegal/ HTTP/1.1" 200 57291
172.22.2.1 - - [29/Jul/2022:07:40:01 -0500] "GET /reportes_sipse/sdg/ServletFirma?solicitud=18017 HTTP/1.1" 200 -
172.22.2.4 - - [29/Jul/2022:07:40:16 -0500] "GET /BLA/boletinlegal/style.css HTTP/1.1" 200 9406
172.22.2.4 - - [29/Jul/2022:07:40:16 -0500] "GET /BLA/boletinlegal/js/jquery.js HTTP/1.1" 200 57254
172.22.2.4 - - [29/Jul/2022:07:40:16 -0500] "GET /BLA/boletinlegal/styles2.css HTTP/1.1" 200 1838
172.22.2.4 - - [29/Jul/2022:07:40:16 -0500] "GET /BLA/boletinlegal/js/jquery.scrollShow.js HTTP/1.1" 200 4586
172.22.2.4 - - [29/Jul/2022:07:40:16 -0500] "GET /BLA/boletinlegal/js/jquery.scrollTo-min.js HTTP/1.1" 200 1150
172.22.2.4 - - [29/Jul/2022:07:40:16 -0500] "GET /BLA/boletinlegal/images/cabezote%20BLEGAL.jpg HTTP/1.1" 200 118164
172.22.2.4 - - [29/Jul/2022:07:40:16 -0500] "GET /BLA/boletinlegal/images/subscribe-icon-big.png HTTP/1.1" 200 47702
172.22.2.4 - - [29/Jul/2022:07:40:16 -0500] "GET /BLA/boletinlegal/images/historia.png HTTP/1.1" 200 52775
172.22.2.4 - - [29/Jul/2022:07:40:16 -0500] "GET /BLA/boletinlegal/images/registro-usuarios.png HTTP/1.1" 200 8106
172.22.2.4 - - [29/Jul/2022:07:40:16 -0500] "GET /BLA/boletinlegal/images/arr_l.jpg HTTP/1.1" 200 1979
172.22.2.4 - - [29/Jul/2022:07:40:16 -0500] "GET /BLA/boletinlegal/images/screen_1.png HTTP/1.1" 200 202547
172.22.2.4 - - [29/Jul/2022:07:40:16 -0500] "GET /BLA/boletinlegal/images/launch.jpg HTTP/1.1" 200 14577
172.22.2.4 - - [29/Jul/2022:07:40:16 -0500] "GET /BLA/boletinlegal/images/body_bg.jpg HTTP/1.1" 200 1601
172.22.2.4 - - [29/Jul/2022:07:40:16 -0500] "GET /BLA/boletinlegal/images/menu_lft.gif HTTP/1.1" 200 1713
172.22.2.4 - - [29/Jul/2022:07:40:16 -0500] "GET /BLA/boletinlegal/images/menu_rght.gif HTTP/1.1" 200 1627
172.22.2.4 - - [29/Jul/2022:07:40:16 -0500] "GET /BLA/boletinlegal/images/bg_top.jpg HTTP/1.1" 200 522
172.22.2.4 - - [29/Jul/2022:07:40:16 -0500] "GET /BLA/boletinlegal/images/menu_bg.jpg HTTP/1.1" 200 620
172.22.2.4 - - [29/Jul/2022:07:40:16 -0500] "GET /BLA/boletinlegal/images/hover.jpg HTTP/1.1" 200 640
172.22.2.4 - - [29/Jul/2022:07:40:16 -0500] "GET /BLA/boletinlegal/images/text.jpg HTTP/1.1" 200 568
172.22.2.4 - - [29/Jul/2022:07:40:22 -0500] "GET /BLA/boletinlegal/actos.php HTTP/1.1" 200 9559
172.22.2.4 - - [29/Jul/2022:07:40:22 -0500] "GET /BLA/boletinlegal/js/ajax_actos.js HTTP/1.1" 200 1322
172.22.2.4 - - [29/Jul/2022:07:40:22 -0500] "GET /BLA/boletinlegal/niceforms-default.css HTTP/1.1" 200 6694
172.22.2.4 - - [29/Jul/2022:07:40:22 -0500] "GET /BLA/boletinlegal/js/lib.js HTTP/1.1" 200 6474
172.22.2.4 - - [29/Jul/2022:07:40:22 -0500] "GET /BLA/boletinlegal/niceforms.js HTTP/1.1" 200 22876
172.22.2.4 - - [29/Jul/2022:07:40:22 -0500] "GET /BLA/boletinlegal/js/popup.js HTTP/1.1" 200 1270
172.22.2.4 - - [29/Jul/2022:07:40:22 -0500] "GET /BLA/boletinlegal/js/jquery1.js HTTP/1.1" 200 29846
172.22.2.4 - - [29/Jul/2022:07:40:23 -0500] "GET /BLA/boletinlegal/images/green-yellow-blue-pink-th.png HTTP/1.1" 200 7394
172.22.2.4 - - [29/Jul/2022:07:40:23 -0500] "GET /BLA/boletinlegal/images/abajo.png HTTP/1.1" 200 96676
172.22.2.4 - - [29/Jul/2022:07:40:23 -0500] "GET /BLA/boletinlegal/images/tel.png HTTP/1.1" 200 14477
172.22.2.4 - - [29/Jul/2022:07:40:23 -0500] "GET /BLA/boletinlegal/images/icono-email.png HTTP/1.1" 200 5544
172.22.2.4 - - [29/Jul/2022:07:40:23 -0500] "GET /BLA/boletinlegal/images/footer_bg.jpg HTTP/1.1" 200 586
172.22.2.4 - - [29/Jul/2022:07:40:23 -0500] "GET /BLA/boletinlegal/images/footer_bg_l.jpg HTTP/1.1" 200 776
172.22.2.4 - - [29/Jul/2022:07:40:25 -0500] "GET /BLA/boletinlegal/img/0.png HTTP/1.1" 200 110
172.22.2.4 - - [29/Jul/2022:07:40:25 -0500] "GET /BLA/boletinlegal/img/select-left.png HTTP/1.1" 200 263
172.22.2.4 - - [29/Jul/2022:07:40:25 -0500] "GET /BLA/boletinlegal/img/select-right.png HTTP/1.1" 200 44019
172.22.2.4 - - [29/Jul/2022:07:40:25 -0500] "GET /BLA/boletinlegal/img/button.png HTTP/1.1" 200 43241
172.22.2.4 - - [29/Jul/2022:07:40:25 -0500] "GET /BLA/boletinlegal/img/button-left.png HTTP/1.1" 200 57071
172.22.2.4 - - [29/Jul/2022:07:40:25 -0500] "GET /BLA/boletinlegal/img/button-right.png HTTP/1.1" 200 57878
172.22.2.4 - - [29/Jul/2022:07:40:25 -0500] "GET /BLA/boletinlegal/favicon.ico HTTP/1.1" 404 1326
200.118.16.79 - - [29/Jul/2022:07:40:28 -0500] "GET /kwssiamovil/sm/ldap/au?x=U2FsdGVkX19bzOxGOWUP8XimyBE6qBTHuWauZpnqqa1fXagQo1FZXXGb8l9O1So/&y=U2FsdGVkX19He8rQ4qBBg3w+V2dYUgBdAdfPnQKJs8yqmiyF64lXe3Y8uqrxPCqH HTTP/1.1" 200 30
200.118.16.79 - - [29/Jul/2022:07:40:29 -0500] "GET /kwssiamovil/sm/acme/s?s=U2FsdGVkX18NfyUkVnylpUMFGfWHU71+kQARpRN9LF6Opy+f5RsKME4Tz2+rrfs+lU9kGQL0W3u8dpG3Sg55KSo0hDeYCeESsgdjXf8kVvg=&u=U2FsdGVkX1+syTMDb/4YiJLUswtGCcfehTYYM6XBAyg=&y=U2FsdGVkX19He8rQ4qBBg3w+V2dYUgBdAdfPnQKJs8yqmiyF64lXe3Y8uqrxPCqH HTTP/1.1" 200 97
200.118.16.79 - - [29/Jul/2022:07:40:29 -0500] "GET /kwssiamovil/sm/acme/s?s=U2FsdGVkX19MqlRa5pjtb7p0R8t7owwSsnco1Jj86ltgfesL3ZvDF2E/KerIRYvFn2hZ4iOALMQTEODWCs6XbLpOK1pQuOd3HSznmXgXc2sHvI/mpZt6QAZ0jPbT+c0fdQZ2Yexfke00NorN1O8L3KEyACSY804Ox8qj78pdIryQ+/Ufn+jfe84pxhxZqUcFF5XavyvTrKcJhnvhCKSHFy+InLKv0qJas/cs4berQKuiQN9QEOCikavD5dCPcriU4Ld2Cy5xhoiEijflsO3Sg1X4iyrtKGcUCJmZpQQI3/jMlORO8yVqOnUBCKDodu3RZaBlmdrQeho75znbdE6VCcu/hygHOOJo1SCxwH/yhjQlR/v9TW1mePahCo0pTfCNVvP7vwN5wTCOAie3IHJK9rsZub9o97PzW3yhkDPShWHn/b/5OCNjZSyexuOQ90RRXadE28EWSylPUltzrPtIDJntOQ9PHFPRpVpbzJxNjSNDGoklw+ga4nhvedpRJcSeX+4Sgha/69R+MFctWNguS234W6n/iiriDAqlCbpQrwMnL1BKgKfBzaSoooGvxDcNaXEeFIu4vVLSv2mxwHvxgsM5d5qTwTh/aeH5Ok32UMxeYK+v51mH3aFleZUIQ2NG6bl/RSVKn1nDHkiY4w+ZjARS1z5OoX8Z5zQ6UkXWgNybUg/M1jJmgSHpomNFW6T2dpNAOsQrGdP3otJM6qVxTFxT05ElGbD3Y4Nl76kZ2FLFN+oODGNJDBxe8/IBiO08uXnK3wkIK0Nq/cKaeqP9+Yji/Mxf4ooyikbOsMJus5P24h2ZrcvrLYA5RHBJgjQQ5epY84PSy/tcshgmggj/haeST5Us+tRAR6Cx2xWoCu/PKxmm8VByvT+qqWapu6mpHO3Rq7B2eppd7Oehg7sjxzUatk/EZnDsnCYY3B4eAoxjq4z6iwFOXmhACm6QokPjrdMVGDyMlQWd2Mhf3YfIsnppktmrm/eULhCkBuAxqKBP1vyvmk32urykmLqzKnjG10yQov2XMn/D9Fj6K94jcJ7MnvGxYtjVI/rH6Wh4jGkPVu1a1c/WJY7/heIdvtfqF3WGBrsylx+4EK0TbMrs+QX7aT9H86y6TubbgVTIakTVD108xCkiQ1wU7DSBmT/nypY/ISrRalo3WV+6C75G/foQB83PQ+kVL++pKyeHk8OC8nNkHPyCs6yStK3WGyOdjBk/wiSB3yQdhdn7Bdco2ZjgIPgIgV/JMisKAO6Zlk3+zxkD51k728iiHzfWLbxuzQcVTsiggtjz+FuCBkO7YFyaB7t6dM8DX0e7Q3zW4s/JczEH3mZJwQs9PxMLq4uP8AwzgX772h51GUSOj8/We3WxMPXc3n5J+nj81sehcSE=&u=U2FsdGVkX1+syTMDb/4YiJLUswtGCcfehTYYM6XBAyg=&y=U2FsdGVkX19He8rQ4qBBg3w+V2dYUgBdAdfPnQKJs8yqmiyF64lXe3Y8uqrxPCqH HTTP/1.1" 200 2272
200.118.16.79 - - [29/Jul/2022:07:40:29 -0500] "GET /kwssiamovil/sm/acme/s?s=U2FsdGVkX18F6aTQ0gU6xBS+TXTerOCekgw6E8FP1pgreEI0YqrQX0avoAP1VIdycuFO+WCjoYwcKIwDRdCAOOsohOqyYIAB+RXDtJHb2RzdC8IvbH6fMY4FRBpXhyGKxEBDkWO+JvwdbTEhA09juCooPQmtWtAhasAmmDN5xDG8MB6BQv4YT4sAh71+z3OGHPfx0mipZSpCdTaRB4/aVY/M/2NWU/k3UAQr+aq6vxsVR8Qk8w0jUBHYI6Gx+aCtaHAjTTtDmJ4ZdJvWXkDLwpIEAe9w4WOI8ZuFuJya2Rc=&u=U2FsdGVkX1+syTMDb/4YiJLUswtGCcfehTYYM6XBAyg=&y=U2FsdGVkX19He8rQ4qBBg3w+V2dYUgBdAdfPnQKJs8yqmiyF64lXe3Y8uqrxPCqH HTTP/1.1" 200 176
200.118.16.79 - - [29/Jul/2022:07:40:29 -0500] "GET /kwssiamovil/sm/cjson/pre?f=1&x=U2FsdGVkX19bzOxGOWUP8XimyBE6qBTHuWauZpnqqa1fXagQo1FZXXGb8l9O1So/ HTTP/1.1" 200 30992
172.22.2.4 - - [29/Jul/2022:07:40:41 -0500] "GET /BLA/boletinlegal/consulta_actos.php?tipo=autos&no=4678&usuario=&sector=&fecha=2022&resuelve= HTTP/1.1" 200 626
201.245.192.253 - - [29/Jul/2022:07:40:44 -0500] "POST /kwsrmcab/Wsrmcab HTTP/1.1" 200 45854
201.245.192.253 - - [29/Jul/2022:07:40:48 -0500] "POST /kwsrmcab/Wsrmcab HTTP/1.1" 200 47524
172.22.2.4 - - [29/Jul/2022:07:40:55 -0500] "GET /BLA/boletinlegal/consulta_actos.php?tipo=autos&no=4678&usuario=&sector=&fecha=2022&resuelve= HTTP/1.1" 200 626
172.22.2.4 - - [29/Jul/2022:07:40:15 -0500] "GET /BLA/boletinlegal/ HTTP/1.1" 200 24523
172.22.2.4 - - [29/Jul/2022:07:39:37 -0500] "HEAD /BLA/boletinlegal/ HTTP/1.1" 200 -
172.22.2.4 - - [29/Jul/2022:07:41:23 -0500] "GET /BLA/boletinlegal/consulta_actos.php?tipo=autos&no=4678&usuario=DM-08-2006-%201190&sector=&fecha=2022&resuelve= HTTP/1.1" 200 626
172.22.2.4 - - [29/Jul/2022:07:41:25 -0500] "GET /BLA/boletinlegal/consulta_actos.php?tipo=autos&no=4678&usuario=DM-08-2006-%201190&sector=&fecha=2022&resuelve= HTTP/1.1" 200 626
172.22.2.4 - - [29/Jul/2022:07:41:25 -0500] "GET /BLA/boletinlegal/consulta_actos.php?tipo=autos&no=4678&usuario=DM-08-2006-%201190&sector=&fecha=2022&resuelve= HTTP/1.1" 200 626
172.22.2.4 - - [29/Jul/2022:07:41:26 -0500] "GET /BLA/boletinlegal/consulta_actos.php?tipo=autos&no=4678&usuario=DM-08-2006-%201190&sector=&fecha=2022&resuelve= HTTP/1.1" 200 626
216.245.221.92 - - [29/Jul/2022:07:41:46 -0500] "HEAD / HTTP/1.1" 200 -
172.22.2.4 - - [29/Jul/2022:07:42:05 -0500] "GET /BLA/boletinlegal/consulta_actos.php?tipo=autos&no=4678&usuario=&sector=MINERIA&fecha=2022&resuelve= HTTP/1.1" 200 626
172.22.2.4 - - [29/Jul/2022:07:42:07 -0500] "GET /BLA/boletinlegal/consulta_actos.php?tipo=autos&no=4678&usuario=&sector=MINERIA&fecha=2022&resuelve= HTTP/1.1" 200 626
172.22.2.4 - - [29/Jul/2022:07:40:27 -0500] "GET /BLA/boletinlegal/ HTTP/1.1" 200 56377
172.22.2.4 - - [29/Jul/2022:07:42:07 -0500] "GET /BLA/boletinlegal/consulta_actos.php?tipo=autos&no=4678&usuario=&sector=MINERIA&fecha=2022&resuelve= HTTP/1.1" 200 626
172.22.2.4 - - [29/Jul/2022:07:42:07 -0500] "GET /BLA/boletinlegal/consulta_actos.php?tipo=autos&no=4678&usuario=&sector=MINERIA&fecha=2022&resuelve= HTTP/1.1" 200 626
172.22.2.4 - - [29/Jul/2022:07:42:16 -0500] "GET /BLA/boletinlegal/consulta_actos.php?tipo=resoluciones&no=4872&usuario=&sector=&fecha=2021&resuelve= HTTP/1.1" 200 1075
172.22.2.4 - - [29/Jul/2022:07:42:19 -0500] "GET /BLA/boletinlegal/consulta_actos.php?tipo=resoluciones&no=4870&usuario=&sector=&fecha=2021&resuelve= HTTP/1.1" 200 1081
201.245.192.253 - - [29/Jul/2022:07:42:16 -0500] "POST /kwsrmcab/Wsrmcab  HTTP/1.1" 200 45524
172.22.2.4 - - [29/Jul/2022:07:42:23 -0500] "GET /BLA/boletinlegal/consulta_actos.php?tipo=autos&no=4678&usuario=LADRILLERA%20ZIGURAT&sector=MINERIA&fecha=2022&resuelve= HTTP/1.1" 200 626
172.22.2.4 - - [29/Jul/2022:07:42:25 -0500] "GET /BLA/boletinlegal/consulta_actos.php?tipo=autos&no=4678&usuario=LADRILLERA%20ZIGURAT&sector=MINERIA&fecha=2022&resuelve= HTTP/1.1" 200 626
172.22.2.4 - - [29/Jul/2022:07:42:25 -0500] "GET /BLA/boletinlegal/consulta_actos.php?tipo=autos&no=4678&usuario=LADRILLERA%20ZIGURAT&sector=MINERIA&fecha=2022&resuelve= HTTP/1.1" 200 626
172.22.2.4 - - [29/Jul/2022:07:42:25 -0500] "GET /BLA/boletinlegal/consulta_actos.php?tipo=autos&no=4678&usuario=LADRILLERA%20ZIGURAT&sector=MINERIA&fecha=2022&resuelve= HTTP/1.1" 200 626
172.22.2.4 - - [29/Jul/2022:07:44:02 -0500] "GET /BLA/boletinlegal/consulta_actos.php?tipo=autos&no=4678&usuario=&sector=MINERIA&fecha=2022&resuelve= HTTP/1.1" 200 626
172.22.2.4 - - [29/Jul/2022:07:44:03 -0500] "GET /BLA/boletinlegal/consulta_actos.php?tipo=autos&no=4678&usuario=&sector=MINERIA&fecha=2022&resuelve= HTTP/1.1" 200 626
172.22.2.4 - - [29/Jul/2022:07:44:03 -0500] "GET /BLA/boletinlegal/consulta_actos.php?tipo=autos&no=4678&usuario=&sector=MINERIA&fecha=2022&resuelve= HTTP/1.1" 200 626
172.22.2.4 - - [29/Jul/2022:07:44:03 -0500] "GET /BLA/boletinlegal/consulta_actos.php?tipo=autos&no=4678&usuario=&sector=MINERIA&fecha=2022&resuelve= HTTP/1.1" 200 626
200.75.47.81 - - [29/Jul/2022:07:44:04 -0500] "GET /BLA/resoluciones/ HTTP/1.1" 200 13093
200.75.47.81 - - [29/Jul/2022:07:44:05 -0500] "GET /BLA/resoluciones/dlf/styles.css HTTP/1.1" 200 3049
200.75.47.81 - - [29/Jul/2022:07:44:05 -0500] "GET /BLA/resoluciones/dlf/folder.png HTTP/1.1" 200 410
200.75.47.81 - - [29/Jul/2022:07:44:05 -0500] "GET /BLA/resoluciones/dlf/bg.gif HTTP/1.1" 200 54
200.75.47.81 - - [29/Jul/2022:07:44:05 -0500] "GET /favicon.ico HTTP/1.1" 200 7782
186.102.59.83 - - [29/Jul/2022:07:44:07 -0500] "GET /kwssiamovil/sm/acme/u?s=U2FsdGVkX1/EK8MW0kdg/+qdecLzhIX+mKfo/CGeMb2WItZfKCkQP2x4VW2rMFbad4zXzOW2u4rBISXLHUwdCMJPc7v/df0Cu4PlOx2srFLkJuMZlIMeu1/MokjFZ2mJ4g0hkjzmknOpR6VChWyMmg==&u=U2FsdGVkX191fGf7TAJ3WfjM0cITBjHbUhye14ZtofdbjkWOnXwkR6K0HWni8lJh&y=U2FsdGVkX18sspQXJAgcBVlnWG7WXDipvZGuOViS3YkxdzRkB06/Yl5Ebhs2AO7i HTTP/1.1" 200 60
200.75.47.81 - - [29/Jul/2022:07:44:10 -0500] "GET /BLA/resoluciones/index.php?dir=AUTOS+2022%2F HTTP/1.1" 200 153332
200.75.47.81 - - [29/Jul/2022:07:44:10 -0500] "GET /BLA/resoluciones/dlf/dirup.png HTTP/1.1" 200 644
200.75.47.81 - - [29/Jul/2022:07:44:10 -0500] "GET /BLA/resoluciones/dlf/pdf.gif HTTP/1.1" 200 272
186.102.59.83 - - [29/Jul/2022:07:44:42 -0500] "GET /kwssiamovil/sm/acme/u?s=U2FsdGVkX1/khJWfNFe5c02BJLnqfqIpR6d9pk48Pdm0nYnOExDkiQ2FdCsfknDi0ELpQ6afr0bw/d6LaywgALBnsb3sEb3S2M1x1xIJq4C4kF1XtwVvh4h2KE+p7JvHWkZq0MEKUfdSYwMl53xKtg==&u=U2FsdGVkX191fGf7TAJ3WfjM0cITBjHbUhye14ZtofdbjkWOnXwkR6K0HWni8lJh&y=U2FsdGVkX18sspQXJAgcBVlnWG7WXDipvZGuOViS3YkxdzRkB06/Yl5Ebhs2AO7i HTTP/1.1" 200 60
200.75.47.81 - - [29/Jul/2022:07:44:50 -0500] "GET /BLA/resoluciones/AUTOS%202022/4513.pdf HTTP/1.1" 200 356640
186.102.59.83 - - [29/Jul/2022:07:44:59 -0500] "GET /kwssiamovil/sm/acme/u?s=U2FsdGVkX1899TUfdX3D1tQRwZPshmKAJuHI7VYO+ZnomHvrEY33jxerpCK9aJypRnlocp0QYdkYTkKEESlfdb05rH5Z+lECBiTOzTMjfqDT2IrjhsVC7GxzG/Fv39lzZ/6Md6vh25rvkjteu0icFg==&u=U2FsdGVkX191fGf7TAJ3WfjM0cITBjHbUhye14ZtofdbjkWOnXwkR6K0HWni8lJh&y=U2FsdGVkX18sspQXJAgcBVlnWG7WXDipvZGuOViS3YkxdzRkB06/Yl5Ebhs2AO7i HTTP/1.1" 200 60
186.102.59.83 - - [29/Jul/2022:07:45:34 -0500] "GET /kwssiamovil/sm/acme/u?s=U2FsdGVkX18T6cbMNo6ygGKZvdpQRESH4GKAPI1qzpW2O/5+JMiCteWpznbF/oA0eaVeZOyFOLoMN8jdG+QVdyGWHvofA8uCMV63LxFIWtoaH2HHVO/PH9NEC6JitKE4vDkL0Rd2Cp/9Plm6uEtxGQ==&u=U2FsdGVkX191fGf7TAJ3WfjM0cITBjHbUhye14ZtofdbjkWOnXwkR6K0HWni8lJh&y=U2FsdGVkX18sspQXJAgcBVlnWG7WXDipvZGuOViS3YkxdzRkB06/Yl5Ebhs2AO7i HTTP/1.1" 200 60
186.102.59.83 - - [29/Jul/2022:07:45:57 -0500] "GET /kwssiamovil/sm/ldap/au?x=U2FsdGVkX19PelUwaC0I7oyUhE2T9E6KC09gtvv29apO2BaAGKfgnH81boOskGJH&y=U2FsdGVkX1/l3wVbJYYVf+ECGDmhpAG3lumgqny59OHAjpG4XCZykB6CetSETdfR HTTP/1.1" 200 30
186.102.59.83 - - [29/Jul/2022:07:45:58 -0500] "GET /kwssiamovil/sm/acme/s?s=U2FsdGVkX19bLioyMkYWXbgPNFbfArUt02x/2O7C4/sCP9tK1/qjyEDxQrJR3S9i1f85vhxguAXSloDUBYGWqwjxsMtuHs31o9NMbhOiRiw=&u=U2FsdGVkX1+z758ip5XKI6HH2Z6iSU/KIYp6XSuucZoJwBk1cp2EO7b59dLZBB2U&y=U2FsdGVkX1/l3wVbJYYVf+ECGDmhpAG3lumgqny59OHAjpG4XCZykB6CetSETdfR HTTP/1.1" 200 97
186.102.59.83 - - [29/Jul/2022:07:45:58 -0500] "GET /kwssiamovil/sm/acme/s?s=U2FsdGVkX190E3M9O9V9ZWwHhU0l4V/hwCcc/goo2urMZUpy4+hNEs/pqkJE0AKKBCBBtXPx1fMlMpWQDP78Voz3c0LGQoFmvdc6BdcF6015OJtjbCyae/vaiSY2H9ojtke3aRAVdPYFu1R4rg0HGx5fnCJo/v5bxY4HL7no/O9XnzzBu6ekUoVJgN4Z8Lru7QUGvCwnUvdfRHiYSpHMkPWEUJGpal6LuMF+qvGe3XZRKw2L6Vh//E/vN0B97afcv406dYLQtW007UIvqboRJnCP2eQVRqKbk97LghaFcVTEWql4nZMkEgCcraAv+TZMgUbCuKTKAUFuuoxo1QUUi9B1mQU77FD1WY0lacZCVGKoE2GtafWm3tcBfuOffFGCOB6AA/GIKhHlfVpNDfwI4WHA7n8bhakCu5eI0nz52nkR7NNGA1r1sqsuIReNCbaigpIf/MQIAh/qCscPU/DezQDKwc27pLQD1Rc4kONcqw0MeGqPvmoHCRVcjsXXJv+JwWVZzqsp53925zK3AJah7BOsUTz3nZdkbbOBrmJ5cbbzHukvNhw5N/tgBWFp+pAuKWE0xJpRUw66J7VP478Yj9CTVDouU/BNMyDAdZKFdKWoqfoHCR4S1Y27wsqfN1d6yyUmNNIqedj0Y7QwfEBRxu0OLUtFUbTgk1erTLs+3imAMfFppAT7Y8S2yAYNOZgEPilQUTBN/z1CMkWsTrcLTDVDu6xRHU356hddhSVvcjhfo1R7HIOkxLlW5cu+eo9QXPR87tLuz1QGwOkEeIoStwN8LGo7kdr8TyFdnee3uEDWFaGsnODt37G350vEM7a0JFLZlKfUl9WPTUeYW0EbwiEEckVMDIdk4GNrhFfTH0l3TfIvKe0WNHAPP20Kbnof5gxc+9TcYPKnssf1PWueruvv2cc/0rOy5u1Yxc2MVGcQUcBBdrNCRr4WkFURnCdZEb/4v19DcTxu/PiT2PEnWfvrOMTC+PcItQv5RZcGSm5EPztjElZGtjb46Mvh4LjKRHGm5xI0hjmzYpsaZMPiVmWm/ryafKVdbyD+b+mX9ygKzE7/sC1Z2q3SZ6pMflXPRGiVVbYXI4S/+XJ1airPqwMy4TJmFCSWnjrmmnFdAlJe6uMKJd8eO7g8N8zLGOBNQmohKLy4RbuS88/SldAz1mQE8gXJ+mTEE0l3CKVg6pgl2OEY46kzcjlgHpNJPtgKrmyE54Val/NBQE1G0RgMD5Gz7poG36/138GPdIRXHUmSRVxyLItlfnr24EwPdcaFMW2LeYAUcqMR2iTBcQUlIQV15ym6Q6OXUt0SowjEtJzxqKe6S/YInbVF8We1LAZxbC/s8+Aw6/c8Gp4hv+sWT8Z3Ql+dTqulEAHBxX5O/yg=&u=U2FsdGVkX1+z758ip5XKI6HH2Z6iSU/KIYp6XSuucZoJwBk1cp2EO7b59dLZBB2U&y=U2FsdGVkX1/l3wVbJYYVf+ECGDmhpAG3lumgqny59OHAjpG4XCZykB6CetSETdfR HTTP/1.1" 200 3751
186.102.59.83 - - [29/Jul/2022:07:45:58 -0500] "GET /kwssiamovil/sm/acme/s?s=U2FsdGVkX18Ijjo3X2VAuCl7fgbtAjoG94N1NZW3ajVsdFBKGz+vr32COxgBAt7w8wzX9EkvqWj2apgZeB7D463Xf6G5/kshz4BJ2r3xaKay09ubreWsZuaggLxtjMeAGwi9P/e1H+bm0tA9oapa0l9j5aT6YrZnOEXk+PM5GsfRGq5ekxKQkVwDVgoMKwSsWYS6tWRJrfN1xxM3L86WhM7BjttoY3kcioU99fS57xzqYNxOvSCJRok3AneQmYUDKUHjXDrCBIWvndSO2mbtnsM1glAPAogMeVHjQ4WX/Xo=&u=U2FsdGVkX1+z758ip5XKI6HH2Z6iSU/KIYp6XSuucZoJwBk1cp2EO7b59dLZBB2U&y=U2FsdGVkX1/l3wVbJYYVf+ECGDmhpAG3lumgqny59OHAjpG4XCZykB6CetSETdfR HTTP/1.1" 200 176
186.102.59.83 - - [29/Jul/2022:07:45:58 -0500] "GET /kwssiamovil/sm/cjson/pre?f=1&x=U2FsdGVkX19PelUwaC0I7oyUhE2T9E6KC09gtvv29apO2BaAGKfgnH81boOskGJH HTTP/1.1" 200 30992
186.102.59.83 - - [29/Jul/2022:07:46:17 -0500] "GET /kwssiamovil/sm/acme/u?s=U2FsdGVkX1/N52Fwj5hanEVOYJQgDDV+d2sr69Wrkq6SV2NvBufyTV2w+UmAoeANh0ZD7y+9Ue5zgyFKFwIfBAWuszGpiK/0d9trOS4mIfOBW+GGIb9rs9OYmsvjY+d8mZKmUD1TTHSDm+EDkZwjoQ==&u=U2FsdGVkX1+z758ip5XKI6HH2Z6iSU/KIYp6XSuucZoJwBk1cp2EO7b59dLZBB2U&y=U2FsdGVkX1/l3wVbJYYVf+ECGDmhpAG3lumgqny59OHAjpG4XCZykB6CetSETdfR HTTP/1.1" 200 60
200.75.47.81 - - [29/Jul/2022:07:46:20 -0500] "GET /BLA/resoluciones/AUTOS%202022/5246.pdf HTTP/1.1" 200 401875
216.245.221.92 - - [29/Jul/2022:07:46:46 -0500] "HEAD / HTTP/1.1" 200 -
200.75.47.81 - - [29/Jul/2022:07:46:47 -0500] "GET /BLA/resoluciones/AUTOS%202022/4837.pdf HTTP/1.1" 200 380060
172.22.2.4 - - [29/Jul/2022:07:45:27 -0500] "HEAD /BLA/boletinlegal/ HTTP/1.1" 200 -
201.245.192.253 - - [29/Jul/2022:07:47:14 -0500] "POST /kwsrmcab/Wsrmcab  HTTP/1.1" 200 45524
185.196.220.70 - - [29/Jul/2022:07:47:19 -0500] "GET / HTTP/1.1" 200 319
200.75.47.81 - - [29/Jul/2022:07:47:29 -0500] "GET /BLA/resoluciones/AUTOS%202022/2150.pdf HTTP/1.1" 200 405047
172.22.2.4 - - [29/Jul/2022:07:46:17 -0500] "GET /BLA/boletinlegal/ HTTP/1.1" 200 57376
200.75.47.81 - - [29/Jul/2022:07:48:24 -0500] "GET /BLA/resoluciones/AUTOS%202022/0958.pdf HTTP/1.1" 200 395268
172.22.2.4 - - [29/Jul/2022:07:50:53 -0500] "GET /BLA/boletinlegal/actos.php HTTP/1.1" 200 9559
172.22.2.4 - - [29/Jul/2022:07:50:53 -0500] "GET /BLA/boletinlegal/styles2.css HTTP/1.1" 200 1838
172.22.2.4 - - [29/Jul/2022:07:50:53 -0500] "GET /BLA/boletinlegal/js/ajax_actos.js HTTP/1.1" 200 1322
172.22.2.4 - - [29/Jul/2022:07:50:53 -0500] "GET /BLA/boletinlegal/niceforms-default.css HTTP/1.1" 200 6694
172.22.2.4 - - [29/Jul/2022:07:50:53 -0500] "GET /BLA/boletinlegal/style.css HTTP/1.1" 200 9406
172.22.2.4 - - [29/Jul/2022:07:50:53 -0500] "GET /BLA/boletinlegal/niceforms.js HTTP/1.1" 200 22876
172.22.2.4 - - [29/Jul/2022:07:50:53 -0500] "GET /BLA/boletinlegal/js/lib.js HTTP/1.1" 200 6474
172.22.2.4 - - [29/Jul/2022:07:50:53 -0500] "GET /BLA/boletinlegal/js/popup.js HTTP/1.1" 200 1270
172.22.2.4 - - [29/Jul/2022:07:50:53 -0500] "GET /BLA/boletinlegal/js/jquery1.js HTTP/1.1" 200 29846
172.22.2.4 - - [29/Jul/2022:07:50:53 -0500] "GET /BLA/boletinlegal/images/cabezote%20BLEGAL.jpg HTTP/1.1" 200 118164
172.22.2.4 - - [29/Jul/2022:07:50:53 -0500] "GET /BLA/boletinlegal/images/subscribe-icon-big.png HTTP/1.1" 200 47702
172.22.2.4 - - [29/Jul/2022:07:50:53 -0500] "GET /BLA/boletinlegal/images/historia.png HTTP/1.1" 200 52775
172.22.2.4 - - [29/Jul/2022:07:50:53 -0500] "GET /BLA/boletinlegal/images/abajo.png HTTP/1.1" 200 96676
172.22.2.4 - - [29/Jul/2022:07:50:53 -0500] "GET /BLA/boletinlegal/images/registro-usuarios.png HTTP/1.1" 200 8106
172.22.2.4 - - [29/Jul/2022:07:50:53 -0500] "GET /BLA/boletinlegal/images/green-yellow-blue-pink-th.png HTTP/1.1" 200 7394
172.22.2.4 - - [29/Jul/2022:07:50:53 -0500] "GET /BLA/boletinlegal/images/icono-email.png HTTP/1.1" 200 5544
172.22.2.4 - - [29/Jul/2022:07:50:53 -0500] "GET /BLA/boletinlegal/images/tel.png HTTP/1.1" 200 14477
172.22.2.4 - - [29/Jul/2022:07:50:53 -0500] "GET /BLA/boletinlegal/images/body_bg.jpg HTTP/1.1" 200 1601
172.22.2.4 - - [29/Jul/2022:07:50:53 -0500] "GET /BLA/boletinlegal/images/bg_top.jpg HTTP/1.1" 200 522
172.22.2.4 - - [29/Jul/2022:07:50:53 -0500] "GET /BLA/boletinlegal/images/menu_lft.gif HTTP/1.1" 200 1713
172.22.2.4 - - [29/Jul/2022:07:50:53 -0500] "GET /BLA/boletinlegal/images/menu_rght.gif HTTP/1.1" 200 1627
172.22.2.4 - - [29/Jul/2022:07:50:53 -0500] "GET /BLA/boletinlegal/images/menu_bg.jpg HTTP/1.1" 200 620
172.22.2.4 - - [29/Jul/2022:07:50:53 -0500] "GET /BLA/boletinlegal/images/hover.jpg HTTP/1.1" 200 640
172.22.2.4 - - [29/Jul/2022:07:50:53 -0500] "GET /BLA/boletinlegal/images/text.jpg HTTP/1.1" 200 568
172.22.2.4 - - [29/Jul/2022:07:50:53 -0500] "GET /BLA/boletinlegal/images/footer_bg.jpg HTTP/1.1" 200 586
172.22.2.4 - - [29/Jul/2022:07:50:53 -0500] "GET /BLA/boletinlegal/images/footer_bg_l.jpg HTTP/1.1" 200 776
172.22.2.4 - - [29/Jul/2022:07:50:54 -0500] "GET /BLA/boletinlegal/img/select-left.png HTTP/1.1" 200 263
172.22.2.4 - - [29/Jul/2022:07:50:54 -0500] "GET /BLA/boletinlegal/img/0.png HTTP/1.1" 200 110
172.22.2.4 - - [29/Jul/2022:07:50:54 -0500] "GET /BLA/boletinlegal/img/button-left.png HTTP/1.1" 200 57071
172.22.2.4 - - [29/Jul/2022:07:50:54 -0500] "GET /BLA/boletinlegal/img/select-right.png HTTP/1.1" 200 44019
172.22.2.4 - - [29/Jul/2022:07:50:54 -0500] "GET /BLA/boletinlegal/img/button-right.png HTTP/1.1" 200 57878
172.22.2.4 - - [29/Jul/2022:07:50:54 -0500] "GET /BLA/boletinlegal/img/button.png HTTP/1.1" 200 43241
172.22.2.4 - - [29/Jul/2022:07:50:54 -0500] "GET /BLA/boletinlegal/favicon.ico HTTP/1.1" 404 1326
172.22.2.4 - - [29/Jul/2022:07:51:10 -0500] "GET /BLA/boletinlegal/consulta_actos.php?tipo=resoluciones&no=1181&usuario=&sector=&fecha=2021&resuelve= HTTP/1.1" 200 1101
172.22.2.4 - - [29/Jul/2022:07:51:10 -0500] "GET /BLA/boletinlegal/images/pdf.gif HTTP/1.1" 200 567
201.221.172.5 - - [29/Jul/2022:07:51:13 -0500] "GET /BLA/resoluciones/RESOLUCIONES%202021/1181.pdf HTTP/1.1" 200 1479523
201.221.172.5 - - [29/Jul/2022:07:51:13 -0500] "GET /favicon.ico HTTP/1.1" 200 7782
216.245.221.92 - - [29/Jul/2022:07:51:46 -0500] "HEAD / HTTP/1.1" 200 -
200.75.47.81 - - [29/Jul/2022:07:52:03 -0500] "GET /BLA/resoluciones/ HTTP/1.1" 200 13093
200.75.47.81 - - [29/Jul/2022:07:52:11 -0500] "GET /BLA/resoluciones/index.php?dir=AUTOS+2022%2F HTTP/1.1" 200 153332
201.245.192.253 - - [29/Jul/2022:07:52:13 -0500] "POST /kwsrmcab/Wsrmcab  HTTP/1.1" 200 45524
200.75.47.81 - - [29/Jul/2022:07:52:46 -0500] "GET /BLA/resoluciones/ HTTP/1.1" 200 13093
200.75.47.81 - - [29/Jul/2022:07:52:51 -0500] "GET /BLA/resoluciones/index.php?dir=RESOLUCIONES+2022%2F HTTP/1.1" 200 95064
172.22.2.4 - - [29/Jul/2022:07:51:17 -0500] "HEAD /BLA/boletinlegal/ HTTP/1.1" 200 -
172.22.2.4 - - [29/Jul/2022:07:52:07 -0500] "GET /BLA/boletinlegal/ HTTP/1.1" 200 58576
40.77.167.98 - - [29/Jul/2022:07:54:36 -0500] "-" 408 -
34.75.202.73 - - [29/Jul/2022:07:55:20 -0500] "GET /galeria/galeria/fotos/Capellania4P.jpg HTTP/1.1" 200 37377
185.7.214.104 - - [29/Jul/2022:07:56:04 -0500] "GET /actuator/gateway/routes HTTP/1.1" 404 1018
216.245.221.92 - - [29/Jul/2022:07:56:46 -0500] "HEAD / HTTP/1.1" 200 -
201.245.192.253 - - [29/Jul/2022:07:57:12 -0500] "POST /kwsrmcab/Wsrmcab  HTTP/1.1" 200 45524
157.55.39.161 - - [29/Jul/2022:07:57:36 -0500] "GET / HTTP/1.1" 200 319
191.109.161.57 - - [29/Jul/2022:07:57:38 -0500] "GET /BLA/boletinlegal/js/jquery.scrollShow.js HTTP/1.1" 200 4586
191.109.161.57 - - [29/Jul/2022:07:57:38 -0500] "GET /galeria/galeria/jquery.fancybox.css?v=2.1.5 HTTP/1.1" 200 4895
191.109.161.57 - - [29/Jul/2022:07:57:38 -0500] "GET /galeria/galeria/jquery.fancybox.js?v=2.1.5 HTTP/1.1" 200 48706
157.55.39.98 - - [29/Jul/2022:07:57:43 -0500] "GET /bla/resoluciones/resoluciones%202019/2946.pdf HTTP/1.1" 200 5604632
172.22.2.4 - - [29/Jul/2022:07:57:07 -0500] "HEAD /BLA/boletinlegal/ HTTP/1.1" 200 -
172.22.2.4 - - [29/Jul/2022:07:57:57 -0500] "GET /BLA/boletinlegal/ HTTP/1.1" 200 58164
201.245.192.253 - - [29/Jul/2022:07:59:39 -0500] "GET /sipse/faces/index.xhtml HTTP/1.1" 200 677
201.245.192.253 - - [29/Jul/2022:07:59:39 -0500] "GET /sipse/faces/javax.faces.resource/theme.css?ln=primefaces-sipse HTTP/1.1" 304 -
201.245.192.253 - - [29/Jul/2022:07:59:39 -0500] "GET /sipse/faces/faces/autenticacion.xhtml HTTP/1.1" 200 12171
201.245.192.253 - - [29/Jul/2022:07:59:39 -0500] "GET /sipse/js/disable_browser_buttons.js HTTP/1.1" 304 -
201.245.192.253 - - [29/Jul/2022:07:59:39 -0500] "GET /sipse/js/funciones.js HTTP/1.1" 304 -
201.245.192.253 - - [29/Jul/2022:07:59:39 -0500] "GET /sipse/faces/javax.faces.resource/theme.css?ln=primefaces-sipse HTTP/1.1" 304 -
201.245.192.253 - - [29/Jul/2022:07:59:39 -0500] "GET /sipse/css/custom_css_sg_prime_login.css HTTP/1.1" 304 -
201.245.192.253 - - [29/Jul/2022:07:59:39 -0500] "GET /sipse/css/custom_css_sg.css HTTP/1.1" 304 -
201.245.192.253 - - [29/Jul/2022:07:59:39 -0500] "GET /sipse/faces/javax.faces.resource/layout/layout.css?ln=primefaces&v=4.0 HTTP/1.1" 304 -
201.245.192.253 - - [29/Jul/2022:07:59:39 -0500] "GET /sipse/faces/javax.faces.resource/jquery/jquery.js?ln=primefaces&v=4.0 HTTP/1.1" 304 -
201.245.192.253 - - [29/Jul/2022:07:59:39 -0500] "GET /sipse/faces/javax.faces.resource/primefaces.css?ln=primefaces&v=4.0 HTTP/1.1" 304 -
201.245.192.253 - - [29/Jul/2022:07:59:39 -0500] "GET /sipse/faces/javax.faces.resource/jquery/jquery-plugins.js?ln=primefaces&v=4.0 HTTP/1.1" 304 -
201.245.192.253 - - [29/Jul/2022:07:59:39 -0500] "GET /sipse/faces/javax.faces.resource/primefaces.js?ln=primefaces&v=4.0 HTTP/1.1" 304 -
201.245.192.253 - - [29/Jul/2022:07:59:39 -0500] "GET /sipse/faces/javax.faces.resource/layout/layout.js?ln=primefaces&v=4.0 HTTP/1.1" 304 -
201.245.192.253 - - [29/Jul/2022:07:59:39 -0500] "GET /sipse/css/imagen/logoSDG.png HTTP/1.1" 304 -
201.245.192.253 - - [29/Jul/2022:07:59:39 -0500] "GET /sipse/css/imagen/loginimg.png HTTP/1.1" 304 -
201.245.192.253 - - [29/Jul/2022:07:59:39 -0500] "GET /sipse/faces/javax.faces.resource/images/ui-icons_898989_256x240.png?ln=primefaces-aristo HTTP/1.1" 304 -
201.245.192.253 - - [29/Jul/2022:07:59:51 -0500] "POST /sipse/faces/autenticacion.xhtml HTTP/1.1" 200 11165
201.245.192.253 - - [29/Jul/2022:07:59:51 -0500] "GET /sipse/css/custom_css_sg_prime.css HTTP/1.1" 304 -
201.245.192.253 - - [29/Jul/2022:07:59:51 -0500] "GET /sipse/faces/javax.faces.resource/primefaces.css?ln=primefaces&v=4.0 HTTP/1.1" 304 -
201.245.192.253 - - [29/Jul/2022:07:59:51 -0500] "GET /sipse/faces/javax.faces.resource/layout/layout.css?ln=primefaces&v=4.0 HTTP/1.1" 304 -
201.245.192.253 - - [29/Jul/2022:07:59:51 -0500] "GET /sipse/faces/javax.faces.resource/jquery/jquery.js?ln=primefaces&v=4.0 HTTP/1.1" 304 -
201.245.192.253 - - [29/Jul/2022:07:59:51 -0500] "GET /sipse/faces/javax.faces.resource/theme.css?ln=primefaces-sipse HTTP/1.1" 304 -
201.245.192.253 - - [29/Jul/2022:07:59:51 -0500] "GET /sipse/faces/javax.faces.resource/jquery/jquery-plugins.js?ln=primefaces&v=4.0 HTTP/1.1" 304 -
201.245.192.253 - - [29/Jul/2022:07:59:51 -0500] "GET /sipse/faces/javax.faces.resource/primefaces.js?ln=primefaces&v=4.0 HTTP/1.1" 304 -
201.245.192.253 - - [29/Jul/2022:07:59:51 -0500] "GET /sipse/faces/javax.faces.resource/layout/layout.js?ln=primefaces&v=4.0 HTTP/1.1" 304 -
201.245.192.253 - - [29/Jul/2022:07:59:51 -0500] "GET /sipse/faces/javax.faces.resource/messages/messages.png?ln=primefaces&v=4.0 HTTP/1.1" 304 -
201.245.192.253 - - [29/Jul/2022:07:59:57 -0500] "POST /sipse/faces/presentacion/sistema/seguridad/seleccionRol.xhtml HTTP/1.1" 200 5600
201.245.192.253 - - [29/Jul/2022:07:59:59 -0500] "POST /sipse/faces/presentacion/sistema/seguridad/seleccionRol.xhtml HTTP/1.1" 200 17510
201.245.192.253 - - [29/Jul/2022:07:59:59 -0500] "GET /sipse/faces/javax.faces.resource/layout/layout.css?ln=primefaces&v=4.0 HTTP/1.1" 304 -
201.245.192.253 - - [29/Jul/2022:07:59:59 -0500] "GET /sipse/faces/javax.faces.resource/primefaces.css?ln=primefaces&v=4.0 HTTP/1.1" 304 -
201.245.192.253 - - [29/Jul/2022:07:59:59 -0500] "GET /sipse/faces/javax.faces.resource/theme.css?ln=primefaces-sipse HTTP/1.1" 304 -
201.245.192.253 - - [29/Jul/2022:07:59:59 -0500] "GET /sipse/js/jquery.min.js HTTP/1.1" 304 -
201.245.192.253 - - [29/Jul/2022:07:59:59 -0500] "GET /sipse/faces/javax.faces.resource/jquery/jquery.js?ln=primefaces&v=4.0 HTTP/1.1" 304 -
201.245.192.253 - - [29/Jul/2022:07:59:59 -0500] "GET /sipse/faces/javax.faces.resource/jquery/jquery-plugins.js?ln=primefaces&v=4.0 HTTP/1.1" 304 -
201.245.192.253 - - [29/Jul/2022:07:59:59 -0500] "GET /sipse/faces/javax.faces.resource/primefaces.js?ln=primefaces&v=4.0 HTTP/1.1" 304 -
201.245.192.253 - - [29/Jul/2022:07:59:59 -0500] "GET /sipse/faces/javax.faces.resource/layout/layout.js?ln=primefaces&v=4.0 HTTP/1.1" 304 -
201.245.192.253 - - [29/Jul/2022:07:59:59 -0500] "GET /sipse/imagenes/cargando.gif HTTP/1.1" 304 -
201.245.192.253 - - [29/Jul/2022:07:59:59 -0500] "GET /sipse/imagenes/logoAplicacion.jpg HTTP/1.1" 304 -
201.245.192.253 - - [29/Jul/2022:07:59:59 -0500] "GET /sipse/css/imagen/contrasena.png HTTP/1.1" 404 383
