181.60.190.47 - - [30/Jul/2022:15:19:32 -0500] "GET /BLA/boletinlegal/img/0.png HTTP/1.1" 200 110
181.60.190.47 - - [30/Jul/2022:15:19:32 -0500] "GET /BLA/boletinlegal/img/select-right.png HTTP/1.1" 200 44019
181.60.190.47 - - [30/Jul/2022:15:19:32 -0500] "GET /BLA/boletinlegal/img/select-left.png HTTP/1.1" 200 263
181.60.190.47 - - [30/Jul/2022:15:19:32 -0500] "GET /BLA/boletinlegal/img/button.png HTTP/1.1" 200 43241
181.60.190.47 - - [30/Jul/2022:15:19:32 -0500] "GET /BLA/boletinlegal/img/button-left.png HTTP/1.1" 200 57071
181.60.190.47 - - [30/Jul/2022:15:19:33 -0500] "GET /BLA/boletinlegal/img/button-right.png HTTP/1.1" 200 57878
181.60.190.47 - - [30/Jul/2022:15:19:44 -0500] "GET /BLA/boletinlegal/consulta_actos.php?tipo=autos&no=&usuario=&sector=AIRE&fecha=2022&resuelve=trituradora HTTP/1.1" 200 626
181.60.190.47 - - [30/Jul/2022:15:19:51 -0500] "GET /BLA/boletinlegal/consulta_actos.php?tipo=autos&no=&usuario=&sector=AIRE&fecha=2021&resuelve=trituradora HTTP/1.1" 200 626
181.60.190.47 - - [30/Jul/2022:15:19:57 -0500] "GET /BLA/boletinlegal/consulta_actos.php?tipo=autos&no=&usuario=&sector=AIRE&fecha=2020&resuelve=trituradora HTTP/1.1" 200 626
181.60.190.47 - - [30/Jul/2022:15:20:02 -0500] "GET /BLA/boletinlegal/consulta_actos.php?tipo=autos&no=&usuario=&sector=AIRE&fecha=2020&resuelve=Trituracion HTTP/1.1" 200 626
181.60.190.47 - - [30/Jul/2022:15:20:04 -0500] "GET /BLA/boletinlegal/consulta_actos.php?tipo=autos&no=&usuario=&sector=AIRE&fecha=2020&resuelve=Trituracion HTTP/1.1" 200 626
191.95.18.211 - - [30/Jul/2022:15:18:45 -0500] "GET /BLA/boletinlegal/index.php HTTP/1.1" 200 24523
181.62.149.79 - - [30/Jul/2022:15:20:06 -0500] "GET /BLA/resoluciones/ HTTP/1.1" 200 13093
181.62.149.79 - - [30/Jul/2022:15:20:09 -0500] "GET /BLA/resoluciones/index.php?dir=RESOLUCIONES+2010%2F HTTP/1.1" 200 1307967
181.60.190.47 - - [30/Jul/2022:15:20:10 -0500] "GET /BLA/boletinlegal/consulta_actos.php?tipo=autos&no=&usuario=&sector=AIRE&fecha=2020&resuelve=Trituraci%F3n HTTP/1.1" 200 626
181.60.190.47 - - [30/Jul/2022:15:20:11 -0500] "GET /BLA/boletinlegal/consulta_actos.php?tipo=autos&no=&usuario=&sector=AIRE&fecha=2020&resuelve=Trituraci%F3n HTTP/1.1" 200 626
181.62.149.79 - - [30/Jul/2022:15:20:19 -0500] "GET /BLA/resoluciones/RESOLUCIONES%202010/7824.pdf HTTP/1.1" 200 404005
181.60.190.47 - - [30/Jul/2022:15:20:23 -0500] "GET /BLA/boletinlegal/consulta_actos.php?tipo=autos&no=&usuario=&sector=AIRE&fecha=2020&resuelve=marmol HTTP/1.1" 200 626
181.60.190.47 - - [30/Jul/2022:15:20:30 -0500] "GET /BLA/boletinlegal/consulta_actos.php?tipo=autos&no=&usuario=&sector=AIRE&fecha=2019&resuelve=marmol HTTP/1.1" 200 626
181.60.190.47 - - [30/Jul/2022:15:20:35 -0500] "GET /BLA/boletinlegal/consulta_actos.php?tipo=autos&no=&usuario=&sector=AIRE&fecha=2019&resuelve=marmol HTTP/1.1" 200 626
201.245.192.253 - - [30/Jul/2022:15:20:37 -0500] "POST /kwsrmcab/Wsrmcab HTTP/1.1" 200 47226
181.60.190.47 - - [30/Jul/2022:15:20:40 -0500] "GET /BLA/boletinlegal/consulta_actos.php?tipo=autos&no=&usuario=&sector=AIRE&fecha=2018&resuelve=marmol HTTP/1.1" 200 626
181.60.190.47 - - [30/Jul/2022:15:20:42 -0500] "GET /BLA/boletinlegal/consulta_actos.php?tipo=autos&no=&usuario=&sector=AIRE&fecha=2017&resuelve=marmol HTTP/1.1" 200 626
201.245.192.253 - - [30/Jul/2022:15:20:41 -0500] "POST /kwsrmcab/Wsrmcab HTTP/1.1" 200 48123
181.60.190.47 - - [30/Jul/2022:15:20:47 -0500] "GET /BLA/boletinlegal/consulta_actos.php?tipo=resoluciones&no=&usuario=&sector=AIRE&fecha=2017&resuelve=marmol HTTP/1.1" 200 626
181.60.190.47 - - [30/Jul/2022:15:20:47 -0500] "GET /BLA/boletinlegal/consulta_actos.php?tipo=resoluciones&no=&usuario=&sector=AIRE&fecha=2017&resuelve=marmol HTTP/1.1" 200 626
181.60.190.47 - - [30/Jul/2022:15:20:53 -0500] "GET /BLA/boletinlegal/consulta_actos.php?tipo=resoluciones&no=&usuario=&sector=AIRE&fecha=2017&resuelve=piedra HTTP/1.1" 200 626
181.60.190.47 - - [30/Jul/2022:15:20:54 -0500] "GET /BLA/boletinlegal/consulta_actos.php?tipo=resoluciones&no=&usuario=&sector=AIRE&fecha=2017&resuelve=piedra HTTP/1.1" 200 626
181.60.190.47 - - [30/Jul/2022:15:21:05 -0500] "GET /BLA/boletinlegal/consulta_actos.php?tipo=resoluciones&no=&usuario=&sector=AIRE&fecha=2017&resuelve= HTTP/1.1" 200 101302
181.60.190.47 - - [30/Jul/2022:15:21:05 -0500] "GET /BLA/boletinlegal/images/pdf.gif HTTP/1.1" 200 567
181.60.190.47 - - [30/Jul/2022:15:21:05 -0500] "GET /BLA/boletinlegal/images/background.gif HTTP/1.1" 200 -
181.60.190.47 - - [30/Jul/2022:15:21:06 -0500] "GET /BLA/boletinlegal/consulta_actos.php?tipo=resoluciones&no=&usuario=&sector=AIRE&fecha=2017&resuelve= HTTP/1.1" 200 101302
181.60.190.47 - - [30/Jul/2022:15:21:17 -0500] "GET /BLA/boletinlegal/consulta_actos.php?tipo=resoluciones&no=&usuario=&sector=AIRE&fecha=2017&resuelve=MARMOL HTTP/1.1" 200 626
181.60.190.47 - - [30/Jul/2022:15:21:20 -0500] "GET /BLA/boletinlegal/consulta_actos.php?tipo=resoluciones&no=&usuario=&sector=AIRE&fecha=2017&resuelve=MARMOLES HTTP/1.1" 200 626
181.60.190.47 - - [30/Jul/2022:15:21:23 -0500] "GET /BLA/boletinlegal/consulta_actos.php?tipo=resoluciones&no=&usuario=&sector=AIRE&fecha=2017&resuelve= HTTP/1.1" 200 101302
181.60.190.47 - - [30/Jul/2022:15:21:32 -0500] "GET /BLA/boletinlegal/consulta_actos.php?tipo=resoluciones&no=&usuario=&sector=AIRE&fecha=2018&resuelve=MARMOL HTTP/1.1" 200 626
181.60.190.47 - - [30/Jul/2022:15:21:36 -0500] "GET /BLA/boletinlegal/consulta_actos.php?tipo=resoluciones&no=&usuario=&sector=AIRE&fecha=2019&resuelve=MARMOL HTTP/1.1" 200 626
181.60.190.47 - - [30/Jul/2022:15:21:38 -0500] "GET /BLA/boletinlegal/consulta_actos.php?tipo=resoluciones&no=&usuario=&sector=AIRE&fecha=2019&resuelve= HTTP/1.1" 200 72868
172.22.2.4 - - [30/Jul/2022:15:21:40 -0500] "GET /BLA/boletinlegal/normativa.php HTTP/1.1" 200 8326
181.60.190.47 - - [30/Jul/2022:15:21:40 -0500] "GET /BLA/boletinlegal/consulta_actos.php?tipo=resoluciones&no=&usuario=&sector=AIRE&fecha=2019&resuelve= HTTP/1.1" 200 72868
172.22.2.4 - - [30/Jul/2022:15:21:41 -0500] "GET /BLA/boletinlegal/styles2.css HTTP/1.1" 200 1838
172.22.2.4 - - [30/Jul/2022:15:21:41 -0500] "GET /BLA/boletinlegal/js/ajax_normativa.js HTTP/1.1" 200 1154
216.245.221.92 - - [30/Jul/2022:15:21:41 -0500] "HEAD / HTTP/1.1" 200 -
172.22.2.4 - - [30/Jul/2022:15:21:43 -0500] "GET /BLA/boletinlegal/favicon.ico HTTP/1.1" 404 1038
181.60.190.47 - - [30/Jul/2022:15:21:53 -0500] "GET /BLA/boletinlegal/consulta_actos.php?tipo=resoluciones&no=&usuario=&sector=AIRE&fecha=2019&resuelve=PERMISO HTTP/1.1" 200 8033
186.102.5.7 - - [30/Jul/2022:15:22:23 -0500] "GET /kwssiamovil/sm/acme/a?s=U2FsdGVkX1855jbTVVzsupiMaYfWy1f2SmIrc9bBuqejO1syPg22MItA35DDloQ2OzQriOLsHM1jCAACvFqVSQHcZeTZ8L8zkUFxi/aRwR67p6FBp+BdHQO+MFu78StEHlsuxR9FxntFJYyfzj2HvvuxSN1Y5h9xz09Zgw+hp1v5sSPqHfHklQEzW7lCIE4MEan8H3HseYsOFms8gUMFT025V8b2KLeSspdUIC342DZbykCaALx1xuOrTcvxXfdIiKMGZpDJgG+XtYf5oiC0ZA==&u=U2FsdGVkX1/yVYQb6+RobOKmFrSM6UwwyVPNDwZ1ssU=&y=U2FsdGVkX1/zGm21nA0zSKjmB6kbOYXsvoLL35iRzNogk6cAxBtQADkWvx2hAkLy HTTP/1.1" 200 25
186.102.5.7 - - [30/Jul/2022:15:22:24 -0500] "GET /kwssiamovil/sm/acme/a?s=U2FsdGVkX1+6fQBVHmHUQr22W0gY5kUSZu545Qc463tx7E5e4UV309KOaSK2xo7BU13K34Z6ZeE+NfWRU3JVuMyAsfOATV4824q3fV9a6nC5oc7UiOltuEyi9gHUP71V6FoBxjWeet5+Izvp1wahWptVbpqsOytc1lTChHEh0MjhnRkLwpqPNsyjChiccwlTy00j4F1Iyj0emvjDSNDTVVJx10L6gj3SrPu/qDxQHiKGHQmQNxv/AVtzuFWi6J7hgFkAES3o26KH1kOIVZ8r+masmDGZrrlqwyQPg1EIVUwc7qc/jKf9AaftX4Z0yTwBRKrSDrRpkKC3PzNaYaslaEDpex24HDREcDogOEeWlErFrkC88UY9n8R04J7qYnejXLEmmwCMuXNbgmCasCDypEJMH7aIbzWS6p/G/xOvRs7TT3yikWZE4xclTse1AFrdVi4mNhOvG2Ct2pvaffghyZVg4SYo5godg4Uh52hhwojKO+IAzBCeR3IiDOUS39WbGy1l2C0ezD8okjMJPDm0QKM6yFI2vQpFuzNokORwrPoGYEs7OAy2C/OAmLypmVMOd19mRSBHfxz2EG+sBp7ppJO6bZ37ZSChH4YySxWZjHQZMqjjc+FW7WKEAET/cpubZRHFV+H3uxaEP9jaz26c3Rb5efzIUJtSyyBWxsf5wsSZWkFgdxjSpDVVoyJYepChqM14/MnaJ9yITf7DcSdsw4xI1IQzRs46NOlfByZkpfNYeic3D7F4o12WuaCkTtGwTvl8xYl2Oe4/1RgNCthw1Ay8N+2T0wWea9TE8MO6yX/AYatn56kxOg2DtnAEMM9TxFcOdUJYDnENbQoSUnR4w8WvvrRT9TYePJYSy4TwQ0fvZZQRi5mFUjprwtMkBM1txl13WkcB619eLBmbHkXoFHe2gUljGQ2uxjdbayhf4TZOQlMXgsFdDhyp0BhePVMLvMEaNEJqMvMOg717XNX4HlZePAw12s5dQOYWlAfFs9lTKA3r/oyBcS8krgZjBXnesVdeTYvtFtkBHEtBcUShQA+IDs8jCAweUUkGgLs9/CqUY9FmfXIpI67ixlBd8HYLztz0SQEtFx0wTpv4V/bcZR5jtzZQcHU98zfmXMfYrWPTbyz8HHy2PIWLwfoOEz1aTLcSAt4N3ThMPnAxHQSV1SSs/8KGe0TGMul4LbJT9gXx7FfSGYjybN+6z7GB78wwN5UQlmxwJOjkj0cdnQfgvrz5g6uqrjwGN55lfb6hLK7Chdu//G8HTw2Kr2Dk1gnV2vNPC1lE6EUKDvW1ChA7KigkxJftsWvJhWGu276U3Ohtg5+LL5oBpf32wgKIuhra0y+xLkBgMgTpGDYktRf3KyKj3qfL3HXGpL/nvjSK3uD9MJqTBkyZZ6MXL/b+JbR2C2ylgRvEVW0gJ7xlCT57A33JISgHeapXZaqicfz2ENZY3ay4zSSeZiK3HXgLz3PFUw0tI79DQu2xXtoEdHRX42fqnEKHRaS6nDO+mkoiUoQs1h/efNa3i3G4KeDQDyuo&u=U2FsdGVkX1/yVYQb6+RobOKmFrSM6UwwyVPNDwZ1ssU=&y=U2FsdGVkX1/zGm21nA0zSKjmB6kbOYXsvoLL35iRzNogk6cAxBtQADkWvx2hAkLy HTTP/1.1" 200 25
186.102.5.7 - - [30/Jul/2022:15:22:24 -0500] "GET /kwssiamovil/sm/acme/a?s=U2FsdGVkX1/JhHjdUBA4BNkAXPLm6lOK27KjBvyrd+Y/82NcJEHT3bAsiyDUASDyBlNQWK29RvC//P4U0cPHyA0BwD3kYPS7wNAxjR3WI7vzYgr27ZepclT33+8WJ2+yJO4+Tsb82sY1y2ksYn6vbuAx55EpjFCJyA/KPYU5Cp8=&u=U2FsdGVkX1/yVYQb6+RobOKmFrSM6UwwyVPNDwZ1ssU=&y=U2FsdGVkX1/zGm21nA0zSKjmB6kbOYXsvoLL35iRzNogk6cAxBtQADkWvx2hAkLy HTTP/1.1" 200 25
186.102.5.7 - - [30/Jul/2022:15:22:24 -0500] "GET /kwssiamovil/sm/acme/a?s=U2FsdGVkX1+606rVvhRc3RTapg46yljhkuvzlcA99xJpcpYhs7A4DQCKVVzwx+jlcg94VSbi2FTyuYtPYnsUamN+99JaUYFoLT9GYBiBpwOk7tin05WWNDJuV6rDckLRv9u72QTkZYCcGehSlYX9Qyk2iQiblxomiI2cQMyy4jw=&u=U2FsdGVkX1/yVYQb6+RobOKmFrSM6UwwyVPNDwZ1ssU=&y=U2FsdGVkX1/zGm21nA0zSKjmB6kbOYXsvoLL35iRzNogk6cAxBtQADkWvx2hAkLy HTTP/1.1" 200 25
186.102.5.7 - - [30/Jul/2022:15:22:24 -0500] "GET /kwssiamovil/sm/acme/a?s=U2FsdGVkX1+/uysgm2PtS6hgq0MbnXRIdqvxmCkr1i/b5JUzYFHRY8c6N1CrNX+ye3Ju9FPV6PwcBsHbwOb9rrH/TOX4GcmBCp4EQ2yVqnV6+hzM2J+znIYMH2OZa8RMOqzIcj+ZtW2UuApkJcQVMAtAKSXQoATn+vmAIVCOU5E=&u=U2FsdGVkX1/yVYQb6+RobOKmFrSM6UwwyVPNDwZ1ssU=&y=U2FsdGVkX1/zGm21nA0zSKjmB6kbOYXsvoLL35iRzNogk6cAxBtQADkWvx2hAkLy HTTP/1.1" 200 25
186.102.5.7 - - [30/Jul/2022:15:22:24 -0500] "GET /kwssiamovil/sm/acme/a?s=U2FsdGVkX1+rGV73bsYkQy8fZfRC83njpC+IAYN4fWui++OFe12RhGQzkRjWd9cesBE4HUeLAEHG9oCFlFzgqWGiQ30fifDKwkhIZs4J1fFKSTCeZF3yrN5Alits/WRhYuIyV36xmCARljxenGFk4pDFQGMak+Ele/uEQ9Zc2f50aLEQK3Q4Gw+AKwqIGSps&u=U2FsdGVkX1/yVYQb6+RobOKmFrSM6UwwyVPNDwZ1ssU=&y=U2FsdGVkX1/zGm21nA0zSKjmB6kbOYXsvoLL35iRzNogk6cAxBtQADkWvx2hAkLy HTTP/1.1" 200 25
181.60.190.47 - - [30/Jul/2022:15:22:39 -0500] "GET /BLA/boletinlegal/consulta_actos.php?tipo=resoluciones&no=&usuario=&sector=AIRE&fecha=2020&resuelve=PERMISO HTTP/1.1" 200 2998
157.55.39.168 - - [30/Jul/2022:15:22:42 -0500] "GET /BLA/resoluciones/index.php?dir=RESOLUCIONES+2007%2FRES+2007+2501+AL+2600%2F HTTP/1.1" 200 26847
181.60.190.47 - - [30/Jul/2022:15:22:44 -0500] "GET /BLA/resoluciones/RESOLUCIONES%202020/2717.pdf HTTP/1.1" 200 1288905
172.22.2.4 - - [30/Jul/2022:15:21:14 -0500] "HEAD /BLA/boletinlegal/ HTTP/1.1" 200 -
181.60.190.47 - - [30/Jul/2022:15:22:56 -0500] "GET /BLA/resoluciones/RESOLUCIONES%202020/1142.pdf HTTP/1.1" 200 1476961
191.95.18.211 - - [30/Jul/2022:15:19:09 -0500] "GET /BLA/boletinlegal/actos.php HTTP/1.1" 200 9559
172.22.2.4 - - [30/Jul/2022:15:22:04 -0500] "GET /BLA/boletinlegal/ HTTP/1.1" 200 56377
201.245.192.253 - - [30/Jul/2022:15:23:52 -0500] "POST /kwsrmcab/Wsrmcab  HTTP/1.1" 200 45524
186.102.60.71 - - [30/Jul/2022:15:24:07 -0500] "GET /kwssiamovil/sm/ldap/au?x=U2FsdGVkX1+XHkEiOq94up5wyfJSrHULfAtCosbBG/dzYSvUO59Hs9abSqJBOLyM&y=U2FsdGVkX186/hSeEt6EHLyzYx0zLpKDdLlkz5UHj1Q= HTTP/1.1" 200 30
186.102.60.71 - - [30/Jul/2022:15:24:07 -0500] "GET /kwssiamovil/sm/acme/s?s=U2FsdGVkX18jQHday5NDgf6bRn8G1NVwT1M8m0tjcfENUfvw0kJq2kIxABqXCbv8FBpshrXEjEHHdimnQGY/Otdcmxfu/Fhy6hYkndg0oQ4=&u=U2FsdGVkX19UxAYllL2FzWksOTAT+fXl5pLXAil31xU=&y=U2FsdGVkX186/hSeEt6EHLyzYx0zLpKDdLlkz5UHj1Q= HTTP/1.1" 200 97
186.102.60.71 - - [30/Jul/2022:15:24:07 -0500] "GET /kwssiamovil/sm/acme/s?s=U2FsdGVkX18VFZLZjELA3DIh5J8fHrKLWz0nmGoIvVMsIZAvM4U7gCxuLdyaXsj1NQLakhqLQp4bbKebfY6u2YOLLqEXHu1/Z5Y2MHrLxhygwp9YoHJjcI/rRrmFo5WmzkNZn35MLA/XXF8wVQDghxEWG67LvNPH+iPwOdmtP9uOlFIJ6mptYUnqfdO2bVOZ7eexhM8qj/rp6cm2wGjMM3qNwIW+hnvVzOx1RPOtAj+prVoXA4ybygWoxOHb4VF/JubOnPjwUMGJrl+/GQBBKck5SzZcYgtNgZsf0IVoqdg76/bdCkH/cuIe80tk1o8mWnnxdHKr+DWeMmPMpz+1VF7wrgUF/w2H3tgj/Z5yHeDpQCCyPaC+08+meH7ZoW3ad8Trz4bYaXiuH3vAulgDjcc2OQzvQZHS5q/o8Jvn3Cxub5v79+3Y4aHtJ6HjuXAGW8Qx7qN4JGcpp8+8WqEROuisUQ5SBb061fIRQNqnYZi8vZ6XxO0U7VCgUREezPlcNBqcgRF/Oblk4C5yqG39muUBb22LjDP80WsLQS/CLYu0rzzaf3GWe/ElS69pxMLXdcd95Hh40whSSMNYcUqxtlkdi38gbUI2+Hm3P0B4dbRGHEq799BcgT43BOzGvhXbBVgcuT5rbsQv1XQKT7bDxogHwLdaLYqtAsFG69sd6egcJBcjReYTnLsGLwJecwAADv7ni8CnmHlQef6iE+sU9m56Y2JckahXtefNPkjeTLhq0bmwsidb0lVohc7KCjaeExG3jsy0V/kaaevh0wx0L0Wtz4/XCI4vLuNNwWVWCSnWinWh3kW49E76jXcaQvhq6kXe2VfZuRU2IFGCTMioUOp50IcWgsxqc/6LBo7mn1Jq2xz4+xnq7dOT6Ug7kElBQzi2tL0fHxO5iNJOItMgtkyCVmSa2G1bw84dPCdiEltPkrRJThB4ui3G7SsvEBEFSZtNMBi6o56m2W4I9XSPX9LUjPplNbFbNQqjcNnJlH+peEf138o6OFKdwiAf0CoaXIqNFvIsM9R33ZkZdjBSc2I89xx5uDPSp3KX9Z0a8ZhiNI6PBfYf7cATYAurhY+eTZhuFk/bveHg+Hmj82EHQkAUeDJLV51IewoeiU1PnZmjmlNSriP68QMxmwWJKOuPKOMFXn02YkD9TDAwkWeZjkYOpI6yCBQQIzge3bzEReaTuKJvJJeoEbgENYnmc7qGg7A138YI/WZdXPYE/R933T5pLILf/9SDSIUbeFSor1r4VlKADANnOa+Z1ZpCXfRmEAzrFJuwFqx9DDvo3wKK5bueGtSTN0TOPIbsoOH8qTiPItS4cfkwGS65g1MSHp72n/53w0vXx6non3AYLaFzGM0tWO1E8ivQUl5dyt4OGSE=&u=U2FsdGVkX19UxAYllL2FzWksOTAT+fXl5pLXAil31xU=&y=U2FsdGVkX186/hSeEt6EHLyzYx0zLpKDdLlkz5UHj1Q= HTTP/1.1" 200 4974
186.102.60.71 - - [30/Jul/2022:15:24:07 -0500] "GET /kwssiamovil/sm/acme/s?s=U2FsdGVkX1+ZnjhBTH2cG9gmCilLl5CwwZQCu5T5ay3BeP4KqlMFLd0p77rRlOk2mzuR4ZKWtakrjRMw+6SfL9W/VkXwBdOKQ/ikWUGyRezkpu+8HpkYewp+nkLi4/GrKq9DwJOwKXEKCWOnbqjBMPzhOkJ+8lz7OMd2IAo9zqggQwOWrwnvMsODFwZUIOf+X61bmmCBL3MbloqJgDu18DaDCXJkdDon9n8i5bv2xbhLyi5MxdqhLYj0CHB659laDE9L3OeXvfWUqWiJp2N/ZxQt+S1nm6rX11wKS7k2nnU=&u=U2FsdGVkX19UxAYllL2FzWksOTAT+fXl5pLXAil31xU=&y=U2FsdGVkX186/hSeEt6EHLyzYx0zLpKDdLlkz5UHj1Q= HTTP/1.1" 200 176
186.102.60.71 - - [30/Jul/2022:15:24:07 -0500] "GET /kwssiamovil/sm/cjson/pre?f=1&x=U2FsdGVkX1+XHkEiOq94up5wyfJSrHULfAtCosbBG/dzYSvUO59Hs9abSqJBOLyM HTTP/1.1" 200 30992
40.77.167.65 - - [30/Jul/2022:15:24:21 -0500] "GET /BLA/resoluciones/AUTOS%202018/6717.pdf HTTP/1.1" 200 238909
66.249.72.141 - - [30/Jul/2022:15:24:57 -0500] "-" 408 -
207.46.13.188 - - [30/Jul/2022:15:25:22 -0500] "GET /BLA/resoluciones/AUTOS%202021/6220.pdf HTTP/1.1" 304 -
186.102.25.247 - - [30/Jul/2022:15:26:38 -0500] "GET /kwssiamovil/sm/acme/u?s=U2FsdGVkX1+eAWc33jhBgE41knfxd5+9+HcY9z37uc5N3sVGdQjnO+VwjOIp/w7O/RYgqimad7uyRURhrMnortU/pXNRUapWq439jwD9zEWsQvYuz79xm7bEX2LngJ6WqsF04pTVPVXd6x3daK3ncQ==&u=U2FsdGVkX18fX8Orootq5XOCWASGZ8GwFyVga2wPvvJ9OvDihqST/Uw3o58EpNUe&y=U2FsdGVkX18kDUjJvZhRVTtZwJW5tu14nvZNxyvrEKtxJYGIuDJ22eiCPsoAkFQY HTTP/1.1" 200 60
216.245.221.92 - - [30/Jul/2022:15:26:41 -0500] "HEAD / HTTP/1.1" 200 -
181.62.149.79 - - [30/Jul/2022:15:26:55 -0500] "GET /BLA/resoluciones/ HTTP/1.1" 200 13093
181.62.149.79 - - [30/Jul/2022:15:26:58 -0500] "GET /BLA/resoluciones/index.php?dir=RESOLUCIONES+2021%2F HTTP/1.1" 200 405279
181.62.149.79 - - [30/Jul/2022:15:27:03 -0500] "GET /BLA/resoluciones/RESOLUCIONES%202021/0394.pdf HTTP/1.1" 200 6086901
181.60.190.47 - - [30/Jul/2022:15:27:12 -0500] "GET /BLA/resoluciones/RESOLUCIONES%202020/0499.pdf HTTP/1.1" 200 428300
181.60.190.47 - - [30/Jul/2022:15:28:01 -0500] "GET /BLA/boletinlegal/conceptos.php HTTP/1.1" 200 7443
181.60.190.47 - - [30/Jul/2022:15:28:02 -0500] "GET /BLA/boletinlegal/js/ajax_conceptos.js HTTP/1.1" 200 1326
207.46.13.188 - - [30/Jul/2022:15:28:17 -0500] "GET /BLA/resoluciones/AUTOS%202018/4319.pdf HTTP/1.1" 304 -
181.60.190.47 - - [30/Jul/2022:15:28:32 -0500] "GET /BLA/boletinlegal/consulta_conceptos.php?no=2385&solicitante=&radicado_entrada=&fecha_concepto=2020&objeto= HTTP/1.1" 200 570
181.60.190.47 - - [30/Jul/2022:15:28:34 -0500] "GET /BLA/boletinlegal/consulta_conceptos.php?no=2385&solicitante=&radicado_entrada=&fecha_concepto=2020&objeto= HTTP/1.1" 200 570
172.22.2.4 - - [30/Jul/2022:15:27:04 -0500] "HEAD /BLA/boletinlegal/ HTTP/1.1" 200 -
186.102.60.71 - - [30/Jul/2022:15:28:44 -0500] "OPTIONS /kwssiamovil/sm/setfile/f? HTTP/1.1" 200 13
186.102.60.71 - - [30/Jul/2022:15:28:45 -0500] "POST /kwssiamovil/sm/setfile/f? HTTP/1.1" 200 381
186.102.60.71 - - [30/Jul/2022:15:28:51 -0500] "OPTIONS /kwssiamovil/sm/setfile/f? HTTP/1.1" 200 13
201.245.192.253 - - [30/Jul/2022:15:28:52 -0500] "POST /kwsrmcab/Wsrmcab  HTTP/1.1" 200 45524
186.102.60.71 - - [30/Jul/2022:15:28:52 -0500] "POST /kwssiamovil/sm/setfile/f? HTTP/1.1" 200 381
186.102.60.71 - - [30/Jul/2022:15:28:56 -0500] "OPTIONS /kwssiamovil/sm/setfile/f? HTTP/1.1" 200 13
186.102.60.71 - - [30/Jul/2022:15:28:56 -0500] "POST /kwssiamovil/sm/setfile/f? HTTP/1.1" 200 381
186.102.60.71 - - [30/Jul/2022:15:29:04 -0500] "GET /kwssiamovil/sm/acme/a?s=U2FsdGVkX1+zRGpGvzy2L79y3vydwvqydoaJYGKjNcMG9XpkgQtKytVn+rtWja3fOSZHV0QKT4Jg2EBwI12P/ZxbShk9yKrC0HTaVgJ5t1oIvYdnSbXPSiICB85mSCy5Lueq579lGaFNhaC4vqNL/XWT0RZQuWiaOu4VzxnlJi7LRfhiafZSs83A0TPFnX3szg4U0uq0MRPMoQP1rkMhEKtwXj03q4PrrIwMmE2Nxj+C9r4NOm6Q4OZ1orYONwIXrz40w02EQu5CNkUYaz7rRw==&u=U2FsdGVkX19UxAYllL2FzWksOTAT+fXl5pLXAil31xU=&y=U2FsdGVkX186/hSeEt6EHLyzYx0zLpKDdLlkz5UHj1Q= HTTP/1.1" 200 25
186.102.60.71 - - [30/Jul/2022:15:29:04 -0500] "GET /kwssiamovil/sm/acme/a?s=U2FsdGVkX1+aY81rDQaB+T8Zj0vxk2jJdL/tCjz85R3tagi4s0CiCcM775tcgbZJcqToN8+CMFhEpof7cFfzrCozNl+7pGcN4eTL2Jv4c6j/6B7F+Re2aR8c2ctdKbuGbmegwi5ppcOs0HSENbIqWeSnuA2E2bCjf57JAYttGGZiphS/NdtBP6s6YBUiGqeMsSuM6gOgeP+Qk0X740weHNnjXws2FTWBug+P+kBgsk+eFV8b63hiNeVIpL0g+Dbtv9KXKcMC0+iNYah8QjGK9nCqcF3fKcFCUWrvzlYvDCTuXv+LOxVO3V0ae4Y5gbs3VeSjU+IyItXme3A5ghf0v+q6PfWOW67ooyYgzXF5xJk4eeuI73IY7JQ7m96Th3HPblCroASIg9AR8eLW2laAI2PTcMFlcwhUXLH1gVnHkParEim7KtrUB8DR5u+P5/CympGPQrKPCFKxblQvGNXF3aCN8cs3BLrpDs++7jGaU2dz73vWAo056cPj+tNTHx5Mf0z8d0feUWzUSoK6CwMmURXHwc3ulh2m0CYWr5YrfBzJnev9blyR0j82BX88tT1SxGdOd+jJRBblrgcwBJ7UxrO+PwMViZKuHu5pO8b9iaNs+DojB/yCqbHyXVNBZVUgXnin0uaQp5TV4E45XKrJUWz7qxOUNgUPaGQHFcTLboDgaJbJo61/9lD9k/IZDtepxLfvRf7bUcV9k1qeVBMOhvO9jzWI5ZVLv0pjz8smjJw0mxfnWyDO66cI0bH/GFNx8bTM0TUFA4jIzOuW5Z6IUOdgt0C14vWlLpB9RgYly++nDryMtmHU2sTTVNxVvF8Aja9+iDsVe7xAf7vbQVUrvmEFih/K+gDBMlkizIoKX3SbXSojeG5Xyiom55aOE07ZCvPaadfsx3n3MCvlwriMjePGHrVNGFESX8s8G/BOpQBsScZ2/AwymU91eJ6krt5kfv/aMxa0qJU/XXh82+lDvUYL2dAsrmISodjRdQH5ZkBc+56DJDi7vlOesilbIWZhRGaJXiOQQNJ220QNnyDpu52zl/+mX59Xv1wDzEluRwTI1XI4Qzew15ayCvP5u252XtDjNRQc7/ThMncbK3jhmk3LQkUy6yFkqFa0x3ObINxgtwujZExHaiKQ0F1CZ6HWK+nucx0yrNYERw4jSXnoyL4EwBWr+d08+OKtz23bY+3CvwFJyxtKNXbaTBmMCVCibCHC2pkKokV+RlY71K/Wkzo0Br7z5/9031xqurTi9Nn0F6RIxTJ5tOy94SC78G8nY7K4P+DzqDdNrXlU/32sZZZaH5naeNaGFM3PbN+ov4pyrHs32iRHX82btNCOyu/oLMblYwzEp7pZEkxht32Gvwo/ICPxB+6SnOrCbd8BhBJJ7qQjYPeujDy7ATgbrouXV0JuRfdhjVzi73B36mX8/4Di2RGTapCBA01U97KhP6e84vm4ORypPqe0ilhIMYoyb1yCPMhRGcU4kEAkkDUEy933NJO1Fvxh9fJYWBgFuMrSakaYcLUFrkK4y6Oh1H7pLPJOzCUrAHz3Pk0CkBcIKJ0teG9qglcCeA03kbegcgyraTjUhqV9D/h+dLB5DguCIrgAq4q5wpluF15K6iZwaoG60nmgKWn/7ObuEhIUAvEwrzkdjXxr6ZWglIUjqJIKAVW7co7em6W/ToxBl10Ff5wNi2gNNuJ0bxP5abivaUkqZpyD6gYLpUW2IqO0HDtqkzciJrGhcNaKE5aWVd9E/8/acWGH5mtDTXorJLfju1u20THK5xFGpXepobDuNqEg3Q4BkmMOGP8Fb0C6dG0OSVSd1+OkJlZxDo01mWheMNt4xw09EsRfLg3vbagt3OIiOOHLaerUC9Lodv8I5cxw7X8Fz7OEMmHlb99QMhE1AhtQNynbQte+85EN/xq2IPxRm3zqNBt0r1+liM7kbaRv8kSbk3nBO/cxVmZBruPHlHNrVciWcrNsK+GQ733ueae2uptSwx5b/H3FUA2g3bgsCUXkyMKIBeBo1FTxKOhBDJUXEyKIZplW4WXz8VlqqsAjOp4xbl4vo/BZmYsKXUm7LjJ3Xf9MdO1XwnX/8xnHL4wiOoI2JfEC2+x4RxrIWfr0xUdzF0ge8S6y3EfuY6Thag==&u=U2FsdGVkX19UxAYllL2FzWksOTAT+fXl5pLXAil31xU=&y=U2FsdGVkX186/hSeEt6EHLyzYx0zLpKDdLlkz5UHj1Q= HTTP/1.1" 200 25
186.102.60.71 - - [30/Jul/2022:15:29:05 -0500] "GET /kwssiamovil/sm/acme/a?s=U2FsdGVkX18eosfpp40DonbAy6E9e2f8EXhYnHLGeQaO35wh27ekzPdB3ReD47AbfN5I6ViyR9/0wOO4R0x9sBqzjxde6QJwCAjOlkCCkCMHRNHeQkeUMJFXaA+Xlzbk1cDDem4xq4Nut3ofyrzRKSrXOFiOs/9jttDLhW6Co90=&u=U2FsdGVkX19UxAYllL2FzWksOTAT+fXl5pLXAil31xU=&y=U2FsdGVkX186/hSeEt6EHLyzYx0zLpKDdLlkz5UHj1Q= HTTP/1.1" 200 25
186.102.60.71 - - [30/Jul/2022:15:29:05 -0500] "GET /kwssiamovil/sm/acme/a?s=U2FsdGVkX1/ullwjxY7iVjKm2BR1x1XbGnGVA/oaVhXyca8oDHEqGGSPef9ymhz9W9GqnHa93DF+7lvYJ5vyAjrFg744c0Vop9jiJ5MFynawgYGxPfIIoVn+MForg4iKfyPnmAO1NMcygnWr3LwnSvQoMYTGIUHlm7WrlY+SHUA=&u=U2FsdGVkX19UxAYllL2FzWksOTAT+fXl5pLXAil31xU=&y=U2FsdGVkX186/hSeEt6EHLyzYx0zLpKDdLlkz5UHj1Q= HTTP/1.1" 200 25
186.102.60.71 - - [30/Jul/2022:15:29:05 -0500] "GET /kwssiamovil/sm/acme/a?s=U2FsdGVkX19PZNawE7bH9I6h3m+apNZdghYf/q153nZzzOOc3DHmSrUPoNkfXBnr/jwjlr0K6ZQ3+iaprVhUpTcJG4bx6gTDocendtLhMFGA0CKSEqOE0jhITAoY0PNmwx1GG4w++giJ3p2xMPWm2lpb0rni1fcZQJr86LtYw1A=&u=U2FsdGVkX19UxAYllL2FzWksOTAT+fXl5pLXAil31xU=&y=U2FsdGVkX186/hSeEt6EHLyzYx0zLpKDdLlkz5UHj1Q= HTTP/1.1" 200 25
186.102.60.71 - - [30/Jul/2022:15:29:05 -0500] "GET /kwssiamovil/sm/acme/a?s=U2FsdGVkX1+Gy29YeZpyP7l7wc4SKmkr+AMK68vaGEvgO6GdTRAfswEKYF9zOfv035NkbxgYwWQnt8EAMNXRyZ2Ciq0glBVNLwWo5kSXzVw9+GU+yGvibEOTpw6TQSiU4Yy7oz03NDVUNTpoVqEfEUqJ+7gKO5XQis5pqSYRN9iPyguXSXffZzJbaUhhJcAx&u=U2FsdGVkX19UxAYllL2FzWksOTAT+fXl5pLXAil31xU=&y=U2FsdGVkX186/hSeEt6EHLyzYx0zLpKDdLlkz5UHj1Q= HTTP/1.1" 200 25
186.102.60.71 - - [30/Jul/2022:15:29:05 -0500] "GET /kwssiamovil/sm/acme/a?s=U2FsdGVkX18tVuLSprBxeO34CpxMP8utvDAMvI799KONTZNm1nq1zjROjf5/ue7oBne8WiHjzxC2oDtHz9ioJoC3Z36iv+DgsFNHDMo5mGXf65W/iG25q4H9O0pBXrBjwehi/1ovTMAbgutbnuL2sMwcG2X2uo6gcMlK3YznMjRMDZDL8O6rjNQYFMzdIIevjiTba2Pd4Ek31QXC2OoOSLVtEgeNePQWqvpSZZtWbDA=&u=U2FsdGVkX19UxAYllL2FzWksOTAT+fXl5pLXAil31xU=&y=U2FsdGVkX186/hSeEt6EHLyzYx0zLpKDdLlkz5UHj1Q= HTTP/1.1" 200 25
186.102.60.71 - - [30/Jul/2022:15:29:06 -0500] "GET /kwssiamovil/sm/acme/a?s=U2FsdGVkX18VkH1NZWOmfDAu+QZBy33zTuPLHSZMuwUD9Sdod2sLwB74RTM3e+mop6xdYtFGKf914mD7IWiy8kLW0Rv5BA3TO0y+6I+HTaWOrJkZ39IkmOwFleQ2gUkhjEYV9m9fge2CAoovJZnVVx2qbPrajhhbbkofeDe+9FhVs9c4rE105Xn6dEEpNvSbyMUOl8i7tSlbhiAaG1wWScOtRCvMFEzXJNu1gz2ofhYw92/wWqO9o25N+7Lg/U6YdQbBOHT9sgFTWtqlt4rj83++UOhkAhF0UQTc/nfTbnavI/fg4/OZXkdmOd0H9vpMC7+fXLaKAha42p6okgHPfCymoh2iiYdPEyIRIA/Y9jpV72RJ1OYd/b+zWDiHWILEhu5TM23D3eCKBzKRYIckMkQJ/TYPxFcbFTxvNfhH9xS4AZfnPeljs9uu7dwyqyw9gsSGXlVUwmobzsg6LcKEmtfTPdoTgNIh4v1B1W9BwHGXFLFo8yutYTtlb+kUD6csXf9Nwp5RiTrbkUm2vnal5+keZqyZCGNPOnQFhs5KGUA=&u=U2FsdGVkX19UxAYllL2FzWksOTAT+fXl5pLXAil31xU=&y=U2FsdGVkX186/hSeEt6EHLyzYx0zLpKDdLlkz5UHj1Q= HTTP/1.1" 200 25
186.102.60.71 - - [30/Jul/2022:15:29:06 -0500] "GET /kwssiamovil/sm/acme/a?s=U2FsdGVkX1+yOkYfpwkUvPeEtv2IgcjSDyybRQ+qv+ShG8aE70KpfyyLvfa+6SEB0K+4R1jjODWHMJjFzUsbI+J6u4mlZiYDi3BcVEfxuA4AaanrDQS4MwcQxwcIUi0xxU+8q8oN4oN177LIfznPCnSrxCZSolfVcpHm/3LQUMUQPca9JklcDR9jXa9sh4uocYFHX/xXBBSS8gtDtyqO+w==&u=U2FsdGVkX19UxAYllL2FzWksOTAT+fXl5pLXAil31xU=&y=U2FsdGVkX186/hSeEt6EHLyzYx0zLpKDdLlkz5UHj1Q= HTTP/1.1" 200 25
186.102.60.71 - - [30/Jul/2022:15:29:07 -0500] "GET /kwssiamovil/sm/acme/a?s=U2FsdGVkX1+1mj4s6Sevi7laH7kCPjQnpx9LJ8VRoEShNRA56paOsrJ8ttEoZP/c/f/7wt7u6EG2GPyny/VpLVlmHMpVvHDus7HTgdt7LAHRTwGZb76tRuM5y00YTO9H/O3lpF+gPuMu8BgeNfbHniTHHgcateVXOv3QSmJyuqvo6Quag/pGcuAIJwhug+R3gE1yuFg3RwooSHfHSbfkobB0I939hioxEKhL8cdWzC9FHv8NLLyZLUk8Y3Uju1b8r8dKCUCvd12EndG99MYLjeTXBiXxrd4hHbmb9upej+h6KUTFKzkxZQRcWABl3ic0BbONYSgBoblC3ONkwQAitQdiWnloAOIuNHvmUXdm0CIg/MBnHQI9M+hxW+AUdaJXx2LnqJrkK3LL0My/lLq40zOPDRFXsNf9uFUNI+fGG2hA7eSjPiQO8yPuwED7eOd68aUgUk7cd9ZPaXnVRi/5dWGfGX9v/u/djmNUWsYALOCry6oJRgoGsKh4edVfnvOnMYh/PHfKYKcq4Kfycl/ypQ==&u=U2FsdGVkX19UxAYllL2FzWksOTAT+fXl5pLXAil31xU=&y=U2FsdGVkX186/hSeEt6EHLyzYx0zLpKDdLlkz5UHj1Q= HTTP/1.1" 200 25
186.102.60.71 - - [30/Jul/2022:15:29:07 -0500] "GET /kwssiamovil/sm/acme/a?s=U2FsdGVkX18Gn6zqiB7W+/Yq2jLxN2NYGJzC+kGlTLfNmCt64yCzrfqsmzHh1Fr3LN3sc2pjRRcwuiT1x3etHCLQdxmMREEgh0vLRdfWLAWIkzzCb4GBe/h+uGtZasnLhAZo/mkDit35htZASdRCO6PMHyP3tiFJt3Fro/SHN+qsBueDxLLucrOp+BqdYSgt8niVbCT/G75fZJkdUssGrw==&u=U2FsdGVkX19UxAYllL2FzWksOTAT+fXl5pLXAil31xU=&y=U2FsdGVkX186/hSeEt6EHLyzYx0zLpKDdLlkz5UHj1Q= HTTP/1.1" 200 25
186.102.60.71 - - [30/Jul/2022:15:29:07 -0500] "GET /kwssiamovil/sm/acme/a?s=U2FsdGVkX19D0v0591ynpt1m6sQG4CFgz3EmOA7h6V1Pxf9rLf1ELNCLZkCO/pvcmUPkg9Ef5T+fVySyqe5dCwXi5zs8PBapaMZXdbpgtmP6HNyDOkvn5yXvlSrJO+NzTO8osdVNZnpi5mjD54dEYs39WFdDY7SEBeGgFPTB05c4vjJdeK6pwdtZYG467UdK4rEzhTZjJUfDoKrHaVmjTA==&u=U2FsdGVkX19UxAYllL2FzWksOTAT+fXl5pLXAil31xU=&y=U2FsdGVkX186/hSeEt6EHLyzYx0zLpKDdLlkz5UHj1Q= HTTP/1.1" 200 25
186.102.60.71 - - [30/Jul/2022:15:29:27 -0500] "GET /kwssiamovil/sm/acme/u?s=U2FsdGVkX1/TCV/D+wXHh8yGEZELn2d5Sf3tTUziQnHDth7nEtltxdcxXQxkyg4Q1FQo5+oYgf5yrFOTsQRH0Tap7+zp90IJ8W06Zs71P/LBYhyKuFKKYeUcBQsoVMKkGFV+QT/k/FQ7GpyptDcX7w==&u=U2FsdGVkX19UxAYllL2FzWksOTAT+fXl5pLXAil31xU=&y=U2FsdGVkX186/hSeEt6EHLyzYx0zLpKDdLlkz5UHj1Q= HTTP/1.1" 200 60
172.22.2.4 - - [30/Jul/2022:15:27:54 -0500] "GET /BLA/boletinlegal/ HTTP/1.1" 200 58164
181.60.190.47 - - [30/Jul/2022:15:30:11 -0500] "GET /BLA/boletinlegal/consulta_conceptos.php?no=&solicitante=&radicado_entrada=2019ER299203&fecha_concepto=2020&objeto= HTTP/1.1" 200 570
181.60.190.47 - - [30/Jul/2022:15:30:12 -0500] "GET /BLA/boletinlegal/consulta_conceptos.php?no=&solicitante=&radicado_entrada=2019ER299203&fecha_concepto=2020&objeto= HTTP/1.1" 200 570
181.60.190.47 - - [30/Jul/2022:15:30:15 -0500] "GET /BLA/boletinlegal/consulta_conceptos.php?no=&solicitante=&radicado_entrada=2019ER299203&fecha_concepto=2020&objeto= HTTP/1.1" 200 570
181.60.190.47 - - [30/Jul/2022:15:30:15 -0500] "GET /BLA/boletinlegal/consulta_conceptos.php?no=&solicitante=&radicado_entrada=2019ER299203&fecha_concepto=2020&objeto= HTTP/1.1" 200 570
181.60.190.47 - - [30/Jul/2022:15:30:15 -0500] "GET /BLA/boletinlegal/consulta_conceptos.php?no=&solicitante=&radicado_entrada=2019ER299203&fecha_concepto=2020&objeto= HTTP/1.1" 200 570
181.60.190.47 - - [30/Jul/2022:15:30:18 -0500] "GET /BLA/boletinlegal/consulta_conceptos.php?no=&solicitante=&radicado_entrada=2019ER299203&fecha_concepto=2019&objeto= HTTP/1.1" 200 570
181.60.190.47 - - [30/Jul/2022:15:30:18 -0500] "GET /BLA/boletinlegal/consulta_conceptos.php?no=&solicitante=&radicado_entrada=2019ER299203&fecha_concepto=2019&objeto= HTTP/1.1" 200 570
181.60.190.47 - - [30/Jul/2022:15:30:19 -0500] "GET /BLA/boletinlegal/consulta_conceptos.php?no=&solicitante=&radicado_entrada=2019ER299203&fecha_concepto=2019&objeto= HTTP/1.1" 200 570
181.60.190.47 - - [30/Jul/2022:15:30:19 -0500] "GET /BLA/boletinlegal/consulta_conceptos.php?no=&solicitante=&radicado_entrada=2019ER299203&fecha_concepto=2019&objeto= HTTP/1.1" 200 570
181.60.190.47 - - [30/Jul/2022:15:30:23 -0500] "GET /BLA/boletinlegal/consulta_conceptos.php?no=&solicitante=&radicado_entrada=2019ER299203&fecha_concepto=2020&objeto= HTTP/1.1" 200 570
181.60.190.47 - - [30/Jul/2022:15:30:24 -0500] "GET /BLA/boletinlegal/consulta_conceptos.php?no=&solicitante=&radicado_entrada=2019ER299203&fecha_concepto=2020&objeto= HTTP/1.1" 200 570
181.60.190.47 - - [30/Jul/2022:15:30:27 -0500] "GET /BLA/boletinlegal/consulta_conceptos.php?no=&solicitante=&radicado_entrada=2019ER299203&fecha_concepto=2019&objeto= HTTP/1.1" 200 570
181.60.190.47 - - [30/Jul/2022:15:30:27 -0500] "GET /BLA/boletinlegal/consulta_conceptos.php?no=&solicitante=&radicado_entrada=2019ER299203&fecha_concepto=2019&objeto= HTTP/1.1" 200 570
181.60.190.47 - - [30/Jul/2022:15:30:27 -0500] "GET /BLA/boletinlegal/consulta_conceptos.php?no=&solicitante=&radicado_entrada=2019ER299203&fecha_concepto=2019&objeto= HTTP/1.1" 200 570
181.60.190.47 - - [30/Jul/2022:15:30:28 -0500] "GET /BLA/boletinlegal/consulta_conceptos.php?no=&solicitante=&radicado_entrada=2019ER299203&fecha_concepto=2019&objeto= HTTP/1.1" 200 570
181.60.190.47 - - [30/Jul/2022:15:30:28 -0500] "GET /BLA/boletinlegal/consulta_conceptos.php?no=&solicitante=&radicado_entrada=2019ER299203&fecha_concepto=2019&objeto= HTTP/1.1" 200 570
181.60.190.47 - - [30/Jul/2022:15:30:31 -0500] "GET /BLA/boletinlegal/actos.php HTTP/1.1" 200 9559
201.245.192.253 - - [30/Jul/2022:15:30:37 -0500] "POST /kwsrmcab/Wsrmcab HTTP/1.1" 200 47226
201.245.192.253 - - [30/Jul/2022:15:30:41 -0500] "POST /kwsrmcab/Wsrmcab HTTP/1.1" 200 48123
66.249.72.141 - - [30/Jul/2022:15:31:18 -0500] "-" 408 -
216.245.221.92 - - [30/Jul/2022:15:31:41 -0500] "HEAD / HTTP/1.1" 200 -
201.245.192.253 - - [30/Jul/2022:15:33:50 -0500] "POST /kwsrmcab/Wsrmcab  HTTP/1.1" 200 45524
172.22.2.4 - - [30/Jul/2022:15:32:54 -0500] "HEAD /BLA/boletinlegal/ HTTP/1.1" 200 -
66.249.72.141 - - [30/Jul/2022:15:34:58 -0500] "-" 408 -
172.22.2.4 - - [30/Jul/2022:15:33:44 -0500] "GET /BLA/boletinlegal/ HTTP/1.1" 200 56733
172.22.2.4 - - [30/Jul/2022:15:34:59 -0500] "GET /BLA/boletinlegal/ HTTP/1.1" 200 61975
216.245.221.92 - - [30/Jul/2022:15:36:41 -0500] "HEAD / HTTP/1.1" 200 -
64.124.8.25 - - [30/Jul/2022:15:38:34 -0500] "GET /siipev/Diseno%20de%20Elementos%20de%20Mobiliario%20Urbano/Otros%20Elementos/Infografia/Parte2/M-20.PNG HTTP/1.1" 304 -
201.245.192.253 - - [30/Jul/2022:15:38:49 -0500] "POST /kwsrmcab/Wsrmcab  HTTP/1.1" 200 45524
172.22.2.4 - - [30/Jul/2022:15:38:59 -0500] "GET /BLA/boletinlegal/Circulares/2019/.pdf HTTP/1.1" 404 1218
172.22.2.4 - - [30/Jul/2022:15:39:09 -0500] "GET /BLA/boletinlegal/Circulares/2012/Circular%20No.%2010%20del%2026%20de%20Enero%20de%202012.pdf HTTP/1.1" 404 1218
172.22.2.4 - - [30/Jul/2022:15:38:44 -0500] "HEAD /BLA/boletinlegal/ HTTP/1.1" 200 -
66.249.72.141 - - [30/Jul/2022:15:40:37 -0500] "-" 408 -
201.245.192.253 - - [30/Jul/2022:15:40:37 -0500] "POST /kwsrmcab/Wsrmcab HTTP/1.1" 200 47226
201.245.192.253 - - [30/Jul/2022:15:40:41 -0500] "POST /kwsrmcab/Wsrmcab HTTP/1.1" 200 48123
172.22.2.4 - - [30/Jul/2022:15:39:34 -0500] "GET /BLA/boletinlegal/ HTTP/1.1" 200 58956
216.245.221.92 - - [30/Jul/2022:15:41:41 -0500] "HEAD / HTTP/1.1" 200 -
64.124.8.25 - - [30/Jul/2022:15:43:19 -0500] "GET /siipev/Diseno%20de%20Elementos%20de%20Mobiliario%20Urbano/Otros%20Elementos/Infografia/Parte2/M-131.png HTTP/1.1" 304 -
201.245.192.253 - - [30/Jul/2022:15:43:51 -0500] "POST /kwsrmcab/Wsrmcab  HTTP/1.1" 200 45524
172.22.2.4 - - [30/Jul/2022:15:44:34 -0500] "HEAD /BLA/boletinlegal/ HTTP/1.1" 200 -
216.245.221.92 - - [30/Jul/2022:15:46:41 -0500] "HEAD / HTTP/1.1" 200 -
172.22.2.4 - - [30/Jul/2022:15:45:26 -0500] "GET /BLA/boletinlegal/ HTTP/1.1" 200 58956
91.211.91.72 - - [30/Jul/2022:15:47:09 -0500] "HEAD / HTTP/1.0" 200 -
66.249.72.141 - - [30/Jul/2022:15:48:03 -0500] "-" 408 -
201.245.192.253 - - [30/Jul/2022:15:48:46 -0500] "POST /kwsrmcab/Wsrmcab  HTTP/1.1" 200 45524
154.64.14.44 - - [30/Jul/2022:15:50:05 -0500] "GET / HTTP/1.1" 200 319
216.245.221.92 - - [30/Jul/2022:15:51:41 -0500] "HEAD / HTTP/1.1" 200 -
186.102.65.189 - - [30/Jul/2022:15:51:56 -0500] "GET /kwssiamovil/sm/acme/u?s=U2FsdGVkX184rhrKjycW8w5ol8LkbtWKLlwc41JlZ1xjbShTgUh3tjDbkAzXoyJUNXUEDBugrtYOWfA0/BeZvf9Bf8UQmuftN67kuboVDxfP9ejigFi74iyM3/Yb9J9ZMRVsuSyAhXHzl4eABSIasQ==&u=U2FsdGVkX1/yVYQb6+RobOKmFrSM6UwwyVPNDwZ1ssU=&y=U2FsdGVkX1/zGm21nA0zSKjmB6kbOYXsvoLL35iRzNogk6cAxBtQADkWvx2hAkLy HTTP/1.1" 200 60
172.22.2.4 - - [30/Jul/2022:15:50:24 -0500] "HEAD /BLA/boletinlegal/ HTTP/1.1" 200 -
157.55.39.168 - - [30/Jul/2022:15:52:05 -0500] "GET /sipse/faces/javax.faces.resource/primefaces.js;jsessionid=f3htltixs68g5ajnu7gca6nh.undefined?ln=primefaces&v=4.0 HTTP/1.1" 200 276924
173.252.95.21 - - [30/Jul/2022:15:52:34 -0500] "GET /bogota-tendra-una-nueva-reciclaton-empresarial.html HTTP/1.1" 206 886
172.22.2.4 - - [30/Jul/2022:15:51:14 -0500] "GET /BLA/boletinlegal/ HTTP/1.1" 200 57726
173.252.83.9 - - [30/Jul/2022:15:53:46 -0500] "GET /images/acuerdos-enero-19.jpg HTTP/1.1" 200 56694
201.245.192.253 - - [30/Jul/2022:15:53:45 -0500] "POST /kwsrmcab/Wsrmcab  HTTP/1.1" 200 45524
31.13.127.118 - - [30/Jul/2022:15:54:09 -0500] "GET /secretaria-de-ambiente-abre-inscripciones-para-la-ruta-de-emprendimiento-verde-2022.html?fbclid=IwAR1eNgkQsW9sZkZEtrGWrzveOJCHXOyB02ALgSE9NCu2ivVqN0VniuNKNj0 HTTP/1.1" 200 902
31.13.115.119 - - [30/Jul/2022:15:54:11 -0500] "GET /secretaria-de-ambiente-abre-inscripciones-para-la-ruta-de-emprendimiento-verde-2022.html?fbclid=IwAR2S2XkX3FtrUl8WWgrBfI6oLf_P5sfMzQHf5fOI9rK-7VgNmPh4mKkSV_A HTTP/1.1" 200 902
173.252.95.10 - - [30/Jul/2022:15:54:13 -0500] "GET /images/pieza-ruta-verde-2-marzo.jpg HTTP/1.1" 200 46716
173.252.83.18 - - [30/Jul/2022:15:55:17 -0500] "GET /images/jornada-llantaton-9-febrero.jpg HTTP/1.1" 200 69379
216.245.221.92 - - [30/Jul/2022:15:56:41 -0500] "HEAD / HTTP/1.1" 200 -
172.22.2.4 - - [30/Jul/2022:15:57:23 -0500] "GET /BLA/boletinlegal/Circulares/2019/Circular%20No.%200003%20del%2031%20de%20Enero%20de%202019.pdf HTTP/1.1" 304 -
172.22.2.4 - - [30/Jul/2022:15:56:14 -0500] "HEAD /BLA/boletinlegal/ HTTP/1.1" 200 -
172.22.2.4 - - [30/Jul/2022:15:57:04 -0500] "GET /BLA/boletinlegal/ HTTP/1.1" 200 58576
201.245.192.253 - - [30/Jul/2022:15:58:44 -0500] "POST /kwsrmcab/Wsrmcab  HTTP/1.1" 200 45524
66.249.72.141 - - [30/Jul/2022:15:58:55 -0500] "-" 408 -
31.13.115.24 - - [30/Jul/2022:15:59:12 -0500] "GET /secretaria-de-ambiente-abre-inscripciones-para-la-ruta-de-emprendimiento-verde-2022.html?fbclid=IwAR1vfcJQOTlQRH4kb-tvgnsQqURsw1uA5_wa6KjxclKug8xQ1o5fbP_aknQ HTTP/1.1" 200 902
185.119.81.107 - - [30/Jul/2022:15:59:13 -0500] "GET /portaldeninos/wp-login.php HTTP/1.1" 200 2592
185.119.81.107 - - [30/Jul/2022:15:59:14 -0500] "POST /portaldeninos/wp-login.php HTTP/1.1" 200 3650
173.252.95.21 - - [30/Jul/2022:15:59:17 -0500] "GET /images/pieza-grafica-semana-ambiental-30.jpg HTTP/1.1" 200 38850
213.186.1.246 - - [30/Jul/2022:15:59:35 -0500] "GET /bogota-un-distritosilvestre.html HTTP/1.1" 200 723
191.95.61.155 - - [30/Jul/2022:16:01:18 -0500] "GET /polinizar-una-de-las-funciones-que-cumplen-los-murcielagos.html HTTP/1.1" 200 834
191.95.61.155 - - [30/Jul/2022:16:01:18 -0500] "GET /images/Murcielago-chimbil%C3%A1.jpeg HTTP/1.1" 404 1034
216.245.221.92 - - [30/Jul/2022:16:01:41 -0500] "HEAD / HTTP/1.1" 200 -
181.62.149.79 - - [30/Jul/2022:16:02:17 -0500] "GET /BLA/resoluciones/ HTTP/1.1" 200 13093
181.62.149.79 - - [30/Jul/2022:16:02:21 -0500] "GET /BLA/resoluciones/index.php?dir=RESOLUCIONES+2011%2F HTTP/1.1" 200 746823
181.62.149.79 - - [30/Jul/2022:16:02:27 -0500] "GET /BLA/resoluciones/RESOLUCIONES%202011/5329.pdf HTTP/1.1" 200 563556
172.22.2.4 - - [30/Jul/2022:16:03:29 -0500] "GET /BLA/boletinlegal/Circulares/2012/Circular%20No.%2016%20del%2022%20de%20octubre%20de%202012.pdf HTTP/1.1" 304 -
172.22.2.4 - - [30/Jul/2022:16:03:32 -0500] "GET /BLA/boletinlegal/style.css HTTP/1.1" 200 9406
172.22.2.4 - - [30/Jul/2022:16:03:32 -0500] "GET /BLA/boletinlegal/styles2.css HTTP/1.1" 200 1838
172.22.2.4 - - [30/Jul/2022:16:03:32 -0500] "GET /BLA/boletinlegal/js/jquery.scrollTo-min.js HTTP/1.1" 200 1150
172.22.2.4 - - [30/Jul/2022:16:03:32 -0500] "GET /BLA/boletinlegal/js/jquery.js HTTP/1.1" 200 57254
172.22.2.4 - - [30/Jul/2022:16:03:32 -0500] "GET /BLA/boletinlegal/js/jquery.scrollShow.js HTTP/1.1" 200 4586
172.22.2.4 - - [30/Jul/2022:16:03:33 -0500] "GET /BLA/boletinlegal/images/cabezote%20BLEGAL.jpg HTTP/1.1" 200 118164
172.22.2.4 - - [30/Jul/2022:16:03:33 -0500] "GET /BLA/boletinlegal/images/subscribe-icon-big.png HTTP/1.1" 200 47702
172.22.2.4 - - [30/Jul/2022:16:03:33 -0500] "GET /BLA/boletinlegal/images/historia.png HTTP/1.1" 200 52775
172.22.2.4 - - [30/Jul/2022:16:03:33 -0500] "GET /BLA/boletinlegal/images/registro-usuarios.png HTTP/1.1" 200 8106
172.22.2.4 - - [30/Jul/2022:16:03:33 -0500] "GET /BLA/boletinlegal/images/menu_rght.gif HTTP/1.1" 200 1627
172.22.2.4 - - [30/Jul/2022:16:03:33 -0500] "GET /BLA/boletinlegal/images/body_bg.jpg HTTP/1.1" 200 1601
172.22.2.4 - - [30/Jul/2022:16:03:33 -0500] "GET /BLA/boletinlegal/images/menu_lft.gif HTTP/1.1" 200 1713
172.22.2.4 - - [30/Jul/2022:16:03:33 -0500] "GET /BLA/boletinlegal/images/bg_top.jpg HTTP/1.1" 200 522
172.22.2.4 - - [30/Jul/2022:16:03:33 -0500] "GET /BLA/boletinlegal/images/menu_bg.jpg HTTP/1.1" 200 620
172.22.2.4 - - [30/Jul/2022:16:03:33 -0500] "GET /BLA/boletinlegal/images/text.jpg HTTP/1.1" 200 568
172.22.2.4 - - [30/Jul/2022:16:03:34 -0500] "GET /BLA/boletinlegal/images/hover.jpg HTTP/1.1" 200 640
172.22.2.4 - - [30/Jul/2022:16:03:34 -0500] "GET /BLA/boletinlegal/images/arr_l.jpg HTTP/1.1" 200 1979
172.22.2.4 - - [30/Jul/2022:16:03:34 -0500] "GET /BLA/boletinlegal/images/screen_1.png HTTP/1.1" 200 202547
172.22.2.4 - - [30/Jul/2022:16:03:34 -0500] "GET /BLA/boletinlegal/images/launch.jpg HTTP/1.1" 200 14577
172.22.2.4 - - [30/Jul/2022:16:03:36 -0500] "GET /BLA/boletinlegal/actos.php HTTP/1.1" 200 9559
172.22.2.4 - - [30/Jul/2022:16:03:36 -0500] "GET /BLA/boletinlegal/js/ajax_actos.js HTTP/1.1" 200 1322
172.22.2.4 - - [30/Jul/2022:16:03:36 -0500] "GET /BLA/boletinlegal/niceforms.js HTTP/1.1" 200 22876
172.22.2.4 - - [30/Jul/2022:16:03:36 -0500] "GET /BLA/boletinlegal/js/lib.js HTTP/1.1" 200 6474
172.22.2.4 - - [30/Jul/2022:16:03:36 -0500] "GET /BLA/boletinlegal/niceforms-default.css HTTP/1.1" 200 6694
172.22.2.4 - - [30/Jul/2022:16:03:36 -0500] "GET /BLA/boletinlegal/js/popup.js HTTP/1.1" 200 1270
172.22.2.4 - - [30/Jul/2022:16:03:36 -0500] "GET /BLA/boletinlegal/js/jquery1.js HTTP/1.1" 200 29846
172.22.2.4 - - [30/Jul/2022:16:03:36 -0500] "GET /BLA/boletinlegal/images/green-yellow-blue-pink-th.png HTTP/1.1" 200 7394
172.22.2.4 - - [30/Jul/2022:16:03:36 -0500] "GET /BLA/boletinlegal/images/tel.png HTTP/1.1" 200 14477
172.22.2.4 - - [30/Jul/2022:16:03:36 -0500] "GET /BLA/boletinlegal/images/abajo.png HTTP/1.1" 200 96676
172.22.2.4 - - [30/Jul/2022:16:03:37 -0500] "GET /BLA/boletinlegal/images/icono-email.png HTTP/1.1" 200 5544
172.22.2.4 - - [30/Jul/2022:16:03:37 -0500] "GET /BLA/boletinlegal/images/footer_bg.jpg HTTP/1.1" 200 586
172.22.2.4 - - [30/Jul/2022:16:03:37 -0500] "GET /BLA/boletinlegal/images/footer_bg_l.jpg HTTP/1.1" 200 776
172.22.2.4 - - [30/Jul/2022:16:03:37 -0500] "GET /BLA/boletinlegal/img/0.png HTTP/1.1" 200 110
172.22.2.4 - - [30/Jul/2022:16:03:37 -0500] "GET /BLA/boletinlegal/img/select-left.png HTTP/1.1" 200 263
172.22.2.4 - - [30/Jul/2022:16:03:37 -0500] "GET /BLA/boletinlegal/img/select-right.png HTTP/1.1" 200 44019
172.22.2.4 - - [30/Jul/2022:16:03:37 -0500] "GET /BLA/boletinlegal/img/button-left.png HTTP/1.1" 200 57071
172.22.2.4 - - [30/Jul/2022:16:03:37 -0500] "GET /BLA/boletinlegal/img/button.png HTTP/1.1" 200 43241
172.22.2.4 - - [30/Jul/2022:16:03:37 -0500] "GET /BLA/boletinlegal/img/button-right.png HTTP/1.1" 200 57878
172.22.2.4 - - [30/Jul/2022:16:03:37 -0500] "GET /BLA/boletinlegal/favicon.ico HTTP/1.1" 404 1326
173.252.83.21 - - [30/Jul/2022:16:03:41 -0500] "GET /dia-internacional-de-la-tierra-cambio-de-habitos-para-su-proteccion-y-conservacion.html HTTP/1.1" 206 1014
185.119.81.107 - - [30/Jul/2022:16:03:44 -0500] "GET /portaldeninos/wp-login.php HTTP/1.1" 200 2592
172.22.2.4 - - [30/Jul/2022:16:02:04 -0500] "HEAD /BLA/boletinlegal/ HTTP/1.1" 200 -
185.119.81.107 - - [30/Jul/2022:16:03:45 -0500] "POST /portaldeninos/wp-login.php HTTP/1.1" 200 3650
201.245.192.253 - - [30/Jul/2022:16:03:43 -0500] "POST /kwsrmcab/Wsrmcab  HTTP/1.1" 200 45524
173.252.111.7 - - [30/Jul/2022:16:03:56 -0500] "GET /bogota-un-distritosilvestre.html HTTP/1.1" 206 723
173.252.111.16 - - [30/Jul/2022:16:03:57 -0500] "GET /bogota-un-distritosilvestre.html HTTP/1.1" 206 723
173.252.111.13 - - [30/Jul/2022:16:03:57 -0500] "GET /images/Bogot%C3%A1%20Distrito%20Salvaje.jpeg HTTP/1.1" 404 1034
172.22.2.4 - - [30/Jul/2022:16:04:31 -0500] "GET /BLA/boletinlegal/consulta_actos.php?tipo=resoluciones&no=3559&usuario=&sector=&fecha=2010&resuelve= HTTP/1.1" 200 1090
172.22.2.4 - - [30/Jul/2022:16:04:32 -0500] "GET /BLA/boletinlegal/images/pdf.gif HTTP/1.1" 200 567
172.22.2.4 - - [30/Jul/2022:16:02:54 -0500] "GET /BLA/boletinlegal/ HTTP/1.1" 200 55631
172.22.2.4 - - [30/Jul/2022:16:04:37 -0500] "GET /BLA/boletinlegal/consulta_actos.php?tipo=resoluciones&no=3559&usuario=&sector=PEV&fecha=2010&resuelve= HTTP/1.1" 200 1090
172.22.2.4 - - [30/Jul/2022:16:04:38 -0500] "GET /BLA/boletinlegal/consulta_actos.php?tipo=resoluciones&no=3559&usuario=&sector=PEV&fecha=2010&resuelve= HTTP/1.1" 200 1090
179.51.120.18 - - [30/Jul/2022:16:04:50 -0500] "GET /BLA/resoluciones/RESOLUCIONES%202010/3559.pdf HTTP/1.1" 200 753841
179.51.120.18 - - [30/Jul/2022:16:04:50 -0500] "GET /favicon.ico HTTP/1.1" 200 7782
172.22.2.4 - - [30/Jul/2022:16:03:32 -0500] "GET /BLA/boletinlegal/ HTTP/1.1" 200 58956
64.124.8.50 - - [30/Jul/2022:16:06:02 -0500] "-" 408 -
216.245.221.92 - - [30/Jul/2022:16:06:41 -0500] "HEAD / HTTP/1.1" 200 -
186.102.25.247 - - [30/Jul/2022:16:06:50 -0500] "OPTIONS /kwssiamovil/sm/setfile/f? HTTP/1.1" 200 13
186.102.25.247 - - [30/Jul/2022:16:06:50 -0500] "POST /kwssiamovil/sm/setfile/f? HTTP/1.1" 200 381
186.102.25.247 - - [30/Jul/2022:16:06:58 -0500] "GET /kwssiamovil/sm/acme/a?s=U2FsdGVkX19nA7sLBjkPqDbsWzQZTYTxG4KGQkAmW2Aa0VzupVg658qJ8zV58VHghuSTYAo3sJ+zxyH0RyGdxQ6JG/6ZGoOiVJEMBcVA/6vsT5XS9bDXhsYX71lTiWW9qtUqVodCWR1c1JJdTl1uSB773g5eY7cdIHlLw28VJy+l7e18QpkiqlqQ1KxOFEeIzVcee6wTwR1M1bOO/tq9uguvv70MEkamtOlT7ZnuL24x8a3Ui18am5ol5SghSGUQvYP67sybHwErEXa2uiPxtQ==&u=U2FsdGVkX18fX8Orootq5XOCWASGZ8GwFyVga2wPvvJ9OvDihqST/Uw3o58EpNUe&y=U2FsdGVkX18kDUjJvZhRVTtZwJW5tu14nvZNxyvrEKtxJYGIuDJ22eiCPsoAkFQY HTTP/1.1" 200 25
186.102.25.247 - - [30/Jul/2022:16:06:59 -0500] "GET /kwssiamovil/sm/acme/a?s=U2FsdGVkX1/W6nIKCcUnvlULIYqjf4Szg2ooBdAkv4ZEwW4QjHP24q3GQ6iPkIGBXf2LfeIjAR03WZylZSTAiDphAnR0sBxigPu63lr/PqcBrMBehOvXxeYYxlpD/LCjfCGghvcaK8Gh3i0F3AvnTfwcPrXCtWKyx9z/TOwNlbUrh5B1PrTLQ6u/MkUwmjPMFDCqtl1y1AtugQjCnD1ENUbH5XPjAteekQs9P7iWKTOjRRw3myKEhb2ekRK5nvDXTIGa4bzu/xl8R4HdQlGmV9t/YSmysdubkPZ/peq2bdl1KEqeQPKvFqBEYPjJk01CNyBXk44wvwbJH6dufB+/nEObLIm045MlU56l8D+TKXMcYOv89HSz9rwr5QaPhKiNdxKL9YQerhrHF3WVfA4nXRBZLwSGya4nn18W8ZSQKhUHOVlR5Tku16rBeBX/AHKVoiHEdGcK9MDawNwZAEwbNXkykQ0+BY/JAuTHCJOdbeHh/Zbve7bMyLFGXdto4qIwK/91PwqFqbzeN0jsKHoWl9j+XpNvj6v+loVEF4NxUJATWuVUaXjVpOSfZr67s3thUe0GVf7AfMsyGIDO1spkPZ7NGTWfgAxAauVKc0Mrd73ckLP0sZzuFLb5mY0WJwUdHwWGxfrA0CsAyHctHFcEwno/yVdEBTcAbBKezHR/ZSxsKqRoq4ziNt2jqPn2ytfffrXF8sfSRVkA5PkUPQS5uBIBfI5dZXW6FHflKgpfKOxKKaNxJ87YMBz1eUqeiLY85bL6wYP1DgRt4fw4EHvZHQQav/H6RPAJIUz5FyVHZwzJYGiOn5rRycF6GWmFHPdaE7BJoecFiYHVvwcYaS6t+FGSazvbXytStH1266ilumFQdwCzW5DhHInBGbVGQSEGUKUdgDYglK04vnqzK0eEXvxIUlMDK2NJ1wUPwQUbGcKDGIpdZ3YzE1XVs7/LOZE9Wva/sen40a0nGjBtcGyVyc1acjkaYqpHqL46ry8ItpIGn8p+etG2QNXR2cCd6/3vIr5sST0SzE/6N027thhwrKKdaUBrHulLoZn+GY+BdZ3nKjJMq6k8QJwiUk4JKtPWFYjIGzDCELTN1F7xUEK9zx0BZ+D7hKEbaE7kIP+y8lm5lY3AmAt0KK6lO9jT0B0KssNELHdchxXxrWu+OFmmwsUCI2r8oUBk7deXEw6hw0RCt3ZgNMC1NJQXwVt9SjcjxkZfflRg5fqHWid3YkvVSVda2RmLBnlDYA8YYsLkvyMn6/NdUn+ZyQWN/1AGwv0E4C0dSpuiLfh15WtYXVgUSwDxB9psXpz/pNN0qJoQWSlDdG4SEooGNJZt73nqYfLC4GvXMUXLpyg/NbPfmk8P+7U5qUXz7dgwPJDhQ4sVlmA51naFultdT6o2d5Paj1v995ARxOswjkUBRG4sg/enWKfzlAgyqD/TGzL5mXXZWWXE27OsRItFMSJigLvENIydAIh5KsNPXsoXRQo1UZGvaGOIq8491EHAsdMnv/IRNbFFiu0teFc7jyYmFHZsQTIcvOq9LJBHvn31uB0X37z7MiBurdQFAtdbrk+LK+Gij2i6tqQrRRKLxP9pgN39ylljOIUHL203Kwp19XwjIUcY/b+UgcF+ZjxAUhjHM267vAxGY+NbyDMYGzaRn5x4EK0fEfyj03AlZkq8bSQU/XPmmg8c0lkRDrj3jl5Jd2/FL3AG5Jxca+M28KWgjzmMgW715ab6I26Yg36OppCuFpdWnYVmzBY1MLtHDVgCIvajlqlPnDG/IYDjnfdPIId6hSsijwsvRQtmBlCf5dVeBSJRb321RWyQCmpPv06D13yimdsTgOsPRN32iSfFecM3lD/rh7zJmwTtQhEub8o5myPmW06ls6dNxXJSQDlEBWHx41jR3enhOpcsiX0bJpY66xppbEGDS2ZSewcm76shscfsOwhINTJeVwQ/QxSs9RUPYJXzlftUHzLVXqdjMaDPc99iqXQZXB7LJH7czxJosMdl0jB+4RUXh8Y0GdGFMceslVYC/8ZfKqSGU9q7A9NZRkU8FhCYGgnCD5hJes8Fgpc+VfgkFbTpq3K1wgtpJkoox8bFItgtrEtu8qu3yglYccRsYuyJDPJn8N7Q+fE21SQ6WXFidewBk6E81oBwi4UItiuLiS0tGGY8o1Fuor5dnZtWLO4uEptG81DrohZn1JOndlapze1wH2UpiVj5gMh7csRpeinNlaWV+V/FFuqcZ0vKQqwoeBQCOmZ4aznCdhyDE/GnBeLRVDnAgFNY0W//GmZus9fUWWjqjXpzGwq6h3BsSlChgXBTYg9M9uMjC0sge8iFNWWSdAdK1fbtMPSY2nD303J4eR+U6oJuytsjrzHzxp6XqNJRC2N0bCPUQMlNV3RGUbVic6d42yHCYQz4zD4G8z3AtK0wHcjQwxRJofda3UmO1/8fGIlt7SDR7bFULKaEO4IjIDLAfRn6bDBM3ZIupbqw0ERz4U0ryuv8brNV1MkXBXtom8XjguzYv3oZTqaDkFuwiruT6QeBWt9vh28=&u=U2FsdGVkX18fX8Orootq5XOCWASGZ8GwFyVga2wPvvJ9OvDihqST/Uw3o58EpNUe&y=U2FsdGVkX18kDUjJvZhRVTtZwJW5tu14nvZNxyvrEKtxJYGIuDJ22eiCPsoAkFQY HTTP/1.1" 200 25
186.102.25.247 - - [30/Jul/2022:16:07:00 -0500] "GET /kwssiamovil/sm/acme/a?s=U2FsdGVkX19TG4CnGIIShm3UI8LPsFjK2eqDw32B/bwws7/WbKplndNTNbrhPmCDWJ2Kcy5MwGKQg8v7oMu9ibHamuVlro7kRq1sYSecwOd9B1n/d7MGAYHGG3ugRzlGuWZvmLkrhABz6iWnwXazS2w7iMuebzcJZ+MznoxSNuo=&u=U2FsdGVkX18fX8Orootq5XOCWASGZ8GwFyVga2wPvvJ9OvDihqST/Uw3o58EpNUe&y=U2FsdGVkX18kDUjJvZhRVTtZwJW5tu14nvZNxyvrEKtxJYGIuDJ22eiCPsoAkFQY HTTP/1.1" 200 25
186.102.25.247 - - [30/Jul/2022:16:07:00 -0500] "GET /kwssiamovil/sm/acme/a?s=U2FsdGVkX18slE6ivajpGuwDqL5OTrF3Jgf6nB9h6cdBiGANdM0cI7nerlg2SdPITkSesFO/xUgdPrr/4LIt+lusxICQtoCXB28FmBSSQ02WQ8AA45PUpzSo/WW2VnHfLabZWVrYeRFuqrGVZhVywgEoIJ4mNeLw1SsdirsbeBQ=&u=U2FsdGVkX18fX8Orootq5XOCWASGZ8GwFyVga2wPvvJ9OvDihqST/Uw3o58EpNUe&y=U2FsdGVkX18kDUjJvZhRVTtZwJW5tu14nvZNxyvrEKtxJYGIuDJ22eiCPsoAkFQY HTTP/1.1" 200 25
186.102.25.247 - - [30/Jul/2022:16:07:00 -0500] "GET /kwssiamovil/sm/acme/a?s=U2FsdGVkX198KCVwlSg1OCkhFWAUHZDBeq4NMQ8Ik2VF10zWlUBUbC6tyyGP9qTvV200XmopcOtfVSLa9GUs1mM0kpGhqjdXHdnDBefmhDHOyQUc4ZjVOT1tIxbumRwBY3PfKLrTQyZBdhL/N8a1jFsDmn7TE0hLvQ6aehpzmNE=&u=U2FsdGVkX18fX8Orootq5XOCWASGZ8GwFyVga2wPvvJ9OvDihqST/Uw3o58EpNUe&y=U2FsdGVkX18kDUjJvZhRVTtZwJW5tu14nvZNxyvrEKtxJYGIuDJ22eiCPsoAkFQY HTTP/1.1" 200 25
186.102.25.247 - - [30/Jul/2022:16:07:00 -0500] "GET /kwssiamovil/sm/acme/a?s=U2FsdGVkX18ensiZ+QYqlWGJ97PoHfmTx0BACGGIQeFmyx6H8037sMaYx7/Y9R5HujwbunqWosTbRLBsZSZ+8OxlNDx3HfKjYOFvanY2Dgy1mp//LeZZQktzc5n3MINb4RKJG5BNmhdYq3g9CCEnLtQAdXMfT0401CQlvBx0EC6sJZ6vAffx3Xte7MUtC54S&u=U2FsdGVkX18fX8Orootq5XOCWASGZ8GwFyVga2wPvvJ9OvDihqST/Uw3o58EpNUe&y=U2FsdGVkX18kDUjJvZhRVTtZwJW5tu14nvZNxyvrEKtxJYGIuDJ22eiCPsoAkFQY HTTP/1.1" 200 25
186.102.25.247 - - [30/Jul/2022:16:07:01 -0500] "GET /kwssiamovil/sm/acme/a?s=U2FsdGVkX1/s9vyWeEZmafpkeD4ljzAK/8Zen7IjNjke3HSAWayd+p9l7KSgZhfKd7XVXVmD5Qgk7yEhC3W61dlKrdNSG+dtEHV5ot5o9sgkP+tPdWk8p2j+6WCLST51JXhXHxeK6S8Sgaw2cNCBdIUTnDpZrdTwvfBLKWa/gntV7WzQMBy8lt8sEY+VymQHWFUcvM5L3e3W3VyOmodzFeSCyz9uvoABfn0PrRGBMKL8/9k1Ap2eeI2x89PLdWAwkMa0rnbhGvVfc0BB04r++udldGlLyxUB8X9g0XilpFee5vGQngDJoCufvrukZwh3etoF7eA8AJdHr7eSQCS48mKYn6zUCZvvyJSN72kdPnt0PEXC0iCktKxngMptvvN2iZQWji3NdSMWY0yhYhus+tS/6T/GvvgelFVggKUE+hwyieNGb1ztSsOVYCEZrSkk07ItrX1xcftpu++rlwMWlCXe/ziiOLH9b9T2DG+dgC8=&u=U2FsdGVkX18fX8Orootq5XOCWASGZ8GwFyVga2wPvvJ9OvDihqST/Uw3o58EpNUe&y=U2FsdGVkX18kDUjJvZhRVTtZwJW5tu14nvZNxyvrEKtxJYGIuDJ22eiCPsoAkFQY HTTP/1.1" 200 25
186.102.25.247 - - [30/Jul/2022:16:07:01 -0500] "GET /kwssiamovil/sm/acme/a?s=U2FsdGVkX1++1MDtvy1zuQ7RIIUI6k3k0PwPvwxPq0q2ZpSXg4hOn8yZc/HH+7cWQ1xefBYlE2WGR07Vj/RROEo+V7RmCALlwUhPPbX8O15ZqgJJ9C3BKyGB2ewamDi8IyDEckd8OjGRHfNFRd5jyi9gMPWaHY6XJdauUY5pQsoqNm1ELv8lxE1AVgjs5RU4PoigTJ17mW4bFjd2LFn/WKFNL5ONdtyYsEMcm60F9ekiSCDaonlz+9rysmVwM2xfyN6lm1Cz2dSzPAM4CHlPWysFOF8xVl7bpHWG9OC93Z/bny2Em31jTyvgKMDrqjffkixNJOY3aw83naAVxknKgHEBLAmty3tfoCe8bkAsxgC3jCVVonBEB9/s9YnRYVpeM3O6OErixPH6hhmlQKHyYL6EVqRv0ENo6nuNFKw/ydNF5joRRiiixm+Pf96VAVCz&u=U2FsdGVkX18fX8Orootq5XOCWASGZ8GwFyVga2wPvvJ9OvDihqST/Uw3o58EpNUe&y=U2FsdGVkX18kDUjJvZhRVTtZwJW5tu14nvZNxyvrEKtxJYGIuDJ22eiCPsoAkFQY HTTP/1.1" 200 25
173.252.83.18 - - [30/Jul/2022:16:07:40 -0500] "GET /engativa-tendra-jornada-de-recoleccion-de-llantas-este-miercoles.html HTTP/1.1" 206 933
201.245.192.253 - - [30/Jul/2022:16:08:42 -0500] "POST /kwsrmcab/Wsrmcab  HTTP/1.1" 200 45524
66.249.72.141 - - [30/Jul/2022:16:09:09 -0500] "-" 408 -
185.225.73.109 - - [30/Jul/2022:16:09:23 -0500] "POST /boaform/admin/formLogin HTTP/1.1" 404 1186
172.22.2.4 - - [30/Jul/2022:16:07:54 -0500] "HEAD /BLA/boletinlegal/ HTTP/1.1" 200 -
172.22.2.4 - - [30/Jul/2022:16:08:45 -0500] "GET /BLA/boletinlegal/ HTTP/1.1" 200 60875
69.63.189.118 - - [30/Jul/2022:16:11:19 -0500] "GET /oso-melero-recuperado-en-bogota-fue-liberado-exitosamente-en-el-meta.html HTTP/1.1" 206 948
172.22.2.4 - - [30/Jul/2022:16:11:19 -0500] "GET /BLA/boletinlegal/images/cabezote%20BLEGAL.jpg HTTP/1.1" 200 118164
172.22.2.4 - - [30/Jul/2022:16:11:19 -0500] "GET /BLA/boletinlegal/images/screen_1.png HTTP/1.1" 200 202547
172.22.2.4 - - [30/Jul/2022:16:11:21 -0500] "GET /BLA/boletinlegal/actos.php HTTP/1.1" 200 9559
172.22.2.4 - - [30/Jul/2022:16:11:22 -0500] "GET /BLA/boletinlegal/favicon.ico HTTP/1.1" 404 1326
181.58.38.83 - - [30/Jul/2022:16:11:23 -0500] "GET /BLA/resoluciones/ HTTP/1.1" 200 13093
181.58.38.83 - - [30/Jul/2022:16:11:24 -0500] "GET /favicon.ico HTTP/1.1" 200 7782
181.58.38.83 - - [30/Jul/2022:16:11:25 -0500] "GET /BLA/resoluciones/index.php?dir=AUTOS+2012%2F HTTP/1.1" 200 271425
172.22.2.4 - - [30/Jul/2022:16:11:26 -0500] "GET /BLA/boletinlegal/images/screen_2.png HTTP/1.1" 200 362502
172.22.2.4 - - [30/Jul/2022:16:11:26 -0500] "GET /BLA/boletinlegal/images/screen_3.png HTTP/1.1" 200 210620
172.22.2.4 - - [30/Jul/2022:16:11:26 -0500] "GET /BLA/boletinlegal/images/screen_5.png HTTP/1.1" 200 368876
216.245.221.92 - - [30/Jul/2022:16:11:41 -0500] "HEAD / HTTP/1.1" 200 -
186.102.25.247 - - [30/Jul/2022:16:11:58 -0500] "GET /kwssiamovil/sm/acme/u?s=U2FsdGVkX18/wCTO6KzTJyaP3X5UllQAkEhbdmJRQ442H8niPgm4HEi+J0KjFiAcQ1f8THDbI9XOC8uCwvDQGysWKXo9I7R7zmNxvTWydAzRhurm1YAGxDF45T6aE53V35dMgqc4fy7LQ/l3EQn86A==&u=U2FsdGVkX18fX8Orootq5XOCWASGZ8GwFyVga2wPvvJ9OvDihqST/Uw3o58EpNUe&y=U2FsdGVkX18kDUjJvZhRVTtZwJW5tu14nvZNxyvrEKtxJYGIuDJ22eiCPsoAkFQY HTTP/1.1" 200 60
172.22.2.4 - - [30/Jul/2022:16:11:19 -0500] "GET /BLA/boletinlegal/ HTTP/1.1" 200 63208
190.0.241.186 - - [30/Jul/2022:16:13:20 -0500] "GET /forest/ HTTP/1.1" 200 12041
190.0.241.186 - - [30/Jul/2022:16:13:22 -0500] "POST /forest/index.php HTTP/1.1" 200 12268
201.245.192.253 - - [30/Jul/2022:16:13:41 -0500] "POST /kwsrmcab/Wsrmcab  HTTP/1.1" 200 45524
190.145.240.36 - - [30/Jul/2022:16:14:54 -0500] "GET /galeria/galeria/jquery.fancybox.css?v=2.1.5 HTTP/1.1" 200 4895
190.145.240.36 - - [30/Jul/2022:16:14:54 -0500] "GET /BLA/boletinlegal/js/jquery.scrollShow.js HTTP/1.1" 200 4586
190.145.240.36 - - [30/Jul/2022:16:14:54 -0500] "GET /galeria/galeria/jquery.fancybox.js?v=2.1.5 HTTP/1.1" 200 48706
172.22.2.4 - - [30/Jul/2022:16:13:44 -0500] "HEAD /BLA/boletinlegal/ HTTP/1.1" 200 -
172.22.2.4 - - [30/Jul/2022:16:14:34 -0500] "GET /BLA/boletinlegal/ HTTP/1.1" 200 60875
216.245.221.92 - - [30/Jul/2022:16:16:41 -0500] "HEAD / HTTP/1.1" 200 -
172.22.2.4 - - [30/Jul/2022:16:17:08 -0500] "GET /BLA/boletinlegal/style.css HTTP/1.1" 200 9406
172.22.2.4 - - [30/Jul/2022:16:17:08 -0500] "GET /BLA/boletinlegal/styles2.css HTTP/1.1" 200 1838
172.22.2.4 - - [30/Jul/2022:16:17:08 -0500] "GET /BLA/boletinlegal/js/jquery.js HTTP/1.1" 200 57254
