173.252.107.120 - - [30/Jul/2022:09:27:59 -0500] "GET /images/secretaria-carolina-economia-circular-6-mayo.jpg HTTP/1.1" 200 33699
173.252.107.21 - - [30/Jul/2022:09:27:59 -0500] "GET /images/Brasil1.jpeg HTTP/1.1" 200 27965
173.252.107.14 - - [30/Jul/2022:09:27:59 -0500] "GET /images/accion-climatica.jpg HTTP/1.1" 200 417776
173.252.107.14 - - [30/Jul/2022:09:27:59 -0500] "GET /images/Animales1.jpeg HTTP/1.1" 200 76841
173.252.107.20 - - [30/Jul/2022:09:28:00 -0500] "GET /images/cerros-bogota-2-mayo.jpg HTTP/1.1" 200 98367
172.22.2.4 - - [30/Jul/2022:09:29:43 -0500] "GET /BLA/boletinlegal/js/jquery.js HTTP/1.1" 200 57254
201.245.192.253 - - [30/Jul/2022:09:30:08 -0500] "POST /kwsrmcab/Wsrmcab  HTTP/1.1" 200 45524
154.64.14.44 - - [30/Jul/2022:09:30:26 -0500] "GET / HTTP/1.1" 200 319
201.245.192.253 - - [30/Jul/2022:09:30:38 -0500] "POST /kwsrmcab/Wsrmcab HTTP/1.1" 200 45831
201.245.192.253 - - [30/Jul/2022:09:30:42 -0500] "POST /kwsrmcab/Wsrmcab HTTP/1.1" 200 47822
216.245.221.92 - - [30/Jul/2022:09:31:42 -0500] "HEAD / HTTP/1.1" 200 -
165.1.173.220 - - [30/Jul/2022:09:32:18 -0500] "GET /catalogoisis/Css/Busqueda.css HTTP/1.1" 200 1995
165.1.173.220 - - [30/Jul/2022:09:32:18 -0500] "GET /catalogoisis/Js/AceptarLimpiar.js HTTP/1.1" 200 331
165.1.173.220 - - [30/Jul/2022:09:32:18 -0500] "GET /catalogoisis/Js/CriterioCombinada.js HTTP/1.1" 200 1843
165.1.173.220 - - [30/Jul/2022:09:32:18 -0500] "GET /catalogoisis/Js/LimpiarCombinada.js HTTP/1.1" 200 207
165.1.173.220 - - [30/Jul/2022:09:32:18 -0500] "GET /catalogoisis/Js/Remote.js HTTP/1.1" 200 436
165.1.173.220 - - [30/Jul/2022:09:32:18 -0500] "GET /catalogoisis/Js/Cookies.js HTTP/1.1" 200 1369
165.1.173.220 - - [30/Jul/2022:09:32:18 -0500] "GET /catalogoisis/Js/Go.js HTTP/1.1" 200 364
165.1.173.220 - - [30/Jul/2022:09:32:18 -0500] "GET /catalogoisis/Js/Numero.js HTTP/1.1" 200 398
165.1.173.220 - - [30/Jul/2022:09:32:18 -0500] "GET /catalogoisis/Js/Enter.js HTTP/1.1" 200 1208
165.1.173.220 - - [30/Jul/2022:09:32:18 -0500] "GET /catalogoisis/imagenes/br1c1.gif HTTP/1.1" 200 172
165.1.173.220 - - [30/Jul/2022:09:32:18 -0500] "GET /catalogoisis/imagenes/br1c3.gif HTTP/1.1" 200 302
165.1.173.220 - - [30/Jul/2022:09:32:18 -0500] "GET /catalogoisis/imagenes/Turnbo1.gif HTTP/1.1" 200 227
165.1.173.220 - - [30/Jul/2022:09:32:18 -0500] "GET /catalogoisis/imagenes/aceptar1.gif HTTP/1.1" 200 604
165.1.173.220 - - [30/Jul/2022:09:32:14 -0500] "GET /catalogoisis/ HTTP/1.1" 200 8575
165.1.173.220 - - [30/Jul/2022:09:32:18 -0500] "GET /catalogoisis/imagenes/br2c2.gif HTTP/1.1" 200 302
165.1.173.220 - - [30/Jul/2022:09:32:18 -0500] "GET /catalogoisis/imagenes/br1c2.gif HTTP/1.1" 200 297
165.1.173.220 - - [30/Jul/2022:09:32:18 -0500] "GET /catalogoisis/imagenes/br2c1.gif HTTP/1.1" 200 297
165.1.173.220 - - [30/Jul/2022:09:32:18 -0500] "GET /catalogoisis/imagenes/br3c2.gif HTTP/1.1" 200 285
165.1.173.220 - - [30/Jul/2022:09:32:18 -0500] "GET /catalogoisis/imagenes/br2c3.gif HTTP/1.1" 200 416
165.1.173.220 - - [30/Jul/2022:09:32:18 -0500] "GET /catalogoisis/imagenes/Header.gif HTTP/1.1" 200 30313
165.1.173.220 - - [30/Jul/2022:09:32:18 -0500] "GET /catalogoisis/imagenes/br3c1.gif HTTP/1.1" 200 177
165.1.173.220 - - [30/Jul/2022:09:32:18 -0500] "GET /catalogoisis/imagenes/br3c3.gif HTTP/1.1" 200 186
165.1.173.220 - - [30/Jul/2022:09:32:18 -0500] "GET /catalogoisis/imagenes/limpiar1.gif HTTP/1.1" 200 606
165.1.173.220 - - [30/Jul/2022:09:32:19 -0500] "GET /favicon.ico HTTP/1.1" 200 7782
172.22.2.4 - - [30/Jul/2022:09:31:14 -0500] "HEAD /BLA/boletinlegal/ HTTP/1.1" 200 -
172.22.2.4 - - [30/Jul/2022:09:32:04 -0500] "GET /BLA/boletinlegal/ HTTP/1.1" 200 58164
5.202.40.162 - - [30/Jul/2022:09:34:15 -0500] "GET / HTTP/1.1" 200 319
157.55.39.98 - - [30/Jul/2022:09:34:38 -0500] "GET /BLA/resoluciones/RESOLUCIONES%202010/5762.pdf HTTP/1.1" 304 -
201.245.192.253 - - [30/Jul/2022:09:35:07 -0500] "POST /kwsrmcab/Wsrmcab  HTTP/1.1" 200 45524
216.245.221.92 - - [30/Jul/2022:09:36:42 -0500] "HEAD / HTTP/1.1" 200 -
172.22.2.4 - - [30/Jul/2022:09:37:04 -0500] "HEAD /BLA/boletinlegal/ HTTP/1.1" 200 -
172.22.2.4 - - [30/Jul/2022:09:37:54 -0500] "GET /BLA/boletinlegal/ HTTP/1.1" 200 60875
201.245.192.253 - - [30/Jul/2022:09:40:06 -0500] "POST /kwsrmcab/Wsrmcab  HTTP/1.1" 200 45524
201.245.192.253 - - [30/Jul/2022:09:40:38 -0500] "POST /kwsrmcab/Wsrmcab HTTP/1.1" 200 45831
201.245.192.253 - - [30/Jul/2022:09:40:42 -0500] "POST /kwsrmcab/Wsrmcab HTTP/1.1" 200 47822
216.245.221.92 - - [30/Jul/2022:09:41:42 -0500] "HEAD / HTTP/1.1" 200 -
172.22.2.4 - - [30/Jul/2022:09:42:54 -0500] "HEAD /BLA/boletinlegal/ HTTP/1.1" 200 -
201.245.192.253 - - [30/Jul/2022:09:45:05 -0500] "POST /kwsrmcab/Wsrmcab  HTTP/1.1" 200 45524
66.249.72.141 - - [30/Jul/2022:09:45:24 -0500] "-" 408 -
172.22.2.4 - - [30/Jul/2022:09:43:44 -0500] "GET /BLA/boletinlegal/ HTTP/1.1" 200 58956
186.102.6.228 - - [30/Jul/2022:09:46:29 -0500] "GET /kwssiamovil/sm/ldap/au?x=U2FsdGVkX1/2GZ8Lzru4k8i7ppcV9U9VP8QSbL6X2jozzESbtg4lVD0D7I2HnNFB&y=U2FsdGVkX1/yCLj4q3pcPo2v8AA0oVMqkIu+Eyxr0FP9o4Hj6MJYZkB8gmp+PoYL HTTP/1.1" 200 30
186.102.6.228 - - [30/Jul/2022:09:46:30 -0500] "GET /kwssiamovil/sm/acme/s?s=U2FsdGVkX1+gho+uyfbPsJpBXd+ARwyo3GQXwVyijsJl+OkuBvqGN6O/82k/6CN9Yfs6hP1Uz1tofH0ZTiezE5j91f7XID25BJu2k4XxDns=&u=U2FsdGVkX18wwip19NESxPzOxywBhdBy89ZZGxsVwLksOXCGJ+dyABXCcji5QLaa&y=U2FsdGVkX1/yCLj4q3pcPo2v8AA0oVMqkIu+Eyxr0FP9o4Hj6MJYZkB8gmp+PoYL HTTP/1.1" 200 97
186.102.6.228 - - [30/Jul/2022:09:46:30 -0500] "GET /kwssiamovil/sm/acme/s?s=U2FsdGVkX18NY1ZyOMCCNDlFBEKyJ61gFFRU2awhwXfWh1y+oaoTxmUHj6KOXN8XPw8YHrzHCmUbZVWAcrE/4lu4CPypF+td82QN8NEWkAKeoW1RRLgIIEK+37iTkFYyJDBZHRdxMLChcgqWUmsRJpnUc9VLxxYBwf4N33bwTe/Zshkif5CbPhy/jWo+//N7nHNImWZCG838pcBXhlt/L66CPUbB+gJJVCc4VQ0WKIqV8QqzMDk9b5HFHT2RShMT45wQCei+n2CFKEXpMtDsatcp7aKE+NeipGxZw/ZxFvTgSl/3L3kORh6Eo0Ka/78xY61LtAaTofk9qqhdXgz+D/W0HjHNAxv1dvH0SeXC/5A65lslwckogJXG2CfF3p1qgo2hBuyOFiOs33FATcrEbq6UPmLaOj8dA0BT9XWZJUu+EwFyUngJM0SueUsiD+5lmKD2cMk8VWkctcx4tAkT4+Ru/jTYtV7HFDauHDODvxIAe/HhQczkrp4n9TA7MYXoDgRVCeLlUS+2twGeZJTL/5BdR73ZiXwBlv1gkeMjDAiV7YMmNPAUZuuDHdY7Qz1yDJLcQo0Zr3ocyRHjf74NaxcARTLwVgqoGI7Que3C+6nl6Pdaz60L0YauT/lO3up9oVlqpCqpJ9RUC2DC6NbWgrKK2BUCCsQijNpBt5PIirIIjq5cZhKBCpG59MMqH/36zTRAejyfTGcm91OpCkcIi5GPRBAGAjkEu+lR7fk1RBuRoP0zfud3k8w1duIBnwuG7ci6c4Fig74TVYfukapoG8UlcrdGcbgfC+52fsGUhwqHie6i2PQjiy6p+o0KxRVWnb+KO29be697AkAvs/9lewQ1LX07WFP6QpS8mZC6H32K16vgyCY5fkGa0NzPOOfKpdTb+sx3febFzIpXyEuZhdqvvPkGXiUNHhfd0CILnPNaMgv7+X5SXfEPsh0jt0Cciy7qCjDQEqfT4I1doSpALqcfSlECn4BOgU5gQmk91yruopHcFd3hKJVmpYuXeJZ1tlH2/ntpHKN9IyetCNruyomIX8nsxwTJTTBOzD6DGOKaGH3KRJpamLug0lex/jAEtJtqU3qep+Gl+QKpMH1dUT2EMk4RAtrQVcLknK1J1AmVYNj6gHhah/nARoUG3GyCkt3D9le9EDl/n4HV2Q/k4vrlhvNRBI1oTySQ+fgYWPqmEOP/iY6TMWhf/Uvlmpk/ZmTBRTEdSIhKAyqfnTMXRi8V8Pt+Cg1seYyZyYCUTSwO2kxsqRgYJcLTTA+9wp4jk6TRknZkNuMuL22o9agYqI5QfrnR9Ut2H9NJcHD3ZluOtqi44TUFUAXuiOZ0n/eXXGYiCGlZIz0fmrsP8g282gD9YbhTaVGb+XiBK2jjTKY=&u=U2FsdGVkX18wwip19NESxPzOxywBhdBy89ZZGxsVwLksOXCGJ+dyABXCcji5QLaa&y=U2FsdGVkX1/yCLj4q3pcPo2v8AA0oVMqkIu+Eyxr0FP9o4Hj6MJYZkB8gmp+PoYL HTTP/1.1" 200 12944
186.102.6.228 - - [30/Jul/2022:09:46:30 -0500] "GET /kwssiamovil/sm/ldap/au?x=U2FsdGVkX1+X20kPsK2aFmMDtX69Mowd6Dw/1k/JXhpDmWIx00zWolFGTxm95MJv&y=U2FsdGVkX18xqC4vGFNwqcRAI3kb9nYKf4loa12xGzNXn6DbW0P77hcK29qiduzH HTTP/1.1" 200 30
186.102.6.228 - - [30/Jul/2022:09:46:31 -0500] "GET /kwssiamovil/sm/acme/s?s=U2FsdGVkX18YRdR2518C+TlWYTfkBdXURGUbBE/Oqxm8bbSyGgmfGEJVh+n6tw5yeFSFjHeSYvwmv+HexHRNJbPmhK1pe9d96xVAyWm1W3g=&u=U2FsdGVkX1/IYmJVbZQ37X4HsbPSgu5PTBrlVJFf31y4abWXuGl9cJiZ04KkE3JP&y=U2FsdGVkX18xqC4vGFNwqcRAI3kb9nYKf4loa12xGzNXn6DbW0P77hcK29qiduzH HTTP/1.1" 200 97
186.102.6.228 - - [30/Jul/2022:09:46:31 -0500] "GET /kwssiamovil/sm/acme/s?s=U2FsdGVkX18us807arMFJd0rOyFn0OPYQnx4sOuaTZyxOJTRSkmt4lHYAexPVq1X8NMfd0ouFUAJn5Gc/dfQB3jo+0oh2rdXr0y28K2zwOXnN06cPxoWJPvBeO+fWs6aQtRBAsSJiB+Vtp8cEx7X4jeLaz9ZAHSYNB+mGY9nSlL3l0CBGLIOBvWWtyVbeVEWmwMMpFXhC+S4+t4b3vJaiYbtcZIKxlVn1ivtMZXuSeMO8FeXr2eHXszEvECijsuJK2TwEHdsfw3qWP5trJQxS5rsMGtMqIdx4LAOV/NIsw0=&u=U2FsdGVkX18wwip19NESxPzOxywBhdBy89ZZGxsVwLksOXCGJ+dyABXCcji5QLaa&y=U2FsdGVkX1/yCLj4q3pcPo2v8AA0oVMqkIu+Eyxr0FP9o4Hj6MJYZkB8gmp+PoYL HTTP/1.1" 200 66
186.102.6.228 - - [30/Jul/2022:09:46:32 -0500] "GET /kwssiamovil/sm/acme/s?s=U2FsdGVkX1+p0EK8wRiXEsh2Ox2zj+XrX5ee4pAyuNc8gnP4uEAxEwlFZZTxzv5GfJkYebu2K69s6zBl4KkE9Q6KETmdwXi7w2+lVI97Bb1dM+TYqlO2/Qa8sduDRRWHYAaGrJOLoLcRe1FHK1M5cdhuRN02eL3wepge0gQ8PR3/zZiuv+ImLl7AI6SGa6stdExN5Ajvvu8mP1vvCzSp7TIOYvuE/Qwpptn8saeiHLW2vOHw0Z7kcKX08GNzoONwW6cQuNxeXRKXFJfqkV1I+ITDKY+VIB4kN43PWCix0LxEXCAM0RBAKtuARXBucf82Q8zw61pNdi5lX41THYkZ/HXDZhgB9QWqkJjw6CE9zmUCNKgWW83M+QEcd9f9F9HlQbuCe+JfKzObsKdqZEVLHBZZFLHaVxuQCs0T4WYqBq9R8ChMhJabMlvN42DEXphqlO/8ZG/HBaRfiIkooaQiS72b9ynl59bgNq0zVEHxkyu6fn4EAYDw9V1zLsdmY5DGqNkllNua84fpJg0ZR3Iqoyt4/SomTSLegMx22GkzJDdAEZaU5R7VIysfeOCC10DN7MDOX5b/D17HoGFIJza9FQ8EVgKDAXUZhQc3CD+v7JQ9s5QV344EphLLd0xWlQfpsVws+OWoVVA+jGku02lxCOzbXZZh4SNNY+Zz9epu6lUuBzlgfNLQNMHDS4mlslFz0Ug6/sqmbsFgVoNvDqnDpmxyJa8fdkDDPUcPdr/XvOjadJl1JCmAFBtxAP03FHglfSjeSryi776lYCF35ODmwzk/QV5KIotcMeJwQFFtM9IrCeKCoLmAFxA+logPPxpYS1r9aGQLnuI6QA496rY6/5/gymIudLB7Zo+/IvHXMAUD7ZOsJDJJAum1DJDQnaq3x0iKhHQQooTKeLtZI48Ye54wyCQcRrnFXve3Q5A1WucEylWPEgJn5U0Alfqa1HmURSmBsINjBqhnWcOYQM8gZ3LS3eYNhZ8gFoDiHFfFdRLPuRgWto3NaK6b8GrtOIl41PEkblkJTRUeCwEZ8CsmOXoxAHHiI+plKYhCWf2b2PhU/Hbr1R+ZlR3vMaTnFaiiN3UELo9rXR3KtlK5IDn0A0W5b/RRtWwLMdtjOnILMfNv5aZjebHA8vsma4yJ4/l2EwXGO+6gnVdAMipUd2+gnYj4bK65bXMt2OHl2dR2jpErmBSPrcInTeLgEV7jgv5CI8FxVzzbsBLV9/HjiMmkzGG9w1SVkRuz3/LIrWVRME72VgLsRvJWyoFi7d9NsP5F0tt1qRW/LTbc5pDEYN70dWP8mQUZhMjUB7vZype437CmTTFmlop9yg9PszJCWWL6l+fjeqyh8BdmbxYRn4XIZ+aeR+C2IMerkC9AhmOAT88=&u=U2FsdGVkX1/IYmJVbZQ37X4HsbPSgu5PTBrlVJFf31y4abWXuGl9cJiZ04KkE3JP&y=U2FsdGVkX18xqC4vGFNwqcRAI3kb9nYKf4loa12xGzNXn6DbW0P77hcK29qiduzH HTTP/1.1" 200 12944
186.102.6.228 - - [30/Jul/2022:09:46:32 -0500] "GET /kwssiamovil/sm/acme/s?s=U2FsdGVkX1+TPgCR6sGVwiJqRE0I0v87GJel0jNgPrDezumzuxtOYV+U3n9HXMettwSRsin9/DzFQuVzxtTXN4HfyTDmIl8b9m67zJR951RjoeRmYpV9WA5q26mWlB6dl+Y1+NTlINDFm4IoHatr60yzabb4ajltkREkuj1gjrQFayJkckMJe7C3QLWHPeTVeJm7anuU8PSARyycrb7oqNC5dMb0zHdlsegHSh44ULMAauj/BUSAkNjNOVuPteBo2A8hkXyLx728WMZ4lKf9+4vC2sTxEEWZJsHVCG8gh2o=&u=U2FsdGVkX1/IYmJVbZQ37X4HsbPSgu5PTBrlVJFf31y4abWXuGl9cJiZ04KkE3JP&y=U2FsdGVkX18xqC4vGFNwqcRAI3kb9nYKf4loa12xGzNXn6DbW0P77hcK29qiduzH HTTP/1.1" 200 176
186.102.6.228 - - [30/Jul/2022:09:46:32 -0500] "GET /kwssiamovil/sm/cjson/pre?f=1&x=U2FsdGVkX1+X20kPsK2aFmMDtX69Mowd6Dw/1k/JXhpDmWIx00zWolFGTxm95MJv HTTP/1.1" 200 30992
216.245.221.92 - - [30/Jul/2022:09:46:42 -0500] "HEAD / HTTP/1.1" 200 -
180.163.220.66 - - [30/Jul/2022:09:47:15 -0500] "GET /BLA/boletinlegal/js/jquery.scrollShow.js HTTP/1.1" 200 4586
180.163.220.67 - - [30/Jul/2022:09:47:15 -0500] "GET /galeria/galeria/jquery.fancybox.css?v=2.1.5 HTTP/1.1" 200 4895
180.163.220.4 - - [30/Jul/2022:09:47:15 -0500] "GET /galeria/galeria/jquery.fancybox.js?v=2.1.5 HTTP/1.1" 200 48706
180.163.220.68 - - [30/Jul/2022:09:47:16 -0500] "GET /galeria/galeria/jquery.fancybox.css?v=2.1.5 HTTP/1.1" 200 4895
180.163.220.68 - - [30/Jul/2022:09:47:16 -0500] "GET /BLA/boletinlegal/js/jquery.scrollShow.js HTTP/1.1" 200 4586
180.163.220.5 - - [30/Jul/2022:09:47:16 -0500] "GET /galeria/galeria/jquery.fancybox.js?v=2.1.5 HTTP/1.1" 200 48706
201.245.192.253 - - [30/Jul/2022:09:50:04 -0500] "POST /kwsrmcab/Wsrmcab  HTTP/1.1" 200 45524
207.46.13.14 - - [30/Jul/2022:09:50:18 -0500] "GET /portaldeninos/ HTTP/1.1" 503 1037
172.22.2.4 - - [30/Jul/2022:09:48:44 -0500] "HEAD /BLA/boletinlegal/ HTTP/1.1" 200 -
172.22.2.4 - - [30/Jul/2022:09:49:34 -0500] "GET /BLA/boletinlegal/ HTTP/1.1" 200 60282
216.245.221.92 - - [30/Jul/2022:09:51:42 -0500] "HEAD / HTTP/1.1" 200 -
190.248.211.212 - - [30/Jul/2022:09:52:32 -0500] "GET /galeria/galeria/jquery.fancybox.js?v=2.1.5 HTTP/1.1" 200 48706
190.248.211.212 - - [30/Jul/2022:09:52:32 -0500] "GET /BLA/boletinlegal/js/jquery.scrollShow.js HTTP/1.1" 200 4586
190.248.211.212 - - [30/Jul/2022:09:52:32 -0500] "GET /galeria/galeria/jquery.fancybox.css?v=2.1.5 HTTP/1.1" 200 4895
185.196.220.70 - - [30/Jul/2022:09:54:52 -0500] "GET / HTTP/1.1" 200 319
201.245.192.253 - - [30/Jul/2022:09:55:03 -0500] "POST /kwsrmcab/Wsrmcab  HTTP/1.1" 200 45524
172.22.2.4 - - [30/Jul/2022:09:54:34 -0500] "HEAD /BLA/boletinlegal/ HTTP/1.1" 200 -
216.245.221.92 - - [30/Jul/2022:09:56:42 -0500] "HEAD / HTTP/1.1" 200 -
172.22.2.4 - - [30/Jul/2022:09:55:24 -0500] "GET /BLA/boletinlegal/ HTTP/1.1" 200 60282
172.22.2.4 - - [30/Jul/2022:09:57:35 -0500] "GET /BLA/boletinlegal/robots.txt HTTP/1.1" 404 1038
172.22.2.4 - - [30/Jul/2022:09:57:36 -0500] "GET /BLA/boletinlegal/ HTTP/1.1" 200 63703
201.245.192.253 - - [30/Jul/2022:10:00:02 -0500] "POST /kwsrmcab/Wsrmcab  HTTP/1.1" 200 45524
216.245.221.92 - - [30/Jul/2022:10:01:42 -0500] "HEAD / HTTP/1.1" 200 -
172.22.2.4 - - [30/Jul/2022:10:00:25 -0500] "HEAD /BLA/boletinlegal/ HTTP/1.1" 200 -
172.22.2.4 - - [30/Jul/2022:10:02:09 -0500] "GET /BLA/boletinlegal/consulta_actos.php?tipo=resoluciones&no=0812&usuario=&sector=&fecha=2013&resuelve= HTTP/1.1" 200 1103
181.53.14.142 - - [30/Jul/2022:10:02:16 -0500] "GET /BLA/resoluciones/RESOLUCIONES%202013/0812.pdf HTTP/1.1" 200 628268
172.22.2.4 - - [30/Jul/2022:10:01:15 -0500] "GET /BLA/boletinlegal/ HTTP/1.1" 200 60875
201.245.192.253 - - [30/Jul/2022:10:05:02 -0500] "POST /kwsrmcab/Wsrmcab  HTTP/1.1" 200 45524
181.55.57.170 - - [30/Jul/2022:10:05:18 -0500] "GET /forest/ HTTP/1.1" 200 12041
181.55.57.170 - - [30/Jul/2022:10:05:36 -0500] "POST /forest/index.php HTTP/1.1" 200 12268
216.245.221.92 - - [30/Jul/2022:10:06:42 -0500] "HEAD / HTTP/1.1" 200 -
207.46.13.20 - - [30/Jul/2022:10:06:53 -0500] "GET /BLA/resoluciones/index.php?dir=RESOLUCIONES+2000%2F HTTP/1.1" 200 27659
172.22.2.4 - - [30/Jul/2022:10:06:15 -0500] "HEAD /BLA/boletinlegal/ HTTP/1.1" 200 -
181.134.3.218 - - [30/Jul/2022:10:08:15 -0500] "HEAD /BLA/boletinlegal/conceptos.php HTTP/1.1" 200 -
181.134.3.218 - - [30/Jul/2022:10:08:15 -0500] "GET /BLA/boletinlegal/conceptos.php HTTP/1.1" 200 7443
181.134.3.218 - - [30/Jul/2022:10:08:15 -0500] "GET /BLA/boletinlegal/conceptos.php HTTP/1.1" 200 7443
181.134.3.218 - - [30/Jul/2022:10:08:15 -0500] "GET /BLA/boletinlegal/styles2.css HTTP/1.1" 200 1838
181.134.3.218 - - [30/Jul/2022:10:08:15 -0500] "GET /BLA/boletinlegal/js/ajax_conceptos.js HTTP/1.1" 200 1326
181.134.3.218 - - [30/Jul/2022:10:08:15 -0500] "GET /BLA/boletinlegal/niceforms-default.css HTTP/1.1" 200 6694
181.134.3.218 - - [30/Jul/2022:10:08:15 -0500] "GET /BLA/boletinlegal/style.css HTTP/1.1" 200 9406
181.134.3.218 - - [30/Jul/2022:10:08:15 -0500] "GET /BLA/boletinlegal/niceforms.js HTTP/1.1" 200 22876
181.134.3.218 - - [30/Jul/2022:10:08:15 -0500] "GET /BLA/boletinlegal/images/cabezote%20BLEGAL.jpg HTTP/1.1" 200 118164
181.134.3.218 - - [30/Jul/2022:10:08:15 -0500] "GET /BLA/boletinlegal/images/registro-usuarios.png HTTP/1.1" 200 8106
181.134.3.218 - - [30/Jul/2022:10:08:15 -0500] "GET /BLA/boletinlegal/images/subscribe-icon-big.png HTTP/1.1" 200 47702
181.134.3.218 - - [30/Jul/2022:10:08:15 -0500] "GET /BLA/boletinlegal/images/abajo.png HTTP/1.1" 200 96676
181.134.3.218 - - [30/Jul/2022:10:08:15 -0500] "GET /BLA/boletinlegal/images/historia.png HTTP/1.1" 200 52775
181.134.3.218 - - [30/Jul/2022:10:08:15 -0500] "GET /BLA/boletinlegal/images/tel.png HTTP/1.1" 200 14477
181.134.3.218 - - [30/Jul/2022:10:08:15 -0500] "GET /BLA/boletinlegal/images/menu_lft.gif HTTP/1.1" 200 1713
181.134.3.218 - - [30/Jul/2022:10:08:15 -0500] "GET /BLA/boletinlegal/images/menu_bg.jpg HTTP/1.1" 200 620
181.134.3.218 - - [30/Jul/2022:10:08:15 -0500] "GET /BLA/boletinlegal/images/bg_top.jpg HTTP/1.1" 200 522
181.134.3.218 - - [30/Jul/2022:10:08:15 -0500] "GET /BLA/boletinlegal/images/menu_rght.gif HTTP/1.1" 200 1627
181.134.3.218 - - [30/Jul/2022:10:08:15 -0500] "GET /BLA/boletinlegal/images/body_bg.jpg HTTP/1.1" 200 1601
181.134.3.218 - - [30/Jul/2022:10:08:15 -0500] "GET /BLA/boletinlegal/images/footer_bg.jpg HTTP/1.1" 200 586
181.134.3.218 - - [30/Jul/2022:10:08:15 -0500] "GET /BLA/boletinlegal/images/text.jpg HTTP/1.1" 200 568
181.134.3.218 - - [30/Jul/2022:10:08:15 -0500] "GET /BLA/boletinlegal/images/hover.jpg HTTP/1.1" 200 640
181.134.3.218 - - [30/Jul/2022:10:08:15 -0500] "GET /BLA/boletinlegal/images/footer_bg_l.jpg HTTP/1.1" 200 776
181.134.3.218 - - [30/Jul/2022:10:08:15 -0500] "GET /BLA/boletinlegal/images/icono-email.png HTTP/1.1" 200 5544
181.134.3.218 - - [30/Jul/2022:10:08:15 -0500] "GET /BLA/boletinlegal/img/0.png HTTP/1.1" 200 110
181.134.3.218 - - [30/Jul/2022:10:08:15 -0500] "GET /BLA/boletinlegal/img/select-right.png HTTP/1.1" 200 44019
181.134.3.218 - - [30/Jul/2022:10:08:15 -0500] "GET /BLA/boletinlegal/img/select-left.png HTTP/1.1" 200 263
181.134.3.218 - - [30/Jul/2022:10:08:15 -0500] "GET /favicon.ico HTTP/1.1" 200 7782
181.134.3.218 - - [30/Jul/2022:10:08:15 -0500] "GET /BLA/boletinlegal/img/button.png HTTP/1.1" 200 43241
181.134.3.218 - - [30/Jul/2022:10:08:15 -0500] "GET /BLA/boletinlegal/img/button-left.png HTTP/1.1" 200 57071
181.134.3.218 - - [30/Jul/2022:10:08:15 -0500] "GET /BLA/boletinlegal/img/button-right.png HTTP/1.1" 200 57878
181.134.3.218 - - [30/Jul/2022:10:08:20 -0500] "GET /BLA/boletinlegal/consulta_conceptos.php?no=&solicitante=&radicado_entrada=&fecha_concepto=2022&objeto= HTTP/1.1" 200 15871
181.134.3.218 - - [30/Jul/2022:10:08:20 -0500] "GET /BLA/boletinlegal/images/background.gif HTTP/1.1" 200 -
181.134.3.218 - - [30/Jul/2022:10:08:20 -0500] "GET /BLA/boletinlegal/images/pdf.gif HTTP/1.1" 200 567
172.22.2.4 - - [30/Jul/2022:10:07:05 -0500] "GET /BLA/boletinlegal/ HTTP/1.1" 200 58576
201.245.192.253 - - [30/Jul/2022:10:10:01 -0500] "POST /kwsrmcab/Wsrmcab  HTTP/1.1" 200 45524
216.245.221.92 - - [30/Jul/2022:10:11:42 -0500] "HEAD / HTTP/1.1" 200 -
172.22.2.4 - - [30/Jul/2022:10:12:05 -0500] "HEAD /BLA/boletinlegal/ HTTP/1.1" 200 -
172.22.2.4 - - [30/Jul/2022:10:12:55 -0500] "GET /BLA/boletinlegal/ HTTP/1.1" 200 60875
201.245.192.253 - - [30/Jul/2022:10:15:00 -0500] "POST /kwsrmcab/Wsrmcab  HTTP/1.1" 200 45524
216.245.221.92 - - [30/Jul/2022:10:16:42 -0500] "HEAD / HTTP/1.1" 200 -
186.30.110.240 - - [30/Jul/2022:10:17:31 -0500] "GET /appsia/controlador HTTP/1.1" 200 4799
186.30.110.240 - - [30/Jul/2022:10:17:31 -0500] "GET /appsia/css/estilos.css HTTP/1.1" 200 4804
186.30.110.240 - - [30/Jul/2022:10:17:31 -0500] "GET /appsia/scripts/validarIngreso.js HTTP/1.1" 200 851
186.30.110.240 - - [30/Jul/2022:10:17:32 -0500] "GET /appsia/images/logo_bogota_p.png HTTP/1.1" 200 14951
186.30.110.240 - - [30/Jul/2022:10:17:32 -0500] "GET /appsia/images/cabezoteHojaVida.png HTTP/1.1" 200 32493
186.30.110.240 - - [30/Jul/2022:10:17:32 -0500] "GET /favicon.ico HTTP/1.1" 200 7782
186.30.110.240 - - [30/Jul/2022:10:17:41 -0500] "POST /appsia/controlador HTTP/1.1" 200 5437
186.30.110.240 - - [30/Jul/2022:10:17:42 -0500] "POST /appsia/controlador HTTP/1.1" 200 7799
186.30.110.240 - - [30/Jul/2022:10:17:45 -0500] "POST /appsia/controlador HTTP/1.1" 200 7736
186.30.110.240 - - [30/Jul/2022:10:17:45 -0500] "GET /appsia/images/logo_escudo.png HTTP/1.1" 200 36965
186.30.110.240 - - [30/Jul/2022:10:17:49 -0500] "POST /appsia/controlador HTTP/1.1" 200 7799
186.30.110.240 - - [30/Jul/2022:10:17:51 -0500] "POST /appsia/controlador HTTP/1.1" 200 6672
186.30.110.240 - - [30/Jul/2022:10:17:53 -0500] "POST /appsia/controlador HTTP/1.1" 200 9871
186.30.110.240 - - [30/Jul/2022:10:18:14 -0500] "POST /appsia/controlador HTTP/1.1" 200 75772
172.22.2.4 - - [30/Jul/2022:10:18:23 -0500] "GET /BLA/boletinlegal/js/jquery.js HTTP/1.1" 200 57254
172.22.2.4 - - [30/Jul/2022:10:18:23 -0500] "GET /BLA/boletinlegal/js/jquery.scrollShow.js HTTP/1.1" 200 4586
172.22.2.4 - - [30/Jul/2022:10:18:23 -0500] "GET /BLA/boletinlegal/js/jquery.scrollTo-min.js HTTP/1.1" 200 1150
172.22.2.4 - - [30/Jul/2022:10:18:23 -0500] "GET /BLA/boletinlegal/images/arr_l.jpg HTTP/1.1" 200 1979
172.22.2.4 - - [30/Jul/2022:10:18:23 -0500] "GET /BLA/boletinlegal/images/screen_1.png HTTP/1.1" 200 202547
172.22.2.4 - - [30/Jul/2022:10:18:23 -0500] "GET /BLA/boletinlegal/images/launch.jpg HTTP/1.1" 200 14577
172.22.2.4 - - [30/Jul/2022:10:18:23 -0500] "GET /BLA/boletinlegal/images/screen_2.png HTTP/1.1" 200 362502
172.22.2.4 - - [30/Jul/2022:10:18:23 -0500] "GET /BLA/boletinlegal/images/screen_3.png HTTP/1.1" 200 210620
172.22.2.4 - - [30/Jul/2022:10:18:23 -0500] "GET /BLA/boletinlegal/images/screen_5.png HTTP/1.1" 200 368876
172.22.2.4 - - [30/Jul/2022:10:18:23 -0500] "GET /BLA/boletinlegal/images/arr_r.jpg HTTP/1.1" 200 1998
172.22.2.4 - - [30/Jul/2022:10:18:33 -0500] "GET /BLA/boletinlegal/images/pdf.gif HTTP/1.1" 200 567
172.22.2.4 - - [30/Jul/2022:10:18:39 -0500] "GET /BLA/boletinlegal/actos.php HTTP/1.1" 200 9559
172.22.2.4 - - [30/Jul/2022:10:18:39 -0500] "GET /BLA/boletinlegal/favicon.ico HTTP/1.1" 404 1326
186.80.56.106 - - [30/Jul/2022:10:18:41 -0500] "GET /BLA/resoluciones/ HTTP/1.1" 200 13093
186.80.56.106 - - [30/Jul/2022:10:18:41 -0500] "GET /favicon.ico HTTP/1.1" 200 7782
186.80.56.106 - - [30/Jul/2022:10:18:52 -0500] "GET /BLA/resoluciones/index.php?dir=AUTOS+2010%2F HTTP/1.1" 200 276453
172.22.2.4 - - [30/Jul/2022:10:17:55 -0500] "HEAD /BLA/boletinlegal/ HTTP/1.1" 200 -
172.22.2.4 - - [30/Jul/2022:10:18:14 -0500] "GET /BLA/boletinlegal/ HTTP/1.1" 200 51994
201.245.192.253 - - [30/Jul/2022:10:19:59 -0500] "POST /kwsrmcab/Wsrmcab  HTTP/1.1" 200 45524
172.22.2.4 - - [30/Jul/2022:10:18:45 -0500] "GET /BLA/boletinlegal/ HTTP/1.1" 200 54824
185.119.81.98 - - [30/Jul/2022:10:20:33 -0500] "GET /portaldeninos/wp-login.php HTTP/1.1" 503 1037
201.245.192.253 - - [30/Jul/2022:10:20:38 -0500] "POST /kwsrmcab/Wsrmcab HTTP/1.1" 200 45173
201.245.192.253 - - [30/Jul/2022:10:20:42 -0500] "POST /kwsrmcab/Wsrmcab HTTP/1.1" 200 48124
173.252.79.22 - - [30/Jul/2022:10:21:20 -0500] "GET /images/jornadas-llantas-usadas-23-mayo.jpg HTTP/1.1" 200 148376
172.22.2.4 - - [30/Jul/2022:10:21:31 -0500] "GET /BLA/boletinlegal/jurisprudencia/analisis/AnalisisT-606-15.docx HTTP/1.1" 200 26698
172.22.2.4 - - [30/Jul/2022:10:21:32 -0500] "GET /BLA/boletinlegal/apple-touch-icon-120x120-precomposed.png HTTP/1.1" 404 1140
172.22.2.4 - - [30/Jul/2022:10:21:32 -0500] "GET /BLA/boletinlegal/apple-touch-icon-120x120.png HTTP/1.1" 404 1140
172.22.2.4 - - [30/Jul/2022:10:21:32 -0500] "GET /BLA/boletinlegal/apple-touch-icon-precomposed.png HTTP/1.1" 404 1140
172.22.2.4 - - [30/Jul/2022:10:21:32 -0500] "GET /BLA/boletinlegal/apple-touch-icon.png HTTP/1.1" 404 1140
172.22.2.4 - - [30/Jul/2022:10:21:32 -0500] "GET /BLA/boletinlegal/favicon.ico HTTP/1.1" 404 1140
172.22.2.4 - - [30/Jul/2022:10:21:32 -0500] "GET /BLA/boletinlegal/apple-touch-icon-120x120-precomposed.png HTTP/1.1" 404 1140
172.22.2.4 - - [30/Jul/2022:10:21:32 -0500] "GET /BLA/boletinlegal/apple-touch-icon-120x120.png HTTP/1.1" 404 1140
172.22.2.4 - - [30/Jul/2022:10:21:32 -0500] "GET /BLA/boletinlegal/apple-touch-icon-precomposed.png HTTP/1.1" 404 1140
172.22.2.4 - - [30/Jul/2022:10:21:32 -0500] "GET /BLA/boletinlegal/apple-touch-icon.png HTTP/1.1" 404 1140
172.22.2.4 - - [30/Jul/2022:10:21:32 -0500] "GET /BLA/boletinlegal/favicon.ico HTTP/1.1" 404 1140
216.245.221.92 - - [30/Jul/2022:10:21:42 -0500] "HEAD / HTTP/1.1" 200 -
93.119.175.120 - - [30/Jul/2022:10:23:45 -0500] "GET / HTTP/1.1" 200 319
172.22.2.4 - - [30/Jul/2022:10:24:22 -0500] "GET /BLA/boletinlegal/jurisprudencia.php HTTP/1.1" 200 17573
201.245.192.253 - - [30/Jul/2022:10:24:59 -0500] "POST /kwsrmcab/Wsrmcab  HTTP/1.1" 200 45524
172.22.2.4 - - [30/Jul/2022:10:23:45 -0500] "HEAD /BLA/boletinlegal/ HTTP/1.1" 200 -
172.22.2.4 - - [30/Jul/2022:10:24:35 -0500] "GET /BLA/boletinlegal/ HTTP/1.1" 200 55221
216.245.221.92 - - [30/Jul/2022:10:26:42 -0500] "HEAD / HTTP/1.1" 200 -
201.245.192.253 - - [30/Jul/2022:10:29:57 -0500] "POST /kwsrmcab/Wsrmcab  HTTP/1.1" 200 45524
66.249.72.143 - - [30/Jul/2022:10:30:24 -0500] "-" 408 -
201.245.192.253 - - [30/Jul/2022:10:30:38 -0500] "POST /kwsrmcab/Wsrmcab HTTP/1.1" 200 45173
201.245.192.253 - - [30/Jul/2022:10:30:42 -0500] "POST /kwsrmcab/Wsrmcab HTTP/1.1" 200 48124
172.22.2.4 - - [30/Jul/2022:10:30:50 -0500] "GET /BLA/boletinlegal/actos.php HTTP/1.1" 200 9559
172.22.2.4 - - [30/Jul/2022:10:30:50 -0500] "GET /BLA/boletinlegal/favicon.ico HTTP/1.1" 404 1326
191.102.196.212 - - [30/Jul/2022:10:30:52 -0500] "GET /BLA/resoluciones/ HTTP/1.1" 200 13093
172.22.2.4 - - [30/Jul/2022:10:31:02 -0500] "GET /BLA/boletinlegal/js/jquery.js HTTP/1.1" 200 57254
172.22.2.4 - - [30/Jul/2022:10:31:02 -0500] "GET /BLA/boletinlegal/js/jquery.scrollTo-min.js HTTP/1.1" 200 1150
172.22.2.4 - - [30/Jul/2022:10:31:02 -0500] "GET /BLA/boletinlegal/js/jquery.scrollShow.js HTTP/1.1" 200 4586
172.22.2.4 - - [30/Jul/2022:10:31:02 -0500] "GET /BLA/boletinlegal/images/arr_l.jpg HTTP/1.1" 200 1979
172.22.2.4 - - [30/Jul/2022:10:31:02 -0500] "GET /BLA/boletinlegal/images/screen_1.png HTTP/1.1" 200 202547
172.22.2.4 - - [30/Jul/2022:10:31:02 -0500] "GET /BLA/boletinlegal/images/launch.jpg HTTP/1.1" 200 14577
172.22.2.4 - - [30/Jul/2022:10:31:04 -0500] "GET /BLA/boletinlegal/actos.php HTTP/1.1" 200 9559
190.69.226.184 - - [30/Jul/2022:10:31:06 -0500] "GET /BLA/resoluciones/ HTTP/1.1" 200 13093
190.69.226.184 - - [30/Jul/2022:10:31:06 -0500] "GET /favicon.ico HTTP/1.1" 200 7782
190.69.226.184 - - [30/Jul/2022:10:31:09 -0500] "GET /BLA/resoluciones/index.php?dir=AUTOS+2010%2F HTTP/1.1" 200 276453
172.22.2.4 - - [30/Jul/2022:10:29:35 -0500] "HEAD /BLA/boletinlegal/ HTTP/1.1" 200 -
190.69.226.184 - - [30/Jul/2022:10:31:16 -0500] "GET /BLA/resoluciones/AUTOS%202010/3113.pdf HTTP/1.1" 200 934619
191.102.196.212 - - [30/Jul/2022:10:31:27 -0500] "GET /BLA/resoluciones/index.php?dir=AUTOS+2013%2F HTTP/1.1" 200 405798
216.245.221.92 - - [30/Jul/2022:10:31:42 -0500] "HEAD / HTTP/1.1" 200 -
172.22.2.4 - - [30/Jul/2022:10:31:02 -0500] "GET /BLA/boletinlegal/ HTTP/1.1" 200 24523
191.102.196.212 - - [30/Jul/2022:10:31:50 -0500] "GET /BLA/resoluciones/AUTOS%202013/2363.pdf HTTP/1.1" 200 3660332
172.22.2.4 - - [30/Jul/2022:10:30:25 -0500] "GET /BLA/boletinlegal/ HTTP/1.1" 200 51994
191.102.196.212 - - [30/Jul/2022:10:32:23 -0500] "GET /BLA/resoluciones/index.php?dir=RESOLUCIONES+2013%2F HTTP/1.1" 200 237598
172.22.2.4 - - [30/Jul/2022:10:30:46 -0500] "GET /BLA/boletinlegal/ HTTP/1.1" 200 54004
172.22.2.4 - - [30/Jul/2022:10:34:02 -0500] "GET /BLA/boletinlegal/style.css HTTP/1.1" 200 9406
172.22.2.4 - - [30/Jul/2022:10:34:02 -0500] "GET /BLA/boletinlegal/styles2.css HTTP/1.1" 200 1838
172.22.2.4 - - [30/Jul/2022:10:34:02 -0500] "GET /BLA/boletinlegal/js/jquery.js HTTP/1.1" 200 57254
172.22.2.4 - - [30/Jul/2022:10:34:02 -0500] "GET /BLA/boletinlegal/js/jquery.scrollTo-min.js HTTP/1.1" 200 1150
172.22.2.4 - - [30/Jul/2022:10:34:02 -0500] "GET /BLA/boletinlegal/js/jquery.scrollShow.js HTTP/1.1" 200 4586
172.22.2.4 - - [30/Jul/2022:10:34:02 -0500] "GET /BLA/boletinlegal/images/cabezote%20BLEGAL.jpg HTTP/1.1" 200 118164
172.22.2.4 - - [30/Jul/2022:10:34:03 -0500] "GET /BLA/boletinlegal/images/subscribe-icon-big.png HTTP/1.1" 200 47702
172.22.2.4 - - [30/Jul/2022:10:34:03 -0500] "GET /BLA/boletinlegal/images/arr_l.jpg HTTP/1.1" 200 1979
172.22.2.4 - - [30/Jul/2022:10:34:03 -0500] "GET /BLA/boletinlegal/images/registro-usuarios.png HTTP/1.1" 200 8106
172.22.2.4 - - [30/Jul/2022:10:34:03 -0500] "GET /BLA/boletinlegal/images/historia.png HTTP/1.1" 200 52775
172.22.2.4 - - [30/Jul/2022:10:34:03 -0500] "GET /BLA/boletinlegal/images/hover.jpg HTTP/1.1" 200 640
172.22.2.4 - - [30/Jul/2022:10:34:03 -0500] "GET /BLA/boletinlegal/images/text.jpg HTTP/1.1" 200 568
172.22.2.4 - - [30/Jul/2022:10:34:03 -0500] "GET /BLA/boletinlegal/images/menu_bg.jpg HTTP/1.1" 200 620
172.22.2.4 - - [30/Jul/2022:10:34:03 -0500] "GET /BLA/boletinlegal/images/menu_lft.gif HTTP/1.1" 200 1713
172.22.2.4 - - [30/Jul/2022:10:34:03 -0500] "GET /BLA/boletinlegal/images/menu_rght.gif HTTP/1.1" 200 1627
172.22.2.4 - - [30/Jul/2022:10:34:03 -0500] "GET /BLA/boletinlegal/images/bg_top.jpg HTTP/1.1" 200 522
172.22.2.4 - - [30/Jul/2022:10:34:03 -0500] "GET /BLA/boletinlegal/images/body_bg.jpg HTTP/1.1" 200 1601
172.22.2.4 - - [30/Jul/2022:10:34:03 -0500] "GET /BLA/boletinlegal/images/launch.jpg HTTP/1.1" 200 14577
172.22.2.4 - - [30/Jul/2022:10:34:03 -0500] "GET /BLA/boletinlegal/images/screen_1.png HTTP/1.1" 200 202547
172.22.2.4 - - [30/Jul/2022:10:34:02 -0500] "GET /BLA/boletinlegal/ HTTP/1.1" 200 24523
201.245.192.253 - - [30/Jul/2022:10:34:56 -0500] "POST /kwsrmcab/Wsrmcab  HTTP/1.1" 200 45524
216.245.221.92 - - [30/Jul/2022:10:36:42 -0500] "HEAD / HTTP/1.1" 200 -
172.22.2.4 - - [30/Jul/2022:10:35:25 -0500] "HEAD /BLA/boletinlegal/ HTTP/1.1" 200 -
2.57.122.98 - - [30/Jul/2022:10:37:33 -0500] "GET / HTTP/1.1" 200 319
172.22.2.4 - - [30/Jul/2022:10:36:15 -0500] "GET /BLA/boletinlegal/ HTTP/1.1" 200 58576
172.22.2.4 - - [30/Jul/2022:10:38:12 -0500] "GET /BLA/boletinlegal/consulta_actos.php?tipo=resoluciones&no=1944&usuario=&sector=&fecha=2022&resuelve= HTTP/1.1" 200 626
172.22.2.4 - - [30/Jul/2022:10:38:16 -0500] "GET /BLA/boletinlegal/consulta_actos.php?tipo=resoluciones&no=1944&usuario=&sector=&fecha=2022&resuelve= HTTP/1.1" 200 626
185.119.81.98 - - [30/Jul/2022:10:38:20 -0500] "GET /portaldeninos/wp-login.php HTTP/1.1" 503 1037
172.22.2.4 - - [30/Jul/2022:10:38:25 -0500] "GET /BLA/boletinlegal/consulta_actos.php?tipo=resoluciones&no=1944&usuario=&sector=&fecha=2015&resuelve= HTTP/1.1" 200 626
172.22.2.4 - - [30/Jul/2022:10:38:26 -0500] "GET /BLA/boletinlegal/consulta_actos.php?tipo=resoluciones&no=1944&usuario=&sector=&fecha=2015&resuelve= HTTP/1.1" 200 626
172.22.2.4 - - [30/Jul/2022:10:38:31 -0500] "GET /BLA/boletinlegal/consulta_actos.php?tipo=resoluciones&no=1944&usuario=&sector=&fecha=2015&resuelve= HTTP/1.1" 200 626
172.22.2.4 - - [30/Jul/2022:10:38:32 -0500] "GET /BLA/boletinlegal/consulta_actos.php?tipo=resoluciones&no=1944&usuario=&sector=&fecha=2015&resuelve= HTTP/1.1" 200 626
172.22.2.4 - - [30/Jul/2022:10:38:35 -0500] "GET /BLA/boletinlegal/consulta_actos.php?tipo=resoluciones&no=1944&usuario=&sector=&fecha=2015&resuelve= HTTP/1.1" 200 626
179.19.171.165 - - [30/Jul/2022:10:38:37 -0500] "GET /BLA/resoluciones/ HTTP/1.1" 200 13093
179.19.171.165 - - [30/Jul/2022:10:38:42 -0500] "GET /BLA/resoluciones/dlf/unknown.png HTTP/1.1" 200 266
179.19.171.165 - - [30/Jul/2022:10:38:42 -0500] "GET /BLA/resoluciones/index.php?dir=RESOLUCIONES+2015%2F HTTP/1.1" 200 130215
179.19.171.165 - - [30/Jul/2022:10:39:21 -0500] "GET /BLA/resoluciones/index.php?dir=RESOLUCIONES+2017%2F HTTP/1.1" 200 281896
179.19.171.165 - - [30/Jul/2022:10:39:37 -0500] "GET /BLA/resoluciones/RESOLUCIONES%202017/1944.pdf HTTP/1.1" 200 914513
201.245.192.253 - - [30/Jul/2022:10:39:55 -0500] "POST /kwsrmcab/Wsrmcab  HTTP/1.1" 200 45524
201.245.192.253 - - [30/Jul/2022:10:40:38 -0500] "POST /kwsrmcab/Wsrmcab HTTP/1.1" 200 45173
201.245.192.253 - - [30/Jul/2022:10:40:42 -0500] "POST /kwsrmcab/Wsrmcab HTTP/1.1" 200 48124
216.245.221.92 - - [30/Jul/2022:10:41:42 -0500] "HEAD / HTTP/1.1" 200 -
172.22.2.4 - - [30/Jul/2022:10:41:15 -0500] "HEAD /BLA/boletinlegal/ HTTP/1.1" 200 -
172.22.2.4 - - [30/Jul/2022:10:42:59 -0500] "GET /BLA/boletinlegal/style.css HTTP/1.1" 200 9406
172.22.2.4 - - [30/Jul/2022:10:42:59 -0500] "GET /BLA/boletinlegal/styles2.css HTTP/1.1" 200 1838
172.22.2.4 - - [30/Jul/2022:10:42:59 -0500] "GET /BLA/boletinlegal/js/jquery.js HTTP/1.1" 200 57254
172.22.2.4 - - [30/Jul/2022:10:42:59 -0500] "GET /BLA/boletinlegal/js/jquery.scrollTo-min.js HTTP/1.1" 200 1150
172.22.2.4 - - [30/Jul/2022:10:43:00 -0500] "GET /BLA/boletinlegal/js/jquery.scrollShow.js HTTP/1.1" 200 4586
172.22.2.4 - - [30/Jul/2022:10:43:00 -0500] "GET /BLA/boletinlegal/images/cabezote%20BLEGAL.jpg HTTP/1.1" 200 118164
172.22.2.4 - - [30/Jul/2022:10:43:00 -0500] "GET /BLA/boletinlegal/images/subscribe-icon-big.png HTTP/1.1" 200 47702
172.22.2.4 - - [30/Jul/2022:10:43:00 -0500] "GET /BLA/boletinlegal/images/historia.png HTTP/1.1" 200 52775
172.22.2.4 - - [30/Jul/2022:10:43:00 -0500] "GET /BLA/boletinlegal/images/body_bg.jpg HTTP/1.1" 200 1601
172.22.2.4 - - [30/Jul/2022:10:43:00 -0500] "GET /BLA/boletinlegal/images/menu_bg.jpg HTTP/1.1" 200 620
172.22.2.4 - - [30/Jul/2022:10:43:00 -0500] "GET /BLA/boletinlegal/images/bg_top.jpg HTTP/1.1" 200 522
172.22.2.4 - - [30/Jul/2022:10:43:00 -0500] "GET /BLA/boletinlegal/images/menu_rght.gif HTTP/1.1" 200 1627
172.22.2.4 - - [30/Jul/2022:10:43:00 -0500] "GET /BLA/boletinlegal/images/menu_lft.gif HTTP/1.1" 200 1713
172.22.2.4 - - [30/Jul/2022:10:43:00 -0500] "GET /BLA/boletinlegal/images/text.jpg HTTP/1.1" 200 568
172.22.2.4 - - [30/Jul/2022:10:43:00 -0500] "GET /BLA/boletinlegal/images/hover.jpg HTTP/1.1" 200 640
172.22.2.4 - - [30/Jul/2022:10:43:00 -0500] "GET /BLA/boletinlegal/images/registro-usuarios.png HTTP/1.1" 200 8106
172.22.2.4 - - [30/Jul/2022:10:43:00 -0500] "GET /BLA/boletinlegal/images/arr_l.jpg HTTP/1.1" 200 1979
172.22.2.4 - - [30/Jul/2022:10:43:00 -0500] "GET /BLA/boletinlegal/images/launch.jpg HTTP/1.1" 200 14577
172.22.2.4 - - [30/Jul/2022:10:43:00 -0500] "GET /BLA/boletinlegal/images/screen_1.png HTTP/1.1" 200 202547
172.22.2.4 - - [30/Jul/2022:10:43:04 -0500] "GET /BLA/boletinlegal/actos.php HTTP/1.1" 200 9559
172.22.2.4 - - [30/Jul/2022:10:43:04 -0500] "GET /BLA/boletinlegal/niceforms.js HTTP/1.1" 200 22876
172.22.2.4 - - [30/Jul/2022:10:43:04 -0500] "GET /BLA/boletinlegal/niceforms-default.css HTTP/1.1" 200 6694
172.22.2.4 - - [30/Jul/2022:10:43:04 -0500] "GET /BLA/boletinlegal/js/lib.js HTTP/1.1" 200 6474
172.22.2.4 - - [30/Jul/2022:10:43:04 -0500] "GET /BLA/boletinlegal/js/ajax_actos.js HTTP/1.1" 200 1322
172.22.2.4 - - [30/Jul/2022:10:43:04 -0500] "GET /BLA/boletinlegal/js/popup.js HTTP/1.1" 200 1270
172.22.2.4 - - [30/Jul/2022:10:43:04 -0500] "GET /BLA/boletinlegal/images/green-yellow-blue-pink-th.png HTTP/1.1" 200 7394
172.22.2.4 - - [30/Jul/2022:10:43:04 -0500] "GET /BLA/boletinlegal/js/jquery1.js HTTP/1.1" 200 29846
172.22.2.4 - - [30/Jul/2022:10:43:04 -0500] "GET /BLA/boletinlegal/images/abajo.png HTTP/1.1" 200 96676
172.22.2.4 - - [30/Jul/2022:10:43:04 -0500] "GET /BLA/boletinlegal/images/tel.png HTTP/1.1" 200 14477
172.22.2.4 - - [30/Jul/2022:10:43:04 -0500] "GET /BLA/boletinlegal/images/icono-email.png HTTP/1.1" 200 5544
172.22.2.4 - - [30/Jul/2022:10:43:04 -0500] "GET /BLA/boletinlegal/images/footer_bg.jpg HTTP/1.1" 200 586
172.22.2.4 - - [30/Jul/2022:10:43:04 -0500] "GET /BLA/boletinlegal/images/footer_bg_l.jpg HTTP/1.1" 200 776
172.22.2.4 - - [30/Jul/2022:10:43:04 -0500] "GET /BLA/boletinlegal/img/select-left.png HTTP/1.1" 200 263
172.22.2.4 - - [30/Jul/2022:10:43:04 -0500] "GET /BLA/boletinlegal/img/0.png HTTP/1.1" 200 110
172.22.2.4 - - [30/Jul/2022:10:43:04 -0500] "GET /BLA/boletinlegal/img/button-left.png HTTP/1.1" 200 57071
172.22.2.4 - - [30/Jul/2022:10:43:04 -0500] "GET /BLA/boletinlegal/img/select-right.png HTTP/1.1" 200 44019
172.22.2.4 - - [30/Jul/2022:10:43:04 -0500] "GET /BLA/boletinlegal/img/button.png HTTP/1.1" 200 43241
172.22.2.4 - - [30/Jul/2022:10:43:04 -0500] "GET /BLA/boletinlegal/img/button-right.png HTTP/1.1" 200 57878
172.22.2.4 - - [30/Jul/2022:10:43:04 -0500] "GET /BLA/boletinlegal/favicon.ico HTTP/1.1" 404 1326
172.22.2.4 - - [30/Jul/2022:10:43:21 -0500] "GET /BLA/boletinlegal/consulta_actos.php?tipo=resoluciones&no=1944&usuario=&sector=&fecha=2015&resuelve= HTTP/1.1" 200 626
172.22.2.4 - - [30/Jul/2022:10:42:59 -0500] "GET /BLA/boletinlegal/ HTTP/1.1" 200 24523
172.22.2.4 - - [30/Jul/2022:10:43:37 -0500] "GET /BLA/boletinlegal/consulta_actos.php?tipo=resoluciones&no=1944&usuario=&sector=&fecha=2017&resuelve= HTTP/1.1" 200 1105
172.22.2.4 - - [30/Jul/2022:10:43:37 -0500] "GET /BLA/boletinlegal/images/pdf.gif HTTP/1.1" 200 567
191.95.52.13 - - [30/Jul/2022:10:43:41 -0500] "GET /BLA/resoluciones/RESOLUCIONES%202017/1944.pdf HTTP/1.1" 200 914513
172.22.2.4 - - [30/Jul/2022:10:42:05 -0500] "GET /BLA/boletinlegal/ HTTP/1.1" 200 56377
191.95.52.13 - - [30/Jul/2022:10:43:48 -0500] "GET /BLA/resoluciones/RESOLUCIONES%202017/1944.pdf HTTP/1.1" 206 1
191.95.52.13 - - [30/Jul/2022:10:43:48 -0500] "GET /BLA/resoluciones/RESOLUCIONES%202017/1944.pdf HTTP/1.1" 206 906457
191.95.52.13 - - [30/Jul/2022:10:43:56 -0500] "GET /BLA/resoluciones/RESOLUCIONES%202017/1944.pdf HTTP/1.1" 206 1
191.95.52.13 - - [30/Jul/2022:10:43:56 -0500] "GET /BLA/resoluciones/RESOLUCIONES%202017/1944.pdf HTTP/1.1" 206 906457
191.95.52.13 - - [30/Jul/2022:10:43:58 -0500] "GET /BLA/resoluciones/RESOLUCIONES%202017/1944.pdf HTTP/1.1" 206 1
191.95.52.13 - - [30/Jul/2022:10:43:58 -0500] "GET /BLA/resoluciones/RESOLUCIONES%202017/1944.pdf HTTP/1.1" 206 906457
191.95.52.13 - - [30/Jul/2022:10:43:59 -0500] "GET /BLA/resoluciones/RESOLUCIONES%202017/1944.pdf HTTP/1.1" 206 1
191.95.52.13 - - [30/Jul/2022:10:43:59 -0500] "GET /BLA/resoluciones/RESOLUCIONES%202017/1944.pdf HTTP/1.1" 206 904007
191.95.52.13 - - [30/Jul/2022:10:44:00 -0500] "GET /BLA/resoluciones/RESOLUCIONES%202017/1944.pdf HTTP/1.1" 206 1
191.95.52.13 - - [30/Jul/2022:10:44:00 -0500] "GET /BLA/resoluciones/RESOLUCIONES%202017/1944.pdf HTTP/1.1" 206 904007
191.95.52.13 - - [30/Jul/2022:10:44:00 -0500] "GET /BLA/resoluciones/RESOLUCIONES%202017/1944.pdf HTTP/1.1" 206 1
191.95.52.13 - - [30/Jul/2022:10:44:00 -0500] "GET /BLA/resoluciones/RESOLUCIONES%202017/1944.pdf HTTP/1.1" 206 904007
172.22.2.4 - - [30/Jul/2022:10:44:29 -0500] "GET /BLA/boletinlegal/actos.php HTTP/1.1" 200 9559
172.22.2.4 - - [30/Jul/2022:10:44:47 -0500] "GET /BLA/boletinlegal/consulta_actos.php?tipo=resoluciones&no=1944&usuario=&sector=&fecha=2017&resuelve= HTTP/1.1" 200 1105
191.95.52.13 - - [30/Jul/2022:10:44:52 -0500] "GET /BLA/resoluciones/RESOLUCIONES%202017/1944.pdf HTTP/1.1" 206 1
191.95.52.13 - - [30/Jul/2022:10:44:52 -0500] "GET /BLA/resoluciones/RESOLUCIONES%202017/1944.pdf HTTP/1.1" 206 904007
191.95.52.13 - - [30/Jul/2022:10:44:53 -0500] "GET /BLA/resoluciones/RESOLUCIONES%202017/1944.pdf HTTP/1.1" 206 1
191.95.52.13 - - [30/Jul/2022:10:44:53 -0500] "GET /BLA/resoluciones/RESOLUCIONES%202017/1944.pdf HTTP/1.1" 206 904007
201.245.192.253 - - [30/Jul/2022:10:44:54 -0500] "POST /kwsrmcab/Wsrmcab  HTTP/1.1" 200 45524
191.95.52.13 - - [30/Jul/2022:10:44:59 -0500] "GET /BLA/resoluciones/RESOLUCIONES%202017/1944.pdf HTTP/1.1" 206 1
191.95.52.13 - - [30/Jul/2022:10:44:59 -0500] "GET /BLA/resoluciones/RESOLUCIONES%202017/1944.pdf HTTP/1.1" 206 904007
172.22.2.4 - - [30/Jul/2022:10:44:26 -0500] "GET /BLA/boletinlegal/ HTTP/1.1" 200 24523
172.22.2.4 - - [30/Jul/2022:10:45:19 -0500] "GET /BLA/boletinlegal/actos.php HTTP/1.1" 200 9559
172.22.2.4 - - [30/Jul/2022:10:45:32 -0500] "GET /BLA/boletinlegal/consulta_actos.php?tipo=autos&no=&usuario=&sector=&fecha=2022&resuelve= HTTP/1.1" 200 524821
172.22.2.4 - - [30/Jul/2022:10:45:33 -0500] "GET /BLA/boletinlegal/images/background.gif HTTP/1.1" 200 -
172.22.2.4 - - [30/Jul/2022:10:45:42 -0500] "GET /BLA/boletinlegal/jurisprudencia/analisis/AnalisisT-606-15.docx HTTP/1.1" 200 26698
172.22.2.4 - - [30/Jul/2022:10:45:43 -0500] "GET /BLA/boletinlegal/apple-touch-icon-120x120-precomposed.png HTTP/1.1" 404 1140
172.22.2.4 - - [30/Jul/2022:10:45:43 -0500] "GET /BLA/boletinlegal/apple-touch-icon-120x120.png HTTP/1.1" 404 1140
172.22.2.4 - - [30/Jul/2022:10:45:43 -0500] "GET /BLA/boletinlegal/apple-touch-icon-precomposed.png HTTP/1.1" 404 1140
172.22.2.4 - - [30/Jul/2022:10:45:43 -0500] "GET /BLA/boletinlegal/apple-touch-icon.png HTTP/1.1" 404 1140
172.22.2.4 - - [30/Jul/2022:10:45:43 -0500] "GET /BLA/boletinlegal/favicon.ico HTTP/1.1" 404 1140
172.22.2.4 - - [30/Jul/2022:10:45:43 -0500] "GET /BLA/boletinlegal/apple-touch-icon-120x120-precomposed.png HTTP/1.1" 404 1140
172.22.2.4 - - [30/Jul/2022:10:45:43 -0500] "GET /BLA/boletinlegal/apple-touch-icon-120x120.png HTTP/1.1" 404 1140
172.22.2.4 - - [30/Jul/2022:10:45:43 -0500] "GET /BLA/boletinlegal/apple-touch-icon-precomposed.png HTTP/1.1" 404 1140
172.22.2.4 - - [30/Jul/2022:10:45:43 -0500] "GET /BLA/boletinlegal/apple-touch-icon.png HTTP/1.1" 404 1140
172.22.2.4 - - [30/Jul/2022:10:45:43 -0500] "GET /BLA/boletinlegal/favicon.ico HTTP/1.1" 404 1140
190.26.163.147 - - [30/Jul/2022:10:45:51 -0500] "GET /BLA/resoluciones/ HTTP/1.1" 200 13093
190.26.163.147 - - [30/Jul/2022:10:45:52 -0500] "GET /favicon.ico HTTP/1.1" 200 7782
186.102.56.232 - - [30/Jul/2022:10:45:54 -0500] "GET /kwssiamovil/sm/ldap/au?x=U2FsdGVkX183JPGeSKQRbbIKdsMQtqO33twnkOvPl6pAlumkGG8VVq9myRWRP0TY&y=U2FsdGVkX185rNGSaTtF6mWthcJ9RWEVlNJovUsn+gNrdD8QAyJK3W8dPeS+AsYH HTTP/1.1" 200 30
186.102.56.232 - - [30/Jul/2022:10:45:54 -0500] "GET /kwssiamovil/sm/acme/s?s=U2FsdGVkX1/Nqkhn6JCzP5rGUh9Ni7wNYjt3Z+MRmsxfAbE9DPwe6E3ZaD+vLpkmTGeMYkJJoTPdpYO0P2lTtxM2EiesOfNSl4EFeLaJmLw=&u=U2FsdGVkX1+NjfZJPCG8hEosY1eij2BHCgTAOmNVK8u/jnM1aRpGKp/wFg68gsQ/&y=U2FsdGVkX185rNGSaTtF6mWthcJ9RWEVlNJovUsn+gNrdD8QAyJK3W8dPeS+AsYH HTTP/1.1" 200 97
186.102.56.232 - - [30/Jul/2022:10:45:54 -0500] "GET /kwssiamovil/sm/acme/s?s=U2FsdGVkX1+9Hepa3NUQuKvJqnweZzWY7rj/IyA+x01vzw2br/onvu5DKeiS94DV4BnFXAxtNhlRQ9zx8WeoZhvqNZPmLtoC3h+95wfNQtuOu986EHFXfC6R/3lIFIEQlo2BB1C/gjMFDYFbQ5g01xvXRpDoRGf5hmXKoAKDv+8SntOEnPjlyGpR38BExbeIGp6vkCoY1+Elf3GxsJjrxCj+SfhZchhOUeqQXa8aA4EY5vyF+69tjgFAwa1m+w5udBxZj9QLwlv5UuEU8lfpLY4vvtQYLk/AY/VlY8VuBaVrELUo0v8VC6qSbiAovpNpOZ55/BTt8Bd1vKdo++0p7lY0iab0Y8LxCRyDmuhY3bO5jS55gwxfoNH0pEw7n1e7a/7y8VfcyPSDmnyZnb6xSgzPwBKbhlVC8AlvbWub518nRwzkiLpEhkknOV0DbmvZU3tHuIBzugE6RsapoYegM9DAwAcgzbGuSzbt/cSnCvc1z6gf/LqLma8DQSZUFU6OwkBiPMjwdDc0wOz2qcjsS9HdKFYIBVwnUQc8FsviPYHf8Nsgm+1w5/xM05LeJjPLEp9MnG8f56y9yrBtnGUBxaQmruDnHqlXqJUmQS1oaBrxKpRalCGpQCBCp62yjv0plkm55sGjraNo/yQb5AIOFIgfXPO+PBFYQplpDy9Rw1d20Pik30g+Y71bvf95OYxTlK8CXMTgkDdwxvzYwhipgBaemwbgRuKkQNfZoVYdZhDXj1AjYZfpgTjuvdxORS+v7sLJSBfFRk1mhE66RkYb/JI5gPdU5f0rBuscr3VYz/4zCT2fFXkTUeUF0WxeHaMq5/jzAVzl2XeeaWuSqfzZBqx8itrbJ8MyLEP10uQObVTlq7tUjA5JLfyMla4naCYtTn5lTyrjzhfaaVyzDIyYAiCVXbBEQ0G8lSySshnA87SN+E8HHHaFm+w9YLI2cvY9imgesiNSDgTsEv4y7AtmCK+mIEAf4Vzup9DMk8vXWBnVg53oIu+tfZzm6Vofljai1DomLM2BRp0dffcNIt4xIXILiboZAQTmhi8qRsYcrCAAWGJX5fS6edgj+LeR1ABsMCipm6+YtxoBayRq7pGWAkaw0Sl8S8QfmEn2FAhOpH53x3SwxZ9bWzGK0XxySHAgLzb2lZcfdlcWWid0L0qVO+KPaFoep4BUt2x0tAGcElMcOZHHxxLKpdvK7nsLJ3ywy+Idgc28fCUjk+anKVdESbmt5O8s80Aig5Oyqv9VnfQx5TMPxf+T28vXH+B2KVxE166unLTAdv/Wl5uZPCMpEpvCz8anIRJj/9R2y3YtSbclCC4Hv8XTW2oZAPtg6JRQLNPLAUdI1tjKxJ4VY0oMAyy2j/sVty0Qq0FYpz2zLuc=&u=U2FsdGVkX1+NjfZJPCG8hEosY1eij2BHCgTAOmNVK8u/jnM1aRpGKp/wFg68gsQ/&y=U2FsdGVkX185rNGSaTtF6mWthcJ9RWEVlNJovUsn+gNrdD8QAyJK3W8dPeS+AsYH HTTP/1.1" 200 2709
186.102.56.232 - - [30/Jul/2022:10:45:54 -0500] "GET /kwssiamovil/sm/acme/s?s=U2FsdGVkX19eI5U4gG0PK9fE43czcNPESBADIV3FRcLjBkQ6WwmnpSDd7Fgfni3Vr9xK5Zcb2M41xPLp2ff5MHezFBGijuKQ6iR+zZ3rU28yheYUr7v37PCFjCoj7nc70p6h1lrrlbmkgQaiQmMMABsCx3CTU13qoA6PzKrq0AJg/z3XTb6UbS3pWqCJhghKLWPMpXC9+cX2D6QHt9f8LMJe/MUM4/9PKK8CBdxE6OGDj6J+76KECTt60ZiC6nzqy11RzC1lQouRIk0DBVsMY+1B9p4Fzehcxq8FBfiAxzc=&u=U2FsdGVkX1+NjfZJPCG8hEosY1eij2BHCgTAOmNVK8u/jnM1aRpGKp/wFg68gsQ/&y=U2FsdGVkX185rNGSaTtF6mWthcJ9RWEVlNJovUsn+gNrdD8QAyJK3W8dPeS+AsYH HTTP/1.1" 200 176
190.26.163.147 - - [30/Jul/2022:10:45:55 -0500] "GET /BLA/resoluciones/index.php?dir=AUTOS+2022%2F HTTP/1.1" 200 158551
186.102.56.232 - - [30/Jul/2022:10:45:55 -0500] "GET /kwssiamovil/sm/cjson/pre?f=1&x=U2FsdGVkX183JPGeSKQRbbIKdsMQtqO33twnkOvPl6pAlumkGG8VVq9myRWRP0TY HTTP/1.1" 200 30992
172.22.2.4 - - [30/Jul/2022:10:45:55 -0500] "GET /BLA/boletinlegal/consulta_actos.php?tipo=resoluciones&no=1944&usuario=&sector=&fecha=2017&resuelve= HTTP/1.1" 200 1105
190.158.160.208 - - [30/Jul/2022:10:45:59 -0500] "GET /Residuos/impresion/files/guia_impresion-lit.pdf HTTP/1.1" 200 12573981
191.95.52.13 - - [30/Jul/2022:10:46:01 -0500] "GET /BLA/resoluciones/RESOLUCIONES%202017/1944.pdf HTTP/1.1" 206 1
191.95.52.13 - - [30/Jul/2022:10:46:01 -0500] "GET /BLA/resoluciones/RESOLUCIONES%202017/1944.pdf HTTP/1.1" 206 904007
172.22.2.4 - - [30/Jul/2022:10:46:30 -0500] "GET /BLA/boletinlegal/images/screen_2.png HTTP/1.1" 200 362502
172.22.2.4 - - [30/Jul/2022:10:46:30 -0500] "GET /BLA/boletinlegal/images/screen_3.png HTTP/1.1" 200 210620
172.22.2.4 - - [30/Jul/2022:10:46:30 -0500] "GET /BLA/boletinlegal/images/screen_5.png HTTP/1.1" 200 368876
172.22.2.4 - - [30/Jul/2022:10:46:31 -0500] "GET /BLA/boletinlegal/images/arr_r.jpg HTTP/1.1" 200 1998
216.245.221.92 - - [30/Jul/2022:10:46:42 -0500] "HEAD / HTTP/1.1" 200 -
172.22.2.4 - - [30/Jul/2022:10:46:23 -0500] "GET /BLA/boletinlegal/ HTTP/1.1" 200 53291
172.22.2.4 - - [30/Jul/2022:10:47:05 -0500] "HEAD /BLA/boletinlegal/ HTTP/1.1" 200 -
172.22.2.4 - - [30/Jul/2022:10:47:55 -0500] "GET /BLA/boletinlegal/ HTTP/1.1" 200 60282
201.245.192.253 - - [30/Jul/2022:10:49:53 -0500] "POST /kwsrmcab/Wsrmcab  HTTP/1.1" 200 45524
173.252.107.10 - - [30/Jul/2022:10:50:08 -0500] "GET /auambari-deleito-con-sus-sonidos-ambientales-a-los-asistentes-de-fima-2021.html HTTP/1.1" 206 888
216.245.221.92 - - [30/Jul/2022:10:51:42 -0500] "HEAD / HTTP/1.1" 200 -
172.22.2.4 - - [30/Jul/2022:10:52:55 -0500] "HEAD /BLA/boletinlegal/ HTTP/1.1" 200 -
201.245.192.253 - - [30/Jul/2022:10:54:51 -0500] "POST /kwsrmcab/Wsrmcab  HTTP/1.1" 200 45524
172.22.2.4 - - [30/Jul/2022:10:53:45 -0500] "GET /BLA/boletinlegal/ HTTP/1.1" 200 57726
216.245.221.92 - - [30/Jul/2022:10:56:42 -0500] "HEAD / HTTP/1.1" 200 -
201.245.192.253 - - [30/Jul/2022:10:59:50 -0500] "POST /kwsrmcab/Wsrmcab  HTTP/1.1" 200 45524
172.22.2.4 - - [30/Jul/2022:10:58:45 -0500] "HEAD /BLA/boletinlegal/ HTTP/1.1" 200 -
172.22.2.4 - - [30/Jul/2022:11:00:31 -0500] "GET /BLA/boletinlegal/robots.txt HTTP/1.1" 404 1038
172.22.2.4 - - [30/Jul/2022:11:00:31 -0500] "GET /BLA/boletinlegal/Circulares/2017/Circular%20No.%202%20del%201%20de%20Septiembre%20de%202017.pdf HTTP/1.1" 304 -
172.22.2.4 - - [30/Jul/2022:10:59:35 -0500] "GET /BLA/boletinlegal/ HTTP/1.1" 200 58164
216.245.221.92 - - [30/Jul/2022:11:01:42 -0500] "HEAD / HTTP/1.1" 200 -
201.245.192.253 - - [30/Jul/2022:11:04:48 -0500] "POST /kwsrmcab/Wsrmcab  HTTP/1.1" 200 45524
172.22.2.4 - - [30/Jul/2022:11:04:35 -0500] "HEAD /BLA/boletinlegal/ HTTP/1.1" 200 -
216.245.221.92 - - [30/Jul/2022:11:06:42 -0500] "HEAD / HTTP/1.1" 200 -
172.22.2.4 - - [30/Jul/2022:11:06:47 -0500] "GET /BLA/boletinlegal/Circulares/2021/CIRCULAR%20No.%2000006%20DEL%2005%20DE%20AGOSTO%20DEL%202021.pdf HTTP/1.1" 200 249615
172.22.2.4 - - [30/Jul/2022:11:05:25 -0500] "GET /BLA/boletinlegal/ HTTP/1.1" 200 57376
172.22.2.4 - - [30/Jul/2022:11:07:31 -0500] "GET /BLA/boletinlegal/Directivas/2018/Directiva%20No.%2026%20del%2028%20de%20diciembre%20de%202018.pdf HTTP/1.1" 304 -
201.245.192.253 - - [30/Jul/2022:11:09:47 -0500] "POST /kwsrmcab/Wsrmcab  HTTP/1.1" 200 45524
216.245.221.92 - - [30/Jul/2022:11:11:42 -0500] "HEAD / HTTP/1.1" 200 -
172.22.2.4 - - [30/Jul/2022:11:10:25 -0500] "HEAD /BLA/boletinlegal/ HTTP/1.1" 200 -
172.22.2.4 - - [30/Jul/2022:11:11:15 -0500] "GET /BLA/boletinlegal/ HTTP/1.1" 200 58576
201.245.192.253 - - [30/Jul/2022:11:14:46 -0500] "POST /kwsrmcab/Wsrmcab  HTTP/1.1" 200 45524
216.245.221.92 - - [30/Jul/2022:11:16:42 -0500] "HEAD / HTTP/1.1" 200 -
172.22.2.4 - - [30/Jul/2022:11:16:15 -0500] "HEAD /BLA/boletinlegal/ HTTP/1.1" 200 -
172.22.2.4 - - [30/Jul/2022:11:18:03 -0500] "GET /BLA/boletinlegal/Circulares/2012/Circular%20No.%208%20del%2021%20de%20Agosto%20de%202012.pdf HTTP/1.1" 200 963197
172.22.2.4 - - [30/Jul/2022:11:17:05 -0500] "GET /BLA/boletinlegal/ HTTP/1.1" 200 54004
201.245.192.253 - - [30/Jul/2022:11:19:45 -0500] "POST /kwsrmcab/Wsrmcab  HTTP/1.1" 200 45524
201.245.192.253 - - [30/Jul/2022:11:20:38 -0500] "POST /kwsrmcab/Wsrmcab HTTP/1.1" 200 43263
201.245.192.253 - - [30/Jul/2022:11:20:42 -0500] "POST /kwsrmcab/Wsrmcab HTTP/1.1" 200 48110
186.102.12.207 - - [30/Jul/2022:11:21:26 -0500] "GET /kwssiamovil/sm/acme/a?s=U2FsdGVkX18gvK7Yzu8O4/KCEr0O8/D87lOqhCMo4KsnEUjZgO3CQi/jhZJdBoLokXhetElcjHCJz9mPkUQ8bsPrERh+qx/O3wjVlo2MnRhAjXm5FtTy1yfiHydK8lm0GYlBYzZiO3RYxvDL1x+65vvB6DbHCeegO5Ht6c3q4XpCAoL/b9q7ztE+GoEDnNFdeotigzTT8CztOp3kthRAV/i+17lmkblXHZInV14PcJ5gNChUNorIqcFbUjGF4wFrj7MWu97bkimILSR7St8ZLg==&u=U2FsdGVkX19TA2mrmpgtEwMtTMRB9wHOeTP+nWV0IMW+jQjt35bkFIbEi1kQPi8D&y=U2FsdGVkX1/MSz06wB46CqePUR9zMlk4Bu5ebuYoq3TqBI24eA1kg8Ld2PNgEBIc HTTP/1.1" 200 25
