216.245.221.92 - - [30/Jul/2022:19:56:40 -0500] "HEAD / HTTP/1.1" 200 -
172.22.2.4 - - [30/Jul/2022:19:55:23 -0500] "HEAD /BLA/boletinlegal/ HTTP/1.1" 200 -
172.22.2.4 - - [30/Jul/2022:19:56:14 -0500] "GET /BLA/boletinlegal/ HTTP/1.1" 200 55221
201.245.192.253 - - [30/Jul/2022:19:57:53 -0500] "POST /kwsrmcab/Wsrmcab  HTTP/1.1" 200 45524
216.245.221.92 - - [30/Jul/2022:20:01:40 -0500] "HEAD / HTTP/1.1" 200 -
172.22.2.4 - - [30/Jul/2022:20:01:14 -0500] "HEAD /BLA/boletinlegal/ HTTP/1.1" 200 -
201.245.192.253 - - [30/Jul/2022:20:02:51 -0500] "POST /kwsrmcab/Wsrmcab  HTTP/1.1" 200 45524
172.22.2.4 - - [30/Jul/2022:20:02:04 -0500] "GET /BLA/boletinlegal/ HTTP/1.1" 200 54004
207.46.13.218 - - [30/Jul/2022:20:03:45 -0500] "GET /BLA/resoluciones/RESOLUCIONES%202014/1792.pdf HTTP/1.1" 200 5184818
207.46.13.218 - - [30/Jul/2022:20:04:13 -0500] "GET /BLA/resoluciones/RESOLUCIONES%202014/1792.pdf HTTP/1.1" 200 5184818
216.245.221.92 - - [30/Jul/2022:20:06:40 -0500] "HEAD / HTTP/1.1" 200 -
172.22.2.4 - - [30/Jul/2022:20:05:58 -0500] "GET /BLA/boletinlegal/ HTTP/1.1" 200 36811
172.22.2.4 - - [30/Jul/2022:20:07:30 -0500] "GET /BLA/boletinlegal/Circulares/2022/CIRCULAR%20No.%2000004%20DEL%2019%20DE%20MAYO%20DEL%202022.pdf HTTP/1.1" 200 252981
40.77.167.65 - - [30/Jul/2022:20:07:38 -0500] "GET /BLA/resoluciones/AUTOS%202022/2139.pdf HTTP/1.1" 200 1835315
201.245.192.253 - - [30/Jul/2022:20:07:51 -0500] "POST /kwsrmcab/Wsrmcab  HTTP/1.1" 200 45524
172.22.2.4 - - [30/Jul/2022:20:07:03 -0500] "HEAD /BLA/boletinlegal/ HTTP/1.1" 200 -
172.22.2.4 - - [30/Jul/2022:20:07:54 -0500] "GET /BLA/boletinlegal/ HTTP/1.1" 200 58164
172.22.2.4 - - [30/Jul/2022:20:11:28 -0500] "GET /BLA/boletinlegal/robots.txt HTTP/1.1" 404 1037
172.22.2.4 - - [30/Jul/2022:20:11:28 -0500] "GET /BLA/boletinlegal/robots.txt HTTP/1.1" 404 1037
172.22.2.4 - - [30/Jul/2022:20:11:38 -0500] "GET /BLA/boletinlegal/Directivas/2018/Directiva%20No.%2024%20del%2027%20de%20diciembre%20de%202018.pdf HTTP/1.1" 304 -
216.245.221.92 - - [30/Jul/2022:20:11:40 -0500] "HEAD / HTTP/1.1" 200 -
207.46.13.218 - - [30/Jul/2022:20:12:15 -0500] "GET /Residuos/curtiembres/files/guia_curtiembres.pdf HTTP/1.1" 304 -
201.245.192.253 - - [30/Jul/2022:20:12:50 -0500] "POST /kwsrmcab/Wsrmcab  HTTP/1.1" 200 45524
207.46.13.92 - - [30/Jul/2022:20:13:00 -0500] "GET /portaldeninos/los-animales/ HTTP/1.1" 200 110314
157.55.39.50 - - [30/Jul/2022:20:13:14 -0500] "GET /portaldeninos/wp-content/plugins/smart-slider-3/nextend/media/dist/n2.min.js?1528383544 HTTP/1.1" 200 3495
40.77.167.22 - - [30/Jul/2022:20:13:15 -0500] "GET /portaldeninos/wp-content/plugins/smart-slider-3/library/media/smartslider.min.css?1558968666 HTTP/1.1" 200 19594
157.55.39.145 - - [30/Jul/2022:20:13:18 -0500] "GET /portaldeninos/wp-content/plugins/smart-slider-3/library/media/plugins/type/simple/simple/dist/smartslider-simple-type-frontend.min.js?1563274780 HTTP/1.1" 200 18726
207.46.13.92 - - [30/Jul/2022:20:13:18 -0500] "GET /portaldeninos/wp-content/plugins/smart-slider-3/library/media/dist/smartslider-frontend.min.js?1563274780 HTTP/1.1" 200 128256
207.46.13.14 - - [30/Jul/2022:20:13:25 -0500] "GET /portaldeninos/wp-content/plugins/smart-slider-3/nextend/media/dist/nextend-frontend.min.js?1563274780 HTTP/1.1" 200 76980
207.46.13.14 - - [30/Jul/2022:20:13:28 -0500] "GET /portaldeninos/wp-content/themes/betheme/fonts/mfn-icons.ttf?93978679 HTTP/1.1" 200 124684
172.22.2.4 - - [30/Jul/2022:20:13:23 -0500] "GET /BLA/boletinlegal/ HTTP/1.1" 200 36811
172.22.2.4 - - [30/Jul/2022:20:12:53 -0500] "HEAD /BLA/boletinlegal/ HTTP/1.1" 200 -
172.22.2.4 - - [30/Jul/2022:20:13:44 -0500] "GET /BLA/boletinlegal/ HTTP/1.1" 200 56015
108.174.5.112 - - [30/Jul/2022:20:16:26 -0500] "GET /distrito-entrego-certificado-de-reconocimiento-a-mas-de-600-mujeres-que-reverdecen-tras-seis-meses-de-formacion-teorica-y-practica.html HTTP/1.1" 206 1113
216.245.221.92 - - [30/Jul/2022:20:16:40 -0500] "HEAD / HTTP/1.1" 200 -
201.245.192.253 - - [30/Jul/2022:20:17:48 -0500] "POST /kwsrmcab/Wsrmcab  HTTP/1.1" 200 45524
186.102.5.214 - - [30/Jul/2022:20:20:22 -0500] "GET /kwssiamovil/sm/acme/u?s=U2FsdGVkX18y3HsruG98vUZPaxyACNPEaymw/i4o7zojgi61Fq/wvn8ZGPPNWplr7PmwDEDD8ZK6sTW7tmjjNqlfKXmgziT+sXBB0o46sjRh5KoDasuOxO3JwtNRrjGopGoeGOr89DM2Ckq/8ABS/w==&u=U2FsdGVkX1/zAKZ8QvKWH2x5kXOgKTJdQ+oUqijYn3Q=&y=U2FsdGVkX18AilHUA5NFULqGDBqz/w/Vwa5y+q/PwjY= HTTP/1.1" 200 60
172.22.2.4 - - [30/Jul/2022:20:18:43 -0500] "HEAD /BLA/boletinlegal/ HTTP/1.1" 200 -
186.102.5.214 - - [30/Jul/2022:20:20:37 -0500] "GET /kwssiamovil/sm/ldap/au?x=U2FsdGVkX1+v+N/LYWyfcUzLGO6//oDsuLKAsAPh8X+75Xnn51v7yFUb2MKdwJgU&y=U2FsdGVkX19CQBddUik5VZrfG8RZornxDEfJvkWlIsk= HTTP/1.1" 200 30
186.102.5.214 - - [30/Jul/2022:20:20:37 -0500] "GET /kwssiamovil/sm/acme/s?s=U2FsdGVkX1/KrMgSFmHJVOm/5TD/IpAU4hI0Ks/RkEb3wsQBg5nf3mfnL989eCLMEPbo2rUnmYrigN+K+B0g/U4OIL3At/1acAs5KwN5eb8=&u=U2FsdGVkX1/jgHtvdTHo1A1t7zc8h5K5Gbq+J7QKNKI=&y=U2FsdGVkX19CQBddUik5VZrfG8RZornxDEfJvkWlIsk= HTTP/1.1" 200 97
186.102.5.214 - - [30/Jul/2022:20:20:37 -0500] "GET /kwssiamovil/sm/acme/s?s=U2FsdGVkX1+rCqCaIJFlPUK8bbZX7DYC6yqgZaFQxgeDRpeVKiDIkyp+InMtqIWjFOmkSS7n+4uVzVy2JEiaOV0WX8xm7g7aXp8IloKsOmYaj1XwA6S8sRPTcdA9P60lPMiPRrp04ktpWzxG0rFLEflj2xyjymJ93waGWAP/oSyrlQAuwIR6PYHz7/4F0Iq921rwXwOPC5/R4HH8Otp+EjMqbFIm5k36HFbLOaSAb3lezZ7+XUGIutFV6Or7VfZVDVZjyQCDdCqgplUgy34ygs54JykurKA7XsZtXDZgmkM3fyhYrYicVILpnTnU3dbc4wf6RXMsyaOpOBAKwe1Mlv+bTz7pMIe8INimUXaVb4nvAyLDbIsCAvESNLDu1+MrKFG9TQ/VbYUjO/3W5SQZdBC8crpf/olAdAkRx5JE0PmYK5w7t7f5vyW5d21G1IHHAkrBK6fVIr5xbZ5z54VbUJPf7TsVI7rsXCDwUDKzStLbi/UyRlA/savOyUKOeikRvky+1ojc53+yuuee0clT1zfK7zUaP+Ks0Ck36Enxn2Kwet7WsHlobwC1uMVl7/Wr4fXaRRJeabDG5ypI5CxOh5B5ZwzaISF1y5XnKqO9Dm2nLpPRNSxbiTssxJnjWptxVj/IlpMfFtTVvD62tYTgwSi+iAzZhxsTH213C+4AJCccZ/9A4W7Tu42PVKAvM6AKZVm/9ILsjasDDLOQp/4YYeUS9Cu94W55dB1jGgqPFTn/l3oGpVB6ZYImfAm7HY8OA0/+mNtn/QSwJ0Zp9EFEmovk9FZjGY4+UYSyXfOGuaBnTTp17aeVFR7oh2tHN//yA3FRemocmDv7QneQ6sJAGm8xCgoSHSmKDDl3fyjfayPoCl5S4teej/TOjDvkK8IIGt75lFtyx+Ww4iAWQ5tSqXk1IZhfHxGp2NSfMp5pb/nDRpD61Ir1xftr9WS+HOVeu9WXRM5aZqnjoYHF7W/Bl6u7UzddiBBGV4UBxfrLSr65NyRhB7+B4zRvTqa8Pn2s2yrK6Qc574HgYTQtV1CI4MqnDtVh70HYcX9T01Z+96tVHApYqK8mH7WcUqaUSJXcgVqpQzGxYu7FrWCIFa8Xg2Y4ZYNhiZNmy9iTEjoRrf4UDZBMcGtlB0kQ8oIyy6Rp2EHzbD6S7Am16NovARIJxlonI374lSVhAZ5Nz2Gp9sPSywy0+L8qU0L9JnrcjNez9esNXU1/O6b9Ei/+HhYvpf0nrLG66Fn2sL4RswcuRGso4yehRv2TkSDS5y/g90Ie0Fy0jIGSBY4shG+qMFpgjqn0T85LDt239GQ4CYsYykQa7jgxbY14waMrUPHhvNl40A1yP4A6mjE3Yr0h8fduoxPfJ6jBCmMej3ywbdH0pKY=&u=U2FsdGVkX1/jgHtvdTHo1A1t7zc8h5K5Gbq+J7QKNKI=&y=U2FsdGVkX19CQBddUik5VZrfG8RZornxDEfJvkWlIsk= HTTP/1.1" 200 343
186.102.5.214 - - [30/Jul/2022:20:20:37 -0500] "GET /kwssiamovil/sm/acme/s?s=U2FsdGVkX18asrFF4gDSIHqCpxgvB7WhER+sPxac2MzDy3sqjs21sLS+izjmmtTNaOZmTXb0T+67TEfTDbeyv13Pan43i1WilMz1LviPRi1xS9Fgz4bTHHPtTtwN4+qy8SD2KnLh8w9ZmFuWMd7SFxXCJIIi3I4nclHHffayeF+ul181fAF8oJvqWfjb7I1vOpKrwmAeL/MOwRqRtUxpMgCCFlpj7ImvhA46M1Kcz8+ftE7VnSh7hugyzDC1Vpnd9jCLhcbc4gRYyGffyvRzDelYIzNhorhHhiFA2jtv+fo=&u=U2FsdGVkX1/jgHtvdTHo1A1t7zc8h5K5Gbq+J7QKNKI=&y=U2FsdGVkX19CQBddUik5VZrfG8RZornxDEfJvkWlIsk= HTTP/1.1" 200 176
186.102.5.214 - - [30/Jul/2022:20:20:38 -0500] "GET /kwssiamovil/sm/cjson/pre?f=1&x=U2FsdGVkX1+v+N/LYWyfcUzLGO6//oDsuLKAsAPh8X+75Xnn51v7yFUb2MKdwJgU HTTP/1.1" 200 30992
201.245.192.253 - - [30/Jul/2022:20:20:37 -0500] "POST /kwsrmcab/Wsrmcab HTTP/1.1" 200 47210
201.245.192.253 - - [30/Jul/2022:20:20:41 -0500] "POST /kwsrmcab/Wsrmcab HTTP/1.1" 200 48116
172.22.2.4 - - [30/Jul/2022:20:19:34 -0500] "GET /BLA/boletinlegal/ HTTP/1.1" 200 59829
216.245.221.92 - - [30/Jul/2022:20:21:40 -0500] "HEAD / HTTP/1.1" 200 -
186.102.22.57 - - [30/Jul/2022:20:21:55 -0500] "GET /kwssiamovil/sm/acme/a?s=U2FsdGVkX1+EO5Vp2UojXKJB1dKzQvlVCCk5KqeAH3GmJbg42z/3ivWnU5IRos8gNzzzbqxWP1x5wGxhQphCL9ecwWO1GlGNYRmda0fUhdZRFu5DWfiYJo+Irbrn2W0Ks9dBNTWIEeEkCAOfVM7Ra9OUxQ07cIdase9fT8ABGg/xhhHzh3r3ayFRo6a3tGZ+801Tg7WfpZXpFp55Cw9eBQY07XpPA3IdCq+D42lr5CHTVO0KWogT4p9iQ3IUNwO9Q136E8u81bO3d7Sbifk9KCKz6yHL7nsqRTat6DbT8Sc=&u=U2FsdGVkX19gKeEv7mMbH45pwyXNLFRvdB7v4ZWj/RFx3bpTgxES1grjrfUmGeH+&y=U2FsdGVkX1/5q4FYWMqadz9DQ8km7TFFa3jZogqt2QkG5W2Ouha9p5VNMVgsMG5Y HTTP/1.1" 200 25
186.102.22.57 - - [30/Jul/2022:20:21:56 -0500] "GET /kwssiamovil/sm/acme/a?s=U2FsdGVkX19k0YtGOmVlKBw2vdEO3PffmWkPEjl9cwVzBve7NH3np5FQPFm1JU6biW2jsZRwuVik+q+mWgIsnzRMhcldHaE5sh267wj/0pabwHACCVQwCnz3znFnJtrzvRJu+hHFFCjS5uPJ2gUJXV8vC6fXwtaelrBTXMXjs6k87NIgpCuI8ZTcrAqe0g4KAJVAb5nIv81udGc87kelfOr0QkeCeprkKP7eJkNAtgTuybTuWSXr0j2GbqwsYfEqcxnEEknJXxVBpgNIHywMl1MY2YaHkhuLUlxJ7WKa7M/Yk2iZ0wiym3OkKrASheHDQyDLYaiSGf7wwluPJ1NlN3ES6FTDhXniUcpOIya+p5XKiTxfjxnhBxkNG1y2G2T0oYQ1id5aL0CF3O+5MYSchDAjRD8w0w5W/xhCaa8T0UKp+ZAQKUD+y7TwMVkpkeZpTapfwZEXFrYPD99gPsfM8r0mrsp0GW0yfIY0WisyKjbasuVC9rOPddrEdz1QirZSoBoqsMRFw+Rix1sjOd6yqJtWx45HzZIGKLkHPrhqRNpUWrHeDmsmf5oLzn+ObPBMbEVTkjeHwNvbHNLVdSDmOKniHyQgtsHP3jX/Kl58hWL4BwWyCO3SyPunKUZVKsMZnLBv+mti2lF0KrU+bEshHnuKODaq12sQ0WTY8/BRX8DTt1liZRwRCX/F/QUlbbKkJk/GWFJzQ9gsHxqGYOQcHFiQTq4dUVHOeijnoPgl9vCLPzT2EQ9RmVuY5P+N9MMeBXZ1W6MvFljp4sHGAlv/67J0jCtbIyQ/HgGB7DcD2PyJoURRVg29oXQ8/epFNN44UJggLlw1m4YbrvY4FlW0gmPkoEsZxTCtUKV+TBMdMCjF2ZSYGYAXr6JVIrUEt3vpRqH1IDYI/IidpBcS5LGxLyMZm+lil84JFFYTJDc2X0IARSdZ81Hwq8obbTCPHSz3AWDFqy6pWbJLHLLSkhYprT66xjFkQf1N73QLS3ZVc7anjVoShUqMuF6RpxNkA71PXzKNM5hfTaCiQ1UDfva2VTg+ELXaI/zMsm/cW/2JzqqDEnHKcPeQua01spKR6I0t/UHt+5GbjhBW+shG5GSPS2SkVKLxZh+8WZiwvYU6wh8zZAsT1Czsm2tifTTaZvL73M6jGiKceQ4BftqwzxeWXLKUnxU29DbArbFbor8o7UHGaaDoU3gq/Bujnic0AsUoGMNoGLu7EltsJulH6G34x5owDdsySFEMg3zIo32/4K8S/YPDKkUxLZH7gn+HK5XCAyIbHd8PbliS6dQwEuO9VkRahawSxSMOm7C1lqBubEdRbxScqhL3PdIjzNWVD3KFWSja0LzEaPTfDestsnaXyAiVP5+NHSoQLDMT67H5uEM/XHWw9Svhc6B9fiCl5OlG6l0cC00fOd7Axz30y4QT2hH8gek+FeJOZikBDgGavzzn806RI04xLhNxeYRra1hwxsoOEpAi9z7EdsvdqYY9IPh56dln8l2ax8Eqf4dY3n+sc5MI0HAkt7pXjg5XNmYpQue1KsNw5f66U/O4WxqF/+z7ezssnWi9TDc5IzZCnt5G/HWNG1MUWGzNS9LKw9ml4+UgJaij9270xvt4g7YrsadPaZYpRIy6B7VVFFwNsKHwbgS9w7uwrZvtKpbInPFrjo/JLeVMK9dXT8NU7z0UjPUNeUFeLmacGGaOtKeRQ5QpIut+E1nGSdu8B5RXzzMmL27OWtwl6eVKD9jdi2sy7eiiTVN+rzr3aanlAGNNEjWqyKtU8e95YhgSH3l8VAmtSxqWOkWfYg6ICD04ivyFajEylFFbBdfdSEWAnFM3VF1LnFXwPiucWzScO/HEheliEdgPAtFF+puHwNzKHuzV22ipi4ouz2FQSLtgWwLY1olJ29ednfi1W0sqI8TL1RF90VjrwfyzKdCwWruqBkRu8Kwb25v/UcqKCsH+kUrcDMWBfvwgOlpDmkrCIN3EIRDsoay4cJXO8plNEraf3TPujdUMN4vYyD6TQBf4vI3B/7s2arThgxFat7hscrmUGyDtT0PcwVIfW1C6Jp8r5M3bz5EwygPakW/3RdfqF+3vExwN6omJOwqDnwirbA0id+uPZg15j+Zaosn/p5nMdJYxizqCLJhqoRqwnL+1pG/F9r3lDnRPr2SyMIkQ13cFlUYGFwEU1g/ayC6m8z2vWrNlBNPkmkqtVnyWL9YC6vyhM4ihmZGaBnI7tJyZThvpYXGKc3yhffs2mJ5xDMOy7Qmho4/xM70VX9zNNczyrthZjkMgOl7aP/5gEI/fwWWt+UwheSa+czFbCW3lph3F/5G9vY6PavNm+YMjgyC8tuI15ghVhOO+hye1UFYVxR1Z/svDc6W2h1WhIJts9v0QEH1kaUIYbLQSp7qXEyytecBcnRrzdqmcJon8K9I6TjFpbYbG+rWq9bFtaZiqjmT0SZY//1zDHLgL+XPthU4HDXOhn0fmI7uad73/ufVJmpUs3Zd3v5LQ9q9pANlzK1430P63k9Unh+xHXSixw7EcP0lHJnV/U9m1YW1gEqps5uaJ/wsEdlWiubVrNxbMgkl2FMW2lAjHYeIfsQtskbMrdXnmdXBjMiPrWFIBf5PHapfwlW9CKxFckMc9zySdl4pkrqoD/3T+I9AhFbVaZQAR2iS9XQVDxDrS8PcVgTTtH198TAb8tax80TjdEgGKFvHHp99yLveqDSzV8PBOrDY4i+HZhQU=&u=U2FsdGVkX19gKeEv7mMbH45pwyXNLFRvdB7v4ZWj/RFx3bpTgxES1grjrfUmGeH+&y=U2FsdGVkX1/5q4FYWMqadz9DQ8km7TFFa3jZogqt2QkG5W2Ouha9p5VNMVgsMG5Y HTTP/1.1" 200 25
186.102.22.57 - - [30/Jul/2022:20:21:56 -0500] "GET /kwssiamovil/sm/acme/a?s=U2FsdGVkX1/KgZxbDwmpVZ0plQ/Sa9ipR2P7MUyjSaZg3iKMePKbNBgtYkW63LOyAlhsFXWqZz1FckBs/FPl6czRTLob+JjelkN74VHULaHkkYPkRcQla7JM3Q6PPX129miidaheOwp98FR+cVPQ5YEduJqBuNx7vAzizfsTFso=&u=U2FsdGVkX19gKeEv7mMbH45pwyXNLFRvdB7v4ZWj/RFx3bpTgxES1grjrfUmGeH+&y=U2FsdGVkX1/5q4FYWMqadz9DQ8km7TFFa3jZogqt2QkG5W2Ouha9p5VNMVgsMG5Y HTTP/1.1" 200 25
186.102.22.57 - - [30/Jul/2022:20:21:56 -0500] "GET /kwssiamovil/sm/acme/a?s=U2FsdGVkX18k3aaD/0XMy24/2XpL9V7KCc/y7Myyz06XE9w3lg4t3kaJdFP8VhxRkmQPrtziWRxPQAfKCRZ8y5R1k1BVqSlhBFlH/YTL08BvmZDtnYvO0d0d4LQ/XjybfUJaffFt9qppPOdIJnqanEl/wDS3AXTMYqJP6O7NVCM=&u=U2FsdGVkX19gKeEv7mMbH45pwyXNLFRvdB7v4ZWj/RFx3bpTgxES1grjrfUmGeH+&y=U2FsdGVkX1/5q4FYWMqadz9DQ8km7TFFa3jZogqt2QkG5W2Ouha9p5VNMVgsMG5Y HTTP/1.1" 200 25
186.102.22.57 - - [30/Jul/2022:20:21:57 -0500] "GET /kwssiamovil/sm/acme/a?s=U2FsdGVkX1+kyWq81NALnHtqt19gOLrjBPaKvfwY0F+pVzctzpAp0an1D1Y76z/xAlC/vFB7qTWyiu3og8DRWARtirSd8t+8UlKKEg+i9GAO93ASW2mrfGwKL2rafaDqSo6oIxcrLAPJ3C3ll0HHY7OWdAEbd7hvOGTd0EODkcA=&u=U2FsdGVkX19gKeEv7mMbH45pwyXNLFRvdB7v4ZWj/RFx3bpTgxES1grjrfUmGeH+&y=U2FsdGVkX1/5q4FYWMqadz9DQ8km7TFFa3jZogqt2QkG5W2Ouha9p5VNMVgsMG5Y HTTP/1.1" 200 25
186.102.22.57 - - [30/Jul/2022:20:21:57 -0500] "GET /kwssiamovil/sm/acme/a?s=U2FsdGVkX1+01qUy///o8FrdhwF5PAjDvnxTqlIdLDgmax/T9KjYS31/AYcQjDcfm9Mub1rWJPGErL8WNxKi4i9f7whKSgCNOIj3a/A57tGzckf+tOxCRToZ1AYrtR7pIBF4cXISGJXiOoc/JcVShD0RUz/n5JCe9WUVmxZcZZxw/AZmcx/9pIkkqOPUQhlO2RTwGMf7+9NC7peysOl4hA==&u=U2FsdGVkX19gKeEv7mMbH45pwyXNLFRvdB7v4ZWj/RFx3bpTgxES1grjrfUmGeH+&y=U2FsdGVkX1/5q4FYWMqadz9DQ8km7TFFa3jZogqt2QkG5W2Ouha9p5VNMVgsMG5Y HTTP/1.1" 200 25
69.171.249.118 - - [30/Jul/2022:20:22:25 -0500] "GET /mirla-un-ave-que-recorre-y-habita-diferentes-ecosistemas-de-bogota.html HTTP/1.1" 206 728
201.245.192.253 - - [30/Jul/2022:20:22:47 -0500] "POST /kwsrmcab/Wsrmcab  HTTP/1.1" 200 45524
185.7.214.104 - - [30/Jul/2022:20:24:09 -0500] "GET /vendor/phpunit/phpunit/src/Util/PHP/eval-stdin.php HTTP/1.1" 404 1018
172.22.2.4 - - [30/Jul/2022:20:24:29 -0500] "GET /BLA/boletinlegal/ HTTP/1.1" 200 52878
172.22.2.4 - - [30/Jul/2022:20:24:33 -0500] "HEAD /BLA/boletinlegal/ HTTP/1.1" 200 -
216.245.221.92 - - [30/Jul/2022:20:26:40 -0500] "HEAD / HTTP/1.1" 200 -
172.22.2.4 - - [30/Jul/2022:20:25:24 -0500] "GET /BLA/boletinlegal/ HTTP/1.1" 200 54004
201.245.192.253 - - [30/Jul/2022:20:27:46 -0500] "POST /kwsrmcab/Wsrmcab  HTTP/1.1" 200 45524
64.62.243.165 - - [30/Jul/2022:20:29:47 -0500] "GET / HTTP/1.1" 200 319
201.245.192.253 - - [30/Jul/2022:20:30:36 -0500] "POST /kwsrmcab/Wsrmcab HTTP/1.1" 200 47210
201.245.192.253 - - [30/Jul/2022:20:30:40 -0500] "POST /kwsrmcab/Wsrmcab HTTP/1.1" 200 48116
216.245.221.92 - - [30/Jul/2022:20:31:40 -0500] "HEAD / HTTP/1.1" 200 -
172.22.2.4 - - [30/Jul/2022:20:30:23 -0500] "HEAD /BLA/boletinlegal/ HTTP/1.1" 200 -
201.245.192.253 - - [30/Jul/2022:20:32:44 -0500] "POST /kwsrmcab/Wsrmcab  HTTP/1.1" 200 45524
172.22.2.4 - - [30/Jul/2022:20:31:14 -0500] "GET /BLA/boletinlegal/ HTTP/1.1" 200 54004
173.252.107.7 - - [30/Jul/2022:20:36:24 -0500] "GET /images/pieza-grafica-semana-ambiental-30.jpg HTTP/1.1" 200 38850
216.245.221.92 - - [30/Jul/2022:20:36:40 -0500] "HEAD / HTTP/1.1" 200 -
201.245.192.253 - - [30/Jul/2022:20:37:44 -0500] "POST /kwsrmcab/Wsrmcab  HTTP/1.1" 200 45524
172.22.2.4 - - [30/Jul/2022:20:36:13 -0500] "HEAD /BLA/boletinlegal/ HTTP/1.1" 200 -
172.22.2.4 - - [30/Jul/2022:20:37:04 -0500] "GET /BLA/boletinlegal/ HTTP/1.1" 200 55221
172.22.2.4 - - [30/Jul/2022:20:38:16 -0500] "GET /BLA/boletinlegal/ HTTP/1.1" 200 44897
201.245.192.253 - - [30/Jul/2022:20:40:36 -0500] "POST /kwsrmcab/Wsrmcab HTTP/1.1" 200 47210
201.245.192.253 - - [30/Jul/2022:20:40:40 -0500] "POST /kwsrmcab/Wsrmcab HTTP/1.1" 200 48116
172.22.2.4 - - [30/Jul/2022:20:41:37 -0500] "GET /BLA/boletinlegal/actos.php HTTP/1.1" 200 9559
172.22.2.4 - - [30/Jul/2022:20:41:37 -0500] "GET /BLA/boletinlegal/styles2.css HTTP/1.1" 200 1838
172.22.2.4 - - [30/Jul/2022:20:41:37 -0500] "GET /BLA/boletinlegal/js/ajax_actos.js HTTP/1.1" 200 1322
172.22.2.4 - - [30/Jul/2022:20:41:37 -0500] "GET /BLA/boletinlegal/niceforms-default.css HTTP/1.1" 200 6694
172.22.2.4 - - [30/Jul/2022:20:41:37 -0500] "GET /BLA/boletinlegal/style.css HTTP/1.1" 200 9406
172.22.2.4 - - [30/Jul/2022:20:41:37 -0500] "GET /BLA/boletinlegal/niceforms.js HTTP/1.1" 200 22876
172.22.2.4 - - [30/Jul/2022:20:41:37 -0500] "GET /BLA/boletinlegal/js/popup.js HTTP/1.1" 200 1270
172.22.2.4 - - [30/Jul/2022:20:41:37 -0500] "GET /BLA/boletinlegal/js/lib.js HTTP/1.1" 200 6474
172.22.2.4 - - [30/Jul/2022:20:41:37 -0500] "GET /BLA/boletinlegal/js/jquery1.js HTTP/1.1" 200 29846
172.22.2.4 - - [30/Jul/2022:20:41:37 -0500] "GET /BLA/boletinlegal/images/cabezote%20BLEGAL.jpg HTTP/1.1" 200 118164
172.22.2.4 - - [30/Jul/2022:20:41:37 -0500] "GET /BLA/boletinlegal/images/subscribe-icon-big.png HTTP/1.1" 200 47702
172.22.2.4 - - [30/Jul/2022:20:41:38 -0500] "GET /BLA/boletinlegal/images/historia.png HTTP/1.1" 200 52775
172.22.2.4 - - [30/Jul/2022:20:41:38 -0500] "GET /BLA/boletinlegal/images/registro-usuarios.png HTTP/1.1" 200 8106
172.22.2.4 - - [30/Jul/2022:20:41:38 -0500] "GET /BLA/boletinlegal/images/abajo.png HTTP/1.1" 200 96676
172.22.2.4 - - [30/Jul/2022:20:41:38 -0500] "GET /BLA/boletinlegal/images/green-yellow-blue-pink-th.png HTTP/1.1" 200 7394
172.22.2.4 - - [30/Jul/2022:20:41:38 -0500] "GET /BLA/boletinlegal/images/icono-email.png HTTP/1.1" 200 5544
172.22.2.4 - - [30/Jul/2022:20:41:38 -0500] "GET /BLA/boletinlegal/images/tel.png HTTP/1.1" 200 14477
172.22.2.4 - - [30/Jul/2022:20:41:38 -0500] "GET /BLA/boletinlegal/images/body_bg.jpg HTTP/1.1" 200 1601
172.22.2.4 - - [30/Jul/2022:20:41:38 -0500] "GET /BLA/boletinlegal/images/menu_lft.gif HTTP/1.1" 200 1713
172.22.2.4 - - [30/Jul/2022:20:41:38 -0500] "GET /BLA/boletinlegal/images/menu_rght.gif HTTP/1.1" 200 1627
172.22.2.4 - - [30/Jul/2022:20:41:38 -0500] "GET /BLA/boletinlegal/images/bg_top.jpg HTTP/1.1" 200 522
172.22.2.4 - - [30/Jul/2022:20:41:38 -0500] "GET /BLA/boletinlegal/images/menu_bg.jpg HTTP/1.1" 200 620
172.22.2.4 - - [30/Jul/2022:20:41:38 -0500] "GET /BLA/boletinlegal/images/hover.jpg HTTP/1.1" 200 640
172.22.2.4 - - [30/Jul/2022:20:41:38 -0500] "GET /BLA/boletinlegal/images/text.jpg HTTP/1.1" 200 568
172.22.2.4 - - [30/Jul/2022:20:41:38 -0500] "GET /BLA/boletinlegal/images/footer_bg.jpg HTTP/1.1" 200 586
172.22.2.4 - - [30/Jul/2022:20:41:38 -0500] "GET /BLA/boletinlegal/images/footer_bg_l.jpg HTTP/1.1" 200 776
172.22.2.4 - - [30/Jul/2022:20:41:38 -0500] "GET /BLA/boletinlegal/img/0.png HTTP/1.1" 200 110
172.22.2.4 - - [30/Jul/2022:20:41:38 -0500] "GET /BLA/boletinlegal/img/select-left.png HTTP/1.1" 200 263
172.22.2.4 - - [30/Jul/2022:20:41:38 -0500] "GET /BLA/boletinlegal/img/select-right.png HTTP/1.1" 200 44019
172.22.2.4 - - [30/Jul/2022:20:41:38 -0500] "GET /BLA/boletinlegal/img/button-left.png HTTP/1.1" 200 57071
172.22.2.4 - - [30/Jul/2022:20:41:38 -0500] "GET /BLA/boletinlegal/img/button.png HTTP/1.1" 200 43241
172.22.2.4 - - [30/Jul/2022:20:41:38 -0500] "GET /BLA/boletinlegal/img/button-right.png HTTP/1.1" 200 57878
172.22.2.4 - - [30/Jul/2022:20:41:39 -0500] "GET /BLA/boletinlegal/favicon.ico HTTP/1.1" 404 1326
216.245.221.92 - - [30/Jul/2022:20:41:40 -0500] "HEAD / HTTP/1.1" 200 -
172.22.2.4 - - [30/Jul/2022:20:42:03 -0500] "GET /BLA/boletinlegal/Circulares/2019/.pdf HTTP/1.1" 404 1218
201.245.192.253 - - [30/Jul/2022:20:42:42 -0500] "POST /kwsrmcab/Wsrmcab  HTTP/1.1" 200 45524
185.7.214.104 - - [30/Jul/2022:20:43:12 -0500] "-" 408 -
172.22.2.4 - - [30/Jul/2022:20:42:03 -0500] "HEAD /BLA/boletinlegal/ HTTP/1.1" 200 -
173.252.107.119 - - [30/Jul/2022:20:44:24 -0500] "GET /secretaria-de-ambiente-realizo-jornada-de-sensibilizacion-para-el-cuidado-de-las-aves.html HTTP/1.1" 206 820
69.171.251.9 - - [30/Jul/2022:20:44:25 -0500] "GET /images/actividades-dia-aves-16-mayo.jpg HTTP/1.1" 200 147089
172.22.2.4 - - [30/Jul/2022:20:42:54 -0500] "GET /BLA/boletinlegal/ HTTP/1.1" 200 60282
172.22.2.4 - - [30/Jul/2022:20:45:59 -0500] "GET /BLA/boletinlegal/styles2.css HTTP/1.1" 200 1838
172.22.2.4 - - [30/Jul/2022:20:45:59 -0500] "GET /BLA/boletinlegal/style.css HTTP/1.1" 200 9406
172.22.2.4 - - [30/Jul/2022:20:45:59 -0500] "GET /BLA/boletinlegal/js/jquery.scrollTo-min.js HTTP/1.1" 200 1150
172.22.2.4 - - [30/Jul/2022:20:45:59 -0500] "GET /BLA/boletinlegal/js/jquery.scrollShow.js HTTP/1.1" 200 4586
172.22.2.4 - - [30/Jul/2022:20:45:59 -0500] "GET /BLA/boletinlegal/js/jquery.js HTTP/1.1" 200 57254
172.22.2.4 - - [30/Jul/2022:20:45:59 -0500] "GET /BLA/boletinlegal/images/cabezote%20BLEGAL.jpg HTTP/1.1" 200 118164
172.22.2.4 - - [30/Jul/2022:20:45:59 -0500] "GET /BLA/boletinlegal/images/subscribe-icon-big.png HTTP/1.1" 200 47702
172.22.2.4 - - [30/Jul/2022:20:45:59 -0500] "GET /BLA/boletinlegal/images/historia.png HTTP/1.1" 200 52775
172.22.2.4 - - [30/Jul/2022:20:45:59 -0500] "GET /BLA/boletinlegal/images/registro-usuarios.png HTTP/1.1" 200 8106
172.22.2.4 - - [30/Jul/2022:20:45:59 -0500] "GET /BLA/boletinlegal/images/arr_l.jpg HTTP/1.1" 200 1979
172.22.2.4 - - [30/Jul/2022:20:45:59 -0500] "GET /BLA/boletinlegal/images/screen_1.png HTTP/1.1" 200 202547
172.22.2.4 - - [30/Jul/2022:20:45:59 -0500] "GET /BLA/boletinlegal/images/launch.jpg HTTP/1.1" 200 14577
172.22.2.4 - - [30/Jul/2022:20:46:00 -0500] "GET /BLA/boletinlegal/images/menu_lft.gif HTTP/1.1" 200 1713
172.22.2.4 - - [30/Jul/2022:20:46:00 -0500] "GET /BLA/boletinlegal/images/menu_rght.gif HTTP/1.1" 200 1627
172.22.2.4 - - [30/Jul/2022:20:46:00 -0500] "GET /BLA/boletinlegal/images/menu_bg.jpg HTTP/1.1" 200 620
172.22.2.4 - - [30/Jul/2022:20:46:00 -0500] "GET /BLA/boletinlegal/images/bg_top.jpg HTTP/1.1" 200 522
172.22.2.4 - - [30/Jul/2022:20:46:00 -0500] "GET /BLA/boletinlegal/images/body_bg.jpg HTTP/1.1" 200 1601
172.22.2.4 - - [30/Jul/2022:20:46:00 -0500] "GET /BLA/boletinlegal/images/text.jpg HTTP/1.1" 200 568
172.22.2.4 - - [30/Jul/2022:20:46:00 -0500] "GET /BLA/boletinlegal/images/hover.jpg HTTP/1.1" 200 640
172.22.2.4 - - [30/Jul/2022:20:46:06 -0500] "GET /BLA/boletinlegal/images/screen_2.png HTTP/1.1" 200 362502
172.22.2.4 - - [30/Jul/2022:20:46:06 -0500] "GET /BLA/boletinlegal/images/screen_3.png HTTP/1.1" 200 210620
172.22.2.4 - - [30/Jul/2022:20:46:06 -0500] "GET /BLA/boletinlegal/images/screen_5.png HTTP/1.1" 200 368876
172.22.2.4 - - [30/Jul/2022:20:46:06 -0500] "GET /BLA/boletinlegal/images/arr_r.jpg HTTP/1.1" 200 1998
172.22.2.4 - - [30/Jul/2022:20:46:08 -0500] "GET /BLA/boletinlegal/images/footer_bg.jpg HTTP/1.1" 200 586
172.22.2.4 - - [30/Jul/2022:20:46:09 -0500] "GET /BLA/boletinlegal/actos.php HTTP/1.1" 200 9559
172.22.2.4 - - [30/Jul/2022:20:46:09 -0500] "GET /BLA/boletinlegal/niceforms-default.css HTTP/1.1" 200 6694
172.22.2.4 - - [30/Jul/2022:20:46:09 -0500] "GET /BLA/boletinlegal/js/ajax_actos.js HTTP/1.1" 200 1322
172.22.2.4 - - [30/Jul/2022:20:46:09 -0500] "GET /BLA/boletinlegal/niceforms.js HTTP/1.1" 200 22876
172.22.2.4 - - [30/Jul/2022:20:46:09 -0500] "GET /BLA/boletinlegal/js/popup.js HTTP/1.1" 200 1270
172.22.2.4 - - [30/Jul/2022:20:46:09 -0500] "GET /BLA/boletinlegal/js/lib.js HTTP/1.1" 200 6474
172.22.2.4 - - [30/Jul/2022:20:46:09 -0500] "GET /BLA/boletinlegal/js/jquery1.js HTTP/1.1" 200 29846
172.22.2.4 - - [30/Jul/2022:20:46:09 -0500] "GET /BLA/boletinlegal/images/green-yellow-blue-pink-th.png HTTP/1.1" 200 7394
172.22.2.4 - - [30/Jul/2022:20:46:09 -0500] "GET /BLA/boletinlegal/images/abajo.png HTTP/1.1" 200 96676
172.22.2.4 - - [30/Jul/2022:20:46:09 -0500] "GET /BLA/boletinlegal/images/tel.png HTTP/1.1" 200 14477
172.22.2.4 - - [30/Jul/2022:20:46:09 -0500] "GET /BLA/boletinlegal/images/icono-email.png HTTP/1.1" 200 5544
172.22.2.4 - - [30/Jul/2022:20:46:09 -0500] "GET /BLA/boletinlegal/images/footer_bg_l.jpg HTTP/1.1" 200 776
172.22.2.4 - - [30/Jul/2022:20:46:10 -0500] "GET /BLA/boletinlegal/img/0.png HTTP/1.1" 200 110
172.22.2.4 - - [30/Jul/2022:20:46:10 -0500] "GET /BLA/boletinlegal/img/button-left.png HTTP/1.1" 200 57071
172.22.2.4 - - [30/Jul/2022:20:46:10 -0500] "GET /BLA/boletinlegal/img/select-right.png HTTP/1.1" 200 44019
172.22.2.4 - - [30/Jul/2022:20:46:10 -0500] "GET /BLA/boletinlegal/img/button.png HTTP/1.1" 200 43241
172.22.2.4 - - [30/Jul/2022:20:46:10 -0500] "GET /BLA/boletinlegal/img/select-left.png HTTP/1.1" 200 263
172.22.2.4 - - [30/Jul/2022:20:46:10 -0500] "GET /BLA/boletinlegal/favicon.ico HTTP/1.1" 404 1326
172.22.2.4 - - [30/Jul/2022:20:46:10 -0500] "GET /BLA/boletinlegal/img/button-right.png HTTP/1.1" 200 57878
172.22.2.4 - - [30/Jul/2022:20:46:13 -0500] "GET /BLA/boletinlegal/consulta_actos.php?tipo=autos&no=4481&usuario=&sector=&fecha=2022&resuelve= HTTP/1.1" 200 626
172.22.2.4 - - [30/Jul/2022:20:46:14 -0500] "GET /BLA/boletinlegal/images/pdf.gif HTTP/1.1" 200 567
186.28.147.240 - - [30/Jul/2022:20:46:18 -0500] "GET /BLA/resoluciones/ HTTP/1.1" 200 13093
186.28.147.240 - - [30/Jul/2022:20:46:18 -0500] "GET /BLA/resoluciones/dlf/styles.css HTTP/1.1" 200 3049
186.28.147.240 - - [30/Jul/2022:20:46:18 -0500] "GET /BLA/resoluciones/dlf/folder.png HTTP/1.1" 200 410
186.28.147.240 - - [30/Jul/2022:20:46:18 -0500] "GET /BLA/resoluciones/dlf/bg.gif HTTP/1.1" 200 54
186.28.147.240 - - [30/Jul/2022:20:46:21 -0500] "GET /BLA/resoluciones/dlf/dirup.png HTTP/1.1" 200 644
186.28.147.240 - - [30/Jul/2022:20:46:21 -0500] "GET /BLA/resoluciones/dlf/pdf.gif HTTP/1.1" 200 272
186.28.147.240 - - [30/Jul/2022:20:46:21 -0500] "GET /BLA/resoluciones/index.php?dir=AUTOS+2022%2F HTTP/1.1" 200 158551
216.245.221.92 - - [30/Jul/2022:20:46:40 -0500] "HEAD / HTTP/1.1" 200 -
172.22.2.4 - - [30/Jul/2022:20:45:59 -0500] "GET /BLA/boletinlegal/ HTTP/1.1" 200 63208
201.245.192.253 - - [30/Jul/2022:20:47:41 -0500] "POST /kwsrmcab/Wsrmcab  HTTP/1.1" 200 45524
185.7.214.104 - - [30/Jul/2022:20:48:39 -0500] "GET /solr/admin/info/system?wt=json HTTP/1.1" 404 1018
207.46.13.20 - - [30/Jul/2022:20:48:41 -0500] "GET /galeria/carrusel/Carrusel/jquery-ui-1.8.13.custom.min.js HTTP/1.1" 200 10800
40.77.167.65 - - [30/Jul/2022:20:48:41 -0500] "GET /galeria/carrusel/Carrusel/jquery.thumbnailScroller.css HTTP/1.1" 200 2066
40.77.167.65 - - [30/Jul/2022:20:48:44 -0500] "GET /galeria/nivo-slider/demo/banner.html HTTP/1.1" 200 5446
185.119.81.98 - - [30/Jul/2022:20:49:01 -0500] "GET /portaldeninos/wp-login.php HTTP/1.1" 200 2592
185.119.81.98 - - [30/Jul/2022:20:49:02 -0500] "POST /portaldeninos/wp-login.php HTTP/1.1" 200 3650
172.22.2.4 - - [30/Jul/2022:20:47:53 -0500] "HEAD /BLA/boletinlegal/ HTTP/1.1" 200 -
172.22.2.4 - - [30/Jul/2022:20:48:44 -0500] "GET /BLA/boletinlegal/ HTTP/1.1" 200 60282
216.245.221.92 - - [30/Jul/2022:20:51:40 -0500] "HEAD / HTTP/1.1" 200 -
190.13.84.114 - - [30/Jul/2022:20:52:20 -0500] "GET / HTTP/1.1" 200 319
201.245.192.253 - - [30/Jul/2022:20:52:40 -0500] "POST /kwsrmcab/Wsrmcab  HTTP/1.1" 200 45524
172.22.2.4 - - [30/Jul/2022:20:53:07 -0500] "GET /BLA/boletinlegal/Circulares/2011/Circular%20No.%205%20del%2012%20de%20Agosto%20de%202011.pdf HTTP/1.1" 304 -
172.22.2.4 - - [30/Jul/2022:20:53:43 -0500] "HEAD /BLA/boletinlegal/ HTTP/1.1" 200 -
172.22.2.4 - - [30/Jul/2022:20:54:33 -0500] "GET /BLA/boletinlegal/ HTTP/1.1" 200 60875
216.245.221.92 - - [30/Jul/2022:20:56:40 -0500] "HEAD / HTTP/1.1" 200 -
201.245.192.253 - - [30/Jul/2022:20:57:40 -0500] "POST /kwsrmcab/Wsrmcab  HTTP/1.1" 200 45524
163.123.143.71 - - [30/Jul/2022:21:00:45 -0500] "POST /boaform/admin/formLogin HTTP/1.1" 404 1186
172.22.2.4 - - [30/Jul/2022:20:59:33 -0500] "HEAD /BLA/boletinlegal/ HTTP/1.1" 200 -
216.245.221.92 - - [30/Jul/2022:21:01:40 -0500] "HEAD / HTTP/1.1" 200 -
172.22.2.4 - - [30/Jul/2022:21:00:23 -0500] "GET /BLA/boletinlegal/ HTTP/1.1" 200 59829
201.245.192.253 - - [30/Jul/2022:21:02:38 -0500] "POST /kwsrmcab/Wsrmcab  HTTP/1.1" 200 45524
173.252.95.14 - - [30/Jul/2022:21:03:22 -0500] "GET /images/pieza-grafica-semana-ambiental-30.jpg HTTP/1.1" 200 38850
173.252.95.18 - - [30/Jul/2022:21:03:38 -0500] "GET /secretaria-de-ambiente-y-sena-abren-curso-de-jardines-verticales.html HTTP/1.1" 206 734
173.252.95.119 - - [30/Jul/2022:21:03:38 -0500] "GET /si-te-gusta-la-pintura-el-dibujo-o-la-fotografia-el-concurso-a-vuelo-de-pajaro-es-para-ti.html HTTP/1.1" 206 861
40.77.189.77 - - [30/Jul/2022:21:04:45 -0500] "GET /galeria/nivo-slider/themes/default/default.css HTTP/1.1" 200 1569
40.77.188.158 - - [30/Jul/2022:21:04:45 -0500] "GET /galeria/nivo-slider/themes/pascal/pascal.css HTTP/1.1" 200 2258
40.77.190.44 - - [30/Jul/2022:21:04:45 -0500] "GET /galeria/nivo-slider/nivo-slider.css HTTP/1.1" 200 1507
40.77.189.116 - - [30/Jul/2022:21:04:46 -0500] "GET /galeria/nivo-slider/demo/style.css HTTP/1.1" 200 2222
40.77.188.94 - - [30/Jul/2022:21:04:46 -0500] "GET /galeria/nivo-slider/demo/scripts/jquery-1.7.1.min.js HTTP/1.1" 200 93868
40.77.189.244 - - [30/Jul/2022:21:04:46 -0500] "GET /galeria/nivo-slider/jquery.nivo.slider.pack.js HTTP/1.1" 200 11561
216.245.221.92 - - [30/Jul/2022:21:06:40 -0500] "HEAD / HTTP/1.1" 200 -
172.22.2.4 - - [30/Jul/2022:21:05:23 -0500] "HEAD /BLA/boletinlegal/ HTTP/1.1" 200 -
201.245.192.253 - - [30/Jul/2022:21:07:38 -0500] "POST /kwsrmcab/Wsrmcab  HTTP/1.1" 200 45524
172.22.2.4 - - [30/Jul/2022:21:06:14 -0500] "GET /BLA/boletinlegal/ HTTP/1.1" 200 58576
172.22.2.4 - - [30/Jul/2022:21:09:28 -0500] "GET /BLA/boletinlegal/Circulares/2013/Circular%20No.%208%20del%201%20de%20Noviembre%20de%202013.pdf HTTP/1.1" 200 385156
173.252.95.17 - - [30/Jul/2022:21:09:33 -0500] "GET /images/mujeres-cultura-31.jpg HTTP/1.1" 200 33736
207.46.13.218 - - [30/Jul/2022:21:11:40 -0500] "GET /forest/ HTTP/1.1" 200 12041
216.245.221.92 - - [30/Jul/2022:21:11:40 -0500] "HEAD / HTTP/1.1" 200 -
191.109.207.107 - - [30/Jul/2022:21:12:12 -0500] "GET /sipse/faces/index.xhtml HTTP/1.1" 200 677
191.109.207.107 - - [30/Jul/2022:21:12:12 -0500] "GET /sipse/faces/javax.faces.resource/theme.css?ln=primefaces-sipse HTTP/1.1" 304 -
191.109.207.107 - - [30/Jul/2022:21:12:12 -0500] "GET /sipse/js/disable_browser_buttons.js HTTP/1.1" 304 -
191.109.207.107 - - [30/Jul/2022:21:12:12 -0500] "GET /sipse/faces/faces/autenticacion.xhtml HTTP/1.1" 200 12171
191.109.207.107 - - [30/Jul/2022:21:12:13 -0500] "GET /sipse/css/custom_css_sg_prime_login.css HTTP/1.1" 200 443
191.109.207.107 - - [30/Jul/2022:21:12:13 -0500] "GET /sipse/css/custom_css_sg.css HTTP/1.1" 304 -
191.109.207.107 - - [30/Jul/2022:21:12:13 -0500] "GET /sipse/faces/javax.faces.resource/theme.css?ln=primefaces-sipse HTTP/1.1" 304 -
191.109.207.107 - - [30/Jul/2022:21:12:13 -0500] "GET /sipse/faces/javax.faces.resource/primefaces.css?ln=primefaces&v=4.0 HTTP/1.1" 304 -
191.109.207.107 - - [30/Jul/2022:21:12:13 -0500] "GET /sipse/faces/javax.faces.resource/layout/layout.css?ln=primefaces&v=4.0 HTTP/1.1" 304 -
191.109.207.107 - - [30/Jul/2022:21:12:13 -0500] "GET /sipse/js/funciones.js HTTP/1.1" 304 -
191.109.207.107 - - [30/Jul/2022:21:12:13 -0500] "GET /sipse/faces/javax.faces.resource/jquery/jquery.js?ln=primefaces&v=4.0 HTTP/1.1" 304 -
191.109.207.107 - - [30/Jul/2022:21:12:13 -0500] "GET /sipse/faces/javax.faces.resource/primefaces.js?ln=primefaces&v=4.0 HTTP/1.1" 304 -
191.109.207.107 - - [30/Jul/2022:21:12:13 -0500] "GET /sipse/faces/javax.faces.resource/layout/layout.js?ln=primefaces&v=4.0 HTTP/1.1" 304 -
191.109.207.107 - - [30/Jul/2022:21:12:13 -0500] "GET /sipse/faces/javax.faces.resource/jquery/jquery-plugins.js?ln=primefaces&v=4.0 HTTP/1.1" 304 -
191.109.207.107 - - [30/Jul/2022:21:12:13 -0500] "GET /sipse/faces/javax.faces.resource/images/ui-icons_898989_256x240.png?ln=primefaces-aristo HTTP/1.1" 200 5355
191.109.207.107 - - [30/Jul/2022:21:12:13 -0500] "GET /sipse/css/imagen/logoSDG.png HTTP/1.1" 200 53064
191.109.207.107 - - [30/Jul/2022:21:12:13 -0500] "GET /sipse/css/imagen/loginimg.png HTTP/1.1" 200 71635
191.109.207.107 - - [30/Jul/2022:21:12:18 -0500] "POST /sipse/faces/autenticacion.xhtml HTTP/1.1" 200 2213
191.109.207.107 - - [30/Jul/2022:21:12:19 -0500] "GET /sipse/faces/javax.faces.resource/messages/messages.png?ln=primefaces&v=4.0 HTTP/1.1" 200 27209
191.109.207.107 - - [30/Jul/2022:21:12:20 -0500] "POST /sipse/faces/autenticacion.xhtml HTTP/1.1" 200 16308
191.109.207.107 - - [30/Jul/2022:21:12:20 -0500] "GET /sipse/css/custom_css_sg_prime.css HTTP/1.1" 304 -
191.109.207.107 - - [30/Jul/2022:21:12:20 -0500] "GET /sipse/faces/javax.faces.resource/theme.css?ln=primefaces-sipse HTTP/1.1" 304 -
191.109.207.107 - - [30/Jul/2022:21:12:20 -0500] "GET /sipse/faces/javax.faces.resource/primefaces.css?ln=primefaces&v=4.0 HTTP/1.1" 304 -
191.109.207.107 - - [30/Jul/2022:21:12:20 -0500] "GET /sipse/faces/javax.faces.resource/layout/layout.css?ln=primefaces&v=4.0 HTTP/1.1" 304 -
191.109.207.107 - - [30/Jul/2022:21:12:20 -0500] "GET /sipse/js/jquery.min.js HTTP/1.1" 304 -
191.109.207.107 - - [30/Jul/2022:21:12:20 -0500] "GET /sipse/faces/javax.faces.resource/jquery/jquery.js?ln=primefaces&v=4.0 HTTP/1.1" 304 -
191.109.207.107 - - [30/Jul/2022:21:12:20 -0500] "GET /sipse/faces/javax.faces.resource/jquery/jquery-plugins.js?ln=primefaces&v=4.0 HTTP/1.1" 304 -
191.109.207.107 - - [30/Jul/2022:21:12:20 -0500] "GET /sipse/faces/javax.faces.resource/primefaces.js?ln=primefaces&v=4.0 HTTP/1.1" 304 -
191.109.207.107 - - [30/Jul/2022:21:12:20 -0500] "GET /sipse/faces/javax.faces.resource/layout/layout.js?ln=primefaces&v=4.0 HTTP/1.1" 304 -
191.109.207.107 - - [30/Jul/2022:21:12:20 -0500] "GET /sipse/css/imagen/contrasena.png HTTP/1.1" 404 383
191.109.207.107 - - [30/Jul/2022:21:12:20 -0500] "GET /sipse/imagenes/cargando.gif HTTP/1.1" 200 36959
191.109.207.107 - - [30/Jul/2022:21:12:20 -0500] "GET /sipse/imagenes/logoAplicacion.jpg HTTP/1.1" 200 155084
191.109.207.107 - - [30/Jul/2022:21:12:23 -0500] "GET /sipse/faces/javax.faces.resource/images/ui-bg_flat_0_2d5972_40x100.png?ln=primefaces-aristo HTTP/1.1" 200 183
191.109.207.107 - - [30/Jul/2022:21:12:23 -0500] "POST /sipse/faces/bienvenido.xhtml HTTP/1.1" 200 2073
77.88.5.43 - - [30/Jul/2022:21:12:23 -0500] "-" 408 -
191.109.207.107 - - [30/Jul/2022:21:12:24 -0500] "POST /sipse/faces/bienvenido.xhtml HTTP/1.1" 200 193
191.109.207.107 - - [30/Jul/2022:21:12:25 -0500] "GET /sipse/faces/javax.faces.resource/theme.css?ln=primefaces-sipse HTTP/1.1" 304 -
191.109.207.107 - - [30/Jul/2022:21:12:25 -0500] "GET /sipse/faces/javax.faces.resource/primefaces.css?ln=primefaces&v=4.0 HTTP/1.1" 304 -
191.109.207.107 - - [30/Jul/2022:21:12:25 -0500] "GET /sipse/faces/javax.faces.resource/layout/layout.css?ln=primefaces&v=4.0 HTTP/1.1" 304 -
191.109.207.107 - - [30/Jul/2022:21:12:25 -0500] "GET /sipse/faces/javax.faces.resource/jquery/jquery.js?ln=primefaces&v=4.0 HTTP/1.1" 304 -
191.109.207.107 - - [30/Jul/2022:21:12:25 -0500] "GET /sipse/faces/javax.faces.resource/jquery/jquery-plugins.js?ln=primefaces&v=4.0 HTTP/1.1" 304 -
191.109.207.107 - - [30/Jul/2022:21:12:25 -0500] "GET /sipse/faces/presentacion/financiero/solicitudAnulacion/consultarSolicitudAnulacion.xhtml HTTP/1.1" 200 40452
191.109.207.107 - - [30/Jul/2022:21:12:25 -0500] "GET /sipse/faces/javax.faces.resource/primefaces.js?ln=primefaces&v=4.0 HTTP/1.1" 304 -
191.109.207.107 - - [30/Jul/2022:21:12:25 -0500] "GET /sipse/faces/javax.faces.resource/layout/layout.js?ln=primefaces&v=4.0 HTTP/1.1" 304 -
191.109.207.107 - - [30/Jul/2022:21:12:25 -0500] "POST /sipse/faces/presentacion/financiero/solicitudAnulacion/consultarSolicitudAnulacion.xhtml HTTP/1.1" 200 10636
191.109.207.107 - - [30/Jul/2022:21:12:28 -0500] "POST /sipse/faces/presentacion/financiero/solicitudAnulacion/consultarSolicitudAnulacion.xhtml HTTP/1.1" 200 39033
191.109.207.107 - - [30/Jul/2022:21:12:29 -0500] "GET /sipse/faces/javax.faces.resource/theme.css?ln=primefaces-sipse HTTP/1.1" 304 -
191.109.207.107 - - [30/Jul/2022:21:12:29 -0500] "GET /sipse/faces/javax.faces.resource/primefaces.css?ln=primefaces&v=4.0 HTTP/1.1" 304 -
191.109.207.107 - - [30/Jul/2022:21:12:29 -0500] "GET /sipse/faces/javax.faces.resource/layout/layout.css?ln=primefaces&v=4.0 HTTP/1.1" 304 -
191.109.207.107 - - [30/Jul/2022:21:12:29 -0500] "GET /sipse/faces/javax.faces.resource/jquery/jquery.js?ln=primefaces&v=4.0 HTTP/1.1" 304 -
191.109.207.107 - - [30/Jul/2022:21:12:29 -0500] "GET /sipse/faces/javax.faces.resource/jquery/jquery-plugins.js?ln=primefaces&v=4.0 HTTP/1.1" 304 -
191.109.207.107 - - [30/Jul/2022:21:12:29 -0500] "GET /sipse/faces/javax.faces.resource/primefaces.js?ln=primefaces&v=4.0 HTTP/1.1" 304 -
191.109.207.107 - - [30/Jul/2022:21:12:29 -0500] "GET /sipse/faces/javax.faces.resource/layout/layout.js?ln=primefaces&v=4.0 HTTP/1.1" 304 -
93.158.161.2 - - [30/Jul/2022:21:12:29 -0500] "-" 408 -
191.109.207.107 - - [30/Jul/2022:21:12:32 -0500] "POST /sipse/faces/presentacion/financiero/solicitudProceso/consultar.xhtml HTTP/1.1" 200 31222
191.109.207.107 - - [30/Jul/2022:21:12:32 -0500] "POST /sipse/faces/presentacion/financiero/solicitudProceso/consultar.xhtml HTTP/1.1" 200 31222
191.109.207.107 - - [30/Jul/2022:21:12:33 -0500] "POST /sipse/faces/presentacion/financiero/solicitudProceso/consultar.xhtml HTTP/1.1" 200 31222
191.109.207.107 - - [30/Jul/2022:21:12:33 -0500] "POST /sipse/faces/presentacion/financiero/solicitudProceso/consultar.xhtml HTTP/1.1" 200 31222
77.88.5.230 - - [30/Jul/2022:21:12:34 -0500] "-" 408 -
191.109.207.107 - - [30/Jul/2022:21:12:36 -0500] "POST /sipse/faces/presentacion/financiero/solicitudProceso/consultar.xhtml HTTP/1.1" 200 3193
191.109.207.107 - - [30/Jul/2022:21:12:38 -0500] "POST /sipse/faces/presentacion/financiero/solicitudProceso/consultar.xhtml HTTP/1.1" 200 193
191.109.207.107 - - [30/Jul/2022:21:12:38 -0500] "POST /sipse/faces/presentacion/financiero/solicitudProceso/consultar.xhtml HTTP/1.1" 200 193
191.109.207.107 - - [30/Jul/2022:21:12:38 -0500] "GET /sipse/faces/presentacion/financiero/solicitudAnulacion/consultarSolicitudAnulacion.xhtml HTTP/1.1" 200 19221
191.109.207.107 - - [30/Jul/2022:21:12:39 -0500] "GET /sipse/faces/javax.faces.resource/theme.css?ln=primefaces-sipse HTTP/1.1" 304 -
191.109.207.107 - - [30/Jul/2022:21:12:39 -0500] "GET /sipse/faces/javax.faces.resource/primefaces.css?ln=primefaces&v=4.0 HTTP/1.1" 304 -
191.109.207.107 - - [30/Jul/2022:21:12:39 -0500] "GET /sipse/faces/javax.faces.resource/layout/layout.css?ln=primefaces&v=4.0 HTTP/1.1" 304 -
191.109.207.107 - - [30/Jul/2022:21:12:39 -0500] "GET /sipse/faces/javax.faces.resource/jquery/jquery.js?ln=primefaces&v=4.0 HTTP/1.1" 304 -
191.109.207.107 - - [30/Jul/2022:21:12:39 -0500] "GET /sipse/faces/presentacion/financiero/solicitudAnulacion/consultarSolicitudAnulacion.xhtml HTTP/1.1" 200 35308
191.109.207.107 - - [30/Jul/2022:21:12:39 -0500] "GET /sipse/faces/javax.faces.resource/jquery/jquery-plugins.js?ln=primefaces&v=4.0 HTTP/1.1" 304 -
191.109.207.107 - - [30/Jul/2022:21:12:39 -0500] "GET /sipse/faces/javax.faces.resource/primefaces.js?ln=primefaces&v=4.0 HTTP/1.1" 304 -
191.109.207.107 - - [30/Jul/2022:21:12:39 -0500] "GET /sipse/faces/javax.faces.resource/layout/layout.js?ln=primefaces&v=4.0 HTTP/1.1" 304 -
191.109.207.107 - - [30/Jul/2022:21:12:39 -0500] "POST /sipse/faces/presentacion/financiero/solicitudAnulacion/consultarSolicitudAnulacion.xhtml HTTP/1.1" 200 10616
201.245.192.253 - - [30/Jul/2022:21:12:37 -0500] "POST /kwsrmcab/Wsrmcab  HTTP/1.1" 200 45524
77.88.5.167 - - [30/Jul/2022:21:12:49 -0500] "-" 408 -
172.22.2.4 - - [30/Jul/2022:21:11:13 -0500] "HEAD /BLA/boletinlegal/ HTTP/1.1" 200 -
77.88.5.245 - - [30/Jul/2022:21:13:04 -0500] "-" 408 -
93.158.161.40 - - [30/Jul/2022:21:13:34 -0500] "-" 408 -
172.22.2.4 - - [30/Jul/2022:21:12:03 -0500] "GET /BLA/boletinlegal/ HTTP/1.1" 200 56377
93.158.161.6 - - [30/Jul/2022:21:14:34 -0500] "-" 408 -
77.88.5.81 - - [30/Jul/2022:21:15:34 -0500] "-" 408 -
216.245.221.92 - - [30/Jul/2022:21:16:40 -0500] "HEAD / HTTP/1.1" 200 -
77.88.5.214 - - [30/Jul/2022:21:17:34 -0500] "-" 408 -
201.245.192.253 - - [30/Jul/2022:21:17:37 -0500] "POST /kwsrmcab/Wsrmcab  HTTP/1.1" 200 45524
172.22.2.4 - - [30/Jul/2022:21:17:03 -0500] "HEAD /BLA/boletinlegal/ HTTP/1.1" 200 -
172.22.2.4 - - [30/Jul/2022:21:17:53 -0500] "GET /BLA/boletinlegal/ HTTP/1.1" 200 58164
191.109.207.107 - - [30/Jul/2022:21:20:32 -0500] "POST /sipse/faces/presentacion/financiero/solicitudAnulacion/consultarSolicitudAnulacion.xhtml HTTP/1.1" 200 17017
77.88.5.219 - - [30/Jul/2022:21:20:34 -0500] "-" 408 -
191.109.207.107 - - [30/Jul/2022:21:20:38 -0500] "POST /sipse/faces/presentacion/financiero/solicitudAnulacion/consultarSolicitudAnulacion.xhtml HTTP/1.1" 200 57790
201.245.192.253 - - [30/Jul/2022:21:20:36 -0500] "POST /kwsrmcab/Wsrmcab HTTP/1.1" 200 47360
191.109.207.107 - - [30/Jul/2022:21:20:39 -0500] "GET /sipse/faces/javax.faces.resource/fileupload/fileupload.css?ln=primefaces&v=4.0 HTTP/1.1" 200 1330
191.109.207.107 - - [30/Jul/2022:21:20:39 -0500] "GET /sipse/faces/javax.faces.resource/jquery/jquery.js?ln=primefaces&v=4.0 HTTP/1.1" 304 -
191.109.207.107 - - [30/Jul/2022:21:20:39 -0500] "GET /sipse/faces/javax.faces.resource/theme.css?ln=primefaces-sipse HTTP/1.1" 304 -
191.109.207.107 - - [30/Jul/2022:21:20:39 -0500] "GET /sipse/faces/javax.faces.resource/primefaces.css?ln=primefaces&v=4.0 HTTP/1.1" 304 -
191.109.207.107 - - [30/Jul/2022:21:20:39 -0500] "GET /sipse/faces/javax.faces.resource/layout/layout.css?ln=primefaces&v=4.0 HTTP/1.1" 304 -
191.109.207.107 - - [30/Jul/2022:21:20:39 -0500] "GET /sipse/faces/javax.faces.resource/jquery/jquery-plugins.js?ln=primefaces&v=4.0 HTTP/1.1" 304 -
191.109.207.107 - - [30/Jul/2022:21:20:39 -0500] "GET /sipse/faces/javax.faces.resource/primefaces.js?ln=primefaces&v=4.0 HTTP/1.1" 304 -
191.109.207.107 - - [30/Jul/2022:21:20:39 -0500] "GET /sipse/faces/javax.faces.resource/layout/layout.js?ln=primefaces&v=4.0 HTTP/1.1" 304 -
191.109.207.107 - - [30/Jul/2022:21:20:39 -0500] "GET /sipse/faces/javax.faces.resource/fileupload/fileupload.js?ln=primefaces&v=4.0 HTTP/1.1" 200 28091
201.245.192.253 - - [30/Jul/2022:21:20:40 -0500] "POST /kwsrmcab/Wsrmcab HTTP/1.1" 200 48118
195.246.120.111 - - [30/Jul/2022:21:20:43 -0500] "GET / HTTP/1.1" 200 319
191.109.207.107 - - [30/Jul/2022:21:20:48 -0500] "POST /sipse/faces/presentacion/financiero/solicitudAnulacion/registrarSolicitudAnulacion.xhtml HTTP/1.1" 200 26966
191.109.207.107 - - [30/Jul/2022:21:20:49 -0500] "GET /sipse/faces/javax.faces.resource/theme.css?ln=primefaces-sipse HTTP/1.1" 304 -
191.109.207.107 - - [30/Jul/2022:21:20:49 -0500] "GET /sipse/faces/javax.faces.resource/primefaces.css?ln=primefaces&v=4.0 HTTP/1.1" 304 -
191.109.207.107 - - [30/Jul/2022:21:20:49 -0500] "GET /sipse/faces/javax.faces.resource/layout/layout.css?ln=primefaces&v=4.0 HTTP/1.1" 304 -
191.109.207.107 - - [30/Jul/2022:21:20:49 -0500] "GET /sipse/faces/javax.faces.resource/jquery/jquery.js?ln=primefaces&v=4.0 HTTP/1.1" 304 -
191.109.207.107 - - [30/Jul/2022:21:20:49 -0500] "GET /sipse/faces/javax.faces.resource/jquery/jquery-plugins.js?ln=primefaces&v=4.0 HTTP/1.1" 304 -
191.109.207.107 - - [30/Jul/2022:21:20:49 -0500] "GET /sipse/faces/javax.faces.resource/primefaces.js?ln=primefaces&v=4.0 HTTP/1.1" 304 -
191.109.207.107 - - [30/Jul/2022:21:20:49 -0500] "GET /sipse/faces/javax.faces.resource/layout/layout.js?ln=primefaces&v=4.0 HTTP/1.1" 304 -
191.109.207.107 - - [30/Jul/2022:21:21:08 -0500] "GET /sipse/faces/javax.faces.resource/theme.css?ln=primefaces-sipse HTTP/1.1" 304 -
191.109.207.107 - - [30/Jul/2022:21:21:08 -0500] "GET /sipse/faces/javax.faces.resource/primefaces.css?ln=primefaces&v=4.0 HTTP/1.1" 304 -
191.109.207.107 - - [30/Jul/2022:21:21:08 -0500] "GET /sipse/faces/javax.faces.resource/layout/layout.css?ln=primefaces&v=4.0 HTTP/1.1" 304 -
191.109.207.107 - - [30/Jul/2022:21:21:08 -0500] "GET /sipse/faces/javax.faces.resource/fileupload/fileupload.css?ln=primefaces&v=4.0 HTTP/1.1" 304 -
191.109.207.107 - - [30/Jul/2022:21:21:08 -0500] "GET /sipse/faces/javax.faces.resource/jquery/jquery.js?ln=primefaces&v=4.0 HTTP/1.1" 304 -
191.109.207.107 - - [30/Jul/2022:21:21:08 -0500] "GET /sipse/faces/javax.faces.resource/jquery/jquery-plugins.js?ln=primefaces&v=4.0 HTTP/1.1" 304 -
191.109.207.107 - - [30/Jul/2022:21:21:08 -0500] "GET /sipse/faces/javax.faces.resource/primefaces.js?ln=primefaces&v=4.0 HTTP/1.1" 304 -
191.109.207.107 - - [30/Jul/2022:21:21:08 -0500] "GET /sipse/faces/javax.faces.resource/layout/layout.js?ln=primefaces&v=4.0 HTTP/1.1" 304 -
191.109.207.107 - - [30/Jul/2022:21:21:07 -0500] "POST /sipse/faces/presentacion/financiero/solicitudProceso/consultarHistorialSolProceso.xhtml HTTP/1.1" 200 63546
191.109.207.107 - - [30/Jul/2022:21:21:08 -0500] "GET /sipse/faces/javax.faces.resource/fileupload/fileupload.js?ln=primefaces&v=4.0 HTTP/1.1" 304 -
216.245.221.92 - - [30/Jul/2022:21:21:40 -0500] "HEAD / HTTP/1.1" 200 -
191.109.207.107 - - [30/Jul/2022:21:22:02 -0500] "POST /sipse/faces/presentacion/financiero/solicitudAnulacion/registrarSolicitudAnulacion.xhtml HTTP/1.1" 200 245789
186.102.20.189 - - [30/Jul/2022:21:22:14 -0500] "GET /kwssiamovil/sm/acme/a?s=U2FsdGVkX1/Z7T5HAEld1Pejit7WKy0XnBFLgzA9IIbPjgpVWyu0ZM7v7VvWP+6hTV+rkD6fmop7r84mRYw8RJFiRrQikjVe5qt5tOk9FBfqYNDCJbarA3w+Rt7kAoryoGqBdoTBFY8vMWISmQtdLssPxoJcZR+KK8zQINPT0ODqpU0zq9Ir8d/kIeS7eSO4HJIgcZCFBrCVpd/rl5u3G52cv0H0RrG5CRWxkhW2JFVKleovnAQTvWMl4e5pJdq1Wc1X4oaNwFB5ZOb8x5z/DA==&u=U2FsdGVkX1/yVYQb6+RobOKmFrSM6UwwyVPNDwZ1ssU=&y=U2FsdGVkX1/zGm21nA0zSKjmB6kbOYXsvoLL35iRzNogk6cAxBtQADkWvx2hAkLy HTTP/1.1" 200 25
186.102.20.189 - - [30/Jul/2022:21:22:14 -0500] "GET /kwssiamovil/sm/acme/a?s=U2FsdGVkX18REh8NP/sb5aBPyD2GyGuMEYE0c/W9rs4hsE7ouin44rusizimrLWUkZvnugMzgm5zpxBfiOnZSm+3i6OydrqO+RwdKm7Rsdq8o5zSuoL8XWaH7c/Pv/x2Pc4bGNK5QBRan7BDBVpM+Ahfs2mim3woY4Is49kPpxEzqyPfjrE+6aUD+9anObuUibvat1n7ULFWaRBhsNL+mCeAaUKiAfF+Z+dC+bZ87a2qhZ0hNUTMuA4wIIvdIEtiZn1Zre7zvMNp9S1atjNrE0Nfq0envp35cKbUB4Dx0jBXs84iHk4SKbBFnI/NIdmqW3v/rM7OIFkOxwuYH/okYcS7kefrTXt1xa738wHhGgc1gKfDO4/m3qv1E1qQHJ/A/CsGsLl2xwMpqiEin7txyr7Mnnijbxkxl4S6NbJx0Wclu9JXNdkZym09itxHfzT9sJEDk/b6nq8xijz9FdejteE6uMtOo5QpyBzeinyzzymfKmfmUiDkMOn2CsGbUeIiaxiB/Av0XM5ydWJ5FPWQMw2a79zCoTUqwmm1OI30bSTMZ70YxmYY5KkLR1l+RWDHiZhdL4Epa9KJID/2hUM13Kg3A/cDnIXjSd1ATkeiAZeo16fXJAUqURgMYiY8bVVrx44j+YecefXerojQkeTKfUMPImEQG15gHBNAXJIDNsCnMktXEBVDDi8g3WOg5RltmY6aFGxQAIAWszggDooKzd46dGFh0WV7Dak2trvHGagvo4JzY0hzziEZm6Ovc/6kIcyD6jlDX/+1X3+WIwOPgMYqYh1S5iACx1XKufkzCEpI1vXKLFt+FvO1B5656HfVJA6UHXSIOizJKwbXT8ujvS9OVO8Ai74tSPlxMRhSZ2fHAflqRQ1sAtv4TzIiY6Hd/Xtr8vvsQSKlQjoiMAMgX68oZPG2fl57M48ecVn+UVcuecdTbmqiI2QtDk5LcoEnnNBOXW2f3ibG3JINcCWaZLKksPUmv9hnMF4Vd+A5XEs+Ud/tgGiJkrRUW0B4wRJfqQySd+iQFDQdTClgMsq1t9DB7WsK9J1eUnEKb0BLckC4SBO6uGirYZbVKRoiXwxAo52WY8wcHVa6LaHXGqq44xySYiYHOu0lr5Jb7Wq2Gbm5SZobwNqZgx2l3mlJ6/jaz1J11vS9RJNhdsAoLxg9I31BaqrTDatmQKx2aJwvMMY7vOwS0v6/G1VxfXopqmEDGTrgIQmfTawkzhsmFVWznx8Ih+ojC23aL1mzbHhnLb9mX6uHisH2mGzxif3BGxx9oyUNOC810OlKARzFO1yy0V6u15ossZMw/RZlu3e0gbUJKnE++rkbUUOPfUC0oyZIZ5FVnzPik7J4JJ68kE4fEaSk1NiRd0/lYgq/US5y56AQcKigbtM4nnXuVp7uH+q0n+h1gFhnW1M89LzMNHZJFN+Z4mBr3iZs8ud5v+WMJdz6RmwO8lPXPIXW5hcm//qkFcET0JX35rDDe6EMZx7UuoU8x73IYNLbEtI9b+DuEpusVhMezEmjc1v5R77Lfo9sxtAFuh34iHXQGp+RhHpL1e9ktXC07y9Sp34jHlzMmq8=&u=U2FsdGVkX1/yVYQb6+RobOKmFrSM6UwwyVPNDwZ1ssU=&y=U2FsdGVkX1/zGm21nA0zSKjmB6kbOYXsvoLL35iRzNogk6cAxBtQADkWvx2hAkLy HTTP/1.1" 200 25
186.102.20.189 - - [30/Jul/2022:21:22:14 -0500] "GET /kwssiamovil/sm/acme/a?s=U2FsdGVkX19OGJZcToZ7ohVIRRUWB8Mro+T0MGtW/FV8yiU1B/ucMa6m/d7wagMp8vMsfcF9w+fzl5SrCaAe+9V2zkO+JQCwU/HUZjSmFFtaLd4f/s26+iHkP/N8oLWLu6WHEhEnPspkK7mFbk+mAg+2TbrZnBoQXvPe6sTNInQ=&u=U2FsdGVkX1/yVYQb6+RobOKmFrSM6UwwyVPNDwZ1ssU=&y=U2FsdGVkX1/zGm21nA0zSKjmB6kbOYXsvoLL35iRzNogk6cAxBtQADkWvx2hAkLy HTTP/1.1" 200 25
186.102.20.189 - - [30/Jul/2022:21:22:14 -0500] "GET /kwssiamovil/sm/acme/a?s=U2FsdGVkX19nFEjF+7ESWo71KIG6GIjxJrwMLBbjzksT4I9IQPHzOJ+T4NIVvtLhEPlQJNEFDc1+3ybu6mb9IMXbrZ8rfDbN/ezWPL3TgVtXDpS3mRlfPup8I7ufiOXgtUaT0V0KfIDMbCtOMaHMJhZtmKSYjHtMYIJlm5pNSq0=&u=U2FsdGVkX1/yVYQb6+RobOKmFrSM6UwwyVPNDwZ1ssU=&y=U2FsdGVkX1/zGm21nA0zSKjmB6kbOYXsvoLL35iRzNogk6cAxBtQADkWvx2hAkLy HTTP/1.1" 200 25
186.102.20.189 - - [30/Jul/2022:21:22:15 -0500] "GET /kwssiamovil/sm/acme/a?s=U2FsdGVkX1+cH8XLiI3XIY/SGkzAN5HrACdgL4JUlNcD4MM/Wo92SWmz6Y6HAIpD0Y5YL9CtgHXfpiEaoYpiHruMy4NxIEmJbWNplt8scKGshK4LJFUcvJ8Aq6vAfMNkuAqw8WLEL0KFY/2kVqyf9AGNXgE7/DpLNYLG+ti23QA=&u=U2FsdGVkX1/yVYQb6+RobOKmFrSM6UwwyVPNDwZ1ssU=&y=U2FsdGVkX1/zGm21nA0zSKjmB6kbOYXsvoLL35iRzNogk6cAxBtQADkWvx2hAkLy HTTP/1.1" 200 25
186.102.20.189 - - [30/Jul/2022:21:22:15 -0500] "GET /kwssiamovil/sm/acme/a?s=U2FsdGVkX1+Ddvz/QcaYwD1j0y4qLOz+xczKHMk7+r/F/gZd+WXjS4VSef65viByi+bXumUOW0r4FyDQRSMK8jRstAq461+WTseRekL5G+KPJNuGEr2G4U1x2rWVFzdhYRQZRo4vfHa6Bg8O3Z56PLBNxuOLzRiX20dRyZXaJefw/MbSd67RQ6vU0DZgUm4i&u=U2FsdGVkX1/yVYQb6+RobOKmFrSM6UwwyVPNDwZ1ssU=&y=U2FsdGVkX1/zGm21nA0zSKjmB6kbOYXsvoLL35iRzNogk6cAxBtQADkWvx2hAkLy HTTP/1.1" 200 25
201.245.192.253 - - [30/Jul/2022:21:22:36 -0500] "POST /kwsrmcab/Wsrmcab  HTTP/1.1" 200 45524
157.55.39.161 - - [30/Jul/2022:21:23:53 -0500] "GET /portaldeninos/wp-content/uploads/2021/11/pieza-dia-ruido-ambiental-bogota-28-abril-300x300.jpg HTTP/1.1" 200 24926
172.22.2.4 - - [30/Jul/2022:21:23:55 -0500] "GET /BLA/boletinlegal/Circulares/2021/CIRCULAR%20No.%2000007%20DEL%2010%20DE%20AGOSTO%20DEL%202021.pdf HTTP/1.1" 200 266364
172.22.2.4 - - [30/Jul/2022:21:22:53 -0500] "HEAD /BLA/boletinlegal/ HTTP/1.1" 200 -
172.22.2.4 - - [30/Jul/2022:21:24:56 -0500] "GET /BLA/boletinlegal/owa/auth/logon.aspx?url=https%3a%2f%2f1%2fecp%2f HTTP/1.1" 404 1018
40.77.188.107 - - [30/Jul/2022:21:25:00 -0500] "GET /galeria/galeria/jquery.fancybox.js?v=2.1.5 HTTP/1.1" 200 48706
172.22.2.4 - - [30/Jul/2022:21:23:43 -0500] "GET /BLA/boletinlegal/ HTTP/1.1" 200 58164
93.158.161.48 - - [30/Jul/2022:21:25:34 -0500] "-" 408 -
216.245.221.92 - - [30/Jul/2022:21:26:40 -0500] "HEAD / HTTP/1.1" 200 -
201.245.192.253 - - [30/Jul/2022:21:27:35 -0500] "POST /kwsrmcab/Wsrmcab  HTTP/1.1" 200 45524
190.69.226.184 - - [30/Jul/2022:21:29:19 -0500] "GET /BLA/resoluciones/index.php?dir=AUTOS+2011%2F HTTP/1.1" 200 635772
190.69.226.184 - - [30/Jul/2022:21:29:24 -0500] "GET /BLA/resoluciones/AUTOS%202011/2135.pdf HTTP/1.1" 200 262132
172.22.2.4 - - [30/Jul/2022:21:28:43 -0500] "HEAD /BLA/boletinlegal/ HTTP/1.1" 200 -
201.245.192.253 - - [30/Jul/2022:21:30:35 -0500] "POST /kwsrmcab/Wsrmcab HTTP/1.1" 200 47360
201.245.192.253 - - [30/Jul/2022:21:30:39 -0500] "POST /kwsrmcab/Wsrmcab HTTP/1.1" 200 48118
172.22.2.4 - - [30/Jul/2022:21:31:04 -0500] "GET /BLA/boletinlegal/jurisprudencia.php HTTP/1.1" 200 17573
172.22.2.4 - - [30/Jul/2022:21:29:33 -0500] "GET /BLA/boletinlegal/ HTTP/1.1" 200 52878
207.46.13.20 - - [30/Jul/2022:21:31:36 -0500] "GET /galeria/galeria/fotos/Humedal-la-Isla1G.jpg HTTP/1.1" 200 216243
216.245.221.92 - - [30/Jul/2022:21:31:40 -0500] "HEAD / HTTP/1.1" 200 -
185.7.214.104 - - [30/Jul/2022:21:32:09 -0500] "GET /index.php?s=/Index/\\think\\app/invokefunction&function=call_user_func_array&vars[0]=md5&vars[1][]=HelloThinkPHP21 HTTP/1.1" 404 1018
66.102.8.61 - - [30/Jul/2022:21:32:22 -0500] "GET /galeria/galeria/fotos/Soratama1G.jpg HTTP/1.1" 200 127762
