185.119.81.107 - - [01/Aug/2022:05:40:20 -0500] "GET /portaldeninos/wp-login.php HTTP/1.1" 200 2592
185.119.81.107 - - [01/Aug/2022:05:40:21 -0500] "POST /portaldeninos/wp-login.php HTTP/1.1" 200 3670
201.245.192.253 - - [01/Aug/2022:05:40:29 -0500] "POST /kwsrmcab/Wsrmcab HTTP/1.1" 200 46592
201.245.192.253 - - [01/Aug/2022:05:40:33 -0500] "POST /kwsrmcab/Wsrmcab HTTP/1.1" 200 47794
172.22.2.4 - - [01/Aug/2022:05:39:28 -0500] "HEAD /BLA/boletinlegal/ HTTP/1.1" 200 -
172.22.2.4 - - [01/Aug/2022:05:41:28 -0500] "GET /BLA/boletinlegal/Directivas/2014/Directiva%20No.%202%20del%205%20de%20Mayo%20de%202014.pdf HTTP/1.1" 304 -
216.245.221.92 - - [01/Aug/2022:05:41:35 -0500] "HEAD / HTTP/1.1" 200 -
172.22.2.4 - - [01/Aug/2022:05:40:19 -0500] "GET /BLA/boletinlegal/ HTTP/1.1" 200 53641
201.245.192.253 - - [01/Aug/2022:05:44:47 -0500] "POST /kwsrmcab/Wsrmcab  HTTP/1.1" 200 45524
216.245.221.92 - - [01/Aug/2022:05:46:35 -0500] "HEAD / HTTP/1.1" 200 -
172.22.2.4 - - [01/Aug/2022:05:45:18 -0500] "HEAD /BLA/boletinlegal/ HTTP/1.1" 200 -
172.22.2.4 - - [01/Aug/2022:05:46:09 -0500] "GET /BLA/boletinlegal/ HTTP/1.1" 200 58956
201.245.192.253 - - [01/Aug/2022:05:49:45 -0500] "POST /kwsrmcab/Wsrmcab  HTTP/1.1" 200 45524
216.245.221.92 - - [01/Aug/2022:05:51:35 -0500] "HEAD / HTTP/1.1" 200 -
172.22.2.4 - - [01/Aug/2022:05:51:08 -0500] "HEAD /BLA/boletinlegal/ HTTP/1.1" 200 -
157.55.39.98 - - [01/Aug/2022:05:53:04 -0500] "GET /BLA/resoluciones/RESOLUCIONES%202019/3307.pdf HTTP/1.1" 200 432125
172.22.2.4 - - [01/Aug/2022:05:51:59 -0500] "GET /BLA/boletinlegal/ HTTP/1.1" 200 58576
157.55.39.98 - - [01/Aug/2022:05:53:56 -0500] "GET /BLA/resoluciones/AUTOS%202017/3103.pdf HTTP/1.1" 304 -
201.245.192.253 - - [01/Aug/2022:05:54:44 -0500] "POST /kwsrmcab/Wsrmcab  HTTP/1.1" 200 45524
207.46.13.188 - - [01/Aug/2022:05:55:19 -0500] "GET /BLA/resoluciones/RESOLUCIONES%202007/RES%202007%202901%20AL%203000/RESOLUCION%202906%20DE%202007.pdf HTTP/1.1" 304 -
157.55.39.98 - - [01/Aug/2022:05:55:34 -0500] "GET /sipse/faces/faces/autenticacion.xhtml HTTP/1.1" 200 12491
216.245.221.92 - - [01/Aug/2022:05:56:35 -0500] "HEAD / HTTP/1.1" 200 -
172.22.2.4 - - [01/Aug/2022:05:56:58 -0500] "HEAD /BLA/boletinlegal/ HTTP/1.1" 200 -
173.252.87.15 - - [01/Aug/2022:05:59:10 -0500] "GET /images/la-vieja-mayo-24.jpg HTTP/1.1" 200 58217
172.22.2.4 - - [01/Aug/2022:05:57:49 -0500] "GET /BLA/boletinlegal/ HTTP/1.1" 200 58164
201.245.192.253 - - [01/Aug/2022:05:59:43 -0500] "POST /kwsrmcab/Wsrmcab  HTTP/1.1" 200 45524
207.46.13.218 - - [01/Aug/2022:06:00:42 -0500] "GET /BLA/resoluciones/RESOLUCIONES%202018/0970.pdf HTTP/1.1" 304 -
216.245.221.92 - - [01/Aug/2022:06:01:35 -0500] "HEAD / HTTP/1.1" 200 -
172.22.2.4 - - [01/Aug/2022:06:02:16 -0500] "GET /BLA/boletinlegal/jurisprudencia/analisis/AnalisisC-273-11.docx HTTP/1.1" 304 -
172.22.2.4 - - [01/Aug/2022:06:02:48 -0500] "HEAD /BLA/boletinlegal/ HTTP/1.1" 200 -
201.245.192.253 - - [01/Aug/2022:06:04:42 -0500] "POST /kwsrmcab/Wsrmcab  HTTP/1.1" 200 45524
172.22.2.4 - - [01/Aug/2022:06:03:40 -0500] "GET /BLA/boletinlegal/ HTTP/1.1" 200 60875
216.245.221.92 - - [01/Aug/2022:06:06:35 -0500] "HEAD / HTTP/1.1" 200 -
201.245.192.253 - - [01/Aug/2022:06:09:41 -0500] "POST /kwsrmcab/Wsrmcab  HTTP/1.1" 200 45524
172.22.2.4 - - [01/Aug/2022:06:08:38 -0500] "HEAD /BLA/boletinlegal/ HTTP/1.1" 200 -
172.22.2.4 - - [01/Aug/2022:06:09:29 -0500] "GET /BLA/boletinlegal/ HTTP/1.1" 200 53291
216.245.221.92 - - [01/Aug/2022:06:11:35 -0500] "HEAD / HTTP/1.1" 200 -
201.245.192.253 - - [01/Aug/2022:06:14:40 -0500] "POST /kwsrmcab/Wsrmcab  HTTP/1.1" 200 45524
162.142.125.221 - - [01/Aug/2022:06:14:55 -0500] "GET / HTTP/1.1" 200 319
162.142.125.221 - - [01/Aug/2022:06:14:55 -0500] "GET / HTTP/1.1" 200 319
162.142.125.221 - - [01/Aug/2022:06:14:55 -0500] "PRI * HTTP/2.0" 400 946
172.22.2.4 - - [01/Aug/2022:06:14:28 -0500] "HEAD /BLA/boletinlegal/ HTTP/1.1" 200 -
173.252.127.119 - - [01/Aug/2022:06:16:19 -0500] "GET /images/mujeres-cultura-31.jpg HTTP/1.1" 200 33736
216.245.221.92 - - [01/Aug/2022:06:16:35 -0500] "HEAD / HTTP/1.1" 200 -
172.22.2.4 - - [01/Aug/2022:06:15:19 -0500] "GET /BLA/boletinlegal/ HTTP/1.1" 200 58164
201.245.192.253 - - [01/Aug/2022:06:19:39 -0500] "POST /kwsrmcab/Wsrmcab  HTTP/1.1" 200 45524
201.245.192.253 - - [01/Aug/2022:06:20:29 -0500] "POST /kwsrmcab/Wsrmcab HTTP/1.1" 200 46444
201.245.192.253 - - [01/Aug/2022:06:20:33 -0500] "POST /kwsrmcab/Wsrmcab HTTP/1.1" 200 47836
216.245.221.92 - - [01/Aug/2022:06:21:35 -0500] "HEAD / HTTP/1.1" 200 -
172.22.2.4 - - [01/Aug/2022:06:20:18 -0500] "HEAD /BLA/boletinlegal/ HTTP/1.1" 200 -
172.22.2.4 - - [01/Aug/2022:06:21:09 -0500] "GET /BLA/boletinlegal/ HTTP/1.1" 200 60282
172.22.2.4 - - [01/Aug/2022:06:23:02 -0500] "GET /BLA/boletinlegal/style.css HTTP/1.1" 200 9406
172.22.2.4 - - [01/Aug/2022:06:23:02 -0500] "GET /BLA/boletinlegal/styles2.css HTTP/1.1" 200 1838
172.22.2.4 - - [01/Aug/2022:06:23:03 -0500] "GET /BLA/boletinlegal/js/jquery.js HTTP/1.1" 200 57254
172.22.2.4 - - [01/Aug/2022:06:23:03 -0500] "GET /BLA/boletinlegal/js/jquery.scrollTo-min.js HTTP/1.1" 200 1150
172.22.2.4 - - [01/Aug/2022:06:23:03 -0500] "GET /BLA/boletinlegal/js/jquery.scrollShow.js HTTP/1.1" 200 4586
172.22.2.4 - - [01/Aug/2022:06:23:03 -0500] "GET /BLA/boletinlegal/images/cabezote%20BLEGAL.jpg HTTP/1.1" 200 118164
172.22.2.4 - - [01/Aug/2022:06:23:03 -0500] "GET /BLA/boletinlegal/images/subscribe-icon-big.png HTTP/1.1" 200 47702
172.22.2.4 - - [01/Aug/2022:06:23:03 -0500] "GET /BLA/boletinlegal/images/historia.png HTTP/1.1" 200 52775
172.22.2.4 - - [01/Aug/2022:06:23:03 -0500] "GET /BLA/boletinlegal/images/registro-usuarios.png HTTP/1.1" 200 8106
172.22.2.4 - - [01/Aug/2022:06:23:03 -0500] "GET /BLA/boletinlegal/images/arr_l.jpg HTTP/1.1" 200 1979
172.22.2.4 - - [01/Aug/2022:06:23:03 -0500] "GET /BLA/boletinlegal/images/screen_1.png HTTP/1.1" 200 202547
172.22.2.4 - - [01/Aug/2022:06:23:03 -0500] "GET /BLA/boletinlegal/images/launch.jpg HTTP/1.1" 200 14577
172.22.2.4 - - [01/Aug/2022:06:23:04 -0500] "GET /BLA/boletinlegal/images/menu_lft.gif HTTP/1.1" 200 1713
172.22.2.4 - - [01/Aug/2022:06:23:04 -0500] "GET /BLA/boletinlegal/images/body_bg.jpg HTTP/1.1" 200 1601
172.22.2.4 - - [01/Aug/2022:06:23:04 -0500] "GET /BLA/boletinlegal/images/menu_rght.gif HTTP/1.1" 200 1627
172.22.2.4 - - [01/Aug/2022:06:23:04 -0500] "GET /BLA/boletinlegal/images/bg_top.jpg HTTP/1.1" 200 522
172.22.2.4 - - [01/Aug/2022:06:23:04 -0500] "GET /BLA/boletinlegal/images/menu_bg.jpg HTTP/1.1" 200 620
172.22.2.4 - - [01/Aug/2022:06:23:04 -0500] "GET /BLA/boletinlegal/images/text.jpg HTTP/1.1" 200 568
172.22.2.4 - - [01/Aug/2022:06:23:04 -0500] "GET /BLA/boletinlegal/images/hover.jpg HTTP/1.1" 200 640
172.22.2.4 - - [01/Aug/2022:06:23:09 -0500] "GET /BLA/boletinlegal/images/screen_2.png HTTP/1.1" 200 362502
172.22.2.4 - - [01/Aug/2022:06:23:09 -0500] "GET /BLA/boletinlegal/images/screen_3.png HTTP/1.1" 200 210620
172.22.2.4 - - [01/Aug/2022:06:23:10 -0500] "GET /BLA/boletinlegal/images/screen_5.png HTTP/1.1" 200 368876
172.22.2.4 - - [01/Aug/2022:06:23:10 -0500] "GET /BLA/boletinlegal/images/arr_r.jpg HTTP/1.1" 200 1998
172.22.2.4 - - [01/Aug/2022:06:23:17 -0500] "GET /BLA/boletinlegal/images/pdf.gif HTTP/1.1" 200 567
201.245.192.253 - - [01/Aug/2022:06:24:38 -0500] "POST /kwsrmcab/Wsrmcab  HTTP/1.1" 200 45524
172.22.2.4 - - [01/Aug/2022:06:23:02 -0500] "GET /BLA/boletinlegal/ HTTP/1.1" 200 63703
172.22.2.4 - - [01/Aug/2022:06:24:42 -0500] "GET /BLA/boletinlegal/images/footer_bg.jpg HTTP/1.1" 200 586
172.22.2.4 - - [01/Aug/2022:06:24:42 -0500] "GET /BLA/boletinlegal/favicon.ico HTTP/1.1" 404 1308
216.245.221.92 - - [01/Aug/2022:06:26:35 -0500] "HEAD / HTTP/1.1" 200 -
172.22.2.4 - - [01/Aug/2022:06:27:11 -0500] "GET /BLA/boletinlegal/images/background.gif HTTP/1.1" 200 -
172.22.2.4 - - [01/Aug/2022:06:27:30 -0500] "GET /BLA/boletinlegal/Circulares/2022/CIRCULAR%20No.%2000007%20DEL%2025%20DE%20JULIO%20DEL%202022.pdf HTTP/1.1" 200 277953
172.22.2.4 - - [01/Aug/2022:06:27:30 -0500] "GET /BLA/boletinlegal/Circulares/2022/CIRCULAR%20No.%2000007%20DEL%2025%20DE%20JULIO%20DEL%202022.pdf HTTP/1.1" 200 277953
172.22.2.4 - - [01/Aug/2022:06:27:30 -0500] "GET /BLA/boletinlegal/Circulares/2022/CIRCULAR%20No.%2000007%20DEL%2025%20DE%20JULIO%20DEL%202022.pdf HTTP/1.1" 206 1025
172.22.2.4 - - [01/Aug/2022:06:26:08 -0500] "HEAD /BLA/boletinlegal/ HTTP/1.1" 200 -
64.62.197.211 - - [01/Aug/2022:06:28:35 -0500] "GET /favicon.ico HTTP/1.1" 200 7782
172.22.2.4 - - [01/Aug/2022:06:26:59 -0500] "GET /BLA/boletinlegal/ HTTP/1.1" 200 60282
201.245.192.253 - - [01/Aug/2022:06:29:37 -0500] "POST /kwsrmcab/Wsrmcab  HTTP/1.1" 200 45524
201.245.192.253 - - [01/Aug/2022:06:30:29 -0500] "POST /kwsrmcab/Wsrmcab HTTP/1.1" 200 46444
201.245.192.253 - - [01/Aug/2022:06:30:33 -0500] "POST /kwsrmcab/Wsrmcab HTTP/1.1" 200 47836
216.245.221.92 - - [01/Aug/2022:06:31:35 -0500] "HEAD / HTTP/1.1" 200 -
172.22.2.4 - - [01/Aug/2022:06:32:25 -0500] "GET /BLA/boletinlegal/xmlrpc.php HTTP/1.1" 404 1038
172.22.2.4 - - [01/Aug/2022:06:32:25 -0500] "GET /BLA/boletinlegal/xmlrpc.php HTTP/1.1" 404 1038
172.22.2.4 - - [01/Aug/2022:06:31:58 -0500] "HEAD /BLA/boletinlegal/ HTTP/1.1" 200 -
172.22.2.4 - - [01/Aug/2022:06:32:48 -0500] "GET /BLA/boletinlegal/ HTTP/1.1" 200 58576
201.245.192.253 - - [01/Aug/2022:06:34:36 -0500] "POST /kwsrmcab/Wsrmcab  HTTP/1.1" 200 45524
216.245.221.92 - - [01/Aug/2022:06:36:35 -0500] "HEAD / HTTP/1.1" 200 -
173.252.107.10 - - [01/Aug/2022:06:37:09 -0500] "GET /cuco-americano-otra-ave-que-esta-en-epoca-de-migracion.html HTTP/1.1" 206 914
173.252.87.116 - - [01/Aug/2022:06:38:16 -0500] "GET /images/acuerdos-enero-19.jpg HTTP/1.1" 200 56694
173.252.127.117 - - [01/Aug/2022:06:38:47 -0500] "GET /images/nueva-jornada-reciclaton-ambiente-cajas-12-noviembre.jpg HTTP/1.1" 200 479427
172.22.2.4 - - [01/Aug/2022:06:37:48 -0500] "HEAD /BLA/boletinlegal/ HTTP/1.1" 200 -
201.245.192.253 - - [01/Aug/2022:06:39:35 -0500] "POST /kwsrmcab/Wsrmcab  HTTP/1.1" 200 45524
185.119.81.98 - - [01/Aug/2022:06:39:58 -0500] "GET /portaldeninos/wp-login.php HTTP/1.1" 200 2592
185.119.81.98 - - [01/Aug/2022:06:39:59 -0500] "POST /portaldeninos/wp-login.php HTTP/1.1" 200 3605
172.22.2.4 - - [01/Aug/2022:06:38:39 -0500] "GET /BLA/boletinlegal/ HTTP/1.1" 200 60282
201.245.192.253 - - [01/Aug/2022:06:40:29 -0500] "POST /kwsrmcab/Wsrmcab HTTP/1.1" 200 46444
201.245.192.253 - - [01/Aug/2022:06:40:33 -0500] "POST /kwsrmcab/Wsrmcab HTTP/1.1" 200 47836
216.245.221.92 - - [01/Aug/2022:06:41:35 -0500] "HEAD / HTTP/1.1" 200 -
207.46.13.14 - - [01/Aug/2022:06:41:36 -0500] "GET /portaldeninos/2021/06/20/mas-de-130-arboles-fueron-plantados-en-el-humedal-la-conejera-con-comunidad-educativa/ HTTP/1.1" 200 108009
207.46.13.92 - - [01/Aug/2022:06:41:50 -0500] "GET /portaldeninos/wp-content/themes/betheme/assets/animations/animations.min.js?ver=20.9.6 HTTP/1.1" 200 1896
207.46.13.92 - - [01/Aug/2022:06:41:53 -0500] "GET /portaldeninos/wp-content/themes/betheme/css/shortcodes.css?ver=20.9.6 HTTP/1.1" 200 138889
157.55.39.145 - - [01/Aug/2022:06:41:54 -0500] "GET /portaldeninos/wp-includes/js/jquery/ui/mouse.min.js?ver=1.11.4 HTTP/1.1" 200 3148
157.55.39.50 - - [01/Aug/2022:06:41:55 -0500] "GET /portaldeninos/wp-content/themes/betheme/assets/animations/animations.min.css?ver=20.9.6 HTTP/1.1" 200 58508
207.46.13.92 - - [01/Aug/2022:06:41:56 -0500] "GET /portaldeninos/wp-content/themes/betheme/style.css?ver=20.9.6 HTTP/1.1" 200 287
40.77.167.22 - - [01/Aug/2022:06:41:57 -0500] "GET /portaldeninos/wp-content/plugins/gallery-videos/CSS/totalsoft.css?ver=4.9.8 HTTP/1.1" 200 40622
157.55.39.145 - - [01/Aug/2022:06:41:57 -0500] "GET /portaldeninos/wp-includes/js/jquery/ui/tabs.min.js?ver=1.11.4 HTTP/1.1" 200 12110
157.55.39.50 - - [01/Aug/2022:06:41:58 -0500] "GET /portaldeninos/wp-includes/js/jquery/ui/accordion.min.js?ver=1.11.4 HTTP/1.1" 200 8584
207.46.13.92 - - [01/Aug/2022:06:41:59 -0500] "GET /portaldeninos/wp-includes/js/jquery/ui/core.min.js?ver=1.11.4 HTTP/1.1" 200 4000
40.77.167.22 - - [01/Aug/2022:06:41:59 -0500] "GET /portaldeninos/wp-content/themes/betheme/assets/ui/jquery.ui.all.css?ver=20.9.6 HTTP/1.1" 200 18765
207.46.13.14 - - [01/Aug/2022:06:42:00 -0500] "GET /portaldeninos/wp-content/themes/betheme/assets/jplayer/jplayer.min.js?ver=20.9.6 HTTP/1.1" 200 52702
157.55.39.50 - - [01/Aug/2022:06:42:01 -0500] "GET /portaldeninos/wp-includes/js/wp-embed.min.js?ver=4.9.8 HTTP/1.1" 200 1398
40.77.167.22 - - [01/Aug/2022:06:42:02 -0500] "GET /portaldeninos/wp-content/themes/betheme/css/layout.css?ver=20.9.6 HTTP/1.1" 200 116639
207.46.13.14 - - [01/Aug/2022:06:42:03 -0500] "GET /portaldeninos/wp-content/themes/betheme/js/plugins.js?ver=20.9.6 HTTP/1.1" 200 197151
40.77.167.22 - - [01/Aug/2022:06:42:05 -0500] "GET /portaldeninos/wp-content/themes/betheme/js/scripts.js?ver=20.9.6 HTTP/1.1" 200 77162
40.77.167.22 - - [01/Aug/2022:06:42:08 -0500] "GET /portaldeninos/wp-content/uploads/useanyfont/uaf.css?ver=1589905315 HTTP/1.1" 200 408
157.55.39.161 - - [01/Aug/2022:06:42:09 -0500] "GET /portaldeninos/wp-content/plugins/gallery-videos/CSS/Total-Soft-Gallery-Video-Widget.css?ver=4.9.8 HTTP/1.1" 200 51554
157.55.39.161 - - [01/Aug/2022:06:42:11 -0500] "GET /portaldeninos/wp-content/plugins/gallery-videos/JS/modernizr.custom.js?ver=4.9.8 HTTP/1.1" 200 9019
157.55.39.161 - - [01/Aug/2022:06:42:14 -0500] "GET /portaldeninos/wp-content/themes/betheme/assets/jplayer/css/jplayer.blue.monday.css?ver=20.9.6 HTTP/1.1" 200 9834
157.55.39.161 - - [01/Aug/2022:06:42:16 -0500] "GET /portaldeninos/wp-content/themes/betheme/css/base.css?ver=20.9.6 HTTP/1.1" 200 57283
157.55.39.161 - - [01/Aug/2022:06:42:20 -0500] "GET /portaldeninos/wp-content/themes/betheme/css/responsive.css?ver=20.9.6 HTTP/1.1" 200 55740
157.55.39.161 - - [01/Aug/2022:06:42:23 -0500] "GET /portaldeninos/wp-includes/js/comment-reply.min.js?ver=4.9.8 HTTP/1.1" 200 1078
157.55.39.161 - - [01/Aug/2022:06:42:26 -0500] "GET /portaldeninos/wp-includes/js/jquery/jquery-migrate.min.js?ver=1.4.1 HTTP/1.1" 200 10056
201.245.192.253 - - [01/Aug/2022:06:44:33 -0500] "POST /kwsrmcab/Wsrmcab  HTTP/1.1" 200 45524
172.22.2.4 - - [01/Aug/2022:06:43:02 -0500] "GET /BLA/boletinlegal/index.php HTTP/1.1" 200 58164
172.22.2.4 - - [01/Aug/2022:06:43:38 -0500] "HEAD /BLA/boletinlegal/ HTTP/1.1" 200 -
172.22.2.4 - - [01/Aug/2022:06:44:28 -0500] "GET /BLA/boletinlegal/ HTTP/1.1" 200 54004
216.245.221.92 - - [01/Aug/2022:06:46:35 -0500] "HEAD / HTTP/1.1" 200 -
201.245.192.253 - - [01/Aug/2022:06:49:33 -0500] "POST /kwsrmcab/Wsrmcab  HTTP/1.1" 200 45524
207.46.13.20 - - [01/Aug/2022:06:50:25 -0500] "GET /BLA/resoluciones/RESOLUCIONES%202015/2261.pdf HTTP/1.1" 200 527041
185.119.81.107 - - [01/Aug/2022:06:50:55 -0500] "GET /portaldeninos/wp-login.php HTTP/1.1" 200 2592
185.119.81.107 - - [01/Aug/2022:06:50:56 -0500] "POST /portaldeninos/wp-login.php HTTP/1.1" 200 3605
172.22.2.4 - - [01/Aug/2022:06:49:28 -0500] "HEAD /BLA/boletinlegal/ HTTP/1.1" 200 -
216.245.221.92 - - [01/Aug/2022:06:51:35 -0500] "HEAD / HTTP/1.1" 200 -
172.22.2.4 - - [01/Aug/2022:06:50:19 -0500] "GET /BLA/boletinlegal/ HTTP/1.1" 200 60282
172.22.2.4 - - [01/Aug/2022:06:53:11 -0500] "GET /BLA/boletinlegal/ HTTP/1.1" 200 36811
172.22.2.4 - - [01/Aug/2022:06:53:14 -0500] "GET /BLA/boletinlegal/ HTTP/1.1" 200 36811
201.245.192.253 - - [01/Aug/2022:06:54:30 -0500] "POST /kwsrmcab/Wsrmcab  HTTP/1.1" 200 45524
216.245.221.92 - - [01/Aug/2022:06:56:35 -0500] "HEAD / HTTP/1.1" 200 -
172.22.2.4 - - [01/Aug/2022:06:55:18 -0500] "HEAD /BLA/boletinlegal/ HTTP/1.1" 200 -
172.22.2.4 - - [01/Aug/2022:06:56:09 -0500] "GET /BLA/boletinlegal/ HTTP/1.1" 200 58576
40.77.190.226 - - [01/Aug/2022:06:57:49 -0500] "GET /portaldeninos/wp-includes/js/wp-emoji-release.min.js?ver=4.9.8 HTTP/1.1" 200 12026
40.77.190.17 - - [01/Aug/2022:06:57:49 -0500] "GET /portaldeninos/wp-content/themes/betheme/fonts/mfn-icons.woff?93978679 HTTP/1.1" 200 80932
185.196.220.70 - - [01/Aug/2022:06:58:14 -0500] "GET / HTTP/1.1" 200 319
69.171.251.2 - - [01/Aug/2022:06:58:15 -0500] "GET /images/mujeres-reverdecen-humedales-2-febrero.jpg HTTP/1.1" 200 47327
201.245.192.253 - - [01/Aug/2022:06:59:30 -0500] "POST /kwsrmcab/Wsrmcab  HTTP/1.1" 200 45524
186.116.214.108 - - [01/Aug/2022:07:00:38 -0500] "GET /forest/ HTTP/1.1" 200 12041
186.116.214.108 - - [01/Aug/2022:07:00:46 -0500] "POST /forest/index.php HTTP/1.1" 200 12268
173.252.107.19 - - [01/Aug/2022:07:01:23 -0500] "GET /secretaria-de-ambiente-abre-espacio-de-formacion-para-comunicadores-sociales-y-periodistas.html HTTP/1.1" 206 860
216.245.221.92 - - [01/Aug/2022:07:01:35 -0500] "HEAD / HTTP/1.1" 200 -
201.245.192.253 - - [01/Aug/2022:07:02:03 -0500] "GET /sipse/faces/faces/autenticacion.xhtml HTTP/1.1" 200 12491
201.245.192.253 - - [01/Aug/2022:07:02:04 -0500] "GET /sipse/js/disable_browser_buttons.js HTTP/1.1" 304 -
201.245.192.253 - - [01/Aug/2022:07:02:04 -0500] "GET /sipse/js/funciones.js HTTP/1.1" 304 -
201.245.192.253 - - [01/Aug/2022:07:02:04 -0500] "GET /sipse/css/custom_css_sg.css HTTP/1.1" 200 9694
201.245.192.253 - - [01/Aug/2022:07:02:04 -0500] "GET /sipse/css/custom_css_sg_prime_login.css HTTP/1.1" 200 443
201.245.192.253 - - [01/Aug/2022:07:02:04 -0500] "GET /sipse/faces/javax.faces.resource/layout/layout.css;jsessionid=Ca9snXO6iiuUXC10bq8dt0+Z.undefined?ln=primefaces&v=4.0 HTTP/1.1" 200 542
201.245.192.253 - - [01/Aug/2022:07:02:04 -0500] "GET /sipse/faces/javax.faces.resource/theme.css?ln=primefaces-sipse HTTP/1.1" 304 -
201.245.192.253 - - [01/Aug/2022:07:02:04 -0500] "GET /sipse/faces/javax.faces.resource/jquery/jquery.js;jsessionid=Ca9snXO6iiuUXC10bq8dt0+Z.undefined?ln=primefaces&v=4.0 HTTP/1.1" 200 105384
201.245.192.253 - - [01/Aug/2022:07:02:04 -0500] "GET /sipse/faces/javax.faces.resource/layout/layout.js;jsessionid=Ca9snXO6iiuUXC10bq8dt0+Z.undefined?ln=primefaces&v=4.0 HTTP/1.1" 200 87560
201.245.192.253 - - [01/Aug/2022:07:02:04 -0500] "GET /sipse/faces/javax.faces.resource/jquery/jquery-plugins.js;jsessionid=Ca9snXO6iiuUXC10bq8dt0+Z.undefined?ln=primefaces&v=4.0 HTTP/1.1" 200 220526
201.245.192.253 - - [01/Aug/2022:07:02:04 -0500] "GET /sipse/faces/javax.faces.resource/primefaces.css;jsessionid=Ca9snXO6iiuUXC10bq8dt0+Z.undefined?ln=primefaces&v=4.0 HTTP/1.1" 200 53295
201.245.192.253 - - [01/Aug/2022:07:02:04 -0500] "GET /sipse/faces/javax.faces.resource/primefaces.js;jsessionid=Ca9snXO6iiuUXC10bq8dt0+Z.undefined?ln=primefaces&v=4.0 HTTP/1.1" 200 276924
201.245.192.253 - - [01/Aug/2022:07:02:04 -0500] "GET /sipse/faces/javax.faces.resource/images/ui-icons_898989_256x240.png?ln=primefaces-aristo HTTP/1.1" 200 5355
201.245.192.253 - - [01/Aug/2022:07:02:04 -0500] "GET /sipse/css/imagen/loginimg.png HTTP/1.1" 200 71635
201.245.192.253 - - [01/Aug/2022:07:02:04 -0500] "GET /sipse/css/imagen/logoSDG.png HTTP/1.1" 200 53064
201.245.192.253 - - [01/Aug/2022:07:02:04 -0500] "GET /favicon.ico HTTP/1.1" 200 7782
201.245.192.253 - - [01/Aug/2022:07:02:04 -0500] "GET /sipse/faces/faces/index.xhtml HTTP/1.1" 200 677
201.245.192.253 - - [01/Aug/2022:07:02:04 -0500] "GET /sipse/faces/javax.faces.resource/theme.css?ln=primefaces-sipse HTTP/1.1" 304 -
201.245.192.253 - - [01/Aug/2022:07:02:04 -0500] "GET /sipse/faces/faces/faces/autenticacion.xhtml HTTP/1.1" 200 12169
201.245.192.253 - - [01/Aug/2022:07:02:04 -0500] "GET /sipse/faces/javax.faces.resource/theme.css?ln=primefaces-sipse HTTP/1.1" 304 -
201.245.192.253 - - [01/Aug/2022:07:02:04 -0500] "GET /sipse/faces/javax.faces.resource/layout/layout.css?ln=primefaces&v=4.0 HTTP/1.1" 200 542
201.245.192.253 - - [01/Aug/2022:07:02:04 -0500] "GET /sipse/faces/javax.faces.resource/jquery/jquery-plugins.js?ln=primefaces&v=4.0 HTTP/1.1" 304 -
201.245.192.253 - - [01/Aug/2022:07:02:04 -0500] "GET /sipse/faces/javax.faces.resource/layout/layout.js?ln=primefaces&v=4.0 HTTP/1.1" 304 -
201.245.192.253 - - [01/Aug/2022:07:02:04 -0500] "GET /sipse/faces/javax.faces.resource/jquery/jquery.js?ln=primefaces&v=4.0 HTTP/1.1" 304 -
201.245.192.253 - - [01/Aug/2022:07:02:04 -0500] "GET /sipse/faces/javax.faces.resource/primefaces.js?ln=primefaces&v=4.0 HTTP/1.1" 304 -
201.245.192.253 - - [01/Aug/2022:07:02:04 -0500] "GET /sipse/faces/javax.faces.resource/primefaces.css?ln=primefaces&v=4.0 HTTP/1.1" 200 53295
201.245.192.253 - - [01/Aug/2022:07:02:04 -0500] "GET /sipse/faces/javax.faces.resource/images/ui-icons_898989_256x240.png?ln=primefaces-aristo HTTP/1.1" 304 -
201.245.192.253 - - [01/Aug/2022:07:02:06 -0500] "POST /sipse/faces/autenticacion.xhtml HTTP/1.1" 200 11364
201.245.192.253 - - [01/Aug/2022:07:02:06 -0500] "GET /sipse/css/custom_css_sg_prime.css HTTP/1.1" 200 5201
201.245.192.253 - - [01/Aug/2022:07:02:06 -0500] "GET /sipse/faces/javax.faces.resource/jquery/jquery.js?ln=primefaces&v=4.0 HTTP/1.1" 304 -
201.245.192.253 - - [01/Aug/2022:07:02:06 -0500] "GET /sipse/faces/javax.faces.resource/jquery/jquery-plugins.js?ln=primefaces&v=4.0 HTTP/1.1" 304 -
201.245.192.253 - - [01/Aug/2022:07:02:06 -0500] "GET /sipse/faces/javax.faces.resource/primefaces.js?ln=primefaces&v=4.0 HTTP/1.1" 304 -
201.245.192.253 - - [01/Aug/2022:07:02:06 -0500] "GET /sipse/faces/javax.faces.resource/layout/layout.js?ln=primefaces&v=4.0 HTTP/1.1" 304 -
201.245.192.253 - - [01/Aug/2022:07:02:06 -0500] "GET /sipse/faces/javax.faces.resource/messages/messages.png?ln=primefaces&v=4.0 HTTP/1.1" 200 27209
201.245.192.253 - - [01/Aug/2022:07:02:08 -0500] "POST /sipse/faces/presentacion/sistema/seguridad/seleccionRol.xhtml HTTP/1.1" 200 5801
201.245.192.253 - - [01/Aug/2022:07:02:09 -0500] "POST /sipse/faces/presentacion/sistema/seguridad/seleccionRol.xhtml HTTP/1.1" 200 16299
201.245.192.253 - - [01/Aug/2022:07:02:09 -0500] "GET /sipse/js/jquery.min.js HTTP/1.1" 304 -
201.245.192.253 - - [01/Aug/2022:07:02:09 -0500] "GET /sipse/faces/javax.faces.resource/jquery/jquery.js?ln=primefaces&v=4.0 HTTP/1.1" 304 -
201.245.192.253 - - [01/Aug/2022:07:02:09 -0500] "GET /sipse/faces/javax.faces.resource/jquery/jquery-plugins.js?ln=primefaces&v=4.0 HTTP/1.1" 304 -
201.245.192.253 - - [01/Aug/2022:07:02:09 -0500] "GET /sipse/faces/javax.faces.resource/primefaces.js?ln=primefaces&v=4.0 HTTP/1.1" 304 -
201.245.192.253 - - [01/Aug/2022:07:02:09 -0500] "GET /sipse/faces/javax.faces.resource/layout/layout.js?ln=primefaces&v=4.0 HTTP/1.1" 304 -
201.245.192.253 - - [01/Aug/2022:07:02:09 -0500] "GET /sipse/imagenes/cargando.gif HTTP/1.1" 200 36959
201.245.192.253 - - [01/Aug/2022:07:02:09 -0500] "GET /sipse/css/imagen/contrasena.png HTTP/1.1" 404 383
201.245.192.253 - - [01/Aug/2022:07:02:09 -0500] "GET /sipse/imagenes/logoAplicacion.jpg HTTP/1.1" 200 155084
201.245.192.253 - - [01/Aug/2022:07:02:10 -0500] "GET /sipse/faces/javax.faces.resource/images/ui-bg_flat_0_2d5972_40x100.png?ln=primefaces-aristo HTTP/1.1" 200 183
201.245.192.253 - - [01/Aug/2022:07:02:10 -0500] "POST /sipse/faces/bienvenido.xhtml HTTP/1.1" 200 1471
201.245.192.253 - - [01/Aug/2022:07:02:11 -0500] "POST /sipse/faces/bienvenido.xhtml HTTP/1.1" 200 59165
201.245.192.253 - - [01/Aug/2022:07:02:12 -0500] "GET /sipse/faces/javax.faces.resource/jquery/jquery.js?ln=primefaces&v=4.0 HTTP/1.1" 304 -
201.245.192.253 - - [01/Aug/2022:07:02:12 -0500] "GET /sipse/faces/javax.faces.resource/jquery/jquery-plugins.js?ln=primefaces&v=4.0 HTTP/1.1" 304 -
201.245.192.253 - - [01/Aug/2022:07:02:12 -0500] "GET /sipse/faces/javax.faces.resource/primefaces.js?ln=primefaces&v=4.0 HTTP/1.1" 304 -
201.245.192.253 - - [01/Aug/2022:07:02:12 -0500] "GET /sipse/faces/javax.faces.resource/layout/layout.js?ln=primefaces&v=4.0 HTTP/1.1" 304 -
201.245.192.253 - - [01/Aug/2022:07:02:12 -0500] "POST /sipse/faces/presentacion/financiero/solicitudProceso/listarSolicitudProceso.xhtml HTTP/1.1" 200 1560
201.245.192.253 - - [01/Aug/2022:07:02:15 -0500] "POST /sipse/faces/presentacion/financiero/solicitudProceso/listarSolicitudProceso.xhtml HTTP/1.1" 200 127181
201.245.192.253 - - [01/Aug/2022:07:02:16 -0500] "GET /sipse/faces/javax.faces.resource/jquery/jquery.js?ln=primefaces&v=4.0 HTTP/1.1" 304 -
201.245.192.253 - - [01/Aug/2022:07:02:16 -0500] "GET /sipse/faces/javax.faces.resource/jquery/jquery-plugins.js?ln=primefaces&v=4.0 HTTP/1.1" 304 -
201.245.192.253 - - [01/Aug/2022:07:02:16 -0500] "GET /sipse/faces/javax.faces.resource/primefaces.js?ln=primefaces&v=4.0 HTTP/1.1" 304 -
201.245.192.253 - - [01/Aug/2022:07:02:16 -0500] "GET /sipse/faces/javax.faces.resource/layout/layout.js?ln=primefaces&v=4.0 HTTP/1.1" 304 -
201.245.192.253 - - [01/Aug/2022:07:02:22 -0500] "POST /sipse/faces/presentacion/financiero/solicitudProceso/consultarSolicitudProceso.xhtml HTTP/1.1" 200 23922
201.245.192.253 - - [01/Aug/2022:07:02:22 -0500] "GET /sipse/faces/javax.faces.resource/jquery/jquery.js?ln=primefaces&v=4.0 HTTP/1.1" 304 -
201.245.192.253 - - [01/Aug/2022:07:02:22 -0500] "GET /sipse/faces/javax.faces.resource/jquery/jquery-plugins.js?ln=primefaces&v=4.0 HTTP/1.1" 304 -
201.245.192.253 - - [01/Aug/2022:07:02:22 -0500] "GET /sipse/faces/javax.faces.resource/primefaces.js?ln=primefaces&v=4.0 HTTP/1.1" 304 -
201.245.192.253 - - [01/Aug/2022:07:02:22 -0500] "GET /sipse/faces/javax.faces.resource/layout/layout.js?ln=primefaces&v=4.0 HTTP/1.1" 304 -
201.245.192.253 - - [01/Aug/2022:07:02:26 -0500] "POST /sipse/faces/presentacion/financiero/solicitudProceso/asignarCargueContrato.xhtml HTTP/1.1" 200 56558
201.245.192.253 - - [01/Aug/2022:07:02:28 -0500] "GET /sipse/faces/javax.faces.resource/jquery/jquery.js?ln=primefaces&v=4.0 HTTP/1.1" 304 -
201.245.192.253 - - [01/Aug/2022:07:02:28 -0500] "GET /sipse/faces/javax.faces.resource/jquery/jquery-plugins.js?ln=primefaces&v=4.0 HTTP/1.1" 304 -
201.245.192.253 - - [01/Aug/2022:07:02:28 -0500] "GET /sipse/faces/javax.faces.resource/primefaces.js?ln=primefaces&v=4.0 HTTP/1.1" 304 -
201.245.192.253 - - [01/Aug/2022:07:02:28 -0500] "GET /sipse/faces/javax.faces.resource/layout/layout.js?ln=primefaces&v=4.0 HTTP/1.1" 304 -
201.245.192.253 - - [01/Aug/2022:07:02:28 -0500] "POST /sipse/faces/presentacion/financiero/solicitudProceso/listarSolicitudProceso.xhtml HTTP/1.1" 200 1540
201.245.192.253 - - [01/Aug/2022:07:02:33 -0500] "POST /sipse/faces/presentacion/financiero/solicitudProceso/listarSolicitudProceso.xhtml HTTP/1.1" 200 114897
201.245.192.253 - - [01/Aug/2022:07:02:34 -0500] "GET /sipse/faces/javax.faces.resource/jquery/jquery.js?ln=primefaces&v=4.0 HTTP/1.1" 304 -
201.245.192.253 - - [01/Aug/2022:07:02:34 -0500] "GET /sipse/faces/javax.faces.resource/jquery/jquery-plugins.js?ln=primefaces&v=4.0 HTTP/1.1" 304 -
201.245.192.253 - - [01/Aug/2022:07:02:35 -0500] "GET /sipse/faces/javax.faces.resource/primefaces.js?ln=primefaces&v=4.0 HTTP/1.1" 304 -
201.245.192.253 - - [01/Aug/2022:07:02:35 -0500] "GET /sipse/faces/javax.faces.resource/layout/layout.js?ln=primefaces&v=4.0 HTTP/1.1" 304 -
201.245.192.253 - - [01/Aug/2022:07:02:40 -0500] "POST /sipse/faces/presentacion/financiero/solicitudProceso/consultarSolicitudProceso.xhtml HTTP/1.1" 200 23989
201.245.192.253 - - [01/Aug/2022:07:02:40 -0500] "GET /sipse/faces/javax.faces.resource/jquery/jquery.js?ln=primefaces&v=4.0 HTTP/1.1" 304 -
201.245.192.253 - - [01/Aug/2022:07:02:40 -0500] "GET /sipse/faces/javax.faces.resource/jquery/jquery-plugins.js?ln=primefaces&v=4.0 HTTP/1.1" 304 -
201.245.192.253 - - [01/Aug/2022:07:02:40 -0500] "GET /sipse/faces/javax.faces.resource/primefaces.js?ln=primefaces&v=4.0 HTTP/1.1" 304 -
201.245.192.253 - - [01/Aug/2022:07:02:40 -0500] "GET /sipse/faces/javax.faces.resource/layout/layout.js?ln=primefaces&v=4.0 HTTP/1.1" 304 -
201.245.192.253 - - [01/Aug/2022:07:02:43 -0500] "POST /sipse/faces/presentacion/financiero/solicitudProceso/asignarCargueContrato.xhtml HTTP/1.1" 200 53593
201.245.192.253 - - [01/Aug/2022:07:02:45 -0500] "GET /sipse/faces/javax.faces.resource/jquery/jquery.js?ln=primefaces&v=4.0 HTTP/1.1" 304 -
201.245.192.253 - - [01/Aug/2022:07:02:45 -0500] "GET /sipse/faces/javax.faces.resource/jquery/jquery-plugins.js?ln=primefaces&v=4.0 HTTP/1.1" 304 -
201.245.192.253 - - [01/Aug/2022:07:02:45 -0500] "GET /sipse/faces/javax.faces.resource/primefaces.js?ln=primefaces&v=4.0 HTTP/1.1" 304 -
201.245.192.253 - - [01/Aug/2022:07:02:45 -0500] "GET /sipse/faces/javax.faces.resource/layout/layout.js?ln=primefaces&v=4.0 HTTP/1.1" 304 -
201.245.192.253 - - [01/Aug/2022:07:02:45 -0500] "POST /sipse/faces/presentacion/financiero/solicitudProceso/listarSolicitudProceso.xhtml HTTP/1.1" 200 1524
172.22.2.4 - - [01/Aug/2022:07:01:08 -0500] "HEAD /BLA/boletinlegal/ HTTP/1.1" 200 -
157.55.39.145 - - [01/Aug/2022:07:03:37 -0500] "GET / HTTP/1.1" 200 4720
172.22.2.4 - - [01/Aug/2022:07:01:58 -0500] "GET /BLA/boletinlegal/ HTTP/1.1" 200 57726
185.119.81.107 - - [01/Aug/2022:07:03:45 -0500] "GET /portaldeninos/wp-login.php HTTP/1.1" 200 2592
185.119.81.107 - - [01/Aug/2022:07:03:46 -0500] "POST /portaldeninos/wp-login.php HTTP/1.1" 200 3650
1.192.192.8 - - [01/Aug/2022:07:03:41 -0500] "GET /portaldeninos/ HTTP/1.1" 200 109662
201.245.192.253 - - [01/Aug/2022:07:04:10 -0500] "POST /sipse/faces/presentacion/financiero/solicitudProceso/listarSolicitudProceso.xhtml HTTP/1.1" 200 145540
201.245.192.253 - - [01/Aug/2022:07:04:12 -0500] "GET /sipse/faces/javax.faces.resource/jquery/jquery.js?ln=primefaces&v=4.0 HTTP/1.1" 304 -
201.245.192.253 - - [01/Aug/2022:07:04:12 -0500] "GET /sipse/faces/javax.faces.resource/jquery/jquery-plugins.js?ln=primefaces&v=4.0 HTTP/1.1" 304 -
201.245.192.253 - - [01/Aug/2022:07:04:12 -0500] "GET /sipse/faces/javax.faces.resource/primefaces.js?ln=primefaces&v=4.0 HTTP/1.1" 304 -
201.245.192.253 - - [01/Aug/2022:07:04:12 -0500] "GET /sipse/faces/javax.faces.resource/layout/layout.js?ln=primefaces&v=4.0 HTTP/1.1" 304 -
201.245.192.253 - - [01/Aug/2022:07:04:31 -0500] "POST /sipse/faces/presentacion/financiero/solicitudProceso/consultarSolicitudProceso.xhtml HTTP/1.1" 200 133860
201.245.192.253 - - [01/Aug/2022:07:04:30 -0500] "POST /kwsrmcab/Wsrmcab  HTTP/1.1" 200 45524
201.245.192.253 - - [01/Aug/2022:07:04:44 -0500] "POST /sipse/faces/presentacion/financiero/solicitudProceso/consultarSolicitudProceso.xhtml HTTP/1.1" 200 243714
201.245.192.253 - - [01/Aug/2022:07:05:14 -0500] "POST /sipse/faces/presentacion/financiero/solicitudProceso/consultarSolicitudProceso.xhtml HTTP/1.1" 200 74160
201.245.192.253 - - [01/Aug/2022:07:05:15 -0500] "GET /sipse/faces/javax.faces.resource/jquery/jquery.js?ln=primefaces&v=4.0 HTTP/1.1" 304 -
201.245.192.253 - - [01/Aug/2022:07:05:15 -0500] "GET /sipse/faces/javax.faces.resource/jquery/jquery-plugins.js?ln=primefaces&v=4.0 HTTP/1.1" 304 -
201.245.192.253 - - [01/Aug/2022:07:05:15 -0500] "GET /sipse/faces/javax.faces.resource/primefaces.js?ln=primefaces&v=4.0 HTTP/1.1" 304 -
201.245.192.253 - - [01/Aug/2022:07:05:15 -0500] "GET /sipse/faces/javax.faces.resource/layout/layout.js?ln=primefaces&v=4.0 HTTP/1.1" 304 -
201.245.192.253 - - [01/Aug/2022:07:05:41 -0500] "POST /sipse/faces/presentacion/contratacion/contrato/crearModificarContrato.xhtml HTTP/1.1" 200 17781
201.245.192.253 - - [01/Aug/2022:07:05:41 -0500] "POST /sipse/faces/presentacion/contratacion/contrato/crearModificarContrato.xhtml HTTP/1.1" 200 30993
201.245.192.253 - - [01/Aug/2022:07:05:42 -0500] "GET /sipse/faces/javax.faces.resource/theme.css?ln=primefaces-sipse HTTP/1.1" 304 -
201.245.192.253 - - [01/Aug/2022:07:05:42 -0500] "GET /sipse/faces/javax.faces.resource/primefaces.css?ln=primefaces&v=4.0 HTTP/1.1" 304 -
201.245.192.253 - - [01/Aug/2022:07:05:42 -0500] "GET /sipse/faces/javax.faces.resource/jquery/jquery.js?ln=primefaces&v=4.0 HTTP/1.1" 304 -
201.245.192.253 - - [01/Aug/2022:07:05:42 -0500] "GET /sipse/faces/javax.faces.resource/layout/layout.css?ln=primefaces&v=4.0 HTTP/1.1" 304 -
201.245.192.253 - - [01/Aug/2022:07:05:42 -0500] "GET /sipse/faces/javax.faces.resource/primefaces.js?ln=primefaces&v=4.0 HTTP/1.1" 304 -
201.245.192.253 - - [01/Aug/2022:07:05:42 -0500] "GET /sipse/faces/javax.faces.resource/layout/layout.js?ln=primefaces&v=4.0 HTTP/1.1" 304 -
201.245.192.253 - - [01/Aug/2022:07:05:42 -0500] "GET /sipse/faces/javax.faces.resource/jquery/jquery-plugins.js?ln=primefaces&v=4.0 HTTP/1.1" 304 -
201.245.192.253 - - [01/Aug/2022:07:05:42 -0500] "GET /sipse/faces/javax.faces.resource/images/ui-icons_898989_256x240.png?ln=primefaces-aristo HTTP/1.1" 304 -
201.245.192.253 - - [01/Aug/2022:07:05:51 -0500] "GET /sipse/faces/javax.faces.resource/images/ui-bg_flat_0_2d5972_40x100.png?ln=primefaces-aristo HTTP/1.1" 304 -
201.245.192.253 - - [01/Aug/2022:07:05:51 -0500] "POST /sipse/faces/presentacion/contratacion/procesoContractual/registrarInvitacionContratista.xhtml HTTP/1.1" 200 9689
201.245.192.253 - - [01/Aug/2022:07:05:53 -0500] "POST /sipse/faces/presentacion/contratacion/procesoContractual/registrarInvitacionContratista.xhtml HTTP/1.1" 200 9235
201.245.192.253 - - [01/Aug/2022:07:05:57 -0500] "POST /sipse/faces/presentacion/contratacion/procesoContractual/registrarInvitacionContratista.xhtml HTTP/1.1" 200 74982
201.245.192.253 - - [01/Aug/2022:07:05:57 -0500] "GET /sipse/faces/javax.faces.resource/jquery/jquery.js?ln=primefaces&v=4.0 HTTP/1.1" 304 -
201.245.192.253 - - [01/Aug/2022:07:05:58 -0500] "GET /sipse/faces/javax.faces.resource/jquery/jquery-plugins.js?ln=primefaces&v=4.0 HTTP/1.1" 304 -
201.245.192.253 - - [01/Aug/2022:07:05:58 -0500] "GET /sipse/faces/javax.faces.resource/primefaces.js?ln=primefaces&v=4.0 HTTP/1.1" 304 -
201.245.192.253 - - [01/Aug/2022:07:05:58 -0500] "GET /sipse/faces/javax.faces.resource/layout/layout.js?ln=primefaces&v=4.0 HTTP/1.1" 304 -
201.245.192.253 - - [01/Aug/2022:07:06:00 -0500] "POST /sipse/faces/presentacion/contratacion/contrato/crearModificarContrato.xhtml HTTP/1.1" 200 41244
201.245.192.253 - - [01/Aug/2022:07:06:01 -0500] "GET /sipse/faces/javax.faces.resource/theme.css?ln=primefaces-sipse HTTP/1.1" 304 -
201.245.192.253 - - [01/Aug/2022:07:06:01 -0500] "GET /sipse/faces/javax.faces.resource/primefaces.css?ln=primefaces&v=4.0 HTTP/1.1" 304 -
201.245.192.253 - - [01/Aug/2022:07:06:01 -0500] "GET /sipse/faces/javax.faces.resource/jquery/jquery.js?ln=primefaces&v=4.0 HTTP/1.1" 304 -
201.245.192.253 - - [01/Aug/2022:07:06:01 -0500] "GET /sipse/faces/javax.faces.resource/layout/layout.css?ln=primefaces&v=4.0 HTTP/1.1" 304 -
201.245.192.253 - - [01/Aug/2022:07:06:01 -0500] "GET /sipse/faces/javax.faces.resource/primefaces.js?ln=primefaces&v=4.0 HTTP/1.1" 304 -
201.245.192.253 - - [01/Aug/2022:07:06:01 -0500] "GET /sipse/faces/javax.faces.resource/jquery/jquery-plugins.js?ln=primefaces&v=4.0 HTTP/1.1" 304 -
201.245.192.253 - - [01/Aug/2022:07:06:01 -0500] "GET /sipse/faces/javax.faces.resource/layout/layout.js?ln=primefaces&v=4.0 HTTP/1.1" 304 -
201.245.192.253 - - [01/Aug/2022:07:06:01 -0500] "GET /sipse/faces/javax.faces.resource/images/ui-icons_898989_256x240.png?ln=primefaces-aristo HTTP/1.1" 304 -
201.245.192.253 - - [01/Aug/2022:07:06:12 -0500] "GET /sipse/faces/javax.faces.resource/images/ui-bg_flat_0_2d5972_40x100.png?ln=primefaces-aristo HTTP/1.1" 304 -
201.245.192.253 - - [01/Aug/2022:07:06:12 -0500] "POST /sipse/faces/presentacion/contratacion/contrato/adicionarSupervisor.xhtml HTTP/1.1" 200 16845
201.245.192.253 - - [01/Aug/2022:07:06:14 -0500] "POST /sipse/faces/presentacion/contratacion/contrato/adicionarSupervisor.xhtml HTTP/1.1" 200 80338
201.245.192.253 - - [01/Aug/2022:07:06:14 -0500] "GET /sipse/faces/javax.faces.resource/theme.css?ln=primefaces-sipse HTTP/1.1" 304 -
201.245.192.253 - - [01/Aug/2022:07:06:14 -0500] "GET /sipse/faces/javax.faces.resource/primefaces.css?ln=primefaces&v=4.0 HTTP/1.1" 304 -
201.245.192.253 - - [01/Aug/2022:07:06:14 -0500] "GET /sipse/faces/javax.faces.resource/jquery/jquery-plugins.js?ln=primefaces&v=4.0 HTTP/1.1" 304 -
201.245.192.253 - - [01/Aug/2022:07:06:14 -0500] "GET /sipse/faces/javax.faces.resource/layout/layout.css?ln=primefaces&v=4.0 HTTP/1.1" 304 -
201.245.192.253 - - [01/Aug/2022:07:06:14 -0500] "GET /sipse/faces/javax.faces.resource/jquery/jquery.js?ln=primefaces&v=4.0 HTTP/1.1" 304 -
201.245.192.253 - - [01/Aug/2022:07:06:14 -0500] "GET /sipse/faces/javax.faces.resource/layout/layout.js?ln=primefaces&v=4.0 HTTP/1.1" 304 -
201.245.192.253 - - [01/Aug/2022:07:06:14 -0500] "GET /sipse/faces/javax.faces.resource/primefaces.js?ln=primefaces&v=4.0 HTTP/1.1" 304 -
201.245.192.253 - - [01/Aug/2022:07:06:14 -0500] "GET /sipse/faces/javax.faces.resource/images/ui-icons_898989_256x240.png?ln=primefaces-aristo HTTP/1.1" 304 -
201.245.192.253 - - [01/Aug/2022:07:06:18 -0500] "GET /sipse/faces/javax.faces.resource/images/ui-bg_flat_0_2d5972_40x100.png?ln=primefaces-aristo HTTP/1.1" 304 -
201.245.192.253 - - [01/Aug/2022:07:06:18 -0500] "POST /sipse/faces/presentacion/contratacion/contrato/crearModificarContrato.xhtml HTTP/1.1" 200 150681
201.245.192.253 - - [01/Aug/2022:07:06:19 -0500] "GET /sipse/faces/javax.faces.resource/jquery/jquery.js?ln=primefaces&v=4.0 HTTP/1.1" 304 -
201.245.192.253 - - [01/Aug/2022:07:06:19 -0500] "GET /sipse/faces/javax.faces.resource/jquery/jquery-plugins.js?ln=primefaces&v=4.0 HTTP/1.1" 304 -
201.245.192.253 - - [01/Aug/2022:07:06:19 -0500] "GET /sipse/faces/javax.faces.resource/primefaces.js?ln=primefaces&v=4.0 HTTP/1.1" 304 -
201.245.192.253 - - [01/Aug/2022:07:06:19 -0500] "GET /sipse/faces/javax.faces.resource/layout/layout.js?ln=primefaces&v=4.0 HTTP/1.1" 304 -
201.245.192.253 - - [01/Aug/2022:07:06:23 -0500] "POST /sipse/faces/presentacion/financiero/solicitudProceso/consultarSolicitudProceso.xhtml HTTP/1.1" 200 50694
201.245.192.253 - - [01/Aug/2022:07:06:25 -0500] "GET /sipse/faces/javax.faces.resource/jquery/jquery.js?ln=primefaces&v=4.0 HTTP/1.1" 304 -
201.245.192.253 - - [01/Aug/2022:07:06:25 -0500] "GET /sipse/faces/javax.faces.resource/jquery/jquery-plugins.js?ln=primefaces&v=4.0 HTTP/1.1" 304 -
201.245.192.253 - - [01/Aug/2022:07:06:25 -0500] "GET /sipse/faces/javax.faces.resource/primefaces.js?ln=primefaces&v=4.0 HTTP/1.1" 304 -
201.245.192.253 - - [01/Aug/2022:07:06:25 -0500] "GET /sipse/faces/javax.faces.resource/layout/layout.js?ln=primefaces&v=4.0 HTTP/1.1" 304 -
201.245.192.253 - - [01/Aug/2022:07:06:25 -0500] "GET /sipse/faces/javax.faces.resource/messages/messages.png?ln=primefaces&v=4.0 HTTP/1.1" 304 -
201.245.192.253 - - [01/Aug/2022:07:06:25 -0500] "POST /sipse/faces/presentacion/financiero/solicitudProceso/listarSolicitudProceso.xhtml HTTP/1.1" 200 1496
201.245.192.253 - - [01/Aug/2022:07:06:27 -0500] "POST /sipse/faces/presentacion/financiero/solicitudProceso/listarSolicitudProceso.xhtml HTTP/1.1" 200 150501
201.245.192.253 - - [01/Aug/2022:07:06:28 -0500] "GET /sipse/faces/javax.faces.resource/jquery/jquery.js?ln=primefaces&v=4.0 HTTP/1.1" 304 -
201.245.192.253 - - [01/Aug/2022:07:06:28 -0500] "GET /sipse/faces/javax.faces.resource/jquery/jquery-plugins.js?ln=primefaces&v=4.0 HTTP/1.1" 304 -
201.245.192.253 - - [01/Aug/2022:07:06:28 -0500] "GET /sipse/faces/javax.faces.resource/primefaces.js?ln=primefaces&v=4.0 HTTP/1.1" 304 -
201.245.192.253 - - [01/Aug/2022:07:06:28 -0500] "GET /sipse/faces/javax.faces.resource/layout/layout.js?ln=primefaces&v=4.0 HTTP/1.1" 304 -
201.245.192.253 - - [01/Aug/2022:07:06:33 -0500] "POST /sipse/faces/presentacion/financiero/solicitudProceso/consultarSolicitudProceso.xhtml HTTP/1.1" 200 298910
216.245.221.92 - - [01/Aug/2022:07:06:35 -0500] "HEAD / HTTP/1.1" 200 -
201.245.192.253 - - [01/Aug/2022:07:06:41 -0500] "POST /sipse/faces/presentacion/financiero/solicitudProceso/consultarSolicitudProceso.xhtml HTTP/1.1" 200 86839
201.245.192.253 - - [01/Aug/2022:07:07:07 -0500] "POST /sipse/faces/presentacion/financiero/solicitudProceso/consultarSolicitudProceso.xhtml HTTP/1.1" 200 73651
201.245.192.253 - - [01/Aug/2022:07:07:08 -0500] "GET /sipse/faces/javax.faces.resource/jquery/jquery.js?ln=primefaces&v=4.0 HTTP/1.1" 304 -
201.245.192.253 - - [01/Aug/2022:07:07:08 -0500] "GET /sipse/faces/javax.faces.resource/jquery/jquery-plugins.js?ln=primefaces&v=4.0 HTTP/1.1" 304 -
201.245.192.253 - - [01/Aug/2022:07:07:08 -0500] "GET /sipse/faces/javax.faces.resource/primefaces.js?ln=primefaces&v=4.0 HTTP/1.1" 304 -
201.245.192.253 - - [01/Aug/2022:07:07:08 -0500] "GET /sipse/faces/javax.faces.resource/layout/layout.js?ln=primefaces&v=4.0 HTTP/1.1" 304 -
201.245.192.253 - - [01/Aug/2022:07:07:40 -0500] "POST /sipse/faces/presentacion/contratacion/contrato/crearModificarContrato.xhtml HTTP/1.1" 200 17781
201.245.192.253 - - [01/Aug/2022:07:07:40 -0500] "POST /sipse/faces/presentacion/contratacion/contrato/crearModificarContrato.xhtml HTTP/1.1" 200 30994
201.245.192.253 - - [01/Aug/2022:07:07:41 -0500] "GET /sipse/faces/javax.faces.resource/theme.css?ln=primefaces-sipse HTTP/1.1" 304 -
201.245.192.253 - - [01/Aug/2022:07:07:41 -0500] "GET /sipse/faces/javax.faces.resource/jquery/jquery.js?ln=primefaces&v=4.0 HTTP/1.1" 304 -
201.245.192.253 - - [01/Aug/2022:07:07:41 -0500] "GET /sipse/faces/javax.faces.resource/primefaces.css?ln=primefaces&v=4.0 HTTP/1.1" 304 -
201.245.192.253 - - [01/Aug/2022:07:07:41 -0500] "GET /sipse/faces/javax.faces.resource/layout/layout.css?ln=primefaces&v=4.0 HTTP/1.1" 304 -
201.245.192.253 - - [01/Aug/2022:07:07:41 -0500] "GET /sipse/faces/javax.faces.resource/primefaces.js?ln=primefaces&v=4.0 HTTP/1.1" 304 -
201.245.192.253 - - [01/Aug/2022:07:07:41 -0500] "GET /sipse/faces/javax.faces.resource/jquery/jquery-plugins.js?ln=primefaces&v=4.0 HTTP/1.1" 304 -
201.245.192.253 - - [01/Aug/2022:07:07:41 -0500] "GET /sipse/faces/javax.faces.resource/layout/layout.js?ln=primefaces&v=4.0 HTTP/1.1" 304 -
201.245.192.253 - - [01/Aug/2022:07:07:41 -0500] "GET /sipse/faces/javax.faces.resource/images/ui-icons_898989_256x240.png?ln=primefaces-aristo HTTP/1.1" 304 -
201.245.192.253 - - [01/Aug/2022:07:07:49 -0500] "GET /sipse/faces/javax.faces.resource/images/ui-bg_flat_0_2d5972_40x100.png?ln=primefaces-aristo HTTP/1.1" 304 -
201.245.192.253 - - [01/Aug/2022:07:07:49 -0500] "POST /sipse/faces/presentacion/contratacion/procesoContractual/registrarInvitacionContratista.xhtml HTTP/1.1" 200 9689
201.245.192.253 - - [01/Aug/2022:07:07:50 -0500] "POST /sipse/faces/presentacion/contratacion/procesoContractual/registrarInvitacionContratista.xhtml HTTP/1.1" 200 9245
201.245.192.253 - - [01/Aug/2022:07:07:54 -0500] "POST /sipse/faces/presentacion/contratacion/procesoContractual/registrarInvitacionContratista.xhtml HTTP/1.1" 200 74480
201.245.192.253 - - [01/Aug/2022:07:07:54 -0500] "GET /sipse/faces/javax.faces.resource/jquery/jquery.js?ln=primefaces&v=4.0 HTTP/1.1" 304 -
201.245.192.253 - - [01/Aug/2022:07:07:54 -0500] "GET /sipse/faces/javax.faces.resource/jquery/jquery-plugins.js?ln=primefaces&v=4.0 HTTP/1.1" 304 -
201.245.192.253 - - [01/Aug/2022:07:07:54 -0500] "GET /sipse/faces/javax.faces.resource/primefaces.js?ln=primefaces&v=4.0 HTTP/1.1" 304 -
201.245.192.253 - - [01/Aug/2022:07:07:54 -0500] "GET /sipse/faces/javax.faces.resource/layout/layout.js?ln=primefaces&v=4.0 HTTP/1.1" 304 -
201.245.192.253 - - [01/Aug/2022:07:08:04 -0500] "POST /sipse/faces/presentacion/contratacion/contrato/crearModificarContrato.xhtml HTTP/1.1" 200 41244
201.245.192.253 - - [01/Aug/2022:07:08:05 -0500] "GET /sipse/faces/javax.faces.resource/layout/layout.css?ln=primefaces&v=4.0 HTTP/1.1" 304 -
201.245.192.253 - - [01/Aug/2022:07:08:05 -0500] "GET /sipse/faces/javax.faces.resource/theme.css?ln=primefaces-sipse HTTP/1.1" 304 -
201.245.192.253 - - [01/Aug/2022:07:08:05 -0500] "GET /sipse/faces/javax.faces.resource/primefaces.css?ln=primefaces&v=4.0 HTTP/1.1" 304 -
201.245.192.253 - - [01/Aug/2022:07:08:05 -0500] "GET /sipse/faces/javax.faces.resource/jquery/jquery-plugins.js?ln=primefaces&v=4.0 HTTP/1.1" 304 -
201.245.192.253 - - [01/Aug/2022:07:08:05 -0500] "GET /sipse/faces/javax.faces.resource/jquery/jquery.js?ln=primefaces&v=4.0 HTTP/1.1" 304 -
201.245.192.253 - - [01/Aug/2022:07:08:05 -0500] "GET /sipse/faces/javax.faces.resource/primefaces.js?ln=primefaces&v=4.0 HTTP/1.1" 304 -
201.245.192.253 - - [01/Aug/2022:07:08:05 -0500] "GET /sipse/faces/javax.faces.resource/layout/layout.js?ln=primefaces&v=4.0 HTTP/1.1" 304 -
201.245.192.253 - - [01/Aug/2022:07:08:05 -0500] "GET /sipse/faces/javax.faces.resource/images/ui-icons_898989_256x240.png?ln=primefaces-aristo HTTP/1.1" 304 -
201.245.192.253 - - [01/Aug/2022:07:08:13 -0500] "GET /sipse/faces/javax.faces.resource/images/ui-bg_flat_0_2d5972_40x100.png?ln=primefaces-aristo HTTP/1.1" 304 -
201.245.192.253 - - [01/Aug/2022:07:08:13 -0500] "POST /sipse/faces/presentacion/contratacion/contrato/adicionarSupervisor.xhtml HTTP/1.1" 200 16845
201.245.192.253 - - [01/Aug/2022:07:08:14 -0500] "POST /sipse/faces/presentacion/contratacion/contrato/adicionarSupervisor.xhtml HTTP/1.1" 200 79795
201.245.192.253 - - [01/Aug/2022:07:08:15 -0500] "GET /sipse/faces/javax.faces.resource/theme.css?ln=primefaces-sipse HTTP/1.1" 304 -
201.245.192.253 - - [01/Aug/2022:07:08:15 -0500] "GET /sipse/faces/javax.faces.resource/primefaces.css?ln=primefaces&v=4.0 HTTP/1.1" 304 -
201.245.192.253 - - [01/Aug/2022:07:08:15 -0500] "GET /sipse/faces/javax.faces.resource/jquery/jquery-plugins.js?ln=primefaces&v=4.0 HTTP/1.1" 304 -
201.245.192.253 - - [01/Aug/2022:07:08:15 -0500] "GET /sipse/faces/javax.faces.resource/jquery/jquery.js?ln=primefaces&v=4.0 HTTP/1.1" 304 -
201.245.192.253 - - [01/Aug/2022:07:08:15 -0500] "GET /sipse/faces/javax.faces.resource/layout/layout.js?ln=primefaces&v=4.0 HTTP/1.1" 304 -
201.245.192.253 - - [01/Aug/2022:07:08:15 -0500] "GET /sipse/faces/javax.faces.resource/layout/layout.css?ln=primefaces&v=4.0 HTTP/1.1" 304 -
201.245.192.253 - - [01/Aug/2022:07:08:15 -0500] "GET /sipse/faces/javax.faces.resource/primefaces.js?ln=primefaces&v=4.0 HTTP/1.1" 304 -
201.245.192.253 - - [01/Aug/2022:07:08:15 -0500] "GET /sipse/faces/javax.faces.resource/images/ui-icons_898989_256x240.png?ln=primefaces-aristo HTTP/1.1" 304 -
201.245.192.253 - - [01/Aug/2022:07:08:17 -0500] "GET /sipse/faces/javax.faces.resource/images/ui-bg_flat_0_2d5972_40x100.png?ln=primefaces-aristo HTTP/1.1" 304 -
201.245.192.253 - - [01/Aug/2022:07:08:17 -0500] "POST /sipse/faces/presentacion/contratacion/contrato/crearModificarContrato.xhtml HTTP/1.1" 200 155655
201.245.192.253 - - [01/Aug/2022:07:08:18 -0500] "GET /sipse/faces/javax.faces.resource/jquery/jquery.js?ln=primefaces&v=4.0 HTTP/1.1" 304 -
201.245.192.253 - - [01/Aug/2022:07:08:18 -0500] "GET /sipse/faces/javax.faces.resource/jquery/jquery-plugins.js?ln=primefaces&v=4.0 HTTP/1.1" 304 -
201.245.192.253 - - [01/Aug/2022:07:08:18 -0500] "GET /sipse/faces/javax.faces.resource/primefaces.js?ln=primefaces&v=4.0 HTTP/1.1" 304 -
201.245.192.253 - - [01/Aug/2022:07:08:18 -0500] "GET /sipse/faces/javax.faces.resource/layout/layout.js?ln=primefaces&v=4.0 HTTP/1.1" 304 -
201.245.192.253 - - [01/Aug/2022:07:08:23 -0500] "POST /sipse/faces/presentacion/financiero/solicitudProceso/consultarSolicitudProceso.xhtml HTTP/1.1" 200 47640
201.245.192.253 - - [01/Aug/2022:07:08:25 -0500] "GET /sipse/faces/javax.faces.resource/jquery/jquery.js?ln=primefaces&v=4.0 HTTP/1.1" 304 -
201.245.192.253 - - [01/Aug/2022:07:08:25 -0500] "GET /sipse/faces/javax.faces.resource/jquery/jquery-plugins.js?ln=primefaces&v=4.0 HTTP/1.1" 304 -
201.245.192.253 - - [01/Aug/2022:07:08:25 -0500] "GET /sipse/faces/javax.faces.resource/primefaces.js?ln=primefaces&v=4.0 HTTP/1.1" 304 -
201.245.192.253 - - [01/Aug/2022:07:08:25 -0500] "GET /sipse/faces/javax.faces.resource/layout/layout.js?ln=primefaces&v=4.0 HTTP/1.1" 304 -
201.245.192.253 - - [01/Aug/2022:07:08:25 -0500] "GET /sipse/faces/javax.faces.resource/messages/messages.png?ln=primefaces&v=4.0 HTTP/1.1" 304 -
201.245.192.253 - - [01/Aug/2022:07:08:25 -0500] "POST /sipse/faces/presentacion/financiero/solicitudProceso/listarSolicitudProceso.xhtml HTTP/1.1" 200 1480
201.245.192.253 - - [01/Aug/2022:07:08:30 -0500] "POST /sipse/faces/presentacion/financiero/solicitudProceso/listarSolicitudProceso.xhtml HTTP/1.1" 200 117047
201.245.192.253 - - [01/Aug/2022:07:08:31 -0500] "GET /sipse/faces/javax.faces.resource/jquery/jquery.js?ln=primefaces&v=4.0 HTTP/1.1" 304 -
201.245.192.253 - - [01/Aug/2022:07:08:31 -0500] "GET /sipse/faces/javax.faces.resource/jquery/jquery-plugins.js?ln=primefaces&v=4.0 HTTP/1.1" 304 -
201.245.192.253 - - [01/Aug/2022:07:08:31 -0500] "GET /sipse/faces/javax.faces.resource/primefaces.js?ln=primefaces&v=4.0 HTTP/1.1" 304 -
201.245.192.253 - - [01/Aug/2022:07:08:31 -0500] "GET /sipse/faces/javax.faces.resource/layout/layout.js?ln=primefaces&v=4.0 HTTP/1.1" 304 -
201.245.192.253 - - [01/Aug/2022:07:08:36 -0500] "POST /sipse/faces/presentacion/financiero/solicitudProceso/consultarSolicitudProceso.xhtml HTTP/1.1" 200 23989
201.245.192.253 - - [01/Aug/2022:07:08:36 -0500] "GET /sipse/faces/javax.faces.resource/jquery/jquery.js?ln=primefaces&v=4.0 HTTP/1.1" 304 -
201.245.192.253 - - [01/Aug/2022:07:08:36 -0500] "GET /sipse/faces/javax.faces.resource/jquery/jquery-plugins.js?ln=primefaces&v=4.0 HTTP/1.1" 304 -
201.245.192.253 - - [01/Aug/2022:07:08:36 -0500] "GET /sipse/faces/javax.faces.resource/primefaces.js?ln=primefaces&v=4.0 HTTP/1.1" 304 -
201.245.192.253 - - [01/Aug/2022:07:08:36 -0500] "GET /sipse/faces/javax.faces.resource/layout/layout.js?ln=primefaces&v=4.0 HTTP/1.1" 304 -
172.22.2.4 - - [01/Aug/2022:07:06:58 -0500] "HEAD /BLA/boletinlegal/ HTTP/1.1" 200 -
201.245.192.253 - - [01/Aug/2022:07:08:38 -0500] "POST /sipse/faces/presentacion/financiero/solicitudProceso/asignarCargueContrato.xhtml HTTP/1.1" 200 47729
201.245.192.253 - - [01/Aug/2022:07:08:40 -0500] "GET /sipse/faces/javax.faces.resource/jquery/jquery.js?ln=primefaces&v=4.0 HTTP/1.1" 304 -
201.245.192.253 - - [01/Aug/2022:07:08:40 -0500] "GET /sipse/faces/javax.faces.resource/jquery/jquery-plugins.js?ln=primefaces&v=4.0 HTTP/1.1" 304 -
201.245.192.253 - - [01/Aug/2022:07:08:40 -0500] "GET /sipse/faces/javax.faces.resource/primefaces.js?ln=primefaces&v=4.0 HTTP/1.1" 304 -
201.245.192.253 - - [01/Aug/2022:07:08:40 -0500] "GET /sipse/faces/javax.faces.resource/layout/layout.js?ln=primefaces&v=4.0 HTTP/1.1" 304 -
