157.55.39.50 - - [03/Aug/2022:19:51:31 -0500] "GET /portaldeninos/parque-ecologico-distrital-humedal-santa-maria-del-lago/ HTTP/1.1" 200 90199
186.102.106.8 - - [03/Aug/2022:19:52:10 -0500] "GET /kwssiamovil/sm/acme/u?s=U2FsdGVkX1/KV6sqECu5hDLGTB+KBkaSq9czBGfw4Fy7LJqgy1ggN9TKHNzAXXRpr9FewO+Bmk8jShS74a82b/6Gx2eaOIFgzv/cN+t4cF1oX/hRnlDcZgZfm7eBkNmRRiM7QOwzsyk4zOnj5uLHaw==&u=U2FsdGVkX1/bXkwwZhzbVZfVXVGE54zSwX7Trs4o1mA5B3uVH7D6sxvlj4KGqumi&y=U2FsdGVkX1/AtrDn+GdyV9ipYUcvF08Z3984EQv3jNN3CnAmAmE2gUjTssJrXghY HTTP/1.1" 200 60
186.102.106.8 - - [03/Aug/2022:19:52:10 -0500] "GET /kwssiamovil/sm/acme/u?s=U2FsdGVkX18r3QpIryslWePIWv/NuIugpR7UbeeAaG1aX0w/FngRAfUu/I0iBqB+bnJdw2me1N1xkugmeKskdqqYI5Iv2sVmN6yww8PoXc9JEwhy7kMmA29v7Q4++q7qNk2vhs7+o8sp9cp5WmBcKw==&u=U2FsdGVkX1/bXkwwZhzbVZfVXVGE54zSwX7Trs4o1mA5B3uVH7D6sxvlj4KGqumi&y=U2FsdGVkX1/AtrDn+GdyV9ipYUcvF08Z3984EQv3jNN3CnAmAmE2gUjTssJrXghY HTTP/1.1" 200 60
200.118.64.109 - - [03/Aug/2022:19:53:20 -0500] "POST /forms/lservlet;jsessionid=ac16012b30d6f6f39d1c1ffc4543a3999848c7e49cec.e3iSbxaKaheRe3qTa3yPb30Rbi1ynknvrkLOlQzNp65In0 HTTP/1.1" 200 2
201.245.192.253 - - [03/Aug/2022:19:53:48 -0500] "POST /kwsrmcab/Wsrmcab  HTTP/1.1" 200 44251
172.22.2.4 - - [03/Aug/2022:19:52:15 -0500] "HEAD /BLA/boletinlegal/ HTTP/1.1" 200 -
172.22.2.4 - - [03/Aug/2022:19:54:40 -0500] "GET /BLA/boletinlegal/Directivas/2011/Directiva%20No.%206%20del%208%20de%20Septiembre%20de%202011.pdf HTTP/1.1" 304 -
172.22.2.4 - - [03/Aug/2022:19:53:07 -0500] "GET /BLA/boletinlegal/ HTTP/1.1" 200 58566
200.118.64.109 - - [03/Aug/2022:19:55:20 -0500] "POST /forms/lservlet;jsessionid=ac16012b30d6f6f39d1c1ffc4543a3999848c7e49cec.e3iSbxaKaheRe3qTa3yPb30Rbi1ynknvrkLOlQzNp65In0 HTTP/1.1" 200 2
216.245.221.92 - - [03/Aug/2022:19:55:21 -0500] "HEAD / HTTP/1.1" 200 -
200.118.64.109 - - [03/Aug/2022:19:57:20 -0500] "POST /forms/lservlet;jsessionid=ac16012b30d6f6f39d1c1ffc4543a3999848c7e49cec.e3iSbxaKaheRe3qTa3yPb30Rbi1ynknvrkLOlQzNp65In0 HTTP/1.1" 200 2
201.245.192.253 - - [03/Aug/2022:19:58:47 -0500] "POST /kwsrmcab/Wsrmcab  HTTP/1.1" 200 44251
200.118.64.109 - - [03/Aug/2022:19:59:20 -0500] "POST /forms/lservlet;jsessionid=ac16012b30d6f6f39d1c1ffc4543a3999848c7e49cec.e3iSbxaKaheRe3qTa3yPb30Rbi1ynknvrkLOlQzNp65In0 HTTP/1.1" 200 2
172.22.2.4 - - [03/Aug/2022:19:58:05 -0500] "HEAD /BLA/boletinlegal/ HTTP/1.1" 200 -
157.55.39.98 - - [03/Aug/2022:20:00:13 -0500] "GET /BLA/resoluciones/AUTOS%202019/2219.pdf HTTP/1.1" 304 -
186.102.106.8 - - [03/Aug/2022:20:00:13 -0500] "GET /kwssiamovil/sm/acme/a?s=U2FsdGVkX1/XiT3QwXg8A8Jdgf6Lplr5lavXlL0s1HBymQM0WDV5tAW6hq/P8xS1223C4/9O56NbwXeg8HDCyqR7QwZS3mOxR8GBeVdCMSDw9l7w4TMXFC9v7TgPq90KnyGYoNBbJ6fthNKc+bKlsw0zGozckCP/LVqxS02OnewoNCCwd6rfjocBt2r5Qe7VVUwb0rgF4WmM5X9fC+CbGCpo5nJH3I2bScmDjt84X8GmY4RN34OqRg5RmQPx2anP2rRMT07soBPDF2bQrMZ5Cw==&u=U2FsdGVkX1/bXkwwZhzbVZfVXVGE54zSwX7Trs4o1mA5B3uVH7D6sxvlj4KGqumi&y=U2FsdGVkX1/AtrDn+GdyV9ipYUcvF08Z3984EQv3jNN3CnAmAmE2gUjTssJrXghY HTTP/1.1" 200 25
186.102.106.8 - - [03/Aug/2022:20:00:14 -0500] "GET /kwssiamovil/sm/acme/a?s=U2FsdGVkX1+R2h4I8rtjcW41Cb854x3JO+B9X264NsgvejAxOWSrQ0pwVPgWPzm9YmnwNOJXZ7pxAM9wgS3CXMpYOlpDie6EwdCuxIOyw1TPTyH4nJfnrJH4Ou6vad7wLTy+y3ZTQocQCobeSThLYbdckQjDDvRsumM9stoXCFQ7vI42pwjXQRPYuNrTRxisWEvJqCChEky6p9qSgixuh6R6Ea6QUP9DBhP4yvTYj7qItOWJ3jhpx0UM35busTSXGAPN2wYXo5mbLG2ryiyL2cYAKLF3/N+EzPcVg5cqSUX39tfXOaNsYIucVE6tvR5kdGuzSRzZodwPaSGZtXxvKofLnvV3Jk5QR6WqGtjje38DZ+E5eGbhrKgNAay1se7CwXSb7F3G7AfIiPMGI1WgMJu+pxzRqg8YxSwjCx4vEG7LxyNSqQYrUefLAL3j4W43KkYxsRv6ryG6vVz5MQdV68WhKot1BaZpYBW6KtS7QJOtT5zJ1i7oj649Yl4zly1gNpg0IJcO/9mmmv9oQhnyMHgvSQSqRN7VmUfuVdug+OagxwNMA92xQCQSIldc08LSszsNH/FQFspV3yyTOin+R4VNKTUy0nfoe7541T4RihcJyopDCwEgMjomP4+dgIfnpKQNj3R4Ik33DiJ3+2I+HhoaJQWCBITVcfKAU9Trc3PXwWHHNtd+vyOk7TcLainyIDcx5v45iNZc92CFdA2PN2MJLNGsSQArBDWCrLSOvbSvSCoHM1cyCSQuaMnc05xYGtwpYFTIw6Ee7RBvIbDoU5PmqnHo+8wiLbJCI5nZsEQS3AV4vVcyIKYpkCJwgN2SY6M3f7w5giNEVCED5RghL7e9eJ8W7pAASdKLYr6HR0p9TQR7jur6VYm/pVOKntCwXOGQpbQ6IL+TFvs5bDHBYydiUFuP0tZKTgkXJty+u2Y7+bR9mFIgAoz5otlSjIbTe2anBEouL/zOKPePqiqNViRXPtb7BwSBKdS5uHsKVJWmejHyGUJYA6V62PsMd5HcGWa4UGIRCvnTAjn6CGoXxSCRoUY5EgbywybwO50Fw3cei2cne96ndoIwES6RBK9qANDLoSviKw8qyJ4D/wPFnZnPCSj2yECObJcAG4Evw3MNNXRRzZ+CDFcT8FYZV1CvaGX57vFbG7UyOecbbOvBlqOZw2s6whiXoZpRu00F0JL/cg2P5lWnnb8j6MlPxOn1Oe1v+mW+mXntxT26jnQBHcjkC12od7aDLmNtBNPICxtso7yYFwQTnMU7OGdK8LQ5k/hDOc1UW8NGfw++KogvoW5rKOhOivAeuN/h4KxhwFrqxmVmuCUacDB9Iyp5+X5jOxuPIfcwMCqyUgGBs5dNoY24yoMCCAY03bxrNoVLmvMgUmSvVSSSiw390ldBgw9VWNMeD/tW9rI65fjOhibsS6RwCzohl+kHdSO3COhd1P4g5p++Wq4OYTKYeqViD5gN/vG/j6WaKL3/Y0N5oQEsNVlEjcg9Ti1EVmyvHlWN0JIbC2PrPOCniRgj401Jd2X/alMTEMG59cIl7BQ+pfvCjqwiR8DI+Gm2Cc0qin8kReTeHH0hBaTm1QLHPsehTZRhE2i97kesV27dwA6IGkeuf4/70Nno1xD1qYBJd+0hyUI5fEdx0hO4/Z0PXeL9z/xd/ypqsQ7PTgMj5VgFboLvXCa1uvvCkO6C6lx4aSzZHMwfhcFAsaB+K4ox2mvjMBaOAaJNNIBv80nErVayxvK7pg==&u=U2FsdGVkX1/bXkwwZhzbVZfVXVGE54zSwX7Trs4o1mA5B3uVH7D6sxvlj4KGqumi&y=U2FsdGVkX1/AtrDn+GdyV9ipYUcvF08Z3984EQv3jNN3CnAmAmE2gUjTssJrXghY HTTP/1.1" 200 25
186.102.106.8 - - [03/Aug/2022:20:00:14 -0500] "GET /kwssiamovil/sm/acme/a?s=U2FsdGVkX18Eo2EkEbwXiz7DO5sSACzrAAt7V8t7I+T2nJIwm7UlDa7hZpTVvTxBvqQoKe8YXaJtUyhSddM2G8xJGdRkpkANkI4rOMGSy8Asn+KLKatYJFgUcDJdIDfVTE4sSdGE3gwPzXuVINadjnMYZ0x1vJNf5luKi/qbSOg=&u=U2FsdGVkX1/bXkwwZhzbVZfVXVGE54zSwX7Trs4o1mA5B3uVH7D6sxvlj4KGqumi&y=U2FsdGVkX1/AtrDn+GdyV9ipYUcvF08Z3984EQv3jNN3CnAmAmE2gUjTssJrXghY HTTP/1.1" 200 25
186.102.106.8 - - [03/Aug/2022:20:00:14 -0500] "GET /kwssiamovil/sm/acme/a?s=U2FsdGVkX1+cjBANXOUQ0NZgkMgU0ng6aqL5sMIFLjm633YhlErX/CnmZQKOtHEO0L1nWuaeJIA7DzFgnPQSe1ToRKfE3JV/KHuTZIRikazA0U90y+/vKcNj9sQMZjdOzw6oubPvr5Lpp8Xab7fOKCqbNb1d6KeSWyE4oT+o4Hw=&u=U2FsdGVkX1/bXkwwZhzbVZfVXVGE54zSwX7Trs4o1mA5B3uVH7D6sxvlj4KGqumi&y=U2FsdGVkX1/AtrDn+GdyV9ipYUcvF08Z3984EQv3jNN3CnAmAmE2gUjTssJrXghY HTTP/1.1" 200 25
186.102.106.8 - - [03/Aug/2022:20:00:14 -0500] "GET /kwssiamovil/sm/acme/a?s=U2FsdGVkX1/kwlZkfb1LGYcKfrBrkx4AR6uOhKpQ7YAG+9envuJWig7nCsZjxjmvjtPN9BPKKkH6uRz4PLUlfXbsKFfXCKWbSKwWnYbGrpHHziscyG+xsE30nM1FWdGcL6zJG2zJHM8jq8cQjHuMA6xEWjH89XVEqsQbU8mHJtE=&u=U2FsdGVkX1/bXkwwZhzbVZfVXVGE54zSwX7Trs4o1mA5B3uVH7D6sxvlj4KGqumi&y=U2FsdGVkX1/AtrDn+GdyV9ipYUcvF08Z3984EQv3jNN3CnAmAmE2gUjTssJrXghY HTTP/1.1" 200 25
186.102.106.8 - - [03/Aug/2022:20:00:15 -0500] "GET /kwssiamovil/sm/acme/a?s=U2FsdGVkX1/naHqu6j1pONv0hOCzUqaBHVMvFIibD2EGCssWt561G2QO4q5+AkseBnqKKoKnxtLgUFL0/oXBuQRs9kEvCQohexaVlwTWSQJFOGRTdrcK1LR8PP6mgOUMF2JngXCWcrwZV+F6bk3H/UFtY8W7+9uaAYXjJRVG8oBU9dq63/qOHcTRwP1mXUox&u=U2FsdGVkX1/bXkwwZhzbVZfVXVGE54zSwX7Trs4o1mA5B3uVH7D6sxvlj4KGqumi&y=U2FsdGVkX1/AtrDn+GdyV9ipYUcvF08Z3984EQv3jNN3CnAmAmE2gUjTssJrXghY HTTP/1.1" 200 25
216.245.221.92 - - [03/Aug/2022:20:00:21 -0500] "HEAD / HTTP/1.1" 200 -
172.22.2.4 - - [03/Aug/2022:19:58:56 -0500] "GET /BLA/boletinlegal/ HTTP/1.1" 200 56367
200.118.64.109 - - [03/Aug/2022:20:01:20 -0500] "POST /forms/lservlet;jsessionid=ac16012b30d6f6f39d1c1ffc4543a3999848c7e49cec.e3iSbxaKaheRe3qTa3yPb30Rbi1ynknvrkLOlQzNp65In0 HTTP/1.1" 200 2
200.118.64.109 - - [03/Aug/2022:20:03:20 -0500] "POST /forms/lservlet;jsessionid=ac16012b30d6f6f39d1c1ffc4543a3999848c7e49cec.e3iSbxaKaheRe3qTa3yPb30Rbi1ynknvrkLOlQzNp65In0 HTTP/1.1" 200 2
201.245.192.253 - - [03/Aug/2022:20:03:46 -0500] "POST /kwsrmcab/Wsrmcab  HTTP/1.1" 200 44251
185.119.81.102 - - [03/Aug/2022:20:04:30 -0500] "GET /portaldeninos/wp-login.php HTTP/1.1" 200 2592
185.119.81.102 - - [03/Aug/2022:20:04:31 -0500] "POST /portaldeninos/wp-login.php HTTP/1.1" 200 3605
157.55.39.50 - - [03/Aug/2022:20:04:41 -0500] "GET /portaldeninos/parque-ecologico-distrital-humedal-santa-maria-del-lago/ HTTP/1.1" 200 90199
200.118.64.109 - - [03/Aug/2022:20:05:20 -0500] "POST /forms/lservlet;jsessionid=ac16012b30d6f6f39d1c1ffc4543a3999848c7e49cec.e3iSbxaKaheRe3qTa3yPb30Rbi1ynknvrkLOlQzNp65In0 HTTP/1.1" 200 2
216.245.221.92 - - [03/Aug/2022:20:05:21 -0500] "HEAD / HTTP/1.1" 200 -
172.22.2.4 - - [03/Aug/2022:20:03:55 -0500] "HEAD /BLA/boletinlegal/ HTTP/1.1" 200 -
172.22.2.4 - - [03/Aug/2022:20:04:45 -0500] "GET /BLA/boletinlegal/ HTTP/1.1" 200 58154
172.22.2.4 - - [03/Aug/2022:20:07:03 -0500] "GET /BLA/boletinlegal/images/screen_3.png HTTP/1.1" 200 210620
172.22.2.4 - - [03/Aug/2022:20:07:03 -0500] "GET /BLA/boletinlegal/images/screen_2.png HTTP/1.1" 200 362502
172.22.2.4 - - [03/Aug/2022:20:07:03 -0500] "GET /BLA/boletinlegal/images/screen_5.png HTTP/1.1" 200 368876
172.22.2.4 - - [03/Aug/2022:20:07:03 -0500] "GET /BLA/boletinlegal/images/arr_r.jpg HTTP/1.1" 200 1998
172.22.2.4 - - [03/Aug/2022:20:07:09 -0500] "GET /BLA/boletinlegal/actos.php HTTP/1.1" 200 9559
190.66.243.241 - - [03/Aug/2022:20:07:15 -0500] "GET /BLA/resoluciones/ HTTP/1.1" 200 13093
190.66.243.241 - - [03/Aug/2022:20:07:18 -0500] "GET /BLA/resoluciones/index.php?dir=AUTOS+2022%2F HTTP/1.1" 200 175209
200.118.64.109 - - [03/Aug/2022:20:07:20 -0500] "POST /forms/lservlet;jsessionid=ac16012b30d6f6f39d1c1ffc4543a3999848c7e49cec.e3iSbxaKaheRe3qTa3yPb30Rbi1ynknvrkLOlQzNp65In0 HTTP/1.1" 200 2
172.22.2.4 - - [03/Aug/2022:20:06:56 -0500] "GET /BLA/boletinlegal/ HTTP/1.1" 200 32715
190.66.243.241 - - [03/Aug/2022:20:08:13 -0500] "GET /BLA/resoluciones/AUTOS%202022/1028.pdf HTTP/1.1" 200 390070
201.245.192.253 - - [03/Aug/2022:20:08:45 -0500] "POST /kwsrmcab/Wsrmcab  HTTP/1.1" 200 44251
200.118.64.109 - - [03/Aug/2022:20:09:20 -0500] "POST /forms/lservlet;jsessionid=ac16012b30d6f6f39d1c1ffc4543a3999848c7e49cec.e3iSbxaKaheRe3qTa3yPb30Rbi1ynknvrkLOlQzNp65In0 HTTP/1.1" 200 2
200.118.64.109 - - [03/Aug/2022:20:10:18 -0500] "POST /forms/lservlet;jsessionid=ac16012b30d6f6f39d1c1ffc4543a3999848c7e49cec.e3iSbxaKaheRe3qTa3yPb30Rbi1ynknvrkLOlQzNp65In0 HTTP/1.1" 200 95
200.118.64.109 - - [03/Aug/2022:20:10:19 -0500] "POST /forms/lservlet;jsessionid=ac16012b30d6f6f39d1c1ffc4543a3999848c7e49cec.e3iSbxaKaheRe3qTa3yPb30Rbi1ynknvrkLOlQzNp65In0 HTTP/1.1" 200 -
216.245.221.92 - - [03/Aug/2022:20:10:21 -0500] "HEAD / HTTP/1.1" 200 -
200.118.62.217 - - [03/Aug/2022:20:11:18 -0500] "GET /forest/ HTTP/1.1" 200 12041
172.22.2.4 - - [03/Aug/2022:20:09:45 -0500] "HEAD /BLA/boletinlegal/ HTTP/1.1" 200 -
200.118.62.217 - - [03/Aug/2022:20:11:54 -0500] "POST /forest/index.php HTTP/1.1" 200 12268
172.22.2.4 - - [03/Aug/2022:20:10:36 -0500] "GET /BLA/boletinlegal/ HTTP/1.1" 200 55211
179.32.5.133 - - [03/Aug/2022:20:13:23 -0500] "GET /galeria/galeria/jquery.fancybox.js?v=2.1.5 HTTP/1.1" 200 48706
179.32.5.133 - - [03/Aug/2022:20:13:23 -0500] "GET /galeria/galeria/jquery.fancybox.css?v=2.1.5 HTTP/1.1" 200 4895
179.32.5.133 - - [03/Aug/2022:20:13:23 -0500] "GET /BLA/boletinlegal/js/jquery.scrollShow.js HTTP/1.1" 200 4586
201.245.192.253 - - [03/Aug/2022:20:13:44 -0500] "POST /kwsrmcab/Wsrmcab  HTTP/1.1" 200 44251
216.245.221.92 - - [03/Aug/2022:20:15:21 -0500] "HEAD / HTTP/1.1" 200 -
173.252.83.8 - - [03/Aug/2022:20:16:01 -0500] "GET /images/visita-suspension-humedal-techo-24-mayo.jpg HTTP/1.1" 200 57365
172.22.2.4 - - [03/Aug/2022:20:15:22 -0500] "GET /BLA/boletinlegal/ HTTP/1.1" 200 32715
172.22.2.4 - - [03/Aug/2022:20:15:36 -0500] "HEAD /BLA/boletinlegal/ HTTP/1.1" 200 -
172.22.2.4 - - [03/Aug/2022:20:16:25 -0500] "GET /BLA/boletinlegal/ HTTP/1.1" 200 58154
201.245.192.253 - - [03/Aug/2022:20:18:43 -0500] "POST /kwsrmcab/Wsrmcab  HTTP/1.1" 200 44251
201.245.192.253 - - [03/Aug/2022:20:20:16 -0500] "POST /kwsrmcab/Wsrmcab HTTP/1.1" 200 48112
216.245.221.92 - - [03/Aug/2022:20:20:21 -0500] "HEAD / HTTP/1.1" 200 -
201.245.192.253 - - [03/Aug/2022:20:20:20 -0500] "POST /kwsrmcab/Wsrmcab HTTP/1.1" 200 48116
172.22.2.4 - - [03/Aug/2022:20:21:25 -0500] "HEAD /BLA/boletinlegal/ HTTP/1.1" 200 -
201.245.192.253 - - [03/Aug/2022:20:23:43 -0500] "POST /kwsrmcab/Wsrmcab  HTTP/1.1" 200 44251
172.22.2.4 - - [03/Aug/2022:20:22:15 -0500] "GET /BLA/boletinlegal/ HTTP/1.1" 200 56723
216.245.221.92 - - [03/Aug/2022:20:25:21 -0500] "HEAD / HTTP/1.1" 200 -
172.22.2.4 - - [03/Aug/2022:20:26:48 -0500] "GET /BLA/boletinlegal/Circulares/2022/CIRCULAR%20No.%2000005%20DEL%2030%20DE%20JUNIO%20DEL%202022.pdf HTTP/1.1" 404 1038
201.245.192.253 - - [03/Aug/2022:20:28:41 -0500] "POST /kwsrmcab/Wsrmcab  HTTP/1.1" 200 44251
172.22.2.4 - - [03/Aug/2022:20:27:15 -0500] "HEAD /BLA/boletinlegal/ HTTP/1.1" 200 -
172.22.2.4 - - [03/Aug/2022:20:28:05 -0500] "GET /BLA/boletinlegal/ HTTP/1.1" 200 58154
201.245.192.253 - - [03/Aug/2022:20:30:17 -0500] "POST /kwsrmcab/Wsrmcab HTTP/1.1" 200 48112
216.245.221.92 - - [03/Aug/2022:20:30:21 -0500] "HEAD / HTTP/1.1" 200 -
201.245.192.253 - - [03/Aug/2022:20:30:21 -0500] "POST /kwsrmcab/Wsrmcab HTTP/1.1" 200 48116
172.22.2.4 - - [03/Aug/2022:20:31:12 -0500] "GET /BLA/boletinlegal/apple-touch-icon-precomposed.png HTTP/1.1" 404 1140
172.22.2.4 - - [03/Aug/2022:20:31:13 -0500] "GET /BLA/boletinlegal/apple-touch-icon.png HTTP/1.1" 404 1140
172.22.2.4 - - [03/Aug/2022:20:31:13 -0500] "GET /BLA/boletinlegal/favicon.ico HTTP/1.1" 404 1140
179.33.233.107 - - [03/Aug/2022:20:31:18 -0500] "GET /BLA/boletinlegal/js/jquery.scrollShow.js HTTP/1.1" 200 4586
179.33.233.107 - - [03/Aug/2022:20:31:18 -0500] "GET /galeria/galeria/jquery.fancybox.css?v=2.1.5 HTTP/1.1" 200 4895
179.33.233.107 - - [03/Aug/2022:20:31:18 -0500] "GET /galeria/galeria/jquery.fancybox.js?v=2.1.5 HTTP/1.1" 200 48706
179.33.233.107 - - [03/Aug/2022:20:31:27 -0500] "GET /galeria/carrusel/Carrusel/jquery.thumbnailScroller.css HTTP/1.1" 200 2066
179.33.233.107 - - [03/Aug/2022:20:31:27 -0500] "GET /galeria/carrusel/Carrusel/jquery-ui-1.8.13.custom.min.js HTTP/1.1" 200 10800
179.33.233.107 - - [03/Aug/2022:20:31:27 -0500] "GET /galeria/carrusel/Carrusel/jquery.thumbnailScroller.js HTTP/1.1" 200 8157
179.33.233.107 - - [03/Aug/2022:20:31:28 -0500] "GET /galeria/nivo-slider/demo/banner.html HTTP/1.1" 200 5446
179.33.233.107 - - [03/Aug/2022:20:31:28 -0500] "GET /galeria/nivo-slider/themes/default/default.css HTTP/1.1" 200 1569
179.33.233.107 - - [03/Aug/2022:20:31:28 -0500] "GET /galeria/nivo-slider/themes/pascal/pascal.css HTTP/1.1" 200 2258
179.33.233.107 - - [03/Aug/2022:20:31:28 -0500] "GET /galeria/nivo-slider/themes/orman/orman.css HTTP/1.1" 200 2152
179.33.233.107 - - [03/Aug/2022:20:31:28 -0500] "GET /galeria/nivo-slider/nivo-slider.css HTTP/1.1" 200 1507
179.33.233.107 - - [03/Aug/2022:20:31:28 -0500] "GET /galeria/nivo-slider/demo/scripts/jquery-1.7.1.min.js HTTP/1.1" 200 93868
179.33.233.107 - - [03/Aug/2022:20:31:28 -0500] "GET /galeria/nivo-slider/demo/style.css HTTP/1.1" 200 2222
179.33.233.107 - - [03/Aug/2022:20:31:28 -0500] "GET /galeria/nivo-slider/demo/images/Bannermujeresquereverdecen.jpg HTTP/1.1" 200 46558
179.33.233.107 - - [03/Aug/2022:20:31:28 -0500] "GET /galeria/nivo-slider/demo/images/bannertortuga_optimized.jpg HTTP/1.1" 200 39066
179.33.233.107 - - [03/Aug/2022:20:31:28 -0500] "GET /galeria/nivo-slider/jquery.nivo.slider.pack.js HTTP/1.1" 200 11561
179.33.233.107 - - [03/Aug/2022:20:31:28 -0500] "GET /galeria/nivo-slider/demo/images/bannertrafico_optimized.jpg HTTP/1.1" 200 42578
179.33.233.107 - - [03/Aug/2022:20:31:28 -0500] "GET /galeria/nivo-slider/demo/images/Bannersedeelectronica.jpg HTTP/1.1" 200 40383
179.33.233.107 - - [03/Aug/2022:20:31:28 -0500] "GET /galeria/nivo-slider/demo/images/bannerrutaesperanza.jpg HTTP/1.1" 200 55560
179.33.233.107 - - [03/Aug/2022:20:31:28 -0500] "GET /galeria/nivo-slider/demo/images/bannerresiduoshospitalariosagosto.jpg HTTP/1.1" 200 36499
179.33.233.107 - - [03/Aug/2022:20:31:28 -0500] "GET /galeria/nivo-slider/demo/images/Bannerplasticosseptiembre.jpg HTTP/1.1" 200 45633
179.33.233.107 - - [03/Aug/2022:20:31:28 -0500] "GET /galeria/nivo-slider/demo/images/banneraire2021.jpg HTTP/1.1" 200 265101
179.33.233.107 - - [03/Aug/2022:20:31:28 -0500] "GET /galeria/nivo-slider/demo/images/banneraccionpopularcrr68.jpg HTTP/1.1" 200 51887
179.33.233.107 - - [03/Aug/2022:20:31:28 -0500] "GET /galeria/nivo-slider/demo/images/banneraccionpopular.jpeg HTTP/1.1" 200 41707
179.33.233.107 - - [03/Aug/2022:20:31:28 -0500] "GET /galeria/nivo-slider/demo/images/bannerclases2021.jpg HTTP/1.1" 200 68230
179.33.233.107 - - [03/Aug/2022:20:31:28 -0500] "GET /galeria/nivo-slider/demo/images/bannercapacitacionesbogota.jpg HTTP/1.1" 200 42416
179.33.233.107 - - [03/Aug/2022:20:31:29 -0500] "GET /galeria/nivo-slider/demo/images/4Simple_Slider.png HTTP/1.1" 200 11722
179.33.233.107 - - [03/Aug/2022:20:31:29 -0500] "GET /galeria/nivo-slider/demo/images/Bannerenvases.jpg HTTP/1.1" 200 37316
179.33.233.107 - - [03/Aug/2022:20:31:29 -0500] "GET /galeria/nivo-slider/themes/default/loading.gif HTTP/1.1" 200 1737
179.33.233.107 - - [03/Aug/2022:20:31:29 -0500] "GET /galeria/nivo-slider/demo/images/Bannervirtualescanales.jpg HTTP/1.1" 200 174544
179.33.233.107 - - [03/Aug/2022:20:31:29 -0500] "GET /galeria/nivo-slider/themes/default/arrows.png HTTP/1.1" 200 824
179.33.233.107 - - [03/Aug/2022:20:31:29 -0500] "GET /galeria/nivo-slider/themes/default/bullets.png HTTP/1.1" 200 1281
172.22.2.4 - - [03/Aug/2022:20:30:43 -0500] "GET /BLA/boletinlegal/ HTTP/1.1" 200 49099
173.252.79.4 - - [03/Aug/2022:20:32:21 -0500] "GET /images/culebra-sabanera-bogota-26-marzo.jpg HTTP/1.1" 200 22555
2.57.122.98 - - [03/Aug/2022:20:32:28 -0500] "GET / HTTP/1.1" 200 319
172.22.2.4 - - [03/Aug/2022:20:33:09 -0500] "GET /BLA/boletinlegal/consulta_actos.php?tipo=autos&no=0199&usuario=&sector=&fecha=2012&resuelve= HTTP/1.1" 200 626
201.245.192.253 - - [03/Aug/2022:20:33:40 -0500] "POST /kwsrmcab/Wsrmcab  HTTP/1.1" 200 44251
186.80.174.201 - - [03/Aug/2022:20:34:34 -0500] "POST /sipse/faces/presentacion/financiero/solicitudProceso/listarSolicitudProceso.xhtml HTTP/1.1" 302 -
186.80.174.201 - - [03/Aug/2022:20:34:35 -0500] "GET /sipse/faces/autenticacion.xhtml HTTP/1.1" 200 1099
186.80.174.201 - - [03/Aug/2022:20:34:35 -0500] "POST /sipse/faces/presentacion/financiero/solicitudProceso/listarSolicitudProceso.xhtml HTTP/1.1" 302 -
186.80.174.201 - - [03/Aug/2022:20:34:35 -0500] "GET /sipse/faces/autenticacion.xhtml HTTP/1.1" 200 1099
186.80.174.201 - - [03/Aug/2022:20:34:38 -0500] "POST /sipse/faces/presentacion/financiero/solicitudProceso/listarSolicitudProceso.xhtml HTTP/1.1" 302 -
186.80.174.201 - - [03/Aug/2022:20:34:38 -0500] "GET /sipse/faces/autenticacion.xhtml HTTP/1.1" 200 1099
186.80.174.201 - - [03/Aug/2022:20:34:40 -0500] "POST /sipse/faces/presentacion/financiero/solicitudProceso/listarSolicitudProceso.xhtml HTTP/1.1" 302 -
186.80.174.201 - - [03/Aug/2022:20:34:40 -0500] "GET /sipse/faces/autenticacion.xhtml HTTP/1.1" 200 1099
186.80.174.201 - - [03/Aug/2022:20:34:40 -0500] "POST /sipse/faces/presentacion/financiero/solicitudProceso/listarSolicitudProceso.xhtml HTTP/1.1" 302 -
186.80.174.201 - - [03/Aug/2022:20:34:41 -0500] "GET /sipse/faces/autenticacion.xhtml HTTP/1.1" 200 1099
186.80.174.201 - - [03/Aug/2022:20:34:42 -0500] "POST /sipse/faces/presentacion/financiero/solicitudProceso/listarSolicitudProceso.xhtml HTTP/1.1" 302 -
186.80.174.201 - - [03/Aug/2022:20:34:42 -0500] "GET /sipse/faces/autenticacion.xhtml HTTP/1.1" 200 1099
172.22.2.4 - - [03/Aug/2022:20:33:05 -0500] "HEAD /BLA/boletinlegal/ HTTP/1.1" 200 -
186.80.174.201 - - [03/Aug/2022:20:34:46 -0500] "POST /sipse/faces/presentacion/financiero/solicitudProceso/listarSolicitudProceso.xhtml HTTP/1.1" 302 -
186.80.174.201 - - [03/Aug/2022:20:34:46 -0500] "GET /sipse/faces/autenticacion.xhtml HTTP/1.1" 200 1099
185.119.81.102 - - [03/Aug/2022:20:35:08 -0500] "GET /portaldeninos/wp-login.php HTTP/1.1" 200 2592
185.119.81.102 - - [03/Aug/2022:20:35:10 -0500] "POST /portaldeninos/wp-login.php HTTP/1.1" 200 3670
186.80.174.201 - - [03/Aug/2022:20:35:16 -0500] "GET /sipse/faces/faces/autenticacion.xhtml HTTP/1.1" 200 12496
186.80.174.201 - - [03/Aug/2022:20:35:17 -0500] "GET /sipse/css/custom_css_sg.css HTTP/1.1" 200 9694
186.80.174.201 - - [03/Aug/2022:20:35:17 -0500] "GET /sipse/css/custom_css_sg_prime_login.css HTTP/1.1" 200 443
186.80.174.201 - - [03/Aug/2022:20:35:17 -0500] "GET /sipse/faces/javax.faces.resource/layout/layout.css;jsessionid=ZzBii73W2JGpFFnd6NzHvngP.undefined?ln=primefaces&v=4.0 HTTP/1.1" 200 542
186.80.174.201 - - [03/Aug/2022:20:35:17 -0500] "GET /sipse/faces/javax.faces.resource/theme.css?ln=primefaces-sipse HTTP/1.1" 200 50058
186.80.174.201 - - [03/Aug/2022:20:35:17 -0500] "GET /sipse/faces/javax.faces.resource/primefaces.css;jsessionid=ZzBii73W2JGpFFnd6NzHvngP.undefined?ln=primefaces&v=4.0 HTTP/1.1" 200 53295
186.80.174.201 - - [03/Aug/2022:20:35:17 -0500] "GET /sipse/faces/javax.faces.resource/layout/layout.js;jsessionid=ZzBii73W2JGpFFnd6NzHvngP.undefined?ln=primefaces&v=4.0 HTTP/1.1" 200 87560
186.80.174.201 - - [03/Aug/2022:20:35:17 -0500] "GET /sipse/faces/javax.faces.resource/jquery/jquery-plugins.js;jsessionid=ZzBii73W2JGpFFnd6NzHvngP.undefined?ln=primefaces&v=4.0 HTTP/1.1" 200 220526
186.80.174.201 - - [03/Aug/2022:20:35:17 -0500] "GET /sipse/faces/javax.faces.resource/jquery/jquery.js;jsessionid=ZzBii73W2JGpFFnd6NzHvngP.undefined?ln=primefaces&v=4.0 HTTP/1.1" 200 105384
186.80.174.201 - - [03/Aug/2022:20:35:17 -0500] "GET /sipse/faces/javax.faces.resource/primefaces.js;jsessionid=ZzBii73W2JGpFFnd6NzHvngP.undefined?ln=primefaces&v=4.0 HTTP/1.1" 200 276924
186.80.174.201 - - [03/Aug/2022:20:35:18 -0500] "GET /sipse/faces/javax.faces.resource/images/ui-icons_898989_256x240.png?ln=primefaces-aristo HTTP/1.1" 200 5355
186.80.174.201 - - [03/Aug/2022:20:35:18 -0500] "GET /sipse/css/imagen/logoSDG.png HTTP/1.1" 200 53064
186.80.174.201 - - [03/Aug/2022:20:35:18 -0500] "GET /sipse/css/imagen/loginimg.png HTTP/1.1" 200 71635
186.80.174.201 - - [03/Aug/2022:20:35:18 -0500] "GET /favicon.ico HTTP/1.1" 200 7782
186.80.174.201 - - [03/Aug/2022:20:35:18 -0500] "GET /sipse/faces/faces/index.xhtml HTTP/1.1" 200 677
186.80.174.201 - - [03/Aug/2022:20:35:18 -0500] "GET /sipse/faces/javax.faces.resource/theme.css?ln=primefaces-sipse HTTP/1.1" 304 -
186.80.174.201 - - [03/Aug/2022:20:35:19 -0500] "GET /sipse/faces/faces/faces/autenticacion.xhtml HTTP/1.1" 200 12174
186.80.174.201 - - [03/Aug/2022:20:35:19 -0500] "GET /sipse/faces/javax.faces.resource/theme.css?ln=primefaces-sipse HTTP/1.1" 304 -
186.80.174.201 - - [03/Aug/2022:20:35:19 -0500] "GET /sipse/faces/javax.faces.resource/layout/layout.css?ln=primefaces&v=4.0 HTTP/1.1" 200 542
186.80.174.201 - - [03/Aug/2022:20:35:19 -0500] "GET /sipse/faces/javax.faces.resource/primefaces.css?ln=primefaces&v=4.0 HTTP/1.1" 200 53295
186.80.174.201 - - [03/Aug/2022:20:35:19 -0500] "GET /sipse/faces/javax.faces.resource/jquery/jquery.js?ln=primefaces&v=4.0 HTTP/1.1" 304 -
186.80.174.201 - - [03/Aug/2022:20:35:20 -0500] "GET /sipse/faces/javax.faces.resource/jquery/jquery-plugins.js?ln=primefaces&v=4.0 HTTP/1.1" 304 -
186.80.174.201 - - [03/Aug/2022:20:35:20 -0500] "GET /sipse/faces/javax.faces.resource/primefaces.js?ln=primefaces&v=4.0 HTTP/1.1" 304 -
186.80.174.201 - - [03/Aug/2022:20:35:20 -0500] "GET /sipse/faces/javax.faces.resource/layout/layout.js?ln=primefaces&v=4.0 HTTP/1.1" 304 -
186.80.174.201 - - [03/Aug/2022:20:35:20 -0500] "GET /sipse/faces/javax.faces.resource/images/ui-icons_898989_256x240.png?ln=primefaces-aristo HTTP/1.1" 304 -
216.245.221.92 - - [03/Aug/2022:20:35:22 -0500] "HEAD / HTTP/1.1" 200 -
186.80.174.201 - - [03/Aug/2022:20:35:22 -0500] "POST /sipse/faces/autenticacion.xhtml HTTP/1.1" 200 2215
186.80.174.201 - - [03/Aug/2022:20:35:22 -0500] "GET /sipse/faces/javax.faces.resource/messages/messages.png?ln=primefaces&v=4.0 HTTP/1.1" 200 27209
186.80.174.201 - - [03/Aug/2022:20:35:24 -0500] "POST /sipse/faces/autenticacion.xhtml HTTP/1.1" 200 16298
186.80.174.201 - - [03/Aug/2022:20:35:24 -0500] "GET /sipse/css/custom_css_sg_prime.css HTTP/1.1" 200 5201
186.80.174.201 - - [03/Aug/2022:20:35:24 -0500] "GET /sipse/faces/javax.faces.resource/jquery/jquery.js?ln=primefaces&v=4.0 HTTP/1.1" 304 -
186.80.174.201 - - [03/Aug/2022:20:35:24 -0500] "GET /sipse/faces/javax.faces.resource/jquery/jquery-plugins.js?ln=primefaces&v=4.0 HTTP/1.1" 304 -
186.80.174.201 - - [03/Aug/2022:20:35:24 -0500] "GET /sipse/faces/javax.faces.resource/primefaces.js?ln=primefaces&v=4.0 HTTP/1.1" 304 -
186.80.174.201 - - [03/Aug/2022:20:35:24 -0500] "GET /sipse/faces/javax.faces.resource/layout/layout.js?ln=primefaces&v=4.0 HTTP/1.1" 304 -
186.80.174.201 - - [03/Aug/2022:20:35:24 -0500] "GET /sipse/css/imagen/contrasena.png HTTP/1.1" 404 383
186.80.174.201 - - [03/Aug/2022:20:35:24 -0500] "GET /sipse/imagenes/cargando.gif HTTP/1.1" 200 36959
186.80.174.201 - - [03/Aug/2022:20:35:24 -0500] "GET /sipse/imagenes/logoAplicacion.jpg HTTP/1.1" 200 155084
186.80.174.201 - - [03/Aug/2022:20:35:27 -0500] "GET /sipse/faces/javax.faces.resource/images/ui-bg_flat_0_2d5972_40x100.png?ln=primefaces-aristo HTTP/1.1" 200 183
186.80.174.201 - - [03/Aug/2022:20:35:27 -0500] "POST /sipse/faces/bienvenido.xhtml HTTP/1.1" 200 2658
186.80.174.201 - - [03/Aug/2022:20:35:28 -0500] "POST /sipse/faces/bienvenido.xhtml HTTP/1.1" 200 64956
186.80.174.201 - - [03/Aug/2022:20:35:29 -0500] "GET /sipse/faces/javax.faces.resource/jquery/jquery.js?ln=primefaces&v=4.0 HTTP/1.1" 304 -
186.80.174.201 - - [03/Aug/2022:20:35:29 -0500] "GET /sipse/faces/javax.faces.resource/jquery/jquery-plugins.js?ln=primefaces&v=4.0 HTTP/1.1" 304 -
186.80.174.201 - - [03/Aug/2022:20:35:29 -0500] "GET /sipse/faces/javax.faces.resource/primefaces.js?ln=primefaces&v=4.0 HTTP/1.1" 304 -
186.80.174.201 - - [03/Aug/2022:20:35:29 -0500] "GET /sipse/faces/javax.faces.resource/layout/layout.js?ln=primefaces&v=4.0 HTTP/1.1" 304 -
186.80.174.201 - - [03/Aug/2022:20:35:30 -0500] "POST /sipse/faces/presentacion/financiero/solicitudProceso/listarSolicitudProceso.xhtml HTTP/1.1" 200 1560
172.22.2.4 - - [03/Aug/2022:20:33:55 -0500] "GET /BLA/boletinlegal/ HTTP/1.1" 200 58154
186.80.174.201 - - [03/Aug/2022:20:35:41 -0500] "POST /sipse/faces/presentacion/financiero/solicitudProceso/listarSolicitudProceso.xhtml HTTP/1.1" 200 123522
186.80.174.201 - - [03/Aug/2022:20:35:42 -0500] "GET /sipse/faces/javax.faces.resource/jquery/jquery.js?ln=primefaces&v=4.0 HTTP/1.1" 304 -
186.80.174.201 - - [03/Aug/2022:20:35:42 -0500] "GET /sipse/faces/javax.faces.resource/jquery/jquery-plugins.js?ln=primefaces&v=4.0 HTTP/1.1" 304 -
186.80.174.201 - - [03/Aug/2022:20:35:42 -0500] "GET /sipse/faces/javax.faces.resource/primefaces.js?ln=primefaces&v=4.0 HTTP/1.1" 304 -
186.80.174.201 - - [03/Aug/2022:20:35:42 -0500] "GET /sipse/faces/javax.faces.resource/layout/layout.js?ln=primefaces&v=4.0 HTTP/1.1" 304 -
186.80.174.201 - - [03/Aug/2022:20:35:51 -0500] "POST /sipse/faces/presentacion/financiero/solicitudProceso/consultarSolicitudProceso.xhtml HTTP/1.1" 200 32252
186.80.174.201 - - [03/Aug/2022:20:35:51 -0500] "GET /sipse/faces/javax.faces.resource/theme.css?ln=primefaces-sipse HTTP/1.1" 304 -
186.80.174.201 - - [03/Aug/2022:20:35:51 -0500] "GET /sipse/faces/javax.faces.resource/primefaces.css?ln=primefaces&v=4.0 HTTP/1.1" 304 -
186.80.174.201 - - [03/Aug/2022:20:35:51 -0500] "GET /sipse/faces/javax.faces.resource/layout/layout.css?ln=primefaces&v=4.0 HTTP/1.1" 304 -
186.80.174.201 - - [03/Aug/2022:20:35:51 -0500] "GET /sipse/faces/javax.faces.resource/jquery/jquery-plugins.js?ln=primefaces&v=4.0 HTTP/1.1" 304 -
186.80.174.201 - - [03/Aug/2022:20:35:51 -0500] "GET /sipse/faces/javax.faces.resource/primefaces.js?ln=primefaces&v=4.0 HTTP/1.1" 304 -
186.80.174.201 - - [03/Aug/2022:20:35:51 -0500] "GET /sipse/faces/javax.faces.resource/jquery/jquery.js?ln=primefaces&v=4.0 HTTP/1.1" 304 -
186.80.174.201 - - [03/Aug/2022:20:35:51 -0500] "GET /sipse/faces/javax.faces.resource/layout/layout.js?ln=primefaces&v=4.0 HTTP/1.1" 304 -
186.80.174.201 - - [03/Aug/2022:20:35:53 -0500] "GET /sipse/faces/javax.faces.resource/images/ui-icons_898989_256x240.png?ln=primefaces-aristo HTTP/1.1" 304 -
186.80.174.201 - - [03/Aug/2022:20:36:30 -0500] "POST /sipse/faces/presentacion/financiero/solicitudProceso/consultarHistorialSolProceso.xhtml HTTP/1.1" 200 169220
186.80.174.201 - - [03/Aug/2022:20:36:31 -0500] "GET /sipse/faces/javax.faces.resource/theme.css?ln=primefaces-sipse HTTP/1.1" 304 -
186.80.174.201 - - [03/Aug/2022:20:36:31 -0500] "GET /sipse/faces/javax.faces.resource/primefaces.css?ln=primefaces&v=4.0 HTTP/1.1" 304 -
186.80.174.201 - - [03/Aug/2022:20:36:31 -0500] "GET /sipse/faces/javax.faces.resource/jquery/jquery.js?ln=primefaces&v=4.0 HTTP/1.1" 304 -
186.80.174.201 - - [03/Aug/2022:20:36:31 -0500] "GET /sipse/faces/javax.faces.resource/layout/layout.css?ln=primefaces&v=4.0 HTTP/1.1" 304 -
186.80.174.201 - - [03/Aug/2022:20:36:31 -0500] "GET /sipse/faces/javax.faces.resource/layout/layout.js?ln=primefaces&v=4.0 HTTP/1.1" 304 -
186.80.174.201 - - [03/Aug/2022:20:36:31 -0500] "GET /sipse/faces/javax.faces.resource/jquery/jquery-plugins.js?ln=primefaces&v=4.0 HTTP/1.1" 304 -
186.80.174.201 - - [03/Aug/2022:20:36:31 -0500] "GET /sipse/faces/javax.faces.resource/primefaces.js?ln=primefaces&v=4.0 HTTP/1.1" 304 -
186.80.174.201 - - [03/Aug/2022:20:36:33 -0500] "GET /sipse/faces/javax.faces.resource/images/ui-icons_898989_256x240.png?ln=primefaces-aristo HTTP/1.1" 304 -
157.55.39.98 - - [03/Aug/2022:20:37:16 -0500] "GET /BLA/resoluciones/RESOLUCIONES%202019/3551.pdf HTTP/1.1" 304 -
201.245.192.253 - - [03/Aug/2022:20:38:38 -0500] "POST /kwsrmcab/Wsrmcab  HTTP/1.1" 200 44251
172.22.2.4 - - [03/Aug/2022:20:39:43 -0500] "GET /BLA/boletinlegal/Directivas/2016/Directiva%20No.%2001%20del%2012%20de%20Abril%20de%202016.pdf HTTP/1.1" 200 868354
201.245.192.253 - - [03/Aug/2022:20:40:17 -0500] "POST /kwsrmcab/Wsrmcab HTTP/1.1" 200 48112
216.245.221.92 - - [03/Aug/2022:20:40:21 -0500] "HEAD / HTTP/1.1" 200 -
201.245.192.253 - - [03/Aug/2022:20:40:21 -0500] "POST /kwsrmcab/Wsrmcab HTTP/1.1" 200 48116
172.22.2.4 - - [03/Aug/2022:20:38:56 -0500] "HEAD /BLA/boletinlegal/ HTTP/1.1" 200 -
187.207.115.11 - - [03/Aug/2022:20:41:08 -0500] "GET / HTTP/1.1" 200 319
172.22.2.4 - - [03/Aug/2022:20:39:46 -0500] "GET /BLA/boletinlegal/ HTTP/1.1" 200 58154
201.245.192.253 - - [03/Aug/2022:20:43:38 -0500] "POST /kwsrmcab/Wsrmcab  HTTP/1.1" 200 44251
207.46.13.14 - - [03/Aug/2022:20:44:14 -0500] "GET /portaldeninos/wp-content/uploads/2020/11/La-Vaca-B-133x75.jpg HTTP/1.1" 200 3642
216.245.221.92 - - [03/Aug/2022:20:45:21 -0500] "HEAD / HTTP/1.1" 200 -
173.252.79.16 - - [03/Aug/2022:20:46:05 -0500] "GET /images/reciclaton-mayo-3-mayo.jpg HTTP/1.1" 200 278453
172.22.2.4 - - [03/Aug/2022:20:44:45 -0500] "HEAD /BLA/boletinlegal/ HTTP/1.1" 200 -
172.22.2.4 - - [03/Aug/2022:20:45:03 -0500] "GET /BLA/boletinlegal/ HTTP/1.1" 200 48724
172.22.2.4 - - [03/Aug/2022:20:45:35 -0500] "GET /BLA/boletinlegal/ HTTP/1.1" 200 50386
82.177.111.26 - - [03/Aug/2022:20:47:33 -0500] "GET /phpmyadmin/ HTTP/1.1" 403 1165
201.245.192.253 - - [03/Aug/2022:20:48:37 -0500] "POST /kwsrmcab/Wsrmcab  HTTP/1.1" 200 44251
172.22.2.4 - - [03/Aug/2022:20:48:51 -0500] "GET /BLA/boletinlegal/jurisprudencia.php HTTP/1.1" 200 17573
172.22.2.4 - - [03/Aug/2022:20:48:58 -0500] "GET /BLA/boletinlegal/Circulares/2022/CIRCULAR%20No.%2000005%20DEL%2030%20DE%20JUNIO%20DEL%202022.pdf HTTP/1.1" 404 1218
172.22.2.4 - - [03/Aug/2022:20:49:03 -0500] "GET /BLA/boletinlegal/Circulares/2019/.pdf HTTP/1.1" 404 1218
216.245.221.92 - - [03/Aug/2022:20:50:21 -0500] "HEAD / HTTP/1.1" 200 -
66.249.70.13 - - [03/Aug/2022:20:50:50 -0500] "-" 408 -
207.46.13.20 - - [03/Aug/2022:20:51:54 -0500] "GET /BLA/resoluciones/AUTOS%202019/4540.pdf HTTP/1.1" 304 -
185.119.81.108 - - [03/Aug/2022:20:52:09 -0500] "GET /portaldeninos/wp-login.php HTTP/1.1" 200 2592
185.119.81.108 - - [03/Aug/2022:20:52:10 -0500] "POST /portaldeninos/wp-login.php HTTP/1.1" 200 3605
172.22.2.4 - - [03/Aug/2022:20:50:35 -0500] "HEAD /BLA/boletinlegal/ HTTP/1.1" 200 -
172.22.2.4 - - [03/Aug/2022:20:51:25 -0500] "GET /BLA/boletinlegal/ HTTP/1.1" 200 60272
201.245.192.253 - - [03/Aug/2022:20:53:35 -0500] "POST /kwsrmcab/Wsrmcab  HTTP/1.1" 200 44251
216.245.221.92 - - [03/Aug/2022:20:55:21 -0500] "HEAD / HTTP/1.1" 200 -
157.55.39.84 - - [03/Aug/2022:20:56:05 -0500] "GET /BLA/resoluciones/AUTOS%202022/2073.pdf HTTP/1.1" 200 3939358
157.55.39.98 - - [03/Aug/2022:20:57:37 -0500] "GET /BLA/resoluciones/AUTOS%202020/4575.pdf HTTP/1.1" 304 -
172.22.2.4 - - [03/Aug/2022:20:56:25 -0500] "HEAD /BLA/boletinlegal/ HTTP/1.1" 200 -
191.106.198.59 - - [03/Aug/2022:20:58:12 -0500] "GET /kwssiamovil/sm/ldap/au?x=U2FsdGVkX1+U4MerP1RZzOAEcHpYXqX9FuMObhJ7mxKwky6jknYLwaZzKeiB3fEH&y=U2FsdGVkX18SVbxWSjqGZqWUCPXxWTtNlB0ZZpk73vXIAFK1kH3yNSmSW5MCFoTj HTTP/1.1" 200 30
191.106.198.59 - - [03/Aug/2022:20:58:13 -0500] "GET /kwssiamovil/sm/acme/s?s=U2FsdGVkX1/+ajJAx3w2rshLmtw1q9TXnmW6FD3dQf+WvqdyUY0beZkRFbvsa4CXwfZm1hevgA2uzOBDMjyXkVw1nOykL6DI8q6aPp4jYC8=&u=U2FsdGVkX18BgoyJfz0eQywTgloxruLMJpdhpva2GHrIHJID9GZ8GtNyOiYbgtbO&y=U2FsdGVkX18SVbxWSjqGZqWUCPXxWTtNlB0ZZpk73vXIAFK1kH3yNSmSW5MCFoTj HTTP/1.1" 200 97
191.106.198.59 - - [03/Aug/2022:20:58:13 -0500] "GET /kwssiamovil/sm/acme/s?s=U2FsdGVkX1+r2yHJnDtMedvciBpKnQV7Z1rfcIL2N3L6EoLkCIRCqh0gxFMZRTF/0k12+l4vaIoYIg8yb3HmNAz3dvy8M0c42/V261WxY7SEfugKOftxx3v4BcsY3kfJH4fi95ZiGCFzI0l3NPKRb9GxKKMIp6vd025aaQZCKimQ4jIL4CZV4qATtIPPOpIq20u/pvZ2XfVWCPuPd+O/Gvr1Jib9GiyaPxL/WP5IOfRVrN//kA3M05BzTInpRgP2ajGmEpbsrw0N9ClClloYXkSxelwA6OHd2GAdsOoU5IiSlHjrrL+aqn5xKYAupltgNS+hdEJm9DG9iEhliutt3TOW6iHsal6Ki/3Zz2bMWLnkVQgABJf5wtCh+wOqx2BUuaqEQr/P4qO7+6jKN1HVLYXkyjoEzybVpu1Mf5MqYV2WjV5aJcI2/qRUesLADJ9nw/QqO17j8e2SUZcojmQDdHNTB/0AGlYQ+v6VsQlbGiWPfQKP33zSR9DUioaG2u+tkvxU2k8Y6hKDk6gMGT72NRdVtAYRnSR+KrjoHZX/rM+xKBLCL5z3Iz50VszO2BDH5K9FXapOksBz/8jiMW0z+mY62MfWF8cpRGngwtDKTCwxTsNiuYYstxeJ24gwr6owVWwUS5M5ztX9UnJAWLaV9H9U3ELJXWR4E8g044fNAtyu6RWB0yvotNNgddSL45CLCKySHVSEiLzv9XOuXLVOlrLY7O7pmtNLIAKAf3O68VvBUaYgtSoMCmNcQpJVV0ZE3ffwM2cFw1sQEHL2Iass71nUlfxTDLc5hX0b/0mVFAB7YUHTaVsKyy2WCls27DyinWGOxYR1z93YSjbeB6FyzG/1L31nlcF3iQLJrrlrOAqPxY7iam05rxrbikzgzsnR8dE0rJHJA3b4y7In7MgwzSyibz5HdkeNAm4zoRY7fRIX7ESGBIyhyybPhrV/6YQujDo8coMzTbdU00ZwCPufgFpL5B1ugbNLEaC6gHWuY1LTBig9+HubshWxXnNyMw9gyojlUmF2gAF7N+1/YkgGlCQ7pRBhjofIYqg8GsZ+YuHpT+zAlbWzm8fhHtcS5Kvrve8Il98gZ7MTDcP364AXXcRz6+CMZ6UuVzJZqKhZCjA/K+eAGKCd3xRyS6k2+4IAqA4BcPl6knkNEgvkLX9c6Py3hAwnARaZSLXlPxCghOAPP1jLif/2Bd48IH7HdCM9LWsqy9CuWFncw/pM922j1KOVOkHlj7xDsTCwZ8Rjx9wU98VeYth3wWyGb2AOW6V0OfT3AxKZO3ODmVJEVN9hfuqCEbWPlbvhTs24sdt80XD2PJ1Yv6kQA4ZApDbiaF4qpZMuhQq2l3IGLogzBZ4leGiLl/6Cu7stRATRvSuAY4U=&u=U2FsdGVkX18BgoyJfz0eQywTgloxruLMJpdhpva2GHrIHJID9GZ8GtNyOiYbgtbO&y=U2FsdGVkX18SVbxWSjqGZqWUCPXxWTtNlB0ZZpk73vXIAFK1kH3yNSmSW5MCFoTj HTTP/1.1" 200 5569
191.106.198.59 - - [03/Aug/2022:20:58:14 -0500] "GET /kwssiamovil/sm/acme/s?s=U2FsdGVkX19BEyIC3cMk3iGQkEVP2ZcabzmRXgjEheN1WzF/SDpBNj3Gc2TGdPDaRUpMw1y5pMyEuUPH7O0aXbON+w+M61/Yb64GqRXMrRLCr4s3ac/2QTEpHImDMrDrhyVjmsDaPx+A9Hfav8/vtdT/8zhXnroNtPNk+RyDtNOQCzBvfOLUvHt4IaDw+sKqmw7A008/VAj43qFZzO1eGzLwP/n2JgBtvMGSkGdD03pMSKKLxyE0RL0hUb6EqcOibljViEy/C21O4yiq9fU62j8AI9tSyrV6qABxv+vsxmc=&u=U2FsdGVkX18BgoyJfz0eQywTgloxruLMJpdhpva2GHrIHJID9GZ8GtNyOiYbgtbO&y=U2FsdGVkX18SVbxWSjqGZqWUCPXxWTtNlB0ZZpk73vXIAFK1kH3yNSmSW5MCFoTj HTTP/1.1" 200 176
191.106.198.59 - - [03/Aug/2022:20:58:14 -0500] "GET /kwssiamovil/sm/cjson/pre?f=1&x=U2FsdGVkX1+U4MerP1RZzOAEcHpYXqX9FuMObhJ7mxKwky6jknYLwaZzKeiB3fEH HTTP/1.1" 200 30992
201.245.192.253 - - [03/Aug/2022:20:58:35 -0500] "POST /kwsrmcab/Wsrmcab  HTTP/1.1" 200 44251
172.22.2.4 - - [03/Aug/2022:20:57:15 -0500] "GET /BLA/boletinlegal/ HTTP/1.1" 200 54814
216.245.221.92 - - [03/Aug/2022:21:00:21 -0500] "HEAD / HTTP/1.1" 200 -
186.80.52.128 - - [03/Aug/2022:21:00:52 -0500] "GET /galeria/galeria/jquery.fancybox.css?v=2.1.5 HTTP/1.1" 200 4895
186.80.52.128 - - [03/Aug/2022:21:00:52 -0500] "GET /BLA/boletinlegal/js/jquery.scrollShow.js HTTP/1.1" 200 4586
186.80.52.128 - - [03/Aug/2022:21:00:52 -0500] "GET /galeria/galeria/jquery.fancybox.js?v=2.1.5 HTTP/1.1" 200 48706
186.80.52.128 - - [03/Aug/2022:21:00:53 -0500] "GET /galeria/carrusel/Carrusel/jquery.thumbnailScroller.css HTTP/1.1" 200 2066
186.80.52.128 - - [03/Aug/2022:21:00:53 -0500] "GET /galeria/carrusel/Carrusel/jquery.thumbnailScroller.js HTTP/1.1" 200 8157
186.80.52.128 - - [03/Aug/2022:21:00:53 -0500] "GET /galeria/carrusel/Carrusel/jquery-ui-1.8.13.custom.min.js HTTP/1.1" 200 10800
186.80.52.128 - - [03/Aug/2022:21:00:54 -0500] "GET /galeria/nivo-slider/demo/banner.html HTTP/1.1" 200 5446
186.80.52.128 - - [03/Aug/2022:21:00:54 -0500] "GET /galeria/nivo-slider/themes/default/default.css HTTP/1.1" 200 1569
186.80.52.128 - - [03/Aug/2022:21:00:54 -0500] "GET /galeria/nivo-slider/themes/pascal/pascal.css HTTP/1.1" 200 2258
186.80.52.128 - - [03/Aug/2022:21:00:54 -0500] "GET /galeria/nivo-slider/themes/orman/orman.css HTTP/1.1" 200 2152
186.80.52.128 - - [03/Aug/2022:21:00:54 -0500] "GET /galeria/nivo-slider/demo/style.css HTTP/1.1" 200 2222
186.80.52.128 - - [03/Aug/2022:21:00:54 -0500] "GET /galeria/nivo-slider/nivo-slider.css HTTP/1.1" 200 1507
186.80.52.128 - - [03/Aug/2022:21:00:54 -0500] "GET /galeria/nivo-slider/demo/scripts/jquery-1.7.1.min.js HTTP/1.1" 200 93868
186.80.52.128 - - [03/Aug/2022:21:00:54 -0500] "GET /galeria/nivo-slider/jquery.nivo.slider.pack.js HTTP/1.1" 200 11561
186.80.52.128 - - [03/Aug/2022:21:00:54 -0500] "GET /galeria/nivo-slider/demo/images/bannertortuga_optimized.jpg HTTP/1.1" 200 39066
186.80.52.128 - - [03/Aug/2022:21:00:55 -0500] "GET /galeria/nivo-slider/demo/images/Bannermujeresquereverdecen.jpg HTTP/1.1" 200 46558
186.80.52.128 - - [03/Aug/2022:21:00:55 -0500] "GET /galeria/nivo-slider/demo/images/bannertrafico_optimized.jpg HTTP/1.1" 200 42578
186.80.52.128 - - [03/Aug/2022:21:00:55 -0500] "GET /galeria/nivo-slider/demo/images/Bannersedeelectronica.jpg HTTP/1.1" 200 40383
186.80.52.128 - - [03/Aug/2022:21:00:55 -0500] "GET /galeria/nivo-slider/demo/images/bannerrutaesperanza.jpg HTTP/1.1" 200 55560
186.80.52.128 - - [03/Aug/2022:21:00:55 -0500] "GET /galeria/nivo-slider/demo/images/banneraire2021.jpg HTTP/1.1" 200 265101
186.80.52.128 - - [03/Aug/2022:21:00:55 -0500] "GET /galeria/nivo-slider/demo/images/4Simple_Slider.png HTTP/1.1" 200 11722
186.80.52.128 - - [03/Aug/2022:21:00:55 -0500] "GET /galeria/nivo-slider/demo/images/Bannerplasticosseptiembre.jpg HTTP/1.1" 200 45633
186.80.52.128 - - [03/Aug/2022:21:00:55 -0500] "GET /galeria/nivo-slider/themes/default/loading.gif HTTP/1.1" 200 1737
186.80.52.128 - - [03/Aug/2022:21:00:55 -0500] "GET /galeria/nivo-slider/demo/images/bannerresiduoshospitalariosagosto.jpg HTTP/1.1" 200 36499
186.80.52.128 - - [03/Aug/2022:21:00:55 -0500] "GET /galeria/nivo-slider/demo/images/banneraccionpopularcrr68.jpg HTTP/1.1" 200 51887
186.80.52.128 - - [03/Aug/2022:21:00:55 -0500] "GET /galeria/nivo-slider/demo/images/banneraccionpopular.jpeg HTTP/1.1" 200 41707
186.80.52.128 - - [03/Aug/2022:21:00:55 -0500] "GET /galeria/nivo-slider/demo/images/bannerclases2021.jpg HTTP/1.1" 200 68230
186.80.52.128 - - [03/Aug/2022:21:00:55 -0500] "GET /galeria/nivo-slider/demo/images/bannercapacitacionesbogota.jpg HTTP/1.1" 200 42416
186.80.52.128 - - [03/Aug/2022:21:00:55 -0500] "GET /galeria/nivo-slider/demo/images/Bannerenvases.jpg HTTP/1.1" 200 37316
186.80.52.128 - - [03/Aug/2022:21:00:55 -0500] "GET /galeria/nivo-slider/demo/images/Bannervirtualescanales.jpg HTTP/1.1" 200 174544
186.80.52.128 - - [03/Aug/2022:21:00:56 -0500] "GET /galeria/nivo-slider/themes/default/arrows.png HTTP/1.1" 200 824
186.80.52.128 - - [03/Aug/2022:21:00:56 -0500] "GET /galeria/nivo-slider/themes/default/bullets.png HTTP/1.1" 200 1281
201.245.192.253 - - [03/Aug/2022:21:03:34 -0500] "POST /kwsrmcab/Wsrmcab  HTTP/1.1" 200 44251
172.22.2.4 - - [03/Aug/2022:21:02:15 -0500] "HEAD /BLA/boletinlegal/ HTTP/1.1" 200 -
207.46.13.148 - - [03/Aug/2022:21:04:02 -0500] "GET / HTTP/1.1" 200 319
186.28.147.240 - - [03/Aug/2022:21:04:26 -0500] "GET /kwssiamovil/sm/ldap/au?x=U2FsdGVkX18Zj9NRrFKbMlJcollOXCDlB3on0J3DrMpI3X/pDK/5z5Kzbaa0KJv9&y=U2FsdGVkX1994fLKXj8ZfxPlIaOSf5aVQkqGSagqQ1YSz0EgqEU/ggUHtNb3GVi2 HTTP/1.1" 200 30
186.28.147.240 - - [03/Aug/2022:21:04:26 -0500] "GET /kwssiamovil/sm/acme/s?s=U2FsdGVkX18w3vFHDBAVN59e1BKJ8OpTRrSrHb/Duzn4W/rrO/3hu5DT5NhmHBChbQTHgfxnPOPBt6wuAvFL6cvBlsnvLmqKFsN67fkBnJs=&u=U2FsdGVkX1898UeBHLVfBRTsJP8fsy3KdMYFcXKCMU8drBcwJh3jlVag9u6pH94O&y=U2FsdGVkX1994fLKXj8ZfxPlIaOSf5aVQkqGSagqQ1YSz0EgqEU/ggUHtNb3GVi2 HTTP/1.1" 200 97
186.28.147.240 - - [03/Aug/2022:21:04:26 -0500] "GET /kwssiamovil/sm/acme/s?s=U2FsdGVkX1+xGDyim2P2Bx7aFEPVKso30aLav5Th4hm/20z7JiWdLB05C8AaMvsW2nInyJOGn6ebc31wl8mJif5WNgOe25tyyo8ycI1FQ9OE+DieghXs3ZcBnBTwXBejQJ2YQJvgs7uLhL8FLDr3zbaNm9ZQEpQPWA6+g7Dl0Vhkr3rAEZprKnK3RzbacsDA8oBa8UjGTLOjr0cYwkBHWR4l5Iu5LebngUdk1Tr83EXz/GbNcawlzDRVSrfFuon5csbZjbm8/NWig5VuDUTAYE1HhRaoHWYTt/yfXsTcqFijKFV12Nt3fecnRpJ9pcwtBgf0ttb2ZRHOmH59kOK6T2T8yBSJpJ5tvOB/4wbtSOUJBJNTk0megk4PhFw7HsoCHiyZbQ1s9zYYA/Q9UbQ9TEtrzWfK2pyBaEOl6rLy6qPnhVcLkEfbiiuhk9FWbAQunr3T+sKT5/0FHSqbXPH6ghrE962ZnikchRSWJkgwSwh4mufitl/kHAO6uNWsHJM3lmJdgV6yAbEKHn+NIfIKgnTEwILMcFsh5ywQY14Nhp60xBJOvEfvXcQdYQD5LK0eKjpQg7XaQY9cMH+o4OR6cD5zwnJBFQ/Cjocebc8LvZs4oo1ZqvbBAUAOTZW1fNsQIo/Jh3jv7gkPVS1FAApR+94cvVPEIw+QWvjnIMBUagfA7cjbqGGPE5vJeN4c/xzenKfCvEHP36UajxtcsykQJdk6NiTc2r32s4uqE8L6JDKh/H8xbqie8lg2R7wanUc4losd8pFixQUa4P4J/aPGy+DCmEsXqkqw6b4qDEDKVF2U53xoDlqg/r9Yp00Ycm06eii4RgNkenrxj4F2mO8sRfT1TC6+FjXJItemHsHFb4Qa6M4RBTwS7+HlG6hANdyiyW/bMe7Nrr06qR1mz1vdbmBfPSgCYfexVpaXPEsZiYwvloGMCZaIEN7eqHyADMTuPj47WAvnDLO9csrTjhwFVHPEEh7ruyVNYp6mN3Malsf0nn4Pn/ZVyeG3kARbnD6byROUiZzKWDU525bSeLTxpB8G0eaktWvOOfq5UiYOR0mGK88Z087Q6Dj72OizIJM1kgezExovaVj3uKnoFJiI89QTqHymaK6JTyvcj6CHTMvDjdNGzZoR38zQ2Z96khwoQrQnv2CtmVfLiEtpYSPLBNR7j9zwRL2006znW+EAvaGhq3lx1smh8E1GfMAWtat2fZgsPhsX+7UddnP3X8APT+HNOyGSl2rgecDQfJjJHk+0+na/QHbfxYXebsdcM0kBJzH3Acb4kTvxyyOEwxH4ZeWLrfVgdJVenFP2y/5vykow6Cr1rcvqQzRXu26QlRj4PzdsjIl9iFdOieReMfJb7Q+lJ0EW9wzgJ3FcTVowovg=&u=U2FsdGVkX1898UeBHLVfBRTsJP8fsy3KdMYFcXKCMU8drBcwJh3jlVag9u6pH94O&y=U2FsdGVkX1994fLKXj8ZfxPlIaOSf5aVQkqGSagqQ1YSz0EgqEU/ggUHtNb3GVi2 HTTP/1.1" 200 651
186.28.147.240 - - [03/Aug/2022:21:04:26 -0500] "GET /kwssiamovil/sm/acme/s?s=U2FsdGVkX1/OGDYNDsfuyxMQzQOHhqiJQONfYTSLkLQvZ2DBpAdX9IW7FCwyGs/1Gsa8E/zDQHjNhW1vPl85YCgY/cny1z9kmVlNtEKVhtfPxiyNwL5bFhNY0aOaW/NSb+8OYaMOz9JlAXBBFWpOeeTBcA8B5gf1Xc6EbNefskJGtjHaTBuHjnzv9N7qVnj5zPkHSCqNeB5NkBGmFC1CfqD13a9eewquJF5FKCf//Aw7kP35kohRp8mk30vL6MteWCsQIIsgNBflEVJaMKrGm93m6Bw2L5747VD9vAJzA78=&u=U2FsdGVkX1898UeBHLVfBRTsJP8fsy3KdMYFcXKCMU8drBcwJh3jlVag9u6pH94O&y=U2FsdGVkX1994fLKXj8ZfxPlIaOSf5aVQkqGSagqQ1YSz0EgqEU/ggUHtNb3GVi2 HTTP/1.1" 200 176
186.28.147.240 - - [03/Aug/2022:21:04:26 -0500] "GET /kwssiamovil/sm/cjson/pre?f=1&x=U2FsdGVkX18Zj9NRrFKbMlJcollOXCDlB3on0J3DrMpI3X/pDK/5z5Kzbaa0KJv9 HTTP/1.1" 200 30992
172.22.2.4 - - [03/Aug/2022:21:03:05 -0500] "GET /BLA/boletinlegal/ HTTP/1.1" 200 58154
216.245.221.92 - - [03/Aug/2022:21:05:21 -0500] "HEAD / HTTP/1.1" 200 -
191.106.198.59 - - [03/Aug/2022:21:05:53 -0500] "OPTIONS /kwssiamovil/sm/setfile/f? HTTP/1.1" 200 13
191.106.198.59 - - [03/Aug/2022:21:05:53 -0500] "POST /kwssiamovil/sm/setfile/f? HTTP/1.1" 200 381
191.106.198.59 - - [03/Aug/2022:21:05:54 -0500] "POST /kwssiamovil/sm/setfile/f? HTTP/1.1" 200 381
191.106.198.59 - - [03/Aug/2022:21:06:04 -0500] "GET /kwssiamovil/sm/acme/a?s=U2FsdGVkX1/+HvR5YekX6d9sa5kOhXwTevvoOIQaKAesxnhYRpvxb+j/0dxxbbuha4qkpi+afrXcymtnVOjL8i6KMVwX/2yfDsRp4i8+KavQzfsLVnV2kvRUUXvZ32jomMO7uhKUNbZM+lEaEq3fnqxLIZtANdu6/BvKQpuqUxTkMfnXagjBB0o7Hc5sS1+4g8R6+k4lnvCALp7L/ysBZNPp06K3To2oSyMWORLVUM0AWKcEVVntZR3AT857E1nQeX9/STONhwbkTeso+TTqSg==&u=U2FsdGVkX18BgoyJfz0eQywTgloxruLMJpdhpva2GHrIHJID9GZ8GtNyOiYbgtbO&y=U2FsdGVkX18SVbxWSjqGZqWUCPXxWTtNlB0ZZpk73vXIAFK1kH3yNSmSW5MCFoTj HTTP/1.1" 200 25
191.106.198.59 - - [03/Aug/2022:21:06:05 -0500] "GET /kwssiamovil/sm/acme/a?s=U2FsdGVkX18HGHngLSbc4zqiOTm2IQdYfAHa6eQ3ayjNn20Curmb7IP3NBA6vZ5R3LqZFRvP7YPMXimuNZzCo6xmsT8KqQVhP+JLNprDEA3Xi2WkXtliiqPE/3KvlmpsNXug6LbaKWyqJeN9KuWdPrQDvWJGxMNKXKpJAA6NeIuVU9Y9KZWlGUYksluP3uKJ7qQ5aTgGvVYpdDuY7jRlZ8AjaAaSJIO+YaMuNEx+czIRlD01IMIcRX5OXVzJxvZ6xkGQ0K4NoFWf39UFXB44swmDKoBLB0WVb7IshozmBB0Pv70J6UNJsQk3+92yreuRsBx7imRge3k2LekoZ27Xvp8QTvAKiVwvoYiF54SACyUczlRAeHpzPOaGGT9tCl7F7byUCwWNOtFVuaqvz0qtTJK2bg/0kjeeoaqJDnrIcErLpUOo6+Ytih8QWwcCgvEcQDY/BPlaLi5MPKPyB4vwDCmLurnVeJoI3cIo15XTXQF4R3GfN6rOGSCxPFEh9iqix0HdSZPXrPQcgdPWe6jEFdZFKCVz7Q/AhMTonAsr9bs1p+CfpMv+yM3s5eQ8ph+QodvS+/ZWV6g3VZ70oX2Wz0xHZyFSm6FXrAa/3+JjG7WVVVgHLt8YZPLP9ggfp3Du7K2VbbQpsHcrnaU7I1a2a9/YwWkJaHs7jojGZ09trP2XvnkrcGiKu4VQHYeei8aeaR69QxlFw2HyQQOcEYcIZfjfJGOSKUyc/PIBkB1boKNIPK7M4wn28vuScao4OrNhCEtp1IN6tUgK293rtS2+OA51HiMUxHwjbZYckW+8ru4sSgLlztx/IlcSCF5bq/ND046dtk1FND8EqTmE6wpQ5gspsK9NZXetfXlflJhsWiVqu2Kf3ttij29XLuB5AIgFBrA3Kp81epw7k6wZmHcBinFCHkzl/EC+NblfoZSDyoHs8/fvvPv7SBShZ2D+e2+sqIFdvGuqVa/5sRbVNrbJHKnM4AFZqdT5JGMmgA4//hw356mqCmv7U4snvSskMRS3ZPla16J6mSSwnRdYDBouDwcxscylpYeLmXmm3fmBsac03pHS7PTzg6fww7REUsjkpBE1O78i+KcOUpfRoR/ohKOZxYxju8YNQkmdJsZVJsA3gM9EaFuApbnfe+EW3ocPlgEPsebgV7MIATRIP2UTUs2x805DnH34bA7ZmmdV28ZesZRl7S4K+I3DLf5M8aZPF/JMpd3y0XviGf7QT1V6WMYKYjqr1N6W95ZUFUEVLS7Y7pYaSDQTD/anwZHycOcU3VA0pz2poJUXGVI9ABqk8vtRmFKzlOUt3exc9LVUJ5S8tkOVpox+y559+X6Zp81YJhA7YzSC6wFNelL/yjcVM0JcOdjVBrFceFtboWxTj+fpYV7fA91e/xHL50bRdDQMaa66gD3b3hK4b6Rd94QS2iKvq5wpFqOw0daghbae0NeoXnfN8kZI2rkQQXn5tmDdS+MTOuQsUPcWKXuc2jo7zfjm8Dt45w9mjiryLm2fKAMofn2GFjiroS8o7bnO0wpfoEh1zOLrjjPM83xbhz34jCJrLdKAHOCBc9oKEg24hR8YIFNJqYQXAJs0Pf6MCMTNyBzeyHruvp5SXZCDoDBCrl0/H+JFzGm67jsoV8QzVZBV3SJPG61X2AZ/8nHj1Ot5i85iH5oi1RMfwhv7ZOwuexEtG7ZruTMNJfo7t2oEL2DSoIL/ClvxwWM6WxeCp4wFKHBuBPWagP0SBhAPnlcUF/F37KpQC8qdE/FOntRfN6rpSL0DpBxho6XYQcZ4K/2r9MZa80d+g+j1SFPViSQHNgU4SNdHcIJ/TcTOB5LtZULOA8y3BCwnARgO8IsePA50o7WpxVpdI3x3+tQawK/XmctslKpiQZunXYY4x5wvg2M886gT8HvJHPdZ9tfcfISdAe1WUtIQ74lWZNzJCWZTQ3YLAPYEncVbY3UV4c1+VrRUnj69LMtTjdFjI0wMCVu0zt5P7NoaVE4KdEuGwIPD+0v5oYfeSjIcerpoK3prQEAA8BwY7aN4ZoSmO5tB3cQNhL/5C/FuzHGLZfnl7wwNZdrPYDUKD4F4aOHPSq5i9ks7r8Izx0d726bh9aqs/E7DNnE0wbF4VgMOhYE1/eBHUL52ZBFyrPbckWcW+Wk3XKeN54COAiJRnXn5VINFwWB9O8Ht1IRpiSGw7QFv8GNWvDkp1fhRg/cURX6Nyqe71GwECoxZJhyOfRlzCi4myeKmXDGH1+EXwNqHXZ5InEmpf8YkExRV5bpQx65Uep2HdfG5KEtPiv4Pz3SuBt9m8REHOgBBJePXqCtXy5FRqE+Ep6Xr0n1MpTn5b2sMNoCwbLPxcHLkiRmDiJcpwuUjq+BdKd+RJ2toGPlCkq6zr/B/e1EXb6iFiFGNGfdDhZa4h+DNl+8MeEqkjw0o5KeajySTdHPbXSu0QdtrPREoEU6JENG5oi0HH2Sq9F4L1JlHxVpYSQ9wPlzN5A36iz0B5N1dRjxwz2edVOxm8yjS0AOMx1/KqBWlrSiv1gBzDj+p6e1qxN+QNMv+2Ci/kT11IWbf7NkmVbwTCYLkG+PC5PpzlN3+eV2FscKALw3uwmPNcb40pqC386GUSO+io+2tDsrzq0mD1u7Lo8kGgSm7R0mb5p2Ej/NsL1NBqTNp70JILPXgL9MqxN5B1Dm628GDX4FqPvQD6djkHnFp7BTZKY8VWcqHB/x6KzqWtuphu7jOpueSJCzrJbBK6fwOT+4rOCx3QeJVh6HHK24lY2u71boaLsMCPVatFmBc5+5pR1m8TJhnt416u6BDr5y3qAidUV2ItpLXgXQjxEHZDCMK5/UEca35aWXX8+14VhlkHnCN1Jw5PUe1iBtbgQvYr5TdHWX11k3zCxvOXDPfSHhdAeYIGStZHS9njXrlL0C+VD6GyVPRd5QlyvlLDu92j1EYao75KCJzmFpzuZ6d70ZXLGFVcTxRL2WSWqdVAnnK+mQ1swB0ZYqjuyTIzKvdgLRDoLwEOD3I9S+ze19t+Lbhw/Ja5l9LUmRlyfwkFSwfM7bnytX+4/9E/OqMzNcMoCUDUy8Kgf2zzZMUc57JUewEVLQrkuAFi2OEYrcvw+DP29mX6YuSnVYfKoAX84otRyyQyAk0uDqy7nKueOmaI0PFz9uW60ikVMzQrP8epD1xX4ZNNxOCg30r0l7L9CqqdNl9/iqkZyIzICZJlcz2YyImf6tX/vEVCRYpcIQvbziHjFJfxBGv3d3Psf6Ssxs4dFg6YDQfcbxtp9UOLZoB6bhKkZEAnjhnBh3+Zn/DgA+ItOPD1WY=&u=U2FsdGVkX18BgoyJfz0eQywTgloxruLMJpdhpva2GHrIHJID9GZ8GtNyOiYbgtbO&y=U2FsdGVkX18SVbxWSjqGZqWUCPXxWTtNlB0ZZpk73vXIAFK1kH3yNSmSW5MCFoTj HTTP/1.1" 200 25
191.106.198.59 - - [03/Aug/2022:21:06:05 -0500] "GET /kwssiamovil/sm/acme/a?s=U2FsdGVkX1+owI7DRQEw0iKPoMxogZoJLDztkYf1c4znd8OaNMvZr/alVn41QWqXZ+doepxzkO5o1+JINoP2/1fgJCHQo8W7Mu8Jm7VPGeTOA8I3lGx4A5kI7c3EgL7FOiFh7Yj7Fg7I2u7F3kWXuoeY07JuXOsMFYpCk8oTNQw=&u=U2FsdGVkX18BgoyJfz0eQywTgloxruLMJpdhpva2GHrIHJID9GZ8GtNyOiYbgtbO&y=U2FsdGVkX18SVbxWSjqGZqWUCPXxWTtNlB0ZZpk73vXIAFK1kH3yNSmSW5MCFoTj HTTP/1.1" 200 25
191.106.198.59 - - [03/Aug/2022:21:06:05 -0500] "GET /kwssiamovil/sm/acme/a?s=U2FsdGVkX18yJhiLNbkek3JWwM5miMVhBXl6cJTuu6EXiwEpuxC2rpwbuLiQmeXpW89pjZWIqQrFkHTtWHLgPO+Hy/fAwfUa6gR0kqrelGmoLjuzsvNVaLY14ZnVloJ4pZPMQajTczhbqD/A6DbEEP5/Kga8bNFzltvMk0UzBxw=&u=U2FsdGVkX18BgoyJfz0eQywTgloxruLMJpdhpva2GHrIHJID9GZ8GtNyOiYbgtbO&y=U2FsdGVkX18SVbxWSjqGZqWUCPXxWTtNlB0ZZpk73vXIAFK1kH3yNSmSW5MCFoTj HTTP/1.1" 200 25
191.106.198.59 - - [03/Aug/2022:21:06:06 -0500] "GET /kwssiamovil/sm/acme/a?s=U2FsdGVkX197Vk7bd3V6eIiaJh/EUhfytQryEieTtxZkS87pPqfIq0L1nHbV9+jCB7sbmbTOj25EWwPbN/wNmIp6W7sqT0qY5oTSKrsGHYhWSWESL+Lk8FxaXcjGv4eaPPS/XnTOljXOA6oNHZ8SUZMHAqK+bkcGdbxTPKmWqIg=&u=U2FsdGVkX18BgoyJfz0eQywTgloxruLMJpdhpva2GHrIHJID9GZ8GtNyOiYbgtbO&y=U2FsdGVkX18SVbxWSjqGZqWUCPXxWTtNlB0ZZpk73vXIAFK1kH3yNSmSW5MCFoTj HTTP/1.1" 200 25
191.106.198.59 - - [03/Aug/2022:21:06:06 -0500] "GET /kwssiamovil/sm/acme/a?s=U2FsdGVkX1+D8pasE7Fdx7dI4/pxKaLxx4AemdeIZqwzLrqQDBJc3/iOZvfpwnqoV90Ci36naiucOgE2Xo2+x1K41ptnG5AqW94eZk+MeKR1zQafN/ElcVguKsTQnQfwIfqP+mNWos9sxuhC3KhH/LuxbwanClDR/Dx4bJUkE+dtJKE4yKNZAd1Pbaq/rlH8&u=U2FsdGVkX18BgoyJfz0eQywTgloxruLMJpdhpva2GHrIHJID9GZ8GtNyOiYbgtbO&y=U2FsdGVkX18SVbxWSjqGZqWUCPXxWTtNlB0ZZpk73vXIAFK1kH3yNSmSW5MCFoTj HTTP/1.1" 200 25
191.106.198.59 - - [03/Aug/2022:21:06:06 -0500] "GET /kwssiamovil/sm/acme/a?s=U2FsdGVkX19Tgrx4hN+D5SZCw5aXGurtcFTfomMIXSD7utQSXrDJaB/TXICDfC3FATZfHrDQHSxUz4zlI7OcwsL6cWGwmV2Cwl4UAaPMQbfnFPeCHURXlsfi8CAAnKisxT29fLjuFyXR+7iyLL11XvaIQb2ouDLq/GW0HntWJk8TdlPUzxgJR/jaWqCzx7m3wOPxks2fJjbb2jhnQAPczzjz5w+Y15i27xOJbrvsQisU5H/VIsKN7SmeSxza0LF0PfDHcFrsBNCXQb9qQCNkl4Xz4TvoWwRHUyaUKRswOfGwIw4VeK4Xm7ct2p/Yp+3tl9Vp0kuAcYhOSoOnjuIsaOhLIvPAUshcwIZjvfSzI/aAOh8hSkHvShiIANQv5vtee8w8206ZVf1N2GUA9RXj38X0wzitWUxi4pCAhRalVJ41hCOj1rqVCOFvO/vWqXMdUrkQzSkgR1ppsduo9502Mg==&u=U2FsdGVkX18BgoyJfz0eQywTgloxruLMJpdhpva2GHrIHJID9GZ8GtNyOiYbgtbO&y=U2FsdGVkX18SVbxWSjqGZqWUCPXxWTtNlB0ZZpk73vXIAFK1kH3yNSmSW5MCFoTj HTTP/1.1" 200 25
191.106.198.59 - - [03/Aug/2022:21:06:07 -0500] "GET /kwssiamovil/sm/acme/a?s=U2FsdGVkX1+PY8uCY7fX3qm5Oo3L1IH1PPUVVRT7h0gNsev8HX2kgqqhoIQB621CcmTCjzR4tqPbRAvelD2VgbyxdY+O6KSJ+ZlilWgm3UpqjHkVa/YOC06gGn3CNZabOdCDqyd6muPC0BU8cjtMGJ6NO7hzeizk86RV7JBwo3PtITv3yKdF0U6sNWrWSwzc+Db76WbYy08bbNnpnK5Z9bY9gJvWYd3t+rxV1ExIcoc79Q3DX3vzo19cJFjDw97y/E9MDCLNJ5f5DndRDS1+CC215jTgi46gZgKI8PUstllsTwoQFJamtjnrASbqlPFGA8nISFApItDUUNolxyvQ8oXPWe4wz4whESNBYV9ghXco+xdrXLEZp9XJ0Wt+xkoz7uLH003t+TJTX25CTgiTiebYUBgRpMBsD5OmClI9plZmlX6KHR9jVA2Z3FiskcWb&u=U2FsdGVkX18BgoyJfz0eQywTgloxruLMJpdhpva2GHrIHJID9GZ8GtNyOiYbgtbO&y=U2FsdGVkX18SVbxWSjqGZqWUCPXxWTtNlB0ZZpk73vXIAFK1kH3yNSmSW5MCFoTj HTTP/1.1" 200 25
