86.120.171.222 - - [06/Aug/2022:02:12:33 -0500] "GET / HTTP/1.1" 200 319
172.22.2.4 - - [06/Aug/2022:02:12:11 -0500] "HEAD /BLA/boletinlegal/ HTTP/1.1" 200 -
172.22.2.4 - - [06/Aug/2022:02:13:01 -0500] "GET /BLA/boletinlegal/ HTTP/1.1" 200 60865
216.245.221.92 - - [06/Aug/2022:02:14:47 -0500] "HEAD / HTTP/1.1" 200 -
66.249.73.127 - - [06/Aug/2022:02:15:06 -0500] "-" 408 -
201.245.192.253 - - [06/Aug/2022:02:15:53 -0500] "POST /kwsrmcab/Wsrmcab  HTTP/1.1" 200 44251
167.94.138.63 - - [06/Aug/2022:02:18:10 -0500] "GET / HTTP/1.1" 200 319
167.94.138.63 - - [06/Aug/2022:02:18:10 -0500] "GET / HTTP/1.1" 200 319
167.94.138.63 - - [06/Aug/2022:02:18:11 -0500] "PRI * HTTP/2.0" 400 946
172.22.2.4 - - [06/Aug/2022:02:18:01 -0500] "HEAD /BLA/boletinlegal/ HTTP/1.1" 200 -
216.245.221.92 - - [06/Aug/2022:02:19:47 -0500] "HEAD / HTTP/1.1" 200 -
201.245.192.253 - - [06/Aug/2022:02:20:06 -0500] "POST /kwsrmcab/Wsrmcab HTTP/1.1" 200 46487
201.245.192.253 - - [06/Aug/2022:02:20:10 -0500] "POST /kwsrmcab/Wsrmcab HTTP/1.1" 200 47219
172.22.2.4 - - [06/Aug/2022:02:18:51 -0500] "GET /BLA/boletinlegal/ HTTP/1.1" 200 60272
201.245.192.253 - - [06/Aug/2022:02:20:51 -0500] "POST /kwsrmcab/Wsrmcab  HTTP/1.1" 200 44251
66.249.73.103 - - [06/Aug/2022:02:22:08 -0500] "-" 408 -
216.245.221.92 - - [06/Aug/2022:02:24:47 -0500] "HEAD / HTTP/1.1" 200 -
172.22.2.4 - - [06/Aug/2022:02:23:51 -0500] "HEAD /BLA/boletinlegal/ HTTP/1.1" 200 -
201.245.192.253 - - [06/Aug/2022:02:25:50 -0500] "POST /kwsrmcab/Wsrmcab  HTTP/1.1" 200 44251
172.22.2.4 - - [06/Aug/2022:02:24:41 -0500] "GET /BLA/boletinlegal/ HTTP/1.1" 200 54347
66.249.73.127 - - [06/Aug/2022:02:27:46 -0500] "-" 408 -
216.245.221.92 - - [06/Aug/2022:02:29:47 -0500] "HEAD / HTTP/1.1" 200 -
201.245.192.253 - - [06/Aug/2022:02:30:06 -0500] "POST /kwsrmcab/Wsrmcab HTTP/1.1" 200 46487
201.245.192.253 - - [06/Aug/2022:02:30:10 -0500] "POST /kwsrmcab/Wsrmcab HTTP/1.1" 200 47219
201.245.192.253 - - [06/Aug/2022:02:30:49 -0500] "POST /kwsrmcab/Wsrmcab  HTTP/1.1" 200 44251
172.22.2.4 - - [06/Aug/2022:02:29:41 -0500] "HEAD /BLA/boletinlegal/ HTTP/1.1" 200 -
172.22.2.4 - - [06/Aug/2022:02:30:31 -0500] "GET /BLA/boletinlegal/ HTTP/1.1" 200 54347
173.252.111.21 - - [06/Aug/2022:02:32:20 -0500] "GET /images/mujeres-cultura-31.jpg HTTP/1.1" 200 33736
185.119.81.99 - - [06/Aug/2022:02:34:26 -0500] "GET /portaldeninos/wp-login.php HTTP/1.1" 200 2592
185.119.81.99 - - [06/Aug/2022:02:34:27 -0500] "POST /portaldeninos/wp-login.php HTTP/1.1" 200 3650
216.245.221.92 - - [06/Aug/2022:02:34:47 -0500] "HEAD / HTTP/1.1" 200 -
201.245.192.253 - - [06/Aug/2022:02:35:48 -0500] "POST /kwsrmcab/Wsrmcab  HTTP/1.1" 200 44251
172.22.2.4 - - [06/Aug/2022:02:35:31 -0500] "HEAD /BLA/boletinlegal/ HTTP/1.1" 200 -
172.22.2.4 - - [06/Aug/2022:02:36:21 -0500] "GET /BLA/boletinlegal/ HTTP/1.1" 200 58154
160.119.210.30 - - [06/Aug/2022:02:38:05 -0500] "GET / HTTP/1.1" 200 319
157.55.39.84 - - [06/Aug/2022:02:38:50 -0500] "GET /BLA/resoluciones/AUTOS%202022/2073.pdf HTTP/1.1" 200 3939358
172.22.2.4 - - [06/Aug/2022:02:38:22 -0500] "GET /BLA/boletinlegal/ HTTP/1.1" 200 32715
172.22.2.4 - - [06/Aug/2022:02:38:27 -0500] "GET /BLA/boletinlegal/ HTTP/1.1" 200 32715
216.245.221.92 - - [06/Aug/2022:02:39:47 -0500] "HEAD / HTTP/1.1" 200 -
172.22.2.4 - - [06/Aug/2022:02:39:23 -0500] "GET /BLA/boletinlegal/ HTTP/1.1" 200 32715
74.82.47.34 - - [06/Aug/2022:02:40:08 -0500] "GET /favicon.ico HTTP/1.1" 200 7782
201.245.192.253 - - [06/Aug/2022:02:40:06 -0500] "POST /kwsrmcab/Wsrmcab HTTP/1.1" 200 46487
201.245.192.253 - - [06/Aug/2022:02:40:10 -0500] "POST /kwsrmcab/Wsrmcab HTTP/1.1" 200 47219
201.245.192.253 - - [06/Aug/2022:02:40:47 -0500] "POST /kwsrmcab/Wsrmcab  HTTP/1.1" 200 44251
66.249.73.103 - - [06/Aug/2022:02:41:46 -0500] "-" 408 -
185.7.214.104 - - [06/Aug/2022:02:42:28 -0500] "GET /vendor/phpunit/phpunit/src/Util/PHP/eval-stdin.php HTTP/1.1" 404 1018
172.22.2.4 - - [06/Aug/2022:02:41:21 -0500] "HEAD /BLA/boletinlegal/ HTTP/1.1" 200 -
172.22.2.4 - - [06/Aug/2022:02:42:11 -0500] "GET /BLA/boletinlegal/ HTTP/1.1" 200 58946
5.161.140.142 - - [06/Aug/2022:02:44:11 -0500] "GET /BLA/resoluciones/RESOLUCIONES%202018/3514.pdf HTTP/1.1" 200 365963
200.118.16.98 - - [06/Aug/2022:02:44:41 -0500] "GET /BLA/resoluciones/RESOLUCIONES%202018/3514.pdf HTTP/1.1" 200 365963
216.245.221.92 - - [06/Aug/2022:02:44:47 -0500] "HEAD / HTTP/1.1" 200 -
200.118.16.98 - - [06/Aug/2022:02:44:50 -0500] "GET /BLA/resoluciones/RESOLUCIONES%202018/3514.pdf HTTP/1.1" 206 1
200.118.16.98 - - [06/Aug/2022:02:44:50 -0500] "GET /BLA/resoluciones/RESOLUCIONES%202018/3514.pdf HTTP/1.1" 206 302523
201.245.192.253 - - [06/Aug/2022:02:45:45 -0500] "POST /kwsrmcab/Wsrmcab  HTTP/1.1" 200 44251
172.22.2.4 - - [06/Aug/2022:02:44:43 -0500] "GET /BLA/boletinlegal/ HTTP/1.1" 200 63693
172.22.2.4 - - [06/Aug/2022:02:46:33 -0500] "GET /BLA/boletinlegal/js/jquery.scrollTo-min.js HTTP/1.1" 200 1150
66.249.73.127 - - [06/Aug/2022:02:47:35 -0500] "-" 408 -
172.22.2.4 - - [06/Aug/2022:02:48:01 -0500] "GET /BLA/boletinlegal/Directivas/2011/Directiva%20No.%206%20del%208%20de%20Septiembre%20de%202011.pdf HTTP/1.1" 304 -
172.22.2.4 - - [06/Aug/2022:02:47:11 -0500] "HEAD /BLA/boletinlegal/ HTTP/1.1" 200 -
66.220.149.16 - - [06/Aug/2022:02:49:11 -0500] "GET /images/pieza-grafica-semana-ambiental-30.jpg HTTP/1.1" 200 38850
157.55.39.98 - - [06/Aug/2022:02:49:37 -0500] "GET /BLA/resoluciones/RESOLUCIONES%202018/1466.pdf HTTP/1.1" 200 339441
172.22.2.4 - - [06/Aug/2022:02:48:01 -0500] "GET /BLA/boletinlegal/ HTTP/1.1" 200 59310
216.245.221.92 - - [06/Aug/2022:02:49:47 -0500] "HEAD / HTTP/1.1" 200 -
201.245.192.253 - - [06/Aug/2022:02:50:44 -0500] "POST /kwsrmcab/Wsrmcab  HTTP/1.1" 200 44251
66.249.73.127 - - [06/Aug/2022:02:53:38 -0500] "-" 408 -
172.22.2.4 - - [06/Aug/2022:02:53:01 -0500] "HEAD /BLA/boletinlegal/ HTTP/1.1" 200 -
216.245.221.92 - - [06/Aug/2022:02:54:47 -0500] "HEAD / HTTP/1.1" 200 -
172.22.2.4 - - [06/Aug/2022:02:53:51 -0500] "GET /BLA/boletinlegal/ HTTP/1.1" 200 60272
201.245.192.253 - - [06/Aug/2022:02:55:44 -0500] "POST /kwsrmcab/Wsrmcab  HTTP/1.1" 200 28373
201.245.192.253 - - [06/Aug/2022:02:56:53 -0500] "POST /kwsrmcab/Wsrmcab  HTTP/1.1" 200 44251
201.245.192.253 - - [06/Aug/2022:02:57:55 -0500] "POST /kwsrmcab/Wsrmcab  HTTP/1.1" 200 44251
93.158.161.49 - - [06/Aug/2022:02:58:12 -0500] "-" 408 -
216.245.221.92 - - [06/Aug/2022:02:59:47 -0500] "HEAD / HTTP/1.1" 200 -
207.46.13.14 - - [06/Aug/2022:02:59:50 -0500] "GET /images/caminata-comunidad-barrios-unidos-28-mayo.jpg HTTP/1.1" 200 85930
172.22.2.4 - - [06/Aug/2022:02:58:51 -0500] "HEAD /BLA/boletinlegal/ HTTP/1.1" 200 -
172.22.2.4 - - [06/Aug/2022:02:59:41 -0500] "GET /BLA/boletinlegal/ HTTP/1.1" 200 58154
201.245.192.253 - - [06/Aug/2022:03:02:54 -0500] "POST /kwsrmcab/Wsrmcab  HTTP/1.1" 200 44251
172.22.2.4 - - [06/Aug/2022:03:02:26 -0500] "GET /BLA/boletinlegal/ HTTP/1.1" 200 24523
172.22.2.4 - - [06/Aug/2022:03:02:41 -0500] "GET /BLA/boletinlegal/ HTTP/1.1" 200 32715
216.245.221.92 - - [06/Aug/2022:03:04:47 -0500] "HEAD / HTTP/1.1" 200 -
66.249.73.88 - - [06/Aug/2022:03:04:58 -0500] "-" 408 -
172.22.2.4 - - [06/Aug/2022:03:04:41 -0500] "HEAD /BLA/boletinlegal/ HTTP/1.1" 200 -
172.22.2.4 - - [06/Aug/2022:03:05:31 -0500] "GET /BLA/boletinlegal/ HTTP/1.1" 200 57716
201.245.192.253 - - [06/Aug/2022:03:07:53 -0500] "POST /kwsrmcab/Wsrmcab  HTTP/1.1" 200 44251
77.88.5.160 - - [06/Aug/2022:03:08:42 -0500] "-" 408 -
216.245.221.92 - - [06/Aug/2022:03:09:47 -0500] "HEAD / HTTP/1.1" 200 -
172.22.2.4 - - [06/Aug/2022:03:10:31 -0500] "HEAD /BLA/boletinlegal/ HTTP/1.1" 200 -
201.245.192.253 - - [06/Aug/2022:03:12:51 -0500] "POST /kwsrmcab/Wsrmcab  HTTP/1.1" 200 44251
172.22.2.4 - - [06/Aug/2022:03:11:21 -0500] "GET /BLA/boletinlegal/ HTTP/1.1" 200 58566
185.119.81.99 - - [06/Aug/2022:03:13:33 -0500] "GET /portaldeninos/wp-login.php HTTP/1.1" 200 2592
185.119.81.99 - - [06/Aug/2022:03:13:34 -0500] "POST /portaldeninos/wp-login.php HTTP/1.1" 200 3605
64.124.8.45 - - [06/Aug/2022:03:14:11 -0500] "GET /portaldeninos/wp-content/uploads/2016/02/home_toy_studio1-80x80.jpg HTTP/1.1" 304 -
216.245.221.92 - - [06/Aug/2022:03:14:47 -0500] "HEAD / HTTP/1.1" 200 -
64.124.8.45 - - [06/Aug/2022:03:14:50 -0500] "GET /portaldeninos/wp-content/uploads/2016/02/home_toy_pic5-960x675.jpg HTTP/1.1" 304 -
201.245.192.253 - - [06/Aug/2022:03:17:50 -0500] "POST /kwsrmcab/Wsrmcab  HTTP/1.1" 200 44251
172.22.2.4 - - [06/Aug/2022:03:16:21 -0500] "HEAD /BLA/boletinlegal/ HTTP/1.1" 200 -
172.22.2.4 - - [06/Aug/2022:03:17:11 -0500] "GET /BLA/boletinlegal/ HTTP/1.1" 200 54814
35.204.222.92 - - [06/Aug/2022:03:19:09 -0500] "GET / HTTP/1.1" 200 319
64.124.8.45 - - [06/Aug/2022:03:19:14 -0500] "GET /portaldeninos/wp-content/uploads/2021/11/pieza-dia-medioambiente-bogota-5-junio-960x720.jpg HTTP/1.1" 304 -
64.124.8.49 - - [06/Aug/2022:03:19:32 -0500] "-" 408 -
64.124.8.49 - - [06/Aug/2022:03:19:40 -0500] "-" 408 -
216.245.221.92 - - [06/Aug/2022:03:19:47 -0500] "HEAD / HTTP/1.1" 200 -
201.245.192.253 - - [06/Aug/2022:03:20:06 -0500] "POST /kwsrmcab/Wsrmcab HTTP/1.1" 200 46017
201.245.192.253 - - [06/Aug/2022:03:20:10 -0500] "POST /kwsrmcab/Wsrmcab HTTP/1.1" 200 47365
64.124.8.49 - - [06/Aug/2022:03:20:53 -0500] "-" 408 -
64.124.8.49 - - [06/Aug/2022:03:21:29 -0500] "-" 408 -
201.245.192.253 - - [06/Aug/2022:03:22:49 -0500] "POST /kwsrmcab/Wsrmcab  HTTP/1.1" 200 44251
172.22.2.4 - - [06/Aug/2022:03:22:11 -0500] "HEAD /BLA/boletinlegal/ HTTP/1.1" 200 -
172.22.2.4 - - [06/Aug/2022:03:23:01 -0500] "GET /BLA/boletinlegal/ HTTP/1.1" 200 58154
216.245.221.92 - - [06/Aug/2022:03:24:47 -0500] "HEAD / HTTP/1.1" 200 -
172.22.2.4 - - [06/Aug/2022:03:26:52 -0500] "GET /BLA/boletinlegal/robots.txt HTTP/1.1" 404 1038
201.245.192.253 - - [06/Aug/2022:03:27:48 -0500] "POST /kwsrmcab/Wsrmcab  HTTP/1.1" 200 44251
172.22.2.4 - - [06/Aug/2022:03:26:23 -0500] "GET /BLA/boletinlegal/index.php HTTP/1.1" 200 62763
185.119.81.102 - - [06/Aug/2022:03:28:03 -0500] "GET /portaldeninos/wp-login.php HTTP/1.1" 200 2592
185.119.81.102 - - [06/Aug/2022:03:28:04 -0500] "POST /portaldeninos/wp-login.php HTTP/1.1" 200 3605
172.22.2.4 - - [06/Aug/2022:03:28:01 -0500] "HEAD /BLA/boletinlegal/ HTTP/1.1" 200 -
216.245.221.92 - - [06/Aug/2022:03:29:47 -0500] "HEAD / HTTP/1.1" 200 -
201.245.192.253 - - [06/Aug/2022:03:30:06 -0500] "POST /kwsrmcab/Wsrmcab HTTP/1.1" 200 46017
201.245.192.253 - - [06/Aug/2022:03:30:10 -0500] "POST /kwsrmcab/Wsrmcab HTTP/1.1" 200 47365
207.46.13.188 - - [06/Aug/2022:03:30:18 -0500] "GET /autoliquidacion2020 HTTP/1.1" 301 250
207.46.13.188 - - [06/Aug/2022:03:30:28 -0500] "GET /autoliquidacion2020/ HTTP/1.1" 200 6146
172.22.2.4 - - [06/Aug/2022:03:28:51 -0500] "GET /BLA/boletinlegal/ HTTP/1.1" 200 60272
201.245.192.253 - - [06/Aug/2022:03:32:47 -0500] "POST /kwsrmcab/Wsrmcab  HTTP/1.1" 200 44251
40.77.167.65 - - [06/Aug/2022:03:33:03 -0500] "GET /BLA/resoluciones/RESOLUCIONES%202021/2043.pdf HTTP/1.1" 304 -
64.124.8.34 - - [06/Aug/2022:03:34:27 -0500] "GET /catalogoisis/imagenes/br1c3.gif HTTP/1.1" 304 -
216.245.221.92 - - [06/Aug/2022:03:34:47 -0500] "HEAD / HTTP/1.1" 200 -
172.22.2.4 - - [06/Aug/2022:03:33:51 -0500] "HEAD /BLA/boletinlegal/ HTTP/1.1" 200 -
172.22.2.4 - - [06/Aug/2022:03:34:41 -0500] "GET /BLA/boletinlegal/ HTTP/1.1" 200 60272
64.124.8.45 - - [06/Aug/2022:03:36:47 -0500] "GET /portaldeninos/wp-content/uploads/2021/11/pieza-dia-medioambiente-bogota-5-junio-1024x576.jpg HTTP/1.1" 304 -
201.245.192.253 - - [06/Aug/2022:03:37:45 -0500] "POST /kwsrmcab/Wsrmcab  HTTP/1.1" 200 44251
216.245.221.92 - - [06/Aug/2022:03:39:47 -0500] "HEAD / HTTP/1.1" 200 -
201.245.192.253 - - [06/Aug/2022:03:40:06 -0500] "POST /kwsrmcab/Wsrmcab HTTP/1.1" 200 46017
201.245.192.253 - - [06/Aug/2022:03:40:10 -0500] "POST /kwsrmcab/Wsrmcab HTTP/1.1" 200 47365
172.22.2.4 - - [06/Aug/2022:03:39:41 -0500] "HEAD /BLA/boletinlegal/ HTTP/1.1" 200 -
172.22.2.4 - - [06/Aug/2022:03:40:31 -0500] "GET /BLA/boletinlegal/ HTTP/1.1" 200 60272
201.245.192.253 - - [06/Aug/2022:03:42:45 -0500] "POST /kwsrmcab/Wsrmcab  HTTP/1.1" 200 44251
185.7.214.104 - - [06/Aug/2022:03:43:32 -0500] "GET /solr/admin/info/system?wt=json HTTP/1.1" 404 1018
216.245.221.92 - - [06/Aug/2022:03:44:47 -0500] "HEAD / HTTP/1.1" 200 -
40.77.167.65 - - [06/Aug/2022:03:45:52 -0500] "GET /sipse/faces/presentacion/sistema/anexos/cargarAnexoSolicitudProceso.xhtml HTTP/1.1" 302 -
40.77.167.65 - - [06/Aug/2022:03:46:02 -0500] "GET /sipse/faces/autenticacion.xhtml HTTP/1.1" 200 12171
40.77.190.11 - - [06/Aug/2022:03:46:10 -0500] "GET /dlf/styles.css HTTP/1.1" 404 1018
77.88.5.43 - - [06/Aug/2022:03:47:07 -0500] "-" 408 -
172.22.2.4 - - [06/Aug/2022:03:45:31 -0500] "HEAD /BLA/boletinlegal/ HTTP/1.1" 200 -
77.88.5.235 - - [06/Aug/2022:03:47:12 -0500] "-" 408 -
93.158.161.2 - - [06/Aug/2022:03:47:18 -0500] "-" 408 -
77.88.5.230 - - [06/Aug/2022:03:47:23 -0500] "-" 408 -
77.88.5.241 - - [06/Aug/2022:03:47:38 -0500] "-" 408 -
201.245.192.253 - - [06/Aug/2022:03:47:44 -0500] "POST /kwsrmcab/Wsrmcab  HTTP/1.1" 200 44251
77.88.5.86 - - [06/Aug/2022:03:47:53 -0500] "-" 408 -
185.119.81.105 - - [06/Aug/2022:03:47:58 -0500] "GET /portaldeninos/wp-login.php HTTP/1.1" 200 2592
185.119.81.105 - - [06/Aug/2022:03:47:59 -0500] "POST /portaldeninos/wp-login.php HTTP/1.1" 200 3650
172.22.2.4 - - [06/Aug/2022:03:46:21 -0500] "GET /BLA/boletinlegal/ HTTP/1.1" 200 60272
93.158.161.40 - - [06/Aug/2022:03:48:24 -0500] "-" 408 -
185.7.214.104 - - [06/Aug/2022:03:48:49 -0500] "-" 408 -
93.158.161.6 - - [06/Aug/2022:03:49:25 -0500] "-" 408 -
216.245.221.92 - - [06/Aug/2022:03:49:47 -0500] "HEAD / HTTP/1.1" 200 -
185.119.81.99 - - [06/Aug/2022:03:51:11 -0500] "GET /portaldeninos/wp-login.php HTTP/1.1" 200 2592
185.119.81.99 - - [06/Aug/2022:03:51:12 -0500] "POST /portaldeninos/wp-login.php HTTP/1.1" 200 3605
185.119.81.102 - - [06/Aug/2022:03:52:40 -0500] "GET /portaldeninos/wp-login.php HTTP/1.1" 200 2592
185.119.81.102 - - [06/Aug/2022:03:52:41 -0500] "POST /portaldeninos/wp-login.php HTTP/1.1" 200 3670
201.245.192.253 - - [06/Aug/2022:03:52:42 -0500] "POST /kwsrmcab/Wsrmcab  HTTP/1.1" 200 44251
172.22.2.4 - - [06/Aug/2022:03:51:21 -0500] "HEAD /BLA/boletinlegal/ HTTP/1.1" 200 -
172.22.2.4 - - [06/Aug/2022:03:52:11 -0500] "GET /BLA/boletinlegal/ HTTP/1.1" 200 60272
216.245.221.92 - - [06/Aug/2022:03:54:47 -0500] "HEAD / HTTP/1.1" 200 -
201.245.192.253 - - [06/Aug/2022:03:57:42 -0500] "POST /kwsrmcab/Wsrmcab  HTTP/1.1" 200 44251
172.22.2.4 - - [06/Aug/2022:03:57:11 -0500] "HEAD /BLA/boletinlegal/ HTTP/1.1" 200 -
172.22.2.4 - - [06/Aug/2022:03:58:01 -0500] "GET /BLA/boletinlegal/ HTTP/1.1" 200 58154
216.245.221.92 - - [06/Aug/2022:03:59:47 -0500] "HEAD / HTTP/1.1" 200 -
172.22.2.4 - - [06/Aug/2022:04:00:33 -0500] "GET /BLA/boletinlegal/remote/login HTTP/1.1" 404 1018
201.245.192.253 - - [06/Aug/2022:04:02:42 -0500] "POST /kwsrmcab/Wsrmcab  HTTP/1.1" 200 44251
185.196.220.70 - - [06/Aug/2022:04:04:30 -0500] "GET / HTTP/1.1" 200 319
172.22.2.4 - - [06/Aug/2022:04:03:01 -0500] "HEAD /BLA/boletinlegal/ HTTP/1.1" 200 -
216.245.221.92 - - [06/Aug/2022:04:04:47 -0500] "HEAD / HTTP/1.1" 200 -
172.22.2.4 - - [06/Aug/2022:04:03:51 -0500] "GET /BLA/boletinlegal/ HTTP/1.1" 200 60865
66.249.73.97 - - [06/Aug/2022:04:06:04 -0500] "-" 408 -
77.88.5.81 - - [06/Aug/2022:04:06:28 -0500] "-" 408 -
201.245.192.253 - - [06/Aug/2022:04:07:40 -0500] "POST /kwsrmcab/Wsrmcab  HTTP/1.1" 200 44251
77.88.5.214 - - [06/Aug/2022:04:08:28 -0500] "-" 408 -
216.245.221.92 - - [06/Aug/2022:04:09:47 -0500] "HEAD / HTTP/1.1" 200 -
172.22.2.4 - - [06/Aug/2022:04:08:51 -0500] "HEAD /BLA/boletinlegal/ HTTP/1.1" 200 -
172.22.2.4 - - [06/Aug/2022:04:09:41 -0500] "GET /BLA/boletinlegal/ HTTP/1.1" 200 53631
185.119.81.105 - - [06/Aug/2022:04:11:27 -0500] "GET /portaldeninos/wp-login.php HTTP/1.1" 200 2592
185.119.81.105 - - [06/Aug/2022:04:11:28 -0500] "POST /portaldeninos/wp-login.php HTTP/1.1" 200 3605
207.46.13.188 - - [06/Aug/2022:04:12:13 -0500] "GET /BLA/resoluciones/RESOLUCIONES%202019/1402.pdf HTTP/1.1" 304 -
201.245.192.253 - - [06/Aug/2022:04:12:39 -0500] "POST /kwsrmcab/Wsrmcab  HTTP/1.1" 200 44251
216.245.221.92 - - [06/Aug/2022:04:14:47 -0500] "HEAD / HTTP/1.1" 200 -
172.22.2.4 - - [06/Aug/2022:04:14:41 -0500] "HEAD /BLA/boletinlegal/ HTTP/1.1" 200 -
172.22.2.4 - - [06/Aug/2022:04:15:31 -0500] "GET /BLA/boletinlegal/ HTTP/1.1" 200 60272
77.88.5.208 - - [06/Aug/2022:04:17:21 -0500] "-" 408 -
201.245.192.253 - - [06/Aug/2022:04:17:38 -0500] "POST /kwsrmcab/Wsrmcab  HTTP/1.1" 200 44251
216.245.221.92 - - [06/Aug/2022:04:19:47 -0500] "HEAD / HTTP/1.1" 200 -
201.245.192.253 - - [06/Aug/2022:04:20:05 -0500] "POST /kwsrmcab/Wsrmcab HTTP/1.1" 200 46154
201.245.192.253 - - [06/Aug/2022:04:20:09 -0500] "POST /kwsrmcab/Wsrmcab HTTP/1.1" 200 47219
66.249.73.103 - - [06/Aug/2022:04:21:44 -0500] "-" 408 -
172.22.2.4 - - [06/Aug/2022:04:20:31 -0500] "HEAD /BLA/boletinlegal/ HTTP/1.1" 200 -
157.55.39.13 - - [06/Aug/2022:04:22:39 -0500] "GET /BLA/boletinlegal/jurisprudencia/analisis/CUADRO%20ANALISIS%20SENTENCIA%20T-411%20DE%201992.doc HTTP/1.1" 304 -
201.245.192.253 - - [06/Aug/2022:04:22:37 -0500] "POST /kwsrmcab/Wsrmcab  HTTP/1.1" 200 44251
172.22.2.4 - - [06/Aug/2022:04:21:21 -0500] "GET /BLA/boletinlegal/ HTTP/1.1" 200 58566
216.245.221.92 - - [06/Aug/2022:04:24:47 -0500] "HEAD / HTTP/1.1" 200 -
77.88.5.219 - - [06/Aug/2022:04:24:53 -0500] "-" 408 -
201.245.192.253 - - [06/Aug/2022:04:27:36 -0500] "POST /kwsrmcab/Wsrmcab  HTTP/1.1" 200 44251
172.22.2.4 - - [06/Aug/2022:04:26:21 -0500] "HEAD /BLA/boletinlegal/ HTTP/1.1" 200 -
172.22.2.4 - - [06/Aug/2022:04:27:11 -0500] "GET /BLA/boletinlegal/ HTTP/1.1" 200 58154
216.245.221.92 - - [06/Aug/2022:04:29:47 -0500] "HEAD / HTTP/1.1" 200 -
201.245.192.253 - - [06/Aug/2022:04:30:05 -0500] "POST /kwsrmcab/Wsrmcab HTTP/1.1" 200 46154
201.245.192.253 - - [06/Aug/2022:04:30:09 -0500] "POST /kwsrmcab/Wsrmcab HTTP/1.1" 200 47219
201.245.192.253 - - [06/Aug/2022:04:32:35 -0500] "POST /kwsrmcab/Wsrmcab  HTTP/1.1" 200 44251
77.88.5.160 - - [06/Aug/2022:04:32:53 -0500] "-" 408 -
66.249.73.86 - - [06/Aug/2022:04:33:12 -0500] "-" 408 -
172.22.2.4 - - [06/Aug/2022:04:32:11 -0500] "HEAD /BLA/boletinlegal/ HTTP/1.1" 200 -
172.22.2.4 - - [06/Aug/2022:04:33:01 -0500] "GET /BLA/boletinlegal/ HTTP/1.1" 200 53994
216.245.221.92 - - [06/Aug/2022:04:34:47 -0500] "HEAD / HTTP/1.1" 200 -
201.245.192.253 - - [06/Aug/2022:04:37:34 -0500] "POST /kwsrmcab/Wsrmcab  HTTP/1.1" 200 44251
172.22.2.4 - - [06/Aug/2022:04:38:01 -0500] "HEAD /BLA/boletinlegal/ HTTP/1.1" 200 -
216.245.221.92 - - [06/Aug/2022:04:39:47 -0500] "HEAD / HTTP/1.1" 200 -
201.245.192.253 - - [06/Aug/2022:04:40:05 -0500] "POST /kwsrmcab/Wsrmcab HTTP/1.1" 200 46154
201.245.192.253 - - [06/Aug/2022:04:40:09 -0500] "POST /kwsrmcab/Wsrmcab HTTP/1.1" 200 47219
172.22.2.4 - - [06/Aug/2022:04:40:25 -0500] "GET /BLA/boletinlegal/favicon.ico HTTP/1.1" 404 1018
172.22.2.4 - - [06/Aug/2022:04:38:51 -0500] "GET /BLA/boletinlegal/ HTTP/1.1" 200 56367
172.22.2.4 - - [06/Aug/2022:04:39:55 -0500] "GET /BLA/boletinlegal/ HTTP/1.1" 200 36811
201.245.192.253 - - [06/Aug/2022:04:42:33 -0500] "POST /kwsrmcab/Wsrmcab  HTTP/1.1" 200 44251
77.88.5.244 - - [06/Aug/2022:04:43:36 -0500] "-" 408 -
185.119.81.105 - - [06/Aug/2022:04:44:11 -0500] "GET /portaldeninos/wp-login.php HTTP/1.1" 200 2592
185.119.81.105 - - [06/Aug/2022:04:44:12 -0500] "POST /portaldeninos/wp-login.php HTTP/1.1" 200 3650
216.245.221.92 - - [06/Aug/2022:04:44:47 -0500] "HEAD / HTTP/1.1" 200 -
172.22.2.4 - - [06/Aug/2022:04:43:51 -0500] "HEAD /BLA/boletinlegal/ HTTP/1.1" 200 -
172.22.2.4 - - [06/Aug/2022:04:44:41 -0500] "GET /BLA/boletinlegal/ HTTP/1.1" 200 59819
201.245.192.253 - - [06/Aug/2022:04:47:32 -0500] "POST /kwsrmcab/Wsrmcab  HTTP/1.1" 200 44251
216.245.221.92 - - [06/Aug/2022:04:49:47 -0500] "HEAD / HTTP/1.1" 200 -
185.119.81.105 - - [06/Aug/2022:04:50:07 -0500] "GET /portaldeninos/wp-login.php HTTP/1.1" 200 2592
185.119.81.105 - - [06/Aug/2022:04:50:08 -0500] "POST /portaldeninos/wp-login.php HTTP/1.1" 200 3605
172.22.2.4 - - [06/Aug/2022:04:49:41 -0500] "HEAD /BLA/boletinlegal/ HTTP/1.1" 200 -
172.22.2.4 - - [06/Aug/2022:04:50:31 -0500] "GET /BLA/boletinlegal/ HTTP/1.1" 200 58154
40.77.167.69 - - [06/Aug/2022:04:52:22 -0500] "GET /BLA/boletinlegal/Circulares/2015/Circular%20No.%202%20del%201%20de%20julio%20de%202015.pdf HTTP/1.1" 304 -
201.245.192.253 - - [06/Aug/2022:04:52:30 -0500] "POST /kwsrmcab/Wsrmcab  HTTP/1.1" 200 44251
93.158.161.36 - - [06/Aug/2022:04:53:48 -0500] "-" 408 -
64.124.8.45 - - [06/Aug/2022:04:54:02 -0500] "-" 408 -
64.124.8.45 - - [06/Aug/2022:04:54:40 -0500] "-" 408 -
216.245.221.92 - - [06/Aug/2022:04:54:47 -0500] "HEAD / HTTP/1.1" 200 -
64.124.8.42 - - [06/Aug/2022:04:55:05 -0500] "GET /siipev/Diseno%20de%20Elementos%20de%20Mobiliario%20Urbano/Otros%20Elementos/Infografia/Parte2/M-100.png HTTP/1.1" 304 -
64.124.8.42 - - [06/Aug/2022:04:55:28 -0500] "GET /siipev/Diseno%20de%20Elementos%20de%20Mobiliario%20Urbano/Otros%20Elementos/Infografia/Parte2/M-143.png HTTP/1.1" 304 -
64.124.8.42 - - [06/Aug/2022:04:56:05 -0500] "GET /siipev/Diseno%20de%20Elementos%20de%20Mobiliario%20Urbano/Otros%20Elementos/Infografia/Parte2/M-61.png HTTP/1.1" 304 -
157.55.39.98 - - [06/Aug/2022:04:56:48 -0500] "GET /BLA/resoluciones/RESOLUCIONES%202018/1466.pdf HTTP/1.1" 200 339441
64.124.8.42 - - [06/Aug/2022:04:56:58 -0500] "GET /siipev/Diseno%20de%20Elementos%20de%20Mobiliario%20Urbano/Otros%20Elementos/Infografia/Parte2/M-147.png HTTP/1.1" 304 -
172.22.2.4 - - [06/Aug/2022:04:55:31 -0500] "HEAD /BLA/boletinlegal/ HTTP/1.1" 200 -
201.245.192.253 - - [06/Aug/2022:04:57:30 -0500] "POST /kwsrmcab/Wsrmcab  HTTP/1.1" 200 44251
172.22.2.4 - - [06/Aug/2022:04:56:21 -0500] "GET /BLA/boletinlegal/ HTTP/1.1" 200 59310
64.124.8.45 - - [06/Aug/2022:04:59:04 -0500] "-" 408 -
216.245.221.92 - - [06/Aug/2022:04:59:47 -0500] "HEAD / HTTP/1.1" 200 -
201.245.192.253 - - [06/Aug/2022:05:02:29 -0500] "POST /kwsrmcab/Wsrmcab  HTTP/1.1" 200 44251
80.210.68.247 - - [06/Aug/2022:05:02:55 -0500] "GET /sql/phpMyAdmin/index.php?lang=en HTTP/1.1" 404 1018
80.210.68.247 - - [06/Aug/2022:05:02:56 -0500] "GET /phpMyAdmin/index.php?lang=en HTTP/1.1" 403 1165
80.210.68.247 - - [06/Aug/2022:05:02:56 -0500] "GET /admin/pma/index.php?lang=en HTTP/1.1" 404 1018
80.210.68.247 - - [06/Aug/2022:05:02:56 -0500] "GET /admin/phpMyAdmin/index.php?lang=en HTTP/1.1" 404 1018
80.210.68.247 - - [06/Aug/2022:05:02:56 -0500] "GET /sql/php-myadmin/index.php?lang=en HTTP/1.1" 404 1018
80.210.68.247 - - [06/Aug/2022:05:02:56 -0500] "GET /MyAdmin/index.php?lang=en HTTP/1.1" 404 1018
80.210.68.247 - - [06/Aug/2022:05:02:56 -0500] "GET /mysql/web/index.php?lang=en HTTP/1.1" 404 1018
80.210.68.247 - - [06/Aug/2022:05:02:57 -0500] "GET /administrator/phpmyadmin/index.php?lang=en HTTP/1.1" 404 1018
80.210.68.247 - - [06/Aug/2022:05:02:57 -0500] "GET /db/websql/index.php?lang=en HTTP/1.1" 404 1018
80.210.68.247 - - [06/Aug/2022:05:02:57 -0500] "GET /sql/phpmyadmin3/index.php?lang=en HTTP/1.1" 404 1018
80.210.68.247 - - [06/Aug/2022:05:02:57 -0500] "GET /sql/phpmyadmin4/index.php?lang=en HTTP/1.1" 404 1018
80.210.68.247 - - [06/Aug/2022:05:02:57 -0500] "GET /administrator/phpMyAdmin/index.php?lang=en HTTP/1.1" 404 1018
80.210.68.247 - - [06/Aug/2022:05:02:58 -0500] "GET /phpmy/index.php?lang=en HTTP/1.1" 404 1018
80.210.68.247 - - [06/Aug/2022:05:02:58 -0500] "GET /phpmyadmin2013/index.php?lang=en HTTP/1.1" 403 1165
80.210.68.247 - - [06/Aug/2022:05:02:58 -0500] "GET /administrator/web/index.php?lang=en HTTP/1.1" 404 1018
80.210.68.247 - - [06/Aug/2022:05:02:58 -0500] "GET /db/webdb/index.php?lang=en HTTP/1.1" 404 1018
80.210.68.247 - - [06/Aug/2022:05:02:58 -0500] "GET /admin/db/index.php?lang=en HTTP/1.1" 404 1018
80.210.68.247 - - [06/Aug/2022:05:02:58 -0500] "GET /mysql/index.php?lang=en HTTP/1.1" 404 1018
80.210.68.247 - - [06/Aug/2022:05:02:59 -0500] "GET /mysql/sqlmanager/index.php?lang=en HTTP/1.1" 404 1018
80.210.68.247 - - [06/Aug/2022:05:02:59 -0500] "GET /mysqlmanager/index.php?lang=en HTTP/1.1" 404 1018
80.210.68.247 - - [06/Aug/2022:05:02:59 -0500] "GET /phpmyadmin_/index.php?lang=en HTTP/1.1" 403 1165
80.210.68.247 - - [06/Aug/2022:05:02:59 -0500] "GET /db/phpmyadmin5/index.php?lang=en HTTP/1.1" 404 1018
80.210.68.247 - - [06/Aug/2022:05:02:59 -0500] "GET /db/myadmin/index.php?lang=en HTTP/1.1" 404 1018
80.210.68.247 - - [06/Aug/2022:05:03:00 -0500] "GET /phpMyAdmin-4.9.7/index.php?lang=en HTTP/1.1" 403 1165
80.210.68.247 - - [06/Aug/2022:05:03:00 -0500] "GET /administrator/admin/index.php?lang=en HTTP/1.1" 404 1018
80.210.68.247 - - [06/Aug/2022:05:03:00 -0500] "GET /phpMyAdmin-5.1.1/index.php?lang=en HTTP/1.1" 403 1165
80.210.68.247 - - [06/Aug/2022:05:03:00 -0500] "GET /db/index.php?lang=en HTTP/1.1" 404 1018
80.210.68.247 - - [06/Aug/2022:05:03:00 -0500] "GET /sql/websql/index.php?lang=en HTTP/1.1" 404 1018
80.210.68.247 - - [06/Aug/2022:05:03:00 -0500] "GET /mysql/dbadmin/index.php?lang=en HTTP/1.1" 404 1018
80.210.68.247 - - [06/Aug/2022:05:03:01 -0500] "GET /db/phpmyadmin4/index.php?lang=en HTTP/1.1" 404 1018
80.210.68.247 - - [06/Aug/2022:05:03:01 -0500] "GET /phpMyAdmin-5.2.0/index.php?lang=en HTTP/1.1" 403 1165
172.22.2.4 - - [06/Aug/2022:05:01:21 -0500] "HEAD /BLA/boletinlegal/ HTTP/1.1" 200 -
80.210.68.247 - - [06/Aug/2022:05:03:01 -0500] "GET /phpMyAdmin1/index.php?lang=en HTTP/1.1" 403 1165
80.210.68.247 - - [06/Aug/2022:05:03:01 -0500] "GET /administrator/db/index.php?lang=en HTTP/1.1" 404 1018
80.210.68.247 - - [06/Aug/2022:05:03:01 -0500] "GET /program/index.php?lang=en HTTP/1.1" 404 1018
80.210.68.247 - - [06/Aug/2022:05:03:02 -0500] "GET /admin/phpmyadmin/index.php?lang=en HTTP/1.1" 404 1018
80.210.68.247 - - [06/Aug/2022:05:03:02 -0500] "GET /phpmyadmin2018/index.php?lang=en HTTP/1.1" 403 1165
80.210.68.247 - - [06/Aug/2022:05:03:02 -0500] "GET /phpMyAdmin3/index.php?lang=en HTTP/1.1" 403 1165
80.210.68.247 - - [06/Aug/2022:05:03:02 -0500] "GET /db/phpMyAdmin-3/index.php?lang=en HTTP/1.1" 404 1018
80.210.68.247 - - [06/Aug/2022:05:03:02 -0500] "GET /phpmyadmin2022/index.php?lang=en HTTP/1.1" 403 1165
80.210.68.247 - - [06/Aug/2022:05:03:02 -0500] "GET /phpmyadmin2016/index.php?lang=en HTTP/1.1" 403 1165
80.210.68.247 - - [06/Aug/2022:05:03:03 -0500] "GET /phpmyadmin1/index.php?lang=en HTTP/1.1" 403 1165
80.210.68.247 - - [06/Aug/2022:05:03:03 -0500] "GET /_phpMyAdmin/index.php?lang=en HTTP/1.1" 404 1018
80.210.68.247 - - [06/Aug/2022:05:03:03 -0500] "GET /mysql/pMA/index.php?lang=en HTTP/1.1" 404 1018
80.210.68.247 - - [06/Aug/2022:05:03:03 -0500] "GET /phpmyadmin2020/index.php?lang=en HTTP/1.1" 403 1165
80.210.68.247 - - [06/Aug/2022:05:03:03 -0500] "GET /db/phpmyadmin3/index.php?lang=en HTTP/1.1" 404 1018
80.210.68.247 - - [06/Aug/2022:05:03:03 -0500] "GET /sql/webdb/index.php?lang=en HTTP/1.1" 404 1018
80.210.68.247 - - [06/Aug/2022:05:03:04 -0500] "GET /mysql/admin/index.php?lang=en HTTP/1.1" 404 1018
80.210.68.247 - - [06/Aug/2022:05:03:04 -0500] "GET /phppma/index.php?lang=en HTTP/1.1" 404 1018
80.210.68.247 - - [06/Aug/2022:05:03:04 -0500] "GET /wp-content/plugins/portable-phpmyadmin/wp-pma-mod/index.php?lang=en HTTP/1.1" 404 1018
80.210.68.247 - - [06/Aug/2022:05:03:04 -0500] "GET /PMA/index.php?lang=en HTTP/1.1" 404 1018
80.210.68.247 - - [06/Aug/2022:05:03:04 -0500] "GET /phpmyAdmin/index.php?lang=en HTTP/1.1" 403 1165
80.210.68.247 - - [06/Aug/2022:05:03:05 -0500] "GET /phpmyadmin2015/index.php?lang=en HTTP/1.1" 403 1165
80.210.68.247 - - [06/Aug/2022:05:03:05 -0500] "GET /sqlmanager/index.php?lang=en HTTP/1.1" 404 1018
80.210.68.247 - - [06/Aug/2022:05:03:05 -0500] "GET /phpMyadmin/index.php?lang=en HTTP/1.1" 403 1165
80.210.68.247 - - [06/Aug/2022:05:03:05 -0500] "GET /phpMyAdmin5.2/index.php?lang=en HTTP/1.1" 403 1165
80.210.68.247 - - [06/Aug/2022:05:03:05 -0500] "GET /db/dbweb/index.php?lang=en HTTP/1.1" 404 1018
80.210.68.247 - - [06/Aug/2022:05:03:05 -0500] "GET /phpmyadmin2017/index.php?lang=en HTTP/1.1" 403 1165
80.210.68.247 - - [06/Aug/2022:05:03:06 -0500] "GET /mysql-admin/index.php?lang=en HTTP/1.1" 404 1018
80.210.68.247 - - [06/Aug/2022:05:03:06 -0500] "GET /php-my-admin/index.php?lang=en HTTP/1.1" 404 1018
80.210.68.247 - - [06/Aug/2022:05:03:06 -0500] "GET /phpmyadmin2019/index.php?lang=en HTTP/1.1" 403 1165
80.210.68.247 - - [06/Aug/2022:05:03:06 -0500] "GET /mysql/pma/index.php?lang=en HTTP/1.1" 404 1018
80.210.68.247 - - [06/Aug/2022:05:03:06 -0500] "GET /db/phpmyadmin/index.php?lang=en HTTP/1.1" 404 1018
80.210.68.247 - - [06/Aug/2022:05:03:07 -0500] "GET /phpMyAdmin-5.1.2/index.php?lang=en HTTP/1.1" 403 1165
80.210.68.247 - - [06/Aug/2022:05:03:07 -0500] "GET /sql/sql/index.php?lang=en HTTP/1.1" 404 1018
80.210.68.247 - - [06/Aug/2022:05:03:07 -0500] "GET /phpmyadmin3/index.php?lang=en HTTP/1.1" 403 1165
80.210.68.247 - - [06/Aug/2022:05:03:07 -0500] "GET /shopdb/index.php?lang=en HTTP/1.1" 404 1018
80.210.68.247 - - [06/Aug/2022:05:03:07 -0500] "GET /sql/myadmin/index.php?lang=en HTTP/1.1" 404 1018
80.210.68.247 - - [06/Aug/2022:05:03:07 -0500] "GET /db/phpMyAdmin-4/index.php?lang=en HTTP/1.1" 404 1018
80.210.68.247 - - [06/Aug/2022:05:03:08 -0500] "GET /phpmyadmin5/index.php?lang=en HTTP/1.1" 403 1165
80.210.68.247 - - [06/Aug/2022:05:03:08 -0500] "GET /phpMyAdmin-5.1.0/index.php?lang=en HTTP/1.1" 403 1165
80.210.68.247 - - [06/Aug/2022:05:03:08 -0500] "GET /database/index.php?lang=en HTTP/1.1" 404 1018
80.210.68.247 - - [06/Aug/2022:05:03:08 -0500] "GET /administrator/PMA/index.php?lang=en HTTP/1.1" 404 1018
80.210.68.247 - - [06/Aug/2022:05:03:08 -0500] "GET /sql/phpmy-admin/index.php?lang=en HTTP/1.1" 404 1018
80.210.68.247 - - [06/Aug/2022:05:03:09 -0500] "GET /phpmyadmin2012/index.php?lang=en HTTP/1.1" 403 1165
80.210.68.247 - - [06/Aug/2022:05:03:09 -0500] "GET /myadmin/index.php?lang=en HTTP/1.1" 404 1018
80.210.68.247 - - [06/Aug/2022:05:03:09 -0500] "GET /sql/sqlweb/index.php?lang=en HTTP/1.1" 404 1018
80.210.68.247 - - [06/Aug/2022:05:03:09 -0500] "GET /sql/sql-admin/index.php?lang=en HTTP/1.1" 404 1018
80.210.68.247 - - [06/Aug/2022:05:03:09 -0500] "GET /sql/phpmanager/index.php?lang=en HTTP/1.1" 404 1018
80.210.68.247 - - [06/Aug/2022:05:03:09 -0500] "GET /db/db-admin/index.php?lang=en HTTP/1.1" 404 1018
80.210.68.247 - - [06/Aug/2022:05:03:10 -0500] "GET /phpmyadmin2/index.php?lang=en HTTP/1.1" 403 1165
80.210.68.247 - - [06/Aug/2022:05:03:10 -0500] "GET /sql/phpMyAdmin2/index.php?lang=en HTTP/1.1" 404 1018
80.210.68.247 - - [06/Aug/2022:05:03:10 -0500] "GET /mysql/mysqlmanager/index.php?lang=en HTTP/1.1" 404 1018
80.210.68.247 - - [06/Aug/2022:05:03:10 -0500] "GET /phpmyadmin2014/index.php?lang=en HTTP/1.1" 403 1165
80.210.68.247 - - [06/Aug/2022:05:03:10 -0500] "GET /phpmyadmin/index.php?lang=en HTTP/1.1" 403 1165
80.210.68.247 - - [06/Aug/2022:05:03:10 -0500] "GET /administrator/pma/index.php?lang=en HTTP/1.1" 404 1018
80.210.68.247 - - [06/Aug/2022:05:03:11 -0500] "GET /phpMyAdmin5/index.php?lang=en HTTP/1.1" 403 1165
80.210.68.247 - - [06/Aug/2022:05:03:11 -0500] "GET /phpMyAdmin-5.1.3/index.php?lang=en HTTP/1.1" 403 1165
80.210.68.247 - - [06/Aug/2022:05:03:11 -0500] "GET /dbadmin/index.php?lang=en HTTP/1.1" 404 1018
80.210.68.247 - - [06/Aug/2022:05:03:11 -0500] "GET /sql/webadmin/index.php?lang=en HTTP/1.1" 404 1018
80.210.68.247 - - [06/Aug/2022:05:03:11 -0500] "GET /phpMyAdmin_/index.php?lang=en HTTP/1.1" 403 1165
80.210.68.247 - - [06/Aug/2022:05:03:12 -0500] "GET /admin/web/index.php?lang=en HTTP/1.1" 404 1018
80.210.68.247 - - [06/Aug/2022:05:03:12 -0500] "GET /admin/index.php?lang=en HTTP/1.1" 404 1018
80.210.68.247 - - [06/Aug/2022:05:03:12 -0500] "GET /sql/phpmyadmin5/index.php?lang=en HTTP/1.1" 404 1018
80.210.68.247 - - [06/Aug/2022:05:03:12 -0500] "GET /pma/index.php?lang=en HTTP/1.1" 404 1018
80.210.68.247 - - [06/Aug/2022:05:03:12 -0500] "GET /mysql/db/index.php?lang=en HTTP/1.1" 404 1018
80.210.68.247 - - [06/Aug/2022:05:03:12 -0500] "GET /db/phpMyAdmin/index.php?lang=en HTTP/1.1" 404 1018
80.210.68.247 - - [06/Aug/2022:05:03:13 -0500] "GET /phpMyAdmin-5/index.php?lang=en HTTP/1.1" 403 1165
80.210.68.247 - - [06/Aug/2022:05:03:13 -0500] "GET /phpmyadmin4/index.php?lang=en HTTP/1.1" 403 1165
80.210.68.247 - - [06/Aug/2022:05:03:13 -0500] "GET /_phpmyadmin_/index.php?lang=en HTTP/1.1" 404 1018
80.210.68.247 - - [06/Aug/2022:05:03:13 -0500] "GET /db/dbadmin/index.php?lang=en HTTP/1.1" 404 1018
80.210.68.247 - - [06/Aug/2022:05:03:13 -0500] "GET /phpmyadmin2011/index.php?lang=en HTTP/1.1" 403 1165
80.210.68.247 - - [06/Aug/2022:05:03:14 -0500] "GET /phpMyAdmin-3/index.php?lang=en HTTP/1.1" 403 1165
80.210.68.247 - - [06/Aug/2022:05:03:14 -0500] "GET /phpmyadmin2021/index.php?lang=en HTTP/1.1" 403 1165
80.210.68.247 - - [06/Aug/2022:05:03:14 -0500] "GET /mysqladmin/index.php?lang=en HTTP/1.1" 404 1018
80.210.68.247 - - [06/Aug/2022:05:03:14 -0500] "GET /_phpmyadmin/index.php?lang=en HTTP/1.1" 404 1018
80.210.68.247 - - [06/Aug/2022:05:03:14 -0500] "GET /1phpmyadmin/index.php?lang=en HTTP/1.1" 404 1018
80.210.68.247 - - [06/Aug/2022:05:03:14 -0500] "GET /phpmy-admin/index.php?lang=en HTTP/1.1" 404 1018
80.210.68.247 - - [06/Aug/2022:05:03:15 -0500] "GET /admin/sysadmin/index.php?lang=en HTTP/1.1" 404 1018
80.210.68.247 - - [06/Aug/2022:05:03:15 -0500] "GET /db/phpMyAdmin-5/index.php?lang=en HTTP/1.1" 404 1018
80.210.68.247 - - [06/Aug/2022:05:03:15 -0500] "GET /db/phpMyAdmin3/index.php?lang=en HTTP/1.1" 404 1018
80.210.68.247 - - [06/Aug/2022:05:03:15 -0500] "GET /sql/sqladmin/index.php?lang=en HTTP/1.1" 404 1018
80.210.68.247 - - [06/Aug/2022:05:03:15 -0500] "GET /db/webadmin/index.php?lang=en HTTP/1.1" 404 1018
80.210.68.247 - - [06/Aug/2022:05:03:16 -0500] "GET /phpMyAdmin2/index.php?lang=en HTTP/1.1" 403 1165
80.210.68.247 - - [06/Aug/2022:05:03:16 -0500] "GET /admin/sqladmin/index.php?lang=en HTTP/1.1" 404 1018
80.210.68.247 - - [06/Aug/2022:05:03:16 -0500] "GET /phpMyAdmin5.1/index.php?lang=en HTTP/1.1" 403 1165
80.210.68.247 - - [06/Aug/2022:05:03:16 -0500] "GET /php-myadmin/index.php?lang=en HTTP/1.1" 404 1018
80.210.68.247 - - [06/Aug/2022:05:03:16 -0500] "GET /phpMyAdmin4/index.php?lang=en HTTP/1.1" 403 1165
80.210.68.247 - - [06/Aug/2022:05:03:16 -0500] "GET /phpMyAdmin-4/index.php?lang=en HTTP/1.1" 403 1165
80.210.68.247 - - [06/Aug/2022:05:03:17 -0500] "GET /2phpmyadmin/index.php?lang=en HTTP/1.1" 404 1018
185.7.214.104 - - [06/Aug/2022:05:03:22 -0500] "GET /index.php?s=/Index/\\think\\app/invokefunction&function=call_user_func_array&vars[0]=md5&vars[1][]=HelloThinkPHP21 HTTP/1.1" 404 1018
93.158.161.49 - - [06/Aug/2022:05:03:48 -0500] "-" 408 -
172.22.2.4 - - [06/Aug/2022:05:02:11 -0500] "GET /BLA/boletinlegal/ HTTP/1.1" 200 54814
216.245.221.92 - - [06/Aug/2022:05:04:47 -0500] "HEAD / HTTP/1.1" 200 -
185.119.81.99 - - [06/Aug/2022:05:05:41 -0500] "GET /portaldeninos/wp-login.php HTTP/1.1" 200 2592
185.119.81.99 - - [06/Aug/2022:05:05:42 -0500] "POST /portaldeninos/wp-login.php HTTP/1.1" 200 3605
172.22.2.4 - - [06/Aug/2022:05:06:42 -0500] "GET /BLA/boletinlegal/Circulares/2017/Circular%20No.%20011%20del%2005%20de%20julio%20de%202017.pdf HTTP/1.1" 304 -
201.245.192.253 - - [06/Aug/2022:05:07:28 -0500] "POST /kwsrmcab/Wsrmcab  HTTP/1.1" 200 44251
179.43.155.171 - - [06/Aug/2022:05:08:17 -0500] "\x16\x03\x01" 400 226
179.43.155.171 - - [06/Aug/2022:05:08:17 -0500] "GET /?pp=env HTTP/1.1" 200 319
172.22.2.4 - - [06/Aug/2022:05:07:11 -0500] "HEAD /BLA/boletinlegal/ HTTP/1.1" 200 -
172.22.2.4 - - [06/Aug/2022:05:08:01 -0500] "GET /BLA/boletinlegal/ HTTP/1.1" 200 60272
216.245.221.92 - - [06/Aug/2022:05:09:47 -0500] "HEAD / HTTP/1.1" 200 -
201.245.192.253 - - [06/Aug/2022:05:12:27 -0500] "POST /kwsrmcab/Wsrmcab  HTTP/1.1" 200 44251
139.59.181.152 - - [06/Aug/2022:05:13:06 -0500] "GET /PSIA/index HTTP/1.1" 404 1018
77.88.5.215 - - [06/Aug/2022:05:14:14 -0500] "-" 408 -
64.124.8.34 - - [06/Aug/2022:05:14:17 -0500] "-" 408 -
172.22.2.4 - - [06/Aug/2022:05:13:01 -0500] "HEAD /BLA/boletinlegal/ HTTP/1.1" 200 -
216.245.221.92 - - [06/Aug/2022:05:14:47 -0500] "HEAD / HTTP/1.1" 200 -
185.119.81.99 - - [06/Aug/2022:05:15:16 -0500] "GET /portaldeninos/wp-login.php HTTP/1.1" 200 2592
185.119.81.99 - - [06/Aug/2022:05:15:17 -0500] "POST /portaldeninos/wp-login.php HTTP/1.1" 200 3670
172.22.2.4 - - [06/Aug/2022:05:13:51 -0500] "GET /BLA/boletinlegal/ HTTP/1.1" 200 60272
64.124.8.45 - - [06/Aug/2022:05:16:37 -0500] "-" 408 -
201.245.192.253 - - [06/Aug/2022:05:17:26 -0500] "POST /kwsrmcab/Wsrmcab  HTTP/1.1" 200 44251
172.22.2.4 - - [06/Aug/2022:05:18:26 -0500] "GET /BLA/boletinlegal/ HTTP/1.1" 200 32715
216.245.221.92 - - [06/Aug/2022:05:19:47 -0500] "HEAD / HTTP/1.1" 200 -
201.245.192.253 - - [06/Aug/2022:05:20:06 -0500] "POST /kwsrmcab/Wsrmcab HTTP/1.1" 200 46147
201.245.192.253 - - [06/Aug/2022:05:20:10 -0500] "POST /kwsrmcab/Wsrmcab HTTP/1.1" 200 47347
172.22.2.4 - - [06/Aug/2022:05:18:51 -0500] "HEAD /BLA/boletinlegal/ HTTP/1.1" 200 -
172.22.2.4 - - [06/Aug/2022:05:19:41 -0500] "GET /BLA/boletinlegal/ HTTP/1.1" 200 53281
201.245.192.253 - - [06/Aug/2022:05:22:25 -0500] "POST /kwsrmcab/Wsrmcab  HTTP/1.1" 200 44251
77.88.5.164 - - [06/Aug/2022:05:24:14 -0500] "-" 408 -
216.245.221.92 - - [06/Aug/2022:05:24:47 -0500] "HEAD / HTTP/1.1" 200 -
172.22.2.4 - - [06/Aug/2022:05:24:41 -0500] "HEAD /BLA/boletinlegal/ HTTP/1.1" 200 -
172.22.2.4 - - [06/Aug/2022:05:26:57 -0500] "GET /BLA/boletinlegal/conceptos.php HTTP/1.1" 200 7443
172.22.2.4 - - [06/Aug/2022:05:25:31 -0500] "GET /BLA/boletinlegal/ HTTP/1.1" 200 53631
201.245.192.253 - - [06/Aug/2022:05:27:24 -0500] "POST /kwsrmcab/Wsrmcab  HTTP/1.1" 200 44251
172.22.2.4 - - [06/Aug/2022:05:26:55 -0500] "GET /BLA/boletinlegal/ HTTP/1.1" 200 61965
216.245.221.92 - - [06/Aug/2022:05:29:47 -0500] "HEAD / HTTP/1.1" 200 -
201.245.192.253 - - [06/Aug/2022:05:30:06 -0500] "POST /kwsrmcab/Wsrmcab HTTP/1.1" 200 46147
201.245.192.253 - - [06/Aug/2022:05:30:10 -0500] "POST /kwsrmcab/Wsrmcab HTTP/1.1" 200 47347
172.22.2.4 - - [06/Aug/2022:05:30:31 -0500] "HEAD /BLA/boletinlegal/ HTTP/1.1" 200 -
201.245.192.253 - - [06/Aug/2022:05:32:23 -0500] "POST /kwsrmcab/Wsrmcab  HTTP/1.1" 200 44251
172.22.2.4 - - [06/Aug/2022:05:31:21 -0500] "GET /BLA/boletinlegal/ HTTP/1.1" 200 60865
93.158.161.46 - - [06/Aug/2022:05:34:14 -0500] "-" 408 -
185.119.81.102 - - [06/Aug/2022:05:34:16 -0500] "GET /portaldeninos/wp-login.php HTTP/1.1" 200 2592
185.119.81.102 - - [06/Aug/2022:05:34:17 -0500] "POST /portaldeninos/wp-login.php HTTP/1.1" 200 3605
185.7.214.104 - - [06/Aug/2022:05:34:28 -0500] "GET /?a=fetch&content=<php>die(@md5(HelloThinkCMF))</php> HTTP/1.1" 200 319
216.245.221.92 - - [06/Aug/2022:05:34:47 -0500] "HEAD / HTTP/1.1" 200 -
157.55.39.98 - - [06/Aug/2022:05:36:12 -0500] "GET /BLA/resoluciones/AUTOS%202021/2656.pdf HTTP/1.1" 304 -
205.210.31.139 - - [06/Aug/2022:05:36:40 -0500] "\x16\x03\x01" 400 226
201.245.192.253 - - [06/Aug/2022:05:37:22 -0500] "POST /kwsrmcab/Wsrmcab  HTTP/1.1" 200 44251
172.22.2.4 - - [06/Aug/2022:05:36:21 -0500] "HEAD /BLA/boletinlegal/ HTTP/1.1" 200 -
172.22.2.4 - - [06/Aug/2022:05:37:11 -0500] "GET /BLA/boletinlegal/ HTTP/1.1" 200 60272
216.245.221.92 - - [06/Aug/2022:05:39:46 -0500] "HEAD / HTTP/1.1" 200 -
201.245.192.253 - - [06/Aug/2022:05:40:05 -0500] "POST /kwsrmcab/Wsrmcab HTTP/1.1" 200 46147
201.245.192.253 - - [06/Aug/2022:05:40:09 -0500] "POST /kwsrmcab/Wsrmcab HTTP/1.1" 200 47347
157.55.39.168 - - [06/Aug/2022:05:40:32 -0500] "GET /BLA/resoluciones/RESOLUCIONES%202000/2000%202850-2899.tif HTTP/1.1" 200 4291775
201.245.192.253 - - [06/Aug/2022:05:42:21 -0500] "POST /kwsrmcab/Wsrmcab  HTTP/1.1" 200 44251
172.22.2.4 - - [06/Aug/2022:05:42:11 -0500] "HEAD /BLA/boletinlegal/ HTTP/1.1" 200 -
77.88.5.237 - - [06/Aug/2022:05:44:14 -0500] "-" 408 -
172.22.2.4 - - [06/Aug/2022:05:43:01 -0500] "GET /BLA/boletinlegal/ HTTP/1.1" 200 60272
216.245.221.92 - - [06/Aug/2022:05:44:47 -0500] "HEAD / HTTP/1.1" 200 -
201.245.192.253 - - [06/Aug/2022:05:47:20 -0500] "POST /kwsrmcab/Wsrmcab  HTTP/1.1" 200 44251
185.119.81.102 - - [06/Aug/2022:05:49:26 -0500] "GET /portaldeninos/wp-login.php HTTP/1.1" 200 2592
185.119.81.102 - - [06/Aug/2022:05:49:27 -0500] "POST /portaldeninos/wp-login.php HTTP/1.1" 200 3605
172.22.2.4 - - [06/Aug/2022:05:48:01 -0500] "HEAD /BLA/boletinlegal/ HTTP/1.1" 200 -
216.245.221.92 - - [06/Aug/2022:05:49:47 -0500] "HEAD / HTTP/1.1" 200 -
172.22.2.4 - - [06/Aug/2022:05:48:51 -0500] "GET /BLA/boletinlegal/ HTTP/1.1" 200 54814
35.204.211.169 - - [06/Aug/2022:05:51:51 -0500] "GET / HTTP/1.1" 200 319
201.245.192.253 - - [06/Aug/2022:05:52:19 -0500] "POST /kwsrmcab/Wsrmcab  HTTP/1.1" 200 44251
77.88.5.252 - - [06/Aug/2022:05:54:14 -0500] "-" 408 -
216.245.221.92 - - [06/Aug/2022:05:54:46 -0500] "HEAD / HTTP/1.1" 200 -
172.22.2.4 - - [06/Aug/2022:05:53:51 -0500] "HEAD /BLA/boletinlegal/ HTTP/1.1" 200 -
172.22.2.4 - - [06/Aug/2022:05:54:41 -0500] "GET /BLA/boletinlegal/ HTTP/1.1" 200 48724
186.154.80.102 - - [06/Aug/2022:05:56:32 -0500] "GET /con-alianza-entre-gran-estacion-y-jardin-botanico-bogota-reverdece-y-amplia-oportunidades-para-las-mujeres.html HTTP/1.1" 304 -
185.119.81.99 - - [06/Aug/2022:05:56:54 -0500] "GET /portaldeninos/wp-login.php HTTP/1.1" 200 2592
3.238.113.235 - - [06/Aug/2022:05:55:15 -0500] "GET /BLA/boletinlegal/ HTTP/1.1" 200 48724
185.119.81.99 - - [06/Aug/2022:05:56:55 -0500] "POST /portaldeninos/wp-login.php HTTP/1.1" 200 3605
201.245.192.253 - - [06/Aug/2022:05:57:18 -0500] "POST /kwsrmcab/Wsrmcab  HTTP/1.1" 200 44251
172.22.2.4 - - [06/Aug/2022:05:57:44 -0500] "GET /BLA/boletinlegal/ HTTP/1.1" 200 20427
172.22.2.4 - - [06/Aug/2022:05:57:44 -0500] "GET /BLA/boletinlegal/ HTTP/1.1" 200 32715
216.245.221.92 - - [06/Aug/2022:05:59:46 -0500] "HEAD / HTTP/1.1" 200 -
172.22.2.4 - - [06/Aug/2022:05:59:41 -0500] "HEAD /BLA/boletinlegal/ HTTP/1.1" 200 -
66.249.73.86 - - [06/Aug/2022:06:01:26 -0500] "-" 408 -
172.22.2.4 - - [06/Aug/2022:06:00:31 -0500] "GET /BLA/boletinlegal/ HTTP/1.1" 200 59310
201.245.192.253 - - [06/Aug/2022:06:02:17 -0500] "POST /kwsrmcab/Wsrmcab  HTTP/1.1" 200 44251
143.110.210.218 - - [06/Aug/2022:06:03:58 -0500] "GET / HTTP/1.1" 200 319
77.88.5.33 - - [06/Aug/2022:06:04:14 -0500] "-" 408 -
216.245.221.92 - - [06/Aug/2022:06:04:46 -0500] "HEAD / HTTP/1.1" 200 -
173.252.107.10 - - [06/Aug/2022:06:06:53 -0500] "GET /bogota-ya-cuenta-mas-de-70-negocios-verdes-verificados.html HTTP/1.1" 206 992
172.22.2.4 - - [06/Aug/2022:06:05:31 -0500] "HEAD /BLA/boletinlegal/ HTTP/1.1" 200 -
201.245.192.253 - - [06/Aug/2022:06:07:16 -0500] "POST /kwsrmcab/Wsrmcab  HTTP/1.1" 200 44251
172.22.2.4 - - [06/Aug/2022:06:06:21 -0500] "GET /BLA/boletinlegal/ HTTP/1.1" 200 56005
216.245.221.92 - - [06/Aug/2022:06:09:46 -0500] "HEAD / HTTP/1.1" 200 -
3.238.113.235 - - [06/Aug/2022:06:12:11 -0500] "GET /catalogoisis/ HTTP/1.1" 200 8575
201.245.192.253 - - [06/Aug/2022:06:12:16 -0500] "POST /kwsrmcab/Wsrmcab  HTTP/1.1" 200 44251
172.22.2.4 - - [06/Aug/2022:06:10:58 -0500] "GET /BLA/boletinlegal/ HTTP/1.1" 200 53631
172.22.2.4 - - [06/Aug/2022:06:11:20 -0500] "HEAD /BLA/boletinlegal/ HTTP/1.1" 200 -
172.22.2.4 - - [06/Aug/2022:06:12:11 -0500] "GET /BLA/boletinlegal/ HTTP/1.1" 200 58566
93.158.161.72 - - [06/Aug/2022:06:14:14 -0500] "-" 408 -
216.245.221.92 - - [06/Aug/2022:06:14:46 -0500] "HEAD / HTTP/1.1" 200 -
157.55.39.84 - - [06/Aug/2022:06:15:31 -0500] "GET /forest/ HTTP/1.1" 200 12041
201.245.192.253 - - [06/Aug/2022:06:17:14 -0500] "POST /kwsrmcab/Wsrmcab  HTTP/1.1" 200 44251
172.22.2.4 - - [06/Aug/2022:06:17:11 -0500] "HEAD /BLA/boletinlegal/ HTTP/1.1" 200 -
185.7.214.104 - - [06/Aug/2022:06:18:51 -0500] "GET /?XDEBUG_SESSION_START=phpstorm HTTP/1.1" 200 319
172.22.2.4 - - [06/Aug/2022:06:18:01 -0500] "GET /BLA/boletinlegal/ HTTP/1.1" 200 60272
216.245.221.92 - - [06/Aug/2022:06:19:46 -0500] "HEAD / HTTP/1.1" 200 -
201.245.192.253 - - [06/Aug/2022:06:20:05 -0500] "POST /kwsrmcab/Wsrmcab HTTP/1.1" 200 46340
201.245.192.253 - - [06/Aug/2022:06:20:09 -0500] "POST /kwsrmcab/Wsrmcab HTTP/1.1" 200 47220
77.88.5.235 - - [06/Aug/2022:06:22:02 -0500] "-" 408 -
77.88.5.43 - - [06/Aug/2022:06:22:08 -0500] "-" 408 -
77.88.5.129 - - [06/Aug/2022:06:22:13 -0500] "-" 408 -
201.245.192.253 - - [06/Aug/2022:06:22:14 -0500] "POST /kwsrmcab/Wsrmcab  HTTP/1.1" 200 44251
77.88.5.241 - - [06/Aug/2022:06:22:19 -0500] "-" 408 -
77.88.5.245 - - [06/Aug/2022:06:22:34 -0500] "-" 408 -
93.158.161.6 - - [06/Aug/2022:06:22:49 -0500] "-" 408 -
77.88.5.86 - - [06/Aug/2022:06:23:19 -0500] "-" 408 -
172.22.2.4 - - [06/Aug/2022:06:23:00 -0500] "HEAD /BLA/boletinlegal/ HTTP/1.1" 200 -
216.245.221.92 - - [06/Aug/2022:06:24:46 -0500] "HEAD / HTTP/1.1" 200 -
172.22.2.4 - - [06/Aug/2022:06:23:51 -0500] "GET /BLA/boletinlegal/ HTTP/1.1" 200 53994
93.158.161.40 - - [06/Aug/2022:06:25:50 -0500] "-" 408 -
93.158.161.59 - - [06/Aug/2022:06:26:50 -0500] "-" 408 -
201.245.192.253 - - [06/Aug/2022:06:27:12 -0500] "POST /kwsrmcab/Wsrmcab  HTTP/1.1" 200 44251
77.88.5.5 - - [06/Aug/2022:06:27:52 -0500] "-" 408 -
34.76.158.233 - - [06/Aug/2022:06:28:14 -0500] "GET / HTTP/1.1" 200 319
186.102.54.156 - - [06/Aug/2022:06:28:56 -0500] "GET /kwssiamovil/sm/ldap/au?x=U2FsdGVkX18kxB78XIcxWPhrotVgw/+KvhO8WJMVMuG633CwtPOhJpu/rf5KlFEl&y=U2FsdGVkX1+C3BBpz2qrrRAJl1h0ZIDFeeNxEHO06rWvAvu3odJ6ns9B9Ch+890u HTTP/1.1" 200 30
186.102.54.156 - - [06/Aug/2022:06:28:56 -0500] "GET /kwssiamovil/sm/acme/s?s=U2FsdGVkX1/TtG+2t94cy0fp0nLmqY2xQ1g8B8w9NAJv6n4JRDk//li03DtFg5ady+6JyNEiy4dl93DfTZvPopNBfrsiItmSiBrlakTo/lU=&u=U2FsdGVkX18JOFGF+RKv23qXxVMlKKTlF0JkNIv3BpWRAl6EDbGI71cAimNQ8ckb&y=U2FsdGVkX1+C3BBpz2qrrRAJl1h0ZIDFeeNxEHO06rWvAvu3odJ6ns9B9Ch+890u HTTP/1.1" 200 97
186.102.54.156 - - [06/Aug/2022:06:28:56 -0500] "GET /kwssiamovil/sm/acme/s?s=U2FsdGVkX18vRqQQRYxmshs91dwJFLmHczM6JeXnvnyLPCnrhTOqxqZnj8OwZC21t1Ls2GimvXZHvH3TE1eH64dANv3aPuzN3jU6KjBCNIS7eo80CBXQfHn2jqh2zZ3EKWFVKHdcCDjbpovvxdt73oiQWGkJn3ISQ7Auh+0fLDq5rNk9plNBj7P1lX6ZDw2Ba0b3kWpEh9rARhHJDwxrtZuZcGwpyFcqaM/etS4DjbBUpMlcq815l+Fko1IvMVXzLEPtX/NUMvbj1ecsOwKWRx92FWK/XusbUc3JfwFiGwKlmmRx8g4GHfRuZoxLdxdMtVnp43jaUWsNzhOBVmKHWcr0zWaXQ+kRecgEBX9gxZUNKaFGsKDmWSxb1Pj7kZe7F24n0OGWCXBuzBZ+srf9CYxc6m+N7E03CpnCQlFheJz0eg7x5SCTTMDlmAQMGYPpsnkgosdUEOXi/eXxrTe9khPvHFJR9ZoHE3OtYmgl5vlJ0AH9eMuWQM80rrgZzk5c4jQ9uXig0y4cDCAEVUl6EipuwotC0W/GbQ+jr5OpSX7ZPzIjSQuZAv/sQmWOU78YwvWoRRK+v12YbUgExjsS/LX4EPNawQghg0fz2p5hClSIqrpuKrz5LlVazbUYNC4ybUfFdopK0dMaf3rRFoL8vmrWc2iHkRJRuCV0Eix6rwuTYVg/IqtCny+gJDWp8T5pDLELvuizSMvd0EnXF3ndjD1+OmWNtrfmIUVW5fRmXvBfIbXS9RHmhHr8rGN1XO/kKCWHFcGG1Rs5IaRJ2CP/YZ4QI1/caYfF9MMIr0FP5aks+g3wpRW/it7UBxFFhBGOIkVVYDVnpLhUGsPaeGEzc/Z0WuK60nQJV4biolh5M+YH2r708fo9BPBrJ78+cbtrOUVzzbCgeMRwaSYnkrQQ/qaIVtL3wLaeXlqmSdXUIy+VyvBA3G4y2wNzn3P++F5NbVslZMwRHGN6zCAnMB8k1WnXanQGYSm0qPu0/RTgOUaNbJGUnvFEk28GhOMEd0dnQSVpNgltaxeUZLh8/Vx59o/1Wo9R+9DfJWKVZ6aKgjhuSWPz88YgDx2Y0BVmI4OtwkLq4CjMOSeDBbYdXWhv4w0HZDQBcjr/+/T0xfihR98N9/iB9srgqgwOZMX5AVrDh1aDBB7wQF1n30XLuUk7p8do71fA1z2JI6JMOyLUTsDbrryw0Zc9TKTKF9y0CiVmaNY11xgu/bG4B14dKOj6RsnK5CgzhqbMD/41HAtYD5m1HSSjg0E3tQAHRpuMNnZLT3wss5JcjyT9fWEsYXJPBI8sjj6PNmEufPoqLgRAsLgs6vlCEHCapjpzqLUVEgmHOs80/raQy8htTiVyCoDwaTDfUPNe3m2anhLvskLwz4Y=&u=U2FsdGVkX18JOFGF+RKv23qXxVMlKKTlF0JkNIv3BpWRAl6EDbGI71cAimNQ8ckb&y=U2FsdGVkX1+C3BBpz2qrrRAJl1h0ZIDFeeNxEHO06rWvAvu3odJ6ns9B9Ch+890u HTTP/1.1" 200 11145
186.102.54.156 - - [06/Aug/2022:06:28:57 -0500] "GET /kwssiamovil/sm/acme/s?s=U2FsdGVkX199F8i3/OYox0kQ7bJnCzF+l65ck6QqOA3ijbjN4C4xjxBMfm35hKjJVdGk686LVHA9gCzsokwlHnJ1vik2Tge7U259tXuRfJwHzGbCt2kQdqbrjhPl8QZKggdKtALI10OAJs4PXDk0lU9S/mq1S4I2kWaqdohRt8IInxesnd5bccaXU+nhKwRPbZzKs3M5aAClHeXrj/lcTKkE4SKLZsPsSNxSNMH9YwqViXvugms9497MDKDlY/niHxGDnxHDWE6EFY0bAApnCqHHJ40WVwTer0XPeTOpLtc=&u=U2FsdGVkX18JOFGF+RKv23qXxVMlKKTlF0JkNIv3BpWRAl6EDbGI71cAimNQ8ckb&y=U2FsdGVkX1+C3BBpz2qrrRAJl1h0ZIDFeeNxEHO06rWvAvu3odJ6ns9B9Ch+890u HTTP/1.1" 200 176
186.102.54.156 - - [06/Aug/2022:06:28:57 -0500] "GET /kwssiamovil/sm/cjson/pre?f=1&x=U2FsdGVkX18kxB78XIcxWPhrotVgw/+KvhO8WJMVMuG633CwtPOhJpu/rf5KlFEl HTTP/1.1" 200 30992
216.245.221.92 - - [06/Aug/2022:06:29:46 -0500] "HEAD / HTTP/1.1" 200 -
77.88.5.214 - - [06/Aug/2022:06:29:52 -0500] "-" 408 -
201.245.192.253 - - [06/Aug/2022:06:30:05 -0500] "POST /kwsrmcab/Wsrmcab HTTP/1.1" 200 46340
201.245.192.253 - - [06/Aug/2022:06:30:09 -0500] "POST /kwsrmcab/Wsrmcab HTTP/1.1" 200 47220
172.22.2.4 - - [06/Aug/2022:06:28:50 -0500] "HEAD /BLA/boletinlegal/ HTTP/1.1" 200 -
40.77.167.65 - - [06/Aug/2022:06:30:48 -0500] "GET /BLA/resoluciones/AUTOS%202021/2545.pdf HTTP/1.1" 200 524402
172.22.2.4 - - [06/Aug/2022:06:29:41 -0500] "GET /BLA/boletinlegal/ HTTP/1.1" 200 53994
201.245.192.253 - - [06/Aug/2022:06:32:11 -0500] "POST /kwsrmcab/Wsrmcab  HTTP/1.1" 200 44251
93.158.161.48 - - [06/Aug/2022:06:32:52 -0500] "-" 408 -
172.22.2.4 - - [06/Aug/2022:06:33:52 -0500] "GET /BLA/boletinlegal/jurisprudencia.php HTTP/1.1" 200 17573
216.245.221.92 - - [06/Aug/2022:06:34:46 -0500] "HEAD / HTTP/1.1" 200 -
64.124.8.42 - - [06/Aug/2022:06:34:56 -0500] "-" 408 -
64.124.8.42 - - [06/Aug/2022:06:35:55 -0500] "-" 408 -
172.22.2.4 - - [06/Aug/2022:06:34:40 -0500] "HEAD /BLA/boletinlegal/ HTTP/1.1" 200 -
64.124.8.42 - - [06/Aug/2022:06:36:48 -0500] "-" 408 -
172.22.2.4 - - [06/Aug/2022:06:35:31 -0500] "GET /BLA/boletinlegal/ HTTP/1.1" 200 58154
201.245.192.253 - - [06/Aug/2022:06:37:09 -0500] "POST /kwsrmcab/Wsrmcab  HTTP/1.1" 200 44251
77.88.5.219 - - [06/Aug/2022:06:37:52 -0500] "-" 408 -
186.30.37.198 - - [06/Aug/2022:06:37:57 -0500] "GET /con-alianza-entre-gran-estacion-y-jardin-botanico-bogota-reverdece-y-amplia-oportunidades-para-las-mujeres.html HTTP/1.1" 200 910
40.77.167.65 - - [06/Aug/2022:06:38:38 -0500] "GET /Residuos/pinturas/pinturas.html HTTP/1.1" 200 1959
216.245.221.92 - - [06/Aug/2022:06:39:46 -0500] "HEAD / HTTP/1.1" 200 -
201.245.192.253 - - [06/Aug/2022:06:40:05 -0500] "POST /kwsrmcab/Wsrmcab HTTP/1.1" 200 46340
201.245.192.253 - - [06/Aug/2022:06:40:09 -0500] "POST /kwsrmcab/Wsrmcab HTTP/1.1" 200 47220
