186.102.1.203 - - [07/Aug/2022:13:03:33 -0500] "OPTIONS /kwssiamovil/sm/setfile/f? HTTP/1.1" 200 13
186.102.1.203 - - [07/Aug/2022:13:03:33 -0500] "POST /kwssiamovil/sm/setfile/f? HTTP/1.1" 200 381
186.102.1.203 - - [07/Aug/2022:13:03:41 -0500] "GET /kwssiamovil/sm/acme/a?s=U2FsdGVkX1/ZKNXlGkJ6Ha/J+NhJ/0ysm5rll61QPZcAVU5QkI3Ha9ocGLsv+DyipQBjDEW/AuKk9AfqZv0o9IwuTnB/WX564otzPyYip9Ag/iS4qhA8vFB5/hQoTZEhLlG/c6ydzg7yelgCMCXUP/pSE634w2RAMuGGMvw/0WZTJ/HwHmB7vGWyodJtttV6tOGQukx2qfWXY+2+QuHi7mVIGpEZr4fR5h/ZTq9I7xLU2wR8bz+llstM37GLqB5Bh8Zt06AHxxWsjr3PAJQhQQ==&u=U2FsdGVkX1+Z2qS/kivOMLJyr4VVe/w71JKUroj6i8E=&y=U2FsdGVkX1+vgbEYv+QdfuLMtRVi9eO527vemLGkVpc= HTTP/1.1" 200 25
186.102.1.203 - - [07/Aug/2022:13:03:41 -0500] "GET /kwssiamovil/sm/acme/a?s=U2FsdGVkX1+PvQHpu9FmMTqV9BrIMxLRKCdAWlGeKuvP9xceVq/QA8DsSS3rRnMfRihkrp4ys7666w/GzpdHA/7rc1EWJ83uryRLPR4vxLWILUMeFo2AVav6oo9NmSfhdFpHFrvwHkN06fDZ/iV0OOSCSrEw7zK2LbDfdosgdRiVSxNw7h9kGf19rV8x1eingxNFVG5/PIpvQsK50lytJwIvGhcMU7cnDkVZtoyq0fsu3qx9U/T19eyPsF+DUx8ftKI4FdS+JTiZ/98YA1d0JydUKuCE5b7qF5JJ1i0Hf/IOCNYeiAIvIDTvGadtZlKy0Ex/8iKZ3jTPW9h+OfAaR76JFqVaERKnAZvdnBzeEewtHT02EEEUT++pEe+rdXkA6yckgcWNQTg8fvYsrtxPaINOMLGYWgOMiXq8Ix93godCxjNkDe/ULJgo0+T7sG/Ghc80eyzwqrpxvQryiY423dexDZHIqNj7aCEjO3xb/YugQEUnIhP3jEIpuSqTamq8Qy7xVIzZtEXpGRa7gWs/OX6DPa5O96KX7T52G1fSaBrA/kg0aEU2eVC5Rf5LBE6EXu3paUq80FrkSqVYcXXa5Ny1zGsDA5xNzz2expJeg0WFuORGFr6uTaueGcjbqJySLup4tCZbplMQTacGbBYm+9XYLj6KTVgQon0UroEq/0zkbgTuL5fNG+Juv6LY4G6RMQ6QZ01BQQuvEjNbDRssx+Nr2xZPtkQy3/imOqnhRSkpl5+5R1U5UNqb9kl1bxsZcKDocZTTfqYVcePkR6rjiFXnLn7ZwBU4cXlUyxiV2IxwiyXc5ZxzO6ANMoSikNhwIlpYAzyD635stH/kTYpiqJCuJVgkD8HY5A3LnTyvD8FTrlisLuCBBUkRbYqDE//exZiRHHzEcB28MZrzJ7orUa0pFF9OxRJ6W+dPdddg/pjrrzKN4y6NvRvk1hYEAYWk6+VbVG9h9dvMcZqxBK2vFqLQeQD+7t0rJ2LMlsA1UYdqyVhcaiPAf8r1cEru79vVO5KGijwkMfrWqppjkOQh3PCg9reDjB+BV4YfdoyhRdRduxcRekCW8X+FM55fFq8cYSh6ge5tIAugJcZoIgl2Xp/GtOzaz3itYhFrLGHLnEw5MzMQB4oxctXSOuCaNwCtA6v4sMNEJ3hy1PuubZTTts3yDwYaIW9Yu7DAKnACUDh/XIAVpY4wdNzdOPHQ5ONNG6lks9kL0xRDIaQKcNV2EaPIDB0bcLNIktN2TCinG9Q3sOq4TBaG/KdDag+X3sVju4VbE6fe0B53dpd5C7iNmbHs73eFnJk4+ax5xP2frS1HCTKYA3FJ+BOJiwDxa23NZdqwPhe+ifdm7/oS3G5AD0WocVswpZyUMLl7fd5K+x3FrMQrN1lezpgRz8sfuCDr3rA16+sIi9AjeQNfSC1qvzjk6mV5hg5uP8/Z7j2bSLC4YC39qD6eCjJX43iGe++gvOFLTc8LL0DBMEbVzmICWZkav5YBADrAPFMCKL+gras4FBkhlRFkaYfne+ARmED5MUAvJV3LLl//5KFGqelq/rBOwi0xRRDaWE85DIyCUN4ryDGOrlFcTnS/eT8S9QrGTLDYy9dCxpeMCb8tpp1ORT4j1TabHAwcAVb2f0f+cY4jTvcAfAm7du8tDWVgVxk6yQgWPJJbmRpL302ah+GA5j1jELAsL5eblKSECCAB1rYUM4ukY8F+CSeK3Y1OzJ3TR1YCUePC2pbcRA5ren4g9IWOjA6LJjnwTCuYxhRcRExABie8NUs0//2XOacE1u3KIc+sDZceBLZVVIfEY0BxKbqVrWzgSpJ8gA3oKbyWiEkxE35htTVJCniFm3PeuHd5Ht1g4eTp0ODFGOpYDJdPEHk0a1sKcjoeCRYxnLs2Cd8mqxSqDIg5gz0kgIqPcWlx77IXeoGxLzupT6AHIolJ8H8679KdTmE4if6e6jw/63BgxvLNasQM+LaVMf3wGYoG&u=U2FsdGVkX1+Z2qS/kivOMLJyr4VVe/w71JKUroj6i8E=&y=U2FsdGVkX1+vgbEYv+QdfuLMtRVi9eO527vemLGkVpc= HTTP/1.1" 200 25
186.102.1.203 - - [07/Aug/2022:13:03:42 -0500] "GET /kwssiamovil/sm/acme/a?s=U2FsdGVkX18++XL/gZF9sXav1z7qAazqT6JsbREgEbPLP+mM1e5CVfv5rqLyRS5jP+i7uqYSWu4FmyxABd4K+U1nCDqEA1yTo7lNK8WIbwZ8YtvXilJGchlOHVn/4t9zKhVdLu85P5uVnyWBx99182Z47olyMwNOdnNVJHQr/7s=&u=U2FsdGVkX1+Z2qS/kivOMLJyr4VVe/w71JKUroj6i8E=&y=U2FsdGVkX1+vgbEYv+QdfuLMtRVi9eO527vemLGkVpc= HTTP/1.1" 200 25
186.102.1.203 - - [07/Aug/2022:13:03:42 -0500] "GET /kwssiamovil/sm/acme/a?s=U2FsdGVkX18wbrAltDq4GcMTshn8hHvc/l10apL+wlGo8/p7j7qSiDBVlt5ihAH4JtyT1EvSDwEjI7bVxbDvYBGaQ+2F1WrMkYq24ZVrybnwVUvITb55sVj4AZQ2TrS+HqM6QsxG5+Gef2wc7JyeTQdnU9LPjAdhEAt+Tol8wCQ=&u=U2FsdGVkX1+Z2qS/kivOMLJyr4VVe/w71JKUroj6i8E=&y=U2FsdGVkX1+vgbEYv+QdfuLMtRVi9eO527vemLGkVpc= HTTP/1.1" 200 25
186.102.1.203 - - [07/Aug/2022:13:03:42 -0500] "GET /kwssiamovil/sm/acme/a?s=U2FsdGVkX18PtcdpyMQ0VaYjJptzkT74ExkMrAT7aECx/LbKmGbJfgH5hLu61HSKykM/worBsaX784d4lU0rOe1fgCxfKzxZRf1p5hVE+7V7/gTj6DUar7UA51yRT8d1kbsl8ktTkaEDr+xsQ0aSabbNHoFRTX+KrKeuB1e1f4g=&u=U2FsdGVkX1+Z2qS/kivOMLJyr4VVe/w71JKUroj6i8E=&y=U2FsdGVkX1+vgbEYv+QdfuLMtRVi9eO527vemLGkVpc= HTTP/1.1" 200 25
186.102.1.203 - - [07/Aug/2022:13:03:42 -0500] "GET /kwssiamovil/sm/acme/a?s=U2FsdGVkX19X9yBIzt3QSKn1fMa3zIuSJVD0jUDVqUoHjcQkUOBt9SjkplEwp/HFrBNDPUG+n1zugMZ13H2sJ3q64tSOkKYNCzqHHDp3vCG5b7hjSO87Hh0r+/jYyvfMRbp8gs0tX2sRtq6bQR92MI4dQx4NnaVPMK3QB/Kk+glCw4lGFdGC46ehaTuicdmL&u=U2FsdGVkX1+Z2qS/kivOMLJyr4VVe/w71JKUroj6i8E=&y=U2FsdGVkX1+vgbEYv+QdfuLMtRVi9eO527vemLGkVpc= HTTP/1.1" 200 25
186.102.1.203 - - [07/Aug/2022:13:03:42 -0500] "GET /kwssiamovil/sm/acme/a?s=U2FsdGVkX18UkveurVP0ZrAaIayCZQYYEffxOV1ESwnn16D0jk6VbCkqngdyGiUo/LBqJv4/ujuMT1X3H72B+qryZhRVpKxnRBylv2DrZYUIB6nLTPlhbtFNYdgVVnK9O68vTJrBwvvr7RAqy6XZxqOuhVrQlCzre8vTlzVapNCg5BQL+7p4hVp0IfmlTeiVw7P0xFFFlx2XBgPUH1pDv+BQgxoIW45Ua0klIm7S9aE=&u=U2FsdGVkX1+Z2qS/kivOMLJyr4VVe/w71JKUroj6i8E=&y=U2FsdGVkX1+vgbEYv+QdfuLMtRVi9eO527vemLGkVpc= HTTP/1.1" 200 25
186.102.1.203 - - [07/Aug/2022:13:03:43 -0500] "GET /kwssiamovil/sm/acme/a?s=U2FsdGVkX19Ca4cfbU1D7sOqzCSHTIzs9eWBv7c1+WJ1PGmchlvoiPGx282aDo/eekn0QoDMqf7ODIYBgOnaK9UUnjMti36cHA8vtFFTPKv0J6WG/JC73H0pW2Z6XAvXoLxBuya5+HMHUDdi7rvgCmG2hVMM8CShmW3dDHXW/b2wg4C9uRcYtQIb4p7aH8KDR+PcPAHAGym5l1xaFlJo3wcijDo273cEDJ98r8cOfecu9HK7noYP3WMhssNg/v32f32CMiQ/MfDXxYClYRgClIHAG3FXwcYRuCpErNX34ax8G4U+kHNGqIcUu49SFKCRwe3MrCOhtI/nuVbl9tD6poNyM+4TTnPruGB3fhHa/F4gIipsjPokx/kRXMeGSv77fjuJBoWPAqgW7aOErG1oK8mOjk2uzlwWDQXihqYJt3/DoiQzXvLRyIoNpYKuMAjgJ32wLiD7wDvtbDiIZMtieH6qYYvlk9r/T20br8aUMOBKX09SxKHl5hEglxQTOLgcvUaHOwbsp9MqsvEqMnKxQQ==&u=U2FsdGVkX1+Z2qS/kivOMLJyr4VVe/w71JKUroj6i8E=&y=U2FsdGVkX1+vgbEYv+QdfuLMtRVi9eO527vemLGkVpc= HTTP/1.1" 200 25
186.102.1.203 - - [07/Aug/2022:13:03:43 -0500] "GET /kwssiamovil/sm/acme/a?s=U2FsdGVkX1/MICmLJin3l1ybqG9OU54+iZbHNRT3qEzStcooisTAsSwfIop7mtSkQk8pFEICgx83JI0IaW6A1j0rDwkyLGN8ozPbHj9GQgp45iaugEqZjgrLrejH0Hi36pBOyN2G/xqq7Q/AMUj2E4oyh/s4rnzF36ry98x4C0fRRX7Ve8PiLVZbGIai3I2XYLCymz82Id7SJfslBYLQww==&u=U2FsdGVkX1+Z2qS/kivOMLJyr4VVe/w71JKUroj6i8E=&y=U2FsdGVkX1+vgbEYv+QdfuLMtRVi9eO527vemLGkVpc= HTTP/1.1" 200 25
186.102.1.203 - - [07/Aug/2022:13:03:43 -0500] "GET /kwssiamovil/sm/acme/a?s=U2FsdGVkX19Qr9LkNomXfkDbBsTuhn3R0R8NL2QU9Rh1jmdOuWc2+DqXodjTtoVDbLe1sNHr0eKxIVcr80ffbAwVzEme2cD61fh40YgesTcr7uTs+6WT3zX4HxfBShxtxifSlfBmZI6TAZmfjSYj/s9NtpbCymwtsmzZmYBN/GqdZTdLG7zc0VxqYGjvg8eyHvpeUL4oD+VJrC4AHLwSimZPfrnQD4YJCTM3Py0iOfNhg7wUEBZ5jFvMg7HqY9OEAd6uZmeKv3adnANw6ILRPt8+x07bMWTmMjxdQ63bLIi6/9WGTNQn9Wynmydqm67gUBdpNEG/mSgmFIo3No8pABAkSQ0q8t+wwA8YG76MU71a0xRf8KyusMhoicAj73CPnxycPR8Gu6GzIP5Z/AxnKRSo+f1scFwCJ84OKxFK8M8EYV1d6NMGXly0esvIg0Xt5WMyy9crSRzq7iF+FSZ5RnbQyn/6MxCzJ8bXhdnzsNDCt/tM7kCSP59GJaHte4ay&u=U2FsdGVkX1+Z2qS/kivOMLJyr4VVe/w71JKUroj6i8E=&y=U2FsdGVkX1+vgbEYv+QdfuLMtRVi9eO527vemLGkVpc= HTTP/1.1" 200 25
186.102.1.203 - - [07/Aug/2022:13:03:43 -0500] "GET /kwssiamovil/sm/acme/a?s=U2FsdGVkX19t6iXLEflP/4+ll/bzpnIdnGQIyB4JiQR+07OHBrHl7GWgfy+pVgUIWXnFvRmh0ODu0iqJp/sL3UmMKXpSlfuih6z/TsjSOj3K6SwCgBTaQHa0RQ0v6yVJ/4SBypMlpR1UkdLTsXDHL/ep9O6q+tRTakMJEU4F3BSfriB1KT1OWwIUhtTIfq+yY2TiYGsslto6WPjljutoWQZxA2y6ChYHj2mq3AHYGlQ=&u=U2FsdGVkX1+Z2qS/kivOMLJyr4VVe/w71JKUroj6i8E=&y=U2FsdGVkX1+vgbEYv+QdfuLMtRVi9eO527vemLGkVpc= HTTP/1.1" 200 25
186.102.1.203 - - [07/Aug/2022:13:03:44 -0500] "GET /kwssiamovil/sm/acme/a?s=U2FsdGVkX1+FOxpF3IZjf77e8hz7UXKVNOVriIJXi6eI78axR7hCqcvQT1jO8U5gjNwT7a8Nx5PEp8zD0PhVyMXbtttqFkbgvw7YLEcjfKm355HwuJvRqXUdDvEUO/z48NVVfvCW1nYkSltI3+NxOWAukrGZyaYF7IURx2eWpzUpjg5ZpiwIkuXNgUWZJznIESAx4Z0ZK1QVkEp1E/hdzA==&u=U2FsdGVkX1+Z2qS/kivOMLJyr4VVe/w71JKUroj6i8E=&y=U2FsdGVkX1+vgbEYv+QdfuLMtRVi9eO527vemLGkVpc= HTTP/1.1" 200 25
201.245.192.253 - - [07/Aug/2022:13:03:46 -0500] "POST /kwsrmcab/Wsrmcab  HTTP/1.1" 200 44251
186.102.1.203 - - [07/Aug/2022:13:04:03 -0500] "GET /kwssiamovil/sm/acme/u?s=U2FsdGVkX1+bTgBRwXEv5B3nyLJI7Uv+M7gRdcVM+4Ertmvh6eJJjlZZUtjj0Wp/CvpZaH41S+T/dMbLHmKPpThcjW6wNP2iaGBm9klhVq8eFjUqtESokUCj4E2L32+MA3azg558/+U9Xs+g91pdGQ==&u=U2FsdGVkX1+Z2qS/kivOMLJyr4VVe/w71JKUroj6i8E=&y=U2FsdGVkX1+vgbEYv+QdfuLMtRVi9eO527vemLGkVpc= HTTP/1.1" 200 60
216.245.221.92 - - [07/Aug/2022:13:04:42 -0500] "HEAD / HTTP/1.1" 200 -
186.28.161.217 - - [07/Aug/2022:13:04:57 -0500] "GET / HTTP/1.1" 200 4720
186.28.161.217 - - [07/Aug/2022:13:04:57 -0500] "GET /js/url.js HTTP/1.1" 404 1294
186.28.161.217 - - [07/Aug/2022:13:04:57 -0500] "GET /favicon.ico HTTP/1.1" 404 1294
66.249.73.97 - - [07/Aug/2022:13:05:18 -0500] "-" 408 -
172.22.2.4 - - [07/Aug/2022:13:06:17 -0500] "HEAD /BLA/boletinlegal/ HTTP/1.1" 200 -
201.245.192.253 - - [07/Aug/2022:13:08:44 -0500] "POST /kwsrmcab/Wsrmcab  HTTP/1.1" 200 44251
172.22.2.4 - - [07/Aug/2022:13:07:07 -0500] "GET /BLA/boletinlegal/ HTTP/1.1" 200 59819
216.245.221.92 - - [07/Aug/2022:13:09:42 -0500] "HEAD / HTTP/1.1" 200 -
66.249.73.127 - - [07/Aug/2022:13:11:25 -0500] "-" 408 -
93.158.161.66 - - [07/Aug/2022:13:13:24 -0500] "-" 408 -
201.245.192.253 - - [07/Aug/2022:13:13:43 -0500] "POST /kwsrmcab/Wsrmcab  HTTP/1.1" 200 44251
172.22.2.4 - - [07/Aug/2022:13:12:07 -0500] "HEAD /BLA/boletinlegal/ HTTP/1.1" 200 -
172.22.2.4 - - [07/Aug/2022:13:12:58 -0500] "GET /BLA/boletinlegal/ HTTP/1.1" 200 56367
216.245.221.92 - - [07/Aug/2022:13:14:42 -0500] "HEAD / HTTP/1.1" 200 -
172.22.2.4 - - [07/Aug/2022:13:15:07 -0500] "GET /BLA/boletinlegal/style.css HTTP/1.1" 200 9406
172.22.2.4 - - [07/Aug/2022:13:15:07 -0500] "GET /BLA/boletinlegal/styles2.css HTTP/1.1" 200 1838
172.22.2.4 - - [07/Aug/2022:13:15:07 -0500] "GET /BLA/boletinlegal/js/jquery.js HTTP/1.1" 200 57254
172.22.2.4 - - [07/Aug/2022:13:15:07 -0500] "GET /BLA/boletinlegal/js/jquery.scrollTo-min.js HTTP/1.1" 200 1150
172.22.2.4 - - [07/Aug/2022:13:15:07 -0500] "GET /BLA/boletinlegal/js/jquery.scrollShow.js HTTP/1.1" 200 4586
172.22.2.4 - - [07/Aug/2022:13:15:07 -0500] "GET /BLA/boletinlegal/images/cabezote%20BLEGAL.jpg HTTP/1.1" 200 118164
172.22.2.4 - - [07/Aug/2022:13:15:07 -0500] "GET /BLA/boletinlegal/images/subscribe-icon-big.png HTTP/1.1" 200 47702
172.22.2.4 - - [07/Aug/2022:13:15:07 -0500] "GET /BLA/boletinlegal/images/historia.png HTTP/1.1" 200 52775
172.22.2.4 - - [07/Aug/2022:13:15:07 -0500] "GET /BLA/boletinlegal/images/arr_l.jpg HTTP/1.1" 200 1979
172.22.2.4 - - [07/Aug/2022:13:15:07 -0500] "GET /BLA/boletinlegal/images/registro-usuarios.png HTTP/1.1" 200 8106
172.22.2.4 - - [07/Aug/2022:13:15:07 -0500] "GET /BLA/boletinlegal/images/body_bg.jpg HTTP/1.1" 200 1601
172.22.2.4 - - [07/Aug/2022:13:15:07 -0500] "GET /BLA/boletinlegal/images/menu_rght.gif HTTP/1.1" 200 1627
172.22.2.4 - - [07/Aug/2022:13:15:07 -0500] "GET /BLA/boletinlegal/images/hover.jpg HTTP/1.1" 200 640
172.22.2.4 - - [07/Aug/2022:13:15:07 -0500] "GET /BLA/boletinlegal/images/menu_lft.gif HTTP/1.1" 200 1713
172.22.2.4 - - [07/Aug/2022:13:15:07 -0500] "GET /BLA/boletinlegal/images/bg_top.jpg HTTP/1.1" 200 522
172.22.2.4 - - [07/Aug/2022:13:15:07 -0500] "GET /BLA/boletinlegal/images/menu_bg.jpg HTTP/1.1" 200 620
172.22.2.4 - - [07/Aug/2022:13:15:07 -0500] "GET /BLA/boletinlegal/images/text.jpg HTTP/1.1" 200 568
172.22.2.4 - - [07/Aug/2022:13:15:07 -0500] "GET /BLA/boletinlegal/images/screen_1.png HTTP/1.1" 200 202547
172.22.2.4 - - [07/Aug/2022:13:15:07 -0500] "GET /BLA/boletinlegal/images/launch.jpg HTTP/1.1" 200 14577
172.22.2.4 - - [07/Aug/2022:13:15:14 -0500] "GET /BLA/boletinlegal/images/screen_2.png HTTP/1.1" 200 362502
172.22.2.4 - - [07/Aug/2022:13:15:14 -0500] "GET /BLA/boletinlegal/images/screen_5.png HTTP/1.1" 200 368876
172.22.2.4 - - [07/Aug/2022:13:15:14 -0500] "GET /BLA/boletinlegal/images/screen_3.png HTTP/1.1" 200 210620
172.22.2.4 - - [07/Aug/2022:13:15:14 -0500] "GET /BLA/boletinlegal/images/arr_r.jpg HTTP/1.1" 200 1998
172.22.2.4 - - [07/Aug/2022:13:15:16 -0500] "GET /BLA/boletinlegal/images/footer_bg.jpg HTTP/1.1" 200 586
172.22.2.4 - - [07/Aug/2022:13:15:22 -0500] "GET /BLA/boletinlegal/images/pdf.gif HTTP/1.1" 200 567
172.22.2.4 - - [07/Aug/2022:13:15:07 -0500] "GET /BLA/boletinlegal/ HTTP/1.1" 200 61387
40.77.167.65 - - [07/Aug/2022:13:17:02 -0500] "GET /BLA/resoluciones/AUTOS%202022/2183.pdf HTTP/1.1" 200 398488
186.28.161.217 - - [07/Aug/2022:13:17:09 -0500] "POST /procesar.php HTTP/1.1" 200 974
66.249.73.127 - - [07/Aug/2022:13:17:35 -0500] "-" 408 -
172.22.2.4 - - [07/Aug/2022:13:18:06 -0500] "GET /BLA/boletinlegal/robots.txt HTTP/1.1" 404 1038
186.28.161.217 - - [07/Aug/2022:13:18:29 -0500] "GET /culebra-guardacaminos-regulador-de-pequenos-vertebrados.html HTTP/1.1" 200 789
201.245.192.253 - - [07/Aug/2022:13:18:43 -0500] "POST /kwsrmcab/Wsrmcab  HTTP/1.1" 200 44251
172.22.2.4 - - [07/Aug/2022:13:17:57 -0500] "HEAD /BLA/boletinlegal/ HTTP/1.1" 200 -
216.245.221.92 - - [07/Aug/2022:13:19:42 -0500] "HEAD / HTTP/1.1" 200 -
172.22.2.4 - - [07/Aug/2022:13:19:45 -0500] "GET /BLA/boletinlegal/doctrina.php HTTP/1.1" 200 5604
172.22.2.4 - - [07/Aug/2022:13:19:45 -0500] "GET /BLA/boletinlegal/js/ajax_doctrina.js HTTP/1.1" 200 772
172.22.2.4 - - [07/Aug/2022:13:19:45 -0500] "GET /BLA/boletinlegal/images/sub_ul_li.gif HTTP/1.1" 200 343
172.22.2.4 - - [07/Aug/2022:13:19:46 -0500] "GET /BLA/boletinlegal/actos.php HTTP/1.1" 200 9559
172.22.2.4 - - [07/Aug/2022:13:18:08 -0500] "GET /BLA/boletinlegal/ HTTP/1.1" 200 49092
172.22.2.4 - - [07/Aug/2022:13:19:51 -0500] "GET /BLA/boletinlegal/consulta_actos.php?tipo=autos&no=3468&usuario=&sector=&fecha=2022&resuelve= HTTP/1.1" 200 626
172.22.2.4 - - [07/Aug/2022:13:19:51 -0500] "GET /BLA/boletinlegal/consulta_actos.php?tipo=autos&no=3468&usuario=&sector=&fecha=2022&resuelve= HTTP/1.1" 200 626
172.22.2.4 - - [07/Aug/2022:13:19:51 -0500] "GET /BLA/boletinlegal/consulta_actos.php?tipo=autos&no=3468&usuario=&sector=&fecha=2022&resuelve= HTTP/1.1" 200 626
201.245.192.253 - - [07/Aug/2022:13:19:59 -0500] "POST /kwsrmcab/Wsrmcab HTTP/1.1" 200 46218
201.245.192.253 - - [07/Aug/2022:13:20:03 -0500] "POST /kwsrmcab/Wsrmcab HTTP/1.1" 200 47671
172.22.2.4 - - [07/Aug/2022:13:18:47 -0500] "GET /BLA/boletinlegal/ HTTP/1.1" 200 44034
172.22.2.4 - - [07/Aug/2022:13:19:40 -0500] "GET /BLA/boletinlegal/ HTTP/1.1" 200 24523
172.22.2.4 - - [07/Aug/2022:13:22:08 -0500] "GET /BLA/boletinlegal/robots.txt HTTP/1.1" 404 1038
172.22.2.4 - - [07/Aug/2022:13:22:08 -0500] "GET /BLA/boletinlegal/jurisprudencia/analisis/AnalisisT-606-15.docx HTTP/1.1" 304 -
185.119.81.99 - - [07/Aug/2022:13:22:44 -0500] "GET /portaldeninos/wp-login.php HTTP/1.1" 200 2592
185.119.81.99 - - [07/Aug/2022:13:22:45 -0500] "POST /portaldeninos/wp-login.php HTTP/1.1" 200 3650
69.171.231.1 - - [07/Aug/2022:13:22:55 -0500] "GET /images/Junio%2002-experiencias-jardines-verticales-sda.jpeg HTTP/1.1" 200 31171
93.158.161.54 - - [07/Aug/2022:13:23:24 -0500] "-" 408 -
201.245.192.253 - - [07/Aug/2022:13:23:43 -0500] "POST /kwsrmcab/Wsrmcab  HTTP/1.1" 200 44251
66.249.73.127 - - [07/Aug/2022:13:23:51 -0500] "-" 408 -
216.245.221.92 - - [07/Aug/2022:13:24:42 -0500] "HEAD / HTTP/1.1" 200 -
172.22.2.4 - - [07/Aug/2022:13:23:47 -0500] "HEAD /BLA/boletinlegal/ HTTP/1.1" 200 -
172.22.2.4 - - [07/Aug/2022:13:24:37 -0500] "GET /BLA/boletinlegal/ HTTP/1.1" 200 58154
201.245.192.253 - - [07/Aug/2022:13:28:42 -0500] "POST /kwsrmcab/Wsrmcab  HTTP/1.1" 200 44251
216.245.221.92 - - [07/Aug/2022:13:29:42 -0500] "HEAD / HTTP/1.1" 200 -
201.245.192.253 - - [07/Aug/2022:13:29:59 -0500] "POST /kwsrmcab/Wsrmcab HTTP/1.1" 200 46218
201.245.192.253 - - [07/Aug/2022:13:30:03 -0500] "POST /kwsrmcab/Wsrmcab HTTP/1.1" 200 47671
172.22.2.4 - - [07/Aug/2022:13:29:37 -0500] "HEAD /BLA/boletinlegal/ HTTP/1.1" 200 -
172.22.2.4 - - [07/Aug/2022:13:30:27 -0500] "GET /BLA/boletinlegal/ HTTP/1.1" 200 58154
93.158.161.28 - - [07/Aug/2022:13:33:24 -0500] "-" 408 -
201.245.192.253 - - [07/Aug/2022:13:33:41 -0500] "POST /kwsrmcab/Wsrmcab  HTTP/1.1" 200 44251
216.245.221.92 - - [07/Aug/2022:13:34:42 -0500] "HEAD / HTTP/1.1" 200 -
172.22.2.4 - - [07/Aug/2022:13:35:27 -0500] "HEAD /BLA/boletinlegal/ HTTP/1.1" 200 -
207.46.13.20 - - [07/Aug/2022:13:37:10 -0500] "GET /POT-2013/Cartografia/30_PATRIMONIO_CULTURAL.pdf HTTP/1.1" 200 2804509
186.29.86.13 - - [07/Aug/2022:13:37:14 -0500] "-" 408 -
77.88.5.43 - - [07/Aug/2022:13:37:22 -0500] "-" 408 -
77.88.5.235 - - [07/Aug/2022:13:37:42 -0500] "-" 408 -
77.88.5.230 - - [07/Aug/2022:13:37:50 -0500] "-" 408 -
77.88.5.167 - - [07/Aug/2022:13:37:55 -0500] "-" 408 -
172.22.2.4 - - [07/Aug/2022:13:36:17 -0500] "GET /BLA/boletinlegal/ HTTP/1.1" 200 52868
93.158.161.74 - - [07/Aug/2022:13:38:10 -0500] "-" 408 -
77.88.5.245 - - [07/Aug/2022:13:38:25 -0500] "-" 408 -
201.245.192.253 - - [07/Aug/2022:13:38:40 -0500] "POST /kwsrmcab/Wsrmcab  HTTP/1.1" 200 44251
77.88.5.86 - - [07/Aug/2022:13:38:56 -0500] "-" 408 -
190.27.30.47 - - [07/Aug/2022:13:39:15 -0500] "GET /BLA/boletinlegal/js/jquery.scrollShow.js HTTP/1.1" 200 4586
190.27.30.47 - - [07/Aug/2022:13:39:15 -0500] "GET /galeria/galeria/jquery.fancybox.css?v=2.1.5 HTTP/1.1" 200 4895
190.27.30.47 - - [07/Aug/2022:13:39:15 -0500] "GET /galeria/galeria/jquery.fancybox.js?v=2.1.5 HTTP/1.1" 200 48706
216.245.221.92 - - [07/Aug/2022:13:39:42 -0500] "HEAD / HTTP/1.1" 200 -
77.88.5.250 - - [07/Aug/2022:13:39:56 -0500] "-" 408 -
201.245.192.253 - - [07/Aug/2022:13:39:58 -0500] "POST /kwsrmcab/Wsrmcab HTTP/1.1" 200 46218
201.245.192.253 - - [07/Aug/2022:13:40:02 -0500] "POST /kwsrmcab/Wsrmcab HTTP/1.1" 200 47671
77.88.5.81 - - [07/Aug/2022:13:40:56 -0500] "-" 408 -
173.252.95.20 - - [07/Aug/2022:13:41:48 -0500] "GET /incautadas-tarantulas-que-iban-a-ser-exportadas-ilegalmente-desde-bogota-hasta-mexico.html HTTP/1.1" 206 899
157.55.39.23 - - [07/Aug/2022:13:42:46 -0500] "-" 408 -
77.88.5.214 - - [07/Aug/2022:13:42:56 -0500] "-" 408 -
172.22.2.4 - - [07/Aug/2022:13:41:17 -0500] "HEAD /BLA/boletinlegal/ HTTP/1.1" 200 -
173.252.95.13 - - [07/Aug/2022:13:43:20 -0500] "GET /images/animal-langostilla-protocolo-11-noviembre.jpg HTTP/1.1" 200 117767
173.252.79.16 - - [07/Aug/2022:13:43:21 -0500] "GET /images/animal-langostilla-protocolo-11-noviembre.jpg HTTP/1.1" 200 117767
201.245.192.253 - - [07/Aug/2022:13:43:39 -0500] "POST /kwsrmcab/Wsrmcab  HTTP/1.1" 200 44251
172.22.2.4 - - [07/Aug/2022:13:42:07 -0500] "GET /BLA/boletinlegal/ HTTP/1.1" 200 58566
207.46.13.148 - - [07/Aug/2022:13:44:03 -0500] "GET /portaldeninos/wp-content/uploads/2021/11/cronica-mujer-junio-tinguas-azules-29-junio-50x28.png HTTP/1.1" 200 3917
216.245.221.92 - - [07/Aug/2022:13:44:42 -0500] "HEAD / HTTP/1.1" 200 -
77.88.5.208 - - [07/Aug/2022:13:45:56 -0500] "-" 408 -
201.245.192.253 - - [07/Aug/2022:13:48:39 -0500] "POST /kwsrmcab/Wsrmcab  HTTP/1.1" 200 44251
172.22.2.4 - - [07/Aug/2022:13:47:07 -0500] "HEAD /BLA/boletinlegal/ HTTP/1.1" 200 -
172.22.2.4 - - [07/Aug/2022:13:47:57 -0500] "GET /BLA/boletinlegal/ HTTP/1.1" 200 60865
216.245.221.92 - - [07/Aug/2022:13:49:42 -0500] "HEAD / HTTP/1.1" 200 -
45.95.55.5 - - [07/Aug/2022:13:50:25 -0500] "GET / HTTP/1.1" 200 319
77.88.5.44 - - [07/Aug/2022:13:50:56 -0500] "-" 408 -
201.245.192.253 - - [07/Aug/2022:13:53:37 -0500] "POST /kwsrmcab/Wsrmcab  HTTP/1.1" 200 44251
172.22.2.4 - - [07/Aug/2022:13:52:57 -0500] "HEAD /BLA/boletinlegal/ HTTP/1.1" 200 -
216.245.221.92 - - [07/Aug/2022:13:54:42 -0500] "HEAD / HTTP/1.1" 200 -
172.22.2.4 - - [07/Aug/2022:13:53:47 -0500] "GET /BLA/boletinlegal/ HTTP/1.1" 200 54347
172.22.2.4 - - [07/Aug/2022:13:58:29 -0500] "GET /BLA/boletinlegal/Circulares/2011/Circular%20No.%209%20del%2003%20de%20Noviembre%20de%202011.pdf HTTP/1.1" 304 -
201.245.192.253 - - [07/Aug/2022:13:58:35 -0500] "POST /kwsrmcab/Wsrmcab  HTTP/1.1" 200 44251
191.95.60.194 - - [07/Aug/2022:13:58:54 -0500] "GET /galeria/galeria/jquery.fancybox.css?v=2.1.5 HTTP/1.1" 200 4895
77.88.5.23 - - [07/Aug/2022:13:58:57 -0500] "-" 408 -
216.245.221.92 - - [07/Aug/2022:13:59:42 -0500] "HEAD / HTTP/1.1" 200 -
185.119.81.96 - - [07/Aug/2022:13:59:51 -0500] "GET /portaldeninos/wp-login.php HTTP/1.1" 200 2592
185.119.81.96 - - [07/Aug/2022:13:59:52 -0500] "POST /portaldeninos/wp-login.php HTTP/1.1" 200 3650
190.253.152.240 - - [07/Aug/2022:14:00:22 -0500] "GET /BLA/resoluciones/index.php?dir= HTTP/1.1" 200 13093
190.253.152.240 - - [07/Aug/2022:14:00:25 -0500] "GET /BLA/resoluciones/index.php?dir=AUTOS+2013%2F HTTP/1.1" 200 405798
172.22.2.4 - - [07/Aug/2022:13:58:47 -0500] "HEAD /BLA/boletinlegal/ HTTP/1.1" 200 -
190.253.152.240 - - [07/Aug/2022:14:00:30 -0500] "GET /BLA/resoluciones/AUTOS%202013/0190.pdf HTTP/1.1" 200 3325531
34.125.14.185 - - [07/Aug/2022:14:01:00 -0500] "GET /galeria/galeria/jquery.fancybox.css?v=2.1.5 HTTP/1.1" 200 4895
34.125.14.185 - - [07/Aug/2022:14:01:00 -0500] "GET /BLA/boletinlegal/js/jquery.scrollShow.js HTTP/1.1" 200 4586
34.125.14.185 - - [07/Aug/2022:14:01:00 -0500] "GET /galeria/galeria/jquery.fancybox.js?v=2.1.5 HTTP/1.1" 200 48706
34.125.14.185 - - [07/Aug/2022:14:01:02 -0500] "GET /galeria/carrusel/Carrusel/jquery.thumbnailScroller.css HTTP/1.1" 200 2066
34.125.14.185 - - [07/Aug/2022:14:01:03 -0500] "GET /galeria/carrusel/Carrusel/jquery-ui-1.8.13.custom.min.js HTTP/1.1" 200 10800
34.125.14.185 - - [07/Aug/2022:14:01:03 -0500] "GET /galeria/carrusel/Carrusel/jquery.thumbnailScroller.js HTTP/1.1" 200 8157
34.125.14.185 - - [07/Aug/2022:14:01:04 -0500] "GET /galeria/nivo-slider/demo/banner.html HTTP/1.1" 200 5446
34.125.14.185 - - [07/Aug/2022:14:01:05 -0500] "GET /galeria/nivo-slider/themes/default/default.css HTTP/1.1" 200 1569
34.125.14.185 - - [07/Aug/2022:14:01:05 -0500] "GET /galeria/nivo-slider/themes/orman/orman.css HTTP/1.1" 200 2152
34.125.14.185 - - [07/Aug/2022:14:01:05 -0500] "GET /galeria/nivo-slider/themes/pascal/pascal.css HTTP/1.1" 200 2258
34.125.14.185 - - [07/Aug/2022:14:01:05 -0500] "GET /galeria/nivo-slider/nivo-slider.css HTTP/1.1" 200 1507
34.125.200.145 - - [07/Aug/2022:14:01:05 -0500] "GET /galeria/nivo-slider/demo/style.css HTTP/1.1" 200 2222
34.125.14.185 - - [07/Aug/2022:14:01:05 -0500] "GET /galeria/nivo-slider/demo/scripts/jquery-1.7.1.min.js HTTP/1.1" 200 93868
34.125.14.185 - - [07/Aug/2022:14:01:05 -0500] "GET /galeria/nivo-slider/demo/images/Bannermujeresquereverdecen.jpg HTTP/1.1" 200 46558
34.125.14.185 - - [07/Aug/2022:14:01:05 -0500] "GET /galeria/nivo-slider/jquery.nivo.slider.pack.js HTTP/1.1" 200 11561
34.125.14.185 - - [07/Aug/2022:14:01:05 -0500] "GET /galeria/nivo-slider/demo/images/bannertortuga_optimized.jpg HTTP/1.1" 200 39066
34.125.200.145 - - [07/Aug/2022:14:01:06 -0500] "GET /galeria/nivo-slider/demo/images/bannertrafico_optimized.jpg HTTP/1.1" 200 42578
34.125.200.145 - - [07/Aug/2022:14:01:06 -0500] "GET /galeria/nivo-slider/demo/images/Bannersedeelectronica.jpg HTTP/1.1" 200 40383
34.125.14.185 - - [07/Aug/2022:14:01:06 -0500] "GET /galeria/nivo-slider/demo/images/bannerrutaesperanza.jpg HTTP/1.1" 200 55560
34.125.14.185 - - [07/Aug/2022:14:01:06 -0500] "GET /galeria/nivo-slider/demo/images/banneraire2021.jpg HTTP/1.1" 200 265101
34.125.14.185 - - [07/Aug/2022:14:01:06 -0500] "GET /galeria/nivo-slider/demo/images/Bannerplasticosseptiembre.jpg HTTP/1.1" 200 45633
34.125.14.185 - - [07/Aug/2022:14:01:07 -0500] "GET /galeria/nivo-slider/demo/images/4Simple_Slider.png HTTP/1.1" 200 11722
34.125.14.185 - - [07/Aug/2022:14:01:08 -0500] "GET /galeria/nivo-slider/themes/default/loading.gif HTTP/1.1" 200 1737
34.125.14.185 - - [07/Aug/2022:14:01:08 -0500] "GET /galeria/nivo-slider/demo/images/bannerresiduoshospitalariosagosto.jpg HTTP/1.1" 200 36499
34.125.14.185 - - [07/Aug/2022:14:01:08 -0500] "GET /galeria/nivo-slider/demo/images/banneraccionpopularcrr68.jpg HTTP/1.1" 200 51887
34.125.14.185 - - [07/Aug/2022:14:01:08 -0500] "GET /galeria/nivo-slider/demo/images/banneraccionpopular.jpeg HTTP/1.1" 200 41707
34.125.200.145 - - [07/Aug/2022:14:01:08 -0500] "GET /galeria/nivo-slider/demo/images/bannerclases2021.jpg HTTP/1.1" 200 68230
34.125.200.145 - - [07/Aug/2022:14:01:08 -0500] "GET /galeria/nivo-slider/demo/images/bannercapacitacionesbogota.jpg HTTP/1.1" 200 42416
34.125.14.185 - - [07/Aug/2022:14:01:08 -0500] "GET /galeria/nivo-slider/demo/images/Bannerenvases.jpg HTTP/1.1" 200 37316
34.125.14.185 - - [07/Aug/2022:14:01:08 -0500] "GET /galeria/nivo-slider/demo/images/Bannervirtualescanales.jpg HTTP/1.1" 200 174544
172.22.2.4 - - [07/Aug/2022:13:59:38 -0500] "GET /BLA/boletinlegal/ HTTP/1.1" 200 60272
34.125.14.185 - - [07/Aug/2022:14:01:20 -0500] "GET /galeria/nivo-slider/themes/default/arrows.png HTTP/1.1" 200 824
34.125.200.145 - - [07/Aug/2022:14:01:20 -0500] "GET /galeria/nivo-slider/themes/default/bullets.png HTTP/1.1" 200 1281
201.245.192.253 - - [07/Aug/2022:14:03:34 -0500] "POST /kwsrmcab/Wsrmcab  HTTP/1.1" 200 44251
216.245.221.92 - - [07/Aug/2022:14:04:42 -0500] "HEAD / HTTP/1.1" 200 -
34.125.14.185 - - [07/Aug/2022:14:05:13 -0500] "GET /galeria/galeria/jquery.fancybox.css?v=2.1.5 HTTP/1.1" 200 4895
34.125.14.185 - - [07/Aug/2022:14:05:13 -0500] "GET /BLA/boletinlegal/js/jquery.scrollShow.js HTTP/1.1" 200 4586
34.125.14.185 - - [07/Aug/2022:14:05:13 -0500] "GET /galeria/galeria/jquery.fancybox.js?v=2.1.5 HTTP/1.1" 200 48706
34.125.14.185 - - [07/Aug/2022:14:05:17 -0500] "GET /galeria/carrusel/Carrusel/jquery.thumbnailScroller.css HTTP/1.1" 200 2066
34.125.14.185 - - [07/Aug/2022:14:05:17 -0500] "GET /galeria/carrusel/Carrusel/jquery-ui-1.8.13.custom.min.js HTTP/1.1" 200 10800
34.125.14.185 - - [07/Aug/2022:14:05:17 -0500] "GET /galeria/carrusel/Carrusel/jquery.thumbnailScroller.js HTTP/1.1" 200 8157
34.125.14.185 - - [07/Aug/2022:14:05:18 -0500] "GET /galeria/nivo-slider/demo/banner.html HTTP/1.1" 200 5446
34.125.14.185 - - [07/Aug/2022:14:05:19 -0500] "GET /galeria/nivo-slider/themes/default/default.css HTTP/1.1" 200 1569
34.125.14.185 - - [07/Aug/2022:14:05:19 -0500] "GET /galeria/nivo-slider/themes/pascal/pascal.css HTTP/1.1" 200 2258
34.125.14.185 - - [07/Aug/2022:14:05:19 -0500] "GET /galeria/nivo-slider/themes/orman/orman.css HTTP/1.1" 200 2152
34.125.14.185 - - [07/Aug/2022:14:05:19 -0500] "GET /galeria/nivo-slider/nivo-slider.css HTTP/1.1" 200 1507
34.125.14.185 - - [07/Aug/2022:14:05:19 -0500] "GET /galeria/nivo-slider/demo/style.css HTTP/1.1" 200 2222
34.125.14.185 - - [07/Aug/2022:14:05:19 -0500] "GET /galeria/nivo-slider/demo/scripts/jquery-1.7.1.min.js HTTP/1.1" 200 93868
34.125.14.185 - - [07/Aug/2022:14:05:19 -0500] "GET /galeria/nivo-slider/jquery.nivo.slider.pack.js HTTP/1.1" 200 11561
34.125.14.185 - - [07/Aug/2022:14:05:19 -0500] "GET /galeria/nivo-slider/demo/images/bannertortuga_optimized.jpg HTTP/1.1" 200 39066
34.125.14.185 - - [07/Aug/2022:14:05:19 -0500] "GET /galeria/nivo-slider/demo/images/Bannermujeresquereverdecen.jpg HTTP/1.1" 200 46558
34.125.14.185 - - [07/Aug/2022:14:05:20 -0500] "GET /galeria/nivo-slider/demo/images/bannertrafico_optimized.jpg HTTP/1.1" 200 42578
34.125.14.185 - - [07/Aug/2022:14:05:20 -0500] "GET /galeria/nivo-slider/demo/images/Bannersedeelectronica.jpg HTTP/1.1" 200 40383
34.125.14.185 - - [07/Aug/2022:14:05:20 -0500] "GET /galeria/nivo-slider/demo/images/4Simple_Slider.png HTTP/1.1" 200 11722
34.125.14.185 - - [07/Aug/2022:14:05:21 -0500] "GET /galeria/nivo-slider/themes/default/loading.gif HTTP/1.1" 200 1737
34.125.14.185 - - [07/Aug/2022:14:05:22 -0500] "GET /galeria/nivo-slider/demo/images/bannerrutaesperanza.jpg HTTP/1.1" 200 55560
34.125.14.185 - - [07/Aug/2022:14:05:22 -0500] "GET /galeria/nivo-slider/demo/images/banneraire2021.jpg HTTP/1.1" 200 265101
34.125.14.185 - - [07/Aug/2022:14:05:22 -0500] "GET /galeria/nivo-slider/demo/images/Bannerplasticosseptiembre.jpg HTTP/1.1" 200 45633
34.125.14.185 - - [07/Aug/2022:14:05:23 -0500] "GET /galeria/nivo-slider/demo/images/bannerresiduoshospitalariosagosto.jpg HTTP/1.1" 200 36499
34.125.14.185 - - [07/Aug/2022:14:05:24 -0500] "GET /galeria/nivo-slider/demo/images/banneraccionpopularcrr68.jpg HTTP/1.1" 200 51887
34.125.14.185 - - [07/Aug/2022:14:05:24 -0500] "GET /galeria/nivo-slider/demo/images/banneraccionpopular.jpeg HTTP/1.1" 200 41707
34.125.14.185 - - [07/Aug/2022:14:05:24 -0500] "GET /galeria/nivo-slider/demo/images/bannerclases2021.jpg HTTP/1.1" 200 68230
34.125.14.185 - - [07/Aug/2022:14:05:25 -0500] "GET /galeria/nivo-slider/demo/images/bannercapacitacionesbogota.jpg HTTP/1.1" 200 42416
34.125.14.185 - - [07/Aug/2022:14:05:25 -0500] "GET /galeria/nivo-slider/demo/images/Bannerenvases.jpg HTTP/1.1" 200 37316
34.125.14.185 - - [07/Aug/2022:14:05:26 -0500] "GET /galeria/nivo-slider/demo/images/Bannervirtualescanales.jpg HTTP/1.1" 200 174544
34.125.14.185 - - [07/Aug/2022:14:05:30 -0500] "GET /galeria/nivo-slider/themes/default/arrows.png HTTP/1.1" 200 824
34.125.14.185 - - [07/Aug/2022:14:05:30 -0500] "GET /galeria/nivo-slider/themes/default/bullets.png HTTP/1.1" 200 1281
172.22.2.4 - - [07/Aug/2022:14:04:37 -0500] "HEAD /BLA/boletinlegal/ HTTP/1.1" 200 -
172.22.2.4 - - [07/Aug/2022:14:05:27 -0500] "GET /BLA/boletinlegal/ HTTP/1.1" 200 54814
172.22.2.4 - - [07/Aug/2022:14:07:07 -0500] "GET /BLA/boletinlegal/Circulares/2013/Circular%20No.%202%20del%2022%20de%20enero%20de%202013.pdf HTTP/1.1" 200 85466
173.252.95.11 - - [07/Aug/2022:14:08:36 -0500] "GET /unidos-por-un-nuevo-aire-un-ano-de-pacto-del-compromiso-por-bogota.html HTTP/1.1" 206 764
201.245.192.253 - - [07/Aug/2022:14:08:33 -0500] "POST /kwsrmcab/Wsrmcab  HTTP/1.1" 200 44251
173.252.87.120 - - [07/Aug/2022:14:08:38 -0500] "GET /images/prueba3.jpeg HTTP/1.1" 200 88955
77.88.5.244 - - [07/Aug/2022:14:08:57 -0500] "-" 408 -
216.245.221.92 - - [07/Aug/2022:14:09:43 -0500] "HEAD / HTTP/1.1" 200 -
201.245.192.253 - - [07/Aug/2022:14:10:28 -0500] "GET /sipse/faces/index.xhtml HTTP/1.1" 200 677
201.245.192.253 - - [07/Aug/2022:14:10:28 -0500] "GET /sipse/faces/javax.faces.resource/theme.css?ln=primefaces-sipse HTTP/1.1" 304 -
201.245.192.253 - - [07/Aug/2022:14:10:28 -0500] "GET /sipse/faces/faces/autenticacion.xhtml HTTP/1.1" 200 12171
201.245.192.253 - - [07/Aug/2022:14:10:28 -0500] "GET /sipse/js/disable_browser_buttons.js HTTP/1.1" 304 -
201.245.192.253 - - [07/Aug/2022:14:10:28 -0500] "GET /sipse/js/funciones.js HTTP/1.1" 304 -
201.245.192.253 - - [07/Aug/2022:14:10:28 -0500] "GET /sipse/css/custom_css_sg_prime_login.css HTTP/1.1" 304 -
201.245.192.253 - - [07/Aug/2022:14:10:28 -0500] "GET /sipse/css/custom_css_sg.css HTTP/1.1" 304 -
201.245.192.253 - - [07/Aug/2022:14:10:28 -0500] "GET /sipse/faces/javax.faces.resource/primefaces.css?ln=primefaces&v=4.0 HTTP/1.1" 304 -
201.245.192.253 - - [07/Aug/2022:14:10:28 -0500] "GET /sipse/faces/javax.faces.resource/theme.css?ln=primefaces-sipse HTTP/1.1" 304 -
201.245.192.253 - - [07/Aug/2022:14:10:28 -0500] "GET /sipse/faces/javax.faces.resource/layout/layout.css?ln=primefaces&v=4.0 HTTP/1.1" 304 -
201.245.192.253 - - [07/Aug/2022:14:10:28 -0500] "GET /sipse/faces/javax.faces.resource/jquery/jquery.js?ln=primefaces&v=4.0 HTTP/1.1" 304 -
201.245.192.253 - - [07/Aug/2022:14:10:28 -0500] "GET /sipse/faces/javax.faces.resource/jquery/jquery-plugins.js?ln=primefaces&v=4.0 HTTP/1.1" 304 -
201.245.192.253 - - [07/Aug/2022:14:10:28 -0500] "GET /sipse/faces/javax.faces.resource/primefaces.js?ln=primefaces&v=4.0 HTTP/1.1" 304 -
201.245.192.253 - - [07/Aug/2022:14:10:28 -0500] "GET /sipse/faces/javax.faces.resource/layout/layout.js?ln=primefaces&v=4.0 HTTP/1.1" 304 -
201.245.192.253 - - [07/Aug/2022:14:10:28 -0500] "GET /sipse/css/imagen/logoSDG.png HTTP/1.1" 304 -
201.245.192.253 - - [07/Aug/2022:14:10:28 -0500] "GET /sipse/css/imagen/loginimg.png HTTP/1.1" 304 -
201.245.192.253 - - [07/Aug/2022:14:10:28 -0500] "GET /sipse/faces/javax.faces.resource/images/ui-icons_898989_256x240.png?ln=primefaces-aristo HTTP/1.1" 304 -
201.245.192.253 - - [07/Aug/2022:14:10:39 -0500] "POST /sipse/faces/autenticacion.xhtml HTTP/1.1" 200 11165
201.245.192.253 - - [07/Aug/2022:14:10:39 -0500] "GET /sipse/css/custom_css_sg_prime.css HTTP/1.1" 304 -
201.245.192.253 - - [07/Aug/2022:14:10:39 -0500] "GET /sipse/faces/javax.faces.resource/theme.css?ln=primefaces-sipse HTTP/1.1" 304 -
201.245.192.253 - - [07/Aug/2022:14:10:39 -0500] "GET /sipse/faces/javax.faces.resource/jquery/jquery.js?ln=primefaces&v=4.0 HTTP/1.1" 304 -
201.245.192.253 - - [07/Aug/2022:14:10:39 -0500] "GET /sipse/faces/javax.faces.resource/layout/layout.css?ln=primefaces&v=4.0 HTTP/1.1" 304 -
201.245.192.253 - - [07/Aug/2022:14:10:39 -0500] "GET /sipse/faces/javax.faces.resource/primefaces.css?ln=primefaces&v=4.0 HTTP/1.1" 304 -
201.245.192.253 - - [07/Aug/2022:14:10:39 -0500] "GET /sipse/faces/javax.faces.resource/jquery/jquery-plugins.js?ln=primefaces&v=4.0 HTTP/1.1" 304 -
201.245.192.253 - - [07/Aug/2022:14:10:39 -0500] "GET /sipse/faces/javax.faces.resource/primefaces.js?ln=primefaces&v=4.0 HTTP/1.1" 304 -
201.245.192.253 - - [07/Aug/2022:14:10:39 -0500] "GET /sipse/faces/javax.faces.resource/layout/layout.js?ln=primefaces&v=4.0 HTTP/1.1" 304 -
201.245.192.253 - - [07/Aug/2022:14:10:39 -0500] "GET /sipse/faces/javax.faces.resource/messages/messages.png?ln=primefaces&v=4.0 HTTP/1.1" 304 -
201.245.192.253 - - [07/Aug/2022:14:10:41 -0500] "POST /sipse/faces/presentacion/sistema/seguridad/seleccionRol.xhtml HTTP/1.1" 200 5600
201.245.192.253 - - [07/Aug/2022:14:10:42 -0500] "POST /sipse/faces/presentacion/sistema/seguridad/seleccionRol.xhtml HTTP/1.1" 200 17510
201.245.192.253 - - [07/Aug/2022:14:10:42 -0500] "GET /sipse/faces/javax.faces.resource/theme.css?ln=primefaces-sipse HTTP/1.1" 304 -
201.245.192.253 - - [07/Aug/2022:14:10:42 -0500] "GET /sipse/faces/javax.faces.resource/layout/layout.css?ln=primefaces&v=4.0 HTTP/1.1" 304 -
201.245.192.253 - - [07/Aug/2022:14:10:42 -0500] "GET /sipse/faces/javax.faces.resource/primefaces.css?ln=primefaces&v=4.0 HTTP/1.1" 304 -
201.245.192.253 - - [07/Aug/2022:14:10:42 -0500] "GET /sipse/js/jquery.min.js HTTP/1.1" 304 -
201.245.192.253 - - [07/Aug/2022:14:10:42 -0500] "GET /sipse/faces/javax.faces.resource/jquery/jquery.js?ln=primefaces&v=4.0 HTTP/1.1" 304 -
201.245.192.253 - - [07/Aug/2022:14:10:42 -0500] "GET /sipse/faces/javax.faces.resource/jquery/jquery-plugins.js?ln=primefaces&v=4.0 HTTP/1.1" 304 -
201.245.192.253 - - [07/Aug/2022:14:10:42 -0500] "GET /sipse/faces/javax.faces.resource/primefaces.js?ln=primefaces&v=4.0 HTTP/1.1" 304 -
201.245.192.253 - - [07/Aug/2022:14:10:43 -0500] "GET /sipse/faces/javax.faces.resource/layout/layout.js?ln=primefaces&v=4.0 HTTP/1.1" 304 -
201.245.192.253 - - [07/Aug/2022:14:10:43 -0500] "GET /sipse/imagenes/cargando.gif HTTP/1.1" 304 -
201.245.192.253 - - [07/Aug/2022:14:10:43 -0500] "GET /sipse/imagenes/logoAplicacion.jpg HTTP/1.1" 304 -
201.245.192.253 - - [07/Aug/2022:14:10:43 -0500] "GET /sipse/css/imagen/contrasena.png HTTP/1.1" 404 383
201.245.192.253 - - [07/Aug/2022:14:10:44 -0500] "GET /sipse/faces/javax.faces.resource/images/ui-bg_flat_0_2d5972_40x100.png?ln=primefaces-aristo HTTP/1.1" 304 -
201.245.192.253 - - [07/Aug/2022:14:10:44 -0500] "POST /sipse/faces/bienvenido.xhtml HTTP/1.1" 200 3843
201.245.192.253 - - [07/Aug/2022:14:10:45 -0500] "POST /sipse/faces/bienvenido.xhtml HTTP/1.1" 200 35485
201.245.192.253 - - [07/Aug/2022:14:10:45 -0500] "GET /sipse/faces/javax.faces.resource/layout/layout.css?ln=primefaces&v=4.0 HTTP/1.1" 304 -
201.245.192.253 - - [07/Aug/2022:14:10:45 -0500] "GET /sipse/faces/javax.faces.resource/primefaces.css?ln=primefaces&v=4.0 HTTP/1.1" 304 -
201.245.192.253 - - [07/Aug/2022:14:10:45 -0500] "GET /sipse/faces/javax.faces.resource/theme.css?ln=primefaces-sipse HTTP/1.1" 304 -
201.245.192.253 - - [07/Aug/2022:14:10:45 -0500] "GET /sipse/faces/javax.faces.resource/jquery/jquery.js?ln=primefaces&v=4.0 HTTP/1.1" 304 -
201.245.192.253 - - [07/Aug/2022:14:10:45 -0500] "GET /sipse/faces/javax.faces.resource/jquery/jquery-plugins.js?ln=primefaces&v=4.0 HTTP/1.1" 304 -
201.245.192.253 - - [07/Aug/2022:14:10:45 -0500] "GET /sipse/faces/javax.faces.resource/primefaces.js?ln=primefaces&v=4.0 HTTP/1.1" 304 -
201.245.192.253 - - [07/Aug/2022:14:10:45 -0500] "GET /sipse/faces/javax.faces.resource/layout/layout.js?ln=primefaces&v=4.0 HTTP/1.1" 304 -
201.245.192.253 - - [07/Aug/2022:14:10:45 -0500] "POST /sipse/faces/presentacion/financiero/solicitudProceso/listarSolicitudProceso.xhtml HTTP/1.1" 200 1372
201.245.192.253 - - [07/Aug/2022:14:10:48 -0500] "POST /sipse/faces/presentacion/financiero/solicitudProceso/listarSolicitudProceso.xhtml HTTP/1.1" 200 184
201.245.192.253 - - [07/Aug/2022:14:10:48 -0500] "POST /sipse/faces/presentacion/financiero/solicitudProceso/listarSolicitudProceso.xhtml HTTP/1.1" 200 184
201.245.192.253 - - [07/Aug/2022:14:10:48 -0500] "GET /sipse/faces/presentacion/financiero/solicitudAnulacion/solicitudAnulacion.xhtml HTTP/1.1" 200 12285
201.245.192.253 - - [07/Aug/2022:14:10:48 -0500] "GET /sipse/faces/presentacion/financiero/solicitudAnulacion/solicitudAnulacion.xhtml HTTP/1.1" 200 34114
201.245.192.253 - - [07/Aug/2022:14:10:48 -0500] "GET /sipse/faces/javax.faces.resource/theme.css?ln=primefaces-sipse HTTP/1.1" 304 -
201.245.192.253 - - [07/Aug/2022:14:10:48 -0500] "GET /sipse/faces/javax.faces.resource/layout/layout.css?ln=primefaces&v=4.0 HTTP/1.1" 304 -
201.245.192.253 - - [07/Aug/2022:14:10:48 -0500] "GET /sipse/faces/javax.faces.resource/jquery/jquery.js?ln=primefaces&v=4.0 HTTP/1.1" 304 -
201.245.192.253 - - [07/Aug/2022:14:10:48 -0500] "GET /sipse/faces/javax.faces.resource/primefaces.css?ln=primefaces&v=4.0 HTTP/1.1" 304 -
201.245.192.253 - - [07/Aug/2022:14:10:48 -0500] "GET /sipse/faces/javax.faces.resource/jquery/jquery-plugins.js?ln=primefaces&v=4.0 HTTP/1.1" 304 -
201.245.192.253 - - [07/Aug/2022:14:10:48 -0500] "GET /sipse/faces/javax.faces.resource/primefaces.js?ln=primefaces&v=4.0 HTTP/1.1" 304 -
201.245.192.253 - - [07/Aug/2022:14:10:48 -0500] "GET /sipse/faces/javax.faces.resource/layout/layout.js?ln=primefaces&v=4.0 HTTP/1.1" 304 -
201.245.192.253 - - [07/Aug/2022:14:10:48 -0500] "POST /sipse/faces/presentacion/financiero/solicitudAnulacion/solicitudAnulacion.xhtml HTTP/1.1" 200 10464
201.245.192.253 - - [07/Aug/2022:14:10:50 -0500] "POST /sipse/faces/presentacion/financiero/solicitudAnulacion/solicitudAnulacion.xhtml HTTP/1.1" 200 30288
201.245.192.253 - - [07/Aug/2022:14:10:50 -0500] "GET /sipse/faces/javax.faces.resource/primefaces.css?ln=primefaces&v=4.0 HTTP/1.1" 304 -
201.245.192.253 - - [07/Aug/2022:14:10:50 -0500] "GET /sipse/faces/javax.faces.resource/layout/layout.css?ln=primefaces&v=4.0 HTTP/1.1" 304 -
201.245.192.253 - - [07/Aug/2022:14:10:50 -0500] "GET /sipse/faces/javax.faces.resource/theme.css?ln=primefaces-sipse HTTP/1.1" 304 -
201.245.192.253 - - [07/Aug/2022:14:10:50 -0500] "GET /sipse/faces/javax.faces.resource/jquery/jquery.js?ln=primefaces&v=4.0 HTTP/1.1" 304 -
201.245.192.253 - - [07/Aug/2022:14:10:50 -0500] "GET /sipse/faces/javax.faces.resource/jquery/jquery-plugins.js?ln=primefaces&v=4.0 HTTP/1.1" 304 -
201.245.192.253 - - [07/Aug/2022:14:10:50 -0500] "GET /sipse/faces/javax.faces.resource/primefaces.js?ln=primefaces&v=4.0 HTTP/1.1" 304 -
201.245.192.253 - - [07/Aug/2022:14:10:50 -0500] "GET /sipse/faces/javax.faces.resource/layout/layout.js?ln=primefaces&v=4.0 HTTP/1.1" 304 -
190.253.152.240 - - [07/Aug/2022:14:11:49 -0500] "GET /BLA/resoluciones/index.php?dir=AUTOS+2014%2F HTTP/1.1" 200 876019
190.253.152.240 - - [07/Aug/2022:14:11:50 -0500] "GET /BLA/resoluciones/dlf/unknown.png HTTP/1.1" 200 266
190.253.152.240 - - [07/Aug/2022:14:11:54 -0500] "GET /BLA/resoluciones/AUTOS%202014/4103.pdf HTTP/1.1" 200 614476
172.22.2.4 - - [07/Aug/2022:14:10:27 -0500] "HEAD /BLA/boletinlegal/ HTTP/1.1" 200 -
172.22.2.4 - - [07/Aug/2022:14:11:19 -0500] "GET /BLA/boletinlegal/ HTTP/1.1" 200 50037
201.245.192.253 - - [07/Aug/2022:14:13:32 -0500] "POST /kwsrmcab/Wsrmcab  HTTP/1.1" 200 44251
186.28.161.217 - - [07/Aug/2022:14:13:39 -0500] "GET /culebra-guardacaminos-regulador-de-pequenos-vertebrados.html HTTP/1.1" 200 789
186.28.161.217 - - [07/Aug/2022:14:13:39 -0500] "GET /images/culebra-guardacaminos_optimized.jpeg HTTP/1.1" 200 110625
157.55.39.50 - - [07/Aug/2022:14:14:32 -0500] "GET /portaldeninos/parque-ecologico-distrital-humedal-santa-maria-del-lago/ HTTP/1.1" 200 90199
216.245.221.92 - - [07/Aug/2022:14:14:42 -0500] "HEAD / HTTP/1.1" 200 -
172.22.2.4 - - [07/Aug/2022:14:16:17 -0500] "HEAD /BLA/boletinlegal/ HTTP/1.1" 200 -
201.245.192.253 - - [07/Aug/2022:14:18:31 -0500] "POST /kwsrmcab/Wsrmcab  HTTP/1.1" 200 44251
172.22.2.4 - - [07/Aug/2022:14:17:07 -0500] "GET /BLA/boletinlegal/ HTTP/1.1" 200 58566
93.158.161.36 - - [07/Aug/2022:14:18:57 -0500] "-" 408 -
173.252.95.2 - - [07/Aug/2022:14:19:26 -0500] "GET /images/Junio%2002-experiencias-jardines-verticales-sda.jpeg HTTP/1.1" 200 31171
216.245.221.92 - - [07/Aug/2022:14:19:42 -0500] "HEAD / HTTP/1.1" 200 -
201.245.192.253 - - [07/Aug/2022:14:19:58 -0500] "POST /kwsrmcab/Wsrmcab HTTP/1.1" 200 47327
201.245.192.253 - - [07/Aug/2022:14:20:02 -0500] "POST /kwsrmcab/Wsrmcab HTTP/1.1" 200 47660
40.77.167.69 - - [07/Aug/2022:14:21:28 -0500] "GET /BLA/boletinlegal/Directivas/2013/Directiva%20No.%201%20del%2004%20de%20Abril%20de%202013.pdf HTTP/1.1" 304 -
94.102.61.10 - - [07/Aug/2022:14:22:27 -0500] "GET / HTTP/1.1" 200 319
66.249.74.88 - - [07/Aug/2022:14:22:32 -0500] "-" 408 -
190.253.152.240 - - [07/Aug/2022:14:23:13 -0500] "GET /BLA/resoluciones/AUTOS%202014/4503.pdf HTTP/1.1" 200 566664
201.245.192.253 - - [07/Aug/2022:14:23:30 -0500] "POST /kwsrmcab/Wsrmcab  HTTP/1.1" 200 44251
172.22.2.4 - - [07/Aug/2022:14:22:07 -0500] "HEAD /BLA/boletinlegal/ HTTP/1.1" 200 -
172.22.2.4 - - [07/Aug/2022:14:22:57 -0500] "GET /BLA/boletinlegal/ HTTP/1.1" 200 60865
216.245.221.92 - - [07/Aug/2022:14:24:42 -0500] "HEAD / HTTP/1.1" 200 -
157.55.39.50 - - [07/Aug/2022:14:24:42 -0500] "GET /portaldeninos/parque-ecologico-distrital-humedal-santa-maria-del-lago/ HTTP/1.1" 200 90199
173.252.95.8 - - [07/Aug/2022:14:26:20 -0500] "GET /images/publicidad-exterior-visual-23-octubre.jpg HTTP/1.1" 200 67892
201.245.192.253 - - [07/Aug/2022:14:28:29 -0500] "POST /kwsrmcab/Wsrmcab  HTTP/1.1" 200 44251
93.158.161.49 - - [07/Aug/2022:14:28:57 -0500] "-" 408 -
172.22.2.4 - - [07/Aug/2022:14:29:07 -0500] "GET /BLA/boletinlegal/robots.txt HTTP/1.1" 404 1038
172.22.2.4 - - [07/Aug/2022:14:27:57 -0500] "HEAD /BLA/boletinlegal/ HTTP/1.1" 200 -
216.245.221.92 - - [07/Aug/2022:14:29:42 -0500] "HEAD / HTTP/1.1" 200 -
201.245.192.253 - - [07/Aug/2022:14:29:58 -0500] "POST /kwsrmcab/Wsrmcab HTTP/1.1" 200 47327
201.245.192.253 - - [07/Aug/2022:14:30:02 -0500] "POST /kwsrmcab/Wsrmcab HTTP/1.1" 200 47660
172.22.2.4 - - [07/Aug/2022:14:28:47 -0500] "GET /BLA/boletinlegal/ HTTP/1.1" 200 58154
157.55.39.98 - - [07/Aug/2022:14:30:57 -0500] "GET /sipse/faces/faces/autenticacion.xhtml HTTP/1.1" 200 12493
201.245.192.253 - - [07/Aug/2022:14:33:28 -0500] "POST /kwsrmcab/Wsrmcab  HTTP/1.1" 200 44251
216.245.221.92 - - [07/Aug/2022:14:34:42 -0500] "HEAD / HTTP/1.1" 200 -
190.27.59.152 - - [07/Aug/2022:14:34:57 -0500] "GET /BLA/resoluciones/ HTTP/1.1" 200 13093
190.27.59.152 - - [07/Aug/2022:14:35:01 -0500] "GET /BLA/resoluciones/index.php?dir=AUTOS+2014%2F HTTP/1.1" 200 876019
172.22.2.4 - - [07/Aug/2022:14:33:47 -0500] "HEAD /BLA/boletinlegal/ HTTP/1.1" 200 -
172.22.2.4 - - [07/Aug/2022:14:34:37 -0500] "GET /BLA/boletinlegal/ HTTP/1.1" 200 60272
173.252.95.118 - - [07/Aug/2022:14:36:54 -0500] "GET /images/visita-suspension-humedal-techo-24-mayo.jpg HTTP/1.1" 200 57365
190.253.152.240 - - [07/Aug/2022:14:37:18 -0500] "GET /BLA/resoluciones/AUTOS%202014/5351.pdf HTTP/1.1" 200 566666
201.245.192.253 - - [07/Aug/2022:14:38:27 -0500] "POST /kwsrmcab/Wsrmcab  HTTP/1.1" 200 44251
77.88.5.158 - - [07/Aug/2022:14:38:58 -0500] "-" 408 -
216.245.221.92 - - [07/Aug/2022:14:39:42 -0500] "HEAD / HTTP/1.1" 200 -
201.245.192.253 - - [07/Aug/2022:14:39:59 -0500] "POST /kwsrmcab/Wsrmcab HTTP/1.1" 200 47327
201.245.192.253 - - [07/Aug/2022:14:40:03 -0500] "POST /kwsrmcab/Wsrmcab HTTP/1.1" 200 47660
207.46.13.20 - - [07/Aug/2022:14:40:55 -0500] "GET /Residuos/cosmeticos/files/guia_cosmeticos-aseo.pdf HTTP/1.1" 304 -
172.22.2.4 - - [07/Aug/2022:14:39:37 -0500] "HEAD /BLA/boletinlegal/ HTTP/1.1" 200 -
172.22.2.4 - - [07/Aug/2022:14:40:27 -0500] "GET /BLA/boletinlegal/ HTTP/1.1" 200 54814
201.245.192.253 - - [07/Aug/2022:14:43:26 -0500] "POST /kwsrmcab/Wsrmcab  HTTP/1.1" 200 44251
216.245.221.92 - - [07/Aug/2022:14:44:42 -0500] "HEAD / HTTP/1.1" 200 -
173.252.95.20 - - [07/Aug/2022:14:44:49 -0500] "GET /dos-animales-silvestres-carne-y-huevos-de-tortuga-fueron-recuperados-en-semana-santa.html HTTP/1.1" 206 1092
186.102.56.28 - - [07/Aug/2022:14:45:43 -0500] "GET /culebra-guardacaminos-regulador-de-pequenos-vertebrados.html HTTP/1.1" 200 789
186.102.62.47 - - [07/Aug/2022:14:45:54 -0500] "GET /kwssiamovil/sm/acme/a?s=U2FsdGVkX19xyc2G68p63HGhKot2PBbcGOFHsPtILi9CCRze4uS1+qpzNJf3+OyaVk/rVvBAt9jdSwguiqb57zcWya2+6P9nBOkKyijqfSW4Uaj2YmsLbyxyGXxEF0nbLdcQNXEP0nwOPmzuFOZzyJxoJccgk4MpsKs4EQojr68NTba6ISNPhuDmmDXGhui6Gfy4CpB+sXQJc3F36lofsH46ZeT2XGXTeWvfZrdICHQ7cfEYH/2LjbicyLKlSeAjc78jlpQp+0NpxcKZsr1tFSXGQLNIRuMZlghfrBY2y9c=&u=U2FsdGVkX18cnFYmTB2ajtBwIKhJySuRxerP3URMeB6VCWNRjeivXOBmO5U5p2O3&y=U2FsdGVkX199dR4tGQLV9OFQLUti0RhPxP6vnETUc8pBd59Xhwtivofb1zswGE1I HTTP/1.1" 200 25
186.102.62.47 - - [07/Aug/2022:14:45:54 -0500] "GET /kwssiamovil/sm/acme/a?s=U2FsdGVkX1+Z7ArQUhQQYXIAXTQE+UwKsEWDlD7R/g9VYGak9cIEGdIkQA5W1mP7wKoq+o/0+awy3kiR42INNGU+6UX9VhvLc4gTXMAp4HBp7YvGwTnxzJ7QrjoeHSXF+wuS09CGYK65xs1r6ew1N/48On65gWN9HVLrku/7XSn4ZzTaM/TtopNgP/4MHOHZ8G9rlVrYYXz5EG+qlgOvLrGp4Sp0f7+w2r/D3fV68OAn1POZNvGS1LYRjMSmFQky88dDyGg+6N0oVOPDjzDEJVcCqjZil3yy5NNw0Sprzf3b3NaZud/BDlONt51PyD0AR7qLeaqRYBW7SxwnuEFuHsm/gKs6P+pt+SYEyJHl5xK1+8oLF0r7nj9J1UPq+GUlruRnOx2T1uHsZDhwEE3ouUyAwvOaukVg3FG8i6f70VhI3sWupSzxUtBQ9E/NmYES3/o22fT4xEimYcgeVwbhXmhbVGhhytHsaeik8Nu2ethi+RFxj4MlbYxKRgwY4Q2wsaqccPeptc/NOljGcTtufsNrbvuI35QBQUM7k4ntU8oUwGl8NHSr8TP5E9rN3VU/x3kkkYBk6GbcvpLilHhmtqbyUXbGJqcJWzyKRUBBqInMgvHist/27NgbeAu410TJ/WycfEb0hiwAfgwW4QWZbusk91kU5t9TKqdPLRSi5Fhj7AohtvvAfgwOGlAAFwmv2TrPsMim23FaZ6kh9EzMWIKLEG18jwFvWsFN9bAHTAKXF3sOHc9XtTP3NtioOzKSnJLqyGSYYDflcROHKnG0qm3cFiFs/Tw6z3ayg8OKPe9my+DKtNHv99G/94KKIuUa7Y6t5j87Pt9v2jTMW5KgwfDWJbQgUhgf+Fh0PaC+n5NPry42nEHcLXPEh+7vzd7G3v/JJdWcgBVl7hOEBUQpZqPdt5YcDiQVoCxatdD04DcQyIeMMCBZN8xVwfzsptfIzF2NlSRetlQGpWUHVzHXyM1FMvs93joI4GW3t88CJBjXzCyEqrRryv9EPQqsmiwSxvUl3PnidIJrnSTFSsp3Oguwc8JkqNjA/m0fIEMCVj+LN+chDSEOqMkRvUfwBuD0ZYibLHVNRCUEGPMthlpYq/5nbuZhtoS0LsDhQQiyAaQdkCkzUXV860sfSspJIfNOQKAXJU6jBeMBxcsUQi7S7FDgMTMU0aiG27lYNIxKq/jQ4GualpaPnMYqgOWAqv7jb8KAxSIK896XNN3WvIGZOV+ygsP6epkKMu2p61oNZmKlEeQbbgW8Dp177CKzpOYj7FOz50zzPFlWxCt+uFtoIhbajL1ujQ45XrrRY48MySGKjuFsCnThPPJYXn2ZRSGJKT8+ethH/mF6j6ehk2FhfvI2UuaDAIncPEneAmBSgbkMY3YcyuIYXFwTyxXQ3O4bau6vlrlQQcS9la252NUCDDl6k+K7FqXM4MKr6Kkienshn61F2xGP4Av4eD+h3Ir/1snk/JRutPSlA3PXXihsRw1AJkfgzS08hJaeYAjkfAcod/QT6SRY7tp4FqCTawng4KByqEb9Ay8yjaJCz7cUWdx983pCrsZtSqeXyYWdKuo9x1E2jExtnLErwx1kIxIIJg2+IG3tFe1BTYyH2NnVjYKr3bMoJ9uZ5wFZOC7AWKsM7g0ZSN6nDkYyZHMTxqLpCTwcwtQGMNDqpHVQtbY5Ws1JqfB7pmVWMr7LEDat3wGdgnzcE6psNO1AVcP/7A7xOxfeFjogJp0mOvVAa+SAc5l5nKppmkh1aPB/Gaxu7vAxl0L/wppRZBCC+buls02tQIlEem44abWG6U53Av8WpHE48ImbkTqpgossLBBIJIXsJYvAEvRnD/ZlsBFOKKryE91P2/T77HddoC26jhWBSnF+eqfDJos8rgSuOjofFYdSAuTDHukjjc0g+48J1zroIa0Ewo7jK31g7Z/i68d6cXVVf2VUZpkHU45AcZld0AXOa7GU7EFZoMjz+82+9/HHOGfwecIF7QrIgiftw1+pJRB9aFW1mdVqLmeMemkqGyTicHZHQTH1XTAXSlXzfGzeLQRESlSPWRbDZE8+ggdLt3qpdX65D2Ji0OsNFLM+MYaV8pSs2rVp5mTmv7J5vXCaEg215tLNqFpSlR29KvktazbEq3LXjb0f6Vw1unhysg7G42+b4rcyNmRe6pjqOxj6XRKHY93LAs5VXFcWwPCEtoSMLlhfTXRExBhU0EYhCW8NeeskWdWBOA4KN7EOT2t+QXSxQhO8VKJ1fHWEr/hEgtFfkVeW9J2gQzQz1KRs3j7FP507jRAJTOn689o94QhomBblHelByWD8Tt8SPVgVHJGmUVDOjfuS1nioMHjstViIZwzoHlrvVaIYIgtNZk2XVI6jDlLZVepk+wBwfGKZEPxgfG4YGiKYWPQW06PIYwtDxIE8magT0B6pUmxhYj60NEXAKpFQVK+dkPUacullsCAo1VQYte6YTu05mCgl+ZeJa2gIVPq5UvRqTLDOXmmqbq6E09TaphY6noHmdxBfAcD/MnXLQzqkRPg3tT27yOIqHo4Z70Yv2xKPgSZO2vajQql69ngABW980g97GSISkXxvrUhidbdQLmYHjHRiwt4wBZ+RcMEmhWN6gDKtx101HJ+a/mq1ohiVR5Yswg9RdaPnY3TsBhKp2korCzvOkKIXA0QffrTRPaxL9aGr55YBS2EXiypVBtkulUWgOkeYKBObhhNccHWPmgxazEgY2dKYk7nGYYc/271gO9LMsi05Sjai5bYqfwJ2Mc3prvw27vbgWUE7rLkIqnS+dxSsnZDQ13HrnsLNRNXvcey0zap0&u=U2FsdGVkX18cnFYmTB2ajtBwIKhJySuRxerP3URMeB6VCWNRjeivXOBmO5U5p2O3&y=U2FsdGVkX199dR4tGQLV9OFQLUti0RhPxP6vnETUc8pBd59Xhwtivofb1zswGE1I HTTP/1.1" 200 25
186.102.62.47 - - [07/Aug/2022:14:45:54 -0500] "GET /kwssiamovil/sm/acme/a?s=U2FsdGVkX19lTm+KOaoaLYrFFPVP1TskHp84g5v2vz+HMX9iVX4lk82Z2lSf4N2xYvR/dokMhB5HLEX9Epe2X/+xQktHmiY+fmlssAO8XOaiH5OGLWMKA/xraC6hvNc83xMChgzZEIoBd9SeYO9E4m4Sw59pCHAnvd+nIrx5QcA=&u=U2FsdGVkX18cnFYmTB2ajtBwIKhJySuRxerP3URMeB6VCWNRjeivXOBmO5U5p2O3&y=U2FsdGVkX199dR4tGQLV9OFQLUti0RhPxP6vnETUc8pBd59Xhwtivofb1zswGE1I HTTP/1.1" 200 25
186.102.62.47 - - [07/Aug/2022:14:45:54 -0500] "GET /kwssiamovil/sm/acme/a?s=U2FsdGVkX188zzY4UOzQGk9BhR2TISZpiqyb9kD2wD9I7mvi11OhWFEKZRkFvhwBr8imYuW7PwlXVVSMkL4BKAPyQctzkZghRKunEwHmvJ4mtq+AXDyvH6hLfKxRKE+7Zt0WfSp2bO7nHj79vW3JwFMqanIRmA29pU7AOZ9EShQ=&u=U2FsdGVkX18cnFYmTB2ajtBwIKhJySuRxerP3URMeB6VCWNRjeivXOBmO5U5p2O3&y=U2FsdGVkX199dR4tGQLV9OFQLUti0RhPxP6vnETUc8pBd59Xhwtivofb1zswGE1I HTTP/1.1" 200 25
186.102.62.47 - - [07/Aug/2022:14:45:55 -0500] "GET /kwssiamovil/sm/acme/a?s=U2FsdGVkX18AYf7o/mICvlzD3zfahW5HgPTbkIXeRL5i2Ha62uuv3QJNYxDt+D6u5rf6eZFiko7e73Rejdj+Bq9g1Ncsrg4kmIlNWIRo/cl8eHr9Mh9QofITtNyk3HROgtjRCPj3fF0uB42K4WWQfmVpf1TZTbQH2zdQsMrTugg=&u=U2FsdGVkX18cnFYmTB2ajtBwIKhJySuRxerP3URMeB6VCWNRjeivXOBmO5U5p2O3&y=U2FsdGVkX199dR4tGQLV9OFQLUti0RhPxP6vnETUc8pBd59Xhwtivofb1zswGE1I HTTP/1.1" 200 25
186.102.62.47 - - [07/Aug/2022:14:45:55 -0500] "GET /kwssiamovil/sm/acme/a?s=U2FsdGVkX1/bGJvdkmOKJfmEXwXxbACHsZUfqHRJJK6JhDVohfsZ+3aaQ/QA6o8S+MNJ/5M/Y1wK1yoVGgFBUn5SFyNT6SCoLm1qhEJoR4IVBY8htEvtU2yLE/TFq+RF1cJ4hOtumzm9zu1dsuf8DiLACt44Jb6/bwqmMzgQHjdiH9eH9dibPymVYuEkecdKipQwuj+952D5WUy5RbY34Q==&u=U2FsdGVkX18cnFYmTB2ajtBwIKhJySuRxerP3URMeB6VCWNRjeivXOBmO5U5p2O3&y=U2FsdGVkX199dR4tGQLV9OFQLUti0RhPxP6vnETUc8pBd59Xhwtivofb1zswGE1I HTTP/1.1" 200 25
185.119.81.105 - - [07/Aug/2022:14:46:55 -0500] "GET /portaldeninos/wp-login.php HTTP/1.1" 200 2592
185.119.81.105 - - [07/Aug/2022:14:46:56 -0500] "POST /portaldeninos/wp-login.php HTTP/1.1" 200 3650
207.46.13.20 - - [07/Aug/2022:14:46:56 -0500] "GET /sipse/faces/javax.faces.resource/jquery/jquery-plugins.js;jsessionid=69n7ajy7syqsk6ejsuu9msbt.undefined?ln=primefaces&amp;v=4.0 HTTP/1.1" 200 220526
172.22.2.4 - - [07/Aug/2022:14:45:27 -0500] "HEAD /BLA/boletinlegal/ HTTP/1.1" 200 -
172.22.2.4 - - [07/Aug/2022:14:46:17 -0500] "GET /BLA/boletinlegal/ HTTP/1.1" 200 44034
