201.245.192.253 - - [07/Aug/2022:14:48:25 -0500] "POST /kwsrmcab/Wsrmcab  HTTP/1.1" 200 44251
77.88.5.237 - - [07/Aug/2022:14:48:57 -0500] "-" 408 -
186.102.42.85 - - [07/Aug/2022:14:49:15 -0500] "GET /kwssiamovil/sm/acme/a?s=U2FsdGVkX19m4/AgPX4JSAxneviibcZ7YICV3rnnhpKQ1SS7RXynWN2NJ00WkkERhHTHrKTvZ88ZMuPZRhRVFZaqrtcBFLo47PfeqL7mlvxe6bxqZHGDaXgTUCbQ9CnceSPBdb73hNbYLjG/9J49hbfbvvMY3jJ1zgakvGSiQX1+vAG0Hpr2/13hZu+DeRCD31mJSyib45+aV5BOygaicJ05QO+z+myIN3WcgWTYhA02bQ4/oajeCBYmEH6aNwv5F3JSqHabs+XTIkyF2HiTf3JLVG2pvtvpakJ4mGLsND4=&u=U2FsdGVkX18I8OyFJtTC7/Enx4S4ScTRDOp9t7GWBwjTlYSiJ8/UiRxPnKOD9L9F&y=U2FsdGVkX19PJ86zGLVmT/uUlJpIHu3V9img95HKe6lejQV6gpzILu5oYV5bVi1U HTTP/1.1" 200 25
186.102.42.85 - - [07/Aug/2022:14:49:15 -0500] "GET /kwssiamovil/sm/acme/a?s=U2FsdGVkX19gZLyCFAlb5gEqSObnOoVQ9c8nOZWaQj83bOh7EI/6iAI3j96G7cg10F0HLo2oN5IQSNv/znogZ7l7PaANAG5cGyW6yyzsIWaSU390/U2VsZMd1pz5b/TQntCPz/eIyh5TfVz0ApYJrfrlvdBQu90ZJmJbYq56Cw6vBu9tTqjT8C9EPn7eBkmfkS5M0+e8Mudir0qPkQqr1n0gNdTutvlxoPXiJ3GkjCwNR/Eu8L5i/zJQl7RxVeWcXqf72WxHv+srB+8PAK4TW1jv0HVULgi66wpzBJFvhNVa29hur6Ea+5bz2dAqGLI323g3AKDwlee3yRy/BD+zA9auRpGi9Td5pYSyxD2len41mZ8DnrlQ1Fg93eEsxWH+oFoOYh/9S85SjZakSgDlzps+UGEsl7rIegwjteBnYamjT44n4q1VxZNNS10RMjhITnf3PhahQCjvLx0ViLxVyVdQiooA1ANLMsqz6ZHILOorHPF2cDlTFGZZ/Uk1d8n6QoKf/PtK2RV97UEd8145jqgw7Vk+8UZrXgiTevybLTV1p9RqCWndihHLrczsV6dlckYXGG1yYgYGQtt6m0PvXe7USJ92t1S5l5zpVB+od/M3IpMDt5sFd6dUbXDFRR7FW/+G0LmHjmQQX6zf4BsDwwKphHCjUdDM2wxKhNJRONtlGsMRUkvglSHPkNFckGQs26Yo3hb8Zjj4RpErwQGUNTOZS+diFogqkfiG1uEWd5E0utmojLv8Qw13K7OBsK5eO8063K2pWodDD7Vfr3/mbciKgpdU/6hoLNjx4cDINMwdvwx2AoGOpfbCgKP/CYFbKj+avTqsNhL7zkVNSWX5FWBSroBabPXbz/bFgDsr52okSXqooa11W3XuUnHLwa9XF/lfQ52jg04USVSidCQKVBwRw7IsOj/9rN9S7zDRHpekoHdBiTURLUU/lklZ6Ic8c3hyGeGLwfSMISnhumIWlX5Cr9foI/KLX4P5HUE9TapLprNefyqH2fx2a8fXtX/c85qTTYNd0JPcli6ZA2QbvqIBurFestWyxt1xvKKYjWdimZFZsopdRMeytOa/2g6znKe3BEFBZtMsWaUc92746HI61IUcK9hOpqEnjQBKtJ5u0Luv2a8QCBXuxiYxzCicJxxz8AS/zjv3KPokn332CVNq8GNYmZ7PkwAuMWfUOdphxXuvFGSxbOYxQyVpFEpn9DCoGr6/NGUtx0GANUCFjHv30hAJgknNNumQPxH9KamhZK+xCiYDiGeeum6KllZs/bY6ec6q0LawnYH1jwHsibvzRPjefR06+0Idm9qJXI24+YTXzvWZEc0Gs0RZa0FfEwY820klD0ns5CUqcUdnS1zyZIfeohmXFJgLrDO+Pp/8H1MEMPQFyqVPfZu/EzdSvH+tV+XJfD5ElFpb8BjKtjRJhjaeO+FaXEYQ4lzCc74XjqNq6UtJxuRj2HINcRSF4+x5g6bx9fusmAnLZoeHVW084FbOX8C3r3zANTE1uIkxRIX852ojUP4DEbfPGeN1ufSG9zrYQKgTty9i+w2VImtYubJ2lV079djln08GY10z5rpEZBbzQzLSq51m7u7d4VW0IL8hA7N9gvmWkKd1XZIXfD0zVtIv3PgrpZniiwdIOXGNUahxq0l6kDHTnPIHZ6mVtNt4tuJm/kzwEdX5JegCFJOKXxN9PNYceXRJlxm2siAzecXuTlNB4pGJpvW6sZ3NbXQNJOul8WLhN/aTNhDtZsxVuCIQfsDRAMC2va3+lPp/SagSgAaD3IJYeUqXQcXnVEJ/jf5w1n2H0/YvDSPJ1Omw0ahx4M4vn/UPxLEHOM/cbnZe9WCa7mH44KaEc7K18nSegoSGlxfROes1PMf8qrFFWC1JReG9aeUVckU=&u=U2FsdGVkX18I8OyFJtTC7/Enx4S4ScTRDOp9t7GWBwjTlYSiJ8/UiRxPnKOD9L9F&y=U2FsdGVkX19PJ86zGLVmT/uUlJpIHu3V9img95HKe6lejQV6gpzILu5oYV5bVi1U HTTP/1.1" 200 25
186.102.42.85 - - [07/Aug/2022:14:49:16 -0500] "GET /kwssiamovil/sm/acme/a?s=U2FsdGVkX18Jw6he56LdEn9BCIf/fP+4/MDk/WktuzOjuwt+8867S9LPNKc8byKuhWOdQtfszWxewB2K1zuWqfEQDURXMNIhpah6R5l72SrtIuW75nbOzG6Q1QWPSVdPkbG8CDvmOkQTvLs/MRSAfrGD9+JjzMjoIhCSffcKpI4=&u=U2FsdGVkX18I8OyFJtTC7/Enx4S4ScTRDOp9t7GWBwjTlYSiJ8/UiRxPnKOD9L9F&y=U2FsdGVkX19PJ86zGLVmT/uUlJpIHu3V9img95HKe6lejQV6gpzILu5oYV5bVi1U HTTP/1.1" 200 25
186.102.42.85 - - [07/Aug/2022:14:49:16 -0500] "GET /kwssiamovil/sm/acme/a?s=U2FsdGVkX1+h0+BoAFmvcZK5141lb9BZRXdVgtZnOdgVNjXwDZCaS93JzdZQQCB0XY1ZBwtCQ90Dq/5g+izaDeTWLO3zcguZ2AbDKXHzQl+ikQDNtjWa3WMibOYXAft3MwqcVC9IL7O/zL3tcDhvCm2cl0xtoWJLWXVMUoxmQ8M=&u=U2FsdGVkX18I8OyFJtTC7/Enx4S4ScTRDOp9t7GWBwjTlYSiJ8/UiRxPnKOD9L9F&y=U2FsdGVkX19PJ86zGLVmT/uUlJpIHu3V9img95HKe6lejQV6gpzILu5oYV5bVi1U HTTP/1.1" 200 25
186.102.42.85 - - [07/Aug/2022:14:49:16 -0500] "GET /kwssiamovil/sm/acme/a?s=U2FsdGVkX19qLtJrdZJGvQcl26NNw297zL4r7a8G2uqEj/1j+z8tqXxFLf265+swmJR9jTCYqRNh7f/0/hZfuvGs6hBWllxNDU5B7hTXnUO6rHdxpoHvT4h7VBSkrDlz8uGTuT1/AxKwQ1k/Y6wPNPe0zKo1v7E8MnEpCjxq9iw=&u=U2FsdGVkX18I8OyFJtTC7/Enx4S4ScTRDOp9t7GWBwjTlYSiJ8/UiRxPnKOD9L9F&y=U2FsdGVkX19PJ86zGLVmT/uUlJpIHu3V9img95HKe6lejQV6gpzILu5oYV5bVi1U HTTP/1.1" 200 25
186.102.42.85 - - [07/Aug/2022:14:49:16 -0500] "GET /kwssiamovil/sm/acme/a?s=U2FsdGVkX19TMLCVQneY+glZNHVQs0f4wlWIMQvqgmbt60Ow1iL8SSnGJ/JSYu0Peu0lQ0y8CE7Qq+AFy032Z8ZbU/CF3gsNiSIcq8oLrK3fTSh5BosyDkWwdaSL1ZrQbYJicfJiole+ZT8tduq3rAdMwcnFePN84mdT66l2rKvTdL3wZbfpQo2BSEYrls9rGrrX/xEkY8gQFH9tEtD4vw==&u=U2FsdGVkX18I8OyFJtTC7/Enx4S4ScTRDOp9t7GWBwjTlYSiJ8/UiRxPnKOD9L9F&y=U2FsdGVkX19PJ86zGLVmT/uUlJpIHu3V9img95HKe6lejQV6gpzILu5oYV5bVi1U HTTP/1.1" 200 25
216.245.221.92 - - [07/Aug/2022:14:49:42 -0500] "HEAD / HTTP/1.1" 200 -
172.22.2.4 - - [07/Aug/2022:14:51:17 -0500] "HEAD /BLA/boletinlegal/ HTTP/1.1" 200 -
66.102.8.61 - - [07/Aug/2022:14:53:27 -0500] "GET /galeria/mapa/humedal2017.jpg HTTP/1.1" 200 644667
201.245.192.253 - - [07/Aug/2022:14:53:24 -0500] "POST /kwsrmcab/Wsrmcab  HTTP/1.1" 200 44251
172.22.2.4 - - [07/Aug/2022:14:53:40 -0500] "GET /BLA/boletinlegal/jurisprudencia/analisis/Analisis%20jurisprudencial%20Sentencia%20C-366-11.doc HTTP/1.1" 304 -
172.22.2.4 - - [07/Aug/2022:14:52:07 -0500] "GET /BLA/boletinlegal/ HTTP/1.1" 200 60272
207.46.13.20 - - [07/Aug/2022:14:53:47 -0500] "GET / HTTP/1.1" 200 319
216.245.221.92 - - [07/Aug/2022:14:54:42 -0500] "HEAD / HTTP/1.1" 200 -
186.29.35.129 - - [07/Aug/2022:14:55:07 -0500] "GET /kwssiamovil/sm/ldap/au?x=U2FsdGVkX1+FIm4kJua4WsqQpLA97+Nhc2eTFG9JBp7jL01EBa8HUo6Mbuhc9RGm&y=U2FsdGVkX1/cBVLAHV21jeeHiDTEE/HxmzgFHEedXNmoeV0D+lTKAsLruqo9Fc3r HTTP/1.1" 200 30
186.29.35.129 - - [07/Aug/2022:14:55:08 -0500] "GET /kwssiamovil/sm/acme/s?s=U2FsdGVkX19+vPr57h1wljd8ySF7QK8voArttrFJ5VIX0L1wn/Z5qcRX8r10YjPYR5dWGT7MaeJT8VoXUqeteyA3o9bhbcdTnkIsW0dfMVA=&u=U2FsdGVkX1+GzPMr0qSmqe9He4Gz73bA8OgmXMfMDYW1491/5A6MP2vlYQz/QwjR&y=U2FsdGVkX1/cBVLAHV21jeeHiDTEE/HxmzgFHEedXNmoeV0D+lTKAsLruqo9Fc3r HTTP/1.1" 200 97
186.29.35.129 - - [07/Aug/2022:14:55:08 -0500] "GET /kwssiamovil/sm/acme/s?s=U2FsdGVkX1+8F0tymKvbTiVQ1KWuEEidPigKAuiQaH8a5jYaLkj60a2Xhz7zimptwvY56TVKiRrAcrBJ/sDDeYbod4WAJiqdqJO8pjFjNHDG2C3QcbrZhrXeYGZ+SPrrfExJJRJZUfKYcD7AI/08ALFZkLpDL7vNXsQwEdg8zaflxT7Fwe5csx9erRcbnGaNDaLA7KLmeUTw56vb0kmjYfbDdSxdWK8laV6jyVX89Ufn4AczbgC7MNI7YoX01jgUXlYj4g4Ky2+0U+IOzbx+DvnBuivlIoaQ/y4Ub36F5rQubhReP5YVEo1xkizg06x92ZrM+K3eaGIruo09RF0BoDtTUdw6/HhVVx0QZZG2+Au7UP6ekG61wJNJSqguCyOTo/oq9e5iV33GHr4EbYCNwIFT05DWYFAdayQCtjCxBlxbncxG++I2w34uEn3lz/WZ3uMGRwWA6KOtMXl8isMdKOXVlUtHsimaDDjobUf59zi10vPoK7QZIPoPWW2yXJ85FX182C0C40CMaHbx4wTCZPW+e4jVmTAs2/rlo94/3y0ikCrdBwOraKnlqBR0MjXDoXcKx9AVlS1sbT7es9m6SkFqGFmv1q7ZCE/Jq3ZasNE+dtoHhQikQfhVwBxYHs67Q04wlK29CBS4aX7+FuHSzecLq0G0v+0tkBa4LceV6RgC55kXpQJ4+HbCMa0FjANOYJ9vwfzfh7ahjzSajKMLYFjPsW4Eume3w3GyHkRf1RvMn9dNxICeXByIIp0laLKySUI2yr+CeFk5YzMo0KOma15ESzS6HZCAdOQe4zV1KpadGQYv57oweXCrr4sHzoUNOVza5CMlCH9yiQ8Me17t4l5c+jHmWqvJvVhqPgDBXnoKDGXP8jscOasxs2ofpKq3ghZw+F1qoDWjKzRhQlftbd0au3ZUn7yxFknO9Uzgnoi/vUdW1DIieztP7Z/58hJPRfwUiKXukqUKc1p49uad08IXPliePqjlTxUm/Don2yrnS7GZ08jbLZIfldhzCrpDV+og9WQMfD+kMcNjMg9oJgyfjUFrWyP9KapohA5mOfYmBnom9Lwbw7wKuMqK0CGshebB0IklhRPVMsxmG5PJ26GQN2XqS/sI1m2dS9wBYw/XMYrcHbRgQUwEsbuUwwvsIBBekaomRu1xFNyDoxHThoa1fmPC3+mebQi9TjJCsHrPqMKC3i58RNLmaTnG2uQ7IeXL+139raJfQtVqcK0YN1LOxdGNp0L3ez05OYZqPntp08YtyJrYbApA871lDrR0j2Rq0z1B9+/WKwgPdU/ZIeTyigf/UtQhtR5FPV+3Da2aARFPf635GLcktbIw1FJfbO6ENhDwvrICjOdFPW46kDbHftNLSRygJI+v+XbgRkU=&u=U2FsdGVkX1+GzPMr0qSmqe9He4Gz73bA8OgmXMfMDYW1491/5A6MP2vlYQz/QwjR&y=U2FsdGVkX1/cBVLAHV21jeeHiDTEE/HxmzgFHEedXNmoeV0D+lTKAsLruqo9Fc3r HTTP/1.1" 200 5248
186.29.35.129 - - [07/Aug/2022:14:55:09 -0500] "GET /kwssiamovil/sm/acme/s?s=U2FsdGVkX1/Xm26Sxwr5dNiSREQ7Dn86iC2UyRODBO89/zbCF8juAABuFMbZlxWwCpDibtidZEIYrh2ZWfsWd6gqV48vrqo0XC3fAweBvHGQr5oO3Z97RWpRZftbVfmXe4Yfz7+KHW/rSYb+HeJk55QZfHA8ABSUeXwZlXKH06375M6o7Nr5hTT7DvuWRGuly8GpOzW3rC390/fJITeUo966zkZDCFsZZCEaN35hlOUmPQYcjS33rCUOo7EggfY6qjGl2CEUF5Vv8jhG2g85Z/JFW3pPa0+hii9tRbMBbM8=&u=U2FsdGVkX1+GzPMr0qSmqe9He4Gz73bA8OgmXMfMDYW1491/5A6MP2vlYQz/QwjR&y=U2FsdGVkX1/cBVLAHV21jeeHiDTEE/HxmzgFHEedXNmoeV0D+lTKAsLruqo9Fc3r HTTP/1.1" 200 176
186.29.35.129 - - [07/Aug/2022:14:55:09 -0500] "GET /kwssiamovil/sm/cjson/pre?f=1&x=U2FsdGVkX1+FIm4kJua4WsqQpLA97+Nhc2eTFG9JBp7jL01EBa8HUo6Mbuhc9RGm HTTP/1.1" 200 30992
186.29.35.129 - - [07/Aug/2022:14:56:07 -0500] "GET /kwssiamovil/sm/acme/u?s=U2FsdGVkX19cQLY5sYnNeKnjBPpirmhOY/sijOZHMxHCdFOsxgIUi328vXcJbV7PvU4xyUxwodjEzjmqFG69fBHmRmijs910nk1yjavlt8qBXef1qCNZiIcUfpQIITH/Az0gq2PR8bWdEy3ODNkcUw==&u=U2FsdGVkX1+GzPMr0qSmqe9He4Gz73bA8OgmXMfMDYW1491/5A6MP2vlYQz/QwjR&y=U2FsdGVkX1/cBVLAHV21jeeHiDTEE/HxmzgFHEedXNmoeV0D+lTKAsLruqo9Fc3r HTTP/1.1" 200 60
186.29.35.129 - - [07/Aug/2022:14:57:03 -0500] "GET /kwssiamovil/sm/acme/u?s=U2FsdGVkX1+eDu8WjeZIiwl7n5D9odqFQSRrrK9K4zHaGSZPtnr/18GCQBiisLX9/wTE54OJiWyGcSzvTyN7sc7iQdKjWx5DmggtwnuLZrJdKnjK2jZ5OJDxaI+ysv88KhKhfxRRHgShqir5fH2Apg==&u=U2FsdGVkX1+GzPMr0qSmqe9He4Gz73bA8OgmXMfMDYW1491/5A6MP2vlYQz/QwjR&y=U2FsdGVkX1/cBVLAHV21jeeHiDTEE/HxmzgFHEedXNmoeV0D+lTKAsLruqo9Fc3r HTTP/1.1" 200 60
186.29.35.129 - - [07/Aug/2022:14:57:36 -0500] "GET /kwssiamovil/sm/acme/u?s=U2FsdGVkX1++yjssZA0sRm6kJ1JRN2wd40DF3Uiz05nLSfrCtlqFeuKDImO2wDSngUWw5Wb4WloGlk3tLh1iFkuK0kdSTLQRu1Io1nirRMQpziFxZXGDn642lts2Zs66Mm8Ti+qoAqKugGXbuuqtFQ==&u=U2FsdGVkX1+GzPMr0qSmqe9He4Gz73bA8OgmXMfMDYW1491/5A6MP2vlYQz/QwjR&y=U2FsdGVkX1/cBVLAHV21jeeHiDTEE/HxmzgFHEedXNmoeV0D+lTKAsLruqo9Fc3r HTTP/1.1" 200 60
190.253.152.240 - - [07/Aug/2022:14:57:38 -0500] "GET /BLA/resoluciones/index.php?dir=AUTOS+2014%2F HTTP/1.1" 200 876019
190.253.152.240 - - [07/Aug/2022:14:57:44 -0500] "GET /BLA/resoluciones/AUTOS%202014/6621.pdf HTTP/1.1" 200 519682
172.22.2.4 - - [07/Aug/2022:14:57:59 -0500] "GET /BLA/boletinlegal/robots.txt HTTP/1.1" 404 1140
186.29.35.129 - - [07/Aug/2022:14:58:00 -0500] "GET /kwssiamovil/sm/acme/u?s=U2FsdGVkX1/OiM67+hyypzgrroS0L19auQ43f26P0eYjrrhMuyKHu11IfDAvC/BPNpLytgj7ALbhJILc4J5UbkUZewpde5Zzdqml490PCTQmyu564sTnGDQHVRLJgT66BdlGMB6LIEymy7aQ/PsGKQ==&u=U2FsdGVkX1+GzPMr0qSmqe9He4Gz73bA8OgmXMfMDYW1491/5A6MP2vlYQz/QwjR&y=U2FsdGVkX1/cBVLAHV21jeeHiDTEE/HxmzgFHEedXNmoeV0D+lTKAsLruqo9Fc3r HTTP/1.1" 200 60
201.245.192.253 - - [07/Aug/2022:14:58:23 -0500] "POST /kwsrmcab/Wsrmcab  HTTP/1.1" 200 44251
186.29.35.129 - - [07/Aug/2022:14:58:30 -0500] "GET /kwssiamovil/sm/acme/u?s=U2FsdGVkX19nz+f9zYJqVQ3nsRYtYyqk/lRPsFWK1unRmcDosbnHmmCQH22S14uaqQqicrVi0CjyovFLP/zYZxHduw6hwocpGznVr+DjkNz5iqrYC7EzKcknZPbX65GdM80NaVcKTnWn/sP+4QtRLQ==&u=U2FsdGVkX1+GzPMr0qSmqe9He4Gz73bA8OgmXMfMDYW1491/5A6MP2vlYQz/QwjR&y=U2FsdGVkX1/cBVLAHV21jeeHiDTEE/HxmzgFHEedXNmoeV0D+lTKAsLruqo9Fc3r HTTP/1.1" 200 60
185.119.81.102 - - [07/Aug/2022:14:58:36 -0500] "GET /portaldeninos/wp-login.php HTTP/1.1" 200 2592
185.119.81.102 - - [07/Aug/2022:14:58:37 -0500] "POST /portaldeninos/wp-login.php HTTP/1.1" 200 3605
172.22.2.4 - - [07/Aug/2022:14:57:07 -0500] "HEAD /BLA/boletinlegal/ HTTP/1.1" 200 -
77.88.5.136 - - [07/Aug/2022:14:58:57 -0500] "-" 408 -
172.22.2.4 - - [07/Aug/2022:14:57:57 -0500] "GET /BLA/boletinlegal/ HTTP/1.1" 200 58154
216.245.221.92 - - [07/Aug/2022:14:59:42 -0500] "HEAD / HTTP/1.1" 200 -
172.104.138.223 - - [07/Aug/2022:15:00:27 -0500] "GET /fuN3 HTTP/1.0" 404 1019
185.119.81.99 - - [07/Aug/2022:15:00:34 -0500] "GET /portaldeninos/wp-login.php HTTP/1.1" 200 2592
185.119.81.99 - - [07/Aug/2022:15:00:35 -0500] "POST /portaldeninos/wp-login.php HTTP/1.1" 200 3605
66.249.74.84 - - [07/Aug/2022:15:02:33 -0500] "-" 408 -
64.62.243.165 - - [07/Aug/2022:15:03:01 -0500] "GET / HTTP/1.1" 200 319
201.245.192.253 - - [07/Aug/2022:15:03:22 -0500] "POST /kwsrmcab/Wsrmcab  HTTP/1.1" 200 44251
172.22.2.4 - - [07/Aug/2022:15:02:57 -0500] "HEAD /BLA/boletinlegal/ HTTP/1.1" 200 -
216.245.221.92 - - [07/Aug/2022:15:04:42 -0500] "HEAD / HTTP/1.1" 200 -
185.119.81.102 - - [07/Aug/2022:15:04:42 -0500] "GET /portaldeninos/wp-login.php HTTP/1.1" 200 2592
185.119.81.102 - - [07/Aug/2022:15:04:43 -0500] "POST /portaldeninos/wp-login.php HTTP/1.1" 200 3605
172.22.2.4 - - [07/Aug/2022:15:03:47 -0500] "GET /BLA/boletinlegal/ HTTP/1.1" 200 56723
172.22.2.4 - - [07/Aug/2022:15:04:48 -0500] "GET /BLA/boletinlegal/index.php?s=/Index/\\think\\app/invokefunction&function=call_user_func_array&vars[0]=md5&vars[1][]=HelloThinkPHP21 HTTP/1.1" 200 24523
172.22.2.4 - - [07/Aug/2022:15:07:58 -0500] "GET /BLA/boletinlegal/Directivas/2013/Directiva%20No.%202%20del%2004%20de%20Abril%20de%202013.pdf HTTP/1.1" 304 -
201.245.192.253 - - [07/Aug/2022:15:08:21 -0500] "POST /kwsrmcab/Wsrmcab  HTTP/1.1" 200 44251
186.86.34.17 - - [07/Aug/2022:15:08:28 -0500] "GET /culebra-guardacaminos-regulador-de-pequenos-vertebrados.html HTTP/1.1" 200 789
77.88.5.163 - - [07/Aug/2022:15:08:57 -0500] "-" 408 -
216.245.221.92 - - [07/Aug/2022:15:09:42 -0500] "HEAD / HTTP/1.1" 200 -
172.22.2.4 - - [07/Aug/2022:15:08:47 -0500] "HEAD /BLA/boletinlegal/ HTTP/1.1" 200 -
172.22.2.4 - - [07/Aug/2022:15:09:37 -0500] "GET /BLA/boletinlegal/ HTTP/1.1" 200 60865
34.90.142.6 - - [07/Aug/2022:15:12:33 -0500] "GET / HTTP/1.1" 200 319
157.55.39.98 - - [07/Aug/2022:15:13:18 -0500] "GET /galeria/galeria/fotos/Humedal-Tibanica1G.jpg HTTP/1.1" 200 541579
201.245.192.253 - - [07/Aug/2022:15:13:20 -0500] "POST /kwsrmcab/Wsrmcab  HTTP/1.1" 200 44251
216.245.221.92 - - [07/Aug/2022:15:14:42 -0500] "HEAD / HTTP/1.1" 200 -
172.22.2.4 - - [07/Aug/2022:15:14:37 -0500] "HEAD /BLA/boletinlegal/ HTTP/1.1" 200 -
172.22.2.4 - - [07/Aug/2022:15:15:27 -0500] "GET /BLA/boletinlegal/ HTTP/1.1" 200 60272
190.253.152.240 - - [07/Aug/2022:15:18:10 -0500] "GET /BLA/resoluciones/index.php?dir=AUTOS+2015%2F HTTP/1.1" 200 576833
172.22.2.4 - - [07/Aug/2022:15:18:13 -0500] "GET /BLA/boletinlegal/robots.txt HTTP/1.1" 404 1140
190.253.152.240 - - [07/Aug/2022:15:18:14 -0500] "GET /BLA/resoluciones/AUTOS%202015/0160.pdf HTTP/1.1" 200 596898
201.245.192.253 - - [07/Aug/2022:15:18:19 -0500] "POST /kwsrmcab/Wsrmcab  HTTP/1.1" 200 44251
93.158.161.30 - - [07/Aug/2022:15:18:57 -0500] "-" 408 -
172.22.2.4 - - [07/Aug/2022:15:19:01 -0500] "GET /BLA/boletinlegal/ HTTP/1.1" 200 32715
216.245.221.92 - - [07/Aug/2022:15:19:42 -0500] "HEAD / HTTP/1.1" 200 -
201.245.192.253 - - [07/Aug/2022:15:19:58 -0500] "POST /kwsrmcab/Wsrmcab HTTP/1.1" 200 47808
201.245.192.253 - - [07/Aug/2022:15:20:02 -0500] "POST /kwsrmcab/Wsrmcab HTTP/1.1" 200 47666
172.22.2.4 - - [07/Aug/2022:15:20:27 -0500] "HEAD /BLA/boletinlegal/ HTTP/1.1" 200 -
172.22.2.4 - - [07/Aug/2022:15:21:12 -0500] "GET /BLA/boletinlegal/ HTTP/1.1" 200 45259
172.22.2.4 - - [07/Aug/2022:15:22:57 -0500] "GET /BLA/boletinlegal/style.css HTTP/1.1" 200 9406
172.22.2.4 - - [07/Aug/2022:15:21:17 -0500] "GET /BLA/boletinlegal/ HTTP/1.1" 200 46320
201.245.192.253 - - [07/Aug/2022:15:23:18 -0500] "POST /kwsrmcab/Wsrmcab  HTTP/1.1" 200 44251
207.46.13.14 - - [07/Aug/2022:15:24:12 -0500] "GET /portaldeninos/wp-content/uploads/2021/07/inforgrafia-agua.jpg HTTP/1.1" 200 420578
216.245.221.92 - - [07/Aug/2022:15:24:42 -0500] "HEAD / HTTP/1.1" 200 -
172.22.2.4 - - [07/Aug/2022:15:26:17 -0500] "HEAD /BLA/boletinlegal/ HTTP/1.1" 200 -
201.245.192.253 - - [07/Aug/2022:15:28:17 -0500] "POST /kwsrmcab/Wsrmcab  HTTP/1.1" 200 44251
172.22.2.4 - - [07/Aug/2022:15:27:07 -0500] "GET /BLA/boletinlegal/ HTTP/1.1" 200 58566
93.158.161.66 - - [07/Aug/2022:15:28:57 -0500] "-" 408 -
216.245.221.92 - - [07/Aug/2022:15:29:42 -0500] "HEAD / HTTP/1.1" 200 -
201.245.192.253 - - [07/Aug/2022:15:29:58 -0500] "POST /kwsrmcab/Wsrmcab HTTP/1.1" 200 47808
201.245.192.253 - - [07/Aug/2022:15:30:02 -0500] "POST /kwsrmcab/Wsrmcab HTTP/1.1" 200 47666
190.253.152.240 - - [07/Aug/2022:15:31:38 -0500] "GET /BLA/resoluciones/index.php?dir=AUTOS+2012%2F HTTP/1.1" 200 272403
190.253.152.240 - - [07/Aug/2022:15:31:44 -0500] "GET /BLA/resoluciones/AUTOS%202012/0655.pdf HTTP/1.1" 200 326089
201.245.192.253 - - [07/Aug/2022:15:33:16 -0500] "POST /kwsrmcab/Wsrmcab  HTTP/1.1" 200 44251
172.22.2.4 - - [07/Aug/2022:15:32:07 -0500] "HEAD /BLA/boletinlegal/ HTTP/1.1" 200 -
172.22.2.4 - - [07/Aug/2022:15:32:57 -0500] "GET /BLA/boletinlegal/ HTTP/1.1" 200 58154
216.245.221.92 - - [07/Aug/2022:15:34:42 -0500] "HEAD / HTTP/1.1" 200 -
172.22.2.4 - - [07/Aug/2022:15:35:04 -0500] "GET /BLA/boletinlegal/ HTTP/1.1" 200 63198
201.245.192.253 - - [07/Aug/2022:15:38:15 -0500] "POST /kwsrmcab/Wsrmcab  HTTP/1.1" 200 44251
77.88.5.49 - - [07/Aug/2022:15:38:57 -0500] "-" 408 -
172.22.2.4 - - [07/Aug/2022:15:39:03 -0500] "GET /BLA/boletinlegal/Circulares/2022/CIRCULAR%20No.%2000005%20DEL%2030%20DE%20JUNIO%20DEL%202022.pdf HTTP/1.1" 404 1218
172.22.2.4 - - [07/Aug/2022:15:39:08 -0500] "GET /BLA/boletinlegal/Circulares/2019/.pdf HTTP/1.1" 404 1218
172.22.2.4 - - [07/Aug/2022:15:39:16 -0500] "GET /BLA/boletinlegal/Circulares/2012/Circular%20No.%2010%20del%2026%20de%20Enero%20de%202012.pdf HTTP/1.1" 404 1218
172.22.2.4 - - [07/Aug/2022:15:37:57 -0500] "HEAD /BLA/boletinlegal/ HTTP/1.1" 200 -
216.245.221.92 - - [07/Aug/2022:15:39:42 -0500] "HEAD / HTTP/1.1" 200 -
173.252.95.117 - - [07/Aug/2022:15:39:49 -0500] "GET /images/mujeres-cultura-31.jpg HTTP/1.1" 200 33736
201.245.192.253 - - [07/Aug/2022:15:39:59 -0500] "POST /kwsrmcab/Wsrmcab HTTP/1.1" 200 47808
201.245.192.253 - - [07/Aug/2022:15:40:03 -0500] "POST /kwsrmcab/Wsrmcab HTTP/1.1" 200 47666
172.22.2.4 - - [07/Aug/2022:15:38:47 -0500] "GET /BLA/boletinlegal/ HTTP/1.1" 200 58154
181.237.255.37 - - [07/Aug/2022:15:42:54 -0500] "GET /appsia/controlador HTTP/1.1" 200 4799
181.237.255.37 - - [07/Aug/2022:15:42:55 -0500] "GET /appsia/scripts/validarIngreso.js HTTP/1.1" 200 851
181.237.255.37 - - [07/Aug/2022:15:42:55 -0500] "GET /appsia/css/estilos.css HTTP/1.1" 200 4804
181.237.255.37 - - [07/Aug/2022:15:42:55 -0500] "GET /appsia/images/cabezoteHojaVida.png HTTP/1.1" 200 32493
181.237.255.37 - - [07/Aug/2022:15:42:55 -0500] "GET /appsia/images/logo_bogota_p.png HTTP/1.1" 200 14951
181.237.255.37 - - [07/Aug/2022:15:42:55 -0500] "GET /favicon.ico HTTP/1.1" 200 7782
172.22.2.4 - - [07/Aug/2022:15:42:07 -0500] "GET /BLA/boletinlegal/?XDEBUG_SESSION_START=phpstorm HTTP/1.1" 200 36811
181.237.255.37 - - [07/Aug/2022:15:43:06 -0500] "POST /appsia/controlador HTTP/1.1" 200 4621
181.237.255.37 - - [07/Aug/2022:15:43:07 -0500] "POST /appsia/controlador HTTP/1.1" 200 57800
181.237.255.37 - - [07/Aug/2022:15:43:08 -0500] "GET /appsia/images/logo_escudo.png HTTP/1.1" 200 36965
201.245.192.253 - - [07/Aug/2022:15:43:14 -0500] "POST /kwsrmcab/Wsrmcab  HTTP/1.1" 200 44251
216.245.221.92 - - [07/Aug/2022:15:44:42 -0500] "HEAD / HTTP/1.1" 200 -
172.22.2.4 - - [07/Aug/2022:15:43:47 -0500] "HEAD /BLA/boletinlegal/ HTTP/1.1" 200 -
172.22.2.4 - - [07/Aug/2022:15:44:38 -0500] "GET /BLA/boletinlegal/ HTTP/1.1" 200 60865
109.237.103.118 - - [07/Aug/2022:15:47:20 -0500] "GET /.env HTTP/1.1" 404 1018
109.237.103.118 - - [07/Aug/2022:15:47:20 -0500] "\x16\x03\x01\x01D\x01" 400 226
201.245.192.253 - - [07/Aug/2022:15:48:13 -0500] "POST /kwsrmcab/Wsrmcab  HTTP/1.1" 200 44251
93.158.161.28 - - [07/Aug/2022:15:48:57 -0500] "-" 408 -
216.245.221.92 - - [07/Aug/2022:15:49:42 -0500] "HEAD / HTTP/1.1" 200 -
40.77.167.65 - - [07/Aug/2022:15:49:56 -0500] "GET /BLA/resoluciones/RESOLUCIONES%202014/3414.pdf HTTP/1.1" 304 -
172.22.2.4 - - [07/Aug/2022:15:50:08 -0500] "GET /BLA/boletinlegal/style.css HTTP/1.1" 200 9406
172.22.2.4 - - [07/Aug/2022:15:50:08 -0500] "GET /BLA/boletinlegal/js/jquery.js HTTP/1.1" 200 57254
172.22.2.4 - - [07/Aug/2022:15:50:08 -0500] "GET /BLA/boletinlegal/styles2.css HTTP/1.1" 200 1838
172.22.2.4 - - [07/Aug/2022:15:50:08 -0500] "GET /BLA/boletinlegal/js/jquery.scrollTo-min.js HTTP/1.1" 200 1150
172.22.2.4 - - [07/Aug/2022:15:50:08 -0500] "GET /BLA/boletinlegal/js/jquery.scrollShow.js HTTP/1.1" 200 4586
172.22.2.4 - - [07/Aug/2022:15:50:08 -0500] "GET /BLA/boletinlegal/images/cabezote%20BLEGAL.jpg HTTP/1.1" 200 118164
172.22.2.4 - - [07/Aug/2022:15:50:08 -0500] "GET /BLA/boletinlegal/images/subscribe-icon-big.png HTTP/1.1" 200 47702
172.22.2.4 - - [07/Aug/2022:15:50:08 -0500] "GET /BLA/boletinlegal/images/historia.png HTTP/1.1" 200 52775
172.22.2.4 - - [07/Aug/2022:15:50:08 -0500] "GET /BLA/boletinlegal/images/registro-usuarios.png HTTP/1.1" 200 8106
172.22.2.4 - - [07/Aug/2022:15:50:08 -0500] "GET /BLA/boletinlegal/images/arr_l.jpg HTTP/1.1" 200 1979
172.22.2.4 - - [07/Aug/2022:15:50:08 -0500] "GET /BLA/boletinlegal/images/screen_1.png HTTP/1.1" 200 202547
172.22.2.4 - - [07/Aug/2022:15:50:08 -0500] "GET /BLA/boletinlegal/images/launch.jpg HTTP/1.1" 200 14577
172.22.2.4 - - [07/Aug/2022:15:50:11 -0500] "GET /BLA/boletinlegal/images/body_bg.jpg HTTP/1.1" 200 1601
172.22.2.4 - - [07/Aug/2022:15:50:11 -0500] "GET /BLA/boletinlegal/images/menu_lft.gif HTTP/1.1" 200 1713
172.22.2.4 - - [07/Aug/2022:15:50:11 -0500] "GET /BLA/boletinlegal/images/menu_bg.jpg HTTP/1.1" 200 620
172.22.2.4 - - [07/Aug/2022:15:50:11 -0500] "GET /BLA/boletinlegal/images/menu_rght.gif HTTP/1.1" 200 1627
172.22.2.4 - - [07/Aug/2022:15:50:11 -0500] "GET /BLA/boletinlegal/images/bg_top.jpg HTTP/1.1" 200 522
172.22.2.4 - - [07/Aug/2022:15:50:11 -0500] "GET /BLA/boletinlegal/images/hover.jpg HTTP/1.1" 200 640
172.22.2.4 - - [07/Aug/2022:15:50:11 -0500] "GET /BLA/boletinlegal/images/text.jpg HTTP/1.1" 200 568
172.22.2.4 - - [07/Aug/2022:15:50:16 -0500] "GET /BLA/boletinlegal/images/screen_5.png HTTP/1.1" 200 368876
172.22.2.4 - - [07/Aug/2022:15:50:16 -0500] "GET /BLA/boletinlegal/images/screen_3.png HTTP/1.1" 200 210620
172.22.2.4 - - [07/Aug/2022:15:50:16 -0500] "GET /BLA/boletinlegal/images/arr_r.jpg HTTP/1.1" 200 1998
172.22.2.4 - - [07/Aug/2022:15:50:16 -0500] "GET /BLA/boletinlegal/images/footer_bg.jpg HTTP/1.1" 200 586
172.22.2.4 - - [07/Aug/2022:15:50:16 -0500] "GET /BLA/boletinlegal/images/screen_2.png HTTP/1.1" 200 362502
172.22.2.4 - - [07/Aug/2022:15:50:25 -0500] "GET /BLA/boletinlegal/images/pdf.gif HTTP/1.1" 200 567
185.119.81.96 - - [07/Aug/2022:15:50:27 -0500] "GET /portaldeninos/wp-login.php HTTP/1.1" 200 2592
89.187.175.246 - - [07/Aug/2022:15:50:27 -0500] "GET /wp-login.php HTTP/1.1" 404 1035
172.22.2.4 - - [07/Aug/2022:15:50:28 -0500] "GET /BLA/boletinlegal/wp-login.php HTTP/1.1" 404 1038
185.119.81.96 - - [07/Aug/2022:15:50:28 -0500] "POST /portaldeninos/wp-login.php HTTP/1.1" 200 3670
66.249.74.88 - - [07/Aug/2022:15:50:46 -0500] "-" 408 -
172.22.2.4 - - [07/Aug/2022:15:49:37 -0500] "HEAD /BLA/boletinlegal/ HTTP/1.1" 200 -
172.22.2.4 - - [07/Aug/2022:15:50:08 -0500] "GET /BLA/boletinlegal/ HTTP/1.1" 200 44887
172.22.2.4 - - [07/Aug/2022:15:51:48 -0500] "GET /BLA/boletinlegal/favicon.ico HTTP/1.1" 404 1212
172.22.2.4 - - [07/Aug/2022:15:50:27 -0500] "GET /BLA/boletinlegal/ HTTP/1.1" 200 46320
201.245.192.253 - - [07/Aug/2022:15:53:12 -0500] "POST /kwsrmcab/Wsrmcab  HTTP/1.1" 200 44251
172.22.2.4 - - [07/Aug/2022:15:54:23 -0500] "GET /BLA/boletinlegal/actos.php HTTP/1.1" 200 9559
172.22.2.4 - - [07/Aug/2022:15:54:23 -0500] "GET /BLA/boletinlegal/niceforms.js HTTP/1.1" 200 22876
172.22.2.4 - - [07/Aug/2022:15:54:23 -0500] "GET /BLA/boletinlegal/niceforms-default.css HTTP/1.1" 200 6694
172.22.2.4 - - [07/Aug/2022:15:54:23 -0500] "GET /BLA/boletinlegal/js/lib.js HTTP/1.1" 200 6474
172.22.2.4 - - [07/Aug/2022:15:54:23 -0500] "GET /BLA/boletinlegal/js/ajax_actos.js HTTP/1.1" 200 1322
172.22.2.4 - - [07/Aug/2022:15:54:23 -0500] "GET /BLA/boletinlegal/js/popup.js HTTP/1.1" 200 1270
172.22.2.4 - - [07/Aug/2022:15:54:23 -0500] "GET /BLA/boletinlegal/js/jquery1.js HTTP/1.1" 200 29846
172.22.2.4 - - [07/Aug/2022:15:54:23 -0500] "GET /BLA/boletinlegal/images/green-yellow-blue-pink-th.png HTTP/1.1" 200 7394
172.22.2.4 - - [07/Aug/2022:15:54:24 -0500] "GET /BLA/boletinlegal/images/abajo.png HTTP/1.1" 200 96676
172.22.2.4 - - [07/Aug/2022:15:54:24 -0500] "GET /BLA/boletinlegal/images/tel.png HTTP/1.1" 200 14477
172.22.2.4 - - [07/Aug/2022:15:54:24 -0500] "GET /BLA/boletinlegal/images/icono-email.png HTTP/1.1" 200 5544
172.22.2.4 - - [07/Aug/2022:15:54:24 -0500] "GET /BLA/boletinlegal/images/footer_bg_l.jpg HTTP/1.1" 200 776
172.22.2.4 - - [07/Aug/2022:15:54:24 -0500] "GET /BLA/boletinlegal/img/button-left.png HTTP/1.1" 200 57071
172.22.2.4 - - [07/Aug/2022:15:54:24 -0500] "GET /BLA/boletinlegal/img/0.png HTTP/1.1" 200 110
172.22.2.4 - - [07/Aug/2022:15:54:24 -0500] "GET /BLA/boletinlegal/img/select-left.png HTTP/1.1" 200 263
172.22.2.4 - - [07/Aug/2022:15:54:24 -0500] "GET /BLA/boletinlegal/img/select-right.png HTTP/1.1" 200 44019
172.22.2.4 - - [07/Aug/2022:15:54:24 -0500] "GET /BLA/boletinlegal/img/button.png HTTP/1.1" 200 43241
172.22.2.4 - - [07/Aug/2022:15:54:24 -0500] "GET /BLA/boletinlegal/img/button-right.png HTTP/1.1" 200 57878
172.22.2.4 - - [07/Aug/2022:15:54:36 -0500] "GET /BLA/boletinlegal/consulta_actos.php?tipo=resoluciones&no=&usuario=&sector=VERTIMIENTOS&fecha=2022&resuelve= HTTP/1.1" 200 23328
172.22.2.4 - - [07/Aug/2022:15:54:36 -0500] "GET /BLA/boletinlegal/images/background.gif HTTP/1.1" 200 -
216.245.221.92 - - [07/Aug/2022:15:54:42 -0500] "HEAD / HTTP/1.1" 200 -
186.84.22.194 - - [07/Aug/2022:15:54:43 -0500] "GET /BLA/resoluciones/RESOLUCIONES%202022/2316.pdf HTTP/1.1" 200 451649
186.84.22.194 - - [07/Aug/2022:15:54:43 -0500] "GET /BLA/resoluciones/RESOLUCIONES%202022/2316.pdf HTTP/1.1" 206 1025
186.84.22.194 - - [07/Aug/2022:15:54:43 -0500] "GET /BLA/resoluciones/RESOLUCIONES%202022/2316.pdf HTTP/1.1" 200 451649
128.1.248.42 - - [07/Aug/2022:15:56:35 -0500] "GET /portaldeninos/ HTTP/1.1" 200 110281
172.22.2.4 - - [07/Aug/2022:15:55:27 -0500] "HEAD /BLA/boletinlegal/ HTTP/1.1" 200 -
172.22.2.4 - - [07/Aug/2022:15:56:17 -0500] "GET /BLA/boletinlegal/ HTTP/1.1" 200 58154
201.245.192.253 - - [07/Aug/2022:15:58:11 -0500] "POST /kwsrmcab/Wsrmcab  HTTP/1.1" 200 44251
186.84.22.194 - - [07/Aug/2022:15:58:57 -0500] "GET /BLA/resoluciones/RESOLUCIONES%202022/0982.pdf HTTP/1.1" 200 376054
186.84.22.194 - - [07/Aug/2022:15:58:57 -0500] "GET /BLA/resoluciones/RESOLUCIONES%202022/0982.pdf HTTP/1.1" 206 1025
186.84.22.194 - - [07/Aug/2022:15:58:57 -0500] "GET /BLA/resoluciones/RESOLUCIONES%202022/0982.pdf HTTP/1.1" 200 376054
186.84.22.194 - - [07/Aug/2022:15:58:59 -0500] "GET /BLA/resoluciones/RESOLUCIONES%202022/0982.pdf HTTP/1.1" 206 3072
186.84.22.194 - - [07/Aug/2022:15:58:59 -0500] "GET /BLA/resoluciones/RESOLUCIONES%202022/0982.pdf HTTP/1.1" 206 371957
93.158.161.72 - - [07/Aug/2022:15:59:03 -0500] "-" 408 -
186.84.22.194 - - [07/Aug/2022:15:59:38 -0500] "GET /BLA/resoluciones/RESOLUCIONES%202022/0951.pdf HTTP/1.1" 200 361600
186.84.22.194 - - [07/Aug/2022:15:59:39 -0500] "GET /BLA/resoluciones/RESOLUCIONES%202022/0951.pdf HTTP/1.1" 206 1025
186.84.22.194 - - [07/Aug/2022:15:59:39 -0500] "GET /BLA/resoluciones/RESOLUCIONES%202022/0951.pdf HTTP/1.1" 200 361600
186.84.22.194 - - [07/Aug/2022:15:59:40 -0500] "GET /BLA/resoluciones/RESOLUCIONES%202022/0951.pdf HTTP/1.1" 206 3072
186.84.22.194 - - [07/Aug/2022:15:59:40 -0500] "GET /BLA/resoluciones/RESOLUCIONES%202022/0951.pdf HTTP/1.1" 206 357503
216.245.221.92 - - [07/Aug/2022:15:59:42 -0500] "HEAD / HTTP/1.1" 200 -
172.22.2.4 - - [07/Aug/2022:16:00:24 -0500] "GET /BLA/boletinlegal/consulta_actos.php?tipo=resoluciones&no=&usuario=&sector=SILVICULTURA&fecha=2022&resuelve= HTTP/1.1" 200 71108
186.84.22.194 - - [07/Aug/2022:16:00:34 -0500] "GET /BLA/resoluciones/RESOLUCIONES%202022/2537.pdf HTTP/1.1" 200 510789
186.84.22.194 - - [07/Aug/2022:16:00:34 -0500] "GET /BLA/resoluciones/RESOLUCIONES%202022/2537.pdf HTTP/1.1" 206 1025
186.84.22.194 - - [07/Aug/2022:16:00:34 -0500] "GET /BLA/resoluciones/RESOLUCIONES%202022/2537.pdf HTTP/1.1" 200 510789
186.84.22.194 - - [07/Aug/2022:16:00:35 -0500] "GET /BLA/resoluciones/RESOLUCIONES%202022/2537.pdf HTTP/1.1" 206 3072
186.84.22.194 - - [07/Aug/2022:16:00:35 -0500] "GET /BLA/resoluciones/RESOLUCIONES%202022/2537.pdf HTTP/1.1" 206 506692
190.253.152.240 - - [07/Aug/2022:16:01:28 -0500] "GET /BLA/resoluciones/index.php?dir=AUTOS+2012%2F HTTP/1.1" 200 272403
190.253.152.240 - - [07/Aug/2022:16:01:32 -0500] "GET /BLA/resoluciones/AUTOS%202012/0290.pdf HTTP/1.1" 200 282728
172.22.2.4 - - [07/Aug/2022:16:02:44 -0500] "GET /BLA/boletinlegal/consulta_actos.php?tipo=resoluciones&no=&usuario=&sector=AIRE&fecha=2022&resuelve= HTTP/1.1" 200 37502
172.22.2.4 - - [07/Aug/2022:16:01:17 -0500] "HEAD /BLA/boletinlegal/ HTTP/1.1" 200 -
172.22.2.4 - - [07/Aug/2022:16:03:06 -0500] "GET /BLA/boletinlegal/consulta_actos.php?tipo=resoluciones&no=&usuario=&sector=AIRE&fecha=2014&resuelve= HTTP/1.1" 200 9731
201.245.192.253 - - [07/Aug/2022:16:03:10 -0500] "POST /kwsrmcab/Wsrmcab  HTTP/1.1" 200 44251
186.84.22.194 - - [07/Aug/2022:16:03:26 -0500] "GET /BLA/resoluciones/RESOLUCIONES%202014/0016.pdf HTTP/1.1" 200 999778
186.84.22.194 - - [07/Aug/2022:16:03:27 -0500] "GET /BLA/resoluciones/RESOLUCIONES%202014/0016.pdf HTTP/1.1" 206 1025
186.84.22.194 - - [07/Aug/2022:16:03:27 -0500] "GET /BLA/resoluciones/RESOLUCIONES%202014/0016.pdf HTTP/1.1" 200 999778
186.84.22.194 - - [07/Aug/2022:16:03:28 -0500] "GET /BLA/resoluciones/RESOLUCIONES%202014/0016.pdf HTTP/1.1" 206 3072
186.84.22.194 - - [07/Aug/2022:16:03:28 -0500] "GET /BLA/resoluciones/RESOLUCIONES%202014/0016.pdf HTTP/1.1" 206 995681
172.22.2.4 - - [07/Aug/2022:16:02:07 -0500] "GET /BLA/boletinlegal/ HTTP/1.1" 200 54347
172.22.2.4 - - [07/Aug/2022:16:04:12 -0500] "GET /BLA/boletinlegal/consulta_actos.php?tipo=resoluciones&no=&usuario=&sector=AIRE&fecha=2016&resuelve= HTTP/1.1" 200 36540
172.22.2.4 - - [07/Aug/2022:16:04:13 -0500] "GET /BLA/boletinlegal/images/word.png HTTP/1.1" 200 50498
172.22.2.4 - - [07/Aug/2022:16:04:25 -0500] "GET /BLA/boletinlegal/consulta_actos.php?tipo=resoluciones&no=&usuario=&sector=AIRE&fecha=2017&resuelve= HTTP/1.1" 200 101302
216.245.221.92 - - [07/Aug/2022:16:04:42 -0500] "HEAD / HTTP/1.1" 200 -
172.22.2.4 - - [07/Aug/2022:16:04:46 -0500] "GET /BLA/boletinlegal/consulta_actos.php?tipo=resoluciones&no=&usuario=&sector=AIRE&fecha=2019&resuelve= HTTP/1.1" 200 73843
186.84.22.194 - - [07/Aug/2022:16:04:51 -0500] "GET /BLA/resoluciones/RESOLUCIONES%202019/3894.pdf HTTP/1.1" 200 422327
186.84.22.194 - - [07/Aug/2022:16:04:51 -0500] "GET /BLA/resoluciones/RESOLUCIONES%202019/3894.pdf HTTP/1.1" 200 422327
186.84.22.194 - - [07/Aug/2022:16:04:52 -0500] "GET /BLA/resoluciones/RESOLUCIONES%202019/3894.pdf HTTP/1.1" 206 1025
20.216.182.53 - - [07/Aug/2022:16:05:00 -0500] "GET /.git/config HTTP/1.1" 404 1018
186.84.22.194 - - [07/Aug/2022:16:06:00 -0500] "GET /BLA/resoluciones/RESOLUCIONES%202019/3897.pdf HTTP/1.1" 200 815380
186.84.22.194 - - [07/Aug/2022:16:06:00 -0500] "GET /BLA/resoluciones/RESOLUCIONES%202019/3897.pdf HTTP/1.1" 206 1025
186.84.22.194 - - [07/Aug/2022:16:06:00 -0500] "GET /BLA/resoluciones/RESOLUCIONES%202019/3897.pdf HTTP/1.1" 200 815380
186.84.22.194 - - [07/Aug/2022:16:06:01 -0500] "GET /BLA/resoluciones/RESOLUCIONES%202019/3897.pdf HTTP/1.1" 206 3072
190.27.59.152 - - [07/Aug/2022:16:06:11 -0500] "GET /BLA/resoluciones/ HTTP/1.1" 200 13093
190.27.59.152 - - [07/Aug/2022:16:06:15 -0500] "GET /BLA/resoluciones/index.php?dir=AUTOS+2021%2F HTTP/1.1" 200 391697
186.84.22.194 - - [07/Aug/2022:16:07:03 -0500] "GET /BLA/resoluciones/RESOLUCIONES%202019/3272.pdf HTTP/1.1" 200 327674
186.84.22.194 - - [07/Aug/2022:16:07:03 -0500] "GET /BLA/resoluciones/RESOLUCIONES%202019/3272.pdf HTTP/1.1" 206 1025
186.84.22.194 - - [07/Aug/2022:16:07:03 -0500] "GET /BLA/resoluciones/RESOLUCIONES%202019/3272.pdf HTTP/1.1" 200 327674
94.102.61.10 - - [07/Aug/2022:16:07:18 -0500] "GET /portaldeninos/ HTTP/1.1" 200 110281
201.245.192.253 - - [07/Aug/2022:16:08:09 -0500] "POST /kwsrmcab/Wsrmcab  HTTP/1.1" 200 44251
172.22.2.4 - - [07/Aug/2022:16:07:07 -0500] "HEAD /BLA/boletinlegal/ HTTP/1.1" 200 -
77.88.5.209 - - [07/Aug/2022:16:09:03 -0500] "-" 408 -
172.22.2.4 - - [07/Aug/2022:16:07:57 -0500] "GET /BLA/boletinlegal/ HTTP/1.1" 200 60272
216.245.221.92 - - [07/Aug/2022:16:09:42 -0500] "HEAD / HTTP/1.1" 200 -
77.88.5.43 - - [07/Aug/2022:16:12:11 -0500] "-" 408 -
77.88.5.235 - - [07/Aug/2022:16:12:16 -0500] "-" 408 -
93.158.161.2 - - [07/Aug/2022:16:12:22 -0500] "-" 408 -
77.88.5.230 - - [07/Aug/2022:16:12:27 -0500] "-" 408 -
77.88.5.167 - - [07/Aug/2022:16:12:42 -0500] "-" 408 -
77.88.5.245 - - [07/Aug/2022:16:13:02 -0500] "-" 408 -
201.245.192.253 - - [07/Aug/2022:16:13:08 -0500] "POST /kwsrmcab/Wsrmcab  HTTP/1.1" 200 44251
157.55.39.98 - - [07/Aug/2022:16:13:14 -0500] "GET /BLA/boletinlegal/Circulares/2020/Circular%2000010%20del%2027%20de%20julio%20de%202020.pdf HTTP/1.1" 304 -
93.158.161.59 - - [07/Aug/2022:16:13:32 -0500] "-" 408 -
77.88.5.208 - - [07/Aug/2022:16:14:34 -0500] "-" 408 -
172.22.2.4 - - [07/Aug/2022:16:12:57 -0500] "HEAD /BLA/boletinlegal/ HTTP/1.1" 200 -
216.245.221.92 - - [07/Aug/2022:16:14:41 -0500] "HEAD / HTTP/1.1" 200 -
191.108.131.123 - - [07/Aug/2022:16:15:02 -0500] "GET /BLA/resoluciones/ HTTP/1.1" 200 13093
191.108.131.123 - - [07/Aug/2022:16:15:07 -0500] "GET /BLA/resoluciones/index.php?dir=AUTOS+2022%2F HTTP/1.1" 200 197223
172.22.2.4 - - [07/Aug/2022:16:13:47 -0500] "GET /BLA/boletinlegal/ HTTP/1.1" 200 56723
93.158.161.6 - - [07/Aug/2022:16:15:34 -0500] "-" 408 -
190.253.152.240 - - [07/Aug/2022:16:16:55 -0500] "GET /BLA/resoluciones/index.php?dir=AUTOS+2012%2F HTTP/1.1" 200 272403
190.253.152.240 - - [07/Aug/2022:16:17:01 -0500] "GET /BLA/resoluciones/AUTOS%202012/0288.pdf HTTP/1.1" 200 479581
93.158.161.48 - - [07/Aug/2022:16:17:36 -0500] "-" 408 -
201.245.192.253 - - [07/Aug/2022:16:18:07 -0500] "POST /kwsrmcab/Wsrmcab  HTTP/1.1" 200 44251
216.245.221.92 - - [07/Aug/2022:16:19:41 -0500] "HEAD / HTTP/1.1" 200 -
201.245.192.253 - - [07/Aug/2022:16:19:58 -0500] "POST /kwsrmcab/Wsrmcab HTTP/1.1" 200 48128
201.245.192.253 - - [07/Aug/2022:16:20:03 -0500] "POST /kwsrmcab/Wsrmcab HTTP/1.1" 200 47668
172.22.2.4 - - [07/Aug/2022:16:18:47 -0500] "HEAD /BLA/boletinlegal/ HTTP/1.1" 200 -
77.88.5.214 - - [07/Aug/2022:16:20:36 -0500] "-" 408 -
172.22.2.4 - - [07/Aug/2022:16:19:37 -0500] "GET /BLA/boletinlegal/ HTTP/1.1" 200 58154
201.245.192.253 - - [07/Aug/2022:16:23:06 -0500] "POST /kwsrmcab/Wsrmcab  HTTP/1.1" 200 44251
185.119.81.99 - - [07/Aug/2022:16:23:25 -0500] "GET /portaldeninos/wp-login.php HTTP/1.1" 200 2592
185.119.81.99 - - [07/Aug/2022:16:23:26 -0500] "POST /portaldeninos/wp-login.php HTTP/1.1" 200 3650
40.77.167.65 - - [07/Aug/2022:16:24:28 -0500] "GET /BLA/resoluciones/dlf/unknown.png HTTP/1.1" 200 266
216.245.221.92 - - [07/Aug/2022:16:24:41 -0500] "HEAD / HTTP/1.1" 200 -
77.88.5.44 - - [07/Aug/2022:16:25:36 -0500] "-" 408 -
172.22.2.4 - - [07/Aug/2022:16:26:02 -0500] "GET /BLA/boletinlegal/actos.php HTTP/1.1" 200 9559
20.89.95.116 - - [07/Aug/2022:16:26:02 -0500] "GET /portaldeninos/ HTTP/1.1" 200 14393
172.22.2.4 - - [07/Aug/2022:16:26:03 -0500] "GET /BLA/boletinlegal/actos.php HTTP/1.1" 200 9559
20.89.95.116 - - [07/Aug/2022:16:26:03 -0500] "GET /portaldeninos/ HTTP/1.1" 200 110281
172.22.2.4 - - [07/Aug/2022:16:24:36 -0500] "HEAD /BLA/boletinlegal/ HTTP/1.1" 200 -
199.16.157.182 - - [07/Aug/2022:16:26:22 -0500] "GET /images/cronica-amanda-rodriguez-30-abril.jpg HTTP/1.1" 200 26304
172.22.2.4 - - [07/Aug/2022:16:25:27 -0500] "GET /BLA/boletinlegal/ HTTP/1.1" 200 60272
172.22.2.4 - - [07/Aug/2022:16:27:09 -0500] "GET /BLA/boletinlegal/consulta_actos.php?tipo=autos&no=2879&usuario=&sector=&fecha=2012&resuelve= HTTP/1.1" 200 626
172.22.2.4 - - [07/Aug/2022:16:27:13 -0500] "GET /BLA/boletinlegal/consulta_actos.php?tipo=autos&no=2879&usuario=&sector=&fecha=2012&resuelve= HTTP/1.1" 200 626
172.22.2.4 - - [07/Aug/2022:16:27:15 -0500] "GET /BLA/boletinlegal/actos.php HTTP/1.1" 200 9559
172.22.2.4 - - [07/Aug/2022:16:27:26 -0500] "GET /BLA/boletinlegal/consulta_actos.php?tipo=autos&no=2879&usuario=&sector=&fecha=2012&resuelve= HTTP/1.1" 200 626
201.245.192.253 - - [07/Aug/2022:16:28:04 -0500] "POST /kwsrmcab/Wsrmcab  HTTP/1.1" 200 44251
185.119.81.102 - - [07/Aug/2022:16:28:22 -0500] "GET /portaldeninos/wp-login.php HTTP/1.1" 200 2592
185.119.81.102 - - [07/Aug/2022:16:28:23 -0500] "POST /portaldeninos/wp-login.php HTTP/1.1" 200 3670
218.206.6.80 - - [07/Aug/2022:16:28:39 -0500] "POST /GponForm/diag_Form?images/ HTTP/1.1" 404 1013
216.245.221.92 - - [07/Aug/2022:16:29:41 -0500] "HEAD / HTTP/1.1" 200 -
201.245.192.253 - - [07/Aug/2022:16:29:58 -0500] "POST /kwsrmcab/Wsrmcab HTTP/1.1" 200 48128
201.245.192.253 - - [07/Aug/2022:16:30:02 -0500] "POST /kwsrmcab/Wsrmcab HTTP/1.1" 200 47668
40.77.167.65 - - [07/Aug/2022:16:30:09 -0500] "GET /bla/resoluciones/resoluciones%202008/0441.pdf HTTP/1.1" 200 226742
190.253.152.240 - - [07/Aug/2022:16:31:28 -0500] "GET /BLA/resoluciones/index.php?dir=AUTOS+2012%2F HTTP/1.1" 200 272403
172.22.2.4 - - [07/Aug/2022:16:30:26 -0500] "HEAD /BLA/boletinlegal/ HTTP/1.1" 200 -
172.22.2.4 - - [07/Aug/2022:16:31:17 -0500] "GET /BLA/boletinlegal/ HTTP/1.1" 200 54814
190.253.152.240 - - [07/Aug/2022:16:33:01 -0500] "GET /BLA/resoluciones/AUTOS%202012/0806.pdf HTTP/1.1" 200 605860
201.245.192.253 - - [07/Aug/2022:16:33:04 -0500] "POST /kwsrmcab/Wsrmcab  HTTP/1.1" 200 44251
185.119.81.96 - - [07/Aug/2022:16:33:15 -0500] "GET /portaldeninos/wp-login.php HTTP/1.1" 200 2592
185.119.81.96 - - [07/Aug/2022:16:33:16 -0500] "POST /portaldeninos/wp-login.php HTTP/1.1" 200 3605
77.88.5.23 - - [07/Aug/2022:16:33:35 -0500] "-" 408 -
216.245.221.92 - - [07/Aug/2022:16:34:41 -0500] "HEAD / HTTP/1.1" 200 -
185.119.81.99 - - [07/Aug/2022:16:36:16 -0500] "GET /portaldeninos/wp-login.php HTTP/1.1" 200 2592
185.119.81.99 - - [07/Aug/2022:16:36:17 -0500] "POST /portaldeninos/wp-login.php HTTP/1.1" 200 3605
172.22.2.4 - - [07/Aug/2022:16:35:08 -0500] "GET /BLA/boletinlegal/ HTTP/1.1" 200 57716
45.95.55.5 - - [07/Aug/2022:16:36:58 -0500] "GET / HTTP/1.1" 200 319
172.22.2.4 - - [07/Aug/2022:16:36:17 -0500] "HEAD /BLA/boletinlegal/ HTTP/1.1" 200 -
201.245.192.253 - - [07/Aug/2022:16:38:03 -0500] "POST /kwsrmcab/Wsrmcab  HTTP/1.1" 200 44251
186.102.26.47 - - [07/Aug/2022:16:38:14 -0500] "GET /kwssiamovil/sm/acme/a?s=U2FsdGVkX1+IAmey4/TgCIahoTl5ov5rzEdifk6BXZt1uNgmA22YNibq+QcY1xwFXmXtyPKRJ3HdJzAzEOvR/Qd1KSfhdz1Y7W3UGUBw4Q+PrGve1e2Pu9qBoKEwnhdiaXAMck3OqpBCqmIqhWAdM2QALCP8vP6C/QI36y/vYaannuej1LkmmeUm3LlFnL7Y7Qize3Ymm0flGVZxvA5Ifq6CgIcQ/Om2A0EzE8h3GaXWE5DNcqVOjuRTQ3ASsVlC1+znESYOC05eTha2p/WcLzNRXDnvJWH1PGPGomDA3Gg=&u=U2FsdGVkX18cnFYmTB2ajtBwIKhJySuRxerP3URMeB6VCWNRjeivXOBmO5U5p2O3&y=U2FsdGVkX199dR4tGQLV9OFQLUti0RhPxP6vnETUc8pBd59Xhwtivofb1zswGE1I HTTP/1.1" 200 25
186.102.26.47 - - [07/Aug/2022:16:38:14 -0500] "GET /kwssiamovil/sm/acme/a?s=U2FsdGVkX1+FqZ8AbA5OS3wbsTS7NYZvqRbD9iGfHwumrIgu74tC22j6lTIHr4z1G31+orswzxx09jGGQ2f06EiRUK5DY1egVDlSsMVwdCuenUBpxn+j/xqhin0jsfGA3ngB/sdIkxXW5YWaJCWBphoSlrTRAmj5zMQMKdytTOYz8DuDB1A5jh6Mjx5ay3gg7uWgEGKO3+zksKEOetv4cHpEdq5C6UOoJJCggn/S1SrgCrJahCjQbZMbqFoNnED55UfT0fxd/8RxAzhPlu4km+TPMeMOGYYPh36Jvi4p+sGn5cp0PKVyucVPwJmoo6X6WKz0+yHqKSqZXWKz6qYeONkClE7tI8lwdW3Te/cXC0IhV7hCh3bXhpunAuoFwPTxdRyU/cbdmkRX29XSn4E8+0Ufw/VcT4qHGfYDIc7rhtLXA3mcfDR6tSWKTSPGp3oxUrIFDShbqW4GmlRkOIcSinsJqW59B0xcvoe3Txhrv2cA8fbbHWnfm/+xKuah059lSyz4CPLyn4ufA27W+14ovfPYb9RQvhV1uHlE6O0DOMe8VpX8Rgw3EIiHeK/AvNYXmX9nSaHdtEADVQVZYdXva9BixkN9LWwg5cybo3ZLVmtoJGQgRMyicz3gxznNMMrSZJ7/3ZHyauOZ61qc1Cpi9N1u48k4ukgGpASzsMgsRFe9ID0TpY9pmNn1SDYn1ZXpW6/QITV4bAfUhv9hm/NI0fAtY3eT9nidGzxPyq8ZvoaJd/o78eutOPuNDYmX0zp7IXcYPK2DiiZCdGbuC5ZO9pgETTOkVJ13pCZBRuUwnjnfxilruIqiSEaItMXd9hlgTkI7vQ+gxyKexb+VRJfD2RLwpbU537bXgYNwzsrepxb2mkTgmeOqyPzcwRnvhNcfKGKVr3OMl3te75CkQY1R6kD/u2nvlxxJRmF12EQcDKmOcoYKfVu7pfp3UPU5pREPlfJGqX2raPxJn8tUhhydjOOiT3+76YRfkdze7Qb2JyGAlVcTM6ZdwJ4JaN7bJHzU5a5XJllyJlWTUwhTWgrgedBqy7UhGxvwer2LhcieQm2RRoBIA2CrTybI2j1p3vo2YPABNcmr3Rul3z1qLKzHHmI59CVv8zdTuUbkfjbQyITFLI5jKjXyEVM7QDE0cOP1q7so/SZ5F0E+wQBFBAZsOY+GzR6N3ok0lrpr+xVl8au8f+NB3wYp9UKVnHl+CoFWfPP8pwnbZSVCKbRCc7BbbpJnOTVXKB7JIDgXRuD6+Xu5q23jAs4qIEvlgbu+Whh/lDI/OpuxCNBgj/yWq6nDrsgi7A1PdVLGiA5mVz7Duyqbxu3gNrvp4FGGDdtBi7alrE6siKNxTKvF+cAB8xAw37NJsbudyp5y+0EJhX/WTo6raPvUlu7j6vXDOMpc85/5oR647upWTsaAVaYhcT1oJ5HpeDs2hE02cKJvePC8n282WXmJGDWw1K3PdJVnj29rmUj0JICIdqSXpJv7AiH5Vt18zANNlA5c1sasQmiSxxVYgYcbZ6EcDHtsJXcGMusOzsuEIfLiHObKC1m+dle6a4fsabpIq6qNrXo8m7SJa249xJiQuEj1mDfywH3nNTLWmAWXWln7MzRDRiCWG6GNLoYeZSMjp07pBdxhhuJ6NXq4gz8+PLhrTEIawyHyY2J3DwAgFsQJFYPYIfH+MeWRV56FtAaq5zxhpQ1PERbUvq+d2ady1vE7dy8XMUYbH/g5DAOFiyZn/mqFEmEiPrZ5wO7Npvw+XMNd5Xo30utLayKXy7/ISNEmh1QD2aKcQ8kvi9ibMo5CB6lp6bLGOhmG2FZW0vXdUGrtTG8r2x/x2+9FotxJsw/tVJvCaVUAgxzfGouUd+CvFh9UTsvL274/VoO8+ubsJYjwowMtj+RO17ZOq3GsXeb5ILr94I9D0Wr7DzKeOogxaMUOby04RByIUAhR7H6cEV+5f2+ernLBWBNc6pqSNOAgQMs6TGecgCno0td7sQQ+6sxNhiN6vj8E8QxaHbaHRC+IJBF1bBFxCqkyU4KG0i9iHYUufhcb7mYh9kE4sv0dpmg7KPWHZ/kEsAfq8BOhyVoKVJQkRAKr79bR0Z/IQLsOWLnNLxpNV6A2TPB78OvryQiXv4gOYzTA1e5tT/ktOtDs7CApdM08rOM6feZtQJl9j/P+A/g0uzshu9mrAqB1ypchTS4rwhiVi4Tr5tvrfKMgCGAX07CaeunPms2T9gd0RkqYSGZrGWRI99Rxw9GcN0hGvsDHlvVbF7DsowNloJS3q0BkyEvniCp3tOHXBwtMlbe3+eL3rZRHWeHHIdMyvNmubGW96HcYOSSFDl9dk/RcCGHHeYbZAt2GWEllKzcCwKPLHz4VYxV48tA7igh7Tu0l0z0wMqzjfNvT0O53Cf7MSthT39Di3MpGNlXDPbtctwfZJBIeFAS3PUl9XlRSQdcWAs8q1E9yzlza6xjgcDn2aiSso92M2Tb0p8bnEXrNj+jWcXGqth6dP0mxto4U8+ceaaooI6tzpw==&u=U2FsdGVkX18cnFYmTB2ajtBwIKhJySuRxerP3URMeB6VCWNRjeivXOBmO5U5p2O3&y=U2FsdGVkX199dR4tGQLV9OFQLUti0RhPxP6vnETUc8pBd59Xhwtivofb1zswGE1I HTTP/1.1" 200 25
186.102.26.47 - - [07/Aug/2022:16:38:15 -0500] "GET /kwssiamovil/sm/acme/a?s=U2FsdGVkX1+UKmSxRhtZ+SiO6T0VaFOj84PL8BAToP3S+XbzN6KE6D8AdEJPTMk6fSpn9XuBr30MGihL/W+khYg3zSXkAP8vhRQKcg6EfSBDS+ExxwHmf0ykyVjyDtYSIuZiV9GlQDsu3Gn5/1lrrbAha/9605yAllH1THT/Zco=&u=U2FsdGVkX18cnFYmTB2ajtBwIKhJySuRxerP3URMeB6VCWNRjeivXOBmO5U5p2O3&y=U2FsdGVkX199dR4tGQLV9OFQLUti0RhPxP6vnETUc8pBd59Xhwtivofb1zswGE1I HTTP/1.1" 200 25
186.102.26.47 - - [07/Aug/2022:16:38:15 -0500] "GET /kwssiamovil/sm/acme/a?s=U2FsdGVkX196s9pmnEDhk9i9NSaJnvqBuURJivmiLYFHCfVukQxWIyKQGPz7z+1VWs3MUcFHT6x1iBqX1bZBokGfVjpLGz0SdBVdf8cl8uCgzr28jTtzs4h3Qsmi/d8xEWNV+pPOTUQqNs/bJk9BVRmEdBGjlcY56yelnbV5QhM=&u=U2FsdGVkX18cnFYmTB2ajtBwIKhJySuRxerP3URMeB6VCWNRjeivXOBmO5U5p2O3&y=U2FsdGVkX199dR4tGQLV9OFQLUti0RhPxP6vnETUc8pBd59Xhwtivofb1zswGE1I HTTP/1.1" 200 25
186.102.26.47 - - [07/Aug/2022:16:38:15 -0500] "GET /kwssiamovil/sm/acme/a?s=U2FsdGVkX1/oWMgciprbFxcoaUhCK3GaUujwveF0BBTj4OA2y7mUl9J+WPdfUsV4vwP9ghmqvIqupyIrMDaYBdly07LHYX+yEjJOHOPPpWQWXIFpPPFWsQNsxoY8fv/mqy63OnOP1zuLRY7kZwnHlVH8fM5bJDmPbDNs3qtDqdw=&u=U2FsdGVkX18cnFYmTB2ajtBwIKhJySuRxerP3URMeB6VCWNRjeivXOBmO5U5p2O3&y=U2FsdGVkX199dR4tGQLV9OFQLUti0RhPxP6vnETUc8pBd59Xhwtivofb1zswGE1I HTTP/1.1" 200 25
186.102.26.47 - - [07/Aug/2022:16:38:15 -0500] "GET /kwssiamovil/sm/acme/a?s=U2FsdGVkX1/l8etm/Jc02+VGhyKIONWKe6r9F+ntHrk/3Mf/U/DtCcLfyUKZKnpykDvzTroEIcQbq2n+agpwVrM6CNqHeIcuGNTckIpQ4Cvq2EhhAEt6VTAmX4fDdI4cOW22YIqcEcsFyaoOwRWT7Pt453zt3Nv3oSus9nsR+qwHRDIuS9L2ZOuKk2JfGKGe1gHP1IKHYwHKBtnrgFTQww==&u=U2FsdGVkX18cnFYmTB2ajtBwIKhJySuRxerP3URMeB6VCWNRjeivXOBmO5U5p2O3&y=U2FsdGVkX199dR4tGQLV9OFQLUti0RhPxP6vnETUc8pBd59Xhwtivofb1zswGE1I HTTP/1.1" 200 25
172.22.2.4 - - [07/Aug/2022:16:37:07 -0500] "GET /BLA/boletinlegal/ HTTP/1.1" 200 56005
172.22.2.4 - - [07/Aug/2022:16:39:01 -0500] "GET /BLA/boletinlegal/Circulares/2022/CIRCULAR%20No.%2000005%20DEL%2030%20DE%20JUNIO%20DEL%202022.pdf HTTP/1.1" 404 1218
172.22.2.4 - - [07/Aug/2022:16:39:06 -0500] "GET /BLA/boletinlegal/Circulares/2019/.pdf HTTP/1.1" 404 1218
172.22.2.4 - - [07/Aug/2022:16:39:16 -0500] "GET /BLA/boletinlegal/Circulares/2012/Circular%20No.%2010%20del%2026%20de%20Enero%20de%202012.pdf HTTP/1.1" 404 1218
216.245.221.92 - - [07/Aug/2022:16:39:41 -0500] "HEAD / HTTP/1.1" 200 -
201.245.192.253 - - [07/Aug/2022:16:39:59 -0500] "POST /kwsrmcab/Wsrmcab HTTP/1.1" 200 48128
201.245.192.253 - - [07/Aug/2022:16:40:03 -0500] "POST /kwsrmcab/Wsrmcab HTTP/1.1" 200 47668
172.22.2.4 - - [07/Aug/2022:16:38:26 -0500] "GET /BLA/boletinlegal/ HTTP/1.1" 200 58566
172.22.2.4 - - [07/Aug/2022:16:40:12 -0500] "GET /BLA/boletinlegal/js/jquery.js HTTP/1.1" 200 57254
179.1.98.146 - - [07/Aug/2022:16:41:43 -0500] "GET /sipse/faces/faces/index.xhtml HTTP/1.1" 200 677
179.1.98.146 - - [07/Aug/2022:16:41:43 -0500] "GET /sipse/faces/javax.faces.resource/theme.css?ln=primefaces-sipse HTTP/1.1" 200 50058
179.1.98.146 - - [07/Aug/2022:16:41:43 -0500] "GET /sipse/faces/faces/faces/autenticacion.xhtml HTTP/1.1" 200 12171
179.1.98.146 - - [07/Aug/2022:16:41:43 -0500] "GET /sipse/js/disable_browser_buttons.js HTTP/1.1" 200 3230
179.1.98.146 - - [07/Aug/2022:16:41:43 -0500] "GET /sipse/js/funciones.js HTTP/1.1" 200 12592
179.1.98.146 - - [07/Aug/2022:16:41:43 -0500] "GET /sipse/css/custom_css_sg.css HTTP/1.1" 200 9694
179.1.98.146 - - [07/Aug/2022:16:41:43 -0500] "GET /sipse/faces/javax.faces.resource/layout/layout.css?ln=primefaces&v=4.0 HTTP/1.1" 200 542
179.1.98.146 - - [07/Aug/2022:16:41:43 -0500] "GET /sipse/faces/javax.faces.resource/theme.css?ln=primefaces-sipse HTTP/1.1" 304 -
179.1.98.146 - - [07/Aug/2022:16:41:43 -0500] "GET /sipse/css/custom_css_sg_prime_login.css HTTP/1.1" 200 443
179.1.98.146 - - [07/Aug/2022:16:41:43 -0500] "GET /sipse/faces/javax.faces.resource/layout/layout.js?ln=primefaces&v=4.0 HTTP/1.1" 200 87560
179.1.98.146 - - [07/Aug/2022:16:41:43 -0500] "GET /sipse/faces/javax.faces.resource/jquery/jquery.js?ln=primefaces&v=4.0 HTTP/1.1" 200 105384
179.1.98.146 - - [07/Aug/2022:16:41:43 -0500] "GET /sipse/faces/javax.faces.resource/jquery/jquery-plugins.js?ln=primefaces&v=4.0 HTTP/1.1" 200 220526
179.1.98.146 - - [07/Aug/2022:16:41:43 -0500] "GET /sipse/faces/javax.faces.resource/primefaces.css?ln=primefaces&v=4.0 HTTP/1.1" 200 53295
179.1.98.146 - - [07/Aug/2022:16:41:43 -0500] "GET /sipse/faces/javax.faces.resource/primefaces.js?ln=primefaces&v=4.0 HTTP/1.1" 200 276924
179.1.98.146 - - [07/Aug/2022:16:41:44 -0500] "GET /sipse/faces/javax.faces.resource/images/ui-icons_898989_256x240.png?ln=primefaces-aristo HTTP/1.1" 200 5355
179.1.98.146 - - [07/Aug/2022:16:41:44 -0500] "GET /sipse/css/imagen/logoSDG.png HTTP/1.1" 200 53064
179.1.98.146 - - [07/Aug/2022:16:41:44 -0500] "GET /sipse/css/imagen/loginimg.png HTTP/1.1" 200 71635
157.55.39.50 - - [07/Aug/2022:16:41:45 -0500] "GET /portaldeninos/wp-content/uploads/2020/11/La-Vaca-B-260x146.jpg HTTP/1.1" 200 10481
185.119.81.105 - - [07/Aug/2022:16:42:28 -0500] "GET /portaldeninos/wp-login.php HTTP/1.1" 200 2592
185.119.81.105 - - [07/Aug/2022:16:42:29 -0500] "POST /portaldeninos/wp-login.php HTTP/1.1" 200 3605
186.102.106.52 - - [07/Aug/2022:16:42:49 -0500] "GET /galeria/galeria/jquery.fancybox.css?v=2.1.5 HTTP/1.1" 200 4895
201.245.192.253 - - [07/Aug/2022:16:43:02 -0500] "POST /kwsrmcab/Wsrmcab  HTTP/1.1" 200 44251
93.158.161.36 - - [07/Aug/2022:16:43:36 -0500] "-" 408 -
172.22.2.4 - - [07/Aug/2022:16:42:07 -0500] "HEAD /BLA/boletinlegal/ HTTP/1.1" 200 -
172.22.2.4 - - [07/Aug/2022:16:42:20 -0500] "GET /BLA/boletinlegal/ HTTP/1.1" 200 44034
172.22.2.4 - - [07/Aug/2022:16:42:57 -0500] "GET /BLA/boletinlegal/ HTTP/1.1" 200 51984
216.245.221.92 - - [07/Aug/2022:16:44:41 -0500] "HEAD / HTTP/1.1" 200 -
201.245.192.253 - - [07/Aug/2022:16:48:01 -0500] "POST /kwsrmcab/Wsrmcab  HTTP/1.1" 200 44251
172.22.2.4 - - [07/Aug/2022:16:47:57 -0500] "HEAD /BLA/boletinlegal/ HTTP/1.1" 200 -
216.245.221.92 - - [07/Aug/2022:16:49:41 -0500] "HEAD / HTTP/1.1" 200 -
172.22.2.4 - - [07/Aug/2022:16:48:48 -0500] "GET /BLA/boletinlegal/ HTTP/1.1" 200 56367
201.245.192.253 - - [07/Aug/2022:16:53:00 -0500] "POST /kwsrmcab/Wsrmcab  HTTP/1.1" 200 44251
185.119.81.96 - - [07/Aug/2022:16:53:20 -0500] "GET /portaldeninos/wp-login.php HTTP/1.1" 200 2592
185.119.81.96 - - [07/Aug/2022:16:53:21 -0500] "POST /portaldeninos/wp-login.php HTTP/1.1" 200 3605
93.158.161.49 - - [07/Aug/2022:16:53:36 -0500] "-" 408 -
216.245.221.92 - - [07/Aug/2022:16:54:41 -0500] "HEAD / HTTP/1.1" 200 -
172.22.2.4 - - [07/Aug/2022:16:53:48 -0500] "HEAD /BLA/boletinlegal/ HTTP/1.1" 200 -
172.22.2.4 - - [07/Aug/2022:16:54:39 -0500] "GET /BLA/boletinlegal/ HTTP/1.1" 200 60865
201.245.192.253 - - [07/Aug/2022:16:57:58 -0500] "POST /kwsrmcab/Wsrmcab  HTTP/1.1" 200 44251
172.22.2.4 - - [07/Aug/2022:16:58:03 -0500] "GET /BLA/boletinlegal/images/arr_l.jpg HTTP/1.1" 200 1979
172.22.2.4 - - [07/Aug/2022:16:58:03 -0500] "GET /BLA/boletinlegal/images/menu_bg.jpg HTTP/1.1" 200 620
172.22.2.4 - - [07/Aug/2022:16:58:06 -0500] "GET /BLA/boletinlegal/normativa.php HTTP/1.1" 200 8326
172.22.2.4 - - [07/Aug/2022:16:58:06 -0500] "GET /BLA/boletinlegal/niceforms.js HTTP/1.1" 200 22876
172.22.2.4 - - [07/Aug/2022:16:58:06 -0500] "GET /BLA/boletinlegal/images/tel.png HTTP/1.1" 200 14477
172.22.2.4 - - [07/Aug/2022:16:58:06 -0500] "GET /BLA/boletinlegal/images/footer_bg_l.jpg HTTP/1.1" 200 776
172.22.2.4 - - [07/Aug/2022:16:58:06 -0500] "GET /BLA/boletinlegal/img/0.png HTTP/1.1" 200 110
172.22.2.4 - - [07/Aug/2022:16:58:07 -0500] "GET /BLA/boletinlegal/img/button.png HTTP/1.1" 200 43241
172.22.2.4 - - [07/Aug/2022:16:58:07 -0500] "GET /BLA/boletinlegal/actos.php HTTP/1.1" 200 9559
172.22.2.4 - - [07/Aug/2022:16:58:07 -0500] "GET /BLA/boletinlegal/js/lib.js HTTP/1.1" 200 6474
190.27.13.0 - - [07/Aug/2022:16:58:09 -0500] "GET /BLA/resoluciones/ HTTP/1.1" 200 13093
190.27.13.0 - - [07/Aug/2022:16:58:20 -0500] "GET /BLA/resoluciones/index.php?dir=RESOLUCIONES+2017%2F HTTP/1.1" 200 281896
190.27.13.0 - - [07/Aug/2022:16:58:20 -0500] "GET /BLA/resoluciones/dlf/dirup.png HTTP/1.1" 200 644
190.27.13.0 - - [07/Aug/2022:16:58:20 -0500] "GET /BLA/resoluciones/dlf/pdf.gif HTTP/1.1" 200 272
190.27.13.0 - - [07/Aug/2022:16:58:41 -0500] "GET /BLA/resoluciones/RESOLUCIONES%202017/2767.pdf HTTP/1.1" 200 2357434
172.22.2.4 - - [07/Aug/2022:16:58:03 -0500] "GET /BLA/boletinlegal/ HTTP/1.1" 200 36811
216.245.221.92 - - [07/Aug/2022:16:59:41 -0500] "HEAD / HTTP/1.1" 200 -
172.22.2.4 - - [07/Aug/2022:16:59:38 -0500] "HEAD /BLA/boletinlegal/ HTTP/1.1" 200 -
172.22.2.4 - - [07/Aug/2022:17:00:28 -0500] "GET /BLA/boletinlegal/ HTTP/1.1" 200 60272
201.245.192.253 - - [07/Aug/2022:17:02:58 -0500] "POST /kwsrmcab/Wsrmcab  HTTP/1.1" 200 44251
77.88.5.215 - - [07/Aug/2022:17:03:36 -0500] "-" 408 -
173.252.107.116 - - [07/Aug/2022:17:04:01 -0500] "GET /images/lluvias-arboles-4-junio.jpeg HTTP/1.1" 200 117524
173.252.107.116 - - [07/Aug/2022:17:04:02 -0500] "GET /images/Junio%2002-experiencias-jardines-verticales-sda.jpeg HTTP/1.1" 200 31171
173.252.107.2 - - [07/Aug/2022:17:04:02 -0500] "GET /images/empresas-industrias-forestales-1-junio.jpg HTTP/1.1" 200 44019
