172.22.2.4 - - [09/Aug/2022:17:13:52 -0500] "GET /BLA/boletinlegal/admin/index_files/index_files/tback.gif HTTP/1.1" 404 1362
201.245.192.253 - - [09/Aug/2022:17:13:58 -0500] "POST /sipse/faces/presentacion/financiero/solicitudProceso/registrarAnotacion.xhtml HTTP/1.1" 200 131007
201.245.192.253 - - [09/Aug/2022:17:13:59 -0500] "GET /sipse/faces/javax.faces.resource/theme.css?ln=primefaces-sipse HTTP/1.1" 304 -
201.245.192.253 - - [09/Aug/2022:17:13:59 -0500] "GET /sipse/faces/javax.faces.resource/primefaces.css?ln=primefaces&v=4.0 HTTP/1.1" 304 -
201.245.192.253 - - [09/Aug/2022:17:13:59 -0500] "GET /sipse/faces/javax.faces.resource/layout/layout.css?ln=primefaces&v=4.0 HTTP/1.1" 304 -
201.245.192.253 - - [09/Aug/2022:17:13:59 -0500] "GET /sipse/faces/javax.faces.resource/jquery/jquery.js?ln=primefaces&v=4.0 HTTP/1.1" 304 -
201.245.192.253 - - [09/Aug/2022:17:13:59 -0500] "GET /sipse/faces/javax.faces.resource/jquery/jquery-plugins.js?ln=primefaces&v=4.0 HTTP/1.1" 304 -
201.245.192.253 - - [09/Aug/2022:17:13:59 -0500] "GET /sipse/faces/javax.faces.resource/primefaces.js?ln=primefaces&v=4.0 HTTP/1.1" 304 -
201.245.192.253 - - [09/Aug/2022:17:13:59 -0500] "GET /sipse/faces/javax.faces.resource/layout/layout.js?ln=primefaces&v=4.0 HTTP/1.1" 304 -
201.245.192.253 - - [09/Aug/2022:17:13:59 -0500] "GET /sipse/faces/javax.faces.resource/dynamiccontent.properties?ln=primefaces&pfdrid=XjOR5%2F%2FfPAZAuY9TpWQeCiM0BhlXxYRBGKi%2FQcXXfeA%3D&pfdrid_c=false HTTP/1.1" 500 383
201.245.192.253 - - [09/Aug/2022:17:14:02 -0500] "POST /sipse/faces/presentacion/financiero/solicitudProceso/consultarSolicitudProceso.xhtml HTTP/1.1" 200 40110
201.245.192.253 - - [09/Aug/2022:17:14:04 -0500] "GET /sipse/faces/javax.faces.resource/theme.css?ln=primefaces-sipse HTTP/1.1" 304 -
201.245.192.253 - - [09/Aug/2022:17:14:04 -0500] "GET /sipse/faces/javax.faces.resource/primefaces.css?ln=primefaces&v=4.0 HTTP/1.1" 304 -
201.245.192.253 - - [09/Aug/2022:17:14:04 -0500] "GET /sipse/faces/javax.faces.resource/layout/layout.css?ln=primefaces&v=4.0 HTTP/1.1" 304 -
201.245.192.253 - - [09/Aug/2022:17:14:04 -0500] "GET /sipse/faces/javax.faces.resource/jquery/jquery.js?ln=primefaces&v=4.0 HTTP/1.1" 304 -
201.245.192.253 - - [09/Aug/2022:17:14:04 -0500] "GET /sipse/faces/javax.faces.resource/jquery/jquery-plugins.js?ln=primefaces&v=4.0 HTTP/1.1" 304 -
201.245.192.253 - - [09/Aug/2022:17:14:04 -0500] "GET /sipse/faces/javax.faces.resource/primefaces.js?ln=primefaces&v=4.0 HTTP/1.1" 304 -
201.245.192.253 - - [09/Aug/2022:17:14:04 -0500] "GET /sipse/faces/javax.faces.resource/layout/layout.js?ln=primefaces&v=4.0 HTTP/1.1" 304 -
201.245.192.253 - - [09/Aug/2022:17:14:04 -0500] "POST /sipse/faces/presentacion/financiero/solicitudProceso/listarSolicitudProceso.xhtml HTTP/1.1" 200 1372
172.22.2.4 - - [09/Aug/2022:17:14:05 -0500] "GET /BLA/boletinlegal/admin/actos/ingresar.php HTTP/1.1" 200 7143
172.22.2.4 - - [09/Aug/2022:17:14:07 -0500] "GET /BLA/boletinlegal/images/favicon.ico HTTP/1.1" 404 1356
172.22.2.4 - - [09/Aug/2022:17:13:52 -0500] "GET /BLA/boletinlegal/admin/ HTTP/1.1" 200 7239
216.245.221.92 - - [09/Aug/2022:17:14:34 -0500] "HEAD / HTTP/1.1" 200 -
172.22.2.4 - - [09/Aug/2022:17:12:55 -0500] "HEAD /BLA/boletinlegal/ HTTP/1.1" 200 -
172.22.2.4 - - [09/Aug/2022:17:13:46 -0500] "GET /BLA/boletinlegal/ HTTP/1.1" 200 54814
173.252.83.120 - - [09/Aug/2022:17:15:50 -0500] "GET /ciudad-bolivar-se-prepara-para-una-nueva-jornada-de-reciclaton.html HTTP/1.1" 206 943
201.245.192.253 - - [09/Aug/2022:17:18:06 -0500] "POST /kwsrmcab/Wsrmcab  HTTP/1.1" 200 44251
172.22.2.4 - - [09/Aug/2022:17:18:15 -0500] "GET /BLA/boletinlegal/normativa.php HTTP/1.1" 200 8326
172.22.2.4 - - [09/Aug/2022:17:18:15 -0500] "GET /BLA/boletinlegal/styles2.css HTTP/1.1" 200 1838
172.22.2.4 - - [09/Aug/2022:17:18:15 -0500] "GET /BLA/boletinlegal/niceforms-default.css HTTP/1.1" 200 6694
172.22.2.4 - - [09/Aug/2022:17:18:15 -0500] "GET /BLA/boletinlegal/style.css HTTP/1.1" 200 9406
172.22.2.4 - - [09/Aug/2022:17:18:15 -0500] "GET /BLA/boletinlegal/js/ajax_normativa.js HTTP/1.1" 200 1154
172.22.2.4 - - [09/Aug/2022:17:18:15 -0500] "GET /BLA/boletinlegal/niceforms.js HTTP/1.1" 200 22876
172.22.2.4 - - [09/Aug/2022:17:18:15 -0500] "GET /BLA/boletinlegal/images/cabezote%20BLEGAL.jpg HTTP/1.1" 200 118164
172.22.2.4 - - [09/Aug/2022:17:18:15 -0500] "GET /BLA/boletinlegal/images/subscribe-icon-big.png HTTP/1.1" 200 47702
172.22.2.4 - - [09/Aug/2022:17:18:15 -0500] "GET /BLA/boletinlegal/images/historia.png HTTP/1.1" 200 52775
172.22.2.4 - - [09/Aug/2022:17:18:15 -0500] "GET /BLA/boletinlegal/images/registro-usuarios.png HTTP/1.1" 200 8106
172.22.2.4 - - [09/Aug/2022:17:18:15 -0500] "GET /BLA/boletinlegal/images/abajo.png HTTP/1.1" 200 96676
172.22.2.4 - - [09/Aug/2022:17:18:15 -0500] "GET /BLA/boletinlegal/images/tel.png HTTP/1.1" 200 14477
172.22.2.4 - - [09/Aug/2022:17:18:15 -0500] "GET /BLA/boletinlegal/images/icono-email.png HTTP/1.1" 200 5544
172.22.2.4 - - [09/Aug/2022:17:18:15 -0500] "GET /BLA/boletinlegal/images/body_bg.jpg HTTP/1.1" 200 1601
172.22.2.4 - - [09/Aug/2022:17:18:15 -0500] "GET /BLA/boletinlegal/images/menu_lft.gif HTTP/1.1" 200 1713
172.22.2.4 - - [09/Aug/2022:17:18:15 -0500] "GET /BLA/boletinlegal/images/menu_rght.gif HTTP/1.1" 200 1627
172.22.2.4 - - [09/Aug/2022:17:18:15 -0500] "GET /BLA/boletinlegal/images/bg_top.jpg HTTP/1.1" 200 522
172.22.2.4 - - [09/Aug/2022:17:18:15 -0500] "GET /BLA/boletinlegal/images/menu_bg.jpg HTTP/1.1" 200 620
172.22.2.4 - - [09/Aug/2022:17:18:15 -0500] "GET /BLA/boletinlegal/images/hover.jpg HTTP/1.1" 200 640
172.22.2.4 - - [09/Aug/2022:17:18:15 -0500] "GET /BLA/boletinlegal/images/text.jpg HTTP/1.1" 200 568
172.22.2.4 - - [09/Aug/2022:17:18:15 -0500] "GET /BLA/boletinlegal/images/footer_bg.jpg HTTP/1.1" 200 586
172.22.2.4 - - [09/Aug/2022:17:18:15 -0500] "GET /BLA/boletinlegal/images/footer_bg_l.jpg HTTP/1.1" 200 776
172.22.2.4 - - [09/Aug/2022:17:18:16 -0500] "GET /BLA/boletinlegal/img/select-left.png HTTP/1.1" 200 263
172.22.2.4 - - [09/Aug/2022:17:18:16 -0500] "GET /BLA/boletinlegal/img/select-right.png HTTP/1.1" 200 44019
172.22.2.4 - - [09/Aug/2022:17:18:16 -0500] "GET /BLA/boletinlegal/img/button-left.png HTTP/1.1" 200 57071
172.22.2.4 - - [09/Aug/2022:17:18:16 -0500] "GET /BLA/boletinlegal/img/button-right.png HTTP/1.1" 200 57878
172.22.2.4 - - [09/Aug/2022:17:18:16 -0500] "GET /BLA/boletinlegal/img/button.png HTTP/1.1" 200 43241
172.22.2.4 - - [09/Aug/2022:17:18:16 -0500] "GET /BLA/boletinlegal/img/0.png HTTP/1.1" 200 110
172.22.2.4 - - [09/Aug/2022:17:18:16 -0500] "GET /BLA/boletinlegal/favicon.ico HTTP/1.1" 404 1334
40.77.167.65 - - [09/Aug/2022:17:18:43 -0500] "GET /BLA/resoluciones/AUTOS%202021/5502.pdf HTTP/1.1" 200 388095
172.22.2.4 - - [09/Aug/2022:17:18:54 -0500] "GET /BLA/boletinlegal/consulta_normativa.php?tipo=Resolucion&sector=Aire&ano=2021&resuelve= HTTP/1.1" 200 454
172.22.2.4 - - [09/Aug/2022:17:19:22 -0500] "GET /BLA/boletinlegal/consulta_normativa.php?tipo=Resolucion&sector=licencia&ano=2021&resuelve= HTTP/1.1" 200 454
172.22.2.4 - - [09/Aug/2022:17:19:33 -0500] "GET /BLA/boletinlegal/consulta_normativa.php?tipo=Resolucion&sector=residuos&ano=2021&resuelve= HTTP/1.1" 200 454
216.245.221.92 - - [09/Aug/2022:17:19:35 -0500] "HEAD / HTTP/1.1" 200 -
201.245.192.253 - - [09/Aug/2022:17:19:48 -0500] "POST /kwsrmcab/Wsrmcab HTTP/1.1" 200 47377
172.22.2.4 - - [09/Aug/2022:17:19:52 -0500] "GET /BLA/boletinlegal/consulta_normativa.php?tipo=Resolucion&sector=Aire&ano=2021&resuelve=05019 HTTP/1.1" 200 454
201.245.192.253 - - [09/Aug/2022:17:19:52 -0500] "POST /kwsrmcab/Wsrmcab HTTP/1.1" 200 47834
172.22.2.4 - - [09/Aug/2022:17:18:45 -0500] "HEAD /BLA/boletinlegal/ HTTP/1.1" 200 -
93.158.161.37 - - [09/Aug/2022:17:20:41 -0500] "-" 408 -
172.22.2.4 - - [09/Aug/2022:17:20:44 -0500] "POST /BLA/boletinlegal/admin/actos/ingresar.php HTTP/1.1" 200 7236
201.245.192.253 - - [09/Aug/2022:17:21:06 -0500] "GET /BLA/resoluciones/ HTTP/1.1" 200 13093
201.245.192.253 - - [09/Aug/2022:17:21:06 -0500] "GET /BLA/resoluciones/dlf/folder.png HTTP/1.1" 200 410
201.245.192.253 - - [09/Aug/2022:17:21:06 -0500] "GET /BLA/resoluciones/dlf/styles.css HTTP/1.1" 200 3049
201.245.192.253 - - [09/Aug/2022:17:21:06 -0500] "GET /BLA/resoluciones/dlf/bg.gif HTTP/1.1" 200 54
201.245.192.253 - - [09/Aug/2022:17:21:06 -0500] "GET /favicon.ico HTTP/1.1" 200 7782
201.245.192.253 - - [09/Aug/2022:17:21:08 -0500] "GET /BLA/resoluciones/dlf/dirup.png HTTP/1.1" 200 644
201.245.192.253 - - [09/Aug/2022:17:21:08 -0500] "GET /BLA/resoluciones/dlf/pdf.gif HTTP/1.1" 200 272
201.245.192.253 - - [09/Aug/2022:17:21:07 -0500] "GET /BLA/resoluciones/index.php?dir=RESOLUCIONES+2021%2F HTTP/1.1" 200 407323
172.22.2.4 - - [09/Aug/2022:17:19:36 -0500] "GET /BLA/boletinlegal/ HTTP/1.1" 200 58946
186.102.72.29 - - [09/Aug/2022:17:21:19 -0500] "GET /bogota-construccion-sostenible-una-invitacion-del-distrito-para-los-proyectos-y-edificaciones-de-la-ciudad.html HTTP/1.1" 200 908
185.119.81.101 - - [09/Aug/2022:17:21:39 -0500] "GET /portaldeninos/wp-login.php HTTP/1.1" 200 2592
185.119.81.101 - - [09/Aug/2022:17:21:40 -0500] "POST /portaldeninos/wp-login.php HTTP/1.1" 200 3670
172.22.2.4 - - [09/Aug/2022:17:22:10 -0500] "GET /BLA/boletinlegal/owa/auth/x.js HTTP/1.1" 404 1018
181.134.21.75 - - [09/Aug/2022:17:22:39 -0500] "GET /Publicaciones/SSFFS-02841.zip HTTP/1.1" 200 2369205
181.134.21.75 - - [09/Aug/2022:17:22:50 -0500] "GET /Publicaciones/SSFFS-02841.zip HTTP/1.1" 206 1
181.134.21.75 - - [09/Aug/2022:17:22:50 -0500] "GET /Publicaciones/SSFFS-02841.zip HTTP/1.1" 206 1507739
201.245.192.253 - - [09/Aug/2022:17:23:05 -0500] "POST /kwsrmcab/Wsrmcab  HTTP/1.1" 200 44251
181.134.21.75 - - [09/Aug/2022:17:23:21 -0500] "GET /Publicaciones/SSFFS-02841.zip HTTP/1.1" 206 1
181.134.21.75 - - [09/Aug/2022:17:23:21 -0500] "GET /Publicaciones/SSFFS-02841.zip HTTP/1.1" 206 1874155
172.22.2.4 - - [09/Aug/2022:17:23:26 -0500] "POST /BLA/boletinlegal/admin/actos/ingresar.php HTTP/1.1" 200 7236
181.134.21.75 - - [09/Aug/2022:17:23:34 -0500] "GET /Publicaciones/SSFFS-02841.zip HTTP/1.1" 206 1
181.134.21.75 - - [09/Aug/2022:17:23:34 -0500] "GET /Publicaciones/SSFFS-02841.zip HTTP/1.1" 206 3316438
172.22.2.4 - - [09/Aug/2022:17:24:08 -0500] "GET /BLA/boletinlegal/owa/auth/logon.aspx HTTP/1.1" 404 1018
201.245.192.253 - - [09/Aug/2022:17:24:14 -0500] "GET /sipse/faces/javax.faces.resource/images/ui-bg_flat_0_2d5972_40x100.png?ln=primefaces-aristo HTTP/1.1" 304 -
201.245.192.253 - - [09/Aug/2022:17:24:14 -0500] "POST /sipse/faces/presentacion/financiero/solicitudProceso/consultarSolicitudProceso.xhtml HTTP/1.1" 200 40513
201.245.192.253 - - [09/Aug/2022:17:24:14 -0500] "GET /sipse/faces/javax.faces.resource/primefaces.css?ln=primefaces&v=4.0 HTTP/1.1" 304 -
201.245.192.253 - - [09/Aug/2022:17:24:14 -0500] "GET /sipse/faces/javax.faces.resource/theme.css?ln=primefaces-sipse HTTP/1.1" 304 -
201.245.192.253 - - [09/Aug/2022:17:24:14 -0500] "GET /sipse/faces/javax.faces.resource/layout/layout.css?ln=primefaces&v=4.0 HTTP/1.1" 304 -
201.245.192.253 - - [09/Aug/2022:17:24:14 -0500] "GET /sipse/faces/javax.faces.resource/jquery/jquery.js?ln=primefaces&v=4.0 HTTP/1.1" 304 -
201.245.192.253 - - [09/Aug/2022:17:24:14 -0500] "GET /sipse/faces/javax.faces.resource/jquery/jquery-plugins.js?ln=primefaces&v=4.0 HTTP/1.1" 304 -
201.245.192.253 - - [09/Aug/2022:17:24:14 -0500] "GET /sipse/faces/javax.faces.resource/primefaces.js?ln=primefaces&v=4.0 HTTP/1.1" 304 -
201.245.192.253 - - [09/Aug/2022:17:24:14 -0500] "GET /sipse/faces/javax.faces.resource/layout/layout.js?ln=primefaces&v=4.0 HTTP/1.1" 304 -
201.245.192.253 - - [09/Aug/2022:17:24:14 -0500] "POST /sipse/faces/presentacion/financiero/solicitudProceso/listarSolicitudProceso.xhtml HTTP/1.1" 200 33858
172.22.2.4 - - [09/Aug/2022:17:24:15 -0500] "GET /BLA/boletinlegal/ecp/Current/exporttool/microsoft.exchange.ediscovery.exporttool.application HTTP/1.1" 404 1018
201.245.192.253 - - [09/Aug/2022:17:24:15 -0500] "POST /sipse/faces/presentacion/financiero/solicitudProceso/listarSolicitudProceso.xhtml HTTP/1.1" 200 33858
201.245.192.253 - - [09/Aug/2022:17:24:15 -0500] "POST /sipse/faces/presentacion/financiero/solicitudProceso/listarSolicitudProceso.xhtml HTTP/1.1" 200 1436
201.245.192.253 - - [09/Aug/2022:17:24:15 -0500] "POST /sipse/faces/presentacion/financiero/solicitudProceso/listarSolicitudProceso.xhtml HTTP/1.1" 200 1476
201.245.192.253 - - [09/Aug/2022:17:24:15 -0500] "POST /sipse/faces/presentacion/financiero/solicitudProceso/listarSolicitudProceso.xhtml HTTP/1.1" 200 1468
216.245.221.92 - - [09/Aug/2022:17:24:34 -0500] "HEAD / HTTP/1.1" 200 -
172.22.2.4 - - [09/Aug/2022:17:24:35 -0500] "HEAD /BLA/boletinlegal/ HTTP/1.1" 200 -
172.22.2.4 - - [09/Aug/2022:17:25:26 -0500] "GET /BLA/boletinlegal/ HTTP/1.1" 200 58154
201.245.192.253 - - [09/Aug/2022:17:28:04 -0500] "POST /kwsrmcab/Wsrmcab  HTTP/1.1" 200 44251
216.245.221.92 - - [09/Aug/2022:17:29:34 -0500] "HEAD / HTTP/1.1" 200 -
201.245.192.253 - - [09/Aug/2022:17:29:48 -0500] "POST /kwsrmcab/Wsrmcab HTTP/1.1" 200 47377
201.245.192.253 - - [09/Aug/2022:17:29:52 -0500] "POST /kwsrmcab/Wsrmcab HTTP/1.1" 200 47834
77.88.5.48 - - [09/Aug/2022:17:30:41 -0500] "-" 408 -
186.84.90.244 - - [09/Aug/2022:17:31:22 -0500] "GET /kwssiamovil/sm/acme/a?s=U2FsdGVkX1+WL7qLypXJcJD3TcC5h56ZFWikORyMeEVxCFiPdk+AI9TA3Xzrfg2tvGProAaZOtCrfxJcVBUrOoM+qx9UJniV44FgiMK3OY8sHVehuTjVnxqi3nCa6sL8QlXtPIcC57ilAw1zfZFUPTmkdFEC2LTVeetrYE0GZ7n7DQXOxio+ImS7QaFV6JBnz4Csl9xCokr9QGz9kl0729+WmwqXatcoDvrye0120iagzS4iwGgnc5qz62axs26bMQWG0T5dQ4FKWlFz8FmCXQ==&u=U2FsdGVkX189YcBj2sMBWandQFIJL6StojpxUb1baug=&y=U2FsdGVkX1+pPVmrilctzicoBgC11aASOilS0Lw3JY0= HTTP/1.1" 200 25
186.84.90.244 - - [09/Aug/2022:17:31:22 -0500] "GET /kwssiamovil/sm/acme/a?s=U2FsdGVkX1/8C7IEh3dL9AoY2Y7OEIS1Lk7LYki5KV9yQCoJCluSEJYYuN9xBf+E72Cr1lA516oe7jWRdJl9mHb9bmfPEl2g41ivdRi0xmQOzl/zKjKDMEZtE7xfDL5N6YXw6fmtZkC3FUYY7V5jWcwn4VRI0qTE/Byq4ZpnEIxSs0RfPHtrVQj8g4+im/H6sHx/F4++XEiJZR6VVccnqUI9I+5UI9vJZkUeLHbhdxkgf79tsiWrME6ZMMDRO0wa5Jca07VELQ3vcT+G5ZhvHMlKIYJWVc94ROFlyeN/SmkUnKU3bYmbFyptSFTWOYaCIp3UkR4UYUPr6WoW7DxvQ3zsNND53inbf+Fy+VphlkY95H2uyRiyqmmoByvAa/yqHR5cQEgglv+AZrCfsSc2nz+CPJqszDnQ+w0o6PvR6hfGPvCIqNN7ckCKDCur6d48TxwhwYsgN7RRjr+BOqwgipnlRlgdXWfPqcmxQhTFX1E7Di52lCMJ0t3lyNUBwAN0p1cPoyaFJfiv3e2pUnKqF1dez+WjC8lubLUIVxruLGqCS7jS3wbHEQdL/unoC+OSjvmWoKz1vs+L3hIpXbkFJmv1Itpar7MwGTiH0ATGCGFW6L7rT2HlRtZ1gU989NEVAmd3CHYSAg8fR2bqs7ZBqjUDS90UW+FMQQ8dv/0O9Z3mB0QxsS8EfDt5MfKGXPnSymTpQJyg0jf6RWsBAeIe/v0Y80WAoDX3F1YdiLr3iw5K0f3SRfezI/1FxNtSezhjHNPB1KE3kXLzPOR9S1n1ON5njlBJ5P+pIiRiEkGvQBPT0tlHegV13ylZEGLbhobrzZGV4sX0c30fRXhrD1K/m+Qka/Uo2xEsMlJZHbPMcBpXCXQ4kiwdJW7B9OeDv5o8h0adtIDjnczbQtfZNs8uW5aG+GrPE7CJ7hQPLl+t6gNqy7ECkP6+0v8kvc9EtEFVnD7bpNk1dnX+EjNjjf+3EkkwYHX6D4MoUO2zHf3icDo4t6zhWo4z6NPfki58aC29KccQjPMeaDd6REl//QU3RsRspMSmx/JgO85Mm8mNI2Hf7lyB5OnUI7aE7rzjrWOOSaVHZVchfwr0jJQjoce4g5Jqg7g5ipKmkrWXEKFktpTWA8foGOulZwIs8FQnQ2SkfyeKaS+TSFkKhGRAdKthkWUY/8AWrpsfkwK+6Q/iAZSVU1B7XfBsmVQa6y5JB6fmt8ScgHjUwrmTxIEvEcyhyctP1gfSx8Seg/whHI7lUAZd3LhKkIQK1kx3UxpHEZOq8CqarAE3uTqeloSz7KGHxxu/VrLDWmSKvV0/n7vIi8jloZ+m0zKEq2ES7efzUmQlewy6XC2+4KZudyXZbW5zJITNJsnfx7c1Ha7ZjkI7dNl6Obe2gF5JRbYJNgCXEzTFw4pP7nWVVE+sc9vL4MAQxGUaZxLVYfSyagwozyzM2O7CgzxUc4sWcKvfYGl0FfNVNcmSXFtJY4W+T4I6N2gjvf13a6f77kfYe6XjWB3ZxypimOUSdjcXPA2j7r0dkgXtTK5AYiRH9wSPHF8fFlBVzRPptfDMt8TCDSELv86sx3eNUK11K5HGcK5mdcYkax8CLtvIxApoV3wyZLDMi6I61B+ge0TqZIyFcNvUwaGMMNU+0hgSqhWu7blXEhO0jqpUKRTa3/OLjMAg5wgL53BINy6rIP/pPPL4hiq1XZtd6rfYnbaJ40HUaW14BYuab6juYrjBPeSAWP9p26Enbd4e4s2NzsHXrG4syYQ0T2LI73jFiojbyghzNegX9RLdi6vRL14seKjs7duN0sX57N6l8ofvca62bjzjX+9VuSCT4RQdBJ/fbThQrIOhSVK2R2fLf0iSZ3PRMbZtDNTFgMXhInjKDVIQGvZ8Tv6kfCUMkykLmzq8tjgjEPvsAegazA9105mSTeNCPcJNCMXzIYcpOM+nqiVTuxXt6M2zzwt1x/0=&u=U2FsdGVkX189YcBj2sMBWandQFIJL6StojpxUb1baug=&y=U2FsdGVkX1+pPVmrilctzicoBgC11aASOilS0Lw3JY0= HTTP/1.1" 200 25
186.84.90.244 - - [09/Aug/2022:17:31:23 -0500] "GET /kwssiamovil/sm/acme/a?s=U2FsdGVkX1/ucRHEe/wa3HwSbOhOXXkEPgZVnMmKQ8Uxj0s01qxs/S5ZutwLSGMGbXaXSfRwJ44Ta+FNoQ0w++zmuy8TrLcRseHPKrVu74eD9Ut7p0Hmb3MwX6D2gMu/oIANSPJrX1DF0ETganKFkmDV8uuyGRjSgUA1Y8O7sQ4=&u=U2FsdGVkX189YcBj2sMBWandQFIJL6StojpxUb1baug=&y=U2FsdGVkX1+pPVmrilctzicoBgC11aASOilS0Lw3JY0= HTTP/1.1" 200 25
186.84.90.244 - - [09/Aug/2022:17:31:23 -0500] "GET /kwssiamovil/sm/acme/a?s=U2FsdGVkX1+zvKdghkNiAC5rTe9V2CXQfFIh9DVSdU0PgJmY0Qapa9XM8cWL9RYA/ZYKK+6PYOlaYMR7mcf+qxXx5ViF06UN7pAQNIsSAN/1UdMyitQEmaGmMpvcRh7uqCtljCncAy6JZFhuhdujvvatfruqt9XulR84z8hZkmk=&u=U2FsdGVkX189YcBj2sMBWandQFIJL6StojpxUb1baug=&y=U2FsdGVkX1+pPVmrilctzicoBgC11aASOilS0Lw3JY0= HTTP/1.1" 200 25
186.84.90.244 - - [09/Aug/2022:17:31:23 -0500] "GET /kwssiamovil/sm/acme/a?s=U2FsdGVkX18Id33Pn8fjtJ0IqKJfrATzXRl6O8ZQsSq50KGInGavxBRpG0l/sVkZoMYPSKAeDP2HWI9O4huIzPxZGyyfuGfUPVETSTTS71CW5xJDXM2q5AH2oy268i2yARk76C6ong3lHd7O75ecDMEKS+ZQB+8t+tEPS6lM/Mo=&u=U2FsdGVkX189YcBj2sMBWandQFIJL6StojpxUb1baug=&y=U2FsdGVkX1+pPVmrilctzicoBgC11aASOilS0Lw3JY0= HTTP/1.1" 200 25
186.84.90.244 - - [09/Aug/2022:17:31:23 -0500] "GET /kwssiamovil/sm/acme/a?s=U2FsdGVkX1/d6bMevVmZ9+bJHoGalc8HdhA1tzJTPfcz6nWhQcn7CcO8jiNicN5L8oT86g1Q1MZyVAdjwZK2hiaSx6VJC2F0dASuVLde+MzuO8/wNzWjENCfzW0MsC26mYqkOiG36eXz8MntmNYa7Qjr8PSFCHh/1UpNauprEhDfQiFlDojYAHKqEjQQJLqK&u=U2FsdGVkX189YcBj2sMBWandQFIJL6StojpxUb1baug=&y=U2FsdGVkX1+pPVmrilctzicoBgC11aASOilS0Lw3JY0= HTTP/1.1" 200 25
172.22.2.4 - - [09/Aug/2022:17:30:25 -0500] "HEAD /BLA/boletinlegal/ HTTP/1.1" 200 -
172.22.2.4 - - [09/Aug/2022:17:31:15 -0500] "GET /BLA/boletinlegal/ HTTP/1.1" 200 60272
201.245.192.253 - - [09/Aug/2022:17:33:03 -0500] "POST /kwsrmcab/Wsrmcab  HTTP/1.1" 200 44251
172.22.2.4 - - [09/Aug/2022:17:33:44 -0500] "GET /BLA/boletinlegal/robots.txt HTTP/1.1" 404 1140
216.245.221.92 - - [09/Aug/2022:17:34:34 -0500] "HEAD / HTTP/1.1" 200 -
157.55.39.50 - - [09/Aug/2022:17:34:46 -0500] "GET /portaldeninos/parque-ecologico-distrital-humedal-santa-maria-del-lago/ HTTP/1.1" 200 90199
172.22.2.4 - - [09/Aug/2022:17:36:15 -0500] "HEAD /BLA/boletinlegal/ HTTP/1.1" 200 -
201.245.192.253 - - [09/Aug/2022:17:38:01 -0500] "POST /kwsrmcab/Wsrmcab  HTTP/1.1" 200 44251
172.22.2.4 - - [09/Aug/2022:17:37:06 -0500] "GET /BLA/boletinlegal/ HTTP/1.1" 200 53994
216.245.221.92 - - [09/Aug/2022:17:39:34 -0500] "HEAD / HTTP/1.1" 200 -
201.245.192.253 - - [09/Aug/2022:17:39:49 -0500] "POST /kwsrmcab/Wsrmcab HTTP/1.1" 200 47377
201.245.192.253 - - [09/Aug/2022:17:39:52 -0500] "POST /kwsrmcab/Wsrmcab HTTP/1.1" 200 47834
93.158.161.6 - - [09/Aug/2022:17:40:41 -0500] "-" 408 -
186.147.100.48 - - [09/Aug/2022:17:41:50 -0500] "POST /sipse/faces/presentacion/financiero/solicitudProceso/consultarSolicitudProceso.xhtml HTTP/1.1" 200 64601
186.147.100.48 - - [09/Aug/2022:17:41:51 -0500] "GET /sipse/faces/javax.faces.resource/theme.css?ln=primefaces-sipse HTTP/1.1" 304 -
186.147.100.48 - - [09/Aug/2022:17:41:51 -0500] "GET /sipse/faces/javax.faces.resource/primefaces.css?ln=primefaces&v=4.0 HTTP/1.1" 304 -
186.147.100.48 - - [09/Aug/2022:17:41:51 -0500] "GET /sipse/faces/javax.faces.resource/layout/layout.css?ln=primefaces&v=4.0 HTTP/1.1" 304 -
186.147.100.48 - - [09/Aug/2022:17:41:51 -0500] "GET /sipse/faces/javax.faces.resource/jquery/jquery.js?ln=primefaces&v=4.0 HTTP/1.1" 304 -
186.147.100.48 - - [09/Aug/2022:17:41:51 -0500] "GET /sipse/faces/javax.faces.resource/jquery/jquery-plugins.js?ln=primefaces&v=4.0 HTTP/1.1" 304 -
186.147.100.48 - - [09/Aug/2022:17:41:51 -0500] "GET /sipse/faces/javax.faces.resource/primefaces.js?ln=primefaces&v=4.0 HTTP/1.1" 304 -
186.147.100.48 - - [09/Aug/2022:17:41:51 -0500] "GET /sipse/faces/javax.faces.resource/layout/layout.js?ln=primefaces&v=4.0 HTTP/1.1" 304 -
186.147.100.48 - - [09/Aug/2022:17:41:51 -0500] "POST /sipse/faces/presentacion/financiero/solicitudProceso/listarSolicitudProceso.xhtml HTTP/1.1" 200 57926
186.147.100.48 - - [09/Aug/2022:17:41:52 -0500] "POST /sipse/faces/presentacion/financiero/solicitudProceso/listarSolicitudProceso.xhtml HTTP/1.1" 200 57926
186.147.100.48 - - [09/Aug/2022:17:41:52 -0500] "POST /sipse/faces/presentacion/financiero/solicitudProceso/listarSolicitudProceso.xhtml HTTP/1.1" 200 1560
181.134.21.75 - - [09/Aug/2022:17:41:56 -0500] "GET /Publicaciones/SSFFS-16294.zip HTTP/1.1" 200 2008757
186.147.100.48 - - [09/Aug/2022:17:41:56 -0500] "POST /sipse/faces/presentacion/financiero/solicitudProceso/listarSolicitudProceso.xhtml HTTP/1.1" 200 1556
186.147.100.48 - - [09/Aug/2022:17:41:59 -0500] "POST /sipse/faces/presentacion/financiero/solicitudProceso/listarSolicitudProceso.xhtml HTTP/1.1" 200 1568
181.134.21.75 - - [09/Aug/2022:17:42:28 -0500] "GET /Publicaciones/SSFFS-16294.zip HTTP/1.1" 206 1
181.134.21.75 - - [09/Aug/2022:17:42:28 -0500] "GET /Publicaciones/SSFFS-16294.zip HTTP/1.1" 206 1482912
201.245.192.253 - - [09/Aug/2022:17:43:00 -0500] "POST /kwsrmcab/Wsrmcab  HTTP/1.1" 200 44251
172.22.2.4 - - [09/Aug/2022:17:42:05 -0500] "HEAD /BLA/boletinlegal/ HTTP/1.1" 200 -
185.119.81.106 - - [09/Aug/2022:17:44:01 -0500] "GET /portaldeninos/wp-login.php HTTP/1.1" 200 2592
185.119.81.106 - - [09/Aug/2022:17:44:02 -0500] "POST /portaldeninos/wp-login.php HTTP/1.1" 200 3605
216.245.221.92 - - [09/Aug/2022:17:44:34 -0500] "HEAD / HTTP/1.1" 200 -
172.22.2.4 - - [09/Aug/2022:17:42:56 -0500] "GET /BLA/boletinlegal/ HTTP/1.1" 200 58154
172.58.175.103 - - [09/Aug/2022:17:44:38 -0500] "GET /bsc_sda/ HTTP/1.1" 404 1245
201.245.192.253 - - [09/Aug/2022:17:47:59 -0500] "POST /kwsrmcab/Wsrmcab  HTTP/1.1" 200 44251
172.22.2.4 - - [09/Aug/2022:17:46:25 -0500] "GET /BLA/boletinlegal/ HTTP/1.1" 200 61436
216.245.221.92 - - [09/Aug/2022:17:49:34 -0500] "HEAD / HTTP/1.1" 200 -
172.22.2.4 - - [09/Aug/2022:17:47:55 -0500] "HEAD /BLA/boletinlegal/ HTTP/1.1" 200 -
172.22.2.4 - - [09/Aug/2022:17:50:19 -0500] "GET /BLA/boletinlegal/Circulares/2022/CIRCULAR%20No.%2000005%20DEL%2030%20DE%20JUNIO%20DEL%202022.pdf HTTP/1.1" 404 1218
186.102.72.28 - - [09/Aug/2022:17:50:21 -0500] "GET /bogota-construccion-sostenible-una-invitacion-del-distrito-para-los-proyectos-y-edificaciones-de-la-ciudad.html HTTP/1.1" 304 -
172.22.2.4 - - [09/Aug/2022:17:50:23 -0500] "GET /BLA/boletinlegal/Circulares/2019/.pdf HTTP/1.1" 404 1218
172.22.2.4 - - [09/Aug/2022:17:48:47 -0500] "GET /BLA/boletinlegal/ HTTP/1.1" 200 58154
172.22.2.4 - - [09/Aug/2022:17:50:33 -0500] "GET /BLA/boletinlegal/Circulares/2012/Circular%20No.%2010%20del%2026%20de%20Enero%20de%202012.pdf HTTP/1.1" 404 1218
93.158.161.48 - - [09/Aug/2022:17:50:42 -0500] "-" 408 -
201.245.192.253 - - [09/Aug/2022:17:52:58 -0500] "POST /kwsrmcab/Wsrmcab  HTTP/1.1" 200 44251
186.84.90.244 - - [09/Aug/2022:17:53:18 -0500] "GET /kwssiamovil/sm/acme/a?s=U2FsdGVkX1+YYb/z5pwNRtoyzzsnWhfrpFN11NQSIFb3dt/Czw48TcC3zD6YjAobs9lQiq/FtBmkf+O5L3qdJo3Yy6Oyombw6JiOw4Al2Zwpzgkbw5GN335dcIITiqe1tRf9iXQKI4AHIWw9xoNgt3C86zOYIv2fDcXIWpfgh87VcFyiCQK72wW8ms8rsOURxJbcf8raxISdVGba94FGrmamu2qIKXjvL9F/mDMzwLwUdT7TOuGdFh5WRuKjcYsQGzNH4yAzfQn7bXPJ5zyHmA==&u=U2FsdGVkX189YcBj2sMBWandQFIJL6StojpxUb1baug=&y=U2FsdGVkX1+pPVmrilctzicoBgC11aASOilS0Lw3JY0= HTTP/1.1" 200 25
186.84.90.244 - - [09/Aug/2022:17:53:19 -0500] "GET /kwssiamovil/sm/acme/a?s=U2FsdGVkX1+FN+C1+cFEqEQ3KnaoGBLABQuJZxmxXoyPHPg3TP1VfKnnAS/7Qu59Az8HhaLWMD05BEGtQ2WycOVTLHNq3TNi/YkBI6UQTrV0hcU8cCKzH8czTQXTvT+6wuntrggEiVfwVyhL+TVAJzaicSrHSCngoKZLit17Y5ss1BtBEwZEpNWxrT03Ujc0iTudOHGUsB+zrgmx7VeRDG8E6+jHu+j3stwPIik9zQU+cO8iLGDmwkNAbhz7i/z7Bvejm2NutV+couO7IqDUunZRkCsSWuFrIyLumE8aDq4WK2jGn/Ea+EyrP0yGbZ0ZyLbSXWQhJi0pGFe3UV5vvYXpTHHAMKOonyXSKAPeFKESkN5YyOSJRKfhuknEmaQyUdDOOfU8zsBFL037U/9DXX9uXjD2sZ7QPwxGSE6MzPZGUyyfCoRWk+E+r3uFv7bG6USVBfCC5StGKMHQ3KNzcb0raXlh19lNjg35F/bg7S0v6LQV5tEXHcXzoS/vzCGzXxJbqthAjU9xii6Dz9l2gx/CtEBHwjvlj/a8NULSoFW1ADD6ffgJ/onu+VQ7i2vqALZH93fPnF1E6XZqAZsX8SRSmQDU4dzxY/Wuwt2GcHzqMt3dGnfaH2rlarygKG/JVhl5LlQPzVGZqn/K7IkPm80fCuzn5R8Nsqx4/D61bg1nPUlQbreHhfN8ZCVvadzGiAlyzOUGGOTC2Wz6zQJET4PalomH/E7RY9reaD42tAKwGzyh6CNvZ3OxbIGN2bIX5KwyNJFCdN8eulzm+JsAiAm1Yv7Te+qDsKIAB9HTZXAofzFHi9j3YnFMTKtnjVJ6g/D1wUY63C0FlLNlcFNOgsN1QXbBAA5XTlLuhnHEV/bgCrpFhWcnccZZA557rpH4cmYW09OUKxHxF5ABFqok4pNW2Kr2hzDgUXhU6nuiRmcE9VwY/za3mRlmW1GGb/40H9dfJWUDalNeepMpLnPJXHGutn7La6Bu8KWX+S7efQLU229qu5UuTpp4J5BnGGDZQETlsTrD2cK7Q5Nj9FeExPO+KlG2XKBiTAeOUBIs6SxuhQBrxN9UVvGSrq7yyv2yJTYELHjD3+6dBrNrGDtIZB9R+NZ6BnJ4XFINBxp5MEyDvvWu6jeBDju+Q21aLIa3PUwmyA3bc6hymyTb4Lm39BMOw6cIlcF6HXX6nvNuTvHZH1B1olZGZRnhyZOLPzKDwlpSs/GuAxjhap7eTEjQ/h/tGQVShk9qjtWk++lUxsdp3i1uDCcsAmW+5F1e702WL6JYSPn02sGlOrOFLIaTKptWbY/4GZzQVrFvkKZvKdGwu+Kd/LoD1dI1Qxr051NDQsvByJbyGUcKWUAPzW9lb3sTqVb6DFVIH6FMbeeVxMO941laD+uiIeAHrxc9uWdX5LX+79/ik2xDSkqdlLWELpk+M9YyszNGzsCXfqqkdaI2n/PC/YzXjFqcY0GpUNMwtqZqqmRK9IBrTfi29HtUB/lHJUip9ORT3eAtqtgCeu/wwxNvAu2kB2ucf6/ZvBPveO/QuwRLz+3ikROaWM+xRTAxyCneJJB76srvAB7Nx00jU3/uOaO4JNFgT9RbX2I2XJG40UKMHoxPXSKCalI6ZV0vx58BvUT+hTS8Qyvd4qo4C83lrqMwA6BjEmVcKwsHdX8ys+sAYoxy/WcVg2oQj47T5mq0twYt1GF4fq7iMBkY9T+pfyO0Y++XxYgtvSklleITchc6SGGDauRC/Zd9Ejjdz83FYw3iEr6xPAn8QFSU0XF/pJj+v16ZY0K3bzQpy8pPB6PSX64o9sKd2iQR6C/ocEy8vGAdnSXWtScHcfkvLJuYZ0pKry0lDaD3lw05gFkrOV9V35NQ8ag+Vt6Lk5hfv+uiquN8NKgAP3jQ2vOU496QmRriSpdgePvlS3vT31dQJLDxd7VmX2HiURfKXwf52WghjIe+PSQeb/NdJgBIsL8CSeewvEcYKn4m2DQGsNDQfe4CLoyfUkOU/hwoMw==&u=U2FsdGVkX189YcBj2sMBWandQFIJL6StojpxUb1baug=&y=U2FsdGVkX1+pPVmrilctzicoBgC11aASOilS0Lw3JY0= HTTP/1.1" 200 25
186.84.90.244 - - [09/Aug/2022:17:53:19 -0500] "GET /kwssiamovil/sm/acme/a?s=U2FsdGVkX1+ZZWCcSEDAu7NrGMttcPFTKZ5fTDcA11jvu1yoqRThKLyTF8f60ojACuE2vdqEqbrehZUGflvB5W5YLcVwWL76B1yAVHXjz5SWEoKDtS9TNBufJES6XaBU/mI35j+/oJOQ6P3IxXToGBb0fa1GsfLRDdAgTACs1AE=&u=U2FsdGVkX189YcBj2sMBWandQFIJL6StojpxUb1baug=&y=U2FsdGVkX1+pPVmrilctzicoBgC11aASOilS0Lw3JY0= HTTP/1.1" 200 25
186.84.90.244 - - [09/Aug/2022:17:53:19 -0500] "GET /kwssiamovil/sm/acme/a?s=U2FsdGVkX1+H1vQQPVz8dKswOioP0LSPa7LZqEANOt60rbBtL1+GbMJCCi1fW3GuVj/F+g8mcvwNnf6kV0jsKGXlDQewyTltM7tO5VAPhO2fJyDR0ZptwTBgDpQh/knPI20cXDcH6vMwFklIMTxfudcbbsJAzSMSnI5E4WCKdvo=&u=U2FsdGVkX189YcBj2sMBWandQFIJL6StojpxUb1baug=&y=U2FsdGVkX1+pPVmrilctzicoBgC11aASOilS0Lw3JY0= HTTP/1.1" 200 25
186.84.90.244 - - [09/Aug/2022:17:53:19 -0500] "GET /kwssiamovil/sm/acme/a?s=U2FsdGVkX18FJLI2gMfrdQzRsTF6CiO4FBaaXJgRxHHQG8TfXXON3cYCqXnuy6NTeWjiPfKbq04qicHbzQUcoJECZUW/Ph+s0q9gyuJrUFYC01HQ2shLdEhGimiPjfKAzcfOJB4ya1a4x5SXePm+cesewpLoeFtd/5BW8fyqgbc=&u=U2FsdGVkX189YcBj2sMBWandQFIJL6StojpxUb1baug=&y=U2FsdGVkX1+pPVmrilctzicoBgC11aASOilS0Lw3JY0= HTTP/1.1" 200 25
186.84.90.244 - - [09/Aug/2022:17:53:19 -0500] "GET /kwssiamovil/sm/acme/a?s=U2FsdGVkX1/b4QfNZuOS0VSnQiFzQWUUhcwEWvHDyPIXpfyr/9SgRED8x/fqJA+d1sytLISysAdWiosdU5Zsq7ZQGAxfO88wC7Af95lh1ZuUSGFgINhdw5FImqcAxTlvOrvQdgMSy5+Yy5y7sBozI+I+myI7wE7yFRch+hHSRzXvQAapCgh8z0m1NuP+BsGM&u=U2FsdGVkX189YcBj2sMBWandQFIJL6StojpxUb1baug=&y=U2FsdGVkX1+pPVmrilctzicoBgC11aASOilS0Lw3JY0= HTTP/1.1" 200 25
216.245.221.92 - - [09/Aug/2022:17:54:34 -0500] "HEAD / HTTP/1.1" 200 -
69.171.249.10 - - [09/Aug/2022:17:55:11 -0500] "GET /images/pieza-voluntariado-ambiental.jpg HTTP/1.1" 200 41042
172.22.2.4 - - [09/Aug/2022:17:53:47 -0500] "HEAD /BLA/boletinlegal/ HTTP/1.1" 200 -
173.252.95.12 - - [09/Aug/2022:17:55:44 -0500] "GET /images/pieza-voluntariado-ambiental.jpg HTTP/1.1" 200 41042
172.22.2.4 - - [09/Aug/2022:17:54:37 -0500] "GET /BLA/boletinlegal/ HTTP/1.1" 200 58154
201.245.192.253 - - [09/Aug/2022:17:57:57 -0500] "POST /kwsrmcab/Wsrmcab  HTTP/1.1" 200 44251
185.119.81.99 - - [09/Aug/2022:17:58:39 -0500] "GET /portaldeninos/wp-login.php HTTP/1.1" 200 2592
185.119.81.99 - - [09/Aug/2022:17:58:40 -0500] "POST /portaldeninos/wp-login.php HTTP/1.1" 200 3670
181.237.150.194 - - [09/Aug/2022:17:59:27 -0500] "GET /BLA/boletinlegal/actos.php HTTP/1.1" 200 9559
181.237.150.194 - - [09/Aug/2022:17:59:27 -0500] "GET /BLA/boletinlegal/styles2.css HTTP/1.1" 200 1838
181.237.150.194 - - [09/Aug/2022:17:59:27 -0500] "GET /BLA/boletinlegal/js/ajax_actos.js HTTP/1.1" 200 1322
181.237.150.194 - - [09/Aug/2022:17:59:27 -0500] "GET /BLA/boletinlegal/niceforms.js HTTP/1.1" 200 22876
181.237.150.194 - - [09/Aug/2022:17:59:27 -0500] "GET /BLA/boletinlegal/niceforms-default.css HTTP/1.1" 200 6694
181.237.150.194 - - [09/Aug/2022:17:59:27 -0500] "GET /BLA/boletinlegal/style.css HTTP/1.1" 200 9406
181.237.150.194 - - [09/Aug/2022:17:59:27 -0500] "GET /BLA/boletinlegal/js/lib.js HTTP/1.1" 200 6474
181.237.150.194 - - [09/Aug/2022:17:59:27 -0500] "GET /BLA/boletinlegal/js/popup.js HTTP/1.1" 200 1270
181.237.150.194 - - [09/Aug/2022:17:59:27 -0500] "GET /BLA/boletinlegal/js/jquery1.js HTTP/1.1" 200 29846
181.237.150.194 - - [09/Aug/2022:17:59:27 -0500] "GET /BLA/boletinlegal/images/cabezote%20BLEGAL.jpg HTTP/1.1" 200 118164
181.237.150.194 - - [09/Aug/2022:17:59:27 -0500] "GET /BLA/boletinlegal/images/subscribe-icon-big.png HTTP/1.1" 200 47702
181.237.150.194 - - [09/Aug/2022:17:59:27 -0500] "GET /BLA/boletinlegal/images/historia.png HTTP/1.1" 200 52775
181.237.150.194 - - [09/Aug/2022:17:59:27 -0500] "GET /BLA/boletinlegal/images/registro-usuarios.png HTTP/1.1" 200 8106
181.237.150.194 - - [09/Aug/2022:17:59:27 -0500] "GET /BLA/boletinlegal/images/green-yellow-blue-pink-th.png HTTP/1.1" 200 7394
181.237.150.194 - - [09/Aug/2022:17:59:27 -0500] "GET /BLA/boletinlegal/images/footer_bg.jpg HTTP/1.1" 200 586
181.237.150.194 - - [09/Aug/2022:17:59:27 -0500] "GET /BLA/boletinlegal/images/body_bg.jpg HTTP/1.1" 200 1601
181.237.150.194 - - [09/Aug/2022:17:59:27 -0500] "GET /BLA/boletinlegal/images/menu_lft.gif HTTP/1.1" 200 1713
181.237.150.194 - - [09/Aug/2022:17:59:27 -0500] "GET /BLA/boletinlegal/images/menu_bg.jpg HTTP/1.1" 200 620
181.237.150.194 - - [09/Aug/2022:17:59:27 -0500] "GET /BLA/boletinlegal/images/menu_rght.gif HTTP/1.1" 200 1627
181.237.150.194 - - [09/Aug/2022:17:59:27 -0500] "GET /BLA/boletinlegal/images/bg_top.jpg HTTP/1.1" 200 522
181.237.150.194 - - [09/Aug/2022:17:59:27 -0500] "GET /BLA/boletinlegal/images/text.jpg HTTP/1.1" 200 568
181.237.150.194 - - [09/Aug/2022:17:59:27 -0500] "GET /BLA/boletinlegal/images/abajo.png HTTP/1.1" 200 96676
181.237.150.194 - - [09/Aug/2022:17:59:27 -0500] "GET /BLA/boletinlegal/images/hover.jpg HTTP/1.1" 200 640
181.237.150.194 - - [09/Aug/2022:17:59:27 -0500] "GET /BLA/boletinlegal/images/icono-email.png HTTP/1.1" 200 5544
181.237.150.194 - - [09/Aug/2022:17:59:27 -0500] "GET /BLA/boletinlegal/images/tel.png HTTP/1.1" 200 14477
181.237.150.194 - - [09/Aug/2022:17:59:27 -0500] "GET /BLA/boletinlegal/images/footer_bg_l.jpg HTTP/1.1" 200 776
181.237.150.194 - - [09/Aug/2022:17:59:27 -0500] "GET /BLA/boletinlegal/img/0.png HTTP/1.1" 200 110
181.237.150.194 - - [09/Aug/2022:17:59:27 -0500] "GET /BLA/boletinlegal/img/select-left.png HTTP/1.1" 200 263
181.237.150.194 - - [09/Aug/2022:17:59:27 -0500] "GET /BLA/boletinlegal/img/select-right.png HTTP/1.1" 200 44019
181.237.150.194 - - [09/Aug/2022:17:59:27 -0500] "GET /BLA/boletinlegal/img/button.png HTTP/1.1" 200 43241
181.237.150.194 - - [09/Aug/2022:17:59:27 -0500] "GET /BLA/boletinlegal/img/button-left.png HTTP/1.1" 200 57071
181.237.150.194 - - [09/Aug/2022:17:59:27 -0500] "GET /BLA/boletinlegal/img/button-right.png HTTP/1.1" 200 57878
216.245.221.92 - - [09/Aug/2022:17:59:34 -0500] "HEAD / HTTP/1.1" 200 -
201.221.172.48 - - [09/Aug/2022:17:59:49 -0500] "GET /catalogoisis/ HTTP/1.1" 200 8575
201.221.172.48 - - [09/Aug/2022:17:59:49 -0500] "GET /catalogoisis/Css/Busqueda.css HTTP/1.1" 200 1995
201.221.172.48 - - [09/Aug/2022:17:59:50 -0500] "GET /catalogoisis/Js/CriterioCombinada.js HTTP/1.1" 200 1843
201.221.172.48 - - [09/Aug/2022:17:59:50 -0500] "GET /catalogoisis/Js/Cookies.js HTTP/1.1" 200 1369
201.221.172.48 - - [09/Aug/2022:17:59:50 -0500] "GET /catalogoisis/Js/AceptarLimpiar.js HTTP/1.1" 200 331
201.221.172.48 - - [09/Aug/2022:17:59:50 -0500] "GET /catalogoisis/Js/LimpiarCombinada.js HTTP/1.1" 200 207
201.221.172.48 - - [09/Aug/2022:17:59:50 -0500] "GET /catalogoisis/Js/Remote.js HTTP/1.1" 200 436
201.221.172.48 - - [09/Aug/2022:17:59:50 -0500] "GET /catalogoisis/Js/Go.js HTTP/1.1" 200 364
201.221.172.48 - - [09/Aug/2022:17:59:50 -0500] "GET /catalogoisis/Js/Numero.js HTTP/1.1" 200 398
201.221.172.48 - - [09/Aug/2022:17:59:50 -0500] "GET /catalogoisis/Js/Enter.js HTTP/1.1" 200 1208
201.221.172.48 - - [09/Aug/2022:17:59:50 -0500] "GET /catalogoisis/imagenes/br1c1.gif HTTP/1.1" 200 172
201.221.172.48 - - [09/Aug/2022:17:59:50 -0500] "GET /catalogoisis/imagenes/Turnbo1.gif HTTP/1.1" 200 227
201.221.172.48 - - [09/Aug/2022:17:59:50 -0500] "GET /catalogoisis/imagenes/br1c3.gif HTTP/1.1" 200 302
201.221.172.48 - - [09/Aug/2022:17:59:50 -0500] "GET /catalogoisis/imagenes/limpiar1.gif HTTP/1.1" 200 606
201.221.172.48 - - [09/Aug/2022:17:59:50 -0500] "GET /catalogoisis/imagenes/aceptar1.gif HTTP/1.1" 200 604
201.221.172.48 - - [09/Aug/2022:17:59:50 -0500] "GET /catalogoisis/imagenes/Header.gif HTTP/1.1" 200 30313
201.221.172.48 - - [09/Aug/2022:17:59:50 -0500] "GET /catalogoisis/imagenes/br3c1.gif HTTP/1.1" 200 177
201.221.172.48 - - [09/Aug/2022:17:59:50 -0500] "GET /catalogoisis/imagenes/br1c2.gif HTTP/1.1" 200 297
201.221.172.48 - - [09/Aug/2022:17:59:50 -0500] "GET /catalogoisis/imagenes/br3c3.gif HTTP/1.1" 200 186
201.221.172.48 - - [09/Aug/2022:17:59:50 -0500] "GET /catalogoisis/imagenes/br2c1.gif HTTP/1.1" 200 297
201.221.172.48 - - [09/Aug/2022:17:59:50 -0500] "GET /catalogoisis/imagenes/br3c2.gif HTTP/1.1" 200 285
201.221.172.48 - - [09/Aug/2022:17:59:50 -0500] "GET /catalogoisis/imagenes/br2c2.gif HTTP/1.1" 200 302
201.221.172.48 - - [09/Aug/2022:17:59:50 -0500] "GET /catalogoisis/imagenes/br2c3.gif HTTP/1.1" 200 416
201.221.172.48 - - [09/Aug/2022:17:59:50 -0500] "GET /favicon.ico HTTP/1.1" 200 7782
199.16.157.182 - - [09/Aug/2022:18:00:00 -0500] "-" 408 -
77.88.5.44 - - [09/Aug/2022:18:00:42 -0500] "-" 408 -
172.22.2.4 - - [09/Aug/2022:18:00:43 -0500] "GET /BLA/boletinlegal/actos.php HTTP/1.1" 200 9559
172.22.2.4 - - [09/Aug/2022:18:00:50 -0500] "GET /BLA/boletinlegal/consulta_actos.php?tipo=resoluciones&no=&usuario=&sector=&fecha=2022&resuelve=cesacion HTTP/1.1" 200 1586
172.22.2.4 - - [09/Aug/2022:18:00:51 -0500] "GET /BLA/boletinlegal/images/background.gif HTTP/1.1" 200 -
172.22.2.4 - - [09/Aug/2022:18:01:08 -0500] "GET /BLA/boletinlegal/consulta_actos.php?tipo=resoluciones&no=&usuario=&sector=&fecha=2021&resuelve=cesaci%F3n HTTP/1.1" 200 6702
172.22.2.4 - - [09/Aug/2022:17:59:36 -0500] "HEAD /BLA/boletinlegal/ HTTP/1.1" 200 -
172.22.2.4 - - [09/Aug/2022:18:00:34 -0500] "GET /BLA/boletinlegal/ HTTP/1.1" 200 24523
186.170.129.210 - - [09/Aug/2022:18:01:35 -0500] "GET /BLA/resoluciones/RESOLUCIONES%202021/0353.pdf HTTP/1.1" 200 662217
172.22.2.4 - - [09/Aug/2022:18:00:41 -0500] "GET /BLA/boletinlegal/ HTTP/1.1" 200 24523
172.22.2.4 - - [09/Aug/2022:18:00:27 -0500] "GET /BLA/boletinlegal/ HTTP/1.1" 200 50037
201.221.172.48 - - [09/Aug/2022:18:02:13 -0500] "GET /BLA/resoluciones/Notificaciones/AUTOS%202022/3383.pdf HTTP/1.1" 200 1479042
201.221.172.48 - - [09/Aug/2022:18:02:40 -0500] "GET /BLA/resoluciones/Notificaciones/RESOLUCIONES%202019/0128.pdf HTTP/1.1" 200 377305
201.245.192.253 - - [09/Aug/2022:18:02:57 -0500] "POST /kwsrmcab/Wsrmcab  HTTP/1.1" 200 44251
157.55.39.84 - - [09/Aug/2022:18:03:15 -0500] "GET /BLA/resoluciones/RESOLUCIONES%202000/2000%20650-699.tif HTTP/1.1" 200 6223095
207.46.13.148 - - [09/Aug/2022:18:03:34 -0500] "GET / HTTP/1.1" 200 319
201.221.172.48 - - [09/Aug/2022:18:03:39 -0500] "GET /BLA/resoluciones/Notificaciones/AUTOS%202021/6493.pdf HTTP/1.1" 200 420689
216.245.221.92 - - [09/Aug/2022:18:04:34 -0500] "HEAD / HTTP/1.1" 200 -
192.133.77.16 - - [09/Aug/2022:18:05:15 -0500] "GET /images/cronica-mujer-biodiveridad-30-noviembre.jpg HTTP/1.1" 200 63270
172.22.2.4 - - [09/Aug/2022:18:05:26 -0500] "HEAD /BLA/boletinlegal/ HTTP/1.1" 200 -
172.22.2.4 - - [09/Aug/2022:18:07:54 -0500] "GET /BLA/boletinlegal/consulta_actos.php?tipo=resoluciones&no=&usuario=&sector=&fecha=2022&resuelve=cesaci%F3n HTTP/1.1" 200 1586
172.22.2.4 - - [09/Aug/2022:18:06:16 -0500] "GET /BLA/boletinlegal/ HTTP/1.1" 200 58154
201.245.192.253 - - [09/Aug/2022:18:07:56 -0500] "POST /kwsrmcab/Wsrmcab  HTTP/1.1" 200 44251
201.221.172.48 - - [09/Aug/2022:18:08:01 -0500] "GET /Publicaciones/2022EE202406.pdf HTTP/1.1" 200 232027
186.170.129.210 - - [09/Aug/2022:18:08:02 -0500] "GET /BLA/resoluciones/RESOLUCIONES%202022/0162.pdf HTTP/1.1" 200 367115
186.170.129.210 - - [09/Aug/2022:18:08:02 -0500] "GET /BLA/resoluciones/RESOLUCIONES%202022/0162.pdf HTTP/1.1" 206 16384
172.22.2.4 - - [09/Aug/2022:18:08:11 -0500] "GET /BLA/boletinlegal/jurisprudencia/analisis/CUADRO%20ANALISIS%20SENTENCIA%20T-411%20DE%201992.doc HTTP/1.1" 200 41984
201.221.172.48 - - [09/Aug/2022:18:08:26 -0500] "GET /Publicaciones/2022EE202323.pdf HTTP/1.1" 200 261027
186.84.90.244 - - [09/Aug/2022:18:08:31 -0500] "GET /kwssiamovil/sm/acme/a?s=U2FsdGVkX1/1Nu4GZN998p/ShuiEFOIWYi0m79RJzd3XZmY3izxtk5Og0pbev3dsgnNICELhYAA5hizNjFAmvXGq+304D9WzokzCEXV5aIMoZ87JvR15L252M7n6h3AMxKa7nrFVu96AdT9Vl3iO+YS+4CiujDYt2vVXg/OeCHMfkCtK5SGHS+2HUyPjpl16huS3zI8gCPmNv/hTqI8OBAEpn0wJL+53KEFi08mYfkJkMRKg2EQWRIMLAyOXn7YIjQ5gb70H8u9fw9AGK+m92g==&u=U2FsdGVkX189YcBj2sMBWandQFIJL6StojpxUb1baug=&y=U2FsdGVkX1+pPVmrilctzicoBgC11aASOilS0Lw3JY0= HTTP/1.1" 200 25
186.84.90.244 - - [09/Aug/2022:18:08:31 -0500] "GET /kwssiamovil/sm/acme/a?s=U2FsdGVkX19YQNpUM/M8DTIOhJyhAX/fDbGmLoNJUAtblr3NBoLfau0Dq9Qru9Izxwsq5ovwZOqQt8HENpdMIA6uVMycTmgRTca8YC8QkFYg5UNTXStvZNYj112v6I9GgYhxG7qFKvHDauHvJJ8sO7NykVfQ4HDlPEK/6R/0n0/bpoQHtT7ogYUQF4grMuTv5IO7y2/IQlzxI6VwDVf3i6hYhExnABMxIx/ZUnBAdJQX1W/zpFWWvksNt2J8xCLNWMPB0xUAmmL15yEYbc3JR4xx1Jx9De16GFlFrtPRGZNUUMMksAxOL8+l1o/eyLBZM7XS3kzQJoUkMqMsmuJgD08Q1/MGCWHc0h5dhC5mKvYAJ0mrPlk5Y341d6OotT6jk9hBS0yvw3Y2EedHqRfOIHVOl3320dwoFR8gTUoVxfpwi8Hf/+oxSlgUtU/KeIJWgSs6yxkLUx3aldURgYi8qdkOWZAl5CQdDYfzFHezOl/Fb1GdRtZqVJM+X8EUVEBbGP8Freu/VkbqovopXSuKR4kaLFVQ3Lu7zll+mTYGdpqqmubIN1fFdSP6cORmKZFU1Ng4GzYYSpa2BfMqDIjHIJA2gtmc3hvrG/TOs8+xXJPKRNyWVqbFSKqkU9RTS8yZFrNRLsWa3VdI0twfGwvdK44dU+aPnreFAvSBCJ8/8tiaAPIWwkWRd+USYRfPY7M4NDD6cGtcGFlQr1PXo484hK+uJxW2uW4aqvJy91vi2C01rzQWFdez4hxR9VI33TZKYjMlm1VTLBOSKpcXOxbe0qtQZrYAd+KcYrnL53iVyrTjH+aFPFTKAD3z5F5IwHLUTr9OFfcHtJ10CJxk3gxOuSsbiv6poAWd+h+pQEZSHfGBNAmCN5PoHNea0F199kHoaBpSmYQJQ4MtcR4SX9mQa85rn61HMzXJzAYx7hwx8B8tWiyU8XYwS2IpNJaep23uzrPa1xV+OxdBH1VlHnPzJz+pQgaYhjBnkIoBqnrxAenC03EjxHFGBPidm2mA8E8vzD7VNyjJnDmrbcJ0SVFZn1Mnh00dChWsqYrY5Dr+U3C/8IqBdubg0k9s8kA41EesP40Jvmi9cIzW4E6J7KbE4fzdkhQnCIHXig/NTwgWoxGOUJR6jMUQn8bwxxqDxa7ffL05k+b3z/W4b/tVPw/nBHVu98qmg30yrvbPBy9wC0QZbIFeMqWBn9Pe59VMcT/QupRJkpaVeiD1nBab4/cp332bsdDVW+9Fpp2AAdqBbt1fUAbRm6B5curbvq6G8/a94K9sblq1Vx+aK2PBXXu06V7kDGeBd2s1oDAYJaxABDQpRmqkNihFvZQd39S243DWMYnSmx3iPLj2wnw9e40QMUUPR3aa96A6D0bTSOyv7rqMgd/E/NMf3RGR2X4nNiBZ5TErbQ6+59RCE3b2tBidv3KL6QVzW2mzJsqEyLSMUnSmqh44XReY+l6snJYHgVQBpedxSX1qLXN4/I0BIm5krqMWFoY8aqBa2emPQklV7aD38qcNGdniMLthNejfHaZuj9glvEVtPH1yLwfv8qBxsLl/HsdBw+dBNo2M7frK5Ure3g8Mi+1zDhIhwQdeeXUDVCItEXSRh5GmNIMnlFfMpoHX6snQmJyNWrVEIEyaUh/MKUXYD2OchlxY19T5W3yeDQA/c3IzjqsI0yHx3jMlxJLsPch4I7eZFMvVs/3gUC6dsZjcc+ilFzvayK6NRBz993Z+w7fIvgK0OW8jTSkN0eoiZeM0ml5A1M+omVBReGPv7mPcPEh+VJhCq1KVK7Fu9A+tUdCAz7261TyGkDIRbrf50Nzlhh6JGi+6uUQF+6YVH8tPqMuE+AfxEb3jTps0QKmiCZqfGnXtk4wm1JFi13i2JMi1fMjst/qLuF4bo1PtuOi9bbYDA4Gs7uJ/29fG/Tcn5aA1Us3UnN6Dk8yvdrmdweXOwcZrfJGlXzTIWsOxkQ2Y1U9WmT0+8MnZq3cL&u=U2FsdGVkX189YcBj2sMBWandQFIJL6StojpxUb1baug=&y=U2FsdGVkX1+pPVmrilctzicoBgC11aASOilS0Lw3JY0= HTTP/1.1" 200 25
186.84.90.244 - - [09/Aug/2022:18:08:32 -0500] "GET /kwssiamovil/sm/acme/a?s=U2FsdGVkX1/gPPlThSn7lyHPmmb12Fwh2YytrFZpVUGmAshj7IjzIaJoJH06bNQZB4qQUxemdtJuQvhCA4wCgZORlmotA/GlMDdUP0r9tSYe3DWnQ2zx7dS8dANlkcOwP6xI2a/TDneCjHmzG4yYJ0SAaxHiCcMSei5RUz4Dffk=&u=U2FsdGVkX189YcBj2sMBWandQFIJL6StojpxUb1baug=&y=U2FsdGVkX1+pPVmrilctzicoBgC11aASOilS0Lw3JY0= HTTP/1.1" 200 25
186.84.90.244 - - [09/Aug/2022:18:08:32 -0500] "GET /kwssiamovil/sm/acme/a?s=U2FsdGVkX1+6yut5483JzDs4LqUDvRwvlIPXzWUcx8++oSbRSm9QXAs6laqeTxIAeKTdflO9Xv/L3AYyi9hWP3f9iSmnuvmAu+1UaEbMSKfjZ6i6cW1n9uMSk2hfZ0Cj1HHxOYQuuT7X2LVBQFTtno9Ya136mWot6+p3IhdE+h8=&u=U2FsdGVkX189YcBj2sMBWandQFIJL6StojpxUb1baug=&y=U2FsdGVkX1+pPVmrilctzicoBgC11aASOilS0Lw3JY0= HTTP/1.1" 200 25
186.84.90.244 - - [09/Aug/2022:18:08:32 -0500] "GET /kwssiamovil/sm/acme/a?s=U2FsdGVkX1/PoeCXLwmIV55ktqJT9I4+VpljE/igmHgRAFXJ0pe4cOP5sijzSRHrUL0qUaeaccICYVfw9VLeYeUqi1cL8u1/eXWvwt9IkQGrZyL3TvmtUtqP5EcmQGa/sshUOcjpLs8xYXy0FI8QERJPtYsL0BNCfFToGC+ielc=&u=U2FsdGVkX189YcBj2sMBWandQFIJL6StojpxUb1baug=&y=U2FsdGVkX1+pPVmrilctzicoBgC11aASOilS0Lw3JY0= HTTP/1.1" 200 25
186.84.90.244 - - [09/Aug/2022:18:08:32 -0500] "GET /kwssiamovil/sm/acme/a?s=U2FsdGVkX18AS7BDFR0AJ1BZx9OC3ICmn9Hi75oGit6PP2+77Ohog1GHQ6CBkQPTDP4IOF59qZlFxdXL7ayU1bYdPM3LhdeF/7Ku4VzUwZPkfte6LPzAsZSILly0TlgRr4Rgjf0QSlhEgB+fHF+h47LzmYWc3PJYADNW+7/eXj9oOP7PugU7lk5xeizdGS2y&u=U2FsdGVkX189YcBj2sMBWandQFIJL6StojpxUb1baug=&y=U2FsdGVkX1+pPVmrilctzicoBgC11aASOilS0Lw3JY0= HTTP/1.1" 200 25
201.221.172.48 - - [09/Aug/2022:18:08:33 -0500] "GET /Publicaciones/2022EE202323.pdf HTTP/1.1" 304 -
201.221.172.48 - - [09/Aug/2022:18:09:00 -0500] "GET /Publicaciones/2022EE202321.pdf HTTP/1.1" 200 332956
201.221.172.48 - - [09/Aug/2022:18:09:04 -0500] "GET /Publicaciones/2022EE202321.pdf HTTP/1.1" 304 -
216.245.221.92 - - [09/Aug/2022:18:09:34 -0500] "HEAD / HTTP/1.1" 200 -
77.88.5.23 - - [09/Aug/2022:18:10:42 -0500] "-" 408 -
172.22.2.4 - - [09/Aug/2022:18:11:46 -0500] "GET /BLA/boletinlegal/robots.txt HTTP/1.1" 404 1038
172.22.2.4 - - [09/Aug/2022:18:11:16 -0500] "GET /BLA/boletinlegal/ HTTP/1.1" 200 53994
172.22.2.4 - - [09/Aug/2022:18:11:16 -0500] "HEAD /BLA/boletinlegal/ HTTP/1.1" 200 -
201.245.192.253 - - [09/Aug/2022:18:12:55 -0500] "POST /kwsrmcab/Wsrmcab  HTTP/1.1" 200 44251
185.119.81.99 - - [09/Aug/2022:18:13:11 -0500] "GET /portaldeninos/wp-login.php HTTP/1.1" 200 2592
185.119.81.99 - - [09/Aug/2022:18:13:12 -0500] "POST /portaldeninos/wp-login.php HTTP/1.1" 200 3605
172.22.2.4 - - [09/Aug/2022:18:12:07 -0500] "GET /BLA/boletinlegal/ HTTP/1.1" 200 55211
191.156.225.208 - - [09/Aug/2022:18:14:31 -0500] "GET /sipse/faces/faces/index.xhtml HTTP/1.1" 200 677
191.156.225.208 - - [09/Aug/2022:18:14:31 -0500] "GET /sipse/faces/javax.faces.resource/theme.css?ln=primefaces-sipse HTTP/1.1" 200 50058
191.156.225.208 - - [09/Aug/2022:18:14:31 -0500] "GET /sipse/faces/faces/faces/autenticacion.xhtml HTTP/1.1" 200 12170
191.156.225.208 - - [09/Aug/2022:18:14:32 -0500] "GET /sipse/js/disable_browser_buttons.js HTTP/1.1" 200 3230
191.156.225.208 - - [09/Aug/2022:18:14:32 -0500] "GET /sipse/js/funciones.js HTTP/1.1" 200 12592
191.156.225.208 - - [09/Aug/2022:18:14:32 -0500] "GET /sipse/css/custom_css_sg.css HTTP/1.1" 200 9694
191.156.225.208 - - [09/Aug/2022:18:14:32 -0500] "GET /sipse/css/custom_css_sg_prime_login.css HTTP/1.1" 304 -
191.156.225.208 - - [09/Aug/2022:18:14:32 -0500] "GET /sipse/faces/javax.faces.resource/layout/layout.css?ln=primefaces&v=4.0 HTTP/1.1" 200 542
191.156.225.208 - - [09/Aug/2022:18:14:32 -0500] "GET /sipse/faces/javax.faces.resource/jquery/jquery.js?ln=primefaces&v=4.0 HTTP/1.1" 200 105384
191.156.225.208 - - [09/Aug/2022:18:14:32 -0500] "GET /sipse/faces/javax.faces.resource/layout/layout.js?ln=primefaces&v=4.0 HTTP/1.1" 200 87560
191.156.225.208 - - [09/Aug/2022:18:14:32 -0500] "GET /sipse/faces/javax.faces.resource/primefaces.css?ln=primefaces&v=4.0 HTTP/1.1" 200 53295
191.156.225.208 - - [09/Aug/2022:18:14:32 -0500] "GET /sipse/faces/javax.faces.resource/jquery/jquery-plugins.js?ln=primefaces&v=4.0 HTTP/1.1" 200 220526
191.156.225.208 - - [09/Aug/2022:18:14:32 -0500] "GET /sipse/faces/javax.faces.resource/primefaces.js?ln=primefaces&v=4.0 HTTP/1.1" 200 276924
191.156.225.208 - - [09/Aug/2022:18:14:32 -0500] "GET /sipse/faces/javax.faces.resource/images/ui-icons_898989_256x240.png?ln=primefaces-aristo HTTP/1.1" 200 5355
191.156.225.208 - - [09/Aug/2022:18:14:32 -0500] "GET /sipse/css/imagen/logoSDG.png HTTP/1.1" 200 53064
191.156.225.208 - - [09/Aug/2022:18:14:32 -0500] "GET /sipse/css/imagen/loginimg.png HTTP/1.1" 200 71635
216.245.221.92 - - [09/Aug/2022:18:14:34 -0500] "HEAD / HTTP/1.1" 200 -
186.84.22.50 - - [09/Aug/2022:18:14:44 -0500] "GET /sipse/faces/faces/autenticacion.xhtml HTTP/1.1" 200 12492
186.84.22.50 - - [09/Aug/2022:18:14:45 -0500] "GET /sipse/css/custom_css_sg.css HTTP/1.1" 200 9694
186.84.22.50 - - [09/Aug/2022:18:14:45 -0500] "GET /sipse/css/custom_css_sg_prime_login.css HTTP/1.1" 200 443
186.84.22.50 - - [09/Aug/2022:18:14:45 -0500] "GET /sipse/faces/javax.faces.resource/layout/layout.css;jsessionid=YGBlBCjnRlca+CbFlMEHGmS0.undefined?ln=primefaces&v=4.0 HTTP/1.1" 200 542
186.84.22.50 - - [09/Aug/2022:18:14:45 -0500] "GET /sipse/faces/javax.faces.resource/theme.css?ln=primefaces-sipse HTTP/1.1" 200 50058
191.156.225.208 - - [09/Aug/2022:18:14:45 -0500] "POST /sipse/faces/autenticacion.xhtml HTTP/1.1" 200 16733
191.156.225.208 - - [09/Aug/2022:18:14:45 -0500] "GET /sipse/css/custom_css_sg_prime.css HTTP/1.1" 200 5201
191.156.225.208 - - [09/Aug/2022:18:14:45 -0500] "GET /sipse/faces/javax.faces.resource/primefaces.css?ln=primefaces&v=4.0 HTTP/1.1" 304 -
191.156.225.208 - - [09/Aug/2022:18:14:45 -0500] "GET /sipse/faces/javax.faces.resource/theme.css?ln=primefaces-sipse HTTP/1.1" 304 -
191.156.225.208 - - [09/Aug/2022:18:14:45 -0500] "GET /sipse/faces/javax.faces.resource/layout/layout.css?ln=primefaces&v=4.0 HTTP/1.1" 304 -
186.84.22.50 - - [09/Aug/2022:18:14:45 -0500] "GET /sipse/faces/javax.faces.resource/primefaces.css;jsessionid=YGBlBCjnRlca+CbFlMEHGmS0.undefined?ln=primefaces&v=4.0 HTTP/1.1" 200 53295
191.156.225.208 - - [09/Aug/2022:18:14:45 -0500] "GET /sipse/js/jquery.min.js HTTP/1.1" 200 85582
186.84.22.50 - - [09/Aug/2022:18:14:45 -0500] "GET /sipse/faces/javax.faces.resource/layout/layout.js;jsessionid=YGBlBCjnRlca+CbFlMEHGmS0.undefined?ln=primefaces&v=4.0 HTTP/1.1" 200 87560
186.84.22.50 - - [09/Aug/2022:18:14:45 -0500] "GET /sipse/faces/javax.faces.resource/jquery/jquery.js;jsessionid=YGBlBCjnRlca+CbFlMEHGmS0.undefined?ln=primefaces&v=4.0 HTTP/1.1" 200 105384
191.156.225.208 - - [09/Aug/2022:18:14:46 -0500] "GET /sipse/faces/javax.faces.resource/jquery/jquery.js?ln=primefaces&v=4.0 HTTP/1.1" 304 -
186.84.22.50 - - [09/Aug/2022:18:14:45 -0500] "GET /sipse/faces/javax.faces.resource/primefaces.js;jsessionid=YGBlBCjnRlca+CbFlMEHGmS0.undefined?ln=primefaces&v=4.0 HTTP/1.1" 200 276924
191.156.225.208 - - [09/Aug/2022:18:14:46 -0500] "GET /sipse/faces/javax.faces.resource/jquery/jquery-plugins.js?ln=primefaces&v=4.0 HTTP/1.1" 304 -
186.84.22.50 - - [09/Aug/2022:18:14:45 -0500] "GET /sipse/faces/javax.faces.resource/jquery/jquery-plugins.js;jsessionid=YGBlBCjnRlca+CbFlMEHGmS0.undefined?ln=primefaces&v=4.0 HTTP/1.1" 200 220526
191.156.225.208 - - [09/Aug/2022:18:14:46 -0500] "GET /sipse/faces/javax.faces.resource/primefaces.js?ln=primefaces&v=4.0 HTTP/1.1" 304 -
191.156.225.208 - - [09/Aug/2022:18:14:46 -0500] "GET /sipse/faces/javax.faces.resource/layout/layout.js?ln=primefaces&v=4.0 HTTP/1.1" 304 -
191.156.225.208 - - [09/Aug/2022:18:14:46 -0500] "GET /sipse/css/imagen/contrasena.png HTTP/1.1" 404 383
186.84.22.50 - - [09/Aug/2022:18:14:47 -0500] "GET /sipse/css/imagen/logoSDG.png HTTP/1.1" 200 23906
186.84.22.50 - - [09/Aug/2022:18:14:47 -0500] "GET /sipse/faces/javax.faces.resource/images/ui-icons_898989_256x240.png?ln=primefaces-aristo HTTP/1.1" 200 5355
186.84.22.50 - - [09/Aug/2022:18:14:47 -0500] "GET /sipse/css/imagen/loginimg.png HTTP/1.1" 200 21242
186.84.22.50 - - [09/Aug/2022:18:14:47 -0500] "GET /sipse/faces/faces/index.xhtml HTTP/1.1" 200 677
191.156.225.208 - - [09/Aug/2022:18:14:46 -0500] "GET /sipse/imagenes/cargando.gif HTTP/1.1" 200 36959
186.84.22.50 - - [09/Aug/2022:18:14:47 -0500] "GET /sipse/faces/javax.faces.resource/theme.css?ln=primefaces-sipse HTTP/1.1" 304 -
191.156.225.208 - - [09/Aug/2022:18:14:46 -0500] "GET /sipse/imagenes/logoAplicacion.jpg HTTP/1.1" 200 155084
191.156.225.208 - - [09/Aug/2022:18:14:47 -0500] "GET /sipse/faces/javax.faces.resource/messages/messages.png?ln=primefaces&v=4.0 HTTP/1.1" 200 27209
186.84.22.50 - - [09/Aug/2022:18:14:47 -0500] "GET /favicon.ico HTTP/1.1" 200 7782
186.84.22.50 - - [09/Aug/2022:18:14:47 -0500] "GET /sipse/faces/faces/faces/autenticacion.xhtml HTTP/1.1" 200 12170
186.84.22.50 - - [09/Aug/2022:18:14:47 -0500] "GET /sipse/faces/javax.faces.resource/theme.css?ln=primefaces-sipse HTTP/1.1" 304 -
186.84.22.50 - - [09/Aug/2022:18:14:47 -0500] "GET /sipse/faces/javax.faces.resource/layout/layout.css?ln=primefaces&v=4.0 HTTP/1.1" 200 542
186.84.22.50 - - [09/Aug/2022:18:14:47 -0500] "GET /sipse/faces/javax.faces.resource/jquery/jquery.js?ln=primefaces&v=4.0 HTTP/1.1" 304 -
186.84.22.50 - - [09/Aug/2022:18:14:47 -0500] "GET /sipse/faces/javax.faces.resource/jquery/jquery-plugins.js?ln=primefaces&v=4.0 HTTP/1.1" 304 -
186.84.22.50 - - [09/Aug/2022:18:14:47 -0500] "GET /sipse/faces/javax.faces.resource/primefaces.js?ln=primefaces&v=4.0 HTTP/1.1" 304 -
186.84.22.50 - - [09/Aug/2022:18:14:47 -0500] "GET /sipse/faces/javax.faces.resource/layout/layout.js?ln=primefaces&v=4.0 HTTP/1.1" 304 -
186.84.22.50 - - [09/Aug/2022:18:14:47 -0500] "GET /sipse/faces/javax.faces.resource/primefaces.css?ln=primefaces&v=4.0 HTTP/1.1" 200 53295
186.84.22.50 - - [09/Aug/2022:18:14:47 -0500] "GET /sipse/faces/javax.faces.resource/images/ui-icons_898989_256x240.png?ln=primefaces-aristo HTTP/1.1" 304 -
191.156.225.208 - - [09/Aug/2022:18:14:50 -0500] "GET /sipse/faces/javax.faces.resource/images/ui-bg_flat_0_2d5972_40x100.png?ln=primefaces-aristo HTTP/1.1" 200 183
191.156.225.208 - - [09/Aug/2022:18:14:50 -0500] "POST /sipse/faces/bienvenido.xhtml HTTP/1.1" 200 3255
186.84.22.50 - - [09/Aug/2022:18:14:50 -0500] "POST /sipse/faces/autenticacion.xhtml HTTP/1.1" 200 2213
186.84.22.50 - - [09/Aug/2022:18:14:50 -0500] "GET /sipse/faces/javax.faces.resource/messages/messages.png?ln=primefaces&v=4.0 HTTP/1.1" 200 27209
191.156.225.208 - - [09/Aug/2022:18:14:51 -0500] "POST /sipse/faces/bienvenido.xhtml HTTP/1.1" 200 36803
191.156.225.208 - - [09/Aug/2022:18:14:52 -0500] "GET /sipse/faces/javax.faces.resource/layout/layout.css?ln=primefaces&v=4.0 HTTP/1.1" 304 -
191.156.225.208 - - [09/Aug/2022:18:14:52 -0500] "GET /sipse/faces/javax.faces.resource/primefaces.css?ln=primefaces&v=4.0 HTTP/1.1" 304 -
