186.84.20.139 - - [11/Aug/2022:05:58:00 -0500] "GET /favicon.ico HTTP/1.1" 200 7782
172.22.2.4 - - [11/Aug/2022:05:57:55 -0500] "HEAD /BLA/boletinlegal/ HTTP/1.1" 200 -
201.245.192.253 - - [11/Aug/2022:05:59:39 -0500] "POST /kwsrmcab/Wsrmcab  HTTP/1.1" 200 213
172.22.2.4 - - [11/Aug/2022:05:58:45 -0500] "GET /BLA/boletinlegal/ HTTP/1.1" 200 55621
216.245.221.92 - - [11/Aug/2022:06:01:32 -0500] "HEAD / HTTP/1.1" 200 -
185.119.81.102 - - [11/Aug/2022:06:03:17 -0500] "GET /portaldeninos/wp-login.php HTTP/1.1" 200 2592
185.119.81.102 - - [11/Aug/2022:06:03:18 -0500] "POST /portaldeninos/wp-login.php HTTP/1.1" 200 3650
185.119.81.105 - - [11/Aug/2022:06:04:17 -0500] "GET /portaldeninos/wp-login.php HTTP/1.1" 200 2592
185.119.81.105 - - [11/Aug/2022:06:04:18 -0500] "POST /portaldeninos/wp-login.php HTTP/1.1" 200 3650
201.245.192.253 - - [11/Aug/2022:06:04:38 -0500] "POST /kwsrmcab/Wsrmcab  HTTP/1.1" 200 213
172.22.2.4 - - [11/Aug/2022:06:03:45 -0500] "HEAD /BLA/boletinlegal/ HTTP/1.1" 200 -
172.22.2.4 - - [11/Aug/2022:06:04:35 -0500] "GET /BLA/boletinlegal/ HTTP/1.1" 200 55211
216.245.221.92 - - [11/Aug/2022:06:06:32 -0500] "HEAD / HTTP/1.1" 200 -
199.231.185.251 - - [11/Aug/2022:06:08:55 -0500] "GET / HTTP/1.1" 200 319
201.245.192.253 - - [11/Aug/2022:06:09:37 -0500] "POST /kwsrmcab/Wsrmcab  HTTP/1.1" 200 213
172.22.2.4 - - [11/Aug/2022:06:10:01 -0500] "GET /BLA/boletinlegal/robots.txt HTTP/1.1" 404 1140
173.252.107.4 - - [11/Aug/2022:06:11:10 -0500] "GET /images/Junio%2002-experiencias-jardines-verticales-sda.jpeg HTTP/1.1" 200 31171
172.22.2.4 - - [11/Aug/2022:06:09:35 -0500] "HEAD /BLA/boletinlegal/ HTTP/1.1" 200 -
186.114.111.68 - - [11/Aug/2022:06:11:18 -0500] "GET /sipse/faces/javax.faces.resource/theme.css?ln=primefaces-sipse HTTP/1.1" 304 -
186.114.111.68 - - [11/Aug/2022:06:11:18 -0500] "GET /sipse/faces/faces/faces/faces/autenticacion.xhtml HTTP/1.1" 200 12171
186.114.111.68 - - [11/Aug/2022:06:11:19 -0500] "GET /sipse/faces/javax.faces.resource/theme.css?ln=primefaces-sipse HTTP/1.1" 304 -
186.114.111.68 - - [11/Aug/2022:06:11:19 -0500] "GET /sipse/faces/javax.faces.resource/primefaces.css?ln=primefaces&v=4.0 HTTP/1.1" 304 -
186.114.111.68 - - [11/Aug/2022:06:11:19 -0500] "GET /sipse/faces/javax.faces.resource/jquery/jquery.js?ln=primefaces&v=4.0 HTTP/1.1" 304 -
186.114.111.68 - - [11/Aug/2022:06:11:19 -0500] "GET /sipse/faces/javax.faces.resource/layout/layout.css?ln=primefaces&v=4.0 HTTP/1.1" 304 -
186.114.111.68 - - [11/Aug/2022:06:11:19 -0500] "GET /sipse/faces/javax.faces.resource/jquery/jquery-plugins.js?ln=primefaces&v=4.0 HTTP/1.1" 304 -
186.114.111.68 - - [11/Aug/2022:06:11:19 -0500] "GET /sipse/faces/javax.faces.resource/primefaces.js?ln=primefaces&v=4.0 HTTP/1.1" 304 -
186.114.111.68 - - [11/Aug/2022:06:11:19 -0500] "GET /sipse/faces/javax.faces.resource/layout/layout.js?ln=primefaces&v=4.0 HTTP/1.1" 304 -
186.114.111.68 - - [11/Aug/2022:06:11:19 -0500] "GET /sipse/faces/javax.faces.resource/images/ui-icons_898989_256x240.png?ln=primefaces-aristo HTTP/1.1" 304 -
216.245.221.92 - - [11/Aug/2022:06:11:32 -0500] "HEAD / HTTP/1.1" 200 -
172.22.2.4 - - [11/Aug/2022:06:10:25 -0500] "GET /BLA/boletinlegal/ HTTP/1.1" 200 57716
172.22.2.4 - - [11/Aug/2022:06:12:22 -0500] "GET /BLA/boletinlegal/vendor/phpunit/phpunit/src/Util/PHP/eval-stdin.php HTTP/1.1" 404 1018
186.84.88.155 - - [11/Aug/2022:06:12:37 -0500] "GET /sipse/js/funciones.js HTTP/1.1" 304 -
186.84.88.155 - - [11/Aug/2022:06:12:37 -0500] "GET /sipse/js/disable_browser_buttons.js HTTP/1.1" 304 -
186.84.88.155 - - [11/Aug/2022:06:12:37 -0500] "GET /sipse/css/custom_css_sg.css HTTP/1.1" 304 -
186.84.88.155 - - [11/Aug/2022:06:12:37 -0500] "GET /sipse/faces/javax.faces.resource/layout/layout.css?ln=primefaces&v=4.0 HTTP/1.1" 304 -
186.84.88.155 - - [11/Aug/2022:06:12:37 -0500] "GET /sipse/faces/javax.faces.resource/theme.css?ln=primefaces-sipse HTTP/1.1" 304 -
186.84.88.155 - - [11/Aug/2022:06:12:37 -0500] "GET /sipse/css/custom_css_sg_prime_login.css HTTP/1.1" 304 -
186.84.88.155 - - [11/Aug/2022:06:12:37 -0500] "GET /sipse/faces/javax.faces.resource/primefaces.css?ln=primefaces&v=4.0 HTTP/1.1" 304 -
186.84.88.155 - - [11/Aug/2022:06:12:37 -0500] "GET /sipse/faces/javax.faces.resource/jquery/jquery.js?ln=primefaces&v=4.0 HTTP/1.1" 304 -
186.84.88.155 - - [11/Aug/2022:06:12:37 -0500] "GET /sipse/faces/javax.faces.resource/primefaces.js?ln=primefaces&v=4.0 HTTP/1.1" 304 -
186.84.88.155 - - [11/Aug/2022:06:12:37 -0500] "GET /sipse/faces/javax.faces.resource/jquery/jquery-plugins.js?ln=primefaces&v=4.0 HTTP/1.1" 304 -
186.84.88.155 - - [11/Aug/2022:06:12:37 -0500] "GET /sipse/faces/javax.faces.resource/layout/layout.js?ln=primefaces&v=4.0 HTTP/1.1" 304 -
186.84.88.155 - - [11/Aug/2022:06:12:37 -0500] "GET /sipse/css/imagen/logoSDG.png HTTP/1.1" 304 -
186.84.88.155 - - [11/Aug/2022:06:12:37 -0500] "GET /sipse/css/imagen/loginimg.png HTTP/1.1" 304 -
186.84.88.155 - - [11/Aug/2022:06:12:37 -0500] "GET /sipse/faces/javax.faces.resource/images/ui-icons_898989_256x240.png?ln=primefaces-aristo HTTP/1.1" 304 -
186.84.88.155 - - [11/Aug/2022:06:12:38 -0500] "GET /sipse/faces/faces/faces/index.xhtml HTTP/1.1" 200 677
186.84.88.155 - - [11/Aug/2022:06:12:39 -0500] "GET /sipse/faces/javax.faces.resource/theme.css?ln=primefaces-sipse HTTP/1.1" 304 -
186.84.88.155 - - [11/Aug/2022:06:12:40 -0500] "GET /sipse/faces/faces/faces/faces/autenticacion.xhtml HTTP/1.1" 200 12171
186.84.88.155 - - [11/Aug/2022:06:12:41 -0500] "GET /sipse/faces/javax.faces.resource/theme.css?ln=primefaces-sipse HTTP/1.1" 304 -
186.84.88.155 - - [11/Aug/2022:06:12:41 -0500] "GET /sipse/faces/javax.faces.resource/primefaces.css?ln=primefaces&v=4.0 HTTP/1.1" 304 -
186.84.88.155 - - [11/Aug/2022:06:12:41 -0500] "GET /sipse/faces/javax.faces.resource/layout/layout.css?ln=primefaces&v=4.0 HTTP/1.1" 304 -
186.84.88.155 - - [11/Aug/2022:06:12:41 -0500] "GET /sipse/faces/javax.faces.resource/jquery/jquery.js?ln=primefaces&v=4.0 HTTP/1.1" 304 -
186.84.88.155 - - [11/Aug/2022:06:12:41 -0500] "GET /sipse/faces/javax.faces.resource/jquery/jquery-plugins.js?ln=primefaces&v=4.0 HTTP/1.1" 304 -
186.84.88.155 - - [11/Aug/2022:06:12:41 -0500] "GET /sipse/faces/javax.faces.resource/primefaces.js?ln=primefaces&v=4.0 HTTP/1.1" 304 -
186.84.88.155 - - [11/Aug/2022:06:12:41 -0500] "GET /sipse/faces/javax.faces.resource/layout/layout.js?ln=primefaces&v=4.0 HTTP/1.1" 304 -
201.245.192.253 - - [11/Aug/2022:06:14:36 -0500] "POST /kwsrmcab/Wsrmcab  HTTP/1.1" 200 213
216.245.221.92 - - [11/Aug/2022:06:16:32 -0500] "HEAD / HTTP/1.1" 200 -
172.22.2.4 - - [11/Aug/2022:06:15:25 -0500] "HEAD /BLA/boletinlegal/ HTTP/1.1" 200 -
66.45.229.155 - - [11/Aug/2022:06:17:16 -0500] "GET / HTTP/1.1" 200 319
172.22.2.4 - - [11/Aug/2022:06:16:15 -0500] "GET /BLA/boletinlegal/ HTTP/1.1" 200 58566
130.211.54.158 - - [11/Aug/2022:06:19:26 -0500] "GET / HTTP/1.1" 200 319
201.245.192.253 - - [11/Aug/2022:06:19:35 -0500] "POST /kwsrmcab/Wsrmcab  HTTP/1.1" 200 213
201.245.192.253 - - [11/Aug/2022:06:19:41 -0500] "POST /kwsrmcab/Wsrmcab HTTP/1.1" 200 46603
201.245.192.253 - - [11/Aug/2022:06:19:45 -0500] "POST /kwsrmcab/Wsrmcab HTTP/1.1" 200 47393
172.22.2.4 - - [11/Aug/2022:06:19:31 -0500] "GET /BLA/boletinlegal/ HTTP/1.1" 200 32715
216.245.221.92 - - [11/Aug/2022:06:21:32 -0500] "HEAD / HTTP/1.1" 200 -
23.100.232.233 - - [11/Aug/2022:06:22:23 -0500] "GET /galeria/galeria/jquery.fancybox.js?v=2.1.5 HTTP/1.1" 200 48706
23.100.232.233 - - [11/Aug/2022:06:22:23 -0500] "GET /BLA/boletinlegal/js/jquery.scrollShow.js HTTP/1.1" 200 4586
23.100.232.233 - - [11/Aug/2022:06:22:23 -0500] "GET /galeria/galeria/jquery.fancybox.css?v=2.1.5 HTTP/1.1" 200 4895
172.22.2.4 - - [11/Aug/2022:06:21:15 -0500] "HEAD /BLA/boletinlegal/ HTTP/1.1" 200 -
172.22.2.4 - - [11/Aug/2022:06:22:05 -0500] "GET /BLA/boletinlegal/ HTTP/1.1" 200 58154
201.245.192.253 - - [11/Aug/2022:06:24:34 -0500] "POST /kwsrmcab/Wsrmcab  HTTP/1.1" 200 213
216.245.221.92 - - [11/Aug/2022:06:26:32 -0500] "HEAD / HTTP/1.1" 200 -
172.22.2.4 - - [11/Aug/2022:06:27:30 -0500] "GET /BLA/boletinlegal/conceptos.php HTTP/1.1" 200 7443
172.22.2.4 - - [11/Aug/2022:06:27:30 -0500] "GET /BLA/boletinlegal/styles2.css HTTP/1.1" 200 1838
172.22.2.4 - - [11/Aug/2022:06:27:30 -0500] "GET /BLA/boletinlegal/js/ajax_conceptos.js HTTP/1.1" 200 1326
172.22.2.4 - - [11/Aug/2022:06:27:30 -0500] "GET /BLA/boletinlegal/niceforms.js HTTP/1.1" 200 22876
172.22.2.4 - - [11/Aug/2022:06:27:31 -0500] "GET /BLA/boletinlegal/style.css HTTP/1.1" 200 9406
172.22.2.4 - - [11/Aug/2022:06:27:31 -0500] "GET /BLA/boletinlegal/images/cabezote%20BLEGAL.jpg HTTP/1.1" 200 118164
172.22.2.4 - - [11/Aug/2022:06:27:31 -0500] "GET /BLA/boletinlegal/images/subscribe-icon-big.png HTTP/1.1" 200 47702
172.22.2.4 - - [11/Aug/2022:06:27:31 -0500] "GET /BLA/boletinlegal/images/historia.png HTTP/1.1" 200 52775
172.22.2.4 - - [11/Aug/2022:06:27:31 -0500] "GET /BLA/boletinlegal/images/registro-usuarios.png HTTP/1.1" 200 8106
172.22.2.4 - - [11/Aug/2022:06:27:31 -0500] "GET /BLA/boletinlegal/images/abajo.png HTTP/1.1" 200 96676
172.22.2.4 - - [11/Aug/2022:06:27:32 -0500] "GET /BLA/boletinlegal/images/tel.png HTTP/1.1" 200 14477
172.22.2.4 - - [11/Aug/2022:06:27:32 -0500] "GET /BLA/boletinlegal/images/menu_rght.gif HTTP/1.1" 200 1627
172.22.2.4 - - [11/Aug/2022:06:27:32 -0500] "GET /BLA/boletinlegal/images/body_bg.jpg HTTP/1.1" 200 1601
172.22.2.4 - - [11/Aug/2022:06:27:32 -0500] "GET /BLA/boletinlegal/images/footer_bg.jpg HTTP/1.1" 200 586
172.22.2.4 - - [11/Aug/2022:06:27:32 -0500] "GET /BLA/boletinlegal/images/menu_lft.gif HTTP/1.1" 200 1713
172.22.2.4 - - [11/Aug/2022:06:27:32 -0500] "GET /BLA/boletinlegal/images/bg_top.jpg HTTP/1.1" 200 522
172.22.2.4 - - [11/Aug/2022:06:27:32 -0500] "GET /BLA/boletinlegal/images/menu_bg.jpg HTTP/1.1" 200 620
172.22.2.4 - - [11/Aug/2022:06:27:32 -0500] "GET /BLA/boletinlegal/images/text.jpg HTTP/1.1" 200 568
172.22.2.4 - - [11/Aug/2022:06:27:32 -0500] "GET /BLA/boletinlegal/images/hover.jpg HTTP/1.1" 200 640
172.22.2.4 - - [11/Aug/2022:06:27:32 -0500] "GET /BLA/boletinlegal/images/icono-email.png HTTP/1.1" 200 5544
172.22.2.4 - - [11/Aug/2022:06:27:32 -0500] "GET /BLA/boletinlegal/images/footer_bg_l.jpg HTTP/1.1" 200 776
172.22.2.4 - - [11/Aug/2022:06:27:32 -0500] "GET /BLA/boletinlegal/img/0.png HTTP/1.1" 200 110
172.22.2.4 - - [11/Aug/2022:06:27:32 -0500] "GET /BLA/boletinlegal/img/select-left.png HTTP/1.1" 200 263
172.22.2.4 - - [11/Aug/2022:06:27:32 -0500] "GET /BLA/boletinlegal/img/select-right.png HTTP/1.1" 200 44019
172.22.2.4 - - [11/Aug/2022:06:27:32 -0500] "GET /BLA/boletinlegal/img/button-left.png HTTP/1.1" 200 57071
172.22.2.4 - - [11/Aug/2022:06:27:32 -0500] "GET /BLA/boletinlegal/img/button.png HTTP/1.1" 200 43241
172.22.2.4 - - [11/Aug/2022:06:27:32 -0500] "GET /BLA/boletinlegal/img/button-right.png HTTP/1.1" 200 57878
172.22.2.4 - - [11/Aug/2022:06:27:33 -0500] "GET /BLA/boletinlegal/favicon.ico HTTP/1.1" 404 1334
172.22.2.4 - - [11/Aug/2022:06:28:07 -0500] "GET /BLA/boletinlegal/consulta_conceptos.php?no=&solicitante=&radicado_entrada=&fecha_concepto=2022&objeto= HTTP/1.1" 200 16871
172.22.2.4 - - [11/Aug/2022:06:28:07 -0500] "GET /BLA/boletinlegal/images/pdf.gif HTTP/1.1" 200 567
172.22.2.4 - - [11/Aug/2022:06:28:07 -0500] "GET /BLA/boletinlegal/images/background.gif HTTP/1.1" 200 -
172.22.2.4 - - [11/Aug/2022:06:28:12 -0500] "GET /BLA/boletinlegal/conceptos/2022/33.pdf HTTP/1.1" 404 1334
172.22.2.4 - - [11/Aug/2022:06:28:21 -0500] "GET /BLA/boletinlegal/js/jquery.js HTTP/1.1" 200 57254
172.22.2.4 - - [11/Aug/2022:06:28:22 -0500] "GET /BLA/boletinlegal/js/jquery.scrollTo-min.js HTTP/1.1" 200 1150
172.22.2.4 - - [11/Aug/2022:06:28:22 -0500] "GET /BLA/boletinlegal/js/jquery.scrollShow.js HTTP/1.1" 200 4586
172.22.2.4 - - [11/Aug/2022:06:28:22 -0500] "GET /BLA/boletinlegal/images/arr_l.jpg HTTP/1.1" 200 1979
172.22.2.4 - - [11/Aug/2022:06:28:22 -0500] "GET /BLA/boletinlegal/images/screen_1.png HTTP/1.1" 200 202547
172.22.2.4 - - [11/Aug/2022:06:28:22 -0500] "GET /BLA/boletinlegal/images/launch.jpg HTTP/1.1" 200 14577
172.22.2.4 - - [11/Aug/2022:06:28:32 -0500] "GET /BLA/boletinlegal/images/screen_2.png HTTP/1.1" 200 362502
172.22.2.4 - - [11/Aug/2022:06:28:32 -0500] "GET /BLA/boletinlegal/images/screen_3.png HTTP/1.1" 200 210620
172.22.2.4 - - [11/Aug/2022:06:28:32 -0500] "GET /BLA/boletinlegal/images/screen_5.png HTTP/1.1" 200 368876
172.22.2.4 - - [11/Aug/2022:06:28:32 -0500] "GET /BLA/boletinlegal/images/arr_r.jpg HTTP/1.1" 200 1998
172.22.2.4 - - [11/Aug/2022:06:28:44 -0500] "GET /BLA/boletinlegal/actos.php HTTP/1.1" 200 9559
172.22.2.4 - - [11/Aug/2022:06:28:44 -0500] "GET /BLA/boletinlegal/js/ajax_actos.js HTTP/1.1" 200 1322
172.22.2.4 - - [11/Aug/2022:06:28:44 -0500] "GET /BLA/boletinlegal/js/lib.js HTTP/1.1" 200 6474
172.22.2.4 - - [11/Aug/2022:06:28:44 -0500] "GET /BLA/boletinlegal/js/popup.js HTTP/1.1" 200 1270
172.22.2.4 - - [11/Aug/2022:06:28:44 -0500] "GET /BLA/boletinlegal/js/jquery1.js HTTP/1.1" 200 29846
172.22.2.4 - - [11/Aug/2022:06:28:45 -0500] "GET /BLA/boletinlegal/images/green-yellow-blue-pink-th.png HTTP/1.1" 200 7394
172.22.2.4 - - [11/Aug/2022:06:27:05 -0500] "HEAD /BLA/boletinlegal/ HTTP/1.1" 200 -
172.22.2.4 - - [11/Aug/2022:06:28:47 -0500] "GET /BLA/boletinlegal/consulta_actos.php?tipo=autos&no=&usuario=&sector=&fecha=2022&resuelve= HTTP/1.1" 200 661995
172.22.2.4 - - [11/Aug/2022:06:28:48 -0500] "GET /BLA/boletinlegal/consulta_actos.php?tipo=autos&no=&usuario=&sector=&fecha=2022&resuelve= HTTP/1.1" 200 661995
172.22.2.4 - - [11/Aug/2022:06:28:52 -0500] "GET /BLA/boletinlegal/consulta_actos.php?tipo=resoluciones&no=&usuario=&sector=&fecha=2022&resuelve= HTTP/1.1" 200 336552
181.49.221.90 - - [11/Aug/2022:06:28:54 -0500] "GET /galeria/galeria/jquery.fancybox.css?v=2.1.5 HTTP/1.1" 200 4895
181.49.221.90 - - [11/Aug/2022:06:28:54 -0500] "GET /BLA/boletinlegal/js/jquery.scrollShow.js HTTP/1.1" 200 4586
181.49.221.90 - - [11/Aug/2022:06:28:54 -0500] "GET /galeria/galeria/jquery.fancybox.js?v=2.1.5 HTTP/1.1" 200 48706
172.22.2.4 - - [11/Aug/2022:06:28:21 -0500] "GET /BLA/boletinlegal/index.php HTTP/1.1" 200 32715
181.49.221.90 - - [11/Aug/2022:06:29:22 -0500] "GET /autoliquidacion2020 HTTP/1.1" 301 250
181.49.221.90 - - [11/Aug/2022:06:29:22 -0500] "GET /autoliquidacion2020/ HTTP/1.1" 200 6146
181.49.221.90 - - [11/Aug/2022:06:29:22 -0500] "GET /autoliquidacion2020/dlf/styles.css HTTP/1.1" 200 3045
181.49.221.90 - - [11/Aug/2022:06:29:22 -0500] "GET /autoliquidacion2020/dlf/folder.png HTTP/1.1" 200 410
181.49.221.90 - - [11/Aug/2022:06:29:23 -0500] "GET /autoliquidacion2020/dlf/bg.gif HTTP/1.1" 200 54
181.49.221.90 - - [11/Aug/2022:06:29:29 -0500] "GET /autoliquidacion2020/index.php?dir=Fauna+silvestre%2F HTTP/1.1" 200 3403
181.49.221.90 - - [11/Aug/2022:06:29:29 -0500] "GET /autoliquidacion2020/dlf/html.gif HTTP/1.1" 200 632
181.49.221.90 - - [11/Aug/2022:06:29:29 -0500] "GET /autoliquidacion2020/dlf/dirup.png HTTP/1.1" 200 644
201.245.192.253 - - [11/Aug/2022:06:29:33 -0500] "POST /kwsrmcab/Wsrmcab  HTTP/1.1" 200 213
172.22.2.4 - - [11/Aug/2022:06:27:55 -0500] "GET /BLA/boletinlegal/ HTTP/1.1" 200 52868
181.49.221.90 - - [11/Aug/2022:06:29:36 -0500] "GET /autoliquidacion2020/index.php?dir=Fauna+silvestre%2FManual+tramite+en+linea%2F HTTP/1.1" 200 2556
181.49.221.90 - - [11/Aug/2022:06:29:36 -0500] "GET /autoliquidacion2020/dlf/pdf.gif HTTP/1.1" 200 272
181.49.221.90 - - [11/Aug/2022:06:29:37 -0500] "GET /autoliquidacion2020/Fauna%20silvestre/Manual%20tramite%20en%20linea/Manual%20Usuario%20Evaluaci%C3%B3n%20Permiso%20de%20Aprovechamiento%20de%20Fauna.pdf HTTP/1.1" 200 1411862
201.245.192.253 - - [11/Aug/2022:06:29:42 -0500] "POST /kwsrmcab/Wsrmcab HTTP/1.1" 200 46603
201.245.192.253 - - [11/Aug/2022:06:29:46 -0500] "POST /kwsrmcab/Wsrmcab HTTP/1.1" 200 47393
157.55.39.145 - - [11/Aug/2022:06:30:38 -0500] "GET / HTTP/1.1" 200 4720
66.249.65.213 - - [11/Aug/2022:06:30:59 -0500] "-" 408 -
216.245.221.92 - - [11/Aug/2022:06:31:32 -0500] "HEAD / HTTP/1.1" 200 -
201.245.192.253 - - [11/Aug/2022:06:34:32 -0500] "POST /kwsrmcab/Wsrmcab  HTTP/1.1" 200 213
172.22.2.4 - - [11/Aug/2022:06:32:55 -0500] "HEAD /BLA/boletinlegal/ HTTP/1.1" 200 -
185.119.81.105 - - [11/Aug/2022:06:35:03 -0500] "GET /portaldeninos/wp-login.php HTTP/1.1" 200 2592
185.119.81.105 - - [11/Aug/2022:06:35:04 -0500] "POST /portaldeninos/wp-login.php HTTP/1.1" 200 3650
172.22.2.4 - - [11/Aug/2022:06:33:45 -0500] "GET /BLA/boletinlegal/ HTTP/1.1" 200 58566
216.245.221.92 - - [11/Aug/2022:06:36:32 -0500] "HEAD / HTTP/1.1" 200 -
201.245.192.253 - - [11/Aug/2022:06:39:31 -0500] "POST /kwsrmcab/Wsrmcab  HTTP/1.1" 200 213
201.245.192.253 - - [11/Aug/2022:06:39:41 -0500] "POST /kwsrmcab/Wsrmcab HTTP/1.1" 200 46603
201.245.192.253 - - [11/Aug/2022:06:39:45 -0500] "POST /kwsrmcab/Wsrmcab HTTP/1.1" 200 47393
172.22.2.4 - - [11/Aug/2022:06:38:15 -0500] "GET /BLA/boletinlegal/ HTTP/1.1" 200 57716
172.22.2.4 - - [11/Aug/2022:06:38:45 -0500] "HEAD /BLA/boletinlegal/ HTTP/1.1" 200 -
172.22.2.4 - - [11/Aug/2022:06:39:35 -0500] "GET /BLA/boletinlegal/ HTTP/1.1" 200 56723
216.245.221.92 - - [11/Aug/2022:06:41:32 -0500] "HEAD / HTTP/1.1" 200 -
191.156.188.97 - - [11/Aug/2022:06:42:50 -0500] "GET /appsia/controlador HTTP/1.1" 200 4799
191.156.188.97 - - [11/Aug/2022:06:42:51 -0500] "GET /appsia/css/estilos.css HTTP/1.1" 200 4804
191.156.184.32 - - [11/Aug/2022:06:42:51 -0500] "GET /appsia/scripts/validarIngreso.js HTTP/1.1" 200 851
191.156.184.32 - - [11/Aug/2022:06:42:51 -0500] "GET /appsia/images/logo_bogota_p.png HTTP/1.1" 200 14951
191.156.188.97 - - [11/Aug/2022:06:42:51 -0500] "GET /appsia/images/cabezoteHojaVida.png HTTP/1.1" 200 32493
191.156.188.97 - - [11/Aug/2022:06:42:51 -0500] "GET /favicon.ico HTTP/1.1" 200 7782
191.156.188.97 - - [11/Aug/2022:06:42:53 -0500] "POST /appsia/controlador HTTP/1.1" 200 4621
191.156.184.32 - - [11/Aug/2022:06:42:55 -0500] "GET /appsia/images/logo_escudo.png HTTP/1.1" 200 36965
191.156.188.97 - - [11/Aug/2022:06:42:55 -0500] "POST /appsia/controlador HTTP/1.1" 200 81208
201.245.192.253 - - [11/Aug/2022:06:44:30 -0500] "POST /kwsrmcab/Wsrmcab  HTTP/1.1" 200 213
172.22.2.4 - - [11/Aug/2022:06:44:35 -0500] "HEAD /BLA/boletinlegal/ HTTP/1.1" 200 -
173.252.87.14 - - [11/Aug/2022:06:46:15 -0500] "GET /images/Acuerdos1.jpeg HTTP/1.1" 200 59889
216.245.221.92 - - [11/Aug/2022:06:46:32 -0500] "HEAD / HTTP/1.1" 200 -
94.102.61.10 - - [11/Aug/2022:06:46:34 -0500] "GET /portaldeninos/ HTTP/1.1" 200 110281
172.22.2.4 - - [11/Aug/2022:06:45:25 -0500] "GET /BLA/boletinlegal/ HTTP/1.1" 200 60272
192.241.206.49 - - [11/Aug/2022:06:47:36 -0500] "GET /portal/redlion HTTP/1.1" 404 1018
192.241.216.58 - - [11/Aug/2022:06:47:36 -0500] "GET /actuator/health HTTP/1.1" 404 1018
172.22.2.4 - - [11/Aug/2022:06:48:03 -0500] "GET /BLA/boletinlegal/Circulares/2021/CIRCULAR%20No.%2000007%20DEL%2010%20DE%20AGOSTO%20DEL%202021.pdf HTTP/1.1" 200 266364
34.91.58.131 - - [11/Aug/2022:06:48:49 -0500] "GET / HTTP/1.1" 200 319
201.245.192.253 - - [11/Aug/2022:06:49:28 -0500] "POST /kwsrmcab/Wsrmcab  HTTP/1.1" 200 213
185.119.81.97 - - [11/Aug/2022:06:49:31 -0500] "GET /portaldeninos/wp-login.php HTTP/1.1" 200 2592
185.119.81.97 - - [11/Aug/2022:06:49:32 -0500] "POST /portaldeninos/wp-login.php HTTP/1.1" 200 3670
216.245.221.92 - - [11/Aug/2022:06:51:32 -0500] "HEAD / HTTP/1.1" 200 -
172.22.2.4 - - [11/Aug/2022:06:50:25 -0500] "HEAD /BLA/boletinlegal/ HTTP/1.1" 200 -
185.119.81.109 - - [11/Aug/2022:06:52:06 -0500] "GET /portaldeninos/wp-login.php HTTP/1.1" 200 2592
185.119.81.109 - - [11/Aug/2022:06:52:07 -0500] "POST /portaldeninos/wp-login.php HTTP/1.1" 200 3670
172.22.2.4 - - [11/Aug/2022:06:51:15 -0500] "GET /BLA/boletinlegal/ HTTP/1.1" 200 60272
201.245.192.253 - - [11/Aug/2022:06:54:27 -0500] "POST /kwsrmcab/Wsrmcab  HTTP/1.1" 200 213
216.245.221.92 - - [11/Aug/2022:06:56:32 -0500] "HEAD / HTTP/1.1" 200 -
157.55.39.84 - - [11/Aug/2022:06:56:34 -0500] "GET /BLA/resoluciones/AUTOS%202011/3687.pdf HTTP/1.1" 304 -
66.249.69.151 - - [11/Aug/2022:06:56:38 -0500] "-" 408 -
172.22.2.4 - - [11/Aug/2022:06:56:15 -0500] "HEAD /BLA/boletinlegal/ HTTP/1.1" 200 -
172.22.2.4 - - [11/Aug/2022:06:57:35 -0500] "GET /BLA/boletinlegal/ HTTP/1.1" 200 32715
172.22.2.4 - - [11/Aug/2022:06:57:34 -0500] "GET /BLA/boletinlegal/ HTTP/1.1" 200 32715
172.22.2.4 - - [11/Aug/2022:06:57:05 -0500] "GET /BLA/boletinlegal/ HTTP/1.1" 200 50790
201.245.192.253 - - [11/Aug/2022:06:59:26 -0500] "POST /kwsrmcab/Wsrmcab  HTTP/1.1" 200 213
216.245.221.92 - - [11/Aug/2022:07:01:32 -0500] "HEAD / HTTP/1.1" 200 -
186.102.37.70 - - [11/Aug/2022:07:01:51 -0500] "GET /kwssiamovil/sm/ldap/au?x=U2FsdGVkX19a7Wn+r4V7eU96f1uO5PrVyqUsQSY1vchjMWaOVXMsz6WPnH5VHG1M&y=U2FsdGVkX1+dFexLwoRLDCwIF4ggJBmG32UCw9t9w0WgR2Vwd6mE5t0PfW4/bfW5 HTTP/1.1" 200 30
186.102.37.70 - - [11/Aug/2022:07:01:51 -0500] "GET /kwssiamovil/sm/acme/s?s=U2FsdGVkX19oR1DxX34RoZFaZ4wxuzAKCTKWqQ2g+zXDWjrTKzY6y9X3r0fxTUCIRn6Y6fA2lLohA1ArqyusMarUHbFjAOV4KF2AixfDTrA=&u=U2FsdGVkX19CyBf1aecleTynh+kpQisksNB7fWNbcYNel+sDFPxQCXe8jafXrxDv&y=U2FsdGVkX1+dFexLwoRLDCwIF4ggJBmG32UCw9t9w0WgR2Vwd6mE5t0PfW4/bfW5 HTTP/1.1" 200 97
186.102.37.70 - - [11/Aug/2022:07:01:51 -0500] "GET /kwssiamovil/sm/acme/s?s=U2FsdGVkX1+B//EWFSqwxUoA1h9YhO6zlTxSwsVCOz1qjfcrt5UjA5hFkRZqdBBZynjBKiKCoaZuiDUV3buX4mPLFzT/1/bPCL6HAx8lETbcU8Q0dGMYom81+DhW1r0YhxVQ88lAhcnZNNjuYPqmHvSDao68CcFNibsFJhVSHN6jh5K1P06QXrYHxJtax/MvXGBFxgXbrVFWmYuhLZ9wgQyj05bB4VxUF+Xpv4cF7z0NtwlN6XD29rW0fKDXyx+ciOw7hbTB6i9aytr7mhcfBV+mV+H4n7kIiaOwcJ5HPFpXWZwKbhe9nwZRZ9PCRLtTw4QoovoQ8qxFlGP3I2Q2L2w+QTkPw+dcY/b8euMkVfrJVcfPzB16LtHgKbGOlk2gGRlrIMaZc2dpc6I/HCCZ6scxmo2NcRQAEjAKY2UTSvJ8KC2LACSrjVbGohYVTefdGcoAy+8qpumtsJRzNRh26Seokfm7iS2S1X9W7R1+5Y2dBowu3uE7j5+Suts+QjlYX21+/6p1JDCLaOlN/9H6pJ2Y8hRViZqv9GFWlhg/eISEReN+OXXTa0jApGPVkg/r3qaaqGMw4nwk2u033sWrYkcp5D0Tj91kSFq/alLjNsUNfV//wnRGNYZWZ+uJdFoD8Uz60jFIYU1ad/JE/1ku3N3Trmni9yieDp9t6v9RDZdO9zo/HNKnWwjnZsJ9z8jNgTyW8lVMbGlxqYSu72s5RsWosOjCTrrIp1Qj7pDF5KCE2DzFzRE32rkLWlpT6FjxS1xiqLnGUBvq9FA1ud6lqDtin7J822+pLGsmkTpznTk4UYRN+2V3jGwr6OLveiy45ArUtFGKXHvil/bOI7f2pVI6tl39XI+WuFtmt5kHX3LCFY9aidhpLDEc9Pa3jPt8xBF+3S1lTCJbckNREcLukEbPICJ/wco+6tjmrvrE8vrbenIJaX5lRC8P0jsjyPslf+ZDBY33k206BEVLUgCPHgFIYVMurhulAXszVkIrHy+KGxJ9yCZl31w/v27tx+bM9XrtnsJN1y4zNMv1QCFggkojLANslfvYCMRtl7qgsspPXDOK6Y+iDBRHdbCrvF/x0fp/B4+vqfoi9KcICaTeQYAmQXhknHiSCNZw56hpQz0emzfLM5OHfZo6AbZUoNda9zClOUvJi/M7f/6DMRuEmCOA61AROQwrsMQEWWffEbbTMHg1FLp8w0xxMqvCLT2Itjx3LnpmFZPUTwXr76/U3CqzfX3IRJ/4RMAXF9FrzbAU05bQxzgstBAoHAzXgno/MGggED2At1u3BPbmdpBNg3kDPYnMESe6xmDh/RkD2zRjYugbC5AyVy21hbAh+Uc2ZWTIjEK7Pa74YjyHY/WXyo+9a5BhN9xaDB7saXPMTGg=&u=U2FsdGVkX19CyBf1aecleTynh+kpQisksNB7fWNbcYNel+sDFPxQCXe8jafXrxDv&y=U2FsdGVkX1+dFexLwoRLDCwIF4ggJBmG32UCw9t9w0WgR2Vwd6mE5t0PfW4/bfW5 HTTP/1.1" 200 421
186.102.37.70 - - [11/Aug/2022:07:01:51 -0500] "GET /kwssiamovil/sm/acme/s?s=U2FsdGVkX19ov7TUWHGRplJY7kRPsXPbS20EO/HqZ63I6Z3oWEWvDvK4x/BEMLFd1Nhh/Z7eqZ5kHyz3W/6EX+vCV7vkeZcAkakCDLvtksVkjI6l1FTohvOJ0YiLyLWCZjTJHC0XpoG/4sX/lr+1bXLc0SKxK/h8190Up9d02s2pvSu0NFFzp7csochv+b1OHsT+Q2uDPSgpofYA65Drx07af3HSWInyqwir67Ze0pwn79nwLDqjksSq6mUqezRkZ9kDAIyCeZSksyLYnGK88SDPyVq8GgKlVPjubLOJwwQ=&u=U2FsdGVkX19CyBf1aecleTynh+kpQisksNB7fWNbcYNel+sDFPxQCXe8jafXrxDv&y=U2FsdGVkX1+dFexLwoRLDCwIF4ggJBmG32UCw9t9w0WgR2Vwd6mE5t0PfW4/bfW5 HTTP/1.1" 200 176
186.102.37.70 - - [11/Aug/2022:07:01:51 -0500] "GET /kwssiamovil/sm/cjson/pre?f=1&x=U2FsdGVkX19a7Wn+r4V7eU96f1uO5PrVyqUsQSY1vchjMWaOVXMsz6WPnH5VHG1M HTTP/1.1" 200 30992
172.22.2.4 - - [11/Aug/2022:07:02:05 -0500] "HEAD /BLA/boletinlegal/ HTTP/1.1" 200 -
201.245.192.253 - - [11/Aug/2022:07:04:25 -0500] "POST /kwsrmcab/Wsrmcab  HTTP/1.1" 200 213
172.22.2.4 - - [11/Aug/2022:07:02:55 -0500] "GET /BLA/boletinlegal/ HTTP/1.1" 200 58154
216.245.221.92 - - [11/Aug/2022:07:06:32 -0500] "HEAD / HTTP/1.1" 200 -
185.119.81.97 - - [11/Aug/2022:07:08:06 -0500] "GET /portaldeninos/wp-login.php HTTP/1.1" 200 2592
185.119.81.97 - - [11/Aug/2022:07:08:07 -0500] "POST /portaldeninos/wp-login.php HTTP/1.1" 200 3670
207.46.13.20 - - [11/Aug/2022:07:09:17 -0500] "GET / HTTP/1.1" 200 319
201.245.192.253 - - [11/Aug/2022:07:09:23 -0500] "POST /kwsrmcab/Wsrmcab  HTTP/1.1" 200 213
172.22.2.4 - - [11/Aug/2022:07:07:55 -0500] "HEAD /BLA/boletinlegal/ HTTP/1.1" 200 -
157.55.39.98 - - [11/Aug/2022:07:09:49 -0500] "GET /sipse/faces/faces/autenticacion.xhtml HTTP/1.1" 200 12493
172.22.2.4 - - [11/Aug/2022:07:08:45 -0500] "GET /BLA/boletinlegal/ HTTP/1.1" 200 58154
216.245.221.92 - - [11/Aug/2022:07:11:32 -0500] "HEAD / HTTP/1.1" 200 -
185.119.81.106 - - [11/Aug/2022:07:13:18 -0500] "GET /portaldeninos/wp-login.php HTTP/1.1" 200 2592
185.119.81.106 - - [11/Aug/2022:07:13:19 -0500] "POST /portaldeninos/wp-login.php HTTP/1.1" 200 3670
172.22.2.4 - - [11/Aug/2022:07:13:43 -0500] "GET /BLA/boletinlegal/jurisprudencia/analisis/AnalisisT-146-16.docx HTTP/1.1" 200 23021
207.46.13.14 - - [11/Aug/2022:07:14:20 -0500] "GET /portaldeninos/wp-content/uploads/2021/07/Banners-p%C3%A1gina-de-ni%C3%B1os10-768x38.jpg HTTP/1.1" 404 75240
201.245.192.253 - - [11/Aug/2022:07:14:22 -0500] "POST /kwsrmcab/Wsrmcab  HTTP/1.1" 200 213
172.22.2.4 - - [11/Aug/2022:07:13:45 -0500] "HEAD /BLA/boletinlegal/ HTTP/1.1" 200 -
172.22.2.4 - - [11/Aug/2022:07:14:35 -0500] "GET /BLA/boletinlegal/ HTTP/1.1" 200 56367
216.245.221.92 - - [11/Aug/2022:07:16:32 -0500] "HEAD / HTTP/1.1" 200 -
2.57.122.98 - - [11/Aug/2022:07:17:34 -0500] "GET / HTTP/1.1" 200 319
201.245.192.253 - - [11/Aug/2022:07:19:21 -0500] "POST /kwsrmcab/Wsrmcab  HTTP/1.1" 200 213
201.245.192.253 - - [11/Aug/2022:07:19:41 -0500] "POST /kwsrmcab/Wsrmcab HTTP/1.1" 200 46779
201.245.192.253 - - [11/Aug/2022:07:19:46 -0500] "POST /kwsrmcab/Wsrmcab HTTP/1.1" 200 47402
69.171.251.23 - - [11/Aug/2022:07:20:35 -0500] "GET /asi-festejamos-el-dia-mundial-y-la-semana-de-los-humedales.html HTTP/1.1" 206 796
172.22.2.4 - - [11/Aug/2022:07:19:35 -0500] "HEAD /BLA/boletinlegal/ HTTP/1.1" 200 -
216.245.221.92 - - [11/Aug/2022:07:21:32 -0500] "HEAD / HTTP/1.1" 200 -
172.22.2.4 - - [11/Aug/2022:07:20:25 -0500] "GET /BLA/boletinlegal/ HTTP/1.1" 200 60272
150.158.133.40 - - [11/Aug/2022:07:23:53 -0500] "GET /xmlrpc.php HTTP/1.1" 404 1035
150.158.149.204 - - [11/Aug/2022:07:23:53 -0500] "GET /xmlrpc.php HTTP/1.1" 404 1035
172.22.2.4 - - [11/Aug/2022:07:23:54 -0500] "GET /BLA/boletinlegal/xmlrpc.php HTTP/1.1" 404 1038
172.22.2.4 - - [11/Aug/2022:07:23:54 -0500] "GET /BLA/boletinlegal/xmlrpc.php HTTP/1.1" 404 1038
185.119.81.101 - - [11/Aug/2022:07:24:13 -0500] "GET /portaldeninos/wp-login.php HTTP/1.1" 200 2592
185.119.81.101 - - [11/Aug/2022:07:24:14 -0500] "POST /portaldeninos/wp-login.php HTTP/1.1" 200 3670
201.245.192.253 - - [11/Aug/2022:07:24:21 -0500] "POST /kwsrmcab/Wsrmcab  HTTP/1.1" 200 213
207.46.13.188 - - [11/Aug/2022:07:26:08 -0500] "GET /BLA/resoluciones/RESOLUCIONES%202019/2856.pdf HTTP/1.1" 200 455685
216.245.221.92 - - [11/Aug/2022:07:26:32 -0500] "HEAD / HTTP/1.1" 200 -
172.22.2.4 - - [11/Aug/2022:07:25:25 -0500] "HEAD /BLA/boletinlegal/ HTTP/1.1" 200 -
172.22.2.4 - - [11/Aug/2022:07:26:15 -0500] "GET /BLA/boletinlegal/ HTTP/1.1" 200 53281
31.13.115.10 - - [11/Aug/2022:07:28:31 -0500] "GET /images/mujeres-cultura-31.jpg HTTP/1.1" 200 33736
201.245.192.253 - - [11/Aug/2022:07:29:19 -0500] "POST /kwsrmcab/Wsrmcab  HTTP/1.1" 200 213
201.245.192.253 - - [11/Aug/2022:07:29:41 -0500] "POST /kwsrmcab/Wsrmcab HTTP/1.1" 200 46779
201.245.192.253 - - [11/Aug/2022:07:29:45 -0500] "POST /kwsrmcab/Wsrmcab HTTP/1.1" 200 47402
201.245.192.253 - - [11/Aug/2022:07:30:10 -0500] "GET /sipse/faces/index.xhtml HTTP/1.1" 200 677
201.245.192.253 - - [11/Aug/2022:07:30:10 -0500] "GET /sipse/faces/javax.faces.resource/theme.css?ln=primefaces-sipse HTTP/1.1" 304 -
201.245.192.253 - - [11/Aug/2022:07:30:10 -0500] "GET /sipse/faces/faces/autenticacion.xhtml HTTP/1.1" 200 12171
201.245.192.253 - - [11/Aug/2022:07:30:11 -0500] "GET /sipse/js/disable_browser_buttons.js HTTP/1.1" 304 -
201.245.192.253 - - [11/Aug/2022:07:30:11 -0500] "GET /sipse/css/custom_css_sg.css HTTP/1.1" 304 -
201.245.192.253 - - [11/Aug/2022:07:30:11 -0500] "GET /sipse/js/funciones.js HTTP/1.1" 304 -
201.245.192.253 - - [11/Aug/2022:07:30:11 -0500] "GET /sipse/css/custom_css_sg_prime_login.css HTTP/1.1" 304 -
201.245.192.253 - - [11/Aug/2022:07:30:11 -0500] "GET /sipse/faces/javax.faces.resource/theme.css?ln=primefaces-sipse HTTP/1.1" 304 -
201.245.192.253 - - [11/Aug/2022:07:30:11 -0500] "GET /sipse/faces/javax.faces.resource/jquery/jquery.js?ln=primefaces&v=4.0 HTTP/1.1" 304 -
201.245.192.253 - - [11/Aug/2022:07:30:11 -0500] "GET /sipse/faces/javax.faces.resource/layout/layout.css?ln=primefaces&v=4.0 HTTP/1.1" 304 -
201.245.192.253 - - [11/Aug/2022:07:30:11 -0500] "GET /sipse/faces/javax.faces.resource/primefaces.css?ln=primefaces&v=4.0 HTTP/1.1" 304 -
201.245.192.253 - - [11/Aug/2022:07:30:11 -0500] "GET /sipse/faces/javax.faces.resource/jquery/jquery-plugins.js?ln=primefaces&v=4.0 HTTP/1.1" 304 -
201.245.192.253 - - [11/Aug/2022:07:30:11 -0500] "GET /sipse/faces/javax.faces.resource/layout/layout.js?ln=primefaces&v=4.0 HTTP/1.1" 304 -
201.245.192.253 - - [11/Aug/2022:07:30:11 -0500] "GET /sipse/faces/javax.faces.resource/primefaces.js?ln=primefaces&v=4.0 HTTP/1.1" 304 -
201.245.192.253 - - [11/Aug/2022:07:30:11 -0500] "GET /sipse/css/imagen/loginimg.png HTTP/1.1" 304 -
201.245.192.253 - - [11/Aug/2022:07:30:11 -0500] "GET /sipse/css/imagen/logoSDG.png HTTP/1.1" 304 -
201.245.192.253 - - [11/Aug/2022:07:30:11 -0500] "GET /sipse/faces/javax.faces.resource/images/ui-icons_898989_256x240.png?ln=primefaces-aristo HTTP/1.1" 304 -
186.102.44.110 - - [11/Aug/2022:07:30:17 -0500] "OPTIONS /kwssiamovil/sm/setfile/f? HTTP/1.1" 200 13
201.245.192.253 - - [11/Aug/2022:07:30:19 -0500] "POST /sipse/faces/autenticacion.xhtml HTTP/1.1" 200 11165
201.245.192.253 - - [11/Aug/2022:07:30:20 -0500] "GET /sipse/css/custom_css_sg_prime.css HTTP/1.1" 304 -
201.245.192.253 - - [11/Aug/2022:07:30:20 -0500] "GET /sipse/faces/javax.faces.resource/layout/layout.css?ln=primefaces&v=4.0 HTTP/1.1" 304 -
201.245.192.253 - - [11/Aug/2022:07:30:20 -0500] "GET /sipse/faces/javax.faces.resource/primefaces.css?ln=primefaces&v=4.0 HTTP/1.1" 304 -
201.245.192.253 - - [11/Aug/2022:07:30:20 -0500] "GET /sipse/faces/javax.faces.resource/theme.css?ln=primefaces-sipse HTTP/1.1" 304 -
201.245.192.253 - - [11/Aug/2022:07:30:20 -0500] "GET /sipse/faces/javax.faces.resource/jquery/jquery.js?ln=primefaces&v=4.0 HTTP/1.1" 304 -
201.245.192.253 - - [11/Aug/2022:07:30:20 -0500] "GET /sipse/faces/javax.faces.resource/jquery/jquery-plugins.js?ln=primefaces&v=4.0 HTTP/1.1" 304 -
201.245.192.253 - - [11/Aug/2022:07:30:20 -0500] "GET /sipse/faces/javax.faces.resource/primefaces.js?ln=primefaces&v=4.0 HTTP/1.1" 304 -
201.245.192.253 - - [11/Aug/2022:07:30:20 -0500] "GET /sipse/faces/javax.faces.resource/layout/layout.js?ln=primefaces&v=4.0 HTTP/1.1" 304 -
201.245.192.253 - - [11/Aug/2022:07:30:20 -0500] "GET /sipse/faces/javax.faces.resource/messages/messages.png?ln=primefaces&v=4.0 HTTP/1.1" 304 -
201.245.192.253 - - [11/Aug/2022:07:30:23 -0500] "POST /sipse/faces/presentacion/sistema/seguridad/seleccionRol.xhtml HTTP/1.1" 200 5600
201.245.192.253 - - [11/Aug/2022:07:30:24 -0500] "POST /sipse/faces/presentacion/sistema/seguridad/seleccionRol.xhtml HTTP/1.1" 200 17510
201.245.192.253 - - [11/Aug/2022:07:30:24 -0500] "GET /sipse/faces/javax.faces.resource/theme.css?ln=primefaces-sipse HTTP/1.1" 304 -
201.245.192.253 - - [11/Aug/2022:07:30:24 -0500] "GET /sipse/js/jquery.min.js HTTP/1.1" 304 -
201.245.192.253 - - [11/Aug/2022:07:30:24 -0500] "GET /sipse/faces/javax.faces.resource/primefaces.css?ln=primefaces&v=4.0 HTTP/1.1" 304 -
201.245.192.253 - - [11/Aug/2022:07:30:24 -0500] "GET /sipse/faces/javax.faces.resource/layout/layout.css?ln=primefaces&v=4.0 HTTP/1.1" 304 -
201.245.192.253 - - [11/Aug/2022:07:30:24 -0500] "GET /sipse/faces/javax.faces.resource/jquery/jquery.js?ln=primefaces&v=4.0 HTTP/1.1" 304 -
201.245.192.253 - - [11/Aug/2022:07:30:24 -0500] "GET /sipse/faces/javax.faces.resource/jquery/jquery-plugins.js?ln=primefaces&v=4.0 HTTP/1.1" 304 -
201.245.192.253 - - [11/Aug/2022:07:30:24 -0500] "GET /sipse/faces/javax.faces.resource/primefaces.js?ln=primefaces&v=4.0 HTTP/1.1" 304 -
201.245.192.253 - - [11/Aug/2022:07:30:24 -0500] "GET /sipse/faces/javax.faces.resource/layout/layout.js?ln=primefaces&v=4.0 HTTP/1.1" 304 -
201.245.192.253 - - [11/Aug/2022:07:30:24 -0500] "GET /sipse/imagenes/cargando.gif HTTP/1.1" 304 -
201.245.192.253 - - [11/Aug/2022:07:30:24 -0500] "GET /sipse/imagenes/logoAplicacion.jpg HTTP/1.1" 304 -
201.245.192.253 - - [11/Aug/2022:07:30:24 -0500] "GET /sipse/css/imagen/contrasena.png HTTP/1.1" 404 383
201.245.192.253 - - [11/Aug/2022:07:30:26 -0500] "GET /sipse/faces/javax.faces.resource/images/ui-bg_flat_0_2d5972_40x100.png?ln=primefaces-aristo HTTP/1.1" 304 -
201.245.192.253 - - [11/Aug/2022:07:30:26 -0500] "POST /sipse/faces/bienvenido.xhtml HTTP/1.1" 200 3843
186.102.44.110 - - [11/Aug/2022:07:30:17 -0500] "POST /kwssiamovil/sm/setfile/f? HTTP/1.1" 200 381
186.102.44.110 - - [11/Aug/2022:07:30:30 -0500] "OPTIONS /kwssiamovil/sm/setfile/f? HTTP/1.1" 200 13
186.102.44.110 - - [11/Aug/2022:07:30:30 -0500] "POST /kwssiamovil/sm/setfile/f? HTTP/1.1" 200 381
186.102.44.110 - - [11/Aug/2022:07:30:39 -0500] "OPTIONS /kwssiamovil/sm/setfile/f? HTTP/1.1" 200 13
201.245.192.253 - - [11/Aug/2022:07:30:44 -0500] "POST /sipse/faces/bienvenido.xhtml HTTP/1.1" 200 2055
186.102.44.110 - - [11/Aug/2022:07:30:39 -0500] "POST /kwssiamovil/sm/setfile/f? HTTP/1.1" 200 381
186.102.44.110 - - [11/Aug/2022:07:30:57 -0500] "GET /kwssiamovil/sm/acme/a?s=U2FsdGVkX19d7V76KyTjYyM8ISAg4Ts+lQMNgAUvdxjBrxBlxCcJMButK8rsz7/QnI7Yh+/c9uI/ui8Gr11Kv53RvuTVbhE7kpP3fSxUKPtURl4Fa7c6U0KM1KzESjkVIuJVORI8M0izxsYpTZbn53Hm964VX2ZNFqhaTIzvKEtcp7c4B5WMgzGuKZzpCkirigMXHk7kgEhWginnKZxQVNuQ50FzGpg1kbcfdVGo2kAIznStm8EiG/FAcyjqS+O/xq3LlgTCvMCZBXOz4LvoBQ==&u=U2FsdGVkX1+gVhYapfRgZKhO5XJgDHMReB+D+UOKEK0=&y=U2FsdGVkX18xgkze56ZJ6s9ZeutSIL8Alx4w9124KdQ= HTTP/1.1" 200 25
186.102.44.110 - - [11/Aug/2022:07:30:57 -0500] "GET /kwssiamovil/sm/acme/a?s=U2FsdGVkX1+NaMdQUhQvxs5Evhk38bAePZhvZY/4GyYK+DqwtDrYaRVdz3BkcnontnbTWTB9qeVfXAOKULhKv+H5KU+LOlWWXYWS477X5gctXPZUtWbDomTIDR5YA+pI6T1vu0fh8CmcZb0Q7j4S6ZZuKHrenPeg8GtAlST1pB6teGO02Vdq6CkAWZ/hamMnI/n8YZQgSHuvl2QTGHp2j+ukNm1v7/MMbaYZRQNxBl82ELVaYmL6xV4F1YyAfQQdOR3Xti9s5t9bPgU0p57MCrEmgN4DNzl8g8/+pbw3wgRpUtkikCI5UizCuVZSPZa8hDnVWPRS3UiytX/oioR3h28LIMV64z3mY+3hg5hN+kpqJ1AA1HkCSpQttwhQvaoPKagHtHGuAFcb4CsYNIvax/5G50YmNvNxMQUoh+oobOHxyLbtnGTKj5DMGY9ROwiSV6QMocHQMbKCT0KxEJtPfgKzN/40aSXl97bKjOQgmGq9IFf2uNCpBw4Cbqqx8tvmLDNx9GvwsU61PnYPOvg09R3S2XIDgFQWQBfXv6BdoAVBjqFvZj7So2frhYNxpJZG15d9TXJccji4OxbK4VWT9xXSGXfHhgvPqfvVqRcPaL4eulDScOlYCF6DMpSlTxcaC13lEMkft3cSmMBr+tRUud7NsIXnegsPB13QUd1Bd34QS/LSXe4uZ38d5RMH6cvrukHiiKiBv+6q4evWIjEdlnzsIQBKJNbJrub5TC9NENKCe4K9xsrQB4x9eu1VeFB+TzQ2KnM8mMiCuOwgyYqQUyNjabnG1q3c2Pz0hVwKqVfhlBUS1tcqAIO5Nnjvfihc7ZmkYqFvx6PstBoEpg9dW+ZDrw2prw5zdrjrbu9y1e3WYomY/vJOIvPP1ItuHPRj9Rs3cQti0Fne2PuimsxSR/dyBuNvyc4DJe6ZR8SWuBNFsKWaN87B9zqzuT4ur0yAZp2Tj8H8TPKsXHiLQIVAqAlMqFUFWYs32sZ0dySesZy5c6syXMcn3zkJ55Q0jitbTrUOVJ5Y74OkA8tos5aC64fGEYaX8coYEbKWY7uqw/NQD15ex66nfeUnRaxpih53Zz28JWY/EI80xSyQMNtFOKKTxnGwgx8up6I/BeD3hirA0LcWcbyZPQSShhdlhFKYV+DKAc5EO+7SffFpsbjFSsMd+Sb1Z7aSvP706YEf1FI7W64exyGqgEiK2poBhXlxNBmP3Dsqo9NHBlv5oG9IjR+qsR1qrV8ZJMbq4gpnPLngY4LeQH0e7BVg+gCJTjasw9fY7NQy25EcAWvTY93eHlAuJahu0256Lg1pNU+loaF77ciNQCStdDAx4Vet8iuYUHLd6DepGKOGlzLA5OvyWKupzFJYzRpFHHD/ZuIojEg6BVvHh0B7KZ3Ie7k4/rqMt/AISJusD/R++tUAGhdaTelTihOGsLVc7+wqQvMAZWSrSzTvA2Vg/BCgVcTSh6i+JHm9Q75ICR+muwvOf/KCATiPkQS4+CZ6DltOIZe4q0Q265D2EPFZNebPfBlQYVb0XeME/CO9FUnL+Am/S3+O8KUtPM/xcrei0zZ0q16W9stWHWPR3IsiWV1ByvzWFjoPkQJUfMMSSRmerOCoB2dDehr3Iqe8RZan43i9myH+NVIuGGsnflTWo1i4nkq3KVMSS5Chm0ymEAYLi0A21AjfyI7zPYQtFr1eoqT1Jh5SO7tIUUkNLiI5AcEqcMcQ9MEB4/NMzJSIFfVVnp+eRfexKQ==&u=U2FsdGVkX1+gVhYapfRgZKhO5XJgDHMReB+D+UOKEK0=&y=U2FsdGVkX18xgkze56ZJ6s9ZeutSIL8Alx4w9124KdQ= HTTP/1.1" 200 25
186.102.44.110 - - [11/Aug/2022:07:30:58 -0500] "GET /kwssiamovil/sm/acme/a?s=U2FsdGVkX1/gc8BEutRQgTXbpBI+bt9eXBTjcl4byV1GsfdQkfHGMRUOs0fB9Mu0HazsCVTaFlyLA7IgUYESxbEmdefABkIm967rgKnlIf5skWdyPTKLKntioboGo51Kp92i7Mb2yACvBmC4NM1Pe8VoKUQrT2dsWB4IzIn4b6o=&u=U2FsdGVkX1+gVhYapfRgZKhO5XJgDHMReB+D+UOKEK0=&y=U2FsdGVkX18xgkze56ZJ6s9ZeutSIL8Alx4w9124KdQ= HTTP/1.1" 200 25
186.102.44.110 - - [11/Aug/2022:07:30:58 -0500] "GET /kwssiamovil/sm/acme/a?s=U2FsdGVkX18KOSu98KY3gYQ48Cq4kyMuNipJrdGllD3z2Hx4jwh2ZZgc7oXLj4SqZyr9z7Bnon23+sHsTfBayc6tS3Afi2sS1gm2coZfdVSNHJbXYvO03WMYWfz5xAeJFmMGO6g6FqyCFNXm8e+OCA507ReQ0velHbQegX4v1Aw=&u=U2FsdGVkX1+gVhYapfRgZKhO5XJgDHMReB+D+UOKEK0=&y=U2FsdGVkX18xgkze56ZJ6s9ZeutSIL8Alx4w9124KdQ= HTTP/1.1" 200 25
186.102.44.110 - - [11/Aug/2022:07:30:58 -0500] "GET /kwssiamovil/sm/acme/a?s=U2FsdGVkX1+nB1NDO7fyzGMlNTrvflKKO0SsbTr+9lEy82FbnOd0bwMh5yv0lUBUPBRguLj0BsF/q6cxi+i1LciEKrnhX6txawm1owBoB07TN3nz1R/LyjjlyppPGVvwlkR8liD3g9SYCv6oFeKq2TS5t4AmJhQJRMjE7WPe6To=&u=U2FsdGVkX1+gVhYapfRgZKhO5XJgDHMReB+D+UOKEK0=&y=U2FsdGVkX18xgkze56ZJ6s9ZeutSIL8Alx4w9124KdQ= HTTP/1.1" 200 25
186.102.44.110 - - [11/Aug/2022:07:30:58 -0500] "GET /kwssiamovil/sm/acme/a?s=U2FsdGVkX1/KsKLrOuIILFJ1T9fZZs9KZxOEIeJ9MW8M5QiaLvNv7ZiAiDKsrngKAhHF7qRJeNToKQpVN6ucckMuC0aXxX+IUaCLH46+NShE/8snNm21vofr5lIefkReQbYSzfWUwTVCP6HOWHrYsG9X+4kQ4kabWiJiACqo+3ED/LmCvaTCT8/xajUmiFdL&u=U2FsdGVkX1+gVhYapfRgZKhO5XJgDHMReB+D+UOKEK0=&y=U2FsdGVkX18xgkze56ZJ6s9ZeutSIL8Alx4w9124KdQ= HTTP/1.1" 200 25
186.102.44.110 - - [11/Aug/2022:07:30:58 -0500] "GET /kwssiamovil/sm/acme/a?s=U2FsdGVkX1/fUCy3nWQhApb40xizGqENE4SpJ4JzDSz7zfZDMzNWYOiw73mWWzKSXhP1XxH4xfoKvobW6Fsf4awnswdGBiam4CrCysSkzhpWNtilXUoe346VDtjtLpI/9eJrGpXW2Pzqc1EGLyEbha4Tw5vwXO3gL41k2ly1qBlMJJpRcqtQacnhGknY7R/BULfxL4vhpicnefHTxcvAWBHz+t511RqqbhtVi+3E1Oo=&u=U2FsdGVkX1+gVhYapfRgZKhO5XJgDHMReB+D+UOKEK0=&y=U2FsdGVkX18xgkze56ZJ6s9ZeutSIL8Alx4w9124KdQ= HTTP/1.1" 200 25
186.102.44.110 - - [11/Aug/2022:07:30:59 -0500] "GET /kwssiamovil/sm/acme/a?s=U2FsdGVkX1+RVifgYsXHtt5RyDwGmwZIL8zgO3uHyF+Q4O3S6qjr1YVq/IiYw2AGp1pivEpdlTV2TV3ve9HvhbC5SYK9YOj9NE6l7AtJVc/6ri8znOe7a4HFvxhche7plI+C1T/nOL28ej/JroaGLAZQjsIFCu7PiG38mDplPH19m+CScJhOtDFdFHd9S40lsF5Yo+LWU8kRzpJaa+O3DQ==&u=U2FsdGVkX1+gVhYapfRgZKhO5XJgDHMReB+D+UOKEK0=&y=U2FsdGVkX18xgkze56ZJ6s9ZeutSIL8Alx4w9124KdQ= HTTP/1.1" 200 25
186.102.44.110 - - [11/Aug/2022:07:30:59 -0500] "GET /kwssiamovil/sm/acme/a?s=U2FsdGVkX1+cSbPq3WJ+tfrVnopuw4AjLQgVhMQZISnH5PIynjWf8x7oHd+aMaR7nl8olwyi3ZUOwolln8cg5DJby/qdA/AGppZjzjZW6ZZf3mVrVpsFCA0rJmNY5u4zObj1eRbGIkgph+NjyMNOfUWIW9aO35j+zlZWWo+PZGhtS0j6AH7vpzSgv2W1j4AUY9DWNXxRZZ/d8bYcbmdt2DYFvTRvPAcQzBNit5bA3Ow=&u=U2FsdGVkX1+gVhYapfRgZKhO5XJgDHMReB+D+UOKEK0=&y=U2FsdGVkX18xgkze56ZJ6s9ZeutSIL8Alx4w9124KdQ= HTTP/1.1" 200 25
186.102.44.110 - - [11/Aug/2022:07:30:59 -0500] "GET /kwssiamovil/sm/acme/a?s=U2FsdGVkX1/5pUdDJLZAiy+e8g3dtwuUclLC18coTGX6oUfvZiJevseOg3owZWIMcOuQAIlFaL47wMG0pqKcrOQp2DYCvvZiPva+rW7VXMX12sTAZaJ/WBBC+GLVxXk8aSSo0m5zuYiJhsxkLVDXlAGke8XB+Xc8D5yxekT8hNVFlAfUOP6Ruw808IU5aNJvA3cjic54WVoIH6NNjZ8ZEQ==&u=U2FsdGVkX1+gVhYapfRgZKhO5XJgDHMReB+D+UOKEK0=&y=U2FsdGVkX18xgkze56ZJ6s9ZeutSIL8Alx4w9124KdQ= HTTP/1.1" 200 25
186.102.44.110 - - [11/Aug/2022:07:30:59 -0500] "GET /kwssiamovil/sm/acme/a?s=U2FsdGVkX18a92fTSj9DNRL3ao3vGvUfekixNXUrc3GxGZVC/Zv4o4ugKCSQYuhjRl9i5upahwAVfB6MLyyfVU8JsrGX7jaMRuaF/tjFdWwrN2UF8wS+VfoVxhPCsDjGbiTq3Y3cusdpvbt2XCbmXFVTX+SSeKgGyGCaz8FhzIfdUZ7Y8/YQNrSQVJ1sTVoT/J2nFvVp3LzLfw4MB02viQ==&u=U2FsdGVkX1+gVhYapfRgZKhO5XJgDHMReB+D+UOKEK0=&y=U2FsdGVkX18xgkze56ZJ6s9ZeutSIL8Alx4w9124KdQ= HTTP/1.1" 200 25
186.102.44.110 - - [11/Aug/2022:07:30:59 -0500] "GET /kwssiamovil/sm/acme/a?s=U2FsdGVkX19EyCJ9Mdzq89L11kofjIbOeL365CFlrXD3LQNeZu/B13wH8PElxYm+hqhMICgvYLT4JLhpw0cM+rAgCXG0Tuff9OX99kYa+fmd6aSS6UGIwQrLcAJTOWx84usSTMbHH9cvPUV3FzNqj6m0KI4VKox7+iWgvHnGmn8zM8ioeW+7iducjxo/V4S88XPFZF41a+utT3EFpRImeQ==&u=U2FsdGVkX1+gVhYapfRgZKhO5XJgDHMReB+D+UOKEK0=&y=U2FsdGVkX18xgkze56ZJ6s9ZeutSIL8Alx4w9124KdQ= HTTP/1.1" 200 25
186.102.44.110 - - [11/Aug/2022:07:31:09 -0500] "GET /kwssiamovil/sm/acme/u?s=U2FsdGVkX1/DABM2ZwG8Z4ohGBSfUTAkJM/+1JDF9lmkU43BLdFgav8W3nwq+9mDKe1f48qKvSAbkou3rgvVMYbUJvBZbtb9J4mXi8U79zLKaSZAEvpu540K/ajfvyb7UvJj5fvnosaRSyhza1bQqA==&u=U2FsdGVkX1+gVhYapfRgZKhO5XJgDHMReB+D+UOKEK0=&y=U2FsdGVkX18xgkze56ZJ6s9ZeutSIL8Alx4w9124KdQ= HTTP/1.1" 200 60
201.245.192.253 - - [11/Aug/2022:07:30:46 -0500] "POST /sipse/faces/bienvenido.xhtml HTTP/1.1" 200 84579
201.245.192.253 - - [11/Aug/2022:07:31:13 -0500] "GET /sipse/faces/javax.faces.resource/layout/layout.css?ln=primefaces&v=4.0 HTTP/1.1" 304 -
201.245.192.253 - - [11/Aug/2022:07:31:13 -0500] "GET /sipse/faces/javax.faces.resource/theme.css?ln=primefaces-sipse HTTP/1.1" 304 -
201.245.192.253 - - [11/Aug/2022:07:31:13 -0500] "GET /sipse/faces/javax.faces.resource/primefaces.css?ln=primefaces&v=4.0 HTTP/1.1" 304 -
201.245.192.253 - - [11/Aug/2022:07:31:13 -0500] "GET /sipse/faces/javax.faces.resource/jquery/jquery.js?ln=primefaces&v=4.0 HTTP/1.1" 304 -
201.245.192.253 - - [11/Aug/2022:07:31:13 -0500] "GET /sipse/faces/javax.faces.resource/jquery/jquery-plugins.js?ln=primefaces&v=4.0 HTTP/1.1" 304 -
201.245.192.253 - - [11/Aug/2022:07:31:13 -0500] "GET /sipse/faces/javax.faces.resource/primefaces.js?ln=primefaces&v=4.0 HTTP/1.1" 304 -
201.245.192.253 - - [11/Aug/2022:07:31:13 -0500] "GET /sipse/faces/javax.faces.resource/layout/layout.js?ln=primefaces&v=4.0 HTTP/1.1" 304 -
216.245.221.92 - - [11/Aug/2022:07:31:32 -0500] "HEAD / HTTP/1.1" 200 -
181.49.10.74 - - [11/Aug/2022:07:31:41 -0500] "GET /BLA/resoluciones/RESOLUCIONES%202018/1471.pdf HTTP/1.1" 200 4855393
181.49.10.74 - - [11/Aug/2022:07:31:42 -0500] "GET /BLA/resoluciones/RESOLUCIONES%202018/2533.pdf HTTP/1.1" 200 7748386
181.49.10.74 - - [11/Aug/2022:07:31:44 -0500] "GET /favicon.ico HTTP/1.1" 200 7782
186.102.44.110 - - [11/Aug/2022:07:31:53 -0500] "GET /kwssiamovil/sm/ldap/au?x=U2FsdGVkX1+O4vFQSzC9rqrA8/HemTrenEQw25XC9i5jUnIxIOq/hXWS+/5OHdJu&y=U2FsdGVkX192zfv9LYl9o+9v5BCJTRVgJug0m22ktDQ= HTTP/1.1" 200 30
186.102.44.110 - - [11/Aug/2022:07:31:53 -0500] "GET /kwssiamovil/sm/acme/s?s=U2FsdGVkX1+BLNrTrJ6Wtc2Cb8JGfegvspmcMR8rZvBdMrXLai34KJ3mIBUfRGQpMuhI+G+kb3YekomqTiCzFDL2EkUzoTfd2qW/ep2Vakc=&u=U2FsdGVkX19oMWZ/mnQCp/cDIDahc8r67ok2C7X2sCY=&y=U2FsdGVkX192zfv9LYl9o+9v5BCJTRVgJug0m22ktDQ= HTTP/1.1" 200 97
186.102.44.110 - - [11/Aug/2022:07:31:54 -0500] "GET /kwssiamovil/sm/acme/s?s=U2FsdGVkX19D/x5bu9WEgi1FUMXQQovUzignhSHAaOS5DP/hjihGpjqGQ1s3WsmpMCLjbyViVm8rKEevUicOzbS58AOP39o10qIPiYjnCbBEfVRjf+va31EoGSKQxgIUqrJJyNAXSLb0p0aXV9E+ilsRkqxSqpU6vxdr9rAQu0OO09DmvEkyxbActlZr3dLFNakF/QTnbIG1iY8yfdAQMwlxpV1wyjNoNdmdENPUkyZsZvXoweelcKtSApipMUXKdr+M5HNQhFZUgGjhbC9jKkrMEVAiF5gBspn/rMgtEgHa2PGW4zmS/LgNxNIhPpStVsBvwnrffOy8+4Jl+mYLuWWFt6l5fM0xQMaoVkBlUhtLGlTYdih296qdjqblGwSVcIBLhwXFHZDFgE9MX5e0xSpWRFkXOrH53QitT5V85kbuIzaDX8U46dvvbA/2lD8/U5gffJ3rI/9vgKEOjKEzUFgYacqFPB4wM0ID30VfOiULmFBEJuQJ+bUfqaHMzoN9imWgX26kSWI031CxtW9DnEkS5AESO5EjxNZnDGAcfIwcl1m3L80AngIMBKSj3cBW+qMAxvAiEEkknrEYBaXz3kQM9L8OhdMPKhVLlppChM6U7BUaiXjntQKUlz4QxpvqVChRwF44PBJfSEINsz3UEVE7xinE9eCdkyVvMWcpAIWpvmPS9knRcaDY9KBeYJF3PrDERI09RyIcrgIKPxLByjBC8hU9PxKlT3dp0qwua1zrVlBe62z4NsrPPh7Z8ssPDvHi7DXkoCLP7eDHB6Jgw2zdkFSxlHzPVTbbESUfP6ymEvGnMD1ru549prJ6HyZv9A7joU6EwhKDezPISgNnVsg34pal/2Bl8n2iwkGxH1K1vk2mEpKSxlNjlNLxXhr3nhqur2eZcEXGTJVHpbxR8x6Z/gDicAxUE73V9VhTMiZWKElR587XKS6d8u64XOKetLOKiEJ+MQGP5mve2QLkfhHvY3blzuBrNyY8LAjgAjiiWXO/Vja4P+izOmp8qq3yImIMb2yaE62u8LJYwJ5rKQNbWLDz8X1bsZ+y+tfidkg+laXbnf8jFA/ZDTYKdZyLcC3vXO6Zj7fq4xzr2V2GVVp2KU9rW+SkzZ5sEHT4fMpF8//P/lkkyo1VVGybMjdHKA9UGB14mAmkOqyDJHZNKVlnNKtREN+noQyju+w8onTxCT/zMKuOwQD56bQ2pHU+HOLFFuO864W8JUUviSv4F3W8bSxRJryTTC4usPi2+VFqV227MkeB1Qz2fjYW9kBnL5q6HsQYkQ3ZC2ZyI3IO3tDkgy896UXGkvAaAvAJ2+OHG9/l725xhFRZbgbUssqOZVblDNCqlEzETi1kFVa8vBaujKaprCZ6KuIX0b+jsqI=&u=U2FsdGVkX19oMWZ/mnQCp/cDIDahc8r67ok2C7X2sCY=&y=U2FsdGVkX192zfv9LYl9o+9v5BCJTRVgJug0m22ktDQ= HTTP/1.1" 200 3192
186.102.44.110 - - [11/Aug/2022:07:31:54 -0500] "GET /kwssiamovil/sm/acme/s?s=U2FsdGVkX1+Zi9w8xsTtno6CcEJ76A7poMirfV+1czzJy0nq1CzGBhsVhMNbHM7bXXXZnT0daCPrGQKHtQAlvzV2rTjYlZBHrSo5Wer13HqZocxfJhITroiEPfLH8YIOpcSU88rIN75dVaKeO3o//sNJM4pz/0WX2orhtBCEYiu16J6JA1FUguuk9L5APH2AWbrPYpHaTJbg5DOomo9LKiY5BvPkY7N9mNCQd81ExP96wi1Itm8s3Vq9jbsRIKglkglS6SifcWn+brnr+7dwEvVbRk1+zEoqWZ8gkaWPlsY=&u=U2FsdGVkX19oMWZ/mnQCp/cDIDahc8r67ok2C7X2sCY=&y=U2FsdGVkX192zfv9LYl9o+9v5BCJTRVgJug0m22ktDQ= HTTP/1.1" 200 176
201.245.192.253 - - [11/Aug/2022:07:31:54 -0500] "POST /sipse/faces/presentacion/proyectos/proyecto/listarProyecto.xhtml HTTP/1.1" 200 77962
201.245.192.253 - - [11/Aug/2022:07:31:54 -0500] "POST /sipse/faces/presentacion/proyectos/proyecto/listarProyecto.xhtml HTTP/1.1" 200 77962
186.102.44.110 - - [11/Aug/2022:07:31:54 -0500] "GET /kwssiamovil/sm/cjson/pre?f=1&x=U2FsdGVkX1+O4vFQSzC9rqrA8/HemTrenEQw25XC9i5jUnIxIOq/hXWS+/5OHdJu HTTP/1.1" 200 30992
201.245.192.253 - - [11/Aug/2022:07:32:16 -0500] "POST /sipse/faces/presentacion/proyectos/proyecto/listarProyecto.xhtml HTTP/1.1" 200 163
201.245.192.253 - - [11/Aug/2022:07:32:17 -0500] "GET /sipse/faces/presentacion/proyectos/proyecto/proyecto.xhtml HTTP/1.1" 200 90254
201.245.192.253 - - [11/Aug/2022:07:32:19 -0500] "GET /sipse/faces/javax.faces.resource/primefaces.css?ln=primefaces&v=4.0 HTTP/1.1" 304 -
201.245.192.253 - - [11/Aug/2022:07:32:19 -0500] "GET /sipse/faces/javax.faces.resource/theme.css?ln=primefaces-sipse HTTP/1.1" 304 -
201.245.192.253 - - [11/Aug/2022:07:32:19 -0500] "GET /sipse/faces/javax.faces.resource/jquery/jquery-plugins.js?ln=primefaces&v=4.0 HTTP/1.1" 304 -
201.245.192.253 - - [11/Aug/2022:07:32:19 -0500] "GET /sipse/faces/javax.faces.resource/layout/layout.css?ln=primefaces&v=4.0 HTTP/1.1" 304 -
201.245.192.253 - - [11/Aug/2022:07:32:19 -0500] "GET /sipse/faces/javax.faces.resource/jquery/jquery.js?ln=primefaces&v=4.0 HTTP/1.1" 304 -
201.245.192.253 - - [11/Aug/2022:07:32:19 -0500] "GET /sipse/faces/javax.faces.resource/primefaces.js?ln=primefaces&v=4.0 HTTP/1.1" 304 -
201.245.192.253 - - [11/Aug/2022:07:32:19 -0500] "GET /sipse/faces/javax.faces.resource/layout/layout.js?ln=primefaces&v=4.0 HTTP/1.1" 304 -
201.245.192.253 - - [11/Aug/2022:07:32:19 -0500] "POST /sipse/faces/presentacion/proyectos/proyecto/proyecto.xhtml HTTP/1.1" 200 3249
201.245.192.253 - - [11/Aug/2022:07:32:26 -0500] "POST /sipse/faces/presentacion/proyectos/proyecto/proyecto.xhtml HTTP/1.1" 200 44372
201.245.192.253 - - [11/Aug/2022:07:32:29 -0500] "GET /sipse/faces/javax.faces.resource/spacer/dot_clear.gif?ln=primefaces&v=4.0 HTTP/1.1" 304 -
201.245.192.253 - - [11/Aug/2022:07:32:29 -0500] "POST /sipse/faces/presentacion/proyectos/proyecto/proyecto.xhtml HTTP/1.1" 200 3946
201.245.192.253 - - [11/Aug/2022:07:32:34 -0500] "POST /sipse/faces/presentacion/proyectos/proyecto/proyecto.xhtml HTTP/1.1" 200 72271
172.22.2.4 - - [11/Aug/2022:07:31:15 -0500] "HEAD /BLA/boletinlegal/ HTTP/1.1" 200 -
172.22.2.4 - - [11/Aug/2022:07:32:05 -0500] "GET /BLA/boletinlegal/ HTTP/1.1" 200 56723
201.245.192.253 - - [11/Aug/2022:07:34:20 -0500] "POST /kwsrmcab/Wsrmcab  HTTP/1.1" 200 213
201.245.192.253 - - [11/Aug/2022:07:36:01 -0500] "POST /sipse/faces/presentacion/proyectos/proyecto/proyecto.xhtml HTTP/1.1" 200 60157
201.245.192.253 - - [11/Aug/2022:07:36:04 -0500] "GET /sipse/faces/javax.faces.resource/theme.css?ln=primefaces-sipse HTTP/1.1" 304 -
201.245.192.253 - - [11/Aug/2022:07:36:04 -0500] "GET /sipse/faces/javax.faces.resource/primefaces.css?ln=primefaces&v=4.0 HTTP/1.1" 304 -
201.245.192.253 - - [11/Aug/2022:07:36:04 -0500] "GET /sipse/faces/javax.faces.resource/layout/layout.css?ln=primefaces&v=4.0 HTTP/1.1" 304 -
201.245.192.253 - - [11/Aug/2022:07:36:04 -0500] "GET /sipse/faces/javax.faces.resource/jquery/jquery.js?ln=primefaces&v=4.0 HTTP/1.1" 304 -
201.245.192.253 - - [11/Aug/2022:07:36:04 -0500] "GET /sipse/faces/javax.faces.resource/jquery/jquery-plugins.js?ln=primefaces&v=4.0 HTTP/1.1" 304 -
201.245.192.253 - - [11/Aug/2022:07:36:04 -0500] "GET /sipse/faces/javax.faces.resource/primefaces.js?ln=primefaces&v=4.0 HTTP/1.1" 304 -
201.245.192.253 - - [11/Aug/2022:07:36:04 -0500] "GET /sipse/faces/javax.faces.resource/layout/layout.js?ln=primefaces&v=4.0 HTTP/1.1" 304 -
201.245.192.253 - - [11/Aug/2022:07:36:22 -0500] "POST /sipse/faces/presentacion/proyectos/proyecto/presupuesto/presupuestoEntreActividades/seleccionarActividadesOrigen.xhtml HTTP/1.1" 200 1784
201.245.192.253 - - [11/Aug/2022:07:36:22 -0500] "POST /sipse/faces/presentacion/proyectos/proyecto/presupuesto/presupuestoEntreActividades/seleccionarActividadesOrigen.xhtml HTTP/1.1" 200 2157
216.245.221.92 - - [11/Aug/2022:07:36:31 -0500] "HEAD / HTTP/1.1" 200 -
201.245.192.253 - - [11/Aug/2022:07:36:37 -0500] "GET /sipse/faces/javax.faces.resource/images/ui-icons_898989_256x240.png?ln=primefaces-aristo HTTP/1.1" 304 -
157.55.39.117 - - [11/Aug/2022:07:36:56 -0500] "GET /BLA/boletinlegal/Circulares/2019/Circular%20No.%2012%20del%2014%20de%20Marzo%20de%202019.pdf HTTP/1.1" 304 -
172.22.2.4 - - [11/Aug/2022:07:37:05 -0500] "HEAD /BLA/boletinlegal/ HTTP/1.1" 200 -
201.245.192.253 - - [11/Aug/2022:07:38:59 -0500] "POST /sipse/faces/presentacion/proyectos/proyecto/presupuesto/presupuestoEntreActividades/seleccionarActividadesOrigen.xhtml HTTP/1.1" 200 56619
201.245.192.253 - - [11/Aug/2022:07:39:00 -0500] "GET /sipse/faces/javax.faces.resource/theme.css?ln=primefaces-sipse HTTP/1.1" 304 -
201.245.192.253 - - [11/Aug/2022:07:39:00 -0500] "GET /sipse/faces/javax.faces.resource/layout/layout.css?ln=primefaces&v=4.0 HTTP/1.1" 304 -
201.245.192.253 - - [11/Aug/2022:07:39:00 -0500] "GET /sipse/faces/javax.faces.resource/primefaces.css?ln=primefaces&v=4.0 HTTP/1.1" 304 -
201.245.192.253 - - [11/Aug/2022:07:39:00 -0500] "GET /sipse/faces/javax.faces.resource/jquery/jquery.js?ln=primefaces&v=4.0 HTTP/1.1" 304 -
201.245.192.253 - - [11/Aug/2022:07:39:00 -0500] "GET /sipse/faces/javax.faces.resource/jquery/jquery-plugins.js?ln=primefaces&v=4.0 HTTP/1.1" 304 -
201.245.192.253 - - [11/Aug/2022:07:39:00 -0500] "GET /sipse/faces/javax.faces.resource/primefaces.js?ln=primefaces&v=4.0 HTTP/1.1" 304 -
