186.102.52.119 - - [12/Aug/2022:18:44:32 -0500] "OPTIONS /kwssiamovil/sm/setfile/f? HTTP/1.1" 200 13
191.156.52.224 - - [12/Aug/2022:18:44:37 -0500] "GET /sipse/faces/faces/index.xhtml HTTP/1.1" 200 677
186.102.52.119 - - [12/Aug/2022:18:44:32 -0500] "POST /kwssiamovil/sm/setfile/f? HTTP/1.1" 200 381
191.156.52.224 - - [12/Aug/2022:18:44:38 -0500] "GET /sipse/faces/javax.faces.resource/theme.css?ln=primefaces-sipse HTTP/1.1" 304 -
191.156.55.37 - - [12/Aug/2022:18:44:38 -0500] "GET /sipse/faces/javax.faces.resource/theme.css?ln=primefaces-sipse HTTP/1.1" 304 -
191.156.51.128 - - [12/Aug/2022:18:44:38 -0500] "GET /sipse/faces/javax.faces.resource/layout/layout.css?ln=primefaces&v=4.0 HTTP/1.1" 304 -
191.156.54.81 - - [12/Aug/2022:18:44:38 -0500] "GET /sipse/faces/javax.faces.resource/primefaces.css?ln=primefaces&v=4.0 HTTP/1.1" 304 -
191.156.55.37 - - [12/Aug/2022:18:44:38 -0500] "GET /sipse/faces/javax.faces.resource/jquery/jquery.js?ln=primefaces&v=4.0 HTTP/1.1" 304 -
186.102.52.119 - - [12/Aug/2022:18:44:38 -0500] "OPTIONS /kwssiamovil/sm/setfile/f? HTTP/1.1" 200 13
191.156.52.224 - - [12/Aug/2022:18:44:38 -0500] "GET /sipse/faces/faces/faces/autenticacion.xhtml HTTP/1.1" 200 12180
191.156.51.128 - - [12/Aug/2022:18:44:38 -0500] "GET /sipse/faces/javax.faces.resource/jquery/jquery-plugins.js?ln=primefaces&v=4.0 HTTP/1.1" 304 -
191.156.55.37 - - [12/Aug/2022:18:44:38 -0500] "GET /sipse/faces/javax.faces.resource/primefaces.js?ln=primefaces&v=4.0 HTTP/1.1" 304 -
191.156.54.81 - - [12/Aug/2022:18:44:38 -0500] "GET /sipse/faces/javax.faces.resource/layout/layout.js?ln=primefaces&v=4.0 HTTP/1.1" 304 -
191.156.52.224 - - [12/Aug/2022:18:44:39 -0500] "GET /sipse/faces/javax.faces.resource/images/ui-icons_898989_256x240.png?ln=primefaces-aristo HTTP/1.1" 304 -
186.102.52.119 - - [12/Aug/2022:18:44:38 -0500] "POST /kwssiamovil/sm/setfile/f? HTTP/1.1" 200 381
186.102.52.119 - - [12/Aug/2022:18:44:45 -0500] "OPTIONS /kwssiamovil/sm/setfile/f? HTTP/1.1" 200 13
186.102.52.119 - - [12/Aug/2022:18:44:45 -0500] "POST /kwssiamovil/sm/setfile/f? HTTP/1.1" 200 381
172.22.2.4 - - [12/Aug/2022:18:43:50 -0500] "HEAD /BLA/boletinlegal/ HTTP/1.1" 200 -
5.255.253.184 - - [12/Aug/2022:18:45:43 -0500] "-" 408 -
191.156.54.154 - - [12/Aug/2022:18:45:56 -0500] "GET /sipse/faces/faces/index.xhtml HTTP/1.1" 200 677
191.156.54.154 - - [12/Aug/2022:18:45:58 -0500] "GET /sipse/faces/javax.faces.resource/theme.css?ln=primefaces-sipse HTTP/1.1" 304 -
191.156.54.154 - - [12/Aug/2022:18:45:58 -0500] "GET /sipse/faces/faces/faces/autenticacion.xhtml HTTP/1.1" 200 12180
191.156.52.224 - - [12/Aug/2022:18:45:58 -0500] "GET /sipse/faces/javax.faces.resource/theme.css?ln=primefaces-sipse HTTP/1.1" 304 -
191.156.54.154 - - [12/Aug/2022:18:45:58 -0500] "GET /sipse/faces/javax.faces.resource/primefaces.css?ln=primefaces&v=4.0 HTTP/1.1" 304 -
191.156.57.141 - - [12/Aug/2022:18:45:59 -0500] "GET /sipse/faces/javax.faces.resource/layout/layout.css?ln=primefaces&v=4.0 HTTP/1.1" 304 -
191.156.56.42 - - [12/Aug/2022:18:45:59 -0500] "GET /sipse/faces/javax.faces.resource/jquery/jquery.js?ln=primefaces&v=4.0 HTTP/1.1" 304 -
191.156.56.46 - - [12/Aug/2022:18:45:59 -0500] "GET /sipse/faces/javax.faces.resource/primefaces.js?ln=primefaces&v=4.0 HTTP/1.1" 304 -
191.156.52.224 - - [12/Aug/2022:18:45:59 -0500] "GET /sipse/faces/javax.faces.resource/layout/layout.js?ln=primefaces&v=4.0 HTTP/1.1" 304 -
191.156.56.42 - - [12/Aug/2022:18:45:59 -0500] "GET /sipse/faces/javax.faces.resource/jquery/jquery-plugins.js?ln=primefaces&v=4.0 HTTP/1.1" 304 -
191.156.56.42 - - [12/Aug/2022:18:45:59 -0500] "GET /sipse/faces/javax.faces.resource/images/ui-icons_898989_256x240.png?ln=primefaces-aristo HTTP/1.1" 304 -
207.46.13.126 - - [12/Aug/2022:18:46:02 -0500] "GET /galeria/galeria/fotos/Humedal-vaca6G.jpg HTTP/1.1" 200 176858
201.245.192.253 - - [12/Aug/2022:18:46:11 -0500] "POST /kwsrmcab/Wsrmcab  HTTP/1.1" 200 46805
186.154.38.183 - - [12/Aug/2022:18:46:12 -0500] "GET /Publicaciones/SSFFS-06319.zip HTTP/1.1" 200 2375289
172.22.2.4 - - [12/Aug/2022:18:44:40 -0500] "GET /BLA/boletinlegal/ HTTP/1.1" 200 58154
186.102.52.119 - - [12/Aug/2022:18:46:24 -0500] "POST /kwssiamovil/sm/setfile/f? HTTP/1.1" 200 381
186.102.52.119 - - [12/Aug/2022:18:46:32 -0500] "OPTIONS /kwssiamovil/sm/setfile/f? HTTP/1.1" 200 13
191.156.63.127 - - [12/Aug/2022:18:46:33 -0500] "POST /sipse/faces/autenticacion.xhtml HTTP/1.1" 200 2169
191.156.63.127 - - [12/Aug/2022:18:46:34 -0500] "GET /sipse/faces/javax.faces.resource/messages/messages.png?ln=primefaces&v=4.0 HTTP/1.1" 304 -
186.102.52.119 - - [12/Aug/2022:18:46:32 -0500] "POST /kwssiamovil/sm/setfile/f? HTTP/1.1" 200 381
186.102.52.119 - - [12/Aug/2022:18:46:38 -0500] "OPTIONS /kwssiamovil/sm/setfile/f? HTTP/1.1" 200 13
186.102.52.119 - - [12/Aug/2022:18:46:38 -0500] "POST /kwssiamovil/sm/setfile/f? HTTP/1.1" 200 381
186.102.52.119 - - [12/Aug/2022:18:46:45 -0500] "OPTIONS /kwssiamovil/sm/setfile/f? HTTP/1.1" 200 13
186.102.52.119 - - [12/Aug/2022:18:46:45 -0500] "POST /kwssiamovil/sm/setfile/f? HTTP/1.1" 200 381
186.102.52.119 - - [12/Aug/2022:18:46:51 -0500] "OPTIONS /kwssiamovil/sm/setfile/f? HTTP/1.1" 200 13
186.102.52.119 - - [12/Aug/2022:18:46:52 -0500] "POST /kwssiamovil/sm/setfile/f? HTTP/1.1" 200 381
186.102.52.119 - - [12/Aug/2022:18:46:59 -0500] "OPTIONS /kwssiamovil/sm/setfile/f? HTTP/1.1" 200 13
191.156.54.81 - - [12/Aug/2022:18:47:02 -0500] "POST /sipse/faces/autenticacion.xhtml HTTP/1.1" 200 15510
191.156.54.81 - - [12/Aug/2022:18:47:02 -0500] "GET /sipse/faces/javax.faces.resource/theme.css?ln=primefaces-sipse HTTP/1.1" 304 -
191.156.54.154 - - [12/Aug/2022:18:47:02 -0500] "GET /sipse/faces/javax.faces.resource/primefaces.css?ln=primefaces&v=4.0 HTTP/1.1" 304 -
191.156.51.200 - - [12/Aug/2022:18:47:02 -0500] "GET /sipse/faces/javax.faces.resource/layout/layout.css?ln=primefaces&v=4.0 HTTP/1.1" 304 -
191.156.51.200 - - [12/Aug/2022:18:47:02 -0500] "GET /sipse/faces/javax.faces.resource/jquery/jquery.js?ln=primefaces&v=4.0 HTTP/1.1" 304 -
191.156.51.200 - - [12/Aug/2022:18:47:03 -0500] "GET /sipse/faces/javax.faces.resource/jquery/jquery-plugins.js?ln=primefaces&v=4.0 HTTP/1.1" 304 -
191.156.51.200 - - [12/Aug/2022:18:47:03 -0500] "GET /sipse/faces/javax.faces.resource/primefaces.js?ln=primefaces&v=4.0 HTTP/1.1" 304 -
191.156.51.200 - - [12/Aug/2022:18:47:03 -0500] "GET /sipse/faces/javax.faces.resource/layout/layout.js?ln=primefaces&v=4.0 HTTP/1.1" 304 -
191.156.51.200 - - [12/Aug/2022:18:47:03 -0500] "GET /sipse/css/imagen/contrasena.png HTTP/1.1" 404 383
186.102.52.119 - - [12/Aug/2022:18:47:00 -0500] "POST /kwssiamovil/sm/setfile/f? HTTP/1.1" 200 381
186.102.52.119 - - [12/Aug/2022:18:47:05 -0500] "OPTIONS /kwssiamovil/sm/setfile/f? HTTP/1.1" 200 13
191.156.51.200 - - [12/Aug/2022:18:47:10 -0500] "GET /sipse/faces/javax.faces.resource/images/ui-bg_flat_0_2d5972_40x100.png?ln=primefaces-aristo HTTP/1.1" 304 -
191.156.54.154 - - [12/Aug/2022:18:47:10 -0500] "POST /sipse/faces/bienvenido.xhtml HTTP/1.1" 200 8532
191.156.54.154 - - [12/Aug/2022:18:47:12 -0500] "POST /sipse/faces/bienvenido.xhtml HTTP/1.1" 200 8532
191.156.54.154 - - [12/Aug/2022:18:47:14 -0500] "POST /sipse/faces/bienvenido.xhtml HTTP/1.1" 200 3843
186.102.52.119 - - [12/Aug/2022:18:47:05 -0500] "POST /kwssiamovil/sm/setfile/f? HTTP/1.1" 200 381
186.102.52.119 - - [12/Aug/2022:18:47:15 -0500] "OPTIONS /kwssiamovil/sm/setfile/f? HTTP/1.1" 200 13
191.156.54.154 - - [12/Aug/2022:18:47:15 -0500] "POST /sipse/faces/bienvenido.xhtml HTTP/1.1" 200 27846
191.156.51.200 - - [12/Aug/2022:18:47:16 -0500] "GET /sipse/faces/javax.faces.resource/primefaces.css?ln=primefaces&v=4.0 HTTP/1.1" 304 -
191.156.54.154 - - [12/Aug/2022:18:47:16 -0500] "GET /sipse/faces/javax.faces.resource/theme.css?ln=primefaces-sipse HTTP/1.1" 304 -
191.156.54.81 - - [12/Aug/2022:18:47:16 -0500] "GET /sipse/faces/javax.faces.resource/layout/layout.css?ln=primefaces&v=4.0 HTTP/1.1" 304 -
191.156.54.154 - - [12/Aug/2022:18:47:16 -0500] "GET /sipse/faces/javax.faces.resource/jquery/jquery.js?ln=primefaces&v=4.0 HTTP/1.1" 304 -
191.156.54.154 - - [12/Aug/2022:18:47:16 -0500] "GET /sipse/faces/javax.faces.resource/jquery/jquery-plugins.js?ln=primefaces&v=4.0 HTTP/1.1" 304 -
191.156.54.154 - - [12/Aug/2022:18:47:16 -0500] "GET /sipse/faces/javax.faces.resource/primefaces.js?ln=primefaces&v=4.0 HTTP/1.1" 304 -
191.156.54.154 - - [12/Aug/2022:18:47:16 -0500] "GET /sipse/faces/javax.faces.resource/layout/layout.js?ln=primefaces&v=4.0 HTTP/1.1" 304 -
186.102.52.119 - - [12/Aug/2022:18:47:15 -0500] "POST /kwssiamovil/sm/setfile/f? HTTP/1.1" 200 381
186.102.52.119 - - [12/Aug/2022:18:47:22 -0500] "OPTIONS /kwssiamovil/sm/setfile/f? HTTP/1.1" 200 13
191.156.54.154 - - [12/Aug/2022:18:47:25 -0500] "POST /sipse/faces/presentacion/financiero/solicitudProceso/solicitudProcesoOtrosPagos.xhtml HTTP/1.1" 200 33043
191.156.54.81 - - [12/Aug/2022:18:47:25 -0500] "GET /sipse/faces/javax.faces.resource/primefaces.css?ln=primefaces&v=4.0 HTTP/1.1" 304 -
191.156.51.200 - - [12/Aug/2022:18:47:25 -0500] "GET /sipse/faces/javax.faces.resource/layout/layout.css?ln=primefaces&v=4.0 HTTP/1.1" 304 -
191.156.54.154 - - [12/Aug/2022:18:47:25 -0500] "GET /sipse/faces/javax.faces.resource/theme.css?ln=primefaces-sipse HTTP/1.1" 304 -
191.156.54.154 - - [12/Aug/2022:18:47:25 -0500] "GET /sipse/faces/javax.faces.resource/jquery/jquery.js?ln=primefaces&v=4.0 HTTP/1.1" 304 -
191.156.54.154 - - [12/Aug/2022:18:47:25 -0500] "GET /sipse/faces/javax.faces.resource/jquery/jquery-plugins.js?ln=primefaces&v=4.0 HTTP/1.1" 304 -
191.156.54.154 - - [12/Aug/2022:18:47:26 -0500] "GET /sipse/faces/javax.faces.resource/primefaces.js?ln=primefaces&v=4.0 HTTP/1.1" 304 -
191.156.54.154 - - [12/Aug/2022:18:47:26 -0500] "GET /sipse/faces/javax.faces.resource/layout/layout.js?ln=primefaces&v=4.0 HTTP/1.1" 304 -
191.156.54.154 - - [12/Aug/2022:18:47:26 -0500] "POST /sipse/faces/presentacion/financiero/solicitudProceso/listarSolicitudProceso.xhtml HTTP/1.1" 200 26381
191.156.54.154 - - [12/Aug/2022:18:47:26 -0500] "POST /sipse/faces/presentacion/financiero/solicitudProceso/listarSolicitudProceso.xhtml HTTP/1.1" 200 1372
191.156.54.154 - - [12/Aug/2022:18:47:27 -0500] "POST /sipse/faces/presentacion/financiero/solicitudProceso/listarSolicitudProceso.xhtml HTTP/1.1" 200 1380
216.245.221.92 - - [12/Aug/2022:18:47:28 -0500] "HEAD / HTTP/1.1" 200 -
186.102.52.119 - - [12/Aug/2022:18:47:22 -0500] "POST /kwssiamovil/sm/setfile/f? HTTP/1.1" 200 381
191.156.54.154 - - [12/Aug/2022:18:47:34 -0500] "POST /sipse/faces/presentacion/financiero/solicitudProceso/listarSolicitudProceso.xhtml HTTP/1.1" 200 26381
191.156.54.154 - - [12/Aug/2022:18:47:35 -0500] "POST /sipse/faces/presentacion/financiero/solicitudProceso/listarSolicitudProceso.xhtml HTTP/1.1" 200 26381
191.156.54.154 - - [12/Aug/2022:18:47:35 -0500] "POST /sipse/faces/presentacion/financiero/solicitudProceso/listarSolicitudProceso.xhtml HTTP/1.1" 200 26381
191.156.54.154 - - [12/Aug/2022:18:47:36 -0500] "POST /sipse/faces/presentacion/financiero/solicitudProceso/listarSolicitudProceso.xhtml HTTP/1.1" 200 1372
191.156.54.154 - - [12/Aug/2022:18:47:36 -0500] "POST /sipse/faces/presentacion/financiero/solicitudProceso/listarSolicitudProceso.xhtml HTTP/1.1" 200 1380
191.156.54.154 - - [12/Aug/2022:18:47:36 -0500] "POST /sipse/faces/presentacion/financiero/solicitudProceso/listarSolicitudProceso.xhtml HTTP/1.1" 200 1380
191.156.54.154 - - [12/Aug/2022:18:47:37 -0500] "POST /sipse/faces/presentacion/financiero/solicitudProceso/listarSolicitudProceso.xhtml HTTP/1.1" 200 2677
191.156.54.154 - - [12/Aug/2022:18:47:39 -0500] "POST /sipse/faces/presentacion/financiero/solicitudProceso/listarSolicitudProceso.xhtml HTTP/1.1" 200 40736
191.156.54.154 - - [12/Aug/2022:18:47:39 -0500] "GET /sipse/faces/javax.faces.resource/theme.css?ln=primefaces-sipse HTTP/1.1" 304 -
191.156.54.81 - - [12/Aug/2022:18:47:39 -0500] "GET /sipse/faces/javax.faces.resource/layout/layout.css?ln=primefaces&v=4.0 HTTP/1.1" 304 -
191.156.51.200 - - [12/Aug/2022:18:47:39 -0500] "GET /sipse/faces/javax.faces.resource/primefaces.css?ln=primefaces&v=4.0 HTTP/1.1" 304 -
191.156.51.200 - - [12/Aug/2022:18:47:39 -0500] "GET /sipse/faces/javax.faces.resource/jquery/jquery.js?ln=primefaces&v=4.0 HTTP/1.1" 304 -
191.156.51.200 - - [12/Aug/2022:18:47:39 -0500] "GET /sipse/faces/javax.faces.resource/jquery/jquery-plugins.js?ln=primefaces&v=4.0 HTTP/1.1" 304 -
191.156.51.200 - - [12/Aug/2022:18:47:40 -0500] "GET /sipse/faces/javax.faces.resource/primefaces.js?ln=primefaces&v=4.0 HTTP/1.1" 304 -
191.156.51.200 - - [12/Aug/2022:18:47:40 -0500] "GET /sipse/faces/javax.faces.resource/layout/layout.js?ln=primefaces&v=4.0 HTTP/1.1" 304 -
191.156.51.200 - - [12/Aug/2022:18:47:40 -0500] "POST /sipse/faces/presentacion/financiero/solicitudProceso/consultar.xhtml HTTP/1.1" 200 34100
191.156.51.200 - - [12/Aug/2022:18:47:41 -0500] "POST /sipse/faces/presentacion/financiero/solicitudProceso/consultar.xhtml HTTP/1.1" 200 34100
186.102.52.119 - - [12/Aug/2022:18:48:22 -0500] "GET /kwssiamovil/sm/acme/a?s=U2FsdGVkX19KrPkMEf7TVl193qo90Xs/9WvCHUM0wzNkNEFAoYMG8xjAnpkI31ZY4aOepoalTWednCrS4K//BWMt9839UKmtR478kx4IcpYE0/Wu6FHIZPLtH0S2s5bx/9iMBbiLi2AaDN1axJ6h1GG4m99Wt59LRH7haC9ffHZE0a78DHWme7hncCVm1LOOQZxxqjcHyQ5mZ+Hv3qGXqK0QRy7RMS0SeErA+PRykdjIaObVfJY1cQKpUKq38GI2+7UxsbyaDGW6hqsVH4ec4w==&u=U2FsdGVkX18rVTLDwpiEh3ZSiSUp1nOqVGrmMTxOEtM=&y=U2FsdGVkX19NLAWzr3YV5JVrFUg2b8bnKTZa3Lopt02GazyGFweKm64MiPh3wtiw HTTP/1.1" 200 25
186.102.52.119 - - [12/Aug/2022:18:48:23 -0500] "GET /kwssiamovil/sm/acme/a?s=U2FsdGVkX1+k32OmMWK8lUTJVaBoCXk/ltzHaosXnBmpdWMokWhbvpBWgeFfXfggxYCO9x3MIgJN7yXUx6Vcr4c96VlNAT3edzh2/ohzmh9h9GXjNUsA/A4kNXHg7iVP3WHxjsEvxcgJfno0fPhraZRMBPHa97IXjZM1P4wGBNWRAAxNsF0YkbvOxZMLXzBmzeFn0wskyPcqQ5yj/I6KXtoXSJ/DnpyFsfwElkPXVHmLBJ577+t831CVamWjr8t4XvbcKd5URGNj0lv9cdIll7yFYLqJZOYJ3PXroYl4+Yp/yZWOMzaPYnkX2blkj7cbqgtciewdl6ZD7FLf8+YBIdDNjKmxEc8+y07oUFmgv2PG/bxo7WBrp/OwBQ3c5fgr99v8pTlgTOqMhHASJ46YcAwEhVK4tctZKxkFa7XU3AVTDuTiD+tbQMv8jxNO2DrWzxoEVJjnjP9DlZGeuVUEXhhLGPG4fFPaN3JZ4k7QfDotP9XbWxdcMeuWsBSOn2B1uuZ0R2rjywqcwGnDioI0dKkjxiNh/u/jI2qTsVImwO9Q3omW8w1DU4RYZeHxEtlXw2tPiIHAzd3Tzyo15vzWQThPXy89ZxLIAtxj/4+JkajB6hrQWacwNIbHL8aN0mbXU+289F27FAMFz5kaVYAo6j1dfvjWSED6wAcK11BJH2KO6WYbD+fu92WJ4JceveRvAapkghpPD8ZJts+Ga+J8Nt7OcC/eUK6EWyQuAoVkoyUkuM3S4ySTjQV+/635jclKQukyrDXcVXFE1ihq8I01TepE7qZZU1WgONcCH9wzvj23GYhfr2WGUibNp5/j/dm6fsa0BPYWXPPS65afEpygzOQzlvNUIxO/eOo2Uua2vIcHCQKKPiUvhsxqBKDJDnh6i4oafIcTwYIu9ggYI1JerwPw7L8xJmnYxNDmTlDqYgK6Vp6p6cNNnPG/sb2zQdkpd3uo/n4su+bOTjgXg/MkY9vEMnfDo2I/xOGpS7N6UUqop46lM0fro9qHDYIqlA2aGowdxr+l7Ishu2z2bNcnJJ6vJuJOoPDi2z+QPQVl1O7KABnCwigydkZbMtdYeltwvCG5dpiAYasoprxIZ0dwn9qXNhmkZ7s7gWhYfsvb7A4mQAiy3nbyHSHZ4OP2tIQdHhh4czzqyrXIk7wM1K9nuQzmH93lgWbdS4QT+d7KMWuTHaaCSNg/mgY+v/gRfH9NAtVDppZZ/2T0KNVmGty3qT96qMGpZWCUbDlUVaNCvxpuS7WdDxNmF4X9bNqQm1Uv8KmdkcvR4NFCTm93rZqbHOhecUQabbB9FDkVMwVo0YOjtVMo2RH1cA6MAeH2oZZifgH0siFLCKMeAKr81g4jkTfOF59Ib9/YkV5Awj8V6gB9WlPPBn6jdMCQ4/o2SlxVirPIER7dSlziEO1KOpSkyX7Z9ikfgawPI8HlNAj0+2k6uFL7adqJv9ekFzXjKapNj2jN33CAJFIiS0pVvhZ7ZdgY6Sxqrm71bqp/0KSBknI2aTalGpJgoJkr9n/p7NcYiAokMIiVzzpFD4Mgl9r5ZFU5IbhuUBRmNuPiaIBtczs2wrvGhjptC4NUXaxuW7IgGSbvmf9fANSFZ240yrau5AzHud8qv2kdgvBhOHzHEPG0bJtNJ7LjEKkLkfq+K0tzq7bSNIKiKA98k51Y9NLOrRjRlDjPlDDLNArnAlTnhxs3l0QT5SNWoQ4u987xRXPjUpq02/55qcQh9q+WsjwI4vwVJe1pu4x/6V8msPHyD7efjI2d6iQexzgbANRJrIvB&u=U2FsdGVkX18rVTLDwpiEh3ZSiSUp1nOqVGrmMTxOEtM=&y=U2FsdGVkX19NLAWzr3YV5JVrFUg2b8bnKTZa3Lopt02GazyGFweKm64MiPh3wtiw HTTP/1.1" 200 25
186.102.52.119 - - [12/Aug/2022:18:48:23 -0500] "GET /kwssiamovil/sm/acme/a?s=U2FsdGVkX18qNM+s3wfVA+vF/08Ah7LJw9eBHnpRW1UnELFrny4ygnsDccQj93+1SVvCgv9EFiUyxHH5KX2BvA0lEIePS9b6fF2hSfp4z5E9dTaEB7wjeTPBDxE9AWiRrWhAhjO3SIRFD/jXEXI9x1l2ECAIt5gobcQHqfA43xo=&u=U2FsdGVkX18rVTLDwpiEh3ZSiSUp1nOqVGrmMTxOEtM=&y=U2FsdGVkX19NLAWzr3YV5JVrFUg2b8bnKTZa3Lopt02GazyGFweKm64MiPh3wtiw HTTP/1.1" 200 25
186.102.52.119 - - [12/Aug/2022:18:48:24 -0500] "GET /kwssiamovil/sm/acme/a?s=U2FsdGVkX1/cz/fMeBfFWerheUAiJiI6Xv8So3eE/CrnT27TKjA2zQPG0WLqjqe8IbcMpJFEDpqpMDEIFp7uOHpdvE1NGJuNRPBKP9w8NuxCdXu2brgKe2AVYslQfS0iu42BhrPZiIk33YVDvmuN+ssm3sYkAcmKM+uki40U23A=&u=U2FsdGVkX18rVTLDwpiEh3ZSiSUp1nOqVGrmMTxOEtM=&y=U2FsdGVkX19NLAWzr3YV5JVrFUg2b8bnKTZa3Lopt02GazyGFweKm64MiPh3wtiw HTTP/1.1" 200 25
186.102.52.119 - - [12/Aug/2022:18:48:24 -0500] "GET /kwssiamovil/sm/acme/a?s=U2FsdGVkX1/vKZlhPq6rMmpihqmOlmPsZJt6e0/29cf4CtW5vEtvaAS/ca2vQ0ncFPc3AzngAgMtkNJx/YTAuJ4VobF3M55/QvhhhwOYwVrJPpWYco2VlV6IXMqO4Zba7dSDJpT+OtFfdc8JXLXf6E+FJEStu6Pnnn0ohi96eBI=&u=U2FsdGVkX18rVTLDwpiEh3ZSiSUp1nOqVGrmMTxOEtM=&y=U2FsdGVkX19NLAWzr3YV5JVrFUg2b8bnKTZa3Lopt02GazyGFweKm64MiPh3wtiw HTTP/1.1" 200 25
186.102.52.119 - - [12/Aug/2022:18:48:25 -0500] "GET /kwssiamovil/sm/acme/a?s=U2FsdGVkX19A1Mh8YWINC+2bUmF6bQY+TQnZxB0jaiS06EAHBTOeFQ4dQu8wHVZMSbuPFDph0U2BgaxJOZ0oAvdWG0ud1gejVNr+t0Gg4J8Z1nTheg2OaBvIuK30eoUVNJBbbjqa+5Fk2C0jBoIaJSKWavBSecvs0q8/SkV9tn338Ns+RVO91dQW0Z5toX9R&u=U2FsdGVkX18rVTLDwpiEh3ZSiSUp1nOqVGrmMTxOEtM=&y=U2FsdGVkX19NLAWzr3YV5JVrFUg2b8bnKTZa3Lopt02GazyGFweKm64MiPh3wtiw HTTP/1.1" 200 25
186.102.52.119 - - [12/Aug/2022:18:48:25 -0500] "GET /kwssiamovil/sm/acme/a?s=U2FsdGVkX1/pVnNNgRnF/mEWTkrQmpEEt+Q8QyjDpQSKYbhLDEsqi0or5xUhZgicWUaZhwjnIvpV2auH9DSjQtU0ci/SNbSa5GteJ94q1kqlbFaNaFDtTwlFEZDaeOHQ6oBCOwNGl8lH2UCH3gjQrlgWC/PXIFoc79YbB2vIjqLIo56e7ZzqHVQkF9gaFbyZNWmk7OBBTSKJ8LoAGYjTSA==&u=U2FsdGVkX18rVTLDwpiEh3ZSiSUp1nOqVGrmMTxOEtM=&y=U2FsdGVkX19NLAWzr3YV5JVrFUg2b8bnKTZa3Lopt02GazyGFweKm64MiPh3wtiw HTTP/1.1" 200 25
186.102.52.119 - - [12/Aug/2022:18:48:25 -0500] "GET /kwssiamovil/sm/acme/a?s=U2FsdGVkX1+BExith0gT+VJt57+yvv6K2O6g2SXc7yxQYaVP5X7kg0y0vZqt8cwP+vmpWSYF5N/29oyUhfro7hIjQfOqrrpn8x/N7Ft2HJ4Su4yYmRbgcz+GJr63+Fss+gpcCRm7aQ5MUIXZAGIrLgfOjJALIJTTW2CBQW3qsl+b6ec6xQfYnP2SX/CkSZar&u=U2FsdGVkX18rVTLDwpiEh3ZSiSUp1nOqVGrmMTxOEtM=&y=U2FsdGVkX19NLAWzr3YV5JVrFUg2b8bnKTZa3Lopt02GazyGFweKm64MiPh3wtiw HTTP/1.1" 200 25
186.102.52.119 - - [12/Aug/2022:18:48:26 -0500] "GET /kwssiamovil/sm/acme/a?s=U2FsdGVkX1/xDr3stxs2BFseR8F/eXs++UgjC2wTLjfi6/Jl2aFL+EyjHFt/kc4/Ocodq6B6E98rgBGPILXHiNo4anPTpJEItB1UC5eI1v2dbWoDqEFalmF9ZXg+zOayl3rncXKDFvuTgP9lD8Fv7Y17+YjFPVB08/+fqU52KWB6UNccQENM7NuTj9SUUSqSmy2Qpmflrx8y4HiXHg06IA==&u=U2FsdGVkX18rVTLDwpiEh3ZSiSUp1nOqVGrmMTxOEtM=&y=U2FsdGVkX19NLAWzr3YV5JVrFUg2b8bnKTZa3Lopt02GazyGFweKm64MiPh3wtiw HTTP/1.1" 200 25
186.102.52.119 - - [12/Aug/2022:18:48:26 -0500] "GET /kwssiamovil/sm/acme/a?s=U2FsdGVkX1/bNU+Ax4tjqKOfcDyVqQ7wqo6MQTR1b6E8CxCZUdVFJp4YE4DbYaPqfnEcwszcbaXNd0EiGSbr64LV4m2103x/Qv9utqLFKS6iAj8XHePmXPXeSh6E3VxRiEQ2qLWkemMtoEd0LHnhpuo/zKrOpsI1Vji1Ve94eqEnkWhb5QqOnArzNOdm3ORl&u=U2FsdGVkX18rVTLDwpiEh3ZSiSUp1nOqVGrmMTxOEtM=&y=U2FsdGVkX19NLAWzr3YV5JVrFUg2b8bnKTZa3Lopt02GazyGFweKm64MiPh3wtiw HTTP/1.1" 200 25
186.102.52.119 - - [12/Aug/2022:18:48:26 -0500] "GET /kwssiamovil/sm/acme/a?s=U2FsdGVkX1/5JG4Osnd4uHd7qesJT1CuqEfHZLcSs3TCzSTZ5k1+ldy+IHZWoMgBnk7e8hLaFHrdotDFbnpXGaR5ZsXmQjwEaUP5E1ZhnEZzesrtlBEVEWU8ksprDiRKYqvYxcKtREjPGhBtS+swhKaT/VVb8hZVrgeujwjFmMYpVPv2fpKMeRzUQt5AabEx9WdDBrSXLjTNuBqmxPyOVQ==&u=U2FsdGVkX18rVTLDwpiEh3ZSiSUp1nOqVGrmMTxOEtM=&y=U2FsdGVkX19NLAWzr3YV5JVrFUg2b8bnKTZa3Lopt02GazyGFweKm64MiPh3wtiw HTTP/1.1" 200 25
186.102.52.119 - - [12/Aug/2022:18:48:27 -0500] "GET /kwssiamovil/sm/acme/a?s=U2FsdGVkX19N+7BMcX8mWRvqjxswAOBh8lshnA5FDOWKjWafWqxqo9wf5MqPyJiinUh057s7IEMihhytKD1SAgmDO+BkSn/n2BOqVs7wqmbl4w4P+8tK2uKIUQVeiKJ+HF07c0/ITbrxIMzoXWqM+kEQ9ZhmwkEwiO9fVG2q/x3tnd8r960yknJ6GpT5dQsP&u=U2FsdGVkX18rVTLDwpiEh3ZSiSUp1nOqVGrmMTxOEtM=&y=U2FsdGVkX19NLAWzr3YV5JVrFUg2b8bnKTZa3Lopt02GazyGFweKm64MiPh3wtiw HTTP/1.1" 200 25
186.102.52.119 - - [12/Aug/2022:18:48:27 -0500] "GET /kwssiamovil/sm/acme/a?s=U2FsdGVkX197iu5yXEC1iO+T2D++YaxO3p2HBWt4xbBuADjpsCil4dOcsFotqXrPnkUUGB+dW0ztQMTkw257NnFNRRvb5uLxBUf/WIEJD40UeinqMkTUfWlDL+RDai6KVpbGHE819h6s+Fytn5EmyuOZ5PIntWE5FPQKt9KkD297vTIFdCy2K1Op2Szgav9tbwxX3Gazq+mrxtcgUE+3+g==&u=U2FsdGVkX18rVTLDwpiEh3ZSiSUp1nOqVGrmMTxOEtM=&y=U2FsdGVkX19NLAWzr3YV5JVrFUg2b8bnKTZa3Lopt02GazyGFweKm64MiPh3wtiw HTTP/1.1" 200 25
186.102.52.119 - - [12/Aug/2022:18:48:27 -0500] "GET /kwssiamovil/sm/acme/a?s=U2FsdGVkX19bt3Xy5v3IrP/RGIGfXMaDqoazxiXJnsAlo7Av//vhV90v8iZTBZSmmVcpsCQ6YnJMIiV4iMCWEX9Kx6ojBW3Pd8ZnNKNDcoSvHWv08Xz4ZIb/AkauKOsdlDdGUzwAgSckiWreIm6/oxfhuziTaje7baZK7gAb71VT8gnOGaT5L6AiLZb/keOQ&u=U2FsdGVkX18rVTLDwpiEh3ZSiSUp1nOqVGrmMTxOEtM=&y=U2FsdGVkX19NLAWzr3YV5JVrFUg2b8bnKTZa3Lopt02GazyGFweKm64MiPh3wtiw HTTP/1.1" 200 25
186.102.52.119 - - [12/Aug/2022:18:48:27 -0500] "GET /kwssiamovil/sm/acme/a?s=U2FsdGVkX18frhOmm7QRFZ98ad7b5WivoO/VUZcGwbcrBFayHpKedrVJKg7mrQtQPwuPt4cF6VRJ44IT/e6TDi4jNMh+v4Hovlf4+DGzsK7duT08eu3AUF1lguXGSPEuvLVYmWkmAdaRI9E5Oy+BPf5W0rkCrX6syLE/mHN7+IrX283RCFwxBn0+eXP5fI0e20e4nacyVhvXbVOh0s3rnw==&u=U2FsdGVkX18rVTLDwpiEh3ZSiSUp1nOqVGrmMTxOEtM=&y=U2FsdGVkX19NLAWzr3YV5JVrFUg2b8bnKTZa3Lopt02GazyGFweKm64MiPh3wtiw HTTP/1.1" 200 25
186.102.52.119 - - [12/Aug/2022:18:48:28 -0500] "GET /kwssiamovil/sm/acme/a?s=U2FsdGVkX1/zxWWyskNAOH/lAPZ+VxIOur0H8mULkUEYrHFWYL2IdEXLyo7EdcBOqTfB5T4S1RQKTEvPURjUWRfcUSPmboraxudj2zjfYgcPf3y3nz6qLmcs1TRMCos0C4H/MmL/ZxddNil7/SXmXm5YxxmiAO8Op+V4URpHVawY0PiXwmXnMSkDLwuY7gQv&u=U2FsdGVkX18rVTLDwpiEh3ZSiSUp1nOqVGrmMTxOEtM=&y=U2FsdGVkX19NLAWzr3YV5JVrFUg2b8bnKTZa3Lopt02GazyGFweKm64MiPh3wtiw HTTP/1.1" 200 25
186.102.52.119 - - [12/Aug/2022:18:48:28 -0500] "GET /kwssiamovil/sm/acme/a?s=U2FsdGVkX1+F2FaQrvdwK01UvZOJQl+S8OGUORMkYYNYZMruf/CjzD+gsW+1fgv9m4KUaA0NFCa7W0pdU+fYOHEDzMdtLxi3yuINLUQNq092F89ci9S7RRnM2XWHicbGJHRXfXehNUTns1Rxwd09zFgL0pTFqcnZhEUCtEanSrzaxUb6F9h/Cn7T0Vb9Ks5SRhVYNByYjQm4g7ec+b1Jfw==&u=U2FsdGVkX18rVTLDwpiEh3ZSiSUp1nOqVGrmMTxOEtM=&y=U2FsdGVkX19NLAWzr3YV5JVrFUg2b8bnKTZa3Lopt02GazyGFweKm64MiPh3wtiw HTTP/1.1" 200 25
186.102.52.119 - - [12/Aug/2022:18:48:28 -0500] "GET /kwssiamovil/sm/acme/a?s=U2FsdGVkX19jQCjEC2xAWDaOiKce613f2O3qrkkyQIlXU65fXyHymM5q2dE+Go6OPYIeA7ktkDDLoUuF4S/Z0Y7uAGJ89neLhVIwQVpT3XrJjKt6871tzEcF5+a9v6cMbLxqaMDF8he4qeqwbJzgAxma2ZQIG+R2cc6CeEqvZVOVBx4QhIhZKBs1LdbUdWv3&u=U2FsdGVkX18rVTLDwpiEh3ZSiSUp1nOqVGrmMTxOEtM=&y=U2FsdGVkX19NLAWzr3YV5JVrFUg2b8bnKTZa3Lopt02GazyGFweKm64MiPh3wtiw HTTP/1.1" 200 25
186.102.52.119 - - [12/Aug/2022:18:48:29 -0500] "GET /kwssiamovil/sm/acme/a?s=U2FsdGVkX18v58Ly0gM/bWDBnZhRboTXs8c2N1/IONJai1vX9e95zQBezpw3rbEO64/1/jb3+131IIQaMFew2csjxFOqaTAEsS2Y8t3RM8jaWys+5ljs+5mMud/lD7Mq4eQ1euoma40msiUm4jhTz8BU1QNcR9JuFCXfaBI9gA1VLYmsYZ1JZEfsRqNvDMJoNzdzhmS7hjAuPcRLeK3s8Q==&u=U2FsdGVkX18rVTLDwpiEh3ZSiSUp1nOqVGrmMTxOEtM=&y=U2FsdGVkX19NLAWzr3YV5JVrFUg2b8bnKTZa3Lopt02GazyGFweKm64MiPh3wtiw HTTP/1.1" 200 25
186.102.52.119 - - [12/Aug/2022:18:48:29 -0500] "GET /kwssiamovil/sm/acme/a?s=U2FsdGVkX18q2cRkMWt66ZYXHm04Hd3hcxNPWad6+gS5X16VXudBsQa/2VTV6XaudvyKPENwgRVdNb9y9FWho3JEEKd/Chrliu49kBQ71L6Xb4u74kRmcQRU2e0yHHwmm8b2QChCsHDI+ra/+g+v4QgfLHPCqnUA5BGo6E2cmA/sQoNGW1msFUey0d/F2hH/&u=U2FsdGVkX18rVTLDwpiEh3ZSiSUp1nOqVGrmMTxOEtM=&y=U2FsdGVkX19NLAWzr3YV5JVrFUg2b8bnKTZa3Lopt02GazyGFweKm64MiPh3wtiw HTTP/1.1" 200 25
186.102.52.119 - - [12/Aug/2022:18:48:29 -0500] "GET /kwssiamovil/sm/acme/a?s=U2FsdGVkX18kSKKHD6ojFLNrpXTd0/LZIsYQjv2vhjGCJY5DR5nfTxPmqNygXxTrmSYpQI/U42gzB8zs9cOKXPA4Ror/ub+Ii1E8cOukZmAAYh4hdqfQ/zITQV4I8i+pSfDXhcOdS77xzU59P2bGMVVz3Um4/i0wdVx1uonqPQBOv9NlGUdChWnsYqF7jXBSC+zb533svbS52JmdaSmmhQ==&u=U2FsdGVkX18rVTLDwpiEh3ZSiSUp1nOqVGrmMTxOEtM=&y=U2FsdGVkX19NLAWzr3YV5JVrFUg2b8bnKTZa3Lopt02GazyGFweKm64MiPh3wtiw HTTP/1.1" 200 25
186.102.52.119 - - [12/Aug/2022:18:48:30 -0500] "GET /kwssiamovil/sm/acme/a?s=U2FsdGVkX18pZanP9qlvb9zTFC/6pli3MM2cesftbyBE7cJz9heOJOu3i1uYJ3iypmA2M72uWVd1ul6hDYuOt8X7aJytzL8aNG3IRqxlESaHcDSJ8ixqTV8rDzuR8z3GoaMYh7Ee8KIx12DrZAMXpOhG8HzYM6NbILrN+GAcDLJzAeggJIYgdH7HpP0JuKRS&u=U2FsdGVkX18rVTLDwpiEh3ZSiSUp1nOqVGrmMTxOEtM=&y=U2FsdGVkX19NLAWzr3YV5JVrFUg2b8bnKTZa3Lopt02GazyGFweKm64MiPh3wtiw HTTP/1.1" 200 25
186.102.52.119 - - [12/Aug/2022:18:48:30 -0500] "GET /kwssiamovil/sm/acme/a?s=U2FsdGVkX1+jqrawt9ia5P4Ct4aDobD+pe0c7AVF4GPo+g4ZRLdxiUIZW0NBO3unFsNsxLmkgbksaZ0nl0DKz3DZgPEMuuWA12uXLCeV5SbQiq7cvKXEiVLi/r+IKBwtoL+gKC4qdNwOuFXh5Q1/oGRtUx+xcEkuqh9znYBDW4DLXdeBqa1s5/IOQXos8lVHLUBPgxk/NYZnhsh7OJ94+Q==&u=U2FsdGVkX18rVTLDwpiEh3ZSiSUp1nOqVGrmMTxOEtM=&y=U2FsdGVkX19NLAWzr3YV5JVrFUg2b8bnKTZa3Lopt02GazyGFweKm64MiPh3wtiw HTTP/1.1" 200 25
186.102.52.119 - - [12/Aug/2022:18:48:30 -0500] "GET /kwssiamovil/sm/acme/a?s=U2FsdGVkX1+aDD57Jm31Lm1N2JADPkv8qWjIDMkdw9irnzFQSuF71U3wSjrYb7BlsDUJGZi3xZ8+9C+yTXj3NZUgDLMzWN1DXV0FpVp8BECgOoPUxV0YvC81DUdNBFPfJX5+/2s709BY36CYqzeIGEKNSv93dtvo8YUqGmM6TcLWdpNq5hP/5UD55WKZ884m&u=U2FsdGVkX18rVTLDwpiEh3ZSiSUp1nOqVGrmMTxOEtM=&y=U2FsdGVkX19NLAWzr3YV5JVrFUg2b8bnKTZa3Lopt02GazyGFweKm64MiPh3wtiw HTTP/1.1" 200 25
186.102.52.119 - - [12/Aug/2022:18:48:30 -0500] "GET /kwssiamovil/sm/acme/a?s=U2FsdGVkX1+EaLd2haH4v5+RhCkSTakc9Gtvq0gmgv9vldP3FSgTPg+mXQruFdnDryPX3T2x6YfBbGieIDaL1C61gYWAbchsAghWY/yRKM0Bg5CfNd5SbnoxWrOcW/mIci78ZYoTHEm4CIdzrzLY0ig/UfAdLNTsIexMUpzlqYaT8ZhGilcKc1hHat8+zZwFqMsJDBe2n+NIah2obkw7VQ==&u=U2FsdGVkX18rVTLDwpiEh3ZSiSUp1nOqVGrmMTxOEtM=&y=U2FsdGVkX19NLAWzr3YV5JVrFUg2b8bnKTZa3Lopt02GazyGFweKm64MiPh3wtiw HTTP/1.1" 200 25
186.102.52.119 - - [12/Aug/2022:18:48:31 -0500] "GET /kwssiamovil/sm/acme/a?s=U2FsdGVkX18dQb7+rI3feWYLqrx/xvopS35BW1WEKDhwpvucvTTtzkM8A2CtONJNhqicBDaO45e606L9SA5YxojWIAzur4JaUFoGOiROwq63uOHXDyV9y1PtzVjYkuAsmSGH0dJ3eoSXHz5H+jBgPI66Z1BtVPsyums5k3TtKY7xJVyRM7SdBBIKj+4kzQU0&u=U2FsdGVkX18rVTLDwpiEh3ZSiSUp1nOqVGrmMTxOEtM=&y=U2FsdGVkX19NLAWzr3YV5JVrFUg2b8bnKTZa3Lopt02GazyGFweKm64MiPh3wtiw HTTP/1.1" 200 25
186.102.52.119 - - [12/Aug/2022:18:48:31 -0500] "GET /kwssiamovil/sm/acme/a?s=U2FsdGVkX1/0zIulZNe0xtPU/hWEHOv+3ZnMBRiZF+zeJb6rblWSfwH43PDgnedxAIkv9JURiGy5MlZeKrJnOL3mcjLTAcirQdLEf1QiGHuCD3UEg7Tiv0u1fj6T5aBqXWThlrWIn8GM0Q2vuJFjsFmBwNF88PMuP2o+Nwq1oWWCAUH/D87K+YAgoUaQHHyUecO31FrZz9DZwnmQmYP73Q==&u=U2FsdGVkX18rVTLDwpiEh3ZSiSUp1nOqVGrmMTxOEtM=&y=U2FsdGVkX19NLAWzr3YV5JVrFUg2b8bnKTZa3Lopt02GazyGFweKm64MiPh3wtiw HTTP/1.1" 200 25
186.102.52.119 - - [12/Aug/2022:18:48:31 -0500] "GET /kwssiamovil/sm/acme/a?s=U2FsdGVkX1/HHw4LjPpLDBusMmwB9e/IBq7trrzR/57t1hvgXZYgnvFKpaky+DblUSDSY233zamQD5RDkedLDmkF1O4B6bgN6ew7fRXngyBU/bUXPm3tAZYH84hZ8ULjT1CEj780bnogd6kkmImRIbKs99psGZPwFZ5MX3+5LzT7tXuzwbIbm0f24kdKHrUF&u=U2FsdGVkX18rVTLDwpiEh3ZSiSUp1nOqVGrmMTxOEtM=&y=U2FsdGVkX19NLAWzr3YV5JVrFUg2b8bnKTZa3Lopt02GazyGFweKm64MiPh3wtiw HTTP/1.1" 200 25
186.102.52.119 - - [12/Aug/2022:18:48:32 -0500] "GET /kwssiamovil/sm/acme/a?s=U2FsdGVkX1+nxsBDNv15JBtpPDDdnI7V6g6a4JW9wqO877a2UNvYB2PWfsnkC01kV0ur5atuX7ymlP917f+Uyu7R+yk4kV6J5AoRdkjXtB/WvodKsO9LTR19H+rMFSOMGGgCkN3owUEr5LhB/zmHFVjdElPqv6sWUAsW66qIAVh0ojMOE0vPsPV+yO7kK3cgb7QZzF1gZweGPADVdozSjg==&u=U2FsdGVkX18rVTLDwpiEh3ZSiSUp1nOqVGrmMTxOEtM=&y=U2FsdGVkX19NLAWzr3YV5JVrFUg2b8bnKTZa3Lopt02GazyGFweKm64MiPh3wtiw HTTP/1.1" 200 25
186.102.52.119 - - [12/Aug/2022:18:48:32 -0500] "GET /kwssiamovil/sm/acme/a?s=U2FsdGVkX18c8ZfLCE7qL0mawl/1hkNs84M1XEsROkvgSARCYsR5J4FkciOE9GSvOITeVmC/w+pmTbeV0YsMbM11QFHUBd4pyWjXR74mcSWisDu7J50hmKotwJZBLgjN9ZhtaVpnjwIbYF/KIcI4WQHeuZuGqAcjVmV8YX61vkYCNPe2Yq0ETs9FTYHLZ2pp&u=U2FsdGVkX18rVTLDwpiEh3ZSiSUp1nOqVGrmMTxOEtM=&y=U2FsdGVkX19NLAWzr3YV5JVrFUg2b8bnKTZa3Lopt02GazyGFweKm64MiPh3wtiw HTTP/1.1" 200 25
186.102.52.119 - - [12/Aug/2022:18:48:32 -0500] "GET /kwssiamovil/sm/acme/a?s=U2FsdGVkX1/TgolvofQ61fWLiaVa2S5UquDF07xUjFsrOxJtLpVxsp6L98A6pKu+EhgVf5wz48gN6lBQ81/bz5rhLk1dnCn+QFLtpTKfmz+oGYe/a4Ye98M5iNe8x18jAJT8XMf7E8dwGmS8axJ3vcKeCUN6tw2ypxDFe0vypGOH/w7F6f+UKrDn7P0SSdb+bW+7Danc2/5DUTGZlNC0GQ==&u=U2FsdGVkX18rVTLDwpiEh3ZSiSUp1nOqVGrmMTxOEtM=&y=U2FsdGVkX19NLAWzr3YV5JVrFUg2b8bnKTZa3Lopt02GazyGFweKm64MiPh3wtiw HTTP/1.1" 200 25
186.102.52.119 - - [12/Aug/2022:18:48:32 -0500] "GET /kwssiamovil/sm/acme/a?s=U2FsdGVkX1+rMOaYUmkB5kS1pKHewIVJy1lbal2sXFSRU1sUpYJEVoghlkwAWT0nWgAuvbqIVypJd+i/T8s0LS7i4RYPzfmnD0YJa7EwmdLG6QvmUFqS7qrsAJzHSkKKEbIslynzP3XOy/wPqzveMlKClIVDSwAAq7GlVysOmGmNHEjTzg6dX5GnK8O/iENL&u=U2FsdGVkX18rVTLDwpiEh3ZSiSUp1nOqVGrmMTxOEtM=&y=U2FsdGVkX19NLAWzr3YV5JVrFUg2b8bnKTZa3Lopt02GazyGFweKm64MiPh3wtiw HTTP/1.1" 200 25
186.102.52.119 - - [12/Aug/2022:18:48:33 -0500] "GET /kwssiamovil/sm/acme/a?s=U2FsdGVkX18M+bVcQMxmERpG+SfYKRV9W7ivCSc6gaNxV9vZPzYLhiOLrFSX6jIFNFMlctAeX/nJvy57nXih0z7rN9ouO/TNAoPJJPFMkkjnXEMy8TEG2tB0u5aNTmlrNSB9SYE+P/9RG8SvyoMM8DLzTQ7xsyYWRpedZkZ01QlYow5AXXAryJvy+eYWEmTlKTOYovSdTKOwJgC7oDc2BQ==&u=U2FsdGVkX18rVTLDwpiEh3ZSiSUp1nOqVGrmMTxOEtM=&y=U2FsdGVkX19NLAWzr3YV5JVrFUg2b8bnKTZa3Lopt02GazyGFweKm64MiPh3wtiw HTTP/1.1" 200 25
186.102.52.119 - - [12/Aug/2022:18:48:33 -0500] "GET /kwssiamovil/sm/acme/a?s=U2FsdGVkX1+KFo3DrETAvJ9UkiWGPKpTZ6s8CfyRNIs0TEohZZt/zFD7/mBf+ZSk4hiWlqNBvfrJiIh7Vw8W7Au4yhsFtK0pKA0GBUtTqRW/ITHxYO4jx3KJ6RFCmDHGc9noEwqmzPKAejLL6WVcxi9xk0xzQycVqYPcnWFPXXIYD/BIiVvVHBwCTvvSpuzi&u=U2FsdGVkX18rVTLDwpiEh3ZSiSUp1nOqVGrmMTxOEtM=&y=U2FsdGVkX19NLAWzr3YV5JVrFUg2b8bnKTZa3Lopt02GazyGFweKm64MiPh3wtiw HTTP/1.1" 200 25
186.102.52.119 - - [12/Aug/2022:18:48:33 -0500] "GET /kwssiamovil/sm/acme/a?s=U2FsdGVkX18mHL5SzoXyteH5mLQu/018k17mystqUYolFIiMi/y9ygCDOZrMfPcUym97cGjV9GAb0N5nh4NGLRUrGNjZg0IGQM8edZFtHHZ4NJflVf4Z9o3wsIXVxKeDARbfQkqiZ5UyhgSevWJMT6MKZMAARy5Nfs1CRtNo5VPH1Fg07RDUiGOb2//mbh/P9d4px86gFIBcZdHmHq/P1A==&u=U2FsdGVkX18rVTLDwpiEh3ZSiSUp1nOqVGrmMTxOEtM=&y=U2FsdGVkX19NLAWzr3YV5JVrFUg2b8bnKTZa3Lopt02GazyGFweKm64MiPh3wtiw HTTP/1.1" 200 25
186.102.52.119 - - [12/Aug/2022:18:48:33 -0500] "GET /kwssiamovil/sm/acme/a?s=U2FsdGVkX18EOlBb8+Nq/xC2Kz6GQkH3pTCagSNBAh5FGRgo9ZAj6V5FMUASqgSPpgbpYiG+2cwvbnxeO2hKsE4hEYayWmGoLldyCpYxI4nn+eWLe1fx2vqYYwQlR8LRds8kz7HLphoeZduz99EImHoI6oy0x2QE5ShAXyoCL3UWRXhLz5n0u/vp43bwZ70+&u=U2FsdGVkX18rVTLDwpiEh3ZSiSUp1nOqVGrmMTxOEtM=&y=U2FsdGVkX19NLAWzr3YV5JVrFUg2b8bnKTZa3Lopt02GazyGFweKm64MiPh3wtiw HTTP/1.1" 200 25
186.102.52.119 - - [12/Aug/2022:18:48:34 -0500] "GET /kwssiamovil/sm/acme/a?s=U2FsdGVkX1/9EmDznBR2pRboZj7op7eYk2gJwJRq0wArtlUivjwARWgdsCBuQLGnYE6UHrbywhv+slBZe/wS5hthO1j0j8Rujwq7k/17HLosS+v/AHiAUIHMZW+JroPOivPLBKecxJEPgE+Fwg22i7nAm3vcXxpc8Bj1KpKys7mvGNp66j5GgywSvFUY4tUXPEoA0IydiCiLr6YWUtherg==&u=U2FsdGVkX18rVTLDwpiEh3ZSiSUp1nOqVGrmMTxOEtM=&y=U2FsdGVkX19NLAWzr3YV5JVrFUg2b8bnKTZa3Lopt02GazyGFweKm64MiPh3wtiw HTTP/1.1" 200 25
186.102.52.119 - - [12/Aug/2022:18:48:34 -0500] "GET /kwssiamovil/sm/acme/a?s=U2FsdGVkX1/l6L+T4Oo1eeGGTlx4//vATPAU+PHLL9f2ve/JDT2ALF6AKFOnLyURIfHuYAgvpgBNZ8QwYnAJsrMHt15BNiWOWcw5TvycSiglt42EqdI/IwnRbOGjz94+E8S3r4Z0TrsFxYlzjPhO1s+AmKl9T7yStiUGfuOdXYTUNQO/RCg3n6ztTqp8X53n&u=U2FsdGVkX18rVTLDwpiEh3ZSiSUp1nOqVGrmMTxOEtM=&y=U2FsdGVkX19NLAWzr3YV5JVrFUg2b8bnKTZa3Lopt02GazyGFweKm64MiPh3wtiw HTTP/1.1" 200 25
186.102.52.119 - - [12/Aug/2022:18:48:34 -0500] "GET /kwssiamovil/sm/acme/a?s=U2FsdGVkX1/9n6817hkMg4w4DaYG7WORHg+Og9GM1CLNRCB5u47+Qq87mkUeiahYYbdesYK/M9FvmcpSvxhs73L6yEQ5n+zESWjDeDG6g0ECtq+SATGuBWOBnGu1nEYIBBd+ZneZ195+lpawi+nzObko6htGVTCzkG7EXbCfUHQOgjMfp5hDTnGQ6Unz8b/qoy/p2IDkd0oHEfElDmgTLQ==&u=U2FsdGVkX18rVTLDwpiEh3ZSiSUp1nOqVGrmMTxOEtM=&y=U2FsdGVkX19NLAWzr3YV5JVrFUg2b8bnKTZa3Lopt02GazyGFweKm64MiPh3wtiw HTTP/1.1" 200 25
186.102.52.119 - - [12/Aug/2022:18:48:34 -0500] "GET /kwssiamovil/sm/acme/a?s=U2FsdGVkX1+Oi3Wk41xN4cYJjHQ0uBc52zz/qHxcXRSdPZQec3XWkUpfE80JGN5xKbfhVofMhLG+P0o6uJ2QZ8ABJtdR5VkKxzNlYKizqjQNuNBU+bqeKECUgXwPrvUFtmduONLWPrhHKZa2d4K4E0sHqUusQopetsZKArC5zC/1BCiBg4cL+A+dv0RQ1gbD&u=U2FsdGVkX18rVTLDwpiEh3ZSiSUp1nOqVGrmMTxOEtM=&y=U2FsdGVkX19NLAWzr3YV5JVrFUg2b8bnKTZa3Lopt02GazyGFweKm64MiPh3wtiw HTTP/1.1" 200 25
186.102.52.119 - - [12/Aug/2022:18:48:35 -0500] "GET /kwssiamovil/sm/acme/a?s=U2FsdGVkX1+1+VlaV/TXQxOa8iyUYdehT6v3j8DKNl7qHc6ZAGgLDTsMmkuKOlYAji8JYt0qrcH292dHZLCyprD9zZLSk6JSU3n5DUAsekXVe5iyn9KdYeXHQuwPe8tSV/7BxnZp1dt20cDQrHsKaeNY2hKL6kYnLfrDd6bc75tnyQXGp97N1HwkIYGd7GVPxbn5d5Q4a0wD8WYgPbkPCQ==&u=U2FsdGVkX18rVTLDwpiEh3ZSiSUp1nOqVGrmMTxOEtM=&y=U2FsdGVkX19NLAWzr3YV5JVrFUg2b8bnKTZa3Lopt02GazyGFweKm64MiPh3wtiw HTTP/1.1" 200 25
186.102.52.119 - - [12/Aug/2022:18:48:35 -0500] "GET /kwssiamovil/sm/acme/a?s=U2FsdGVkX1+pzcPqL78m9dT+T2mFa+5GWoxz1s0VpaMRx1x6Xlh0h8WJexxuVv0jBUs/yZ8paEvV5O/RFPz/BDSlftbUlJVCyo0glkTYBhg28kpppXFwfr5aq83AtQ7uwhJoE7spzN0erIuomcrfsFtRhrGFxLKWVie8jq2xQ+kqsTcmroMcZ8I4NkWjbI+u&u=U2FsdGVkX18rVTLDwpiEh3ZSiSUp1nOqVGrmMTxOEtM=&y=U2FsdGVkX19NLAWzr3YV5JVrFUg2b8bnKTZa3Lopt02GazyGFweKm64MiPh3wtiw HTTP/1.1" 200 25
186.102.52.119 - - [12/Aug/2022:18:48:35 -0500] "GET /kwssiamovil/sm/acme/a?s=U2FsdGVkX19khp0XLv5oAoSygXQgxBZDAMIoyliO6a5/txh///TO49JBF3giQ8SQjDCfxMDRBn2MXwJYW+4wy0tcRraB5IYM+XaWEWkeDa15MF1Rj8lBfpQ3W3M3H1Zxop2HZH533LODcu75xvwoKRmX6YYXnx4/4GMBUxzaUCAElZI0aWepDdU9Q5Vtr6m69/5tZsboTJDfuJPvH+4xSg==&u=U2FsdGVkX18rVTLDwpiEh3ZSiSUp1nOqVGrmMTxOEtM=&y=U2FsdGVkX19NLAWzr3YV5JVrFUg2b8bnKTZa3Lopt02GazyGFweKm64MiPh3wtiw HTTP/1.1" 200 25
186.102.52.119 - - [12/Aug/2022:18:48:35 -0500] "GET /kwssiamovil/sm/acme/a?s=U2FsdGVkX1+6KlNY7/YDIny3F1FiQ6NP7WUZcRr5bJnyKD5RriQUKzGe7obgiwSli9FKm60eY8D+1+BhNHlETJ2qTnYN5Ec0/cq52Ux4P6YEaw362NRtYNBVTde7RNXFoM1PEl9aMy5Z16bRNB6PUtXu/pln1cWkSdG4xYEL99B6y8W2vQnITaUUzCtnGE5v&u=U2FsdGVkX18rVTLDwpiEh3ZSiSUp1nOqVGrmMTxOEtM=&y=U2FsdGVkX19NLAWzr3YV5JVrFUg2b8bnKTZa3Lopt02GazyGFweKm64MiPh3wtiw HTTP/1.1" 200 25
186.102.52.119 - - [12/Aug/2022:18:48:36 -0500] "GET /kwssiamovil/sm/acme/a?s=U2FsdGVkX18W9EtiJPYrxuZ9DK5iTUc6pqywWHME8dD8i3NI9IauIGkSQU2x1R284YLKBbWdQpO7gKbwZ3dK9x+0SeQYe5EZ256RxSt+/DHCZxkiwAaPaTSBmGZCJjHvjfehO4bohxBs8lvnLYYqzfVONx2DYlF+R+g4cbvCXI6L+ADRmYGz2C5y2iGjZG0XVA6TbqaWAeuudGBp+ZUZaQ==&u=U2FsdGVkX18rVTLDwpiEh3ZSiSUp1nOqVGrmMTxOEtM=&y=U2FsdGVkX19NLAWzr3YV5JVrFUg2b8bnKTZa3Lopt02GazyGFweKm64MiPh3wtiw HTTP/1.1" 200 25
186.102.52.119 - - [12/Aug/2022:18:48:36 -0500] "GET /kwssiamovil/sm/acme/a?s=U2FsdGVkX1/N238FqtuTWSW6XVPmmaEdvhz3YfDkdidkpuRTX7EJsGJq5svcAms2N/gdeeqCvuBXJylkIr/r17GJpOhsyB+KML4z0RbA3Xrzl9WBJoZdaaq0tz8WTLDDAYW3ePMrzk1nr0ha9M8E2645ak0Y1xI2anAKxQXuNL+cVN6h035nu0E1mrVMObYM&u=U2FsdGVkX18rVTLDwpiEh3ZSiSUp1nOqVGrmMTxOEtM=&y=U2FsdGVkX19NLAWzr3YV5JVrFUg2b8bnKTZa3Lopt02GazyGFweKm64MiPh3wtiw HTTP/1.1" 200 25
186.102.52.119 - - [12/Aug/2022:18:48:36 -0500] "GET /kwssiamovil/sm/acme/a?s=U2FsdGVkX18gEdPuOBrUZLT1ZKlOa7na7Fzq5KhYjlXhbS2bE9Q5KaFlZQCOVNeunzIPGt/bQe0XXTjdIz8UzpN4LRmsnM3q/Gez9XcXsbEA7C4axebVGmettLefXQNMrvQsbH4aNZeNK0CaRBkWk/CCUDqmPzOz+XeO2tQQutYiUaK5YtUwZPuLuZdMiWQobNhNcsD8VmHJW063kESNGQ==&u=U2FsdGVkX18rVTLDwpiEh3ZSiSUp1nOqVGrmMTxOEtM=&y=U2FsdGVkX19NLAWzr3YV5JVrFUg2b8bnKTZa3Lopt02GazyGFweKm64MiPh3wtiw HTTP/1.1" 200 25
186.102.52.119 - - [12/Aug/2022:18:48:36 -0500] "GET /kwssiamovil/sm/acme/a?s=U2FsdGVkX189yMXRxeWgPFWcrRxmrcV63CM7Bg9afN0g3hObkeuAcca+98tFe+zewJBU/lDGJZxRR8sJNZDRjd+OmCIvprJKJCrQQAIbUxBrLi/HgVCPc72t0ZmHcU8kWfzYhmilEb0PFBxH/ItMqo19Tb7im4QxBxQdbPHI7motyOdn7GT/bVnpI2uLpXzE&u=U2FsdGVkX18rVTLDwpiEh3ZSiSUp1nOqVGrmMTxOEtM=&y=U2FsdGVkX19NLAWzr3YV5JVrFUg2b8bnKTZa3Lopt02GazyGFweKm64MiPh3wtiw HTTP/1.1" 200 25
186.102.52.119 - - [12/Aug/2022:18:48:36 -0500] "GET /kwssiamovil/sm/acme/a?s=U2FsdGVkX190UU3VPggmU/QQa53qu01utAYNkHOml/LgxNsRrv03Qba0O0GhZ6Gdrg6Zt2J6uqHhPEqx8sLR9D6nCo9slLJp7eK5ZzD8rDkaKzzc7gyAiyQ23CKXbmYtLzxeayqVWYZKWlqxJwe3padBZbIYgYRfIJzCIsD+Sbl1+SmjFWvE+6Qsi7H2qi86u/JjNvCgqc5is5Wt1PRLEA==&u=U2FsdGVkX18rVTLDwpiEh3ZSiSUp1nOqVGrmMTxOEtM=&y=U2FsdGVkX19NLAWzr3YV5JVrFUg2b8bnKTZa3Lopt02GazyGFweKm64MiPh3wtiw HTTP/1.1" 200 25
186.102.52.119 - - [12/Aug/2022:18:48:37 -0500] "GET /kwssiamovil/sm/acme/a?s=U2FsdGVkX19rpxbhGCyEIyNjmeReWHdj5GBv24cpD3EctJWVh0+nfzogTUk1pnjU+9nfZMhLCXiLMuX83eTO90R4mYn5LEENhAqDeZeOVdp3EGQ8v29qD3lTJshd5QVBbtlHN2PuX2y8hzcUQ+rhqcyqJyBcSlS+FB57szrYxl8FffxvXsyrRsJQKYvYCjL9&u=U2FsdGVkX18rVTLDwpiEh3ZSiSUp1nOqVGrmMTxOEtM=&y=U2FsdGVkX19NLAWzr3YV5JVrFUg2b8bnKTZa3Lopt02GazyGFweKm64MiPh3wtiw HTTP/1.1" 200 25
186.102.52.119 - - [12/Aug/2022:18:48:37 -0500] "GET /kwssiamovil/sm/acme/a?s=U2FsdGVkX1+8ZBJ87TlJ+RRNDf71LXFpCoXBge0CMcKaLqaHkeaeNLUHC8t69Z/mKLWxeh7k87ZItocGmhkfJOl8wVI7R+mKYyUQGFa5prBvIjj7VVUG8THej+MAuqQSkHSvMW8lLfT7ff0vMuYRrIpjQpruilseDvMI/KHeuf9Q+O0GpT17JEpFp4gZ/Q8nINTsiCiInCO1ww71QDxMQA==&u=U2FsdGVkX18rVTLDwpiEh3ZSiSUp1nOqVGrmMTxOEtM=&y=U2FsdGVkX19NLAWzr3YV5JVrFUg2b8bnKTZa3Lopt02GazyGFweKm64MiPh3wtiw HTTP/1.1" 200 25
186.102.52.119 - - [12/Aug/2022:18:48:37 -0500] "GET /kwssiamovil/sm/acme/a?s=U2FsdGVkX18IYJ7aVwDE8FGuFBLC28VvWslUpCz32NapHL+2VW+nFszhIALRYuqZxJqJOlzBQQ1fPttOx63LXhI2+5ovLAPYxS+jzor/IKF4SB//+BTml7kJ9kDhverCX5SWKXwhMasDsmLvx4WJ4Jwn3dKFbZjrRUD5MBOokyfbcJcCrkpE2mCpdmu84FXu&u=U2FsdGVkX18rVTLDwpiEh3ZSiSUp1nOqVGrmMTxOEtM=&y=U2FsdGVkX19NLAWzr3YV5JVrFUg2b8bnKTZa3Lopt02GazyGFweKm64MiPh3wtiw HTTP/1.1" 200 25
186.102.52.119 - - [12/Aug/2022:18:48:37 -0500] "GET /kwssiamovil/sm/acme/a?s=U2FsdGVkX1/8Q41p0JQyhuMcAD74xAQ1yTcsri2rUVFHV/EWXCWQAmNbhS5moegwfk0tR+z4LV7sPckwAta1jyAxTFV4523tjdhygJtPH4tlXxXFxbwJ/jOFuCgHOF7trgxVhS8bHHQHRJEI0SGyShg3IthaG6fGrxOFcJj1Puaxa7ZAgwE8STT7zvJxz2BjylZlAQDUYneVu+wauoqH2A==&u=U2FsdGVkX18rVTLDwpiEh3ZSiSUp1nOqVGrmMTxOEtM=&y=U2FsdGVkX19NLAWzr3YV5JVrFUg2b8bnKTZa3Lopt02GazyGFweKm64MiPh3wtiw HTTP/1.1" 200 25
186.102.52.119 - - [12/Aug/2022:18:48:38 -0500] "GET /kwssiamovil/sm/acme/a?s=U2FsdGVkX18jCV34Isquj4GQTJgQE2hrQ2AE7b4HzEKJBXqg4ATl4NrGcmYeqWr9F19t6oUxDXG7Eaaru4wtCgfqNDrcslKuk/gCwJiTDAtrx0yGLCJuTAY/8U5yHhIlwPh7PsAJQn+B0q2RRgM9KnGy7FH20OOX2p85DXxsn24mc6GnD9DvlVoGOIjIHwti&u=U2FsdGVkX18rVTLDwpiEh3ZSiSUp1nOqVGrmMTxOEtM=&y=U2FsdGVkX19NLAWzr3YV5JVrFUg2b8bnKTZa3Lopt02GazyGFweKm64MiPh3wtiw HTTP/1.1" 200 25
186.102.52.119 - - [12/Aug/2022:18:48:38 -0500] "GET /kwssiamovil/sm/acme/a?s=U2FsdGVkX1/P0m1TbKbfv3KLADunY4ljorKwFUlWLxbg+xIaWxe9HT2WvEhBUHaz7ycYQgTcR0oRfbrI790DfWzPMvoHdY/JE/o5K4//4rpV4tnC7FHWmdv6aoV1dKU9A3yRCe1ZSl+25FKmD10pRcIyuHUjmDVXmE4vqdMiEkSqTLhM2YQOGdUx7W4sogWdLoN6NWuCQMph+TmaKMbfjw==&u=U2FsdGVkX18rVTLDwpiEh3ZSiSUp1nOqVGrmMTxOEtM=&y=U2FsdGVkX19NLAWzr3YV5JVrFUg2b8bnKTZa3Lopt02GazyGFweKm64MiPh3wtiw HTTP/1.1" 200 25
186.102.52.119 - - [12/Aug/2022:18:48:38 -0500] "GET /kwssiamovil/sm/acme/a?s=U2FsdGVkX1/JaAFbsfpCx/sW2Iw4kaT5bGx3w10vG2EajYE8dTs/S9v/HjomRdeLScpadu1oPb8D90DDKNshfrq2iw+tR+j6imPHH2i08yfrrxaY32CaoxXep40Y8ni/ZNNOhFs/aDqEMHWeqoBA+gU0d1iooiWclGOt6nxrAxLmp/VuuhFK8LBQvDnGmFrq&u=U2FsdGVkX18rVTLDwpiEh3ZSiSUp1nOqVGrmMTxOEtM=&y=U2FsdGVkX19NLAWzr3YV5JVrFUg2b8bnKTZa3Lopt02GazyGFweKm64MiPh3wtiw HTTP/1.1" 200 25
185.7.214.117 - - [12/Aug/2022:18:48:49 -0500] "GET / HTTP/1.1" 200 319
191.156.63.127 - - [12/Aug/2022:18:48:51 -0500] "POST /sipse/faces/presentacion/financiero/solicitudProceso/consultar.xhtml HTTP/1.1" 200 12899
186.154.38.183 - - [12/Aug/2022:18:48:51 -0500] "GET /Publicaciones/SSFFS-00663.zip HTTP/1.1" 200 3094996
157.55.39.98 - - [12/Aug/2022:18:49:56 -0500] "GET /BLA/boletinlegal/images/cabezote%20BLEGAL.jpg HTTP/1.1" 200 118164
186.154.38.183 - - [12/Aug/2022:18:50:12 -0500] "GET /Publicaciones/SSFFS-08912.zip HTTP/1.1" 200 7605115
157.55.39.98 - - [12/Aug/2022:18:50:56 -0500] "GET /BLA/resoluciones/RESOLUCIONES%202018/1402.pdf HTTP/1.1" 200 434362
201.245.192.253 - - [12/Aug/2022:18:51:10 -0500] "POST /kwsrmcab/Wsrmcab  HTTP/1.1" 200 46805
172.22.2.4 - - [12/Aug/2022:18:49:40 -0500] "HEAD /BLA/boletinlegal/ HTTP/1.1" 200 -
172.22.2.4 - - [12/Aug/2022:18:50:30 -0500] "GET /BLA/boletinlegal/ HTTP/1.1" 200 60865
173.252.107.2 - - [12/Aug/2022:18:52:17 -0500] "GET /images/visita-suspension-humedal-techo-24-mayo.jpg HTTP/1.1" 200 57365
216.245.221.92 - - [12/Aug/2022:18:52:27 -0500] "HEAD / HTTP/1.1" 200 -
95.108.213.31 - - [12/Aug/2022:18:53:43 -0500] "-" 408 -
172.22.2.4 - - [12/Aug/2022:18:54:40 -0500] "GET /BLA/boletinlegal/jurisprudencia/analisis/AnalisisC-035-16.docx HTTP/1.1" 304 -
172.22.2.4 - - [12/Aug/2022:18:54:40 -0500] "GET /BLA/boletinlegal/robots.txt HTTP/1.1" 404 1038
201.245.192.253 - - [12/Aug/2022:18:56:09 -0500] "POST /kwsrmcab/Wsrmcab  HTTP/1.1" 200 46805
172.22.2.4 - - [12/Aug/2022:18:55:30 -0500] "HEAD /BLA/boletinlegal/ HTTP/1.1" 200 -
216.245.221.92 - - [12/Aug/2022:18:57:27 -0500] "HEAD / HTTP/1.1" 200 -
172.22.2.4 - - [12/Aug/2022:18:56:21 -0500] "GET /BLA/boletinlegal/ HTTP/1.1" 200 55211
172.22.2.4 - - [12/Aug/2022:18:57:11 -0500] "GET /BLA/boletinlegal/ HTTP/1.1" 200 60272
172.22.2.4 - - [12/Aug/2022:18:59:49 -0500] "GET /BLA/boletinlegal/actos.php HTTP/1.1" 200 9559
172.22.2.4 - - [12/Aug/2022:18:59:49 -0500] "GET /BLA/boletinlegal/favicon.ico HTTP/1.1" 404 1326
181.60.234.229 - - [12/Aug/2022:18:59:54 -0500] "GET /BLA/resoluciones/ HTTP/1.1" 200 13093
181.60.234.229 - - [12/Aug/2022:19:00:12 -0500] "GET /BLA/resoluciones/index.php?dir=RESOLUCIONES+2015%2F HTTP/1.1" 200 130385
172.22.2.4 - - [12/Aug/2022:18:59:47 -0500] "GET /BLA/boletinlegal/ HTTP/1.1" 200 24523
181.60.234.229 - - [12/Aug/2022:19:00:23 -0500] "GET /BLA/resoluciones/RESOLUCIONES%202015/2683.pdf HTTP/1.1" 200 607643
172.22.2.4 - - [12/Aug/2022:19:01:05 -0500] "GET /BLA/boletinlegal/Circulares/2022/CIRCULAR%20No.%2000005%20DEL%2030%20DE%20JUNIO%20DEL%202022.pdf HTTP/1.1" 404 1218
172.22.2.4 - - [12/Aug/2022:19:01:10 -0500] "GET /BLA/boletinlegal/Circulares/2019/.pdf HTTP/1.1" 404 1218
157.55.39.84 - - [12/Aug/2022:19:01:11 -0500] "GET /Publicaciones/2022EE23476.pdf HTTP/1.1" 404 227
201.245.192.253 - - [12/Aug/2022:19:01:08 -0500] "POST /kwsrmcab/Wsrmcab  HTTP/1.1" 200 46805
172.22.2.4 - - [12/Aug/2022:19:01:19 -0500] "GET /BLA/boletinlegal/Circulares/2012/Circular%20No.%2010%20del%2026%20de%20Enero%20de%202012.pdf HTTP/1.1" 404 1218
66.249.73.127 - - [12/Aug/2022:19:01:28 -0500] "-" 408 -
216.245.221.92 - - [12/Aug/2022:19:02:27 -0500] "HEAD / HTTP/1.1" 200 -
172.22.2.4 - - [12/Aug/2022:19:01:20 -0500] "HEAD /BLA/boletinlegal/ HTTP/1.1" 200 -
95.108.213.35 - - [12/Aug/2022:19:03:43 -0500] "-" 408 -
157.55.39.98 - - [12/Aug/2022:19:03:50 -0500] "GET /BLA/boletinlegal/Directivas/2014/Directiva%20No.%201%20del%2010%20de%20Abril%20de%202014.pdf HTTP/1.1" 304 -
172.22.2.4 - - [12/Aug/2022:19:02:10 -0500] "GET /BLA/boletinlegal/ HTTP/1.1" 200 54814
172.22.2.4 - - [12/Aug/2022:19:03:18 -0500] "GET /BLA/boletinlegal/ HTTP/1.1" 200 24523
157.55.39.145 - - [12/Aug/2022:19:04:28 -0500] "GET / HTTP/1.1" 200 4720
23.100.232.233 - - [12/Aug/2022:19:05:07 -0500] "GET /BLA/boletinlegal/js/jquery.scrollShow.js HTTP/1.1" 200 4586
23.100.232.233 - - [12/Aug/2022:19:05:08 -0500] "GET /galeria/galeria/jquery.fancybox.js?v=2.1.5 HTTP/1.1" 200 48706
23.100.232.233 - - [12/Aug/2022:19:05:08 -0500] "GET /galeria/galeria/jquery.fancybox.css?v=2.1.5 HTTP/1.1" 200 4895
201.245.192.253 - - [12/Aug/2022:19:06:07 -0500] "POST /kwsrmcab/Wsrmcab  HTTP/1.1" 200 46805
216.245.221.92 - - [12/Aug/2022:19:07:27 -0500] "HEAD / HTTP/1.1" 200 -
172.22.2.4 - - [12/Aug/2022:19:07:10 -0500] "HEAD /BLA/boletinlegal/ HTTP/1.1" 200 -
172.22.2.4 - - [12/Aug/2022:19:08:01 -0500] "GET /BLA/boletinlegal/ HTTP/1.1" 200 53631
186.154.38.183 - - [12/Aug/2022:19:09:47 -0500] "GET /Publicaciones/SSFFS-02593.zip HTTP/1.1" 200 871790
201.245.192.253 - - [12/Aug/2022:19:11:06 -0500] "POST /kwsrmcab/Wsrmcab  HTTP/1.1" 200 46805
191.96.227.225 - - [12/Aug/2022:19:11:27 -0500] "GET / HTTP/1.1" 200 319
157.55.39.84 - - [12/Aug/2022:19:12:23 -0500] "GET /bla/resoluciones/autos%202022/1032.pdf HTTP/1.1" 200 413527
172.22.2.4 - - [12/Aug/2022:19:11:28 -0500] "GET /BLA/boletinlegal/ HTTP/1.1" 200 40907
216.245.221.92 - - [12/Aug/2022:19:12:27 -0500] "HEAD / HTTP/1.1" 200 -
172.22.2.4 - - [12/Aug/2022:19:13:00 -0500] "HEAD /BLA/boletinlegal/ HTTP/1.1" 200 -
172.22.2.4 - - [12/Aug/2022:19:15:00 -0500] "GET /BLA/boletinlegal/jurisprudencia/analisis/CUADRO%20ANALISIS%20SENTENCIA%20T-411%20DE%201992.doc HTTP/1.1" 304 -
172.22.2.4 - - [12/Aug/2022:19:13:50 -0500] "GET /BLA/boletinlegal/ HTTP/1.1" 200 60272
201.245.192.253 - - [12/Aug/2022:19:16:05 -0500] "POST /kwsrmcab/Wsrmcab  HTTP/1.1" 200 46805
216.245.221.92 - - [12/Aug/2022:19:17:27 -0500] "HEAD / HTTP/1.1" 200 -
186.155.80.146 - - [12/Aug/2022:19:18:21 -0500] "GET /BLA/resoluciones/ HTTP/1.1" 200 13093
186.155.80.146 - - [12/Aug/2022:19:18:21 -0500] "GET /BLA/resoluciones/dlf/styles.css HTTP/1.1" 200 3049
186.155.80.146 - - [12/Aug/2022:19:18:21 -0500] "GET /BLA/resoluciones/dlf/folder.png HTTP/1.1" 200 410
186.155.80.146 - - [12/Aug/2022:19:18:21 -0500] "GET /BLA/resoluciones/dlf/bg.gif HTTP/1.1" 200 54
186.155.80.146 - - [12/Aug/2022:19:18:21 -0500] "GET /favicon.ico HTTP/1.1" 200 7782
186.155.80.146 - - [12/Aug/2022:19:18:25 -0500] "GET /BLA/resoluciones/dlf/dirup.png HTTP/1.1" 200 644
186.155.80.146 - - [12/Aug/2022:19:18:25 -0500] "GET /BLA/resoluciones/dlf/pdf.gif HTTP/1.1" 200 272
186.155.80.146 - - [12/Aug/2022:19:18:25 -0500] "GET /BLA/resoluciones/index.php?dir=RESOLUCIONES+2021%2F HTTP/1.1" 200 410384
191.156.54.81 - - [12/Aug/2022:19:18:41 -0500] "GET /sipse/faces/faces/index.xhtml HTTP/1.1" 200 677
191.156.54.81 - - [12/Aug/2022:19:18:41 -0500] "GET /sipse/faces/javax.faces.resource/theme.css?ln=primefaces-sipse HTTP/1.1" 304 -
191.156.54.81 - - [12/Aug/2022:19:18:42 -0500] "GET /sipse/faces/faces/faces/autenticacion.xhtml HTTP/1.1" 200 12180
191.156.54.81 - - [12/Aug/2022:19:18:42 -0500] "GET /sipse/faces/javax.faces.resource/theme.css?ln=primefaces-sipse HTTP/1.1" 304 -
191.156.56.51 - - [12/Aug/2022:19:18:42 -0500] "GET /sipse/faces/javax.faces.resource/primefaces.css?ln=primefaces&v=4.0 HTTP/1.1" 304 -
191.156.57.128 - - [12/Aug/2022:19:18:42 -0500] "GET /sipse/faces/javax.faces.resource/jquery/jquery.js?ln=primefaces&v=4.0 HTTP/1.1" 304 -
191.156.61.41 - - [12/Aug/2022:19:18:42 -0500] "GET /sipse/faces/javax.faces.resource/layout/layout.css?ln=primefaces&v=4.0 HTTP/1.1" 304 -
191.156.54.81 - - [12/Aug/2022:19:18:42 -0500] "GET /sipse/faces/javax.faces.resource/jquery/jquery-plugins.js?ln=primefaces&v=4.0 HTTP/1.1" 304 -
191.156.54.154 - - [12/Aug/2022:19:18:42 -0500] "GET /sipse/faces/javax.faces.resource/layout/layout.js?ln=primefaces&v=4.0 HTTP/1.1" 304 -
191.156.58.69 - - [12/Aug/2022:19:18:42 -0500] "GET /sipse/faces/javax.faces.resource/primefaces.js?ln=primefaces&v=4.0 HTTP/1.1" 304 -
191.156.58.69 - - [12/Aug/2022:19:18:42 -0500] "GET /sipse/faces/javax.faces.resource/images/ui-icons_898989_256x240.png?ln=primefaces-aristo HTTP/1.1" 304 -
186.155.80.146 - - [12/Aug/2022:19:18:43 -0500] "GET /BLA/resoluciones/RESOLUCIONES%202021/1108.pdf HTTP/1.1" 200 451285
186.155.80.146 - - [12/Aug/2022:19:18:43 -0500] "GET /BLA/resoluciones/RESOLUCIONES%202021/1108.pdf HTTP/1.1" 206 1025
186.155.80.146 - - [12/Aug/2022:19:18:43 -0500] "GET /BLA/resoluciones/RESOLUCIONES%202021/1108.pdf HTTP/1.1" 200 451285
191.156.58.69 - - [12/Aug/2022:19:18:47 -0500] "POST /sipse/faces/autenticacion.xhtml HTTP/1.1" 200 2169
191.156.58.69 - - [12/Aug/2022:19:18:47 -0500] "GET /sipse/faces/javax.faces.resource/messages/messages.png?ln=primefaces&v=4.0 HTTP/1.1" 304 -
191.156.58.69 - - [12/Aug/2022:19:18:57 -0500] "POST /sipse/faces/autenticacion.xhtml HTTP/1.1" 200 15544
191.156.58.69 - - [12/Aug/2022:19:18:57 -0500] "GET /sipse/faces/javax.faces.resource/theme.css?ln=primefaces-sipse HTTP/1.1" 304 -
191.156.54.154 - - [12/Aug/2022:19:18:58 -0500] "GET /sipse/faces/javax.faces.resource/layout/layout.css?ln=primefaces&v=4.0 HTTP/1.1" 304 -
191.156.57.128 - - [12/Aug/2022:19:18:58 -0500] "GET /sipse/faces/javax.faces.resource/primefaces.css?ln=primefaces&v=4.0 HTTP/1.1" 304 -
191.156.57.128 - - [12/Aug/2022:19:18:58 -0500] "GET /sipse/faces/javax.faces.resource/jquery/jquery.js?ln=primefaces&v=4.0 HTTP/1.1" 304 -
191.156.57.128 - - [12/Aug/2022:19:18:58 -0500] "GET /sipse/faces/javax.faces.resource/jquery/jquery-plugins.js?ln=primefaces&v=4.0 HTTP/1.1" 304 -
191.156.57.128 - - [12/Aug/2022:19:18:58 -0500] "GET /sipse/faces/javax.faces.resource/primefaces.js?ln=primefaces&v=4.0 HTTP/1.1" 304 -
191.156.57.128 - - [12/Aug/2022:19:18:58 -0500] "GET /sipse/faces/javax.faces.resource/layout/layout.js?ln=primefaces&v=4.0 HTTP/1.1" 304 -
191.156.57.128 - - [12/Aug/2022:19:18:58 -0500] "GET /sipse/css/imagen/contrasena.png HTTP/1.1" 404 383
191.156.57.128 - - [12/Aug/2022:19:19:07 -0500] "GET /sipse/faces/javax.faces.resource/images/ui-bg_flat_0_2d5972_40x100.png?ln=primefaces-aristo HTTP/1.1" 304 -
191.156.54.154 - - [12/Aug/2022:19:19:07 -0500] "POST /sipse/faces/bienvenido.xhtml HTTP/1.1" 200 8566
191.156.54.154 - - [12/Aug/2022:19:19:09 -0500] "POST /sipse/faces/bienvenido.xhtml HTTP/1.1" 200 3843
191.156.54.154 - - [12/Aug/2022:19:19:11 -0500] "POST /sipse/faces/bienvenido.xhtml HTTP/1.1" 200 33043
191.156.54.154 - - [12/Aug/2022:19:19:11 -0500] "GET /sipse/faces/javax.faces.resource/theme.css?ln=primefaces-sipse HTTP/1.1" 304 -
191.156.57.128 - - [12/Aug/2022:19:19:11 -0500] "GET /sipse/faces/javax.faces.resource/primefaces.css?ln=primefaces&v=4.0 HTTP/1.1" 304 -
191.156.58.69 - - [12/Aug/2022:19:19:11 -0500] "GET /sipse/faces/javax.faces.resource/layout/layout.css?ln=primefaces&v=4.0 HTTP/1.1" 304 -
191.156.58.69 - - [12/Aug/2022:19:19:11 -0500] "GET /sipse/faces/javax.faces.resource/jquery/jquery.js?ln=primefaces&v=4.0 HTTP/1.1" 304 -
191.156.58.69 - - [12/Aug/2022:19:19:11 -0500] "GET /sipse/faces/javax.faces.resource/jquery/jquery-plugins.js?ln=primefaces&v=4.0 HTTP/1.1" 304 -
191.156.58.69 - - [12/Aug/2022:19:19:12 -0500] "GET /sipse/faces/javax.faces.resource/primefaces.js?ln=primefaces&v=4.0 HTTP/1.1" 304 -
191.156.58.69 - - [12/Aug/2022:19:19:12 -0500] "GET /sipse/faces/javax.faces.resource/layout/layout.js?ln=primefaces&v=4.0 HTTP/1.1" 304 -
191.156.58.69 - - [12/Aug/2022:19:19:12 -0500] "POST /sipse/faces/presentacion/financiero/solicitudProceso/listarSolicitudProceso.xhtml HTTP/1.1" 200 1372
45.4.244.30 - - [12/Aug/2022:19:19:13 -0500] "GET / HTTP/1.1" 200 319
172.22.2.4 - - [12/Aug/2022:19:18:50 -0500] "HEAD /BLA/boletinlegal/ HTTP/1.1" 200 -
201.245.192.253 - - [12/Aug/2022:19:20:35 -0500] "POST /kwsrmcab/Wsrmcab HTTP/1.1" 200 47371
201.245.192.253 - - [12/Aug/2022:19:20:39 -0500] "POST /kwsrmcab/Wsrmcab HTTP/1.1" 200 48482
173.252.95.18 - - [12/Aug/2022:19:21:02 -0500] "GET /images/jornadas-llantas-usadas-23-mayo.jpg HTTP/1.1" 200 148376
201.245.192.253 - - [12/Aug/2022:19:21:04 -0500] "POST /kwsrmcab/Wsrmcab  HTTP/1.1" 200 46805
172.22.2.4 - - [12/Aug/2022:19:19:40 -0500] "GET /BLA/boletinlegal/ HTTP/1.1" 200 59310
185.119.81.105 - - [12/Aug/2022:19:21:48 -0500] "GET /portaldeninos/wp-login.php HTTP/1.1" 200 2592
185.119.81.105 - - [12/Aug/2022:19:21:49 -0500] "POST /portaldeninos/wp-login.php HTTP/1.1" 200 3605
186.28.79.165 - - [12/Aug/2022:19:22:03 -0500] "OPTIONS /kwssiamovil/sm/setfile/f? HTTP/1.1" 200 13
186.28.79.165 - - [12/Aug/2022:19:22:03 -0500] "POST /kwssiamovil/sm/setfile/f? HTTP/1.1" 200 381
