201.245.192.253 - - [12/Aug/2022:21:40:34 -0500] "POST /kwsrmcab/Wsrmcab HTTP/1.1" 200 47334
201.245.192.253 - - [12/Aug/2022:21:40:35 -0500] "POST /kwsrmcab/Wsrmcab  HTTP/1.1" 200 46805
201.245.192.253 - - [12/Aug/2022:21:40:38 -0500] "POST /kwsrmcab/Wsrmcab HTTP/1.1" 200 48457
172.22.2.4 - - [12/Aug/2022:21:39:40 -0500] "GET /BLA/boletinlegal/ HTTP/1.1" 200 58566
173.252.107.11 - - [12/Aug/2022:21:41:20 -0500] "GET /images/mujeres-cultura-31.jpg HTTP/1.1" 200 33736
185.119.81.109 - - [12/Aug/2022:21:41:25 -0500] "GET /portaldeninos/wp-login.php HTTP/1.1" 200 2592
185.119.81.109 - - [12/Aug/2022:21:41:27 -0500] "POST /portaldeninos/wp-login.php HTTP/1.1" 200 3605
95.108.213.35 - - [12/Aug/2022:21:41:43 -0500] "-" 408 -
216.245.221.92 - - [12/Aug/2022:21:42:27 -0500] "HEAD / HTTP/1.1" 200 -
31.13.127.4 - - [12/Aug/2022:21:42:31 -0500] "GET /images/mercados-campesinos-5-mayo.jpg HTTP/1.1" 200 95848
114.119.155.170 - - [12/Aug/2022:21:43:38 -0500] "-" 408 -
172.22.2.4 - - [12/Aug/2022:21:42:33 -0500] "GET /BLA/boletinlegal/ HTTP/1.1" 200 63198
190.24.122.245 - - [12/Aug/2022:21:44:48 -0500] "GET /kwssiamovil/sm/acme/a?s=U2FsdGVkX188KA/DzdTWwVqfzfPaOk+o3wRpxt9DdAUFaDcyfuoAMuoDu92OnDv/Ylffq0ndnQPNlPyEQgN83Xmp9byVmUoYrQumsNkPIJI7kbaLTIXkudJ5Dt/DnuIW3tJ94WCJUbihHesgZykzsvAX/fq7t9JPkloFMTnsP9p5IT5ebfBBBBhUhU8ztlaVpw6EIoYhMwvx68J2WMfDHOJ1BFD63OnQaNNUdAnSicKdXYY7leZqactZ5i3HKaWmT9/jKom7cqANydRmGYsoEg==&u=U2FsdGVkX19XzNH+tWnOKN88p4t+xMcqdMxGdhrDLohWoA3e2lPAgAMpj3i6KCrY&y=U2FsdGVkX18H/AwvKeIzFGA7nPMrdC4SOS+TSHqmFCaQOIh9r0lCTBwsVYkpxE/M HTTP/1.1" 200 25
190.24.122.245 - - [12/Aug/2022:21:44:49 -0500] "GET /kwssiamovil/sm/acme/a?s=U2FsdGVkX1/epOGl+LA/Z+82coFwsN2OznL0VQbHP+y+dIjMiyBgQ8M/JvJb/T8Wn8prGi9HgTsu1tmIJzRBeYpC2lOS8ohsMWEDR9+a9uf/LDnmfKAU1+R4de+N1Nbtju/yMRUSLCnGA8NmAgZBht4OoLYYAqaWFDqZucRnrnC4LC8sy/xeIYPKExgcfN6+l5kkYp2cJHBwFeg5F14Ff7Lwbf0FF/OpQBkdn9xGRzVQYM/99YJFepVeH+PkkE4Xk5AZO34lKlASQoxpjvFcingAJQsytqVWqTsejUlWjnnd6ZXyNbisJTqrl2EpY8s8dOWQO8B/zXA7swJNE9VqucrVzEv2vanoCenKpmd6lFw5Q7/YwgMe/oLlzGtN6075sAhOvpqHlIgeIg7E6OihHsQAnjdkhOWMW28cbScPGHH9Z0009ULvTM3Okggon5HWBPW69tNWi+hQwViBlzCYON6TXLYRRfgMM+b7Wieay3hnrQoEblfFilRzjwzskSTwuQmJhjiN89Abkm5ks6AFQcI5RnE+MPmFERj769/Dtl4ruVViqK1dnYgPKsnppgydMgUZnHZ4ipVT2fczbGI708hagmN5hLWkBk/KQt/Zf13ywvA7i3iciOFqLGPzxqX4vqEYZ+E+ysQIomUm18vreRVZ3pdLmWsAwp1XX0nlaWGpotuqJhRCAYppDzuobwR16gOsDEHZeBw7e7cNOpgqSJmeGUrHUTcX2otvKnc+qlPoIN0cfTanOw0HaHUZ5paoOPA74wRJiRMpNspQatV0EkqK+Karb/XzCUsXk62lj/eyVRsqTblK9TXtAsnBHn4pb7HdDa100nexn8CEaVabsxaIQmULvqxt4nF/X0hy8XzAzgE8WOvIhOGsl0nlKTgEJoSKEy+W6POh251fO3U/YIM+QELVCczFWIFydQpIipVa7v+JwKoj+5ofi+fSKX3M7oBuXX8YRiYlCqcss0XbL9CBSaxGfxFiDlDRXZnv9AMMko7iN0h4tOvjX47FmpBllyH+rNB6VCX2tIRGtNpEj+4jK+jZo+lFN1jq/fM1jSENanY/r6IRsEzdviYoMvXAWJi//O8Os9rNip8VKwJO3zNd4SUgiJECkwoyPIaC+llDrNG0ft+AcdAw906oZuJLXg5AS4ySd5IlfdwqjrmvoS4ozKa+vi673S1bOJCufKbsyI/+0/olFu2sGeFKXeDmKClFGfa5hgnZxXhh8SKlv1CbWv0oK9ipwtTU0l5Y6rInr5YiZbCRpOkMOdkBkD/yqA5/W0EyB4IbxQXSrYStXod3UGoRBVACESXyrCYFcl7H26j3eWsFG7dsQwGZNla0Vw2pdI90FPhAP6IZyrVtNOEMKcuqDjMLZWoggQhFApjU8CKM0HxLi7nOzGD4cWHPP6k4pD1xjSThy7BkseOjMerG0KMdLEEJ5oST4N87oYtf1gVdS4bDVlcJc2jbK70dte0majXzNCfJ6WN2qS1O4BqXaTPFzCLCz0tLvvfQjG55Zd1X9YcW4KqNsjBn29zP87/R1lhTGvhzmjp+N6DXzQEOJSPh5uXLcmLDP0yxvAfes3Hfw6Wi4NaKYDl7ZrA+V3NHfHiB1x1xuHxkTE6xn81Sp95RHd0qdqv58ia6Ipdhy3V4MDgLC5fDa7fiaqVQTXW5YXCuKfuEqlyCch0QJDsNHvGxa+IqUpx6V+Wbp77GEiOy+BdGVi2e93QhgzCdGCMB1HkM54o/Fx3NEhoT9txy01Ztycm7Rvcq8q1xwf2Qsezait62iH5xg0G10iR9&u=U2FsdGVkX19XzNH+tWnOKN88p4t+xMcqdMxGdhrDLohWoA3e2lPAgAMpj3i6KCrY&y=U2FsdGVkX18H/AwvKeIzFGA7nPMrdC4SOS+TSHqmFCaQOIh9r0lCTBwsVYkpxE/M HTTP/1.1" 200 25
190.24.122.245 - - [12/Aug/2022:21:44:49 -0500] "GET /kwssiamovil/sm/acme/a?s=U2FsdGVkX18gv+ByfBosVP66N7UL29ORGCKG/7vVFtFwA+1VnNHswe5qw+S2i1c/0hwNH3gAyPyhrxg9UHH0pVlXBaHzzpkmFkJk2hBKed9nK86OjkQonYLXmtLUQ59QjqVnc3WN246itgpQdE2cAn5QbtsdB9v9s16tB8AEigs=&u=U2FsdGVkX19XzNH+tWnOKN88p4t+xMcqdMxGdhrDLohWoA3e2lPAgAMpj3i6KCrY&y=U2FsdGVkX18H/AwvKeIzFGA7nPMrdC4SOS+TSHqmFCaQOIh9r0lCTBwsVYkpxE/M HTTP/1.1" 200 25
190.24.122.245 - - [12/Aug/2022:21:44:49 -0500] "GET /kwssiamovil/sm/acme/a?s=U2FsdGVkX1/lAWhsWFL2+cxO5lW2BrVMOKmb1jgMfmFM49BQWAc3eN4gB+PKlBp10OQDgSpKC32YllB1fA7awp6Kfkbk48k+eJkhjebBNRZfg15XFOoIRiKKNjz5E1gorRo0DxRK/hEXU3OQljRS3STVuzc4QUTgBkd4o//a9x4=&u=U2FsdGVkX19XzNH+tWnOKN88p4t+xMcqdMxGdhrDLohWoA3e2lPAgAMpj3i6KCrY&y=U2FsdGVkX18H/AwvKeIzFGA7nPMrdC4SOS+TSHqmFCaQOIh9r0lCTBwsVYkpxE/M HTTP/1.1" 200 25
190.24.122.245 - - [12/Aug/2022:21:44:52 -0500] "GET /kwssiamovil/sm/acme/a?s=U2FsdGVkX183tMSgKDwseVbXyWhjV7yQEh61phrI8S6FmMXeFSpnsyRi2K16ZtcNkbQsgd4xgx0Y7uNIg4EJj1KjLIL8qBaPj1IOcgApzkaAs16xm9S7cSH6/wvQ2XzGHcW4sovF+6RSBzETZK0ICAbk3P8WA7qo5qX5QUK4wHM=&u=U2FsdGVkX19XzNH+tWnOKN88p4t+xMcqdMxGdhrDLohWoA3e2lPAgAMpj3i6KCrY&y=U2FsdGVkX18H/AwvKeIzFGA7nPMrdC4SOS+TSHqmFCaQOIh9r0lCTBwsVYkpxE/M HTTP/1.1" 200 25
190.24.122.245 - - [12/Aug/2022:21:44:52 -0500] "GET /kwssiamovil/sm/acme/a?s=U2FsdGVkX19GGmZQjU29RN60wEnNhjYBJD34XHiJt3nsMgezjm/U1Z7hMjPmU4wjsF0378OxRsOAoGl80O6PfjANlTiWBoA1AAQURd+czdo3DMJMS0jitmpnJ9uZU4N3XBoEqm4v7w0gqBu6zbdcd13hZ1bhKt93yas4dVVK6ovI2DLgTx9LMv+fUWTtOwyr&u=U2FsdGVkX19XzNH+tWnOKN88p4t+xMcqdMxGdhrDLohWoA3e2lPAgAMpj3i6KCrY&y=U2FsdGVkX18H/AwvKeIzFGA7nPMrdC4SOS+TSHqmFCaQOIh9r0lCTBwsVYkpxE/M HTTP/1.1" 200 25
201.245.192.253 - - [12/Aug/2022:21:45:34 -0500] "POST /kwsrmcab/Wsrmcab  HTTP/1.1" 200 46805
69.171.249.5 - - [12/Aug/2022:21:45:45 -0500] "GET /images/visita-suspension-humedal-techo-24-mayo.jpg HTTP/1.1" 200 57365
172.22.2.4 - - [12/Aug/2022:21:44:40 -0500] "HEAD /BLA/boletinlegal/ HTTP/1.1" 200 -
172.22.2.4 - - [12/Aug/2022:21:46:45 -0500] "GET /BLA/boletinlegal/Circulares/2022/CIRCULAR%20No.%2000005%20DEL%2030%20DE%20JUNIO%20DEL%202022.pdf HTTP/1.1" 404 1218
172.22.2.4 - - [12/Aug/2022:21:46:50 -0500] "GET /BLA/boletinlegal/Circulares/2019/.pdf HTTP/1.1" 404 1218
172.22.2.4 - - [12/Aug/2022:21:46:59 -0500] "GET /BLA/boletinlegal/Circulares/2012/Circular%20No.%2010%20del%2026%20de%20Enero%20de%202012.pdf HTTP/1.1" 404 1218
172.22.2.4 - - [12/Aug/2022:21:45:30 -0500] "GET /BLA/boletinlegal/ HTTP/1.1" 200 58566
216.245.221.92 - - [12/Aug/2022:21:47:27 -0500] "HEAD / HTTP/1.1" 200 -
116.7.96.198 - - [12/Aug/2022:21:49:22 -0500] "HEAD /portaldeninos/ HTTP/1.1" 200 -
116.7.96.198 - - [12/Aug/2022:21:49:27 -0500] "GET /portaldeninos/ HTTP/1.1" 200 110281
116.7.96.198 - - [12/Aug/2022:21:49:43 -0500] "HEAD /portaldeninos/ HTTP/1.1" 200 -
116.7.96.198 - - [12/Aug/2022:21:49:45 -0500] "GET /portaldeninos/ HTTP/1.1" 200 110281
201.245.192.253 - - [12/Aug/2022:21:50:33 -0500] "POST /kwsrmcab/Wsrmcab  HTTP/1.1" 200 46805
87.250.224.102 - - [12/Aug/2022:21:51:43 -0500] "-" 408 -
172.22.2.4 - - [12/Aug/2022:21:50:30 -0500] "HEAD /BLA/boletinlegal/ HTTP/1.1" 200 -
216.245.221.92 - - [12/Aug/2022:21:52:27 -0500] "HEAD / HTTP/1.1" 200 -
157.55.39.98 - - [12/Aug/2022:21:52:45 -0500] "GET /sipse/faces/faces/autenticacion.xhtml HTTP/1.1" 200 12494
172.22.2.4 - - [12/Aug/2022:21:51:20 -0500] "GET /BLA/boletinlegal/ HTTP/1.1" 200 50790
69.171.249.120 - - [12/Aug/2022:21:54:23 -0500] "GET /participa-en-las-actividades-del-dia-mundial-de-humedales.html HTTP/1.1" 206 874
201.245.192.253 - - [12/Aug/2022:21:55:32 -0500] "POST /kwsrmcab/Wsrmcab  HTTP/1.1" 200 46805
216.245.221.92 - - [12/Aug/2022:21:57:27 -0500] "HEAD / HTTP/1.1" 200 -
172.22.2.4 - - [12/Aug/2022:21:56:20 -0500] "HEAD /BLA/boletinlegal/ HTTP/1.1" 200 -
172.22.2.4 - - [12/Aug/2022:21:57:10 -0500] "GET /BLA/boletinlegal/ HTTP/1.1" 200 58566
173.252.107.13 - - [12/Aug/2022:21:59:06 -0500] "GET /incautadas-tarantulas-que-iban-a-ser-exportadas-ilegalmente-desde-bogota-hasta-mexico.html HTTP/1.1" 206 899
192.241.206.119 - - [12/Aug/2022:21:59:24 -0500] "GET / HTTP/1.1" 200 319
201.245.192.253 - - [12/Aug/2022:22:00:31 -0500] "POST /kwsrmcab/Wsrmcab  HTTP/1.1" 200 46805
87.250.224.47 - - [12/Aug/2022:22:01:43 -0500] "-" 408 -
216.245.221.92 - - [12/Aug/2022:22:02:26 -0500] "HEAD / HTTP/1.1" 200 -
172.22.2.4 - - [12/Aug/2022:22:02:10 -0500] "HEAD /BLA/boletinlegal/ HTTP/1.1" 200 -
190.24.122.245 - - [12/Aug/2022:22:03:56 -0500] "OPTIONS /kwssiamovil/sm/setfile/f? HTTP/1.1" 200 13
190.24.122.245 - - [12/Aug/2022:22:03:56 -0500] "POST /kwssiamovil/sm/setfile/f? HTTP/1.1" 200 381
190.24.122.245 - - [12/Aug/2022:22:04:09 -0500] "GET /kwssiamovil/sm/acme/a?s=U2FsdGVkX19Zb0bQpj1nenqnAFO0b0iy8lr+zT1Nace2xlKmGBfVu6+CEZTFy8p0/YvaO0gqn6mZeeAJAkHdmvSsoRVijSC7MLCGFoGnHdaL77/k0zMC4jZlD6LdeL7EgTcDHlQBdM+rFuqz/Xp/0SBakBfDlGy4WgKYZX0JMlFXhOue7RdiREWfNtrbT4Y1tyEZFt3Os4DqlwE3T3NsLoLlCoV7TCXMok77ePdT4QM6yysPGgXI/q8fd8/bjRRhycf7NDiWWND00qhma68ZyA==&u=U2FsdGVkX19XzNH+tWnOKN88p4t+xMcqdMxGdhrDLohWoA3e2lPAgAMpj3i6KCrY&y=U2FsdGVkX18H/AwvKeIzFGA7nPMrdC4SOS+TSHqmFCaQOIh9r0lCTBwsVYkpxE/M HTTP/1.1" 200 25
190.24.122.245 - - [12/Aug/2022:22:04:10 -0500] "GET /kwssiamovil/sm/acme/a?s=U2FsdGVkX1/0l2tzBhzepF2B0w/SrWxG/OjYNlkgbuFeEL/iudF1QolDX408Xy3nWTMi25JyRTpTroGfWhAaTXsBLrABgp8NHMJpceTIlXNbzUeMpd4qpil9pbyV4qnEtcTThTzvlpBr/j0A47+zaFDJQr6hxUBF0/A1//oWhLIPBebD440TqULQo47+rJU66UKBV2Bt9pkallTmQW/QOIZHQUhZbO82lkBoO90zXYhkeJ+sqmu7QB/ONlR/55yAdrPwn6xLmxQqc9CDP05rBsBAazNsJYVjKGo17rYSII/hWyGvyFpaOyZTMyJJqStg1fwaM3mzhOeLTaFBAdvubpZfLsPS5hUqfCsiwovGTcIoihjUTlhdC2s4dZrdiCJ4OGu8ryvBhDVC3xAutBgUtNh7tGzt1RUV7m83HWWs7m2EdPKTJEAoEB+NLug8v60jFld//1EXhHLCfIbLVF7IxtIvq68iFiOnbEj69c6pWi/425xhdUf5r5avcV+r6OGUWjUQO1LK7TZlO49zb1ply8Tiz8DDeOtpmXgkz0uV2LE2WlX0JbDr2heo2n19P0QFriaeA4dZVoN7JrRTERSNjDy+lO3Yo5CKWns+Bkj1+8qOLZlwu+/PjE4d6EY58zuUNOij5CDy1UOsbDDJLWz86BoNfi3qSDpBC3prtUMJAYhTCkeZ7rONepnf/RmvNXCd5NkHS7WWkiz0kdJqCuEHNiD7kUWKGCcH6lVEtr/cufZ6hdWgfEK5Fm9ItJrV8xdDBlI9xOW/6SvxDiCyNyWdDH4pYRf7KNPV+ZBUP0DEtFCnVd8rxa0XgqV63eVTj54KBHGcjujRmNErqgjFJZ2TvDb0tiwmDHSAt/eKU+2fHqI1ZMlwzXN4kEdYPB5Igl3tmg51gBXDETRssR26DXo58MNmtb6cHSjlU5lvA+nrL3qZZJC3R6JpMK6AXQVWtEKoxLybdwZ6vRK8nzF8rVUUhOQ4/at2ZiHhpsjbCtkDU/Mqnj9JI1ba9mzYQxOpnMzN9kUBvVEkFumbsun3GynSMRctgMAQzQc2nxL2OCPT4w18X82UDwwkDPx7Tz3ZroXOupLh/1xbqxDOIw0Wm9ioB6KNMkgwBQWjA9/kfOtj/DJBwlFO5w4oy0Inh8YxUCiLvjBJegH7E676mZ4+rG+rmA0CHw7egAvG/fiYcmX3RrQDNpDQIu3h5w0FmpVD9v7e/aknq3z3/B9k4cyIJFaNRNlQPggK/+YB44LfqpWZGqPAKK0bqNJjq5UldDHWX846zns4r6vOa3hX7+lYDt4YA9G/y0Lj4ulTPEPKbjU4joyj1gGxd7ndmK06l1EPXGd7+Oo/2w7zEQ+z0QdNa/mMIqNR/9ADBXCdY5Rt24Y2sHNA+DMqY9dC1K6YgxAOZLD0ER/8u3AL/EMf1rOg4ZK4HfbVAMqFp408m6NOmJBhwy5JVlsQeVTFBqMJRLPffjCiecLxblzbk57ZtoqLC9pL9dN4P4PTKsgOLYwY2hCVgZyOEsd5Afi762/azKaW3w3lWCYIH7/3B24Il4392KG1IAhj4NtdBHpVJv5I+g6VQteof+OTD1OwTdiyMY1j5s++Hq7RyOuQmFJJBUuthxN3TCmULE/njv6jy3QM2w1h1zS98wX96SahxmSPSXTMuOFdwPeW4OXMDOrMxWcfK7BpXsQ/P7KGVBgbrTz7gOmpGTUdWrsnzAkewMjtAPjetOdPbIDnU0R3i4fMs4WzGasMvA==&u=U2FsdGVkX19XzNH+tWnOKN88p4t+xMcqdMxGdhrDLohWoA3e2lPAgAMpj3i6KCrY&y=U2FsdGVkX18H/AwvKeIzFGA7nPMrdC4SOS+TSHqmFCaQOIh9r0lCTBwsVYkpxE/M HTTP/1.1" 200 25
190.24.122.245 - - [12/Aug/2022:22:04:12 -0500] "GET /kwssiamovil/sm/acme/a?s=U2FsdGVkX18beBL5gyXQFLDm0136zXwslu0CLOXwj5fcfWEYYnXpynsxjqZxXgXfJ66S+SRGxsP+3URSUR4r4e7MRAELN9beTE42mGjMZ0Q4QhPYTSfXSdtvGH0tMb8cFS78h1lt/FeuGrWHX9HbLTNPzsykT+3yqfHTv9s9Zog=&u=U2FsdGVkX19XzNH+tWnOKN88p4t+xMcqdMxGdhrDLohWoA3e2lPAgAMpj3i6KCrY&y=U2FsdGVkX18H/AwvKeIzFGA7nPMrdC4SOS+TSHqmFCaQOIh9r0lCTBwsVYkpxE/M HTTP/1.1" 200 25
190.24.122.245 - - [12/Aug/2022:22:04:13 -0500] "GET /kwssiamovil/sm/acme/a?s=U2FsdGVkX1+MzRxYtPReeoXfHWRM4XWqPZF1Kh/x/Hke/z1ySl3uNyJ/Yn+mNqfJTD0WF+jhl7jclkoh23sVj5FlvQ8jtxwLL4S5q4mqERM8uqdYL2rJ+dMNb8DBBr28KuSzLv6bSZGD343wHVn5qRegqmzkQu+yucc/NBToisg=&u=U2FsdGVkX19XzNH+tWnOKN88p4t+xMcqdMxGdhrDLohWoA3e2lPAgAMpj3i6KCrY&y=U2FsdGVkX18H/AwvKeIzFGA7nPMrdC4SOS+TSHqmFCaQOIh9r0lCTBwsVYkpxE/M HTTP/1.1" 200 25
190.24.122.245 - - [12/Aug/2022:22:04:13 -0500] "GET /kwssiamovil/sm/acme/a?s=U2FsdGVkX1+b/ihNnvBpy2vQj9YxqsI7lzz8Pc7E6AkkO7/0xD5jC642qNw21SmNvf4dlw4RsHO+LybjZy/AhenPrDtvFiyXRN3RPzXqmCIM3Hf8X98s7473oTrKP/xpJDmEfQRJTYyAI2rA3cxO/rSgFo4G0xsEMAPDs1RHTkY=&u=U2FsdGVkX19XzNH+tWnOKN88p4t+xMcqdMxGdhrDLohWoA3e2lPAgAMpj3i6KCrY&y=U2FsdGVkX18H/AwvKeIzFGA7nPMrdC4SOS+TSHqmFCaQOIh9r0lCTBwsVYkpxE/M HTTP/1.1" 200 25
190.24.122.245 - - [12/Aug/2022:22:04:13 -0500] "GET /kwssiamovil/sm/acme/a?s=U2FsdGVkX1/81BCF39HUIyqcnIfNoygYUY6gUqbg4AaApwZWTbiyf/sIhyu0D+aRLnFPohw867ymZLkPy5nXkRL8eICFjcBWxeVCY785au8UN+CDYPNl1ObbB7j2I2HJhpL6KnYfXGYmXUccaxSkrJOTdc5pGst4Neyu/RE05Q1VabjKoTDtSAKTCT912qvm&u=U2FsdGVkX19XzNH+tWnOKN88p4t+xMcqdMxGdhrDLohWoA3e2lPAgAMpj3i6KCrY&y=U2FsdGVkX18H/AwvKeIzFGA7nPMrdC4SOS+TSHqmFCaQOIh9r0lCTBwsVYkpxE/M HTTP/1.1" 200 25
190.24.122.245 - - [12/Aug/2022:22:04:13 -0500] "GET /kwssiamovil/sm/acme/a?s=U2FsdGVkX190Bn+MQpJJlkbtosaQT+4VaqE3/5h/s/LH+WgZP2jxHNFdSlJsT5PL6HeLc0vVM4s4vuxDfAwAy8q3RFZAoD+ERfm8pcJiA98pmYIEo1V/0yhGf3JnlpqGKpTAMhVolGI5UnvNUHOTkUeySy0ALi+K8DSOne3w3d1RQH+yXtpXEZ51nt2B/FCGcsgdXKb/Qr34C8vJ0onLY5Slxn5f7j7qK0GFzZB6M8ls4r0aaYaC0K4fLKuw1jTeajbxPPIm5L6g2LcKHsYAK7Sx97xcLNcVu6MvjVeOglsy5fzRUPMZQauiSsne3XzFANRVfsg3+IdPMa0K68ENskyAT8C/HoC+n9YKjiuVNLglNAHGGxvBP97aGYtixOVKn8/DeV84teu1Z+yk6/6Ac0RBYgb0K0Vly5lpTFU66ZVDZhG5r4X++xA9FzPjJInXJopAsgvi6bcn9LagwlRRUpyzcH17UYMEq5i3wxpuS5juRS7i2w2Y852GUA4Znq0M&u=U2FsdGVkX19XzNH+tWnOKN88p4t+xMcqdMxGdhrDLohWoA3e2lPAgAMpj3i6KCrY&y=U2FsdGVkX18H/AwvKeIzFGA7nPMrdC4SOS+TSHqmFCaQOIh9r0lCTBwsVYkpxE/M HTTP/1.1" 200 25
190.24.122.245 - - [12/Aug/2022:22:04:14 -0500] "GET /kwssiamovil/sm/acme/a?s=U2FsdGVkX1/5oJ6KlYAfI5UKsWCM2eh7BDHzJuYk59IwF3g9di2gjq6KbCKxlB/M8DfhNUnGP8CCpRTekF0m9qYX7yy/O+1tSJbQpbPVFlpRhX6cAKcyVxufcHmY8ihxmImqOupzKEblI+oKKDNVstJd4Ef3fjUxO+s1f3tkjoBV3LrBjI/OfNjtBpYCRijYpuWXjsAQYoDYA7risqh9Fd0A5x/NsV9TcDDUznRNPJjHQs57H7SZjpibbU6Tgf82NbIwvUebKLqalA326mj4iikGnPNXYTj4kcEYyyLcPdcNpnarHsdBms2ontG4zoXBW4dU1QSdn+L6UWzS2wKl34GwshVH0z0+dTxtQ1KOlSGwZx1moTtVwB1LWzU73USeIXPhUctbg0esxmJdn+4UzozRJbFf/Wlj+N7G8UEAGKY2vTtOIruPEB20kOTpkdEoE6ZWQbMpCuMeXxUe1qeBpA==&u=U2FsdGVkX19XzNH+tWnOKN88p4t+xMcqdMxGdhrDLohWoA3e2lPAgAMpj3i6KCrY&y=U2FsdGVkX18H/AwvKeIzFGA7nPMrdC4SOS+TSHqmFCaQOIh9r0lCTBwsVYkpxE/M HTTP/1.1" 200 25
172.22.2.4 - - [12/Aug/2022:22:03:00 -0500] "GET /BLA/boletinlegal/ HTTP/1.1" 200 55621
201.245.192.253 - - [12/Aug/2022:22:05:30 -0500] "POST /kwsrmcab/Wsrmcab  HTTP/1.1" 200 46805
23.100.232.233 - - [12/Aug/2022:22:06:52 -0500] "GET /galeria/galeria/jquery.fancybox.js?v=2.1.5 HTTP/1.1" 200 48706
23.100.232.233 - - [12/Aug/2022:22:06:52 -0500] "GET /BLA/boletinlegal/js/jquery.scrollShow.js HTTP/1.1" 200 4586
23.100.232.233 - - [12/Aug/2022:22:06:52 -0500] "GET /galeria/galeria/jquery.fancybox.css?v=2.1.5 HTTP/1.1" 200 4895
216.245.221.92 - - [12/Aug/2022:22:07:27 -0500] "HEAD / HTTP/1.1" 200 -
64.124.8.25 - - [12/Aug/2022:22:08:28 -0500] "GET /transparencia/financiera/Desagregado%20con%20modificaciones/Vigencia%20actual/Modificaciones%20Pptales%20Enero%202022.xlsx HTTP/1.1" 200 15585961
172.22.2.4 - - [12/Aug/2022:22:09:21 -0500] "GET /BLA/boletinlegal/actos.php HTTP/1.1" 200 9559
181.61.206.204 - - [12/Aug/2022:22:09:24 -0500] "GET /BLA/resoluciones/ HTTP/1.1" 200 13093
172.22.2.4 - - [12/Aug/2022:22:08:00 -0500] "HEAD /BLA/boletinlegal/ HTTP/1.1" 200 -
181.61.206.204 - - [12/Aug/2022:22:09:27 -0500] "GET /BLA/resoluciones/index.php?dir=RESOLUCIONES+2020%2F HTTP/1.1" 200 164803
172.22.2.4 - - [12/Aug/2022:22:08:50 -0500] "GET /BLA/boletinlegal/ HTTP/1.1" 200 45684
201.245.192.253 - - [12/Aug/2022:22:10:29 -0500] "POST /kwsrmcab/Wsrmcab  HTTP/1.1" 200 46805
172.22.2.4 - - [12/Aug/2022:22:09:19 -0500] "GET /BLA/boletinlegal/ HTTP/1.1" 200 47201
172.22.2.4 - - [12/Aug/2022:22:11:13 -0500] "GET /BLA/boletinlegal/js/jquery.js HTTP/1.1" 200 57254
172.22.2.4 - - [12/Aug/2022:22:11:13 -0500] "GET /BLA/boletinlegal/images/cabezote%20BLEGAL.jpg HTTP/1.1" 200 118164
172.22.2.4 - - [12/Aug/2022:22:11:13 -0500] "GET /BLA/boletinlegal/images/subscribe-icon-big.png HTTP/1.1" 200 47702
172.22.2.4 - - [12/Aug/2022:22:11:13 -0500] "GET /BLA/boletinlegal/images/historia.png HTTP/1.1" 200 52775
172.22.2.4 - - [12/Aug/2022:22:11:13 -0500] "GET /BLA/boletinlegal/images/screen_1.png HTTP/1.1" 200 202547
172.22.2.4 - - [12/Aug/2022:22:11:13 -0500] "GET /BLA/boletinlegal/images/launch.jpg HTTP/1.1" 200 14577
172.22.2.4 - - [12/Aug/2022:22:11:15 -0500] "GET /BLA/boletinlegal/actos.php HTTP/1.1" 200 9559
172.22.2.4 - - [12/Aug/2022:22:11:15 -0500] "GET /BLA/boletinlegal/js/ajax_actos.js HTTP/1.1" 200 1322
172.22.2.4 - - [12/Aug/2022:22:11:15 -0500] "GET /BLA/boletinlegal/niceforms.js HTTP/1.1" 200 22876
172.22.2.4 - - [12/Aug/2022:22:11:15 -0500] "GET /BLA/boletinlegal/niceforms-default.css HTTP/1.1" 200 6694
172.22.2.4 - - [12/Aug/2022:22:11:15 -0500] "GET /BLA/boletinlegal/js/lib.js HTTP/1.1" 200 6474
172.22.2.4 - - [12/Aug/2022:22:11:15 -0500] "GET /BLA/boletinlegal/js/popup.js HTTP/1.1" 200 1270
172.22.2.4 - - [12/Aug/2022:22:11:15 -0500] "GET /BLA/boletinlegal/js/jquery1.js HTTP/1.1" 200 29846
172.22.2.4 - - [12/Aug/2022:22:11:16 -0500] "GET /BLA/boletinlegal/images/green-yellow-blue-pink-th.png HTTP/1.1" 200 7394
172.22.2.4 - - [12/Aug/2022:22:11:16 -0500] "GET /BLA/boletinlegal/images/abajo.png HTTP/1.1" 200 96676
172.22.2.4 - - [12/Aug/2022:22:11:16 -0500] "GET /BLA/boletinlegal/images/tel.png HTTP/1.1" 200 14477
172.22.2.4 - - [12/Aug/2022:22:11:16 -0500] "GET /BLA/boletinlegal/images/icono-email.png HTTP/1.1" 200 5544
172.22.2.4 - - [12/Aug/2022:22:11:16 -0500] "GET /BLA/boletinlegal/images/footer_bg_l.jpg HTTP/1.1" 200 776
172.22.2.4 - - [12/Aug/2022:22:11:16 -0500] "GET /BLA/boletinlegal/img/0.png HTTP/1.1" 200 110
172.22.2.4 - - [12/Aug/2022:22:11:16 -0500] "GET /BLA/boletinlegal/img/select-left.png HTTP/1.1" 200 263
172.22.2.4 - - [12/Aug/2022:22:11:16 -0500] "GET /BLA/boletinlegal/img/select-right.png HTTP/1.1" 200 44019
172.22.2.4 - - [12/Aug/2022:22:11:16 -0500] "GET /BLA/boletinlegal/img/button-left.png HTTP/1.1" 200 57071
172.22.2.4 - - [12/Aug/2022:22:11:16 -0500] "GET /BLA/boletinlegal/img/button.png HTTP/1.1" 200 43241
172.22.2.4 - - [12/Aug/2022:22:11:16 -0500] "GET /BLA/boletinlegal/img/button-right.png HTTP/1.1" 200 57878
172.22.2.4 - - [12/Aug/2022:22:11:16 -0500] "GET /BLA/boletinlegal/favicon.ico HTTP/1.1" 404 1326
172.22.2.4 - - [12/Aug/2022:22:11:25 -0500] "GET /BLA/boletinlegal/consulta_actos.php?tipo=autos&no=1150&usuario=&sector=&fecha=2012&resuelve= HTTP/1.1" 200 626
172.22.2.4 - - [12/Aug/2022:22:11:29 -0500] "GET /BLA/boletinlegal/consulta_actos.php?tipo=autos&no=1150&usuario=&sector=&fecha=2012&resuelve= HTTP/1.1" 200 626
190.24.122.245 - - [12/Aug/2022:22:11:30 -0500] "GET /kwssiamovil/sm/ldap/au?x=U2FsdGVkX1/mN+IodfDlZXX5PjfvNSt7dAIB/IJ2G00AyZXEbijdAKTofq8cb3kP&y=U2FsdGVkX19sbSA+QqX9Ho5siQqE9RKc07AA0z8Nu7ndrao7Tp+uU2G1EoI7XLsg HTTP/1.1" 200 30
190.24.122.245 - - [12/Aug/2022:22:11:31 -0500] "GET /kwssiamovil/sm/acme/s?s=U2FsdGVkX1+dRfgcoti8pvw6Xot/Yz7ZhuHbzHvFF+q4QBEJIhTAMNgdUwiNstlIMONHSS9GqSjnRHyd+U2P0lB1rIT9jUwfLzljDxMNNA4=&u=U2FsdGVkX1/6plMEXrvYlvk4cleGmwS/nTIPXlDkpFy4Z4gIAbVb9K3BCtmQHmJU&y=U2FsdGVkX19sbSA+QqX9Ho5siQqE9RKc07AA0z8Nu7ndrao7Tp+uU2G1EoI7XLsg HTTP/1.1" 200 97
190.24.122.245 - - [12/Aug/2022:22:11:31 -0500] "GET /kwssiamovil/sm/acme/s?s=U2FsdGVkX19ZPhr7lkb7WPMPEc8wisQwmcNJ29rUk1vVlaq7CWwjGPrTVeWK1srqkH0pSL2NCyYf0Eu4gT0B3HxYvepAGtSMDBJNv0M3RMz+uPWfaFFysiaR4HqVfy6xzMyi0B8hh0xHHdrL4X/MlJ37jpjOzgTZjJYgPoapP6PgPCryS7rhQwaJx/9ch1KQOvt2IJ828AQWon6Kjhm3GXHgh1Jm7DFIdD6eOZQdyKZMMi+B7eEscGVq8V+G6mZ7K+6pEQClbTnma4XOmHmoBXIPsDFfYUcfICWihBjbum11aCB/FvbEgBtrHcDeyklJAZfETglRwLMSPfDLs4Ag7ASjYwRul7p3g88NshpixaaJCSWzwDbCIn5TiVLZuXtNnb3z+VdMoeRYP83PudxnGNTzxR16NEEExoIgsRELRV6XNg/vSNbDpJRzfQDtkTfEr14TFSDPVPejLhWmDluCoJ7hXkbmJnqJImjTDPSOSwRivDDGtZCij1590FQGyaXLCA47VIWwK80plJq0v/B2toMD4gjcbtcdaChGeNlxgmxpwYnlG3vgEkiGwBYanUeEAWjZzDid3yt+5KguNxcg93mESc2drDuH66zsHV9kMyIVPeDMp4aCUGxSm0cVhY7KGgCfeZ+/nazO02AmMV7jUb3s9nOdZqTfSyTQUtWOm6vmX0BUhyGMhYTeKTo8mMXUmVGaSfuHM7Ji8hmeo0dYg5aSk4yW0WlvoG8/8X1hhtqnv9otdR6xHnRQmcaQr9ghGzAOh7B4vw3OV3+IgwcosCn0FOspnHMT9atl7SCFebWgUUypemnts3OaFftB8E+q2yElE8dcmT7Gor9LXb2w8Ov8zEGyrCPoYZ3PSh/PKt5JT54rLcgzdYfbrySfPPPW12Nj2RO5pLtB7gsYJIw3ALh3T5jrCGdwsSGt8vcs6SXpJ7RYUqXU69XZXtsv1bDt7s88bT+kNTzXSZmaK5RZRhkB3msk6yaLAJL6sFAqCDi+5MpjUVLmGC1oGtxKBJiPi8PrBMzzjBXA/Lkvewd9uLfOFjTcz1GGIA39eP0OxfChic5xlU+zvLYouMxEcInbaswC35h9xP0jSg2RSdkPd0ygjvXlsrJgdgBa5m8Zoz6NTHBuem7zhtjylZaoNMwQ2USAVlk4ZhHkphhhplRNON7cwVMEmeCbl5YhRQVPXp4eAWtklZCwtex/cBhtMYNaJZ0JMHtWs0iK28YpGnZHboxP0fU02u8bD2ZuDzt2JS50fMXfnXpTYYUoJV+ttAsoVXwSQ1agdUTRdi19w6WkXgsOUOBlc7SuhsNRrcE0wkeNdyCuxRtqrRXzkfeOqV3FWhkU6pBoRW2Wfwh0vuVPyUz1us2RqVcFfPvqw9iLDlM=&u=U2FsdGVkX1/6plMEXrvYlvk4cleGmwS/nTIPXlDkpFy4Z4gIAbVb9K3BCtmQHmJU&y=U2FsdGVkX19sbSA+QqX9Ho5siQqE9RKc07AA0z8Nu7ndrao7Tp+uU2G1EoI7XLsg HTTP/1.1" 200 13661
190.24.122.245 - - [12/Aug/2022:22:11:31 -0500] "GET /kwssiamovil/sm/acme/s?s=U2FsdGVkX1/eFf/HIRE7w7leqeYFZWQIKbW+59SpYGymxmQsHmX+KnfCmxZaHyfUjTG1p3iNRFPvOEchnJxkNuFZCor4tpBuKy9aOaUChjfroYNIAdRjVpNdLaNpZJvhevT/n5ZiGdLlkp/XGdxjugeD33Bm3h6JJwpNFZ4ffX8DyMtFFwzQrDZWLn9N1lGlI0dAJ7Y0cJuKj9qYOgmk/ORO9IqoTCXtPB+W5RoZKUsNTkY1uDw88/NZ+wRFvSn+hQkB9ZenrfGGXbUSTHTKtBT3dRrHsrtSBJNnQ4YFVHs=&u=U2FsdGVkX1/6plMEXrvYlvk4cleGmwS/nTIPXlDkpFy4Z4gIAbVb9K3BCtmQHmJU&y=U2FsdGVkX19sbSA+QqX9Ho5siQqE9RKc07AA0z8Nu7ndrao7Tp+uU2G1EoI7XLsg HTTP/1.1" 200 176
190.24.122.245 - - [12/Aug/2022:22:11:31 -0500] "GET /kwssiamovil/sm/cjson/pre?f=1&x=U2FsdGVkX1/mN+IodfDlZXX5PjfvNSt7dAIB/IJ2G00AyZXEbijdAKTofq8cb3kP HTTP/1.1" 200 30992
95.108.213.32 - - [12/Aug/2022:22:11:43 -0500] "-" 408 -
172.22.2.4 - - [12/Aug/2022:22:11:13 -0500] "GET /BLA/boletinlegal/ HTTP/1.1" 200 24523
216.245.221.92 - - [12/Aug/2022:22:12:27 -0500] "HEAD / HTTP/1.1" 200 -
181.59.2.236 - - [12/Aug/2022:22:12:55 -0500] "GET /portaldeninos/wp-content/uploads/useanyfont/uaf.css?ver=1589905315 HTTP/1.1" 200 408
181.59.2.236 - - [12/Aug/2022:22:12:55 -0500] "GET /portaldeninos/wp-content/themes/betheme/style.css?ver=20.9.6 HTTP/1.1" 200 287
181.59.2.236 - - [12/Aug/2022:22:12:55 -0500] "GET /portaldeninos/wp-content/themes/betheme/css/base.css?ver=20.9.6 HTTP/1.1" 200 57283
181.59.2.236 - - [12/Aug/2022:22:12:55 -0500] "GET /portaldeninos/wp-content/plugins/gallery-videos/CSS/totalsoft.css?ver=4.9.8 HTTP/1.1" 200 40622
181.59.2.236 - - [12/Aug/2022:22:12:55 -0500] "GET /portaldeninos/wp-content/plugins/gallery-videos/CSS/Total-Soft-Gallery-Video-Widget.css?ver=4.9.8 HTTP/1.1" 200 51554
181.59.2.236 - - [12/Aug/2022:22:12:55 -0500] "GET /portaldeninos/wp-content/themes/betheme/css/layout.css?ver=20.9.6 HTTP/1.1" 200 116639
181.59.2.236 - - [12/Aug/2022:22:12:56 -0500] "GET /portaldeninos/wp-content/themes/betheme/assets/jplayer/css/jplayer.blue.monday.css?ver=20.9.6 HTTP/1.1" 200 9834
181.59.2.236 - - [12/Aug/2022:22:12:56 -0500] "GET /portaldeninos/wp-content/themes/betheme/css/shortcodes.css?ver=20.9.6 HTTP/1.1" 200 138889
181.59.2.236 - - [12/Aug/2022:22:12:56 -0500] "GET /portaldeninos/wp-content/themes/betheme/assets/ui/jquery.ui.all.css?ver=20.9.6 HTTP/1.1" 200 18765
181.59.2.236 - - [12/Aug/2022:22:12:56 -0500] "GET /portaldeninos/wp-content/themes/betheme/assets/animations/animations.min.css?ver=20.9.6 HTTP/1.1" 200 14603
181.59.2.236 - - [12/Aug/2022:22:12:56 -0500] "GET /portaldeninos/wp-content/plugins/google-analytics-for-wordpress/assets/js/frontend-gtag.min.js?ver=8.5.0 HTTP/1.1" 200 11801
181.59.2.236 - - [12/Aug/2022:22:12:56 -0500] "GET /portaldeninos/wp-content/themes/betheme/css/responsive.css?ver=20.9.6 HTTP/1.1" 200 55740
172.22.2.4 - - [12/Aug/2022:22:13:11 -0500] "POST /BLA/boletinlegal/vendor/phpunit/phpunit/src/Util/PHP/eval-stdin.php HTTP/1.1" 404 1018
64.124.8.25 - - [12/Aug/2022:22:13:12 -0500] "GET /transparencia/financiera/Desagregado%20con%20modificaciones/Historico/Modificaciones%20Pptales%202020.xlsx HTTP/1.1" 200 108785
64.124.8.25 - - [12/Aug/2022:22:14:22 -0500] "GET /transparencia/financiera/Desagregado%20con%20modificaciones/Historico HTTP/1.1" 301 300
172.22.2.4 - - [12/Aug/2022:22:13:50 -0500] "HEAD /BLA/boletinlegal/ HTTP/1.1" 200 -
201.245.192.253 - - [12/Aug/2022:22:15:28 -0500] "POST /kwsrmcab/Wsrmcab  HTTP/1.1" 200 46805
172.22.2.4 - - [12/Aug/2022:22:14:40 -0500] "GET /BLA/boletinlegal/ HTTP/1.1" 200 58566
216.245.221.92 - - [12/Aug/2022:22:17:27 -0500] "HEAD / HTTP/1.1" 200 -
172.22.2.4 - - [12/Aug/2022:22:17:00 -0500] "GET /BLA/boletinlegal/ HTTP/1.1" 200 24523
207.46.13.20 - - [12/Aug/2022:22:19:44 -0500] "GET /galeria/galeria/fotos/Humedal-la-Isla1G.jpg HTTP/1.1" 200 216243
201.245.192.253 - - [12/Aug/2022:22:20:27 -0500] "POST /kwsrmcab/Wsrmcab  HTTP/1.1" 200 46805
201.245.192.253 - - [12/Aug/2022:22:20:34 -0500] "POST /kwsrmcab/Wsrmcab HTTP/1.1" 200 47033
201.245.192.253 - - [12/Aug/2022:22:20:38 -0500] "POST /kwsrmcab/Wsrmcab HTTP/1.1" 200 48291
172.22.2.4 - - [12/Aug/2022:22:19:40 -0500] "HEAD /BLA/boletinlegal/ HTTP/1.1" 200 -
64.124.8.44 - - [12/Aug/2022:22:21:36 -0500] "GET /portaldeninos/2021/06/01/agroecologia-tips-para-germinar-semillas-en-casa/ HTTP/1.1" 200 105801
5.45.207.125 - - [12/Aug/2022:22:21:43 -0500] "-" 408 -
172.22.2.4 - - [12/Aug/2022:22:20:30 -0500] "GET /BLA/boletinlegal/ HTTP/1.1" 200 58566
216.245.221.92 - - [12/Aug/2022:22:22:26 -0500] "HEAD / HTTP/1.1" 200 -
207.46.13.20 - - [12/Aug/2022:22:22:26 -0500] "GET /BLA/resoluciones/index.php?dir=RESOLUCIONES+2017%2F HTTP/1.1" 200 282236
207.46.13.20 - - [12/Aug/2022:22:22:28 -0500] "GET /BLA/resoluciones/index.php?dir=RESOLUCIONES+2007%2F HTTP/1.1" 200 35450
64.124.8.25 - - [12/Aug/2022:22:24:08 -0500] "GET /transparencia/financiera/Desagregado%20con%20modificaciones/Vigencia%20actual/Modificaciones%20Pptales%20Marzo%202022.xlsx HTTP/1.1" 200 15537955
201.245.192.253 - - [12/Aug/2022:22:25:26 -0500] "POST /kwsrmcab/Wsrmcab  HTTP/1.1" 200 46805
172.22.2.4 - - [12/Aug/2022:22:25:30 -0500] "HEAD /BLA/boletinlegal/ HTTP/1.1" 200 -
216.245.221.92 - - [12/Aug/2022:22:27:26 -0500] "HEAD / HTTP/1.1" 200 -
172.22.2.4 - - [12/Aug/2022:22:26:20 -0500] "GET /BLA/boletinlegal/ HTTP/1.1" 200 58154
64.124.8.25 - - [12/Aug/2022:22:29:03 -0500] "GET /transparencia/financiera/Desagregado%20con%20modificaciones/Historico/Modificaciones%20Pptales%202018.xlsx HTTP/1.1" 200 22850
66.249.73.127 - - [12/Aug/2022:22:29:10 -0500] "-" 408 -
64.124.8.25 - - [12/Aug/2022:22:29:24 -0500] "GET /transparencia/financiera/Desagregado%20con%20modificaciones/Vigencia%20actual/Modificaciones%20Pptales%20Julio%202022.xlsx HTTP/1.1" 200 51692
201.245.192.253 - - [12/Aug/2022:22:30:26 -0500] "POST /kwsrmcab/Wsrmcab  HTTP/1.1" 200 46805
201.245.192.253 - - [12/Aug/2022:22:30:34 -0500] "POST /kwsrmcab/Wsrmcab HTTP/1.1" 200 47033
201.245.192.253 - - [12/Aug/2022:22:30:38 -0500] "POST /kwsrmcab/Wsrmcab HTTP/1.1" 200 48291
5.255.231.244 - - [12/Aug/2022:22:31:43 -0500] "-" 408 -
23.100.232.233 - - [12/Aug/2022:22:31:44 -0500] "GET /BLA/boletinlegal/js/jquery.scrollShow.js HTTP/1.1" 200 4586
23.100.232.233 - - [12/Aug/2022:22:31:44 -0500] "GET /galeria/galeria/jquery.fancybox.js?v=2.1.5 HTTP/1.1" 200 48706
23.100.232.233 - - [12/Aug/2022:22:31:44 -0500] "GET /galeria/galeria/jquery.fancybox.css?v=2.1.5 HTTP/1.1" 200 4895
216.245.221.92 - - [12/Aug/2022:22:32:26 -0500] "HEAD / HTTP/1.1" 200 -
172.22.2.4 - - [12/Aug/2022:22:31:20 -0500] "HEAD /BLA/boletinlegal/ HTTP/1.1" 200 -
172.22.2.4 - - [12/Aug/2022:22:32:10 -0500] "GET /BLA/boletinlegal/ HTTP/1.1" 200 53631
186.154.38.183 - - [12/Aug/2022:22:33:13 -0500] "GET /Publicaciones/SSFFS-16003.zip HTTP/1.1" 200 31768165
185.119.81.109 - - [12/Aug/2022:22:34:12 -0500] "GET /portaldeninos/wp-login.php HTTP/1.1" 200 2592
185.119.81.109 - - [12/Aug/2022:22:34:13 -0500] "POST /portaldeninos/wp-login.php HTTP/1.1" 200 3605
64.124.8.25 - - [12/Aug/2022:22:34:20 -0500] "GET /transparencia/financiera/Desagregado%20con%20modificaciones/Vigencia%20actual/Modificaciones%20Pptales%20Junio%202022.xlsx HTTP/1.1" 200 48461
64.124.8.44 - - [12/Aug/2022:22:34:27 -0500] "GET /portaldeninos/2021/06/06/ciudadanos-disfrutaron-del-tunel-ambiental-en-el-parque-de-los-novios/ HTTP/1.1" 200 105118
201.245.192.253 - - [12/Aug/2022:22:35:25 -0500] "POST /kwsrmcab/Wsrmcab  HTTP/1.1" 200 46805
172.22.2.4 - - [12/Aug/2022:22:35:06 -0500] "GET /BLA/boletinlegal/ HTTP/1.1" 200 63693
216.245.221.92 - - [12/Aug/2022:22:37:26 -0500] "HEAD / HTTP/1.1" 200 -
64.124.8.25 - - [12/Aug/2022:22:38:42 -0500] "GET /transparencia/financiera/Desagregado%20con%20modificaciones/Vigencia%20actual HTTP/1.1" 301 308
172.22.2.4 - - [12/Aug/2022:22:37:10 -0500] "HEAD /BLA/boletinlegal/ HTTP/1.1" 200 -
172.22.2.4 - - [12/Aug/2022:22:39:02 -0500] "GET /BLA/boletinlegal/Circulares/2022/CIRCULAR%20No.%2000005%20DEL%2030%20DE%20JUNIO%20DEL%202022.pdf HTTP/1.1" 404 1218
172.22.2.4 - - [12/Aug/2022:22:39:06 -0500] "GET /BLA/boletinlegal/Circulares/2019/.pdf HTTP/1.1" 404 1218
172.22.2.4 - - [12/Aug/2022:22:39:15 -0500] "GET /BLA/boletinlegal/Circulares/2012/Circular%20No.%2010%20del%2026%20de%20Enero%20de%202012.pdf HTTP/1.1" 404 1218
172.22.2.4 - - [12/Aug/2022:22:38:00 -0500] "GET /BLA/boletinlegal/ HTTP/1.1" 200 55211
201.245.192.253 - - [12/Aug/2022:22:40:24 -0500] "POST /kwsrmcab/Wsrmcab  HTTP/1.1" 200 46805
201.245.192.253 - - [12/Aug/2022:22:40:34 -0500] "POST /kwsrmcab/Wsrmcab HTTP/1.1" 200 47033
186.154.38.183 - - [12/Aug/2022:22:40:32 -0500] "GET /Publicaciones/SSFFS-14532.zip HTTP/1.1" 200 1255872
31.13.127.16 - - [12/Aug/2022:22:40:39 -0500] "GET /images/mujeres-cultura-31.jpg HTTP/1.1" 200 33736
201.245.192.253 - - [12/Aug/2022:22:40:38 -0500] "POST /kwsrmcab/Wsrmcab HTTP/1.1" 200 48291
64.124.8.44 - - [12/Aug/2022:22:41:13 -0500] "-" 408 -
172.22.2.4 - - [12/Aug/2022:22:41:39 -0500] "GET /BLA/boletinlegal/style.css HTTP/1.1" 200 9406
172.22.2.4 - - [12/Aug/2022:22:41:39 -0500] "GET /BLA/boletinlegal/styles2.css HTTP/1.1" 200 1838
172.22.2.4 - - [12/Aug/2022:22:41:39 -0500] "GET /BLA/boletinlegal/js/jquery.js HTTP/1.1" 200 57254
172.22.2.4 - - [12/Aug/2022:22:41:39 -0500] "GET /BLA/boletinlegal/js/jquery.scrollTo-min.js HTTP/1.1" 200 1150
172.22.2.4 - - [12/Aug/2022:22:41:39 -0500] "GET /BLA/boletinlegal/js/jquery.scrollShow.js HTTP/1.1" 200 4586
172.22.2.4 - - [12/Aug/2022:22:41:39 -0500] "GET /BLA/boletinlegal/images/cabezote%20BLEGAL.jpg HTTP/1.1" 200 118164
172.22.2.4 - - [12/Aug/2022:22:41:39 -0500] "GET /BLA/boletinlegal/images/subscribe-icon-big.png HTTP/1.1" 200 47702
172.22.2.4 - - [12/Aug/2022:22:41:39 -0500] "GET /BLA/boletinlegal/images/arr_l.jpg HTTP/1.1" 200 1979
172.22.2.4 - - [12/Aug/2022:22:41:39 -0500] "GET /BLA/boletinlegal/images/registro-usuarios.png HTTP/1.1" 200 8106
172.22.2.4 - - [12/Aug/2022:22:41:39 -0500] "GET /BLA/boletinlegal/images/historia.png HTTP/1.1" 200 52775
172.22.2.4 - - [12/Aug/2022:22:41:39 -0500] "GET /BLA/boletinlegal/images/bg_top.jpg HTTP/1.1" 200 522
172.22.2.4 - - [12/Aug/2022:22:41:39 -0500] "GET /BLA/boletinlegal/images/menu_bg.jpg HTTP/1.1" 200 620
172.22.2.4 - - [12/Aug/2022:22:41:39 -0500] "GET /BLA/boletinlegal/images/menu_lft.gif HTTP/1.1" 200 1713
172.22.2.4 - - [12/Aug/2022:22:41:39 -0500] "GET /BLA/boletinlegal/images/text.jpg HTTP/1.1" 200 568
172.22.2.4 - - [12/Aug/2022:22:41:39 -0500] "GET /BLA/boletinlegal/images/hover.jpg HTTP/1.1" 200 640
172.22.2.4 - - [12/Aug/2022:22:41:39 -0500] "GET /BLA/boletinlegal/images/body_bg.jpg HTTP/1.1" 200 1601
172.22.2.4 - - [12/Aug/2022:22:41:39 -0500] "GET /BLA/boletinlegal/images/screen_1.png HTTP/1.1" 200 202547
172.22.2.4 - - [12/Aug/2022:22:41:39 -0500] "GET /BLA/boletinlegal/images/menu_rght.gif HTTP/1.1" 200 1627
172.22.2.4 - - [12/Aug/2022:22:41:39 -0500] "GET /BLA/boletinlegal/images/launch.jpg HTTP/1.1" 200 14577
172.22.2.4 - - [12/Aug/2022:22:41:41 -0500] "GET /BLA/boletinlegal/actos.php HTTP/1.1" 200 9559
172.22.2.4 - - [12/Aug/2022:22:41:41 -0500] "GET /BLA/boletinlegal/js/popup.js HTTP/1.1" 200 1270
172.22.2.4 - - [12/Aug/2022:22:41:41 -0500] "GET /BLA/boletinlegal/js/lib.js HTTP/1.1" 200 6474
172.22.2.4 - - [12/Aug/2022:22:41:41 -0500] "GET /BLA/boletinlegal/niceforms-default.css HTTP/1.1" 200 6694
172.22.2.4 - - [12/Aug/2022:22:41:41 -0500] "GET /BLA/boletinlegal/niceforms.js HTTP/1.1" 200 22876
172.22.2.4 - - [12/Aug/2022:22:41:41 -0500] "GET /BLA/boletinlegal/js/ajax_actos.js HTTP/1.1" 200 1322
172.22.2.4 - - [12/Aug/2022:22:41:41 -0500] "GET /BLA/boletinlegal/js/jquery1.js HTTP/1.1" 200 29846
172.22.2.4 - - [12/Aug/2022:22:41:41 -0500] "GET /BLA/boletinlegal/images/green-yellow-blue-pink-th.png HTTP/1.1" 200 7394
172.22.2.4 - - [12/Aug/2022:22:41:41 -0500] "GET /BLA/boletinlegal/images/abajo.png HTTP/1.1" 200 96676
172.22.2.4 - - [12/Aug/2022:22:41:41 -0500] "GET /BLA/boletinlegal/images/tel.png HTTP/1.1" 200 14477
172.22.2.4 - - [12/Aug/2022:22:41:41 -0500] "GET /BLA/boletinlegal/images/icono-email.png HTTP/1.1" 200 5544
172.22.2.4 - - [12/Aug/2022:22:41:41 -0500] "GET /BLA/boletinlegal/images/footer_bg.jpg HTTP/1.1" 200 586
172.22.2.4 - - [12/Aug/2022:22:41:41 -0500] "GET /BLA/boletinlegal/images/footer_bg_l.jpg HTTP/1.1" 200 776
172.22.2.4 - - [12/Aug/2022:22:41:41 -0500] "GET /BLA/boletinlegal/img/0.png HTTP/1.1" 200 110
172.22.2.4 - - [12/Aug/2022:22:41:41 -0500] "GET /BLA/boletinlegal/img/select-left.png HTTP/1.1" 200 263
172.22.2.4 - - [12/Aug/2022:22:41:41 -0500] "GET /BLA/boletinlegal/img/select-right.png HTTP/1.1" 200 44019
172.22.2.4 - - [12/Aug/2022:22:41:41 -0500] "GET /BLA/boletinlegal/img/button.png HTTP/1.1" 200 43241
172.22.2.4 - - [12/Aug/2022:22:41:41 -0500] "GET /BLA/boletinlegal/img/button-left.png HTTP/1.1" 200 57071
172.22.2.4 - - [12/Aug/2022:22:41:41 -0500] "GET /BLA/boletinlegal/img/button-right.png HTTP/1.1" 200 57878
172.22.2.4 - - [12/Aug/2022:22:41:41 -0500] "GET /BLA/boletinlegal/favicon.ico HTTP/1.1" 404 1326
5.255.253.106 - - [12/Aug/2022:22:41:43 -0500] "-" 408 -
64.124.8.25 - - [12/Aug/2022:22:42:00 -0500] "GET /transparencia/financiera/Desagregado%20con%20modificaciones/Historico/Modificaciones%20Pptales%202021.xlsx HTTP/1.1" 200 115386
172.22.2.4 - - [12/Aug/2022:22:42:07 -0500] "GET /BLA/boletinlegal/consulta_actos.php?tipo=autos&no=7537&usuario=&sector=&fecha=2011&resuelve= HTTP/1.1" 200 626
172.22.2.4 - - [12/Aug/2022:22:41:38 -0500] "GET /BLA/boletinlegal/ HTTP/1.1" 200 24523
216.245.221.92 - - [12/Aug/2022:22:42:26 -0500] "HEAD / HTTP/1.1" 200 -
94.102.61.10 - - [12/Aug/2022:22:42:36 -0500] "GET / HTTP/1.1" 200 319
172.22.2.4 - - [12/Aug/2022:22:43:00 -0500] "HEAD /BLA/boletinlegal/ HTTP/1.1" 200 -
201.245.192.253 - - [12/Aug/2022:22:45:23 -0500] "POST /kwsrmcab/Wsrmcab  HTTP/1.1" 200 46805
172.22.2.4 - - [12/Aug/2022:22:43:50 -0500] "GET /BLA/boletinlegal/ HTTP/1.1" 200 60272
173.252.107.23 - - [12/Aug/2022:22:46:28 -0500] "GET /caminos-de-los-cerros-habilitados-en-esta-semana-santa-2022.html HTTP/1.1" 206 832
173.252.107.12 - - [12/Aug/2022:22:46:28 -0500] "GET /en-epoca-de-lluvias-algunos-animales-silvestres-pueden-ser-mas-visibles-en-zonas-de-la-ciudad-cuidalos.html HTTP/1.1" 206 976
66.220.149.10 - - [12/Aug/2022:22:46:28 -0500] "GET /images/caminos-cerros-orientales-7-abril.jpg HTTP/1.1" 200 80138
173.252.83.18 - - [12/Aug/2022:22:46:29 -0500] "GET /images/culebra-sabanera-bogota-26-marzo.jpg HTTP/1.1" 200 22555
69.63.184.5 - - [12/Aug/2022:22:46:29 -0500] "GET /en-el-diamundialdelmedioambiente-distrito-ejercito-nacional-y-comunidad-plantaron-120-arboles-en-parque-nacional.html HTTP/1.1" 206 838
216.245.221.92 - - [12/Aug/2022:22:47:26 -0500] "HEAD / HTTP/1.1" 200 -
64.124.8.25 - - [12/Aug/2022:22:47:41 -0500] "GET /transparencia/financiera/Desagregado%20con%20modificaciones/Vigencia%20actual/Modificaciones%20Pptales%20Abril%202022.xlsx HTTP/1.1" 200 22077
23.100.232.233 - - [12/Aug/2022:22:49:01 -0500] "GET /portaldeninos/wp-content/plugins/gallery-videos/CSS/Total-Soft-Gallery-Video-Widget.css?ver=4.9.8 HTTP/1.1" 200 51554
23.100.232.233 - - [12/Aug/2022:22:49:01 -0500] "GET /portaldeninos/wp-content/plugins/gallery-videos/CSS/totalsoft.css?ver=4.9.8 HTTP/1.1" 200 40622
23.100.232.233 - - [12/Aug/2022:22:49:02 -0500] "GET /portaldeninos/wp-content/uploads/useanyfont/uaf.css?ver=1589905315 HTTP/1.1" 200 408
23.100.232.233 - - [12/Aug/2022:22:49:02 -0500] "GET /portaldeninos/wp-content/themes/betheme/style.css?ver=20.9.6 HTTP/1.1" 200 287
23.100.232.233 - - [12/Aug/2022:22:49:02 -0500] "GET /portaldeninos/wp-content/themes/betheme/css/layout.css?ver=20.9.6 HTTP/1.1" 200 116639
23.100.232.233 - - [12/Aug/2022:22:49:02 -0500] "GET /portaldeninos/wp-content/themes/betheme/css/shortcodes.css?ver=20.9.6 HTTP/1.1" 200 138889
23.100.232.233 - - [12/Aug/2022:22:49:03 -0500] "GET /portaldeninos/wp-content/themes/betheme/assets/ui/jquery.ui.all.css?ver=20.9.6 HTTP/1.1" 200 18765
23.100.232.233 - - [12/Aug/2022:22:49:03 -0500] "GET /portaldeninos/wp-content/themes/betheme/assets/jplayer/css/jplayer.blue.monday.css?ver=20.9.6 HTTP/1.1" 200 9834
23.100.232.233 - - [12/Aug/2022:22:49:03 -0500] "GET /portaldeninos/wp-content/plugins/google-analytics-for-wordpress/assets/js/frontend-gtag.min.js?ver=8.5.0 HTTP/1.1" 200 11801
23.100.232.233 - - [12/Aug/2022:22:49:03 -0500] "GET /portaldeninos/wp-content/themes/betheme/css/responsive.css?ver=20.9.6 HTTP/1.1" 200 55740
23.100.232.233 - - [12/Aug/2022:22:49:04 -0500] "GET /portaldeninos/wp-includes/js/jquery/ui/core.min.js?ver=1.11.4 HTTP/1.1" 200 4000
23.100.232.233 - - [12/Aug/2022:22:49:04 -0500] "GET /portaldeninos/wp-includes/js/jquery/jquery-migrate.min.js?ver=1.4.1 HTTP/1.1" 200 10056
23.100.232.233 - - [12/Aug/2022:22:49:04 -0500] "GET /portaldeninos/wp-content/themes/betheme/css/base.css?ver=20.9.6 HTTP/1.1" 200 57283
23.100.232.233 - - [12/Aug/2022:22:49:04 -0500] "GET /portaldeninos/wp-content/plugins/gallery-videos/JS/Total-Soft-Gallery-Video-Widget.js?ver=4.9.8 HTTP/1.1" 200 80264
23.100.232.233 - - [12/Aug/2022:22:49:05 -0500] "GET /portaldeninos/wp-includes/js/wp-emoji-release.min.js?ver=4.9.8 HTTP/1.1" 200 12026
23.100.232.233 - - [12/Aug/2022:22:49:05 -0500] "GET /portaldeninos/wp-includes/js/jquery/jquery.js?ver=1.12.4 HTTP/1.1" 200 97184
23.100.232.233 - - [12/Aug/2022:22:49:05 -0500] "GET /portaldeninos/wp-content/themes/betheme/assets/animations/animations.min.css?ver=20.9.6 HTTP/1.1" 200 58508
23.100.232.233 - - [12/Aug/2022:22:49:05 -0500] "GET /portaldeninos/wp-content/plugins/gallery-videos/JS/modernizr.custom.js?ver=4.9.8 HTTP/1.1" 200 9019
23.100.232.233 - - [12/Aug/2022:22:49:06 -0500] "GET /portaldeninos/wp-includes/js/jquery/ui/mouse.min.js?ver=1.11.4 HTTP/1.1" 200 3148
23.100.232.233 - - [12/Aug/2022:22:49:06 -0500] "GET /portaldeninos/wp-includes/js/jquery/ui/widget.min.js?ver=1.11.4 HTTP/1.1" 200 6908
23.100.232.233 - - [12/Aug/2022:22:49:07 -0500] "GET /portaldeninos/wp-includes/js/jquery/ui/tabs.min.js?ver=1.11.4 HTTP/1.1" 200 12110
23.100.232.233 - - [12/Aug/2022:22:49:07 -0500] "GET /portaldeninos/wp-includes/js/jquery/ui/sortable.min.js?ver=1.11.4 HTTP/1.1" 200 24899
23.100.232.233 - - [12/Aug/2022:22:49:07 -0500] "GET /portaldeninos/wp-content/themes/betheme/js/menu.js?ver=20.9.6 HTTP/1.1" 200 2449
23.100.232.233 - - [12/Aug/2022:22:49:07 -0500] "GET /portaldeninos/wp-content/themes/betheme/assets/jplayer/jplayer.min.js?ver=20.9.6 HTTP/1.1" 200 52702
23.100.232.233 - - [12/Aug/2022:22:49:07 -0500] "GET /portaldeninos/wp-content/themes/betheme/js/plugins.js?ver=20.9.6 HTTP/1.1" 200 197151
23.100.232.233 - - [12/Aug/2022:22:49:07 -0500] "GET /portaldeninos/wp-content/themes/betheme/js/scripts.js?ver=20.9.6 HTTP/1.1" 200 77162
23.100.232.233 - - [12/Aug/2022:22:49:08 -0500] "GET /portaldeninos/wp-includes/js/wp-embed.min.js?ver=4.9.8 HTTP/1.1" 200 1398
23.100.232.233 - - [12/Aug/2022:22:49:08 -0500] "GET /portaldeninos/wp-includes/js/jquery/ui/accordion.min.js?ver=1.11.4 HTTP/1.1" 200 8584
23.100.232.233 - - [12/Aug/2022:22:49:08 -0500] "GET /portaldeninos/wp-content/themes/betheme/assets/animations/animations.min.js?ver=20.9.6 HTTP/1.1" 200 1896
186.102.2.120 - - [12/Aug/2022:22:50:17 -0500] "-" 408 -
201.245.192.253 - - [12/Aug/2022:22:50:22 -0500] "POST /kwsrmcab/Wsrmcab  HTTP/1.1" 200 46805
172.22.2.4 - - [12/Aug/2022:22:48:50 -0500] "HEAD /BLA/boletinlegal/ HTTP/1.1" 200 -
172.22.2.4 - - [12/Aug/2022:22:49:40 -0500] "GET /BLA/boletinlegal/ HTTP/1.1" 200 60272
141.8.142.80 - - [12/Aug/2022:22:51:46 -0500] "-" 408 -
216.245.221.92 - - [12/Aug/2022:22:52:26 -0500] "HEAD / HTTP/1.1" 200 -
157.55.39.84 - - [12/Aug/2022:22:52:33 -0500] "GET /BLA/resoluciones/AUTOS%202015/1418.pdf HTTP/1.1" 200 513241
207.46.13.188 - - [12/Aug/2022:22:53:39 -0500] "GET /sipse/faces/autenticacion.xhtml HTTP/1.1" 200 12494
185.119.81.109 - - [12/Aug/2022:22:53:49 -0500] "GET /portaldeninos/wp-login.php HTTP/1.1" 200 2592
185.119.81.109 - - [12/Aug/2022:22:53:50 -0500] "POST /portaldeninos/wp-login.php HTTP/1.1" 200 3605
64.124.8.25 - - [12/Aug/2022:22:54:25 -0500] "GET /transparencia/financiera/Desagregado%20con%20modificaciones/Vigencia%20actual/modificaciones%20pptales%202022.02.28.xlsx HTTP/1.1" 200 39329
186.102.50.70 - - [12/Aug/2022:22:54:39 -0500] "OPTIONS /kwssiamovil/sm/setfile/f? HTTP/1.1" 200 13
186.102.50.70 - - [12/Aug/2022:22:54:39 -0500] "POST /kwssiamovil/sm/setfile/f? HTTP/1.1" 200 381
186.102.50.70 - - [12/Aug/2022:22:54:42 -0500] "OPTIONS /kwssiamovil/sm/setfile/f? HTTP/1.1" 200 13
186.102.50.70 - - [12/Aug/2022:22:54:42 -0500] "POST /kwssiamovil/sm/setfile/f? HTTP/1.1" 200 381
186.102.50.70 - - [12/Aug/2022:22:54:53 -0500] "GET /kwssiamovil/sm/acme/a?s=U2FsdGVkX1+OR2prnGNdCU1TmGd8Yc1LRe5NiwgJl71Bmdoc3dgJRikGL+skOekTsVo74/glMsNRkZmDfqh6EnEpflr+xyL81RFyVega4i8+cLhau1LoQxG2VirP/tIP3Asny1iov39hMp8ERNdYg5dRUvdgM/JZxU2dQe4M2KSPSL29Epfc38pUB091WWZaHoyBN1EsTYAq2wOrmQOCezu0NZYSYy/oafITbGJKBCFmLiacS6x1Rx6wzC1yGG7LWK8TQEPChUXnAVcA51ZsDA==&u=U2FsdGVkX1/bLQtXC5Y4NIDjD9FRY9ZQzKGkfUmRRl0=&y=U2FsdGVkX1/6FfbEb+id5dTBGYktGDzFobcAv0kYxOc= HTTP/1.1" 200 25
186.102.50.70 - - [12/Aug/2022:22:54:53 -0500] "GET /kwssiamovil/sm/acme/a?s=U2FsdGVkX18diZQ+fIUYWxL+6q0iEyofxMvJd15zGSo2uqc1fH9frscA3weB72oWb+ACcKu+Apsc2DiC2vUnD8cNDRwaQD6yA6DtS4TI1eNOtesTLNVF2G2OULCRB1tW1cUjL1ID3Uwl0X+CmfYNOKYrsRbH3KMiA++asUOueq0SGJkCSg/ifKwtY3d3qT1Uqu7MTlnzPA8chE1gUB7cWfnTyd8N/iLKHyH5zOq5B0UUC1XvtGjjKQVs77Z8yt86OVeiDd3djJhzcBgcuGetpwqQCEuKNajeASvkOwBLFCdxzoucFKUbuTmAIsGDRUvUiHrflPHTRgPQmp2KoptuXPgJzY4ZNdceIg0JfP+cjY10V2sCMVp+8w50W+bCe8W2i8sp/9oSbRRoDUcySjWRP7R2BBpmvCIwHQWPy/K86ehiI0bO1v8rsOpp95LScgVGydtGcgYiwONmoKuu92s3uojNcceYbAbwJttkc4h9LUdU8rMyN7cKituDDLE147bDpvaaqJ6j/0MvLkO/rzDn6ggwoiFcFlF6NMEkI2r7De6K/Sx+iOtfQa6vVCrWpqipQomR0GniD8us6phb9oL/DZ/xKB4+szlgVijEMFjYSbn8XmY0iAU3kaMqf7SdvDgQIdJaeVEppVTmkhuGtEe7sQODCJhJF+XzZIJkj8xFTDw2AcVcv0rBC4GG4JP387NYTvPTtPxJzh2lGA++WXtL9m8WsFjEhAlbxom//NG1flHNcANZll7Z9YhJSDqB79cJ0rEc43GEYpuJP5mYrATCjqelreA2Hpnv8Dd5NlHOAcAdeSUhQ6+iT3K1zbiDKJH/2pu0MyATFHxZcw0V2KPNpwY/xp2qux9JsU18UxAocddfioMauStogB1uuYIdVg4CJKirBJndT+s7Dnfwo3HBA6AJYfe7le3GdJwkAYCtTN1osdoOlq4mGh1emZNSrBOTMNTdXd/BxPewJobpXkdRh3hfY9CNetU896jOxxtkiE/SDmK+PvMIXqTfZ4Hr447DUKP8hFoqdUT4tXnYfVNBSpvsOLZe3D6XSgX/rJi2RkY03sOvJoogBeProkPC5MOoro8l/GfCiIh1RKmDBOZrIGHGJK1uZ/RBf6GfVw4yF1skg7bZYtHh/261VGpJN6lI8LVvsi7BJvpSIcHZh789oqDF7mgh1bvnfFHZwLGHnxc+NFzItnHhU9sgxa+aDzS+JsmpNhemlNq1gL/Naj+A5r1+piRxZuM12enwa95IdLnNqNfNvUn2/Y1JwW4na3kuWVxymkO/xBQ/qnr44BHq8v8eHYQ30Fc2jAvmAmjsRlwNv8UBNgrlDuTpYZNdCnHV46snFmQFAy6m0yRcZAEE0Qfhu87So2xZrI9blfoIGHTZfn2qn/MZToU4yBMRY3inUF6CEtXbMNDRoJyjasKp29iH8qWntnC1/+3YbQO7e/0ovflzUtDxM7KB+iKXwinxD8sBEM2oxLVMfREV0DRe5KsIKaLP+YxWY6SLoqQBZLzy8/Cgj8ZbnVUn3J5jTBzb3ElhjjXpERoeWhycNjcVmd/cAU5HX8A97/N0wFzpjSzSq2w7Y/kjFdiYvv6rHxftkvMnnfw+3MKw/5yB/5iE5HsI5l85tQB4Dm8p2CvSjXu40jNQ+AZzXEPMT2PiejqXnvufZjTPE56jepkGe9inpW5DH87f3p6+U0ffbkC2pNsIF+mWhCAVidURphwvBET2ZkMe6Fk8dZXCHSs7xqRMOAjolknZO5gXf0hqC9wqtQhQ1Om7CxkwCcd0m1W5UChOeaizRn4KNcIovSoZ2lPAjeor7/pUGLWikUQP44lTRuY3EOzwHmTP8FUzfkp/dDFx3KP0BAkjmL3EZb1u0Pjye2GTziTJK7yoUQmm7D6z9FGAep9Rqf1pT9+wH3jY0gEubbylYxzRXhn4lNh3sIjFkcwFZP2SL3HRrzS5sUuckmPqdNEjZgPxIURnwkQZ4CUh1R1h+pvA5U/eCgn9Lp/HcWpIPBu2d8Vt2eQXa+FLSwiD1aJc2M13lO+Xdfp4o0018j84Xinxq7WZt6a2ruRyK+uXev9YTS+cZlG5SbRvoLy9dztpEBo4mN2/vZQON2MmOdqWA3OtpaAEurnK0+I+T2o1Q9Z1SvqM4Rz6yBQhoYU=&u=U2FsdGVkX1/bLQtXC5Y4NIDjD9FRY9ZQzKGkfUmRRl0=&y=U2FsdGVkX1/6FfbEb+id5dTBGYktGDzFobcAv0kYxOc= HTTP/1.1" 200 25
186.102.50.70 - - [12/Aug/2022:22:54:53 -0500] "GET /kwssiamovil/sm/acme/a?s=U2FsdGVkX1/vV7Rx6upqkhyzq20Tf9NeG+r689fAAU83P+5huJadp3TwJypQwwT36efGDfz0SDjUfHLngB3go1dvKYOcLrwWxPfBnt/tfggA/QWnBi8g0VH0qxLqDwK0zsx/RiTK9d+LPzi26D2rqjGAcbi4rubDMJOgwadus4o=&u=U2FsdGVkX1/bLQtXC5Y4NIDjD9FRY9ZQzKGkfUmRRl0=&y=U2FsdGVkX1/6FfbEb+id5dTBGYktGDzFobcAv0kYxOc= HTTP/1.1" 200 25
186.102.50.70 - - [12/Aug/2022:22:54:54 -0500] "GET /kwssiamovil/sm/acme/a?s=U2FsdGVkX18/w862fcl+++AV/TNCXPwJuajRNPUQVVuhAmr6GZ2d5uAFS/V8RkKyjqhOQu582icLSYc3VOOH8uYrf6svIO6Y+51FOPF/j5NX1EWw3u4ELmvq2fbWNil7pYIemf65iX9vHm7udrQ3pHwATmet8yp7la5IhERw0vY=&u=U2FsdGVkX1/bLQtXC5Y4NIDjD9FRY9ZQzKGkfUmRRl0=&y=U2FsdGVkX1/6FfbEb+id5dTBGYktGDzFobcAv0kYxOc= HTTP/1.1" 200 25
186.102.50.70 - - [12/Aug/2022:22:54:54 -0500] "GET /kwssiamovil/sm/acme/a?s=U2FsdGVkX18U4hNbwV8yzvUDVqlGtEHnNQK5KQVIF7qMQGmlxsix7g5WGoYJOdI5dtKQhhg0tjaqkbxgbvmLRG42Dy1fO2TDOe+F2TFTSE2AbfePaDaaiUlGDk6KMFlEFr67Y2YtRcM5ycKI5LZ82bOQ2TZDMB4qDtEY3bJ3sIo=&u=U2FsdGVkX1/bLQtXC5Y4NIDjD9FRY9ZQzKGkfUmRRl0=&y=U2FsdGVkX1/6FfbEb+id5dTBGYktGDzFobcAv0kYxOc= HTTP/1.1" 200 25
186.102.50.70 - - [12/Aug/2022:22:54:54 -0500] "GET /kwssiamovil/sm/acme/a?s=U2FsdGVkX1+9gIBdxf8NWaC95qfCkjAIbz36eE9zkYv7F32w8bWe0iHF8diQKc7oAS8SWyTlVVIg0/Byx5kpHRv0rMwdnxgLPozQltQisbnmNu7p9vQMWj4TB3Zf0f0UcuSJG61B4WxP7LdLp0V/BD16TsKtfmvDvghB0P1PF8UK07TbhIwAHWVPimREcdXG&u=U2FsdGVkX1/bLQtXC5Y4NIDjD9FRY9ZQzKGkfUmRRl0=&y=U2FsdGVkX1/6FfbEb+id5dTBGYktGDzFobcAv0kYxOc= HTTP/1.1" 200 25
186.102.50.70 - - [12/Aug/2022:22:54:54 -0500] "GET /kwssiamovil/sm/acme/a?s=U2FsdGVkX19ranUN87hBio3ZgpGN1K47VHvnElqxIl052TKfptHlCJmc7Cj8GWQ3Ae06clOQ6VWFTOhxH7dHJoa6aHFkLjJ/zr78u5oZUvdKqNcr/K6sMm23IBzda8r2FopHVe9oYWl1mtMBBT41TGYVZMHNhCsZ3cacCYL5UAMcEzvMW0cpsD+JhlHuf/kPVHPvor1dF0ctVIrbTqU18Q==&u=U2FsdGVkX1/bLQtXC5Y4NIDjD9FRY9ZQzKGkfUmRRl0=&y=U2FsdGVkX1/6FfbEb+id5dTBGYktGDzFobcAv0kYxOc= HTTP/1.1" 200 25
186.102.50.70 - - [12/Aug/2022:22:54:54 -0500] "GET /kwssiamovil/sm/acme/a?s=U2FsdGVkX19pConwns+0P7j5d5IyBD27twozT1UfS2h6wK0ezQKbBOedc/Y8xO9gVk7qtEJVqS0s1G/0jtH2dKeaTxqgzvZF3m5LFK2aFZq5jUYlJNiE9Co+Ud+YI0Pqhc+p7CaWSGIdiimBgY2wThg/FP3sRzSJdIblWSMht1I8UeImeT5HMDCHnWzh7tnl&u=U2FsdGVkX1/bLQtXC5Y4NIDjD9FRY9ZQzKGkfUmRRl0=&y=U2FsdGVkX1/6FfbEb+id5dTBGYktGDzFobcAv0kYxOc= HTTP/1.1" 200 25
186.102.50.70 - - [12/Aug/2022:22:54:55 -0500] "GET /kwssiamovil/sm/acme/a?s=U2FsdGVkX1/l3/Z2116LJSZofbfJYUBdztM4pQxSAbn1EG2XjpQHr5X03sb3DAbh6nJzqXqMcw3pYMusw1K8uqrLXyOnfYpVTWu0qw1uf51MAohPWnu2ufagg4OaTvNOfjYGLwfZuJrEu0kL6D/atF3s4J/J8IYao+bPDs/770RF020fF9ss/R6pT/9JbD5aTFcEtdsrHqA0Gc+3YfH++w==&u=U2FsdGVkX1/bLQtXC5Y4NIDjD9FRY9ZQzKGkfUmRRl0=&y=U2FsdGVkX1/6FfbEb+id5dTBGYktGDzFobcAv0kYxOc= HTTP/1.1" 200 25
186.102.50.70 - - [12/Aug/2022:22:54:55 -0500] "GET /kwssiamovil/sm/acme/a?s=U2FsdGVkX1+B039CSgGACimPZRwct3mOF9lQQTPBZscbJBW8GYjXCtEgvcuK38IPvZvvVTQUaglzqSDWbAXDAKmf+hsFgr5MaM3bLahYqnf4gpl1n2uZYXUdkFgxfd4dONZGHkqTN+UtekO+iZ2GHnV4317Ag5YzUEntYgOo6Ks9ILYSt4cZiRV1siiv4K7S&u=U2FsdGVkX1/bLQtXC5Y4NIDjD9FRY9ZQzKGkfUmRRl0=&y=U2FsdGVkX1/6FfbEb+id5dTBGYktGDzFobcAv0kYxOc= HTTP/1.1" 200 25
201.245.192.253 - - [12/Aug/2022:22:55:20 -0500] "POST /kwsrmcab/Wsrmcab  HTTP/1.1" 200 46805
64.124.8.44 - - [12/Aug/2022:22:56:13 -0500] "-" 408 -
172.22.2.4 - - [12/Aug/2022:22:54:40 -0500] "HEAD /BLA/boletinlegal/ HTTP/1.1" 200 -
172.22.2.4 - - [12/Aug/2022:22:55:30 -0500] "GET /BLA/boletinlegal/ HTTP/1.1" 200 58566
216.245.221.92 - - [12/Aug/2022:22:57:26 -0500] "HEAD / HTTP/1.1" 200 -
64.124.8.25 - - [12/Aug/2022:22:57:35 -0500] "GET /transparencia/financiera/Desagregado%20con%20modificaciones/Historico/Modificaciones%20Pptales%202019.xlsx HTTP/1.1" 200 128865
186.154.38.183 - - [12/Aug/2022:22:59:23 -0500] "GET /Publicaciones/SSFFS-04628.zip HTTP/1.1" 200 12321923
201.245.192.253 - - [12/Aug/2022:23:00:20 -0500] "POST /kwsrmcab/Wsrmcab  HTTP/1.1" 200 46805
87.250.224.157 - - [12/Aug/2022:23:01:46 -0500] "-" 408 -
172.22.2.4 - - [12/Aug/2022:23:00:29 -0500] "HEAD /BLA/boletinlegal/ HTTP/1.1" 200 -
216.245.221.92 - - [12/Aug/2022:23:02:26 -0500] "HEAD / HTTP/1.1" 200 -
172.22.2.4 - - [12/Aug/2022:23:01:20 -0500] "GET /BLA/boletinlegal/ HTTP/1.1" 200 53281
201.245.192.253 - - [12/Aug/2022:23:05:18 -0500] "POST /kwsrmcab/Wsrmcab  HTTP/1.1" 200 46805
186.86.34.46 - - [12/Aug/2022:23:06:35 -0500] "GET /appsia/controlador HTTP/1.1" 200 4799
186.86.34.46 - - [12/Aug/2022:23:06:35 -0500] "GET /appsia/css/estilos.css HTTP/1.1" 200 4804
186.86.34.46 - - [12/Aug/2022:23:06:35 -0500] "GET /appsia/scripts/validarIngreso.js HTTP/1.1" 200 851
186.86.34.46 - - [12/Aug/2022:23:06:35 -0500] "GET /appsia/images/cabezoteHojaVida.png HTTP/1.1" 200 32493
186.86.34.46 - - [12/Aug/2022:23:06:35 -0500] "GET /appsia/images/logo_bogota_p.png HTTP/1.1" 200 14951
186.86.34.46 - - [12/Aug/2022:23:06:36 -0500] "GET /favicon.ico HTTP/1.1" 200 7782
186.86.34.46 - - [12/Aug/2022:23:06:59 -0500] "POST /appsia/controlador HTTP/1.1" 200 5437
186.86.34.46 - - [12/Aug/2022:23:07:10 -0500] "POST /appsia/controlador HTTP/1.1" 200 10127
186.86.34.46 - - [12/Aug/2022:23:07:10 -0500] "GET /appsia/images/logo_escudo.png HTTP/1.1" 200 36965
216.245.221.92 - - [12/Aug/2022:23:07:26 -0500] "HEAD / HTTP/1.1" 200 -
172.22.2.4 - - [12/Aug/2022:23:06:19 -0500] "HEAD /BLA/boletinlegal/ HTTP/1.1" 200 -
172.22.2.4 - - [12/Aug/2022:23:07:10 -0500] "GET /BLA/boletinlegal/ HTTP/1.1" 200 58566
157.55.39.98 - - [12/Aug/2022:23:09:12 -0500] "GET /sipse/faces/faces/autenticacion.xhtml HTTP/1.1" 200 12494
201.245.192.253 - - [12/Aug/2022:23:10:17 -0500] "POST /kwsrmcab/Wsrmcab  HTTP/1.1" 200 46805
172.22.2.4 - - [12/Aug/2022:23:10:32 -0500] "GET /BLA/boletinlegal/.git/config HTTP/1.1" 404 1018
45.95.55.5 - - [12/Aug/2022:23:10:33 -0500] "GET / HTTP/1.1" 200 319
95.108.213.5 - - [12/Aug/2022:23:11:46 -0500] "-" 408 -
172.22.2.4 - - [12/Aug/2022:23:12:03 -0500] "GET /BLA/boletinlegal/favicon.ico HTTP/1.1" 404 1326
216.245.221.92 - - [12/Aug/2022:23:12:26 -0500] "HEAD / HTTP/1.1" 200 -
172.22.2.4 - - [12/Aug/2022:23:12:10 -0500] "HEAD /BLA/boletinlegal/ HTTP/1.1" 200 -
172.22.2.4 - - [12/Aug/2022:23:13:00 -0500] "GET /BLA/boletinlegal/ HTTP/1.1" 200 58566
201.245.192.253 - - [12/Aug/2022:23:15:16 -0500] "POST /kwsrmcab/Wsrmcab  HTTP/1.1" 200 46805
216.245.221.92 - - [12/Aug/2022:23:17:26 -0500] "HEAD / HTTP/1.1" 200 -
