191.156.191.173 - - [14/Aug/2022:10:06:04 -0500] "GET /BLA/resoluciones/dlf/pdf.gif HTTP/1.1" 200 272
191.156.190.10 - - [14/Aug/2022:10:06:04 -0500] "GET /BLA/resoluciones/index.php?dir=AUTOS+2014%2F HTTP/1.1" 200 876019
191.156.190.10 - - [14/Aug/2022:10:06:06 -0500] "GET /BLA/resoluciones/dlf/unknown.png HTTP/1.1" 200 266
172.22.2.4 - - [14/Aug/2022:10:05:38 -0500] "GET /BLA/boletinlegal/ HTTP/1.1" 200 24523
185.119.81.99 - - [14/Aug/2022:10:06:29 -0500] "GET /portaldeninos/wp-login.php HTTP/1.1" 200 2592
185.119.81.99 - - [14/Aug/2022:10:06:30 -0500] "POST /portaldeninos/wp-login.php HTTP/1.1" 200 3650
173.252.107.20 - - [14/Aug/2022:10:07:07 -0500] "GET /images/reunion-plan-accion-calidad-aire-7-marzo.jpeg HTTP/1.1" 200 62356
173.252.107.117 - - [14/Aug/2022:10:07:08 -0500] "GET /acompanamos-a-la-car-en-la-firma-del-plan-de-accion-para-el-mejoramiento-de-la-calidad-del-aire-en-ciudad-bolivar.html HTTP/1.1" 206 1042
216.245.221.92 - - [14/Aug/2022:10:07:21 -0500] "HEAD / HTTP/1.1" 200 -
185.119.81.104 - - [14/Aug/2022:10:07:47 -0500] "GET /portaldeninos/wp-login.php HTTP/1.1" 200 2592
185.119.81.104 - - [14/Aug/2022:10:07:48 -0500] "POST /portaldeninos/wp-login.php HTTP/1.1" 200 3605
172.22.2.4 - - [14/Aug/2022:10:06:15 -0500] "HEAD /BLA/boletinlegal/ HTTP/1.1" 200 -
201.245.192.253 - - [14/Aug/2022:10:08:12 -0500] "POST /kwsrmcab/Wsrmcab  HTTP/1.1" 200 46805
172.22.2.4 - - [14/Aug/2022:10:07:06 -0500] "GET /BLA/boletinlegal/ HTTP/1.1" 200 58566
216.245.221.92 - - [14/Aug/2022:10:12:21 -0500] "HEAD / HTTP/1.1" 200 -
201.245.192.253 - - [14/Aug/2022:10:13:11 -0500] "POST /kwsrmcab/Wsrmcab  HTTP/1.1" 200 46805
172.22.2.4 - - [14/Aug/2022:10:12:05 -0500] "HEAD /BLA/boletinlegal/ HTTP/1.1" 200 -
185.7.214.117 - - [14/Aug/2022:10:14:03 -0500] "GET /console/ HTTP/1.1" 404 1018
172.22.2.4 - - [14/Aug/2022:10:12:56 -0500] "GET /BLA/boletinlegal/ HTTP/1.1" 200 56005
157.55.39.98 - - [14/Aug/2022:10:17:08 -0500] "GET /sipse/faces/faces/autenticacion.xhtml HTTP/1.1" 200 12494
216.245.221.92 - - [14/Aug/2022:10:17:21 -0500] "HEAD / HTTP/1.1" 200 -
201.245.192.253 - - [14/Aug/2022:10:18:10 -0500] "POST /kwsrmcab/Wsrmcab  HTTP/1.1" 200 46805
202.86.138.50 - - [14/Aug/2022:10:19:28 -0500] "GET / HTTP/1.1" 200 319
172.22.2.4 - - [14/Aug/2022:10:17:55 -0500] "HEAD /BLA/boletinlegal/ HTTP/1.1" 200 -
172.22.2.4 - - [14/Aug/2022:10:18:46 -0500] "GET /BLA/boletinlegal/ HTTP/1.1" 200 60272
201.245.192.253 - - [14/Aug/2022:10:20:26 -0500] "POST /kwsrmcab/Wsrmcab HTTP/1.1" 200 47342
201.245.192.253 - - [14/Aug/2022:10:20:31 -0500] "GET /kwsrmcab/Wsrmcab?wsdl HTTP/1.1" 200 6948
201.245.192.253 - - [14/Aug/2022:10:20:31 -0500] "POST /kwsrmcab/Wsrmcab HTTP/1.1" 200 48311
23.100.232.233 - - [14/Aug/2022:10:20:58 -0500] "GET /galeria/galeria/jquery.fancybox.css?v=2.1.5 HTTP/1.1" 200 4895
23.100.232.233 - - [14/Aug/2022:10:20:58 -0500] "GET /galeria/galeria/jquery.fancybox.js?v=2.1.5 HTTP/1.1" 200 48706
216.245.221.92 - - [14/Aug/2022:10:22:21 -0500] "HEAD / HTTP/1.1" 200 -
201.245.192.253 - - [14/Aug/2022:10:23:09 -0500] "POST /kwsrmcab/Wsrmcab  HTTP/1.1" 200 46805
107.182.129.239 - - [14/Aug/2022:10:23:02 -0500] "POST /boaform/admin/formLogin HTTP/1.1" 404 1186
191.107.176.50 - - [14/Aug/2022:10:23:04 -0500] "POST /HNAP1/ HTTP/1.0" 400 945
114.119.152.207 - - [14/Aug/2022:10:23:27 -0500] "-" 408 -
157.55.39.50 - - [14/Aug/2022:10:23:34 -0500] "GET /portaldeninos/parque-ecologico-distrital-humedal-santa-maria-del-lago/ HTTP/1.1" 200 90199
207.46.13.148 - - [14/Aug/2022:10:23:50 -0500] "GET /portaldeninos/wp-content/plugins/gallery-videos/CSS/Total-Soft-Gallery-Video-Widget.css?ver=4.9.8 HTTP/1.1" 200 51554
207.46.13.148 - - [14/Aug/2022:10:23:52 -0500] "GET /portaldeninos/wp-content/plugins/gallery-videos/JS/modernizr.custom.js?ver=4.9.8 HTTP/1.1" 200 9019
157.55.39.145 - - [14/Aug/2022:10:23:53 -0500] "GET /portaldeninos/wp-content/themes/betheme/js/menu.js?ver=20.9.6 HTTP/1.1" 200 2449
157.55.39.50 - - [14/Aug/2022:10:23:53 -0500] "GET /portaldeninos/wp-content/themes/betheme/assets/animations/animations.min.css?ver=20.9.6 HTTP/1.1" 200 58508
207.46.13.50 - - [14/Aug/2022:10:23:54 -0500] "GET /portaldeninos/wp-content/plugins/gallery-videos/CSS/totalsoft.css?ver=4.9.8 HTTP/1.1" 200 40622
207.46.13.148 - - [14/Aug/2022:10:23:55 -0500] "GET /portaldeninos/wp-content/themes/betheme/assets/jplayer/css/jplayer.blue.monday.css?ver=20.9.6 HTTP/1.1" 200 9834
157.55.39.145 - - [14/Aug/2022:10:23:55 -0500] "GET /portaldeninos/wp-includes/js/jquery/ui/mouse.min.js?ver=1.11.4 HTTP/1.1" 200 3148
157.55.39.50 - - [14/Aug/2022:10:23:55 -0500] "GET /portaldeninos/wp-includes/js/jquery/ui/accordion.min.js?ver=1.11.4 HTTP/1.1" 200 8584
207.46.13.50 - - [14/Aug/2022:10:23:56 -0500] "GET /portaldeninos/wp-content/themes/betheme/assets/ui/jquery.ui.all.css?ver=20.9.6 HTTP/1.1" 200 18765
207.46.13.148 - - [14/Aug/2022:10:23:58 -0500] "GET /portaldeninos/wp-content/themes/betheme/css/base.css?ver=20.9.6 HTTP/1.1" 200 57283
157.55.39.50 - - [14/Aug/2022:10:23:58 -0500] "GET /portaldeninos/wp-includes/js/wp-embed.min.js?ver=4.9.8 HTTP/1.1" 200 1398
157.55.39.145 - - [14/Aug/2022:10:23:58 -0500] "GET /portaldeninos/wp-includes/js/jquery/ui/tabs.min.js?ver=1.11.4 HTTP/1.1" 200 12110
207.46.13.50 - - [14/Aug/2022:10:23:59 -0500] "GET /portaldeninos/wp-content/themes/betheme/css/layout.css?ver=20.9.6 HTTP/1.1" 200 116639
157.55.39.145 - - [14/Aug/2022:10:24:01 -0500] "GET /portaldeninos/wp-includes/js/jquery/ui/widget.min.js?ver=1.11.4 HTTP/1.1" 200 6908
207.46.13.148 - - [14/Aug/2022:10:24:01 -0500] "GET /portaldeninos/wp-content/themes/betheme/css/responsive.css?ver=20.9.6 HTTP/1.1" 200 55740
207.46.13.14 - - [14/Aug/2022:10:24:01 -0500] "GET /portaldeninos/wp-content/themes/betheme/assets/jplayer/jplayer.min.js?ver=20.9.6 HTTP/1.1" 200 52702
207.46.13.50 - - [14/Aug/2022:10:24:02 -0500] "GET /portaldeninos/wp-content/themes/betheme/js/scripts.js?ver=20.9.6 HTTP/1.1" 200 77162
207.46.13.148 - - [14/Aug/2022:10:24:04 -0500] "GET /portaldeninos/wp-includes/js/jquery/jquery-migrate.min.js?ver=1.4.1 HTTP/1.1" 200 10056
207.46.13.50 - - [14/Aug/2022:10:24:05 -0500] "GET /portaldeninos/wp-content/uploads/useanyfont/uaf.css?ver=1589905315 HTTP/1.1" 200 408
207.46.13.14 - - [14/Aug/2022:10:24:04 -0500] "GET /portaldeninos/wp-content/themes/betheme/js/plugins.js?ver=20.9.6 HTTP/1.1" 200 197151
207.46.13.50 - - [14/Aug/2022:10:24:08 -0500] "GET /portaldeninos/wp-includes/js/jquery/jquery.js?ver=1.12.4 HTTP/1.1" 200 97184
157.55.39.108 - - [14/Aug/2022:10:24:10 -0500] "GET /portaldeninos/wp-content/themes/betheme/assets/animations/animations.min.js?ver=20.9.6 HTTP/1.1" 200 1896
157.55.39.108 - - [14/Aug/2022:10:24:12 -0500] "GET /portaldeninos/wp-content/themes/betheme/css/shortcodes.css?ver=20.9.6 HTTP/1.1" 200 138889
157.55.39.108 - - [14/Aug/2022:10:24:15 -0500] "GET /portaldeninos/wp-content/themes/betheme/style.css?ver=20.9.6 HTTP/1.1" 200 287
157.55.39.108 - - [14/Aug/2022:10:24:18 -0500] "GET /portaldeninos/wp-includes/js/jquery/ui/core.min.js?ver=1.11.4 HTTP/1.1" 200 4000
40.77.167.31 - - [14/Aug/2022:10:22:42 -0500] "GET /BLA/boletinlegal/index.php HTTP/1.1" 200 61436
40.77.167.31 - - [14/Aug/2022:10:24:43 -0500] "GET /BLA/boletinlegal/js/jquery.js HTTP/1.1" 200 57254
40.77.167.31 - - [14/Aug/2022:10:24:45 -0500] "GET /BLA/boletinlegal/js/jquery.scrollTo-min.js HTTP/1.1" 200 1150
207.46.13.14 - - [14/Aug/2022:10:24:07 -0500] "GET /portaldeninos/wp-content/uploads/2021/07/Humedal-Santa-Maria-del-Lago.mp4 HTTP/1.1" 200 10811678
207.46.13.14 - - [14/Aug/2022:10:24:49 -0500] "GET /portaldeninos/wp-includes/js/jquery/ui/sortable.min.js?ver=1.11.4 HTTP/1.1" 200 24899
207.46.13.14 - - [14/Aug/2022:10:24:51 -0500] "GET /portaldeninos/wp-includes/js/wp-emoji-release.min.js?ver=4.9.8 HTTP/1.1" 200 12026
172.22.2.4 - - [14/Aug/2022:10:25:04 -0500] "GET /BLA/boletinlegal/normativa.php HTTP/1.1" 200 8326
172.22.2.4 - - [14/Aug/2022:10:23:45 -0500] "HEAD /BLA/boletinlegal/ HTTP/1.1" 200 -
172.22.2.4 - - [14/Aug/2022:10:24:35 -0500] "GET /BLA/boletinlegal/ HTTP/1.1" 200 55621
216.245.221.92 - - [14/Aug/2022:10:27:21 -0500] "HEAD / HTTP/1.1" 200 -
185.196.220.70 - - [14/Aug/2022:10:27:25 -0500] "GET / HTTP/1.1" 200 319
201.245.192.253 - - [14/Aug/2022:10:28:09 -0500] "POST /kwsrmcab/Wsrmcab  HTTP/1.1" 200 46805
201.245.192.253 - - [14/Aug/2022:10:30:26 -0500] "POST /kwsrmcab/Wsrmcab HTTP/1.1" 200 47342
201.245.192.253 - - [14/Aug/2022:10:30:30 -0500] "POST /kwsrmcab/Wsrmcab HTTP/1.1" 200 48311
172.22.2.4 - - [14/Aug/2022:10:29:35 -0500] "HEAD /BLA/boletinlegal/ HTTP/1.1" 200 -
172.22.2.4 - - [14/Aug/2022:10:30:25 -0500] "GET /BLA/boletinlegal/ HTTP/1.1" 200 60865
216.245.221.92 - - [14/Aug/2022:10:32:21 -0500] "HEAD / HTTP/1.1" 200 -
192.109.145.231 - - [14/Aug/2022:10:32:58 -0500] "GET /galeria/galeria/jquery.fancybox.css?v=2.1.5 HTTP/1.1" 304 -
201.245.192.253 - - [14/Aug/2022:10:33:08 -0500] "POST /kwsrmcab/Wsrmcab  HTTP/1.1" 200 46805
40.77.167.31 - - [14/Aug/2022:10:34:06 -0500] "GET /bla/resoluciones/resoluciones%202017/1190.pdf HTTP/1.1" 200 316273
172.22.2.4 - - [14/Aug/2022:10:35:25 -0500] "HEAD /BLA/boletinlegal/ HTTP/1.1" 200 -
216.245.221.92 - - [14/Aug/2022:10:37:21 -0500] "HEAD / HTTP/1.1" 200 -
172.22.2.4 - - [14/Aug/2022:10:36:15 -0500] "GET /BLA/boletinlegal/ HTTP/1.1" 200 60272
201.245.192.253 - - [14/Aug/2022:10:38:07 -0500] "POST /kwsrmcab/Wsrmcab  HTTP/1.1" 200 46805
40.77.189.231 - - [14/Aug/2022:10:39:48 -0500] "GET /portaldeninos/wp-content/themes/betheme/fonts/mfn-icons.woff?93978679 HTTP/1.1" 200 80932
201.245.192.253 - - [14/Aug/2022:10:40:27 -0500] "POST /kwsrmcab/Wsrmcab HTTP/1.1" 200 47342
201.245.192.253 - - [14/Aug/2022:10:40:31 -0500] "POST /kwsrmcab/Wsrmcab HTTP/1.1" 200 48311
216.245.221.92 - - [14/Aug/2022:10:42:21 -0500] "HEAD / HTTP/1.1" 200 -
172.22.2.4 - - [14/Aug/2022:10:41:15 -0500] "HEAD /BLA/boletinlegal/ HTTP/1.1" 200 -
201.245.192.253 - - [14/Aug/2022:10:43:05 -0500] "POST /kwsrmcab/Wsrmcab  HTTP/1.1" 200 46805
172.22.2.4 - - [14/Aug/2022:10:42:05 -0500] "GET /BLA/boletinlegal/ HTTP/1.1" 200 60272
216.245.221.92 - - [14/Aug/2022:10:47:21 -0500] "HEAD / HTTP/1.1" 200 -
201.245.192.253 - - [14/Aug/2022:10:48:05 -0500] "POST /kwsrmcab/Wsrmcab  HTTP/1.1" 200 46805
186.102.72.116 - - [14/Aug/2022:10:48:34 -0500] "GET /kwssiamovil/sm/ldap/au?x=U2FsdGVkX1/S2UbsacpPb8u7E1SVnn1HkDqiFKmr5aYm/YNbTNdx1E0tpWRyWc17&y=U2FsdGVkX1+QS7GwY19rAGR0ZRPOPGgYNcZfEBEILNwH1iFFcVQ6Ws0Ca2xMNjFk HTTP/1.1" 200 30
186.102.72.116 - - [14/Aug/2022:10:48:34 -0500] "GET /kwssiamovil/sm/acme/s?s=U2FsdGVkX181+VW07+dTrU9EiWatxf/GSHfQog8tNWv/ktAgJdXBMF0dJax5sTHy2xI6GMKFrQ5owD2XdypYkpsxHYYHO0YVqHJRE+tx8a0=&u=U2FsdGVkX1+Eje6AYOulpJOP8FpDTszNzqKpKC/vm6oa0vENSexKHFQHFQsttmfL&y=U2FsdGVkX1+QS7GwY19rAGR0ZRPOPGgYNcZfEBEILNwH1iFFcVQ6Ws0Ca2xMNjFk HTTP/1.1" 200 97
186.102.72.116 - - [14/Aug/2022:10:48:34 -0500] "GET /kwssiamovil/sm/acme/s?s=U2FsdGVkX19c3O1EKvll8G9sJJFzcnaXR9Guo80wcy7XbZiLQdbvg7iLX2aKmGsTc4ODYFIFG09/o98lmhFyMs3pzTeyz7lO2i7m8at0q3E3u5R4r97il4xjJ23izU8vowDvwMonysmF2g4PX7oVJVhcRB3SqnEe77Az5hnm153vL09YTitzgGg4lTyz5qLHQQh6knFnx//3CDfyakrpyx5Hwai9V8fYPmAB1qyOjUkDpPktz0PgRkapjUbEePSVLZoYW7bjWbggCxQ9lSkeH3OkiqV7ndc9dXD/faxPj1kAArNwCqW1iooO6li3QwEYBPtzaBcEjjwAcB/fQrYX2ihtFpkF7RQ2beLr8IzWgLg7f/9N74B0lkJA3DwtiE7Qv/tIdwuEjpJkATVI+uPbKwzVuOxXWSnzS9zckWon5ayfuwzUWJhx80KOKkmLy4DXvEEDBZFyAMUNrfUXS5JqsJ8XwJZHc4HLnK3KHgQY8F5+4c/YIFAHhmzpmRRfJyQY0YIBs+JJ2NBvpuabu9nvWgFTRnH/cI7Ycvc5SURJ5gxpCBrI3ckzDh/m9T+jNCEXJT8MkJ14/+ydb6zR/JfAObfLhc1DVJdT3OekcJu2abYr8Bdxx0KVSdaE4UE3HelpdHDQQN5Na9WTOT576CTNsgIpPLOIfBO5m8c9rKINVYcn+0bVCvy0mx64UFE03aLOLVg0FpnMdECae4fL3cxNUF/t06y81DGjj0AjWprjqAb7P3V1bhVdDMn1vSCKo7XBuTferoEHG/4ilNd+AXbP3K95Dz3bZOvnQkY1BMf7qklm8rp2Cx4vj82c7ZzC3LwROm8ZCO9tRdYmazdh20qvSR5cCjzyDsH7MM+/T00NtLyuIOwI18sR4nvNknrRA5N2I4G0z4PO9Xbg8y3/Gu1I+hgnQTQPixxgXFv2SV+Ev5/Za/tLaBsXztRTy4WLN9tphbr0SQKq7Hmz7nk1qP0J6VxkmjG/E92hVnzyL5BaMgHxxiAwenzA35INhA3CE3P5oxLlORu+69oglblvzUK7uD/Xb50Usju2ui1KNKZMzQRLP4njWEzaWUnUstoxWqwaiewePDChh34OgSnItI0/Er0hcMwV+h3hC0KVnFx58kvOYel1WbcJtl1jg9Hv47xKwmbsjRS6u+An7oZb8I6ZZngFfB+4AxsrGX6xTSqlGmRDupIpi0muOXqxT08BV9WzwFSeXi3Qg+7lv5fatOXNokEMftMzvGIUhDdSfzpG4oUpUg8P4LPN2LpCqyYkrVz//KrD+vs0zyDoDbMbY9gEIsiRccoM/pjhweFzxN/66y0h0N1g4h4gk63yCJgeKNyWFv/nhr45Ar753q12/67SKbQA2c8PRMWYRXuiIHOpb9Q=&u=U2FsdGVkX1+Eje6AYOulpJOP8FpDTszNzqKpKC/vm6oa0vENSexKHFQHFQsttmfL&y=U2FsdGVkX1+QS7GwY19rAGR0ZRPOPGgYNcZfEBEILNwH1iFFcVQ6Ws0Ca2xMNjFk HTTP/1.1" 200 1652
186.102.72.116 - - [14/Aug/2022:10:48:34 -0500] "GET /kwssiamovil/sm/acme/s?s=U2FsdGVkX1+w3qzyBLydVyqUiMLmgqiuF7n4iqpqEpA/HRJ7xjXXuC7DeIt5QvfTo+eADKNB3CzEIbx1Zbb4SYQQr+AcNN9DThwA40m+tU2BUNT9pNjvLGETB7fRgs+dXWDTjczg+Q4+LYq1rSE74lcphqfz8hqzrhpf7lnCWW1iSYKXCNk3dM9rQ/9q4BLSV2wSc9dLzBwwQ8jUrzfV5ZMhRNMaNZ/j2gFh68SEhUlbWiW2sd0+Ojo4MzntFj//w8ZajLsmg1P4Gpan/fTTNPlITmB8TIojh/7TeXFI+W4=&u=U2FsdGVkX1+Eje6AYOulpJOP8FpDTszNzqKpKC/vm6oa0vENSexKHFQHFQsttmfL&y=U2FsdGVkX1+QS7GwY19rAGR0ZRPOPGgYNcZfEBEILNwH1iFFcVQ6Ws0Ca2xMNjFk HTTP/1.1" 200 176
186.102.72.116 - - [14/Aug/2022:10:48:34 -0500] "GET /kwssiamovil/sm/cjson/pre?f=1&x=U2FsdGVkX1/S2UbsacpPb8u7E1SVnn1HkDqiFKmr5aYm/YNbTNdx1E0tpWRyWc17 HTTP/1.1" 200 30992
172.22.2.4 - - [14/Aug/2022:10:47:05 -0500] "HEAD /BLA/boletinlegal/ HTTP/1.1" 200 -
172.22.2.4 - - [14/Aug/2022:10:47:55 -0500] "GET /BLA/boletinlegal/ HTTP/1.1" 200 56005
172.22.2.4 - - [14/Aug/2022:10:50:24 -0500] "GET /BLA/boletinlegal/ HTTP/1.1" 200 20427
172.22.2.4 - - [14/Aug/2022:10:52:18 -0500] "GET /BLA/boletinlegal/nmaplowercheck1660492178 HTTP/1.1" 404 1018
172.22.2.4 - - [14/Aug/2022:10:52:19 -0500] "GET /BLA/boletinlegal/HNAP1 HTTP/1.1" 404 1018
172.22.2.4 - - [14/Aug/2022:10:52:19 -0500] "GET /BLA/boletinlegal/evox/about HTTP/1.1" 404 1018
172.22.2.4 - - [14/Aug/2022:10:52:19 -0500] "POST /BLA/boletinlegal/sdk HTTP/1.1" 404 1018
216.245.221.92 - - [14/Aug/2022:10:52:21 -0500] "HEAD / HTTP/1.1" 200 -
185.7.214.117 - - [14/Aug/2022:10:52:32 -0500] "POST /Autodiscover/Autodiscover.xml HTTP/1.1" 404 1018
172.22.2.4 - - [14/Aug/2022:10:52:16 -0500] "GET /BLA/boletinlegal/ HTTP/1.1" 200 20427
172.22.2.4 - - [14/Aug/2022:10:52:16 -0500] "GET /BLA/boletinlegal/ HTTP/1.1" 200 20427
201.245.192.253 - - [14/Aug/2022:10:53:04 -0500] "POST /kwsrmcab/Wsrmcab  HTTP/1.1" 200 46805
172.22.2.4 - - [14/Aug/2022:10:52:26 -0500] "GET /BLA/boletinlegal/ HTTP/1.1" 200 24523
172.22.2.4 - - [14/Aug/2022:10:52:18 -0500] "HEAD /BLA/boletinlegal/ HTTP/1.1" 200 -
52.22.234.123 - - [14/Aug/2022:10:54:23 -0500] "CONNECT api.myip.la:443 HTTP/1.1" 405 939
172.22.2.4 - - [14/Aug/2022:10:52:55 -0500] "HEAD /BLA/boletinlegal/ HTTP/1.1" 200 -
172.22.2.4 - - [14/Aug/2022:10:53:45 -0500] "GET /BLA/boletinlegal/ HTTP/1.1" 200 58154
216.245.221.92 - - [14/Aug/2022:10:57:21 -0500] "HEAD / HTTP/1.1" 200 -
201.245.192.253 - - [14/Aug/2022:10:58:03 -0500] "POST /kwsrmcab/Wsrmcab  HTTP/1.1" 200 46805
172.22.2.4 - - [14/Aug/2022:10:58:45 -0500] "HEAD /BLA/boletinlegal/ HTTP/1.1" 200 -
172.22.2.4 - - [14/Aug/2022:10:59:35 -0500] "GET /BLA/boletinlegal/ HTTP/1.1" 200 46719
172.22.2.4 - - [14/Aug/2022:11:00:11 -0500] "GET /BLA/boletinlegal/ HTTP/1.1" 200 32715
172.22.2.4 - - [14/Aug/2022:11:00:13 -0500] "GET /BLA/boletinlegal/ HTTP/1.1" 200 32715
216.245.221.92 - - [14/Aug/2022:11:02:21 -0500] "HEAD / HTTP/1.1" 200 -
172.22.2.4 - - [14/Aug/2022:11:01:23 -0500] "GET /BLA/boletinlegal/ HTTP/1.1" 200 63198
201.245.192.253 - - [14/Aug/2022:11:03:01 -0500] "POST /kwsrmcab/Wsrmcab  HTTP/1.1" 200 46805
173.252.107.21 - - [14/Aug/2022:11:03:05 -0500] "GET /images/lluvias-arboles-4-junio.jpeg HTTP/1.1" 200 117524
173.252.107.18 - - [14/Aug/2022:11:03:06 -0500] "GET /images/empresas-industrias-forestales-1-junio.jpg HTTP/1.1" 200 44019
173.252.107.18 - - [14/Aug/2022:11:03:07 -0500] "GET /images/pieza-grafica-semana-ambiental-30.jpg HTTP/1.1" 200 38850
173.252.107.2 - - [14/Aug/2022:11:03:07 -0500] "GET /images/energia-eficiencia-26-mayo.jpg HTTP/1.1" 200 46417
173.252.107.12 - - [14/Aug/2022:11:03:07 -0500] "GET /images/facebook-live-ivc-MAYO27.png HTTP/1.1" 200 480404
173.252.107.2 - - [14/Aug/2022:11:03:08 -0500] "GET /images/jardines-verticales-plantas-24-mayo.jpg HTTP/1.1" 200 148288
173.252.107.12 - - [14/Aug/2022:11:03:08 -0500] "GET /images/la-vieja-mayo-24.jpg HTTP/1.1" 200 58217
173.252.107.12 - - [14/Aug/2022:11:03:09 -0500] "GET /images/bogota-polvo-sahara-23-mayo.jpg HTTP/1.1" 200 35039
173.252.107.2 - - [14/Aug/2022:11:03:09 -0500] "GET /images/control-madera-ilegal-24-mayo.jpg HTTP/1.1" 200 48269
173.252.107.12 - - [14/Aug/2022:11:03:09 -0500] "GET /images/Naturalista1.jpeg HTTP/1.1" 200 202073
173.252.107.12 - - [14/Aug/2022:11:03:10 -0500] "GET /images/feria-servicios-tramites-19-mayo.jpg HTTP/1.1" 200 40581
173.252.107.3 - - [14/Aug/2022:11:03:10 -0500] "GET /images/actividades-dia-aves-16-mayo.jpg HTTP/1.1" 200 147089
173.252.95.10 - - [14/Aug/2022:11:03:53 -0500] "GET /images/mujeres-cultura-31.jpg HTTP/1.1" 200 33736
40.77.167.101 - - [14/Aug/2022:11:06:02 -0500] "-" 408 -
172.22.2.4 - - [14/Aug/2022:11:04:35 -0500] "HEAD /BLA/boletinlegal/ HTTP/1.1" 200 -
172.22.2.4 - - [14/Aug/2022:11:05:25 -0500] "GET /BLA/boletinlegal/ HTTP/1.1" 200 54347
216.245.221.92 - - [14/Aug/2022:11:07:21 -0500] "HEAD / HTTP/1.1" 200 -
13.250.34.181 - - [14/Aug/2022:11:07:57 -0500] "GET /phppma/index.php?lang=en HTTP/1.1" 404 1018
13.250.34.181 - - [14/Aug/2022:11:07:57 -0500] "GET /wp-content/plugins/portable-phpmyadmin/wp-pma-mod/index.php?lang=en HTTP/1.1" 404 1018
13.250.34.181 - - [14/Aug/2022:11:07:57 -0500] "GET /_phpmyadmin/index.php?lang=en HTTP/1.1" 404 1018
13.250.34.181 - - [14/Aug/2022:11:07:57 -0500] "GET /phpMyAdmin-4.9.7/index.php?lang=en HTTP/1.1" 403 1165
13.250.34.181 - - [14/Aug/2022:11:07:58 -0500] "GET /dbadmin/index.php?lang=en HTTP/1.1" 404 1018
13.250.34.181 - - [14/Aug/2022:11:07:58 -0500] "GET /administrator/phpMyAdmin/index.php?lang=en HTTP/1.1" 404 1018
13.250.34.181 - - [14/Aug/2022:11:07:58 -0500] "GET /shopdb/index.php?lang=en HTTP/1.1" 404 1018
13.250.34.181 - - [14/Aug/2022:11:07:59 -0500] "GET /sql/php-myadmin/index.php?lang=en HTTP/1.1" 404 1018
13.250.34.181 - - [14/Aug/2022:11:07:59 -0500] "GET /admin/db/index.php?lang=en HTTP/1.1" 404 1018
13.250.34.181 - - [14/Aug/2022:11:07:59 -0500] "GET /phpmy/index.php?lang=en HTTP/1.1" 404 1018
13.250.34.181 - - [14/Aug/2022:11:08:00 -0500] "GET /phpmyadmin2013/index.php?lang=en HTTP/1.1" 403 1165
13.250.34.181 - - [14/Aug/2022:11:08:00 -0500] "GET /phpmyadmin/index.php?lang=en HTTP/1.1" 403 1165
13.250.34.181 - - [14/Aug/2022:11:08:00 -0500] "GET /admin/web/index.php?lang=en HTTP/1.1" 404 1018
13.250.34.181 - - [14/Aug/2022:11:08:01 -0500] "GET /db/phpmyadmin4/index.php?lang=en HTTP/1.1" 404 1018
13.250.34.181 - - [14/Aug/2022:11:08:01 -0500] "GET /admin/sqladmin/index.php?lang=en HTTP/1.1" 404 1018
13.250.34.181 - - [14/Aug/2022:11:08:01 -0500] "GET /phpMyAdmin-5.1.0/index.php?lang=en HTTP/1.1" 403 1165
13.250.34.181 - - [14/Aug/2022:11:08:02 -0500] "GET /mysql-admin/index.php?lang=en HTTP/1.1" 404 1018
13.250.34.181 - - [14/Aug/2022:11:08:02 -0500] "GET /db/phpMyAdmin3/index.php?lang=en HTTP/1.1" 404 1018
13.250.34.181 - - [14/Aug/2022:11:08:02 -0500] "GET /mysql/index.php?lang=en HTTP/1.1" 404 1018
13.250.34.181 - - [14/Aug/2022:11:08:03 -0500] "GET /pma/index.php?lang=en HTTP/1.1" 404 1018
13.250.34.181 - - [14/Aug/2022:11:08:03 -0500] "GET /phpmyadmin2011/index.php?lang=en HTTP/1.1" 403 1165
201.245.192.253 - - [14/Aug/2022:11:08:00 -0500] "POST /kwsrmcab/Wsrmcab  HTTP/1.1" 200 46805
13.250.34.181 - - [14/Aug/2022:11:08:03 -0500] "GET /2phpmyadmin/index.php?lang=en HTTP/1.1" 404 1018
13.250.34.181 - - [14/Aug/2022:11:08:03 -0500] "GET /sql/webdb/index.php?lang=en HTTP/1.1" 404 1018
13.250.34.181 - - [14/Aug/2022:11:08:04 -0500] "GET /mysql/dbadmin/index.php?lang=en HTTP/1.1" 404 1018
13.250.34.181 - - [14/Aug/2022:11:08:04 -0500] "GET /db/phpMyAdmin-3/index.php?lang=en HTTP/1.1" 404 1018
13.250.34.181 - - [14/Aug/2022:11:08:04 -0500] "GET /phpMyAdmin_/index.php?lang=en HTTP/1.1" 403 1165
13.250.34.181 - - [14/Aug/2022:11:08:05 -0500] "GET /sql/phpmyadmin3/index.php?lang=en HTTP/1.1" 404 1018
13.250.34.181 - - [14/Aug/2022:11:08:05 -0500] "GET /sql/phpmy-admin/index.php?lang=en HTTP/1.1" 404 1018
13.250.34.181 - - [14/Aug/2022:11:08:05 -0500] "GET /sql/webadmin/index.php?lang=en HTTP/1.1" 404 1018
13.250.34.181 - - [14/Aug/2022:11:08:06 -0500] "GET /db/dbadmin/index.php?lang=en HTTP/1.1" 404 1018
13.250.34.181 - - [14/Aug/2022:11:08:06 -0500] "GET /admin/phpMyAdmin/index.php?lang=en HTTP/1.1" 404 1018
13.250.34.181 - - [14/Aug/2022:11:08:06 -0500] "GET /phpmyadmin3/index.php?lang=en HTTP/1.1" 403 1165
13.250.34.181 - - [14/Aug/2022:11:08:07 -0500] "GET /sql/websql/index.php?lang=en HTTP/1.1" 404 1018
13.250.34.181 - - [14/Aug/2022:11:08:07 -0500] "GET /phpMyAdmin3/index.php?lang=en HTTP/1.1" 403 1165
13.250.34.181 - - [14/Aug/2022:11:08:07 -0500] "GET /phpMyAdmin-4/index.php?lang=en HTTP/1.1" 403 1165
13.250.34.181 - - [14/Aug/2022:11:08:08 -0500] "GET /phpmyadmin2016/index.php?lang=en HTTP/1.1" 403 1165
13.250.34.181 - - [14/Aug/2022:11:08:08 -0500] "GET /phpMyAdmin-3/index.php?lang=en HTTP/1.1" 403 1165
13.250.34.181 - - [14/Aug/2022:11:08:08 -0500] "GET /phpmyadmin2/index.php?lang=en HTTP/1.1" 403 1165
13.250.34.181 - - [14/Aug/2022:11:08:09 -0500] "GET /mysql/sqlmanager/index.php?lang=en HTTP/1.1" 404 1018
13.250.34.181 - - [14/Aug/2022:11:08:09 -0500] "GET /phpMyAdmin-5.2.0/index.php?lang=en HTTP/1.1" 403 1165
13.250.34.181 - - [14/Aug/2022:11:08:09 -0500] "GET /PMA/index.php?lang=en HTTP/1.1" 404 1018
13.250.34.181 - - [14/Aug/2022:11:08:09 -0500] "GET /db/webdb/index.php?lang=en HTTP/1.1" 404 1018
13.250.34.181 - - [14/Aug/2022:11:08:10 -0500] "GET /administrator/phpmyadmin/index.php?lang=en HTTP/1.1" 404 1018
13.250.34.181 - - [14/Aug/2022:11:08:10 -0500] "GET /program/index.php?lang=en HTTP/1.1" 404 1018
13.250.34.181 - - [14/Aug/2022:11:08:10 -0500] "GET /mysqladmin/index.php?lang=en HTTP/1.1" 404 1018
13.250.34.181 - - [14/Aug/2022:11:08:11 -0500] "GET /admin/index.php?lang=en HTTP/1.1" 404 1018
13.250.34.181 - - [14/Aug/2022:11:08:11 -0500] "GET /sql/sql/index.php?lang=en HTTP/1.1" 404 1018
13.250.34.181 - - [14/Aug/2022:11:08:11 -0500] "GET /mysql/db/index.php?lang=en HTTP/1.1" 404 1018
13.250.34.181 - - [14/Aug/2022:11:08:12 -0500] "GET /sql/phpmanager/index.php?lang=en HTTP/1.1" 404 1018
13.250.34.181 - - [14/Aug/2022:11:08:12 -0500] "GET /phpMyAdmin-5.1.1/index.php?lang=en HTTP/1.1" 403 1165
13.250.34.181 - - [14/Aug/2022:11:08:12 -0500] "GET /db/phpmyadmin3/index.php?lang=en HTTP/1.1" 404 1018
13.250.34.181 - - [14/Aug/2022:11:08:13 -0500] "GET /phpmyadmin2021/index.php?lang=en HTTP/1.1" 403 1165
13.250.34.181 - - [14/Aug/2022:11:08:13 -0500] "GET /sql/sqlweb/index.php?lang=en HTTP/1.1" 404 1018
13.250.34.181 - - [14/Aug/2022:11:08:13 -0500] "GET /administrator/PMA/index.php?lang=en HTTP/1.1" 404 1018
13.250.34.181 - - [14/Aug/2022:11:08:14 -0500] "GET /admin/phpmyadmin/index.php?lang=en HTTP/1.1" 404 1018
13.250.34.181 - - [14/Aug/2022:11:08:14 -0500] "GET /mysqlmanager/index.php?lang=en HTTP/1.1" 404 1018
13.250.34.181 - - [14/Aug/2022:11:08:14 -0500] "GET /phpMyAdmin-5.1.3/index.php?lang=en HTTP/1.1" 403 1165
13.250.34.181 - - [14/Aug/2022:11:08:15 -0500] "GET /db/websql/index.php?lang=en HTTP/1.1" 404 1018
13.250.34.181 - - [14/Aug/2022:11:08:15 -0500] "GET /administrator/db/index.php?lang=en HTTP/1.1" 404 1018
13.250.34.181 - - [14/Aug/2022:11:08:15 -0500] "GET /phpmy-admin/index.php?lang=en HTTP/1.1" 404 1018
13.250.34.181 - - [14/Aug/2022:11:08:15 -0500] "GET /mysql/mysqlmanager/index.php?lang=en HTTP/1.1" 404 1018
173.252.95.24 - - [14/Aug/2022:11:08:16 -0500] "GET /images/acuerdos-enero-19.jpg HTTP/1.1" 200 56694
13.250.34.181 - - [14/Aug/2022:11:08:16 -0500] "GET /db/db-admin/index.php?lang=en HTTP/1.1" 404 1018
13.250.34.181 - - [14/Aug/2022:11:08:16 -0500] "GET /db/myadmin/index.php?lang=en HTTP/1.1" 404 1018
13.250.34.181 - - [14/Aug/2022:11:08:16 -0500] "GET /_phpMyAdmin/index.php?lang=en HTTP/1.1" 404 1018
13.250.34.181 - - [14/Aug/2022:11:08:17 -0500] "GET /db/phpmyadmin5/index.php?lang=en HTTP/1.1" 404 1018
13.250.34.181 - - [14/Aug/2022:11:08:17 -0500] "GET /phpmyadmin2012/index.php?lang=en HTTP/1.1" 403 1165
13.250.34.181 - - [14/Aug/2022:11:08:17 -0500] "GET /phpMyAdmin4/index.php?lang=en HTTP/1.1" 403 1165
13.250.34.181 - - [14/Aug/2022:11:08:18 -0500] "GET /mysql/web/index.php?lang=en HTTP/1.1" 404 1018
13.250.34.181 - - [14/Aug/2022:11:08:18 -0500] "GET /myadmin/index.php?lang=en HTTP/1.1" 404 1018
13.250.34.181 - - [14/Aug/2022:11:08:18 -0500] "GET /phpmyadmin2019/index.php?lang=en HTTP/1.1" 403 1165
13.250.34.181 - - [14/Aug/2022:11:08:19 -0500] "GET /mysql/pMA/index.php?lang=en HTTP/1.1" 404 1018
13.250.34.181 - - [14/Aug/2022:11:08:19 -0500] "GET /phpmyadmin5/index.php?lang=en HTTP/1.1" 403 1165
13.250.34.181 - - [14/Aug/2022:11:08:19 -0500] "GET /db/dbweb/index.php?lang=en HTTP/1.1" 404 1018
13.250.34.181 - - [14/Aug/2022:11:08:20 -0500] "GET /db/phpmyadmin/index.php?lang=en HTTP/1.1" 404 1018
13.250.34.181 - - [14/Aug/2022:11:08:20 -0500] "GET /mysql/pma/index.php?lang=en HTTP/1.1" 404 1018
13.250.34.181 - - [14/Aug/2022:11:08:20 -0500] "GET /phpmyadmin2015/index.php?lang=en HTTP/1.1" 403 1165
13.250.34.181 - - [14/Aug/2022:11:08:20 -0500] "GET /phpMyAdmin1/index.php?lang=en HTTP/1.1" 403 1165
13.250.34.181 - - [14/Aug/2022:11:08:21 -0500] "GET /phpMyAdmin5/index.php?lang=en HTTP/1.1" 403 1165
13.250.34.181 - - [14/Aug/2022:11:08:21 -0500] "GET /sqlmanager/index.php?lang=en HTTP/1.1" 404 1018
13.250.34.181 - - [14/Aug/2022:11:08:21 -0500] "GET /phpmyAdmin/index.php?lang=en HTTP/1.1" 403 1165
13.250.34.181 - - [14/Aug/2022:11:08:22 -0500] "GET /sql/phpmyadmin5/index.php?lang=en HTTP/1.1" 404 1018
13.250.34.181 - - [14/Aug/2022:11:08:22 -0500] "GET /sql/phpmyadmin4/index.php?lang=en HTTP/1.1" 404 1018
13.250.34.181 - - [14/Aug/2022:11:08:22 -0500] "GET /administrator/pma/index.php?lang=en HTTP/1.1" 404 1018
13.250.34.181 - - [14/Aug/2022:11:08:23 -0500] "GET /db/index.php?lang=en HTTP/1.1" 404 1018
13.250.34.181 - - [14/Aug/2022:11:08:23 -0500] "GET /phpMyAdmin-5/index.php?lang=en HTTP/1.1" 403 1165
13.250.34.181 - - [14/Aug/2022:11:08:23 -0500] "GET /mysql/admin/index.php?lang=en HTTP/1.1" 404 1018
13.250.34.181 - - [14/Aug/2022:11:08:24 -0500] "GET /sql/phpMyAdmin/index.php?lang=en HTTP/1.1" 404 1018
13.250.34.181 - - [14/Aug/2022:11:08:24 -0500] "GET /sql/phpMyAdmin2/index.php?lang=en HTTP/1.1" 404 1018
13.250.34.181 - - [14/Aug/2022:11:08:24 -0500] "GET /sql/sqladmin/index.php?lang=en HTTP/1.1" 404 1018
13.250.34.181 - - [14/Aug/2022:11:08:25 -0500] "GET /phpmyadmin4/index.php?lang=en HTTP/1.1" 403 1165
13.250.34.181 - - [14/Aug/2022:11:08:25 -0500] "GET /php-myadmin/index.php?lang=en HTTP/1.1" 404 1018
13.250.34.181 - - [14/Aug/2022:11:08:25 -0500] "GET /db/phpMyAdmin-4/index.php?lang=en HTTP/1.1" 404 1018
13.250.34.181 - - [14/Aug/2022:11:08:26 -0500] "GET /MyAdmin/index.php?lang=en HTTP/1.1" 404 1018
13.250.34.181 - - [14/Aug/2022:11:08:26 -0500] "GET /admin/pma/index.php?lang=en HTTP/1.1" 404 1018
13.250.34.181 - - [14/Aug/2022:11:08:26 -0500] "GET /phpmyadmin_/index.php?lang=en HTTP/1.1" 403 1165
13.250.34.181 - - [14/Aug/2022:11:08:26 -0500] "GET /phpmyadmin2014/index.php?lang=en HTTP/1.1" 403 1165
13.250.34.181 - - [14/Aug/2022:11:08:27 -0500] "GET /administrator/web/index.php?lang=en HTTP/1.1" 404 1018
13.250.34.181 - - [14/Aug/2022:11:08:27 -0500] "GET /db/phpMyAdmin-5/index.php?lang=en HTTP/1.1" 404 1018
13.250.34.181 - - [14/Aug/2022:11:08:27 -0500] "GET /phpmyadmin2017/index.php?lang=en HTTP/1.1" 403 1165
13.250.34.181 - - [14/Aug/2022:11:08:28 -0500] "GET /administrator/admin/index.php?lang=en HTTP/1.1" 404 1018
13.250.34.181 - - [14/Aug/2022:11:08:28 -0500] "GET /phpmyadmin2022/index.php?lang=en HTTP/1.1" 403 1165
13.250.34.181 - - [14/Aug/2022:11:08:28 -0500] "GET /phpMyAdmin2/index.php?lang=en HTTP/1.1" 403 1165
13.250.34.181 - - [14/Aug/2022:11:08:29 -0500] "GET /db/webadmin/index.php?lang=en HTTP/1.1" 404 1018
13.250.34.181 - - [14/Aug/2022:11:08:29 -0500] "GET /phpmyadmin1/index.php?lang=en HTTP/1.1" 403 1165
13.250.34.181 - - [14/Aug/2022:11:08:29 -0500] "GET /sql/myadmin/index.php?lang=en HTTP/1.1" 404 1018
13.250.34.181 - - [14/Aug/2022:11:08:30 -0500] "GET /phpMyAdmin5.1/index.php?lang=en HTTP/1.1" 403 1165
13.250.34.181 - - [14/Aug/2022:11:08:30 -0500] "GET /sql/sql-admin/index.php?lang=en HTTP/1.1" 404 1018
13.250.34.181 - - [14/Aug/2022:11:08:30 -0500] "GET /phpMyAdmin/index.php?lang=en HTTP/1.1" 403 1165
13.250.34.181 - - [14/Aug/2022:11:08:31 -0500] "GET /_phpmyadmin_/index.php?lang=en HTTP/1.1" 404 1018
13.250.34.181 - - [14/Aug/2022:11:08:31 -0500] "GET /1phpmyadmin/index.php?lang=en HTTP/1.1" 404 1018
13.250.34.181 - - [14/Aug/2022:11:08:31 -0500] "GET /db/phpMyAdmin/index.php?lang=en HTTP/1.1" 404 1018
13.250.34.181 - - [14/Aug/2022:11:08:31 -0500] "GET /phpMyAdmin-5.1.2/index.php?lang=en HTTP/1.1" 403 1165
13.250.34.181 - - [14/Aug/2022:11:08:32 -0500] "GET /phpmyadmin2020/index.php?lang=en HTTP/1.1" 403 1165
13.250.34.181 - - [14/Aug/2022:11:08:32 -0500] "GET /phpmyadmin2018/index.php?lang=en HTTP/1.1" 403 1165
13.250.34.181 - - [14/Aug/2022:11:08:32 -0500] "GET /database/index.php?lang=en HTTP/1.1" 404 1018
13.250.34.181 - - [14/Aug/2022:11:08:33 -0500] "GET /phpMyAdmin5.2/index.php?lang=en HTTP/1.1" 403 1165
13.250.34.181 - - [14/Aug/2022:11:08:33 -0500] "GET /php-my-admin/index.php?lang=en HTTP/1.1" 404 1018
13.250.34.181 - - [14/Aug/2022:11:08:33 -0500] "GET /admin/sysadmin/index.php?lang=en HTTP/1.1" 404 1018
13.250.34.181 - - [14/Aug/2022:11:08:34 -0500] "GET /phpMyadmin/index.php?lang=en HTTP/1.1" 403 1165
109.206.241.219 - - [14/Aug/2022:11:11:21 -0500] "POST /boaform/admin/formLogin HTTP/1.1" 404 1186
172.22.2.4 - - [14/Aug/2022:11:10:25 -0500] "HEAD /BLA/boletinlegal/ HTTP/1.1" 200 -
216.245.221.92 - - [14/Aug/2022:11:12:21 -0500] "HEAD / HTTP/1.1" 200 -
185.119.81.102 - - [14/Aug/2022:11:12:37 -0500] "GET /portaldeninos/wp-login.php HTTP/1.1" 200 2592
185.119.81.102 - - [14/Aug/2022:11:12:38 -0500] "POST /portaldeninos/wp-login.php HTTP/1.1" 200 3605
172.22.2.4 - - [14/Aug/2022:11:11:15 -0500] "GET /BLA/boletinlegal/ HTTP/1.1" 200 59819
201.245.192.253 - - [14/Aug/2022:11:13:00 -0500] "POST /kwsrmcab/Wsrmcab  HTTP/1.1" 200 46805
185.119.81.104 - - [14/Aug/2022:11:16:18 -0500] "GET /portaldeninos/wp-login.php HTTP/1.1" 200 2592
185.119.81.104 - - [14/Aug/2022:11:16:19 -0500] "POST /portaldeninos/wp-login.php HTTP/1.1" 200 3605
185.119.81.99 - - [14/Aug/2022:11:16:38 -0500] "GET /portaldeninos/wp-login.php HTTP/1.1" 200 2592
185.119.81.99 - - [14/Aug/2022:11:16:39 -0500] "POST /portaldeninos/wp-login.php HTTP/1.1" 200 3605
216.245.221.92 - - [14/Aug/2022:11:17:21 -0500] "HEAD / HTTP/1.1" 200 -
172.22.2.4 - - [14/Aug/2022:11:16:15 -0500] "HEAD /BLA/boletinlegal/ HTTP/1.1" 200 -
201.245.192.253 - - [14/Aug/2022:11:17:58 -0500] "POST /kwsrmcab/Wsrmcab  HTTP/1.1" 200 46805
172.22.2.4 - - [14/Aug/2022:11:17:05 -0500] "GET /BLA/boletinlegal/ HTTP/1.1" 200 58566
173.252.95.8 - - [14/Aug/2022:11:19:15 -0500] "GET /secretaria-de-ambiente-abre-espacio-de-formacion-para-comunicadores-sociales-y-periodistas.html HTTP/1.1" 206 860
207.46.13.50 - - [14/Aug/2022:11:20:11 -0500] "GET /portaldeninos/wp-content/uploads/2022/04/banner-p%C3%A1gina-de-ni%C3%B1os-libro-digital-abril.jpg HTTP/1.1" 404 75240
34.147.115.251 - - [14/Aug/2022:11:20:16 -0500] "GET / HTTP/1.1" 200 319
201.245.192.253 - - [14/Aug/2022:11:20:27 -0500] "POST /kwsrmcab/Wsrmcab HTTP/1.1" 200 44524
201.245.192.253 - - [14/Aug/2022:11:20:31 -0500] "POST /kwsrmcab/Wsrmcab HTTP/1.1" 200 48469
216.245.221.92 - - [14/Aug/2022:11:22:21 -0500] "HEAD / HTTP/1.1" 200 -
201.245.192.253 - - [14/Aug/2022:11:22:57 -0500] "POST /kwsrmcab/Wsrmcab  HTTP/1.1" 200 46805
172.22.2.4 - - [14/Aug/2022:11:22:05 -0500] "HEAD /BLA/boletinlegal/ HTTP/1.1" 200 -
172.22.2.4 - - [14/Aug/2022:11:22:55 -0500] "GET /BLA/boletinlegal/ HTTP/1.1" 200 54347
185.119.81.99 - - [14/Aug/2022:11:26:10 -0500] "GET /portaldeninos/wp-login.php HTTP/1.1" 200 2592
185.119.81.99 - - [14/Aug/2022:11:26:11 -0500] "POST /portaldeninos/wp-login.php HTTP/1.1" 200 3605
216.245.221.92 - - [14/Aug/2022:11:27:21 -0500] "HEAD / HTTP/1.1" 200 -
201.245.192.253 - - [14/Aug/2022:11:27:56 -0500] "POST /kwsrmcab/Wsrmcab  HTTP/1.1" 200 46805
172.22.2.4 - - [14/Aug/2022:11:27:55 -0500] "HEAD /BLA/boletinlegal/ HTTP/1.1" 200 -
172.22.2.4 - - [14/Aug/2022:11:28:45 -0500] "GET /BLA/boletinlegal/ HTTP/1.1" 200 58154
201.245.192.253 - - [14/Aug/2022:11:30:26 -0500] "POST /kwsrmcab/Wsrmcab HTTP/1.1" 200 44524
201.245.192.253 - - [14/Aug/2022:11:30:31 -0500] "POST /kwsrmcab/Wsrmcab HTTP/1.1" 200 48469
216.245.221.92 - - [14/Aug/2022:11:32:21 -0500] "HEAD / HTTP/1.1" 200 -
207.46.13.188 - - [14/Aug/2022:11:32:55 -0500] "GET /BLA/resoluciones/index.php?dir=AUTOS+2021%2F HTTP/1.1" 200 391860
201.245.192.253 - - [14/Aug/2022:11:32:55 -0500] "POST /kwsrmcab/Wsrmcab  HTTP/1.1" 200 46805
172.22.2.4 - - [14/Aug/2022:11:34:19 -0500] "GET /BLA/boletinlegal/Directivas/2011/Directiva%20No.%206%20del%208%20de%20Septiembre%20de%202011.pdf HTTP/1.1" 304 -
172.22.2.4 - - [14/Aug/2022:11:33:45 -0500] "HEAD /BLA/boletinlegal/ HTTP/1.1" 200 -
172.22.2.4 - - [14/Aug/2022:11:34:35 -0500] "GET /BLA/boletinlegal/ HTTP/1.1" 200 58566
207.46.13.188 - - [14/Aug/2022:11:37:05 -0500] "GET /BLA/resoluciones/RESOLUCIONES%202021/1920.pdf HTTP/1.1" 304 -
216.245.221.92 - - [14/Aug/2022:11:37:21 -0500] "HEAD / HTTP/1.1" 200 -
66.249.73.127 - - [14/Aug/2022:11:37:25 -0500] "-" 408 -
201.245.192.253 - - [14/Aug/2022:11:37:55 -0500] "POST /kwsrmcab/Wsrmcab  HTTP/1.1" 200 46805
201.245.192.253 - - [14/Aug/2022:11:40:27 -0500] "POST /kwsrmcab/Wsrmcab HTTP/1.1" 200 44524
201.245.192.253 - - [14/Aug/2022:11:40:31 -0500] "POST /kwsrmcab/Wsrmcab HTTP/1.1" 200 48469
172.22.2.4 - - [14/Aug/2022:11:39:35 -0500] "HEAD /BLA/boletinlegal/ HTTP/1.1" 200 -
172.22.2.4 - - [14/Aug/2022:11:40:25 -0500] "GET /BLA/boletinlegal/ HTTP/1.1" 200 54347
216.245.221.92 - - [14/Aug/2022:11:42:21 -0500] "HEAD / HTTP/1.1" 200 -
201.245.192.253 - - [14/Aug/2022:11:42:53 -0500] "POST /kwsrmcab/Wsrmcab  HTTP/1.1" 200 46805
186.155.15.156 - - [14/Aug/2022:11:44:11 -0500] "GET /BLA/resoluciones/RESOLUCIONES%202021/1865.pdf HTTP/1.1" 200 466582
186.155.15.156 - - [14/Aug/2022:11:44:12 -0500] "GET /favicon.ico HTTP/1.1" 200 7782
185.7.214.117 - - [14/Aug/2022:11:45:12 -0500] "GET /_ignition/execute-solution HTTP/1.1" 404 1018
172.22.2.4 - - [14/Aug/2022:11:45:25 -0500] "HEAD /BLA/boletinlegal/ HTTP/1.1" 200 -
216.245.221.92 - - [14/Aug/2022:11:47:21 -0500] "HEAD / HTTP/1.1" 200 -
185.119.81.99 - - [14/Aug/2022:11:47:24 -0500] "GET /portaldeninos/wp-login.php HTTP/1.1" 200 2592
185.119.81.99 - - [14/Aug/2022:11:47:25 -0500] "POST /portaldeninos/wp-login.php HTTP/1.1" 200 3605
201.245.192.253 - - [14/Aug/2022:11:47:52 -0500] "POST /kwsrmcab/Wsrmcab  HTTP/1.1" 200 46805
172.22.2.4 - - [14/Aug/2022:11:46:15 -0500] "GET /BLA/boletinlegal/ HTTP/1.1" 200 60272
172.22.2.4 - - [14/Aug/2022:11:49:43 -0500] "GET /BLA/boletinlegal/xmlrpc.php HTTP/1.1" 404 1038
207.46.13.20 - - [14/Aug/2022:11:50:53 -0500] "GET /BLA/resoluciones/RESOLUCIONES%202013/0491.pdf HTTP/1.1" 200 1648410
40.77.167.31 - - [14/Aug/2022:11:51:21 -0500] "GET /BLA/resoluciones/RESOLUCIONES%202021/4048.pdf HTTP/1.1" 304 -
186.102.3.185 - - [14/Aug/2022:11:52:07 -0500] "GET /kwssiamovil/sm/ldap/au?x=U2FsdGVkX1/ZY2BbQIDA8bFksHlACvoqcWmDc8tk1iezFH7iCCHJDhV/8YKMojqc&y=U2FsdGVkX1/BTXcZck0VRXZGNXP897xOCYs6DWLxU3OnZwtf6EGLVdZvU9K6XTeI HTTP/1.1" 200 30
186.102.3.185 - - [14/Aug/2022:11:52:08 -0500] "GET /kwssiamovil/sm/acme/s?s=U2FsdGVkX1/Ifs97O7W7SzXXoxrFTfzReSFdEYYldcb7ZckjMc+KGE4dTLszN7ozyaGxV7TMmWwcGsuvpUJadHotQ/IdlCi3SE7OOfHWg/Y=&u=U2FsdGVkX1/EPZVTFZLNZB90BPWyX/jdC0OEHuN8pS8=&y=U2FsdGVkX1/BTXcZck0VRXZGNXP897xOCYs6DWLxU3OnZwtf6EGLVdZvU9K6XTeI HTTP/1.1" 200 97
186.102.3.185 - - [14/Aug/2022:11:52:08 -0500] "GET /kwssiamovil/sm/acme/s?s=U2FsdGVkX186HkWuCcN6v17/iAjK97v4bqtmgd90JtqDeko1BQ61H9MNc8wEwNQ5VQg6ozLlp7+lMdSmPeD8FSo+bmuPvicc704seJWjlaQNEmVwP0WUr+yiZ5is9DrRRKBqpUJFsXXY4OFbdm/5pmYxbA+QWAmpQpOpQFOY31wOudqTaq4jZX9TI8EExaH04Vav/cnXdfmUwBap37uY0/nnYucbN1mAVX1f5MCOYoIZIa7XytVSjQWwC6m3lMXCPEq9iGwGIqYt57zbHO4bXRmqG5k7n9M4yDRRyXjrSBQxsp2oeRmDi5Ln8hJ10kFu6FxoPLr/UJRR43k6M/rkA24CKDGojcJCdJtlUp6P4I+vaU4QBJX+LJcbDdQhM/bOE2QGTuzID5uLeEyC2Tz08iOG6X5RLO4InKiKdKTK3P4IxQWpPdfJV6Tz277kOXEm9ypVsHLVsoaf1tNzlKwfkatUWtVMcqRAQj6rW0hT4z2T1T+MYCQfP61rSpsr5PZMvTya782ZkKXfIbIYeJfZkUKbxJ9NLpb8DCZ6lETsF2Xg1UfZ5Z+VpnqL+LVkhdcWIiPGAeiRej7/YJ8EJOypmHgQpl7d2Tc0RCwBXK8UpBLnI25E/tNRvMJz0X//taSbvksycxUtMRnFXqTTdvTIJsYpzP4zTIgqUealRHXIYw0wTs99CYDhcSQsXyzDPZZZffk//WnkfHg+Y3vZWiqe53+2Dw/2Adr/Z22vyfNxG/0XGyzNbU80QfJT3lfo6UHitH/1FU0vXN+EGJi61BJXWcI+/SwY+fipacHVD3vz+9KxI9HbORTvFwzM3qkIOyl7Gbgk1SnKsvw1SAmXI1lVXiYArxnvm24L7WY/rTz9txTCtJCKf+HmWydsbzsVGaELvJrAITQ6mddRUGSprJs2XBNvjXL9ua/lL5mXvRXRHMmVX87RltfivarOi/Yb0dMRbF8+sSt41XhKW4NQHSSa1gDT44RZ8v0QTbyoKit2C1ytooolddnzUjviun4C3jNmfULpEBQU672LzNpMoy4kiEJwG7q33+lMSUf/QUL4ikr4Af5ycncW+aUX3Zj3vwlMwoac+kIM9oIaQ1c7NqswtCKokjrDwc8T8n2a5bx9kqLZpD1BFr+0TamUl04Do1B4ra20otaHsvpV7vUUZSDr8qGFHUjvopim+pS5NROy6lJCpYWBuOC9K85lSXn3bS+8H0kFs1CSW3ptxWkAb/JJDtFQUQ3ODp3hRNfGHlT25LFhVMJQghrJiEWXjC2/cHigEaVGMmviyW50kCiDwA+ZOMxw/BMCZQ5gRH5WTffyuVMWVI3rfhIPWsN5+1BMdMEhQKIoNtg98UiDnSePpIzkz5GVlJbx0lLFlnZzUJ//gcc=&u=U2FsdGVkX1/EPZVTFZLNZB90BPWyX/jdC0OEHuN8pS8=&y=U2FsdGVkX1/BTXcZck0VRXZGNXP897xOCYs6DWLxU3OnZwtf6EGLVdZvU9K6XTeI HTTP/1.1" 200 889
186.102.3.185 - - [14/Aug/2022:11:52:08 -0500] "GET /kwssiamovil/sm/acme/s?s=U2FsdGVkX18Gmtj3pylFKsCE78+zmo6amiWP9UPOIzhZL1v4YFnbfIrAmLC0ZqC7HwB/dmGWoyM5XuO88WiW18Y7miJCKgcboFTW6X+SP10Wnow1wI3pgi5SIJ4oIBhqGYtfR9Ctyd16rAXtQ2B33u1aZ3pgRSDKiLQHLmYGsEXUK7i/w/mIo6pelIO+9+ZmInf11fJMZJPh+lOiSr1h1hoMcA7bXRaYm/YqC6cTR1qPyB2kHZZbyzruo6j7925PcIOndv3xp3KxXUNA56EwUBwD9OBX10E1O5kN6l+tvYQ=&u=U2FsdGVkX1/EPZVTFZLNZB90BPWyX/jdC0OEHuN8pS8=&y=U2FsdGVkX1/BTXcZck0VRXZGNXP897xOCYs6DWLxU3OnZwtf6EGLVdZvU9K6XTeI HTTP/1.1" 200 176
186.102.3.185 - - [14/Aug/2022:11:52:08 -0500] "GET /kwssiamovil/sm/cjson/pre?f=1&x=U2FsdGVkX1/ZY2BbQIDA8bFksHlACvoqcWmDc8tk1iezFH7iCCHJDhV/8YKMojqc HTTP/1.1" 200 30992
216.245.221.92 - - [14/Aug/2022:11:52:21 -0500] "HEAD / HTTP/1.1" 200 -
201.245.192.253 - - [14/Aug/2022:11:52:51 -0500] "POST /kwsrmcab/Wsrmcab  HTTP/1.1" 200 46805
172.22.2.4 - - [14/Aug/2022:11:51:15 -0500] "HEAD /BLA/boletinlegal/ HTTP/1.1" 200 -
172.22.2.4 - - [14/Aug/2022:11:52:05 -0500] "GET /BLA/boletinlegal/ HTTP/1.1" 200 59819
103.127.158.166 - - [14/Aug/2022:11:57:11 -0500] "GET / HTTP/1.1" 200 319
103.127.158.166 - - [14/Aug/2022:11:57:11 -0500] "GET / HTTP/1.1" 200 319
216.245.221.92 - - [14/Aug/2022:11:57:21 -0500] "HEAD / HTTP/1.1" 200 -
201.245.192.253 - - [14/Aug/2022:11:57:50 -0500] "POST /kwsrmcab/Wsrmcab  HTTP/1.1" 200 46805
172.22.2.4 - - [14/Aug/2022:11:57:05 -0500] "HEAD /BLA/boletinlegal/ HTTP/1.1" 200 -
172.22.2.4 - - [14/Aug/2022:11:57:55 -0500] "GET /BLA/boletinlegal/ HTTP/1.1" 200 58154
186.102.93.70 - - [14/Aug/2022:12:01:33 -0500] "OPTIONS /kwssiamovil/sm/setfile/f? HTTP/1.1" 200 13
186.102.93.70 - - [14/Aug/2022:12:01:33 -0500] "POST /kwssiamovil/sm/setfile/f? HTTP/1.1" 200 381
186.102.93.70 - - [14/Aug/2022:12:01:37 -0500] "OPTIONS /kwssiamovil/sm/setfile/f? HTTP/1.1" 200 13
186.102.93.70 - - [14/Aug/2022:12:01:37 -0500] "POST /kwssiamovil/sm/setfile/f? HTTP/1.1" 200 381
186.102.93.70 - - [14/Aug/2022:12:01:42 -0500] "OPTIONS /kwssiamovil/sm/setfile/f? HTTP/1.1" 200 13
186.102.93.70 - - [14/Aug/2022:12:01:42 -0500] "POST /kwssiamovil/sm/setfile/f? HTTP/1.1" 200 381
186.102.93.70 - - [14/Aug/2022:12:01:48 -0500] "OPTIONS /kwssiamovil/sm/setfile/f? HTTP/1.1" 200 13
186.102.93.70 - - [14/Aug/2022:12:01:49 -0500] "POST /kwssiamovil/sm/setfile/f? HTTP/1.1" 200 381
186.102.93.70 - - [14/Aug/2022:12:02:05 -0500] "GET /kwssiamovil/sm/acme/a?s=U2FsdGVkX19ajFbWIae60HnJ8xzkzHIekW36unu0pFhoP9TFAUr9OheRfcuLqYqf6Tz73TGLtWF6FNfzIF+xSDSpHu+lmhx7utMgZTcJ6uymy9Z2sRLaCJ4ztH9Mh2UG5tX5yI5Tk+Wje648NDzuEBVBnaUYiEUMgk6lcf9tOm1Py5c54ZhHo+rXemJ6nw3CWhXNC+rPKbKyiUP1qGrgZsseZiMEP9oqvvf0hU/nd8VYTTDF6IKbql4xiQ23GaSlcrdp2ZEXGFGjUdkTT5sz/g==&u=U2FsdGVkX1/bLQtXC5Y4NIDjD9FRY9ZQzKGkfUmRRl0=&y=U2FsdGVkX1/6FfbEb+id5dTBGYktGDzFobcAv0kYxOc= HTTP/1.1" 200 25
186.102.93.70 - - [14/Aug/2022:12:02:06 -0500] "GET /kwssiamovil/sm/acme/a?s=U2FsdGVkX1/1KgRjKQGB9053vUr1Vcg9USC2frzvL6EuMu4fEbJdGQ1R1p47ND23FfzDh56LrsdsxMLXoLWdHVA8T6SXZnrKtMuy6gpzqVPDBiiB1/tFmlAxwl1KLlJNziR8ru06dg3x6oRgmBtyYPWvt6acNC516ojCyR1mvI9e5gbfRhFJuZtcWkt56oZJ141+C631rFb04ILb0cSqyYhOslczjIIycOWt/tqN4hSYgz57bsiIkWA4el3iyBgpmJbG9AMnP3UZmJSUUhUN/hFafk3vwMo7WDHQUYxKz7v6rc5ZiyzeSIxf7Q4nn6oXL6qgLeJCzv38u6zhRw8AX8hrB/QTaAB1Sqz1RqmjHL+r3v83kn7DKV8FjuWC6TpIbOi3mUAFE052dkIbRADiUG/7SYRM2b3dbifjlSSk3a1J9vex/A6lLZZq89pY6IKN1CwQIcNTDAW51lY0iT2bC0RQfXLNdP9TXRvIFrRJYgvKbgKw9Uw+Ff8dfjyiRPmZmaIYK+zex/MHAh7VvgpD5w5rKAp1I3ZV5Wlnpl1tGwm5CmpAxULlJDNgU7CmWkbuQyJrfeMj6G4aYN3rX0+NyVPY63QiwTq34l1HS1okSmVpqhECz4e7cfPFZHIRt5zI4lHmja4xp6jwczoZwUIEvNmN8NDpEbbiZlqUmxFMVbvHB2yg8zwC4PeTDehno3pQ06DgxADWfRqiRpio2dBSlwIQkFiOiC1wseZh/HbBqZWBFXR43xUfG7z24mK3hGw5TtF/jziqyew/EHmE7vmJLN+OG1EWOdBwSIHk7SydPQB9qbzq+8+Sc6ANRf+Zj5ncj4+b13WyZtNDeMr3cG8oZg0F9ma1qLqhLQX/E/brH6aQjyOcCn7JErR0aZZK0Fo/BG4OJISteRGtr5P8fOuCKRzWFfLzYQ/j7RYC3Ueeofsq6FoeHo2z+GKsYDrwW09lH4JXNj30jceEicAZz1tN15+jW7YxfvN6YYfIl8pCOnUPWQ0YSgaMQWj5u3lWHesbshLBk2mAQ3sYViPTYhshA9GBY/qWo/dT00Gvj4nthoh/XQOh8AydO1yEMwlhrOC9WdUT5zlHPZ+Hxgq4tkyPJTOQiOhOhSrAxt8xwnZrXlAj16CSY7ykRUXFM+xaGHEh7Iv+GrBdql/9npBx4U2KsAu+tevxI36TM/u6/lcKYdFMpoqP70dBN/AA6ACJkzBYXSIQ0R4msL/67XU97TKZFGPEusNzxsQyzNe6uegP8r09S6rHVANx7ZB/M+ZKL+L2RsR5fj93xzLfCYc+j0X+uxnTa+LsVcDQkR+QTuGl4dkLnCgTJ6AZRNvpYVKajNgrUG19wqsa2AitTa15Snwwm7Iu9FKjdD8cQqRZCfqnHl/MQ9YVRmNVaXmB7j4viZdgDKtMgRCc+rX74Y/6YYz1OC5BoELKAWJc0Aw4h762JsNY5ip0z+/8oIyAztu2ISJziAtjrWU/l1LnsEFHCp+0nkUUuHrOciHyEzOlFpW/I8PmJg0kvmR603OXhT2s6RZ5R1hLpmT6HDsNtWV/WedYNJ1kQBKACbmN2bmtgqOfj10k4eetnrV1hOF8U7mqxp+pCoCZlcMt9goCMURSjGDQGTqkPRK8oRIJ1Ti4k6SccMSnaZ4P3mMdgJEgpspjAI1CoCF8sMD2jHZFguKx2KbE42d92v7E2Xyr/n566zPSChIAwgPSTaPbL+SQ7OJrS6Aegjp5D7y8qeUvNi9/iKgJPMyCnd4nwoKy9Zb3+wZ18LwKxDKwFOCv7E55fuTlte7dTOz/MZ9ClqMmrg1xsEqyGVFKX4AbBwzewhA/jSPbYqWkTzzPYixEhrzP3lfDgqYGqvFJOKIzvzxjlxHL3/m50k7JVEIkRxlpMwtNwmNSmgaOMA2JIR1WRZhyyWSTOCVaEA5FtmQONyl/EgljKzGYOwrhsDdVneW23MpQTIYybg/1UfhmUH6zbVu4ZVRs1Z8zIXdLUYxwnhMH91bMoRHa6SeepaP2nCkFkPyGyYeFGUtcq+XrG771pqXFMCXzok/9+jrjAAhDb6itpBWq/khmECiP+WwOp+MtsNVCdixdgJ1/8uY/XyPJgzCQfGXoShQ7KTgOY/rp3ODOwE9PHZTPTKePYSsaSfQbsUjWwNOmX72XKU+Usg3tpzK0KJzB4IFtUgtu1ot4iwAgdnPJOsCnGcu//aRdyo0izsqfuWQeMtgxY1dgxhhc5kVI6gCh0+KiiZhJMDTGOSdVVAhkoJJNnysTbw67GDMKRd7QRgp9P2TwVd3ky2hIV5/HSNI0J6ICSJ5wU5SX9Tig/Jk78zvD6u5vH3Fm7F/KvSvN+6ah3J4=&u=U2FsdGVkX1/bLQtXC5Y4NIDjD9FRY9ZQzKGkfUmRRl0=&y=U2FsdGVkX1/6FfbEb+id5dTBGYktGDzFobcAv0kYxOc= HTTP/1.1" 200 25
186.102.93.70 - - [14/Aug/2022:12:02:06 -0500] "GET /kwssiamovil/sm/acme/a?s=U2FsdGVkX18BfGoJAFdGXgzlBmA42fM3+HERousb71g/FDWa6mQqt7JuiqeKwdyUxvvTrMMW3zZL5Un4NJfdybkVIJTXX98abr/hk6T1fof1Q2RxNPVgqUJDGgCxo3yaUJNPRtw/XLrGCKY+0UWYOID+X7Ov5GowEX/npVEEg64=&u=U2FsdGVkX1/bLQtXC5Y4NIDjD9FRY9ZQzKGkfUmRRl0=&y=U2FsdGVkX1/6FfbEb+id5dTBGYktGDzFobcAv0kYxOc= HTTP/1.1" 200 25
186.102.93.70 - - [14/Aug/2022:12:02:06 -0500] "GET /kwssiamovil/sm/acme/a?s=U2FsdGVkX19L310guUOn+3SuOSplJv2rfkTMYniux/NccqAGYFwrGQNGRoUUTKhVDKIXIPEcSVlVtSC2AOeYybt6c0sozkFRWKbgANDlcmnMUAAoCVMQAV+raT5ykxCReE4kes8W6w+H3Jc6jCvv6MWgUAeezz3N0KyIcYWoIyk=&u=U2FsdGVkX1/bLQtXC5Y4NIDjD9FRY9ZQzKGkfUmRRl0=&y=U2FsdGVkX1/6FfbEb+id5dTBGYktGDzFobcAv0kYxOc= HTTP/1.1" 200 25
186.102.93.70 - - [14/Aug/2022:12:02:06 -0500] "GET /kwssiamovil/sm/acme/a?s=U2FsdGVkX1+vWE4eBWHwWRViCpX8n6XMIvX3m0UOGcJVRp6QLxTY0BxWDsTCJN9/RnbqX4WBjGGuJs2arZ2X5VPtq/pzGJeovsqF5MrWfEaIJeuZOpIl8fPdz4sRJMYMg+Bv8QKBYiX1NzA+uJy7QIhS+1nDTE2S+zXwN4s4Z0A=&u=U2FsdGVkX1/bLQtXC5Y4NIDjD9FRY9ZQzKGkfUmRRl0=&y=U2FsdGVkX1/6FfbEb+id5dTBGYktGDzFobcAv0kYxOc= HTTP/1.1" 200 25
186.102.93.70 - - [14/Aug/2022:12:02:06 -0500] "GET /kwssiamovil/sm/acme/a?s=U2FsdGVkX1/vI0VAAdN95unYUIvIQYSrKrj7GKJzSdsPnOAk8QdcZ11MHXk63ywlSJ+keqB01S+vyvJjUhkCHS/XcMH/cly+KXhWpiYYR8A0KZqFI/hdZvegDaTgaNYFRYIE1V2tQBdMfFZLUCoCV8MbQkpVEPOzcJsu7mbqX5NPVgUWBFOBgIxl6uzZdUBR&u=U2FsdGVkX1/bLQtXC5Y4NIDjD9FRY9ZQzKGkfUmRRl0=&y=U2FsdGVkX1/6FfbEb+id5dTBGYktGDzFobcAv0kYxOc= HTTP/1.1" 200 25
186.102.93.70 - - [14/Aug/2022:12:02:06 -0500] "GET /kwssiamovil/sm/acme/a?s=U2FsdGVkX1/QeufUKXkMYBEyIKy/tSsbJ03jBSYEWcEVNxuxVtQGDI1078jRPuiRMD05erBkSwGAbKYeUEbrnh+B50mz30yuGL5il/txKplPvOUwgALIeFn1eTYKVX/9/CcmWlooU+Yl6uUoOQ62p8irMCFYDJIQah6sBk1XqNX1/CDLpomtRvrtEsVZd4HOuEV7s7eMi/c3KFnckt10Uw==&u=U2FsdGVkX1/bLQtXC5Y4NIDjD9FRY9ZQzKGkfUmRRl0=&y=U2FsdGVkX1/6FfbEb+id5dTBGYktGDzFobcAv0kYxOc= HTTP/1.1" 200 25
186.102.93.70 - - [14/Aug/2022:12:02:07 -0500] "GET /kwssiamovil/sm/acme/a?s=U2FsdGVkX19OTVH7WZeIVCGHlQPq8qytlgKdoFH7Q8/6CZvV4e009l7rLe3kVqGUANFTRQWD3k5tiCwhArNEEl/th9HqhA2IYWGxGvo9xDv9johk1zs571m0yFxgROVnM3Gr7MDQH6Jg9JgRhidjqlt3osXOKOa6qZ9K+NRNhAvk3tF1x66uh5C1sigL7azT&u=U2FsdGVkX1/bLQtXC5Y4NIDjD9FRY9ZQzKGkfUmRRl0=&y=U2FsdGVkX1/6FfbEb+id5dTBGYktGDzFobcAv0kYxOc= HTTP/1.1" 200 25
186.102.93.70 - - [14/Aug/2022:12:02:07 -0500] "GET /kwssiamovil/sm/acme/a?s=U2FsdGVkX18e72du6J/eXX9QjzTiQPJJ/CyGxEodZiTuJGRbimCYNoguZFP5LaM6a4WEoSaqVf1b3ofM4Me1WVeeIVByANZTGDUbTzRMc1hQBHmEV762u28MmbZEGDr4oJBWIrOgKbagzmGeuVUpAkds4KOFMy3cXimFS9yGjI9ODotHoGzS8FkNu1k6rEoJtoUiNMjLK/6jacYYuvJBEQ==&u=U2FsdGVkX1/bLQtXC5Y4NIDjD9FRY9ZQzKGkfUmRRl0=&y=U2FsdGVkX1/6FfbEb+id5dTBGYktGDzFobcAv0kYxOc= HTTP/1.1" 200 25
186.102.93.70 - - [14/Aug/2022:12:02:07 -0500] "GET /kwssiamovil/sm/acme/a?s=U2FsdGVkX1+kHGN5tMMLluxZ4iSQabzH6zemXt8UeXTVRhCAyhzkzm/c8LxWsOb7Qv1lbtSgO8R7z1EyicBIMqDRlfW6vv2nAaFvSqvzhxovn4t0kthZqPjzv/g0AqHaz/BgcGc881BMLJOZJiJCPwKjZIiXH0HPdRHBrPBOkgw1G/HQSVqyq8PxDUNqCG43&u=U2FsdGVkX1/bLQtXC5Y4NIDjD9FRY9ZQzKGkfUmRRl0=&y=U2FsdGVkX1/6FfbEb+id5dTBGYktGDzFobcAv0kYxOc= HTTP/1.1" 200 25
186.102.93.70 - - [14/Aug/2022:12:02:07 -0500] "GET /kwssiamovil/sm/acme/a?s=U2FsdGVkX188ZKME4gK8KRsHJrAi5/JEJh0bNE/nQvDRd24vQ3RAnIVzzwDhj+StxIamNp32XdxK3iCcfT00NY9gg+Bg++XTPPxnekI8wlNvPRIUdtrRK0ZhLsWvGHFne8hM13m87/ORyZWlUtJDSuIK1IxyFYZ9Uc6q/H1OaoEbK4EBRV5pdc2tX85NCJbFxmOQZY66xzPe2nZczjeCzw==&u=U2FsdGVkX1/bLQtXC5Y4NIDjD9FRY9ZQzKGkfUmRRl0=&y=U2FsdGVkX1/6FfbEb+id5dTBGYktGDzFobcAv0kYxOc= HTTP/1.1" 200 25
186.102.93.70 - - [14/Aug/2022:12:02:07 -0500] "GET /kwssiamovil/sm/acme/a?s=U2FsdGVkX1+XPoNsHQVJ88gWv6RRNaLv5fdXlVFGoiCUyXdBXibcddqiNEozftRXhXQqqjOnPjWGYk3MZoz0DFHYG9I2yHmkGL9vBk2xW9LlvZLgq5SmhjUYOmAYMcGgBcJZouOgfto7+XxMadk6h2VnEHUu2Z3V7fEBNaoFU+ZCU6MKEPZuQGKdjqbpSvJr&u=U2FsdGVkX1/bLQtXC5Y4NIDjD9FRY9ZQzKGkfUmRRl0=&y=U2FsdGVkX1/6FfbEb+id5dTBGYktGDzFobcAv0kYxOc= HTTP/1.1" 200 25
186.102.93.70 - - [14/Aug/2022:12:02:07 -0500] "GET /kwssiamovil/sm/acme/a?s=U2FsdGVkX19EHbS/Xseose2+DWPwWHHCaeodtv0J5oiCYryD+FMZiXNKtgiOmQVtbUBVTGg2vGniL6lViGmZeWwUdNs+0zZiUimyHfEYfv2UNnKjoCu/815Lh9jZJJ+2ACBVtqXw//WAp4rQ25emNhwEwWw2b943EW5CF8MMi18bU5i7K5ifV/EPyVgzCzYRzBDo8CklRDCfmxWQAbNCsQ==&u=U2FsdGVkX1/bLQtXC5Y4NIDjD9FRY9ZQzKGkfUmRRl0=&y=U2FsdGVkX1/6FfbEb+id5dTBGYktGDzFobcAv0kYxOc= HTTP/1.1" 200 25
186.102.93.70 - - [14/Aug/2022:12:02:08 -0500] "GET /kwssiamovil/sm/acme/a?s=U2FsdGVkX1/TrBSYL/4/tN/6THA/ISX0oGZkfxcAH3g7HdiU9S+istvbdVlhOpQpqMhG+jmg9S9o5GFcE3aiYciGKoJly4Jlkif88yK/odU0pYwfI/mSnek3QE6//O5+rUX+JpPN4Kh/qeoEJcehgWC/qKWmo4scJrf7OC0k0N8N8TDJHKMwkuAPWdnhksR1&u=U2FsdGVkX1/bLQtXC5Y4NIDjD9FRY9ZQzKGkfUmRRl0=&y=U2FsdGVkX1/6FfbEb+id5dTBGYktGDzFobcAv0kYxOc= HTTP/1.1" 200 25
216.245.221.92 - - [14/Aug/2022:12:02:21 -0500] "HEAD / HTTP/1.1" 200 -
173.252.83.14 - - [14/Aug/2022:12:02:37 -0500] "GET /images/lluvias-arboles-4-junio.jpeg HTTP/1.1" 200 117524
173.252.83.14 - - [14/Aug/2022:12:02:38 -0500] "GET /images/Junio%2002-experiencias-jardines-verticales-sda.jpeg HTTP/1.1" 200 31171
173.252.83.118 - - [14/Aug/2022:12:02:38 -0500] "GET /images/empresas-industrias-forestales-1-junio.jpg HTTP/1.1" 200 44019
173.252.83.14 - - [14/Aug/2022:12:02:39 -0500] "GET /images/pieza-grafica-semana-ambiental-30.jpg HTTP/1.1" 200 38850
173.252.83.7 - - [14/Aug/2022:12:02:39 -0500] "GET /images/energia-eficiencia-26-mayo.jpg HTTP/1.1" 200 46417
173.252.83.120 - - [14/Aug/2022:12:02:39 -0500] "GET /images/facebook-live-ivc-MAYO27.png HTTP/1.1" 200 480404
173.252.83.7 - - [14/Aug/2022:12:02:40 -0500] "GET /images/visita-suspension-humedal-techo-24-mayo.jpg HTTP/1.1" 200 57365
173.252.83.120 - - [14/Aug/2022:12:02:40 -0500] "GET /images/jornadas-llantas-usadas-23-mayo.jpg HTTP/1.1" 200 148376
173.252.83.116 - - [14/Aug/2022:12:02:41 -0500] "GET /images/jardines-verticales-plantas-24-mayo.jpg HTTP/1.1" 200 148288
173.252.83.19 - - [14/Aug/2022:12:02:41 -0500] "GET /images/la-vieja-mayo-24.jpg HTTP/1.1" 200 58217
173.252.83.7 - - [14/Aug/2022:12:02:41 -0500] "GET /images/bogota-polvo-sahara-23-mayo.jpg HTTP/1.1" 200 35039
173.252.83.120 - - [14/Aug/2022:12:02:41 -0500] "GET /images/control-madera-ilegal-24-mayo.jpg HTTP/1.1" 200 48269
173.252.83.7 - - [14/Aug/2022:12:02:42 -0500] "GET /images/Naturalista1.jpeg HTTP/1.1" 200 202073
173.252.83.7 - - [14/Aug/2022:12:02:42 -0500] "GET /images/reciclaton-mayo-3-mayo.jpg HTTP/1.1" 200 278453
173.252.83.120 - - [14/Aug/2022:12:02:42 -0500] "GET /images/feria-servicios-tramites-19-mayo.jpg HTTP/1.1" 200 40581
173.252.83.7 - - [14/Aug/2022:12:02:43 -0500] "GET /images/actividades-dia-aves-16-mayo.jpg HTTP/1.1" 200 147089
201.245.192.253 - - [14/Aug/2022:12:02:49 -0500] "POST /kwsrmcab/Wsrmcab  HTTP/1.1" 200 46805
172.22.2.4 - - [14/Aug/2022:12:02:55 -0500] "HEAD /BLA/boletinlegal/ HTTP/1.1" 200 -
157.55.39.98 - - [14/Aug/2022:12:04:57 -0500] "GET /Publicaciones/2022EE87561.pdf HTTP/1.1" 404 227
172.22.2.4 - - [14/Aug/2022:12:03:45 -0500] "GET /BLA/boletinlegal/ HTTP/1.1" 200 60272
216.245.221.92 - - [14/Aug/2022:12:07:21 -0500] "HEAD / HTTP/1.1" 200 -
201.245.192.253 - - [14/Aug/2022:12:07:48 -0500] "POST /kwsrmcab/Wsrmcab  HTTP/1.1" 200 46805
185.119.81.105 - - [14/Aug/2022:12:08:51 -0500] "GET /portaldeninos/wp-login.php HTTP/1.1" 200 2592
