172.22.2.4 - - [14/Aug/2022:18:11:14 -0500] "GET /BLA/boletinlegal/ HTTP/1.1" 200 60272
186.102.16.142 - - [14/Aug/2022:18:13:01 -0500] "GET /kwssiamovil/sm/acme/a?s=U2FsdGVkX1/Uv5flCmHQw9AUZHgXehhrrMGsu5ZOSYl9dIgC4ankJFTv3jT4uZLfMifnMeckgtuLWwS2oKrg4Wj6lNCBDdb/Vr1y622ZkiEvMN3mizGBXvZX2Pp4hpjgI/AZrCReFGuHjILpimnq7FwCI1DmDjn5lEYAcmLBgg0ophSKJYo7/KmaZPwHdj1ef4PanG1KiiGfLC6ay9IJQa5TlOIPV2pXqdSw2z0QWPwaBjQBviPD+tOLqeGP9TJuOb7aDGTBpm4tKWuKJIqlYA==&u=U2FsdGVkX1+8FwfgrGJfAzzON/TcJKOyh0tgSEdSzO0HXkDmy0oz7p9kFfRMwnxP&y=U2FsdGVkX19WZqbFJhUiqh0sTlyB19YTqFIduHNtw+n8xTDa4gR2qEKIchhXyi91 HTTP/1.1" 200 25
186.102.16.142 - - [14/Aug/2022:18:13:02 -0500] "GET /kwssiamovil/sm/acme/a?s=U2FsdGVkX1984+oTpwFuYVEjmExlI4urivMAxRgCLaHJQ3WepEH4gl93Uj+7HqljoIJjwVZVwZ+9qFYjvKtgc97TPAU89cafiXlPPuiRzKK9T75v1ykj1jhtB7YWYkovj/vYPrNf9TttRqulZpKJYE3EpxPChdbY6NDGFVGR1XbmKPHkYvK3PxIzqhoFzOeNfCKDJxWb3Wc48jSA5+CLVVRq55PFxSt5mvyO4aTz+qcyy2bVRLmH6po/Kz8i9PeZZNLHHqroXt5Bj7YELERCIY9WO24W98mo6EMASwkqG7VBegSbjKvRz7GFwfMgaYwZJxqQjJkh5ytF5xxXT4/eXb+rU/hvtAumv2717wRWFB0b7LwkY0Ebqc/IsJptG35YoYvTo0xPHfV95UtaUhStgGiBFBqF1GR8o0GxGOIKTwGAhqy506x6CprmF0WUYttUzAxmf23L57uK94hsflQLP3xeDeC56m+J4Cz9ySnKxZe9ILuGrYDB86CmU+mwvYN2LQiPa3OqJOEJyyZRAsgQbWUFtPv9hhgzeRM0W9Sdr0RJaDB/4va+lX9KtsGXKI5R4x0A/n79iAzDSOfC8UQ9eav+o4QRzYIlfOqccTVx5TEndk5OM2pq9qCCJzr/mKiwxcrh55yESAWJn0VpCnUD+PdznojMOAGA531R7jUqR8Du4MHAMi8bQh41G0Q9xGT6xFnDuVUJG1FIYH6O2bDTAGkSOKNSkWDgVWp3SfvUlZwUcTWkkZkBWDV7ySTszTR9/Cfgz1w0d/91Rs6xqpbNMi6j4Tx5BP9D878E+WSKJCxHm8ymd7rVQxHD1xngDG8f1uKlMQHT0jihl84oeJg3N/2VnIgSpCz8papFvzqevmyxvtosch54KAitRn0kfSGt5f0qn091sa/iBgl98JkztVMZEuBzAVc582rGOKUy/hAQtJBWOJWlw8smsGql505pd9mh4nE1vSwfugrY/4MM/fRvS/OdeCYO3Awcxi+qFOVL9/9JJ3CFmd66OSkMsPZ5iMEwH1hqF8cLzcfK/DWcDWZWt+4wkjQscbfM63dEbUxu6GRlbcfZR/SMHTKbo7fKYb31/jNFxsrucVrN6lvX26KacXupPlgaRv2x6/4kbTu07uy2Gm63GjBAGLrS4xksw9n2G63QOodTPYUABx8kBLmkJGoyRZ6VcWhO/oH5oiuwH5ycTQpK4nfo1bkBibpIToOtNd4jzdof74DPDOjhEwSwwpVIYU+gGSZ7KqO0fOWIUo5D4BxBUE2NgKV93249DWbDjyrNJdlqKVl22W9zVcr+iDvtgy8CKE/ioc/6Xc5pXHuILLbIVdxJO9ZC1FPjYEeSkvuhE02PmZwifyxu7MM+eBjzLa334MS6V1eVd0R5ZaKB+FUPgVn/4B2ditlgF5Que4ZaltF5J/93sSsSL8e+c8XcJeoUs/QeBF3RWrj2vni86QnOWkSD6/LsUOXCSDOIX6uPKG+FDBh4QVv9+sYzXsQYehxoO4NH8fpQonIrpCkDkEDY/fv5dvqjOiZvWCy8cW2/+7xtF9Yr1zkOFIS8Hq4QBxebwXC4Eol/V5OSYT2Qvk4KQLyWGOjszTnbkNyBbikovrvvYvjUTPRzQsuyoPaERQZbNctSJtWUfn59voDEDT6Lgfj271jv8T0ku6ucdOj6pK9xxW8As9x1LS2dh7KP3dRQ17r32D+lN539zgo5jwj12K61KEMzVwMDr1n+pQC16eqOUqKwitLbFA==&u=U2FsdGVkX1+8FwfgrGJfAzzON/TcJKOyh0tgSEdSzO0HXkDmy0oz7p9kFfRMwnxP&y=U2FsdGVkX19WZqbFJhUiqh0sTlyB19YTqFIduHNtw+n8xTDa4gR2qEKIchhXyi91 HTTP/1.1" 200 25
186.102.16.142 - - [14/Aug/2022:18:13:02 -0500] "GET /kwssiamovil/sm/acme/a?s=U2FsdGVkX1+jCVRqy3Zp3tKpARiB/mjkCBCoIUJBIKKfRusGS7Jms9GyavxNeu0s9pnK6axEZU8G+dSSFPvDCOaGqoqowNjw3hUjSJCEzOQf6dKXuQREGJUiJ6mu894f+Q7Klk0esAx98pz43jest9qviJ8Tad4n7GXWYE8G1DQ=&u=U2FsdGVkX1+8FwfgrGJfAzzON/TcJKOyh0tgSEdSzO0HXkDmy0oz7p9kFfRMwnxP&y=U2FsdGVkX19WZqbFJhUiqh0sTlyB19YTqFIduHNtw+n8xTDa4gR2qEKIchhXyi91 HTTP/1.1" 200 25
186.102.16.142 - - [14/Aug/2022:18:13:02 -0500] "GET /kwssiamovil/sm/acme/a?s=U2FsdGVkX1/LhO2uMvmwGc7u5f9fgAhBbsYsU4Zb/tSfIBAGw/qr1cY8lj6b2iKmicWwQIt+ZQNz2UgzgQEMCWcpAB9ICmxwQo91Hq5mr7U4xLwJDRyr0hWhmQhoPzEdgWVdAlW+frbxLlTpg4EoMCz7xfaDKzXhWnishfVPp2o=&u=U2FsdGVkX1+8FwfgrGJfAzzON/TcJKOyh0tgSEdSzO0HXkDmy0oz7p9kFfRMwnxP&y=U2FsdGVkX19WZqbFJhUiqh0sTlyB19YTqFIduHNtw+n8xTDa4gR2qEKIchhXyi91 HTTP/1.1" 200 25
186.102.16.142 - - [14/Aug/2022:18:13:03 -0500] "GET /kwssiamovil/sm/acme/a?s=U2FsdGVkX1/faDfdWalRK0KLlsc3teJd1DCt3d3d1t1bP8xi88a+IoXUKM4WAnrvfNzeGyXfa6/gfTPqP6coSThMBh1GZqltUclrcdDHXd8FQPYaza5snzUCXQABNnrAxlyBYPlsFhV02UWnoGX3nnZQD/g+WE/2W3BHOSDmxpk=&u=U2FsdGVkX1+8FwfgrGJfAzzON/TcJKOyh0tgSEdSzO0HXkDmy0oz7p9kFfRMwnxP&y=U2FsdGVkX19WZqbFJhUiqh0sTlyB19YTqFIduHNtw+n8xTDa4gR2qEKIchhXyi91 HTTP/1.1" 200 25
186.102.16.142 - - [14/Aug/2022:18:13:03 -0500] "GET /kwssiamovil/sm/acme/a?s=U2FsdGVkX19qpL46kKY3gLMk+Zu5l5tnsXTBIh6vtRGVpEt7MCTfizzgqbCjYjzlviAaP29ZwRUIA9McdRmAwF1PKEyT9GaYtcmeYjyWho4qEzRwbNDquGhL8aqJOFYxiUBKQefoFNcPDvqJnwqstZ54CdTubF4tqHFHNnv5UN2ZwQtf2BuT60DFH5F8n1e4&u=U2FsdGVkX1+8FwfgrGJfAzzON/TcJKOyh0tgSEdSzO0HXkDmy0oz7p9kFfRMwnxP&y=U2FsdGVkX19WZqbFJhUiqh0sTlyB19YTqFIduHNtw+n8xTDa4gR2qEKIchhXyi91 HTTP/1.1" 200 25
23.100.232.233 - - [14/Aug/2022:18:14:51 -0500] "GET /galeria/galeria/jquery.fancybox.js?v=2.1.5 HTTP/1.1" 200 48706
23.100.232.233 - - [14/Aug/2022:18:14:51 -0500] "GET /BLA/boletinlegal/js/jquery.scrollShow.js HTTP/1.1" 200 4586
23.100.232.233 - - [14/Aug/2022:18:14:51 -0500] "GET /galeria/galeria/jquery.fancybox.css?v=2.1.5 HTTP/1.1" 200 4895
201.245.192.253 - - [14/Aug/2022:18:16:34 -0500] "POST /kwsrmcab/Wsrmcab  HTTP/1.1" 200 46805
216.245.221.92 - - [14/Aug/2022:18:17:20 -0500] "HEAD / HTTP/1.1" 200 -
172.22.2.4 - - [14/Aug/2022:18:16:14 -0500] "HEAD /BLA/boletinlegal/ HTTP/1.1" 200 -
172.22.2.4 - - [14/Aug/2022:18:17:04 -0500] "GET /BLA/boletinlegal/ HTTP/1.1" 200 58154
201.245.192.253 - - [14/Aug/2022:18:20:25 -0500] "POST /kwsrmcab/Wsrmcab HTTP/1.1" 200 47509
40.77.167.31 - - [14/Aug/2022:18:20:29 -0500] "GET /siipev/Diseno%20de%20Elementos%20de%20Mobiliario%20Urbano/Diseno%20pertenecientes%20al%20mobiliario%20urbano%20M10-M160/PARTE%20A/Dise%C3%B1o%20de%20Elementos%20M-110.pdf HTTP/1.1" 200 243014
201.245.192.253 - - [14/Aug/2022:18:20:29 -0500] "POST /kwsrmcab/Wsrmcab HTTP/1.1" 200 48474
186.102.16.142 - - [14/Aug/2022:18:20:58 -0500] "GET /kwssiamovil/sm/acme/u?s=U2FsdGVkX184eta17ib50DwUKU2BgHc6oKvDJ/2dgCDU5f9guJ9eWLmr25ASR3fqxj7Rc75vUZgie9q3kjYVDR5mWwQTPFUMAHuzICuJWSwyE+FyES7bMfkZc/edxYea5A+EqoulOM3r1C0uYboX/w==&u=U2FsdGVkX1+8FwfgrGJfAzzON/TcJKOyh0tgSEdSzO0HXkDmy0oz7p9kFfRMwnxP&y=U2FsdGVkX19WZqbFJhUiqh0sTlyB19YTqFIduHNtw+n8xTDa4gR2qEKIchhXyi91 HTTP/1.1" 200 60
172.22.2.4 - - [14/Aug/2022:18:21:24 -0500] "GET /BLA/boletinlegal/robots.txt HTTP/1.1" 404 1134
172.22.2.4 - - [14/Aug/2022:18:21:25 -0500] "GET /BLA/boletinlegal/conceptos.php HTTP/1.1" 200 7443
172.22.2.4 - - [14/Aug/2022:18:21:27 -0500] "GET /BLA/boletinlegal/jurisprudencia.php HTTP/1.1" 200 17573
201.245.192.253 - - [14/Aug/2022:18:21:34 -0500] "POST /kwsrmcab/Wsrmcab  HTTP/1.1" 200 46805
185.119.81.105 - - [14/Aug/2022:18:22:06 -0500] "GET /portaldeninos/wp-login.php HTTP/1.1" 200 2592
185.119.81.105 - - [14/Aug/2022:18:22:07 -0500] "POST /portaldeninos/wp-login.php HTTP/1.1" 200 3605
216.245.221.92 - - [14/Aug/2022:18:22:27 -0500] "HEAD / HTTP/1.1" 200 -
172.22.2.4 - - [14/Aug/2022:18:22:04 -0500] "HEAD /BLA/boletinlegal/ HTTP/1.1" 200 -
172.22.2.4 - - [14/Aug/2022:18:22:54 -0500] "GET /BLA/boletinlegal/ HTTP/1.1" 200 58566
207.46.13.20 - - [14/Aug/2022:18:25:39 -0500] "GET /BLA/resoluciones/AUTOS%202022/1333.pdf HTTP/1.1" 200 546864
201.245.192.253 - - [14/Aug/2022:18:26:33 -0500] "POST /kwsrmcab/Wsrmcab  HTTP/1.1" 200 46805
40.77.190.230 - - [14/Aug/2022:18:26:46 -0500] "GET /galeria/nivo-slider/themes/default/default.css HTTP/1.1" 200 1569
40.77.190.230 - - [14/Aug/2022:18:26:46 -0500] "GET /galeria/nivo-slider/themes/pascal/pascal.css HTTP/1.1" 200 2258
40.77.190.230 - - [14/Aug/2022:18:26:46 -0500] "GET /galeria/nivo-slider/themes/orman/orman.css HTTP/1.1" 200 2152
40.77.190.230 - - [14/Aug/2022:18:26:46 -0500] "GET /galeria/nivo-slider/nivo-slider.css HTTP/1.1" 200 1507
40.77.190.230 - - [14/Aug/2022:18:26:46 -0500] "GET /galeria/nivo-slider/jquery.nivo.slider.pack.js HTTP/1.1" 200 11561
40.77.190.230 - - [14/Aug/2022:18:26:46 -0500] "GET /galeria/nivo-slider/demo/scripts/jquery-1.7.1.min.js HTTP/1.1" 200 93868
40.77.190.230 - - [14/Aug/2022:18:26:46 -0500] "GET /galeria/nivo-slider/demo/style.css HTTP/1.1" 200 2222
216.245.221.92 - - [14/Aug/2022:18:27:20 -0500] "HEAD / HTTP/1.1" 200 -
172.22.2.4 - - [14/Aug/2022:18:27:54 -0500] "HEAD /BLA/boletinlegal/ HTTP/1.1" 200 -
172.22.2.4 - - [14/Aug/2022:18:28:45 -0500] "GET /BLA/boletinlegal/ HTTP/1.1" 200 60865
201.245.192.253 - - [14/Aug/2022:18:30:25 -0500] "POST /kwsrmcab/Wsrmcab HTTP/1.1" 200 47509
201.245.192.253 - - [14/Aug/2022:18:30:30 -0500] "POST /kwsrmcab/Wsrmcab HTTP/1.1" 200 48474
190.24.103.160 - - [14/Aug/2022:18:31:12 -0500] "GET /BLA/resoluciones/index.php?dir= HTTP/1.1" 200 13093
190.24.103.160 - - [14/Aug/2022:18:31:17 -0500] "GET /BLA/resoluciones/index.php?dir=AUTOS+2016%2F HTTP/1.1" 200 324939
173.252.79.15 - - [14/Aug/2022:18:31:25 -0500] "GET /images/jardines-verticales-plantas-24-mayo.jpg HTTP/1.1" 200 148288
190.24.103.160 - - [14/Aug/2022:18:31:33 -0500] "GET /BLA/resoluciones/index.php?dir=RESOLUCIONES+2021%2F HTTP/1.1" 200 12235
190.24.103.160 - - [14/Aug/2022:18:31:33 -0500] "GET /BLA/resoluciones/index.php?dir=RESOLUCIONES+2021%2F HTTP/1.1" 200 410384
201.245.192.253 - - [14/Aug/2022:18:31:33 -0500] "POST /kwsrmcab/Wsrmcab  HTTP/1.1" 200 46805
190.24.103.160 - - [14/Aug/2022:18:31:47 -0500] "GET /BLA/resoluciones/index.php?dir=AUTOS+2014%2F HTTP/1.1" 200 876019
66.249.73.127 - - [14/Aug/2022:18:32:15 -0500] "-" 408 -
216.245.221.92 - - [14/Aug/2022:18:32:20 -0500] "HEAD / HTTP/1.1" 200 -
190.24.103.160 - - [14/Aug/2022:18:32:45 -0500] "GET /BLA/resoluciones/index.php?dir=RESOLUCIONES+2019%2F HTTP/1.1" 200 243537
172.22.2.4 - - [14/Aug/2022:18:33:44 -0500] "HEAD /BLA/boletinlegal/ HTTP/1.1" 200 -
173.252.95.4 - - [14/Aug/2022:18:35:58 -0500] "GET /images/pieza-grafica-semana-ambiental-30.jpg HTTP/1.1" 200 38850
172.22.2.4 - - [14/Aug/2022:18:34:34 -0500] "GET /BLA/boletinlegal/ HTTP/1.1" 200 60272
201.245.192.253 - - [14/Aug/2022:18:36:31 -0500] "POST /kwsrmcab/Wsrmcab  HTTP/1.1" 200 46805
40.77.167.31 - - [14/Aug/2022:18:37:09 -0500] "GET /BLA/resoluciones/AUTOS%202022/1321.pdf HTTP/1.1" 200 396091
216.245.221.92 - - [14/Aug/2022:18:37:20 -0500] "HEAD / HTTP/1.1" 200 -
201.245.192.253 - - [14/Aug/2022:18:40:25 -0500] "POST /kwsrmcab/Wsrmcab HTTP/1.1" 200 47509
201.245.192.253 - - [14/Aug/2022:18:40:29 -0500] "POST /kwsrmcab/Wsrmcab HTTP/1.1" 200 48474
172.22.2.4 - - [14/Aug/2022:18:39:34 -0500] "HEAD /BLA/boletinlegal/ HTTP/1.1" 200 -
172.22.2.4 - - [14/Aug/2022:18:41:16 -0500] "GET /BLA/boletinlegal/Circulares/2020/CIRCULAR%20No.%2000014%20del%2001%20de%20septiembre%20del%202020.pdf HTTP/1.1" 304 -
201.245.192.253 - - [14/Aug/2022:18:41:30 -0500] "POST /kwsrmcab/Wsrmcab  HTTP/1.1" 200 46805
185.119.81.99 - - [14/Aug/2022:18:41:48 -0500] "GET /portaldeninos/wp-login.php HTTP/1.1" 200 2592
185.119.81.99 - - [14/Aug/2022:18:41:50 -0500] "POST /portaldeninos/wp-login.php HTTP/1.1" 200 3670
172.22.2.4 - - [14/Aug/2022:18:40:24 -0500] "GET /BLA/boletinlegal/ HTTP/1.1" 200 53631
172.22.2.4 - - [14/Aug/2022:18:40:39 -0500] "GET /BLA/boletinlegal/ HTTP/1.1" 200 56367
216.245.221.92 - - [14/Aug/2022:18:42:21 -0500] "HEAD / HTTP/1.1" 200 -
190.158.16.107 - - [14/Aug/2022:18:43:37 -0500] "GET /galeria/galeria/jquery.fancybox.css?v=2.1.5 HTTP/1.1" 200 4895
190.158.16.107 - - [14/Aug/2022:18:43:37 -0500] "GET /BLA/boletinlegal/js/jquery.scrollShow.js HTTP/1.1" 200 4586
190.158.16.107 - - [14/Aug/2022:18:43:37 -0500] "GET /galeria/galeria/jquery.fancybox.js?v=2.1.5 HTTP/1.1" 200 48706
23.100.232.233 - - [14/Aug/2022:18:44:18 -0500] "GET /BLA/boletinlegal/js/jquery.scrollShow.js HTTP/1.1" 200 4586
23.100.232.233 - - [14/Aug/2022:18:44:18 -0500] "GET /galeria/galeria/jquery.fancybox.js?v=2.1.5 HTTP/1.1" 200 48706
23.100.232.233 - - [14/Aug/2022:18:44:18 -0500] "GET /galeria/galeria/jquery.fancybox.css?v=2.1.5 HTTP/1.1" 200 4895
172.22.2.4 - - [14/Aug/2022:18:44:30 -0500] "GET /BLA/boletinlegal/Circulares/2022/CIRCULAR%20No.%2000005%20DEL%2030%20DE%20JUNIO%20DEL%202022.pdf HTTP/1.1" 404 1218
172.22.2.4 - - [14/Aug/2022:18:44:35 -0500] "GET /BLA/boletinlegal/Circulares/2019/.pdf HTTP/1.1" 404 1218
190.24.103.160 - - [14/Aug/2022:18:44:48 -0500] "GET /BLA/resoluciones/index.php?dir=AUTOS+2012%2F HTTP/1.1" 200 272566
186.102.16.142 - - [14/Aug/2022:18:46:21 -0500] "GET /kwssiamovil/sm/acme/a?s=U2FsdGVkX1+r9u/gwHEuFipjCaGAnhm7Br/pvBYDWOp0xbFKB51z5rvzr/EFdTIiym8yjEuv+avvqk4R9fBqhWhxiiEr+7NpYY8SkLm2sfRdCME6mXV1yvMmbvPDalLAIRSlFhIAzJ7ePy1OwCQn9i8/a84qd00dwJIkXdMFWQQcoxvHM40RUwQL/DUEU+QbX4dJy6U0BSKEPq1q8s7JODD/7FvYHuoX6ZuDiY+HbLznFcJTgWfm5TZ+989Jve0aUje+w/giSMDYhx1Zw5k7xg==&u=U2FsdGVkX1+8FwfgrGJfAzzON/TcJKOyh0tgSEdSzO0HXkDmy0oz7p9kFfRMwnxP&y=U2FsdGVkX19WZqbFJhUiqh0sTlyB19YTqFIduHNtw+n8xTDa4gR2qEKIchhXyi91 HTTP/1.1" 200 25
186.102.16.142 - - [14/Aug/2022:18:46:22 -0500] "GET /kwssiamovil/sm/acme/a?s=U2FsdGVkX19qTaGvPlfXfc2VSMh/x6OmteZLoXetgnxQ322zbE+5MKSVwAgW8ICkEEoSYCjPxDPgN0mmp9ChOOmw61zJ5k3uewwGS2I8IBcv+JFiURF2xF4iSaIcPqN+Rk0aVCePhwejEKvrcS/35Zyqo/zZ5ItbGi2URs8Vyj9Qnk9CEKJQfDrWmg7rC20xXjtTVCX94ObkxdV8TKufWD9mDz6i2AbDwvB2npChK1PhhsalwQoPBrKO/M1j6JwBLDYgXqq7xBwrfN5MR8jB42yZxycjO95wq9eIWBlX3zgdD46Kc2vyDvMS3rRm4ZzaeNFJfI5BFee+WDdUJTmGjAjZGBLaWUkJomh7IGtFWtH0Qn8iGAlQTov1A12+hzgoONjdHdlLCx+1WrxBaSG8Ms1MRmq/7qbq5UeVxImKDC7/8mBUsPrdEyFDO4JZv37ler2MlfKc2ACTKGB6WTkLYtGMy7uqN+XsbxtbAuOTmrU5j/vQzVaB/MedztJstK5DuDrPXLOVN3Q08BYVxaG3tCQyCbhWeowa8Ro5giCNdzVDma9OVrblPHs0lHG6k++/ql6E7nTNVeFjsuPfl5RZNaSZDKsDAHBPNQrHRZgvFbMShf7/r1AvWfJTOzO8MB+2/k9QXFSVBmZKOEUByKcZGoyI2QXKU2LkIrYH4MzaAsYyK64hPyfHMz13pcM0CjLmx6uP1OlBIuHCsuO9NZQbHSPdIMTqCBrjqZkXocm4tcZXO3/l8vnffHW34zXb0XInzydbeA6lbWlgxEQjpyge9EsKO13gqZftI6tU+G9mYc5TOtILdOABbzZXaL7AkqAoeM4mrzERMIoW1GyFEXSYBlPasWl1frpZZe2NBzCikaKCk5IgmGycseUIJ1zOQ3AL6X/2z6OKMfocTPIpaiFVhzyQgJz/BNmDbpHroNfkC7hmn8Oq8tC9Yx72MtHd0UwCpsggNbaDQryGWj5I6y5kHtz//3Vc2iQSBYhbe2PZPkXBaHQ/lhnrBUfqbTWh3JDycZHdbdLreWZq/tJRZpva06SUL1riBO/Mqh3SsiKKWc2+jO2TH40qWebOiUGB4YPkSFdDYrLhMCjChKP4XJIkuMS8PkAoz0iIu+ebzdeA8jrJxLkvuJoN4TefthsHsaQLYvg7jWdPe+vOWHx/9qUBZCZbXdmqInhSo0TqHQKqQ9KhyFfUlEtCkf0MfXaevzV9vLc8zVffTljXthBZh6wzYsDLzFSNWFuLjyGi/0RXQTsXzSQQ7P3Y+iiWBTJgvo43xvUx1QDjo+Y9mIBAE+oH7Odvz+ETNwdMuE++r1be5e42Aj3TCH5MUkx785t34hCMacEVY0YY76oflqgl680uFsiulfHOIoDJRXnxO34SEoi9QNkH/Mvx2hk56Ew3mWfMBFqBH8uy34tarv/CIRlkD3s6cVF38IE451ub3NpPM7K1gRmXkOoDn16ohUKU1ye5g/xHeWUipNiH2EYKyKO4y9iB95OpLyyUV9VlBPs1HCcv/QYuWrKD6+/4up9Mdefa99arDSsFHXrykDlDPwDlZK0pbYYHRsQ7VHJau/ngL7xpY+3yJtEa5/CamX3mBCazUFZKSZ0DCUL/0Alw0kSSDU4tqnSKK271wDvjoAlKQCutIivAoF7We1HGikLwskAr&u=U2FsdGVkX1+8FwfgrGJfAzzON/TcJKOyh0tgSEdSzO0HXkDmy0oz7p9kFfRMwnxP&y=U2FsdGVkX19WZqbFJhUiqh0sTlyB19YTqFIduHNtw+n8xTDa4gR2qEKIchhXyi91 HTTP/1.1" 200 25
186.102.16.142 - - [14/Aug/2022:18:46:22 -0500] "GET /kwssiamovil/sm/acme/a?s=U2FsdGVkX1/HfoGz2ZcmT1Z9Cje0zb5/rYsMEDNXpfK9WwroDvslQxntV+oq8wAg19zBxTg1nfFDZ9yviUczccGU7+bhYgXZqHPrTHlZoc32BTmTVkgUBT7+Gsyt30w2e3bshY5qTjzlQuXaexpPyNRs/4CrdXAe0UVqRNO0PJ8=&u=U2FsdGVkX1+8FwfgrGJfAzzON/TcJKOyh0tgSEdSzO0HXkDmy0oz7p9kFfRMwnxP&y=U2FsdGVkX19WZqbFJhUiqh0sTlyB19YTqFIduHNtw+n8xTDa4gR2qEKIchhXyi91 HTTP/1.1" 200 25
186.102.16.142 - - [14/Aug/2022:18:46:22 -0500] "GET /kwssiamovil/sm/acme/a?s=U2FsdGVkX1/N/jeSQdQaBIhwNX6/L/Zdtw2LYpv8sHZpeo0mWmXkFqUrSDXTFWqBg/QGTKgixTdvJ1k+4gkADol6Ob4S9E/VpybFusrNEqT6wkObxy45u50uDniput+pe+jys2c+dxTtOHZ3H0m5ofbZ+5OlnB18b7wQf44LbX0=&u=U2FsdGVkX1+8FwfgrGJfAzzON/TcJKOyh0tgSEdSzO0HXkDmy0oz7p9kFfRMwnxP&y=U2FsdGVkX19WZqbFJhUiqh0sTlyB19YTqFIduHNtw+n8xTDa4gR2qEKIchhXyi91 HTTP/1.1" 200 25
186.102.16.142 - - [14/Aug/2022:18:46:22 -0500] "GET /kwssiamovil/sm/acme/a?s=U2FsdGVkX18E+SJygA/HVu8hR/qav0PF+XLHBzbDS8cTI6kVQIERo4A/Qccrd7F2Vw/7tRtkFhRBT9xTH0mIMBnNYMNuA7657kCfRwPZTKL9jTMNr7KlTasw4wXcNLHfB3xAeNRtH/le3XphJ16NmogPr5tKozXBW2WyOtsyfSU=&u=U2FsdGVkX1+8FwfgrGJfAzzON/TcJKOyh0tgSEdSzO0HXkDmy0oz7p9kFfRMwnxP&y=U2FsdGVkX19WZqbFJhUiqh0sTlyB19YTqFIduHNtw+n8xTDa4gR2qEKIchhXyi91 HTTP/1.1" 200 25
186.102.16.142 - - [14/Aug/2022:18:46:23 -0500] "GET /kwssiamovil/sm/acme/a?s=U2FsdGVkX192pDF4+QlNf0UYg39z2dm/+fpu/+/JiUvHzmnpDdkUYrXy8aVr7zp2IliEkBptj5h7zcum+0AC6462EopvC8seGBl4iEORDj/3lhyl+IXXQcZoB/nLuyF9HRDK77qtCc6csWpNEuFGCvmggNT8j2KIqWfG78+CMPDlPiwOulE5iVmf0dTF+olK&u=U2FsdGVkX1+8FwfgrGJfAzzON/TcJKOyh0tgSEdSzO0HXkDmy0oz7p9kFfRMwnxP&y=U2FsdGVkX19WZqbFJhUiqh0sTlyB19YTqFIduHNtw+n8xTDa4gR2qEKIchhXyi91 HTTP/1.1" 200 25
186.102.16.142 - - [14/Aug/2022:18:46:31 -0500] "GET /kwssiamovil/sm/acme/u?s=U2FsdGVkX1/Ni4A83ZGbbxT+C3vXlnn7L+FoxS+yWCjXH3WUDr7I4KPK0Hnn4yMhVCsy0YRYTPRoudTpm0fnfvbk3CHAnuxEDIjWrprle775aQ9niG4Npkf9+uGOn/um+tHHzDd1iLrEH7H8TfNi+g==&u=U2FsdGVkX1+8FwfgrGJfAzzON/TcJKOyh0tgSEdSzO0HXkDmy0oz7p9kFfRMwnxP&y=U2FsdGVkX19WZqbFJhUiqh0sTlyB19YTqFIduHNtw+n8xTDa4gR2qEKIchhXyi91 HTTP/1.1" 200 60
201.245.192.253 - - [14/Aug/2022:18:46:29 -0500] "POST /kwsrmcab/Wsrmcab  HTTP/1.1" 200 46805
172.22.2.4 - - [14/Aug/2022:18:45:24 -0500] "HEAD /BLA/boletinlegal/ HTTP/1.1" 200 -
216.245.221.92 - - [14/Aug/2022:18:47:20 -0500] "HEAD / HTTP/1.1" 200 -
172.22.2.4 - - [14/Aug/2022:18:46:14 -0500] "GET /BLA/boletinlegal/ HTTP/1.1" 200 54814
69.171.249.21 - - [14/Aug/2022:18:50:08 -0500] "GET /indicadores-de-fauna-silvestre-en-el-observatorio-ambiental-de-bogota.html HTTP/1.1" 206 949
109.206.241.219 - - [14/Aug/2022:18:50:46 -0500] "POST /boaform/admin/formLogin HTTP/1.1" 404 1186
201.245.192.253 - - [14/Aug/2022:18:51:28 -0500] "POST /kwsrmcab/Wsrmcab  HTTP/1.1" 200 46805
190.24.103.160 - - [14/Aug/2022:18:51:49 -0500] "GET /BLA/resoluciones/index.php?dir=AUTOS+2012%2F HTTP/1.1" 200 272566
216.245.221.92 - - [14/Aug/2022:18:52:20 -0500] "HEAD / HTTP/1.1" 200 -
172.22.2.4 - - [14/Aug/2022:18:51:14 -0500] "HEAD /BLA/boletinlegal/ HTTP/1.1" 200 -
172.22.2.4 - - [14/Aug/2022:18:52:04 -0500] "GET /BLA/boletinlegal/ HTTP/1.1" 200 53994
34.90.230.182 - - [14/Aug/2022:18:53:47 -0500] "GET / HTTP/1.1" 200 319
40.77.167.65 - - [14/Aug/2022:18:53:50 -0500] "GET /BLA/resoluciones/RESOLUCIONES%202020/0337.pdf HTTP/1.1" 304 -
23.100.232.233 - - [14/Aug/2022:18:55:04 -0500] "GET /BLA/boletinlegal/js/jquery.scrollShow.js HTTP/1.1" 200 4586
23.100.232.233 - - [14/Aug/2022:18:55:04 -0500] "GET /galeria/galeria/jquery.fancybox.js?v=2.1.5 HTTP/1.1" 200 48706
23.100.232.233 - - [14/Aug/2022:18:55:05 -0500] "GET /galeria/galeria/jquery.fancybox.css?v=2.1.5 HTTP/1.1" 200 4895
201.245.192.253 - - [14/Aug/2022:18:56:27 -0500] "POST /kwsrmcab/Wsrmcab  HTTP/1.1" 200 46805
185.119.81.105 - - [14/Aug/2022:18:56:53 -0500] "GET /portaldeninos/wp-login.php HTTP/1.1" 200 2592
185.119.81.105 - - [14/Aug/2022:18:56:54 -0500] "POST /portaldeninos/wp-login.php HTTP/1.1" 200 3605
216.245.221.92 - - [14/Aug/2022:18:57:20 -0500] "HEAD / HTTP/1.1" 200 -
172.22.2.4 - - [14/Aug/2022:18:57:40 -0500] "GET /BLA/boletinlegal/Directivas/2017/Directiva%20No.%2006%20del%2016%20de%20Agosto%20de%202017.pdf HTTP/1.1" 304 -
172.22.2.4 - - [14/Aug/2022:18:57:04 -0500] "HEAD /BLA/boletinlegal/ HTTP/1.1" 200 -
172.22.2.4 - - [14/Aug/2022:18:57:54 -0500] "GET /BLA/boletinlegal/ HTTP/1.1" 200 58566
190.24.103.160 - - [14/Aug/2022:19:01:14 -0500] "GET /BLA/resoluciones/index.php?dir=AUTOS+2012%2F HTTP/1.1" 200 272566
201.245.192.253 - - [14/Aug/2022:19:01:27 -0500] "POST /kwsrmcab/Wsrmcab  HTTP/1.1" 200 46805
216.245.221.92 - - [14/Aug/2022:19:02:20 -0500] "HEAD / HTTP/1.1" 200 -
172.22.2.4 - - [14/Aug/2022:19:04:27 -0500] "GET /BLA/boletinlegal/style.css HTTP/1.1" 200 9406
172.22.2.4 - - [14/Aug/2022:19:04:27 -0500] "GET /BLA/boletinlegal/js/jquery.js HTTP/1.1" 200 57254
172.22.2.4 - - [14/Aug/2022:19:04:27 -0500] "GET /BLA/boletinlegal/js/jquery.scrollShow.js HTTP/1.1" 200 4586
172.22.2.4 - - [14/Aug/2022:19:04:27 -0500] "GET /BLA/boletinlegal/styles2.css HTTP/1.1" 200 1838
172.22.2.4 - - [14/Aug/2022:19:04:27 -0500] "GET /BLA/boletinlegal/js/jquery.scrollTo-min.js HTTP/1.1" 200 1150
172.22.2.4 - - [14/Aug/2022:19:04:27 -0500] "GET /BLA/boletinlegal/images/cabezote%20BLEGAL.jpg HTTP/1.1" 200 118164
172.22.2.4 - - [14/Aug/2022:19:04:27 -0500] "GET /BLA/boletinlegal/images/subscribe-icon-big.png HTTP/1.1" 200 47702
172.22.2.4 - - [14/Aug/2022:19:04:27 -0500] "GET /BLA/boletinlegal/images/screen_1.png HTTP/1.1" 200 202547
172.22.2.4 - - [14/Aug/2022:19:04:27 -0500] "GET /BLA/boletinlegal/images/registro-usuarios.png HTTP/1.1" 200 8106
172.22.2.4 - - [14/Aug/2022:19:04:27 -0500] "GET /BLA/boletinlegal/images/historia.png HTTP/1.1" 200 52775
172.22.2.4 - - [14/Aug/2022:19:04:27 -0500] "GET /BLA/boletinlegal/images/arr_l.jpg HTTP/1.1" 200 1979
172.22.2.4 - - [14/Aug/2022:19:04:27 -0500] "GET /BLA/boletinlegal/images/launch.jpg HTTP/1.1" 200 14577
172.22.2.4 - - [14/Aug/2022:19:04:27 -0500] "GET /BLA/boletinlegal/images/screen_2.png HTTP/1.1" 200 362502
172.22.2.4 - - [14/Aug/2022:19:04:27 -0500] "GET /BLA/boletinlegal/images/screen_3.png HTTP/1.1" 200 210620
172.22.2.4 - - [14/Aug/2022:19:04:27 -0500] "GET /BLA/boletinlegal/images/screen_5.png HTTP/1.1" 200 368876
172.22.2.4 - - [14/Aug/2022:19:04:27 -0500] "GET /BLA/boletinlegal/images/arr_r.jpg HTTP/1.1" 200 1998
172.22.2.4 - - [14/Aug/2022:19:04:27 -0500] "GET /BLA/boletinlegal/images/body_bg.jpg HTTP/1.1" 200 1601
172.22.2.4 - - [14/Aug/2022:19:04:27 -0500] "GET /BLA/boletinlegal/images/menu_lft.gif HTTP/1.1" 200 1713
172.22.2.4 - - [14/Aug/2022:19:04:27 -0500] "GET /BLA/boletinlegal/images/menu_rght.gif HTTP/1.1" 200 1627
172.22.2.4 - - [14/Aug/2022:19:04:27 -0500] "GET /BLA/boletinlegal/images/text.jpg HTTP/1.1" 200 568
172.22.2.4 - - [14/Aug/2022:19:04:27 -0500] "GET /BLA/boletinlegal/images/hover.jpg HTTP/1.1" 200 640
172.22.2.4 - - [14/Aug/2022:19:04:27 -0500] "GET /BLA/boletinlegal/images/menu_bg.jpg HTTP/1.1" 200 620
172.22.2.4 - - [14/Aug/2022:19:04:27 -0500] "GET /BLA/boletinlegal/images/footer_bg.jpg HTTP/1.1" 200 586
172.22.2.4 - - [14/Aug/2022:19:04:27 -0500] "GET /BLA/boletinlegal/images/bg_top.jpg HTTP/1.1" 200 522
172.22.2.4 - - [14/Aug/2022:19:04:31 -0500] "GET /BLA/boletinlegal/normativa.php HTTP/1.1" 200 8326
172.22.2.4 - - [14/Aug/2022:19:04:32 -0500] "GET /BLA/boletinlegal/js/ajax_normativa.js HTTP/1.1" 200 1154
172.22.2.4 - - [14/Aug/2022:19:04:32 -0500] "GET /BLA/boletinlegal/niceforms-default.css HTTP/1.1" 200 6694
172.22.2.4 - - [14/Aug/2022:19:04:32 -0500] "GET /BLA/boletinlegal/niceforms.js HTTP/1.1" 200 22876
172.22.2.4 - - [14/Aug/2022:19:04:32 -0500] "GET /BLA/boletinlegal/images/abajo.png HTTP/1.1" 200 96676
172.22.2.4 - - [14/Aug/2022:19:04:32 -0500] "GET /BLA/boletinlegal/images/tel.png HTTP/1.1" 200 14477
172.22.2.4 - - [14/Aug/2022:19:04:32 -0500] "GET /BLA/boletinlegal/images/icono-email.png HTTP/1.1" 200 5544
172.22.2.4 - - [14/Aug/2022:19:04:32 -0500] "GET /BLA/boletinlegal/images/footer_bg_l.jpg HTTP/1.1" 200 776
172.22.2.4 - - [14/Aug/2022:19:04:32 -0500] "GET /BLA/boletinlegal/img/0.png HTTP/1.1" 200 110
172.22.2.4 - - [14/Aug/2022:19:04:32 -0500] "GET /BLA/boletinlegal/img/select-left.png HTTP/1.1" 200 263
172.22.2.4 - - [14/Aug/2022:19:04:32 -0500] "GET /BLA/boletinlegal/img/select-right.png HTTP/1.1" 200 44019
172.22.2.4 - - [14/Aug/2022:19:04:32 -0500] "GET /BLA/boletinlegal/img/button-left.png HTTP/1.1" 200 57071
172.22.2.4 - - [14/Aug/2022:19:04:32 -0500] "GET /BLA/boletinlegal/img/button.png HTTP/1.1" 200 43241
172.22.2.4 - - [14/Aug/2022:19:04:32 -0500] "GET /BLA/boletinlegal/img/button-right.png HTTP/1.1" 200 57878
172.22.2.4 - - [14/Aug/2022:19:04:32 -0500] "GET /BLA/boletinlegal/favicon.ico HTTP/1.1" 404 1334
172.22.2.4 - - [14/Aug/2022:19:02:54 -0500] "HEAD /BLA/boletinlegal/ HTTP/1.1" 200 -
172.22.2.4 - - [14/Aug/2022:19:04:45 -0500] "GET /BLA/boletinlegal/consulta_normativa.php?tipo=&sector=residuos&ano=&resuelve= HTTP/1.1" 200 20100
172.22.2.4 - - [14/Aug/2022:19:04:45 -0500] "GET /BLA/boletinlegal/images/docs.png HTTP/1.1" 200 10288
172.22.2.4 - - [14/Aug/2022:19:04:45 -0500] "GET /BLA/boletinlegal/images/background.gif HTTP/1.1" 200 -
172.22.2.4 - - [14/Aug/2022:19:04:17 -0500] "GET /BLA/boletinlegal/ HTTP/1.1" 200 32715
172.22.2.4 - - [14/Aug/2022:19:03:44 -0500] "GET /BLA/boletinlegal/ HTTP/1.1" 200 54814
65.49.20.124 - - [14/Aug/2022:19:05:53 -0500] "GET /favicon.ico HTTP/1.1" 200 7782
201.245.192.253 - - [14/Aug/2022:19:06:27 -0500] "POST /kwsrmcab/Wsrmcab  HTTP/1.1" 200 46805
157.55.39.98 - - [14/Aug/2022:19:06:57 -0500] "GET /bla/resoluciones/autos%202021/5780.pdf HTTP/1.1" 200 355865
216.245.221.92 - - [14/Aug/2022:19:07:20 -0500] "HEAD / HTTP/1.1" 200 -
172.22.2.4 - - [14/Aug/2022:19:10:15 -0500] "GET /BLA/boletinlegal/Circulares/2011/Circular%20No.%201%20del%2012%20de%20Abril%20de%202011.pdf HTTP/1.1" 304 -
172.22.2.4 - - [14/Aug/2022:19:08:44 -0500] "HEAD /BLA/boletinlegal/ HTTP/1.1" 200 -
172.22.2.4 - - [14/Aug/2022:19:09:34 -0500] "GET /BLA/boletinlegal/ HTTP/1.1" 200 54814
201.245.192.253 - - [14/Aug/2022:19:11:25 -0500] "POST /kwsrmcab/Wsrmcab  HTTP/1.1" 200 46805
69.171.231.116 - - [14/Aug/2022:19:11:44 -0500] "GET /images/reunion-planta-termovalorizacion-11-mayo.jpg HTTP/1.1" 200 34782
216.245.221.92 - - [14/Aug/2022:19:12:20 -0500] "HEAD / HTTP/1.1" 200 -
172.22.2.4 - - [14/Aug/2022:19:14:34 -0500] "HEAD /BLA/boletinlegal/ HTTP/1.1" 200 -
201.245.192.253 - - [14/Aug/2022:19:16:24 -0500] "POST /kwsrmcab/Wsrmcab  HTTP/1.1" 200 46805
172.22.2.4 - - [14/Aug/2022:19:15:24 -0500] "GET /BLA/boletinlegal/ HTTP/1.1" 200 56005
216.245.221.92 - - [14/Aug/2022:19:17:20 -0500] "HEAD / HTTP/1.1" 200 -
134.122.7.10 - - [14/Aug/2022:19:20:01 -0500] "HEAD / HTTP/1.1" 200 -
134.122.7.10 - - [14/Aug/2022:19:20:02 -0500] "GET /wp-login.php HTTP/1.1" 404 1196
134.122.7.10 - - [14/Aug/2022:19:20:02 -0500] "GET /wordpress/wp-login.php HTTP/1.1" 404 1196
134.122.7.10 - - [14/Aug/2022:19:20:02 -0500] "GET /blog/wp-login.php HTTP/1.1" 404 1196
134.122.7.10 - - [14/Aug/2022:19:20:02 -0500] "GET /wp/wp-login.php HTTP/1.1" 404 1196
201.245.192.253 - - [14/Aug/2022:19:20:25 -0500] "POST /kwsrmcab/Wsrmcab HTTP/1.1" 200 47509
201.245.192.253 - - [14/Aug/2022:19:20:29 -0500] "POST /kwsrmcab/Wsrmcab HTTP/1.1" 200 48466
201.245.192.253 - - [14/Aug/2022:19:21:23 -0500] "POST /kwsrmcab/Wsrmcab  HTTP/1.1" 200 46805
172.22.2.4 - - [14/Aug/2022:19:20:24 -0500] "HEAD /BLA/boletinlegal/ HTTP/1.1" 200 -
216.245.221.92 - - [14/Aug/2022:19:22:20 -0500] "HEAD / HTTP/1.1" 200 -
172.22.2.4 - - [14/Aug/2022:19:21:14 -0500] "GET /BLA/boletinlegal/ HTTP/1.1" 200 55211
185.119.81.105 - - [14/Aug/2022:19:23:36 -0500] "GET /portaldeninos/wp-login.php HTTP/1.1" 200 2592
185.119.81.105 - - [14/Aug/2022:19:23:36 -0500] "POST /portaldeninos/wp-login.php HTTP/1.1" 200 3605
201.245.192.253 - - [14/Aug/2022:19:26:22 -0500] "POST /kwsrmcab/Wsrmcab  HTTP/1.1" 200 46805
216.245.221.92 - - [14/Aug/2022:19:27:20 -0500] "HEAD / HTTP/1.1" 200 -
172.22.2.4 - - [14/Aug/2022:19:26:14 -0500] "HEAD /BLA/boletinlegal/ HTTP/1.1" 200 -
172.22.2.4 - - [14/Aug/2022:19:27:04 -0500] "GET /BLA/boletinlegal/ HTTP/1.1" 200 60272
201.245.192.253 - - [14/Aug/2022:19:30:25 -0500] "POST /kwsrmcab/Wsrmcab HTTP/1.1" 200 47509
201.245.192.253 - - [14/Aug/2022:19:30:29 -0500] "POST /kwsrmcab/Wsrmcab HTTP/1.1" 200 48466
201.245.192.253 - - [14/Aug/2022:19:31:21 -0500] "POST /kwsrmcab/Wsrmcab  HTTP/1.1" 200 46805
216.245.221.92 - - [14/Aug/2022:19:32:20 -0500] "HEAD / HTTP/1.1" 200 -
190.24.103.160 - - [14/Aug/2022:19:32:46 -0500] "GET /BLA/resoluciones/index.php?dir=AUTOS+2014%2F HTTP/1.1" 200 876019
172.22.2.4 - - [14/Aug/2022:19:32:04 -0500] "HEAD /BLA/boletinlegal/ HTTP/1.1" 200 -
172.22.2.4 - - [14/Aug/2022:19:32:54 -0500] "GET /BLA/boletinlegal/ HTTP/1.1" 200 53994
157.55.39.84 - - [14/Aug/2022:19:35:09 -0500] "GET /BLA/resoluciones/RESOLUCIONES%202000/2000%20350-399.tif HTTP/1.1" 200 4678251
157.55.39.98 - - [14/Aug/2022:19:36:18 -0500] "GET /BLA/resoluciones/RESOLUCIONES%202000/2000%20100-149.tif HTTP/1.1" 200 3148971
201.245.192.253 - - [14/Aug/2022:19:36:20 -0500] "POST /kwsrmcab/Wsrmcab  HTTP/1.1" 200 46805
216.245.221.92 - - [14/Aug/2022:19:37:20 -0500] "HEAD / HTTP/1.1" 200 -
172.22.2.4 - - [14/Aug/2022:19:37:54 -0500] "HEAD /BLA/boletinlegal/ HTTP/1.1" 200 -
185.119.81.105 - - [14/Aug/2022:19:39:53 -0500] "GET /portaldeninos/wp-login.php HTTP/1.1" 200 2592
185.119.81.105 - - [14/Aug/2022:19:39:54 -0500] "POST /portaldeninos/wp-login.php HTTP/1.1" 200 3605
157.55.39.84 - - [14/Aug/2022:19:40:09 -0500] "GET /bla/resoluciones/autos%202017/0328.pdf HTTP/1.1" 200 391371
172.22.2.4 - - [14/Aug/2022:19:38:44 -0500] "GET /BLA/boletinlegal/ HTTP/1.1" 200 55211
201.245.192.253 - - [14/Aug/2022:19:40:25 -0500] "POST /kwsrmcab/Wsrmcab HTTP/1.1" 200 47509
201.245.192.253 - - [14/Aug/2022:19:40:29 -0500] "POST /kwsrmcab/Wsrmcab HTTP/1.1" 200 48466
201.245.192.253 - - [14/Aug/2022:19:41:19 -0500] "POST /kwsrmcab/Wsrmcab  HTTP/1.1" 200 46805
185.119.81.105 - - [14/Aug/2022:19:41:45 -0500] "GET /portaldeninos/wp-login.php HTTP/1.1" 200 2592
185.119.81.105 - - [14/Aug/2022:19:41:46 -0500] "POST /portaldeninos/wp-login.php HTTP/1.1" 200 3670
173.252.107.7 - - [14/Aug/2022:19:42:10 -0500] "GET /images/pieza-grafica-semana-ambiental-30.jpg HTTP/1.1" 200 38850
216.245.221.92 - - [14/Aug/2022:19:42:20 -0500] "HEAD / HTTP/1.1" 200 -
172.22.2.4 - - [14/Aug/2022:19:43:44 -0500] "HEAD /BLA/boletinlegal/ HTTP/1.1" 200 -
172.22.2.4 - - [14/Aug/2022:19:44:33 -0500] "GET /BLA/boletinlegal/ HTTP/1.1" 200 45259
172.22.2.4 - - [14/Aug/2022:19:44:34 -0500] "GET /BLA/boletinlegal/ HTTP/1.1" 200 45259
201.245.192.253 - - [14/Aug/2022:19:46:18 -0500] "POST /kwsrmcab/Wsrmcab  HTTP/1.1" 200 46805
216.245.221.92 - - [14/Aug/2022:19:47:20 -0500] "HEAD / HTTP/1.1" 200 -
191.109.187.112 - - [14/Aug/2022:19:47:26 -0500] "GET /BLA/resoluciones/ HTTP/1.1" 200 13093
191.109.187.112 - - [14/Aug/2022:19:47:27 -0500] "GET /favicon.ico HTTP/1.1" 200 7782
191.109.187.112 - - [14/Aug/2022:19:47:30 -0500] "GET /BLA/resoluciones/index.php?dir=RESOLUCIONES+2021%2F HTTP/1.1" 200 410384
207.46.13.20 - - [14/Aug/2022:19:47:37 -0500] "GET /bla/resoluciones/autos%202022/0982.pdf HTTP/1.1" 200 392019
191.109.187.112 - - [14/Aug/2022:19:47:39 -0500] "GET /BLA/resoluciones/RESOLUCIONES%202021/1019.pdf HTTP/1.1" 200 2097536
191.109.187.112 - - [14/Aug/2022:19:48:18 -0500] "GET /BLA/resoluciones/RESOLUCIONES%202021/0985.pdf HTTP/1.1" 200 860341
172.22.2.4 - - [14/Aug/2022:19:48:18 -0500] "GET /BLA/boletinlegal/Circulares/2022/CIRCULAR%20No.%2000005%20DEL%2030%20DE%20JUNIO%20DEL%202022.pdf HTTP/1.1" 404 1218
172.22.2.4 - - [14/Aug/2022:19:48:24 -0500] "GET /BLA/boletinlegal/Circulares/2019/.pdf HTTP/1.1" 404 1218
79.110.73.121 - - [14/Aug/2022:19:48:56 -0500] "GET /BLA/resoluciones/RESOLUCIONES%202011/6971.pdf HTTP/1.1" 200 637749
172.22.2.4 - - [14/Aug/2022:19:50:23 -0500] "GET /BLA/boletinlegal/robots.txt HTTP/1.1" 404 1038
172.22.2.4 - - [14/Aug/2022:19:49:34 -0500] "HEAD /BLA/boletinlegal/ HTTP/1.1" 200 -
201.245.192.253 - - [14/Aug/2022:19:51:17 -0500] "POST /kwsrmcab/Wsrmcab  HTTP/1.1" 200 46805
172.22.2.4 - - [14/Aug/2022:19:50:23 -0500] "GET /BLA/boletinlegal/ HTTP/1.1" 200 43204
172.22.2.4 - - [14/Aug/2022:19:50:24 -0500] "GET /BLA/boletinlegal/ HTTP/1.1" 200 43204
216.245.221.92 - - [14/Aug/2022:19:52:20 -0500] "HEAD / HTTP/1.1" 200 -
172.22.2.4 - - [14/Aug/2022:19:54:41 -0500] "GET /BLA/boletinlegal/style.css HTTP/1.1" 200 9406
172.22.2.4 - - [14/Aug/2022:19:54:41 -0500] "GET /BLA/boletinlegal/styles2.css HTTP/1.1" 200 1838
172.22.2.4 - - [14/Aug/2022:19:54:41 -0500] "GET /BLA/boletinlegal/js/jquery.js HTTP/1.1" 200 57254
172.22.2.4 - - [14/Aug/2022:19:54:45 -0500] "GET /BLA/boletinlegal/js/jquery.scrollTo-min.js HTTP/1.1" 200 1150
172.22.2.4 - - [14/Aug/2022:19:54:50 -0500] "GET /BLA/boletinlegal/js/jquery.scrollShow.js HTTP/1.1" 200 4586
172.22.2.4 - - [14/Aug/2022:19:54:57 -0500] "GET /BLA/boletinlegal/images/cabezote%20BLEGAL.jpg HTTP/1.1" 200 118164
172.22.2.4 - - [14/Aug/2022:19:55:10 -0500] "GET /BLA/boletinlegal/images/subscribe-icon-big.png HTTP/1.1" 200 47702
172.22.2.4 - - [14/Aug/2022:19:55:10 -0500] "GET /BLA/boletinlegal/images/historia.png HTTP/1.1" 200 52775
172.22.2.4 - - [14/Aug/2022:19:55:13 -0500] "GET /BLA/boletinlegal/images/registro-usuarios.png HTTP/1.1" 200 8106
172.22.2.4 - - [14/Aug/2022:19:55:14 -0500] "GET /BLA/boletinlegal/images/arr_l.jpg HTTP/1.1" 200 1979
172.22.2.4 - - [14/Aug/2022:19:55:15 -0500] "GET /BLA/boletinlegal/images/screen_1.png HTTP/1.1" 200 202547
172.22.2.4 - - [14/Aug/2022:19:55:16 -0500] "GET /BLA/boletinlegal/images/launch.jpg HTTP/1.1" 200 14577
172.22.2.4 - - [14/Aug/2022:19:55:17 -0500] "GET /BLA/boletinlegal/images/screen_2.png HTTP/1.1" 200 362502
172.22.2.4 - - [14/Aug/2022:19:55:20 -0500] "GET /BLA/boletinlegal/images/screen_3.png HTTP/1.1" 200 210620
172.22.2.4 - - [14/Aug/2022:19:55:20 -0500] "GET /BLA/boletinlegal/images/screen_5.png HTTP/1.1" 200 368876
172.22.2.4 - - [14/Aug/2022:19:55:27 -0500] "GET /BLA/boletinlegal/images/arr_r.jpg HTTP/1.1" 200 1998
172.22.2.4 - - [14/Aug/2022:19:55:29 -0500] "GET /BLA/boletinlegal/images/body_bg.jpg HTTP/1.1" 200 1601
172.22.2.4 - - [14/Aug/2022:19:55:29 -0500] "GET /BLA/boletinlegal/images/menu_lft.gif HTTP/1.1" 200 1713
172.22.2.4 - - [14/Aug/2022:19:55:29 -0500] "GET /BLA/boletinlegal/images/menu_rght.gif HTTP/1.1" 200 1627
172.22.2.4 - - [14/Aug/2022:19:55:29 -0500] "GET /BLA/boletinlegal/images/bg_top.jpg HTTP/1.1" 200 522
172.22.2.4 - - [14/Aug/2022:19:55:29 -0500] "GET /BLA/boletinlegal/images/menu_bg.jpg HTTP/1.1" 200 620
172.22.2.4 - - [14/Aug/2022:19:55:29 -0500] "GET /BLA/boletinlegal/images/text.jpg HTTP/1.1" 200 568
172.22.2.4 - - [14/Aug/2022:19:55:29 -0500] "GET /BLA/boletinlegal/images/hover.jpg HTTP/1.1" 200 640
172.22.2.4 - - [14/Aug/2022:19:55:30 -0500] "GET /BLA/boletinlegal/images/pdf.gif HTTP/1.1" 200 567
172.22.2.4 - - [14/Aug/2022:19:54:39 -0500] "GET /BLA/boletinlegal/ HTTP/1.1" 200 53195
201.245.192.253 - - [14/Aug/2022:19:56:16 -0500] "POST /kwsrmcab/Wsrmcab  HTTP/1.1" 200 46805
172.22.2.4 - - [14/Aug/2022:19:55:24 -0500] "HEAD /BLA/boletinlegal/ HTTP/1.1" 200 -
216.245.221.92 - - [14/Aug/2022:19:57:20 -0500] "HEAD / HTTP/1.1" 200 -
172.22.2.4 - - [14/Aug/2022:19:56:14 -0500] "GET /BLA/boletinlegal/ HTTP/1.1" 200 60272
175.100.20.219 - - [14/Aug/2022:19:58:41 -0500] "GET /.env HTTP/1.1" 404 1018
175.100.20.219 - - [14/Aug/2022:19:58:43 -0500] "POST / HTTP/1.1" 200 319
201.245.192.253 - - [14/Aug/2022:20:01:15 -0500] "POST /kwsrmcab/Wsrmcab  HTTP/1.1" 200 46805
172.22.2.4 - - [14/Aug/2022:20:01:29 -0500] "GET /BLA/boletinlegal/actos.php HTTP/1.1" 200 9559
172.22.2.4 - - [14/Aug/2022:20:01:29 -0500] "GET /BLA/boletinlegal/favicon.ico HTTP/1.1" 404 1326
186.155.53.27 - - [14/Aug/2022:20:01:31 -0500] "GET /BLA/resoluciones/ HTTP/1.1" 200 13093
186.155.53.27 - - [14/Aug/2022:20:01:33 -0500] "GET /BLA/resoluciones/index.php?dir=AUTOS+2021%2F HTTP/1.1" 200 391860
172.22.2.4 - - [14/Aug/2022:20:01:27 -0500] "GET /BLA/boletinlegal/ HTTP/1.1" 200 24523
216.245.221.92 - - [14/Aug/2022:20:02:20 -0500] "HEAD / HTTP/1.1" 200 -
172.22.2.4 - - [14/Aug/2022:20:01:14 -0500] "HEAD /BLA/boletinlegal/ HTTP/1.1" 200 -
172.22.2.4 - - [14/Aug/2022:20:02:04 -0500] "GET /BLA/boletinlegal/ HTTP/1.1" 200 57716
172.22.2.4 - - [14/Aug/2022:20:05:10 -0500] "GET /BLA/boletinlegal/jurisprudencia/analisis/AnalisisC-035-16.docx HTTP/1.1" 304 -
173.252.107.14 - - [14/Aug/2022:20:05:14 -0500] "GET /images/mujeres-cultura-31.jpg HTTP/1.1" 200 33736
201.245.192.253 - - [14/Aug/2022:20:06:15 -0500] "POST /kwsrmcab/Wsrmcab  HTTP/1.1" 200 46805
216.245.221.92 - - [14/Aug/2022:20:07:20 -0500] "HEAD / HTTP/1.1" 200 -
172.22.2.4 - - [14/Aug/2022:20:07:04 -0500] "HEAD /BLA/boletinlegal/ HTTP/1.1" 200 -
157.55.39.75 - - [14/Aug/2022:20:09:18 -0500] "GET /BLA/boletinlegal/images/arr_l.jpg HTTP/1.1" 200 1979
40.77.167.31 - - [14/Aug/2022:20:09:28 -0500] "GET /BLA/resoluciones/AUTOS%202021/6043.pdf HTTP/1.1" 200 359999
172.22.2.4 - - [14/Aug/2022:20:07:54 -0500] "GET /BLA/boletinlegal/ HTTP/1.1" 200 58154
185.119.81.102 - - [14/Aug/2022:20:09:57 -0500] "GET /portaldeninos/wp-login.php HTTP/1.1" 200 2592
185.119.81.102 - - [14/Aug/2022:20:09:58 -0500] "POST /portaldeninos/wp-login.php HTTP/1.1" 200 3650
190.24.103.160 - - [14/Aug/2022:20:09:59 -0500] "GET /BLA/resoluciones/index.php?dir=AUTOS+2007%2F HTTP/1.1" 200 628423
190.24.103.160 - - [14/Aug/2022:20:11:06 -0500] "GET /BLA/resoluciones/index.php?dir=RESOLUCIONES+2012%2F HTTP/1.1" 200 140066
201.245.192.253 - - [14/Aug/2022:20:11:13 -0500] "POST /kwsrmcab/Wsrmcab  HTTP/1.1" 200 46805
216.245.221.92 - - [14/Aug/2022:20:12:20 -0500] "HEAD / HTTP/1.1" 200 -
207.46.13.20 - - [14/Aug/2022:20:12:40 -0500] "GET /BLA/resoluciones/index.php?dir=RESOLUCIONES+2017%2F HTTP/1.1" 200 282236
207.46.13.20 - - [14/Aug/2022:20:12:43 -0500] "GET /BLA/resoluciones/index.php?dir=RESOLUCIONES+2007%2F HTTP/1.1" 200 35450
185.119.81.105 - - [14/Aug/2022:20:13:24 -0500] "GET /portaldeninos/wp-login.php HTTP/1.1" 200 2592
185.119.81.105 - - [14/Aug/2022:20:13:25 -0500] "POST /portaldeninos/wp-login.php HTTP/1.1" 200 3605
172.22.2.4 - - [14/Aug/2022:20:12:54 -0500] "HEAD /BLA/boletinlegal/ HTTP/1.1" 200 -
172.22.2.4 - - [14/Aug/2022:20:13:44 -0500] "GET /BLA/boletinlegal/ HTTP/1.1" 200 57716
201.245.192.253 - - [14/Aug/2022:20:16:12 -0500] "POST /kwsrmcab/Wsrmcab  HTTP/1.1" 200 46805
216.245.221.92 - - [14/Aug/2022:20:17:20 -0500] "HEAD / HTTP/1.1" 200 -
207.46.13.50 - - [14/Aug/2022:20:17:54 -0500] "GET /portaldeninos/wp-content/uploads/2021/07/inforgrafia-agua-18x75.jpg HTTP/1.1" 200 1664
186.84.22.128 - - [14/Aug/2022:20:17:57 -0500] "GET /catalogoisis/ HTTP/1.1" 200 8575
186.84.22.128 - - [14/Aug/2022:20:17:58 -0500] "GET /catalogoisis/Css/Busqueda.css HTTP/1.1" 200 1995
186.84.22.128 - - [14/Aug/2022:20:17:58 -0500] "GET /catalogoisis/Js/AceptarLimpiar.js HTTP/1.1" 200 331
186.84.22.128 - - [14/Aug/2022:20:17:58 -0500] "GET /catalogoisis/Js/Cookies.js HTTP/1.1" 200 1369
186.84.22.128 - - [14/Aug/2022:20:17:58 -0500] "GET /catalogoisis/Js/CriterioCombinada.js HTTP/1.1" 200 1843
186.84.22.128 - - [14/Aug/2022:20:17:58 -0500] "GET /catalogoisis/Js/Remote.js HTTP/1.1" 200 436
186.84.22.128 - - [14/Aug/2022:20:17:58 -0500] "GET /catalogoisis/Js/Go.js HTTP/1.1" 200 364
186.84.22.128 - - [14/Aug/2022:20:17:58 -0500] "GET /catalogoisis/Js/LimpiarCombinada.js HTTP/1.1" 200 207
186.84.22.128 - - [14/Aug/2022:20:17:58 -0500] "GET /catalogoisis/Js/Numero.js HTTP/1.1" 200 398
186.84.22.128 - - [14/Aug/2022:20:17:58 -0500] "GET /catalogoisis/Js/Enter.js HTTP/1.1" 200 1208
186.84.22.128 - - [14/Aug/2022:20:17:58 -0500] "GET /catalogoisis/imagenes/br1c1.gif HTTP/1.1" 200 172
186.84.22.128 - - [14/Aug/2022:20:17:58 -0500] "GET /catalogoisis/imagenes/br1c3.gif HTTP/1.1" 200 302
186.84.22.128 - - [14/Aug/2022:20:17:58 -0500] "GET /catalogoisis/imagenes/Turnbo1.gif HTTP/1.1" 200 227
186.84.22.128 - - [14/Aug/2022:20:17:58 -0500] "GET /catalogoisis/imagenes/limpiar1.gif HTTP/1.1" 200 606
186.84.22.128 - - [14/Aug/2022:20:17:58 -0500] "GET /catalogoisis/imagenes/aceptar1.gif HTTP/1.1" 200 604
186.84.22.128 - - [14/Aug/2022:20:17:58 -0500] "GET /catalogoisis/imagenes/Header.gif HTTP/1.1" 200 30313
186.84.22.128 - - [14/Aug/2022:20:17:58 -0500] "GET /catalogoisis/imagenes/br3c3.gif HTTP/1.1" 200 186
186.84.22.128 - - [14/Aug/2022:20:17:58 -0500] "GET /catalogoisis/imagenes/br3c1.gif HTTP/1.1" 200 177
186.84.22.128 - - [14/Aug/2022:20:17:58 -0500] "GET /catalogoisis/imagenes/br1c2.gif HTTP/1.1" 200 297
186.84.22.128 - - [14/Aug/2022:20:17:58 -0500] "GET /catalogoisis/imagenes/br2c2.gif HTTP/1.1" 200 302
186.84.22.128 - - [14/Aug/2022:20:17:58 -0500] "GET /catalogoisis/imagenes/br3c2.gif HTTP/1.1" 200 285
186.84.22.128 - - [14/Aug/2022:20:17:58 -0500] "GET /catalogoisis/imagenes/br2c1.gif HTTP/1.1" 200 297
186.84.22.128 - - [14/Aug/2022:20:17:58 -0500] "GET /catalogoisis/imagenes/br2c3.gif HTTP/1.1" 200 416
186.84.22.128 - - [14/Aug/2022:20:17:58 -0500] "GET /favicon.ico HTTP/1.1" 200 7782
186.84.22.128 - - [14/Aug/2022:20:18:12 -0500] "GET /catalogoisis/imagenes/aceptar2.gif HTTP/1.1" 200 586
186.84.22.128 - - [14/Aug/2022:20:18:12 -0500] "GET /catalogoisis/imagenes/aceptar2.gif HTTP/1.1" 200 586
172.22.2.4 - - [14/Aug/2022:20:20:23 -0500] "GET /BLA/boletinlegal/conceptos.php HTTP/1.1" 200 7443
172.22.2.4 - - [14/Aug/2022:20:18:44 -0500] "HEAD /BLA/boletinlegal/ HTTP/1.1" 200 -
201.245.192.253 - - [14/Aug/2022:20:20:24 -0500] "POST /kwsrmcab/Wsrmcab HTTP/1.1" 200 47497
201.245.192.253 - - [14/Aug/2022:20:20:28 -0500] "POST /kwsrmcab/Wsrmcab HTTP/1.1" 200 48447
172.22.2.4 - - [14/Aug/2022:20:19:34 -0500] "GET /BLA/boletinlegal/ HTTP/1.1" 200 58946
201.245.192.253 - - [14/Aug/2022:20:21:11 -0500] "POST /kwsrmcab/Wsrmcab  HTTP/1.1" 200 46805
216.245.221.92 - - [14/Aug/2022:20:22:20 -0500] "HEAD / HTTP/1.1" 200 -
172.22.2.4 - - [14/Aug/2022:20:22:03 -0500] "GET /BLA/boletinlegal/ HTTP/1.1" 200 32715
207.46.13.20 - - [14/Aug/2022:20:24:21 -0500] "GET /BLA/resoluciones/RESOLUCIONES%202000/2000%201450-1499.tif HTTP/1.1" 200 4800883
201.245.192.253 - - [14/Aug/2022:20:26:10 -0500] "POST /kwsrmcab/Wsrmcab  HTTP/1.1" 200 46805
172.22.2.4 - - [14/Aug/2022:20:24:34 -0500] "HEAD /BLA/boletinlegal/ HTTP/1.1" 200 -
172.22.2.4 - - [14/Aug/2022:20:26:14 -0500] "GET /BLA/boletinlegal/Directivas/2009/Directiva%20No.%20del%2023%20de%20Diciembre%20de%202009.pdf HTTP/1.1" 200 1636862
185.119.81.98 - - [14/Aug/2022:20:26:25 -0500] "GET /portaldeninos/wp-login.php HTTP/1.1" 200 2592
185.119.81.98 - - [14/Aug/2022:20:26:26 -0500] "POST /portaldeninos/wp-login.php HTTP/1.1" 200 3670
172.22.2.4 - - [14/Aug/2022:20:25:24 -0500] "GET /BLA/boletinlegal/ HTTP/1.1" 200 53994
216.245.221.92 - - [14/Aug/2022:20:27:20 -0500] "HEAD / HTTP/1.1" 200 -
201.245.192.253 - - [14/Aug/2022:20:30:25 -0500] "POST /kwsrmcab/Wsrmcab HTTP/1.1" 200 47497
201.245.192.253 - - [14/Aug/2022:20:30:29 -0500] "POST /kwsrmcab/Wsrmcab HTTP/1.1" 200 48447
201.245.192.253 - - [14/Aug/2022:20:31:09 -0500] "POST /kwsrmcab/Wsrmcab  HTTP/1.1" 200 46805
66.220.149.3 - - [14/Aug/2022:20:31:26 -0500] "GET /images/chulo-o-gallinazo-optimized.jpg HTTP/1.1" 200 60427
172.22.2.4 - - [14/Aug/2022:20:30:24 -0500] "HEAD /BLA/boletinlegal/ HTTP/1.1" 200 -
216.245.221.92 - - [14/Aug/2022:20:32:20 -0500] "HEAD / HTTP/1.1" 200 -
172.22.2.4 - - [14/Aug/2022:20:31:14 -0500] "GET /BLA/boletinlegal/ HTTP/1.1" 200 60272
186.155.99.80 - - [14/Aug/2022:20:33:20 -0500] "GET /galeria/galeria/jquery.fancybox.css?v=2.1.5 HTTP/1.1" 200 4895
186.155.99.80 - - [14/Aug/2022:20:33:20 -0500] "GET /BLA/boletinlegal/js/jquery.scrollShow.js HTTP/1.1" 200 4586
186.155.99.80 - - [14/Aug/2022:20:33:20 -0500] "GET /galeria/galeria/jquery.fancybox.js?v=2.1.5 HTTP/1.1" 200 48706
157.55.39.84 - - [14/Aug/2022:20:34:55 -0500] "GET /BLA/resoluciones/index.php?dir=RESOLUCIONES+2020%2F HTTP/1.1" 200 164803
207.46.13.188 - - [14/Aug/2022:20:35:12 -0500] "GET /BLA/resoluciones/dlf/styles.css HTTP/1.1" 200 3049
201.245.192.253 - - [14/Aug/2022:20:36:08 -0500] "POST /kwsrmcab/Wsrmcab  HTTP/1.1" 200 46805
173.252.83.5 - - [14/Aug/2022:20:36:26 -0500] "GET /images/actividades-dia-tierra-22-abril.jpg HTTP/1.1" 200 77276
216.245.221.92 - - [14/Aug/2022:20:37:20 -0500] "HEAD / HTTP/1.1" 200 -
172.22.2.4 - - [14/Aug/2022:20:36:09 -0500] "GET /BLA/boletinlegal/ HTTP/1.1" 200 52868
172.22.2.4 - - [14/Aug/2022:20:36:14 -0500] "HEAD /BLA/boletinlegal/ HTTP/1.1" 200 -
172.22.2.4 - - [14/Aug/2022:20:37:04 -0500] "GET /BLA/boletinlegal/ HTTP/1.1" 200 54347
186.154.250.252 - - [14/Aug/2022:20:39:29 -0500] "GET /portaldeninos/ HTTP/1.1" 200 110281
186.154.250.252 - - [14/Aug/2022:20:39:30 -0500] "GET /portaldeninos/wp-content/plugins/gallery-videos/CSS/Total-Soft-Gallery-Video-Widget.css?ver=4.9.8 HTTP/1.1" 200 51554
186.154.250.252 - - [14/Aug/2022:20:39:30 -0500] "GET /portaldeninos/wp-content/uploads/useanyfont/uaf.css?ver=1589905315 HTTP/1.1" 200 408
186.154.250.252 - - [14/Aug/2022:20:39:30 -0500] "GET /portaldeninos/wp-content/themes/betheme/style.css?ver=20.9.6 HTTP/1.1" 200 287
186.154.250.252 - - [14/Aug/2022:20:39:30 -0500] "GET /portaldeninos/wp-content/plugins/gallery-videos/CSS/totalsoft.css?ver=4.9.8 HTTP/1.1" 200 40622
186.154.250.252 - - [14/Aug/2022:20:39:30 -0500] "GET /portaldeninos/wp-content/themes/betheme/css/base.css?ver=20.9.6 HTTP/1.1" 200 57283
186.154.250.252 - - [14/Aug/2022:20:39:30 -0500] "GET /portaldeninos/wp-content/themes/betheme/css/shortcodes.css?ver=20.9.6 HTTP/1.1" 200 138889
186.154.250.252 - - [14/Aug/2022:20:39:30 -0500] "GET /portaldeninos/wp-content/themes/betheme/assets/ui/jquery.ui.all.css?ver=20.9.6 HTTP/1.1" 200 18765
186.154.250.252 - - [14/Aug/2022:20:39:30 -0500] "GET /portaldeninos/wp-content/themes/betheme/assets/jplayer/css/jplayer.blue.monday.css?ver=20.9.6 HTTP/1.1" 200 9834
186.154.250.252 - - [14/Aug/2022:20:39:30 -0500] "GET /portaldeninos/wp-content/themes/betheme/css/layout.css?ver=20.9.6 HTTP/1.1" 200 116639
186.154.250.252 - - [14/Aug/2022:20:39:30 -0500] "GET /portaldeninos/wp-content/themes/betheme/assets/animations/animations.min.css?ver=20.9.6 HTTP/1.1" 200 58508
186.154.250.252 - - [14/Aug/2022:20:39:30 -0500] "GET /portaldeninos/wp-content/plugins/popup-maker/assets/css/site.min.css?ver=1.8.14 HTTP/1.1" 200 8260
186.154.250.252 - - [14/Aug/2022:20:39:30 -0500] "GET /portaldeninos/wp-content/themes/betheme/css/responsive.css?ver=20.9.6 HTTP/1.1" 200 55740
186.154.250.252 - - [14/Aug/2022:20:39:30 -0500] "GET /portaldeninos/wp-includes/js/jquery/ui/core.min.js?ver=1.11.4 HTTP/1.1" 200 4000
186.154.250.252 - - [14/Aug/2022:20:39:30 -0500] "GET /portaldeninos/wp-includes/js/jquery/jquery-migrate.min.js?ver=1.4.1 HTTP/1.1" 200 10056
186.154.250.252 - - [14/Aug/2022:20:39:30 -0500] "GET /portaldeninos/wp-content/plugins/google-analytics-for-wordpress/assets/js/frontend-gtag.min.js?ver=8.5.0 HTTP/1.1" 200 11801
186.154.250.252 - - [14/Aug/2022:20:39:30 -0500] "GET /portaldeninos/wp-content/plugins/gallery-videos/JS/modernizr.custom.js?ver=4.9.8 HTTP/1.1" 200 9019
186.154.250.252 - - [14/Aug/2022:20:39:30 -0500] "GET /portaldeninos/wp-includes/js/jquery/jquery.js?ver=1.12.4 HTTP/1.1" 200 97184
186.154.250.252 - - [14/Aug/2022:20:39:30 -0500] "GET /portaldeninos/wp-content/plugins/gallery-videos/JS/Total-Soft-Gallery-Video-Widget.js?ver=4.9.8 HTTP/1.1" 200 80264
186.154.250.252 - - [14/Aug/2022:20:39:30 -0500] "GET /portaldeninos/wp-includes/js/jquery/ui/widget.min.js?ver=1.11.4 HTTP/1.1" 200 6908
186.154.250.252 - - [14/Aug/2022:20:39:31 -0500] "GET /portaldeninos/wp-includes/js/jquery/ui/mouse.min.js?ver=1.11.4 HTTP/1.1" 200 3148
186.154.250.252 - - [14/Aug/2022:20:39:31 -0500] "GET /portaldeninos/wp-includes/js/jquery/ui/tabs.min.js?ver=1.11.4 HTTP/1.1" 200 12110
186.154.250.252 - - [14/Aug/2022:20:39:31 -0500] "GET /portaldeninos/wp-includes/js/jquery/ui/sortable.min.js?ver=1.11.4 HTTP/1.1" 200 24899
186.154.250.252 - - [14/Aug/2022:20:39:31 -0500] "GET /portaldeninos/wp-content/themes/betheme/js/menu.js?ver=20.9.6 HTTP/1.1" 200 2449
186.154.250.252 - - [14/Aug/2022:20:39:31 -0500] "GET /portaldeninos/wp-content/themes/betheme/assets/animations/animations.min.js?ver=20.9.6 HTTP/1.1" 200 1896
186.154.250.252 - - [14/Aug/2022:20:39:31 -0500] "GET /portaldeninos/wp-includes/js/jquery/ui/accordion.min.js?ver=1.11.4 HTTP/1.1" 200 8584
186.154.250.252 - - [14/Aug/2022:20:39:31 -0500] "GET /portaldeninos/wp-includes/js/jquery/ui/position.min.js?ver=1.11.4 HTTP/1.1" 200 6527
186.154.250.252 - - [14/Aug/2022:20:39:31 -0500] "GET /portaldeninos/wp-content/uploads/2019/08/Logo-Ambientic.png HTTP/1.1" 200 22941
186.154.250.252 - - [14/Aug/2022:20:39:31 -0500] "GET /portaldeninos/wp-content/themes/betheme/assets/jplayer/jplayer.min.js?ver=20.9.6 HTTP/1.1" 200 52702
186.154.250.252 - - [14/Aug/2022:20:39:31 -0500] "GET /portaldeninos/wp-content/themes/betheme/js/scripts.js?ver=20.9.6 HTTP/1.1" 200 77162
186.154.250.252 - - [14/Aug/2022:20:39:31 -0500] "GET /portaldeninos/wp-content/plugins/popup-maker/assets/js/site.min.js?defer&ver=1.8.14 HTTP/1.1" 200 48457
186.154.250.252 - - [14/Aug/2022:20:39:31 -0500] "GET /portaldeninos/wp-content/themes/betheme/fonts/mfn-icons.woff?93978679 HTTP/1.1" 200 80932
186.154.250.252 - - [14/Aug/2022:20:39:31 -0500] "GET /portaldeninos/wp-content/uploads/2021/06/titulo-cabezote-ni%C3%B1os.png HTTP/1.1" 200 64425
186.154.250.252 - - [14/Aug/2022:20:39:31 -0500] "GET /portaldeninos/wp-includes/js/wp-embed.min.js?ver=4.9.8 HTTP/1.1" 200 1398
186.154.250.252 - - [14/Aug/2022:20:39:31 -0500] "GET /portaldeninos/wp-content/uploads/2021/06/titulo-miambiente-ni%C3%B1os.png HTTP/1.1" 200 11944
74.125.210.121 - - [14/Aug/2022:20:39:30 -0500] "GET /portaldeninos/ HTTP/1.1" 200 110281
186.154.250.252 - - [14/Aug/2022:20:39:31 -0500] "GET /portaldeninos/wp-content/uploads/2018/10/oso.jpg HTTP/1.1" 200 305180
186.154.250.252 - - [14/Aug/2022:20:39:31 -0500] "GET /portaldeninos/wp-content/uploads/2018/11/tigrillo.jpg HTTP/1.1" 200 402961
186.154.250.252 - - [14/Aug/2022:20:39:32 -0500] "GET /portaldeninos/wp-content/uploads/2021/06/titulo-videos-ni%C3%B1os.png HTTP/1.1" 200 10502
74.125.210.123 - - [14/Aug/2022:20:39:31 -0500] "GET /portaldeninos/ HTTP/1.1" 200 110281
186.154.250.252 - - [14/Aug/2022:20:39:31 -0500] "GET /portaldeninos/wp-content/themes/betheme/js/plugins.js?ver=20.9.6 HTTP/1.1" 200 197151
186.154.250.252 - - [14/Aug/2022:20:39:32 -0500] "GET /portaldeninos/wp-content/uploads/2021/06/titulo-humedales-ni%C3%B1os.png HTTP/1.1" 200 13361
74.125.210.123 - - [14/Aug/2022:20:39:31 -0500] "GET /portaldeninos/ HTTP/1.1" 200 110281
74.125.210.123 - - [14/Aug/2022:20:39:33 -0500] "GET /portaldeninos/wp-content/themes/betheme/assets/ui/jquery.ui.all.css?ver=20.9.6 HTTP/1.1" 200 18765
186.154.250.252 - - [14/Aug/2022:20:39:31 -0500] "GET /portaldeninos/wp-content/uploads/2020/01/Tierra-escenario.jpg HTTP/1.1" 200 181491
74.125.210.119 - - [14/Aug/2022:20:39:33 -0500] "GET /portaldeninos/wp-content/themes/betheme/style.css?ver=20.9.6 HTTP/1.1" 200 287
74.125.210.121 - - [14/Aug/2022:20:39:33 -0500] "GET /portaldeninos/wp-content/uploads/useanyfont/uaf.css?ver=1589905315 HTTP/1.1" 200 408
74.125.210.119 - - [14/Aug/2022:20:39:33 -0500] "GET /portaldeninos/wp-includes/js/jquery/ui/core.min.js?ver=1.11.4 HTTP/1.1" 200 4000
74.125.210.123 - - [14/Aug/2022:20:39:33 -0500] "GET /portaldeninos/wp-content/plugins/popup-maker/assets/css/site.min.css?ver=1.8.14 HTTP/1.1" 200 8260
74.125.210.121 - - [14/Aug/2022:20:39:33 -0500] "GET /portaldeninos/wp-content/themes/betheme/assets/jplayer/css/jplayer.blue.monday.css?ver=20.9.6 HTTP/1.1" 200 9834
74.125.210.119 - - [14/Aug/2022:20:39:33 -0500] "GET /portaldeninos/wp-content/plugins/gallery-videos/JS/modernizr.custom.js?ver=4.9.8 HTTP/1.1" 200 9019
