186.102.35.55 - - [14/Aug/2022:16:18:21 -0500] "GET /kwssiamovil/sm/acme/a?s=U2FsdGVkX18wU74DDoXEpCVLj0REuNAEqZ0blmvIKzrTIjGglmct/bD9fOLK3Wc+k/fUI1FsVa0b7HinkQFlGm9KgT0P6+ZQas8ptoFz8JdSf/pDPBhwiF2zSjXf38Q9dFqeXUfDDBItVpBpBgR/nR2lC80sJY4yZ74pbeZx1rgmfirVrcdDxpPZd/nULLwySGWPKJaHrrbRMDzo4i3vNx8hUpJ+TDcTR/M7vQqxUhc=&u=U2FsdGVkX18Qt+Ilj69DdfcHlVbbHsWrotDsHNtiaQk=&y=U2FsdGVkX1+VXvOIvgEXKIhDrGODnx8gREDQ809kS2ijQfHBB8AARYv36i3UZvO2 HTTP/1.1" 200 25
186.102.35.55 - - [14/Aug/2022:16:18:21 -0500] "GET /kwssiamovil/sm/acme/a?s=U2FsdGVkX19fa/RRGKD6tMuT9AtwQejDc0wfxYMcclGQZpNwPXY/Uk3/yQM98ipdHwuJUtQmg2jS3h7ZiQLBlqdsSsFFWY1ayIUe6PWIeOh7bNhYOTYIZD7TQBAadyBaTE9r0JgEOpCDitMjaqt4MofaMQRxgD5KBbFN7RS/D8hLt8QU1fQqdGX5Qf1vSF59AzNN8f0dv3uLyM2zzGqZdTJObEkpfafkp5jd/Hzlt6I=&u=U2FsdGVkX18Qt+Ilj69DdfcHlVbbHsWrotDsHNtiaQk=&y=U2FsdGVkX1+VXvOIvgEXKIhDrGODnx8gREDQ809kS2ijQfHBB8AARYv36i3UZvO2 HTTP/1.1" 200 25
186.102.35.55 - - [14/Aug/2022:16:18:21 -0500] "GET /kwssiamovil/sm/acme/a?s=U2FsdGVkX1/9imEgnS0jS3AbXn3aLt/X3GvXNZyC6lwf5o4XdjlC6nFar0XK0ewwfckQFvK8XGoEnRy/GyAjRA9NG7zjHMADp+yeiRtf2m0GmIrsiWxYAtqG1Wo+D6O8c057VeMwfbo0zN/1nrzVMadBXwO9xvp8z2ejGx4RUg3z5dUUglW/DNqfnOc1cLATewTtB+CrSuiQPfgjPrxnIg==&u=U2FsdGVkX18Qt+Ilj69DdfcHlVbbHsWrotDsHNtiaQk=&y=U2FsdGVkX1+VXvOIvgEXKIhDrGODnx8gREDQ809kS2ijQfHBB8AARYv36i3UZvO2 HTTP/1.1" 200 25
190.24.103.160 - - [14/Aug/2022:16:18:32 -0500] "GET /BLA/resoluciones/index.php?dir=AUTOS+2012%2F HTTP/1.1" 200 272566
190.24.103.160 - - [14/Aug/2022:16:18:58 -0500] "GET /BLA/resoluciones/index.php?dir=AUTOS+2015%2F HTTP/1.1" 200 576996
186.102.35.55 - - [14/Aug/2022:16:19:21 -0500] "GET /kwssiamovil/sm/acme/u?s=U2FsdGVkX18vXWFDoaRP2ayNtBWCL/PDawu8lfSeURyqCuwj5NRVYL2wMkhCXsI5XVEaRH7pJA9cpoEReashQ79nJBJlKq3YaT5jrOXXiER1C3y+nsPBupsvEV5QvlSI+xL+DbPZ5OoY8z35IRXM26jPqN31jSQ2ofeIZswBUS1Dkj2Cdzp2wdHKyZ3TmeKiFNK/j34RFExfiIIvFUdoeLCFNpljSF2kOnDka6CLF/lNLKS2BFvu+mj96wn41WjibJDvxZZOrx2lIuvONGV+Mg==&u=U2FsdGVkX18Qt+Ilj69DdfcHlVbbHsWrotDsHNtiaQk=&y=U2FsdGVkX1+VXvOIvgEXKIhDrGODnx8gREDQ809kS2ijQfHBB8AARYv36i3UZvO2 HTTP/1.1" 200 60
190.24.103.160 - - [14/Aug/2022:16:20:01 -0500] "GET /BLA/resoluciones/index.php?dir=AUTOS+2018%2F HTTP/1.1" 200 436274
172.22.2.4 - - [14/Aug/2022:16:20:18 -0500] "GET /BLA/boletinlegal/Circulares/2012/Circular%20No.%2013%20del%2006%20de%20Septiembre%20de%202012.pdf HTTP/1.1" 200 351421
201.245.192.253 - - [14/Aug/2022:16:20:25 -0500] "POST /kwsrmcab/Wsrmcab HTTP/1.1" 200 46954
201.245.192.253 - - [14/Aug/2022:16:20:29 -0500] "POST /kwsrmcab/Wsrmcab HTTP/1.1" 200 48033
185.119.81.102 - - [14/Aug/2022:16:20:35 -0500] "GET /portaldeninos/wp-login.php HTTP/1.1" 200 2592
185.119.81.102 - - [14/Aug/2022:16:20:36 -0500] "POST /portaldeninos/wp-login.php HTTP/1.1" 200 3650
172.22.2.4 - - [14/Aug/2022:16:19:34 -0500] "HEAD /BLA/boletinlegal/ HTTP/1.1" 200 -
201.245.192.253 - - [14/Aug/2022:16:21:57 -0500] "POST /kwsrmcab/Wsrmcab  HTTP/1.1" 200 46805
172.22.2.4 - - [14/Aug/2022:16:20:25 -0500] "GET /BLA/boletinlegal/ HTTP/1.1" 200 54814
216.245.221.92 - - [14/Aug/2022:16:22:20 -0500] "HEAD / HTTP/1.1" 200 -
190.24.103.160 - - [14/Aug/2022:16:22:44 -0500] "GET /BLA/resoluciones/index.php?dir=AUTOS+2016%2F HTTP/1.1" 200 324939
190.24.103.160 - - [14/Aug/2022:16:23:04 -0500] "GET /BLA/resoluciones/index.php?dir=RESOLUCIONES+2021%2F HTTP/1.1" 200 410384
34.147.5.207 - - [14/Aug/2022:16:23:32 -0500] "GET / HTTP/1.1" 200 319
66.220.149.14 - - [14/Aug/2022:16:24:50 -0500] "GET /en-epoca-de-lluvias-algunos-animales-silvestres-pueden-ser-mas-visibles-en-zonas-de-la-ciudad-cuidalos.html HTTP/1.1" 206 976
201.245.192.253 - - [14/Aug/2022:16:26:56 -0500] "POST /kwsrmcab/Wsrmcab  HTTP/1.1" 200 46805
172.22.2.4 - - [14/Aug/2022:16:25:24 -0500] "HEAD /BLA/boletinlegal/ HTTP/1.1" 200 -
216.245.221.92 - - [14/Aug/2022:16:27:20 -0500] "HEAD / HTTP/1.1" 200 -
172.22.2.4 - - [14/Aug/2022:16:26:15 -0500] "GET /BLA/boletinlegal/ HTTP/1.1" 200 58946
207.46.13.20 - - [14/Aug/2022:16:29:40 -0500] "GET /BLA/resoluciones/AUTOS%202018/3514.pdf HTTP/1.1" 304 -
201.245.192.253 - - [14/Aug/2022:16:30:26 -0500] "POST /kwsrmcab/Wsrmcab HTTP/1.1" 200 46954
201.245.192.253 - - [14/Aug/2022:16:30:29 -0500] "POST /kwsrmcab/Wsrmcab HTTP/1.1" 200 48033
201.245.192.253 - - [14/Aug/2022:16:31:55 -0500] "POST /kwsrmcab/Wsrmcab  HTTP/1.1" 200 46805
216.245.221.92 - - [14/Aug/2022:16:32:20 -0500] "HEAD / HTTP/1.1" 200 -
172.22.2.4 - - [14/Aug/2022:16:31:14 -0500] "HEAD /BLA/boletinlegal/ HTTP/1.1" 200 -
172.22.2.4 - - [14/Aug/2022:16:32:05 -0500] "GET /BLA/boletinlegal/ HTTP/1.1" 200 58946
172.22.2.4 - - [14/Aug/2022:16:35:06 -0500] "GET /BLA/boletinlegal/Circulares/2013/Circular%20No.%205%20del%2013%20de%20junio%20de%202013.pdf HTTP/1.1" 200 110904
181.78.13.204 - - [14/Aug/2022:16:35:23 -0500] "GET /galeria/galeria/jquery.fancybox.css?v=2.1.5 HTTP/1.1" 200 4895
201.245.192.253 - - [14/Aug/2022:16:36:55 -0500] "POST /kwsrmcab/Wsrmcab  HTTP/1.1" 200 46805
216.245.221.92 - - [14/Aug/2022:16:37:20 -0500] "HEAD / HTTP/1.1" 200 -
151.243.50.222 - - [14/Aug/2022:16:37:39 -0500] "GET / HTTP/1.1" 200 319
172.22.2.4 - - [14/Aug/2022:16:38:32 -0500] "GET /BLA/boletinlegal/Circulares/2012/Circular%20No.%204%20del%2019%20de%20abril%20de%202012.pdf HTTP/1.1" 200 253045
172.22.2.4 - - [14/Aug/2022:16:37:04 -0500] "HEAD /BLA/boletinlegal/ HTTP/1.1" 200 -
107.182.129.239 - - [14/Aug/2022:16:38:37 -0500] "POST /boaform/admin/formLogin HTTP/1.1" 404 1186
172.22.2.4 - - [14/Aug/2022:16:37:55 -0500] "GET /BLA/boletinlegal/ HTTP/1.1" 200 60865
92.118.39.88 - - [14/Aug/2022:16:39:51 -0500] "GET / HTTP/1.1" 200 319
201.245.192.253 - - [14/Aug/2022:16:40:25 -0500] "POST /kwsrmcab/Wsrmcab HTTP/1.1" 200 46954
201.245.192.253 - - [14/Aug/2022:16:40:29 -0500] "POST /kwsrmcab/Wsrmcab HTTP/1.1" 200 48033
207.46.13.20 - - [14/Aug/2022:16:41:41 -0500] "GET / HTTP/1.1" 200 319
201.245.192.253 - - [14/Aug/2022:16:41:54 -0500] "POST /kwsrmcab/Wsrmcab  HTTP/1.1" 200 46805
216.245.221.92 - - [14/Aug/2022:16:42:20 -0500] "HEAD / HTTP/1.1" 200 -
185.196.220.70 - - [14/Aug/2022:16:44:14 -0500] "GET / HTTP/1.1" 200 319
172.22.2.4 - - [14/Aug/2022:16:42:54 -0500] "HEAD /BLA/boletinlegal/ HTTP/1.1" 200 -
172.22.2.4 - - [14/Aug/2022:16:43:45 -0500] "GET /BLA/boletinlegal/ HTTP/1.1" 200 52484
172.22.2.4 - - [14/Aug/2022:16:43:52 -0500] "GET /BLA/boletinlegal/ HTTP/1.1" 200 52868
201.245.192.253 - - [14/Aug/2022:16:46:53 -0500] "POST /kwsrmcab/Wsrmcab  HTTP/1.1" 200 46805
66.249.73.127 - - [14/Aug/2022:16:47:02 -0500] "-" 408 -
216.245.221.92 - - [14/Aug/2022:16:47:20 -0500] "HEAD / HTTP/1.1" 200 -
190.26.184.213 - - [14/Aug/2022:16:47:43 -0500] "GET /BLA/resoluciones/ HTTP/1.1" 200 13093
190.26.184.213 - - [14/Aug/2022:16:47:43 -0500] "GET /BLA/resoluciones/dlf/styles.css HTTP/1.1" 200 3049
190.26.184.213 - - [14/Aug/2022:16:47:43 -0500] "GET /BLA/resoluciones/dlf/folder.png HTTP/1.1" 200 410
190.26.184.213 - - [14/Aug/2022:16:47:44 -0500] "GET /BLA/resoluciones/dlf/bg.gif HTTP/1.1" 200 54
190.26.184.213 - - [14/Aug/2022:16:47:44 -0500] "GET /favicon.ico HTTP/1.1" 200 7782
172.22.2.4 - - [14/Aug/2022:16:47:49 -0500] "GET /BLA/boletinlegal/Circulares/2022/CIRCULAR%20No.%2000005%20DEL%2030%20DE%20JUNIO%20DEL%202022.pdf HTTP/1.1" 404 1218
190.26.184.213 - - [14/Aug/2022:16:47:54 -0500] "GET /BLA/resoluciones/dlf/dirup.png HTTP/1.1" 200 644
190.26.184.213 - - [14/Aug/2022:16:47:54 -0500] "GET /BLA/resoluciones/dlf/pdf.gif HTTP/1.1" 200 272
190.26.184.213 - - [14/Aug/2022:16:47:54 -0500] "GET /BLA/resoluciones/dlf/unknown.png HTTP/1.1" 200 266
190.26.184.213 - - [14/Aug/2022:16:47:53 -0500] "GET /BLA/resoluciones/index.php?dir=RESOLUCIONES+2008%2F HTTP/1.1" 200 976272
172.22.2.4 - - [14/Aug/2022:16:47:55 -0500] "GET /BLA/boletinlegal/Circulares/2019/.pdf HTTP/1.1" 404 1218
190.26.184.213 - - [14/Aug/2022:16:48:14 -0500] "GET /BLA/resoluciones/RESOLUCIONES%202008/0408.pdf HTTP/1.1" 200 1395887
172.22.2.4 - - [14/Aug/2022:16:48:44 -0500] "HEAD /BLA/boletinlegal/ HTTP/1.1" 200 -
172.22.2.4 - - [14/Aug/2022:16:49:35 -0500] "GET /BLA/boletinlegal/ HTTP/1.1" 200 58154
201.245.192.253 - - [14/Aug/2022:16:51:52 -0500] "POST /kwsrmcab/Wsrmcab  HTTP/1.1" 200 46805
216.245.221.92 - - [14/Aug/2022:16:52:20 -0500] "HEAD / HTTP/1.1" 200 -
144.172.73.66 - - [14/Aug/2022:16:52:26 -0500] "GET / HTTP/1.1" 200 319
185.220.101.185 - - [14/Aug/2022:16:52:28 -0500] "GET /favicon.ico HTTP/1.1" 200 7782
185.119.81.102 - - [14/Aug/2022:16:53:30 -0500] "GET /portaldeninos/wp-login.php HTTP/1.1" 200 2592
185.119.81.102 - - [14/Aug/2022:16:53:31 -0500] "POST /portaldeninos/wp-login.php HTTP/1.1" 200 3605
172.22.2.4 - - [14/Aug/2022:16:55:21 -0500] "GET /BLA/boletinlegal/ HTTP/1.1" 200 20427
172.22.2.4 - - [14/Aug/2022:16:54:34 -0500] "HEAD /BLA/boletinlegal/ HTTP/1.1" 200 -
172.22.2.4 - - [14/Aug/2022:16:55:21 -0500] "GET /BLA/boletinlegal/ HTTP/1.1" 200 32715
201.245.192.253 - - [14/Aug/2022:16:56:50 -0500] "POST /kwsrmcab/Wsrmcab  HTTP/1.1" 200 46805
172.22.2.4 - - [14/Aug/2022:16:55:24 -0500] "GET /BLA/boletinlegal/ HTTP/1.1" 200 52484
216.245.221.92 - - [14/Aug/2022:16:57:20 -0500] "HEAD / HTTP/1.1" 200 -
172.22.2.4 - - [14/Aug/2022:16:59:36 -0500] "GET /BLA/boletinlegal/Circulares/2010/Circular%2002%20de%2025%20de%20febrero%20de%202010.pdf HTTP/1.1" 304 -
59.92.175.12 - - [14/Aug/2022:17:01:37 -0500] "GET /boaform/admin/formLogin?username=user&psd=user HTTP/1.0" 404 1019
193.25.120.179 - - [14/Aug/2022:17:01:39 -0500] "GET / HTTP/1.1" 200 319
201.245.192.253 - - [14/Aug/2022:17:01:49 -0500] "POST /kwsrmcab/Wsrmcab  HTTP/1.1" 200 46805
172.22.2.4 - - [14/Aug/2022:17:00:24 -0500] "HEAD /BLA/boletinlegal/ HTTP/1.1" 200 -
216.245.221.92 - - [14/Aug/2022:17:02:20 -0500] "HEAD / HTTP/1.1" 200 -
172.22.2.4 - - [14/Aug/2022:17:01:14 -0500] "GET /BLA/boletinlegal/ HTTP/1.1" 200 57366
186.102.3.148 - - [14/Aug/2022:17:03:25 -0500] "GET /kwssiamovil/sm/ldap/au?x=U2FsdGVkX181aukwNneNzRUiyHcaNumJfMTzReWKpH6DWtskkB3ufpVlpBvgKZa3&y=U2FsdGVkX1/KLSGYXYSPgAKmtsvjJ3yU1pBr5T1SLrlMaNOa/OIm8f2xYulPaAJr HTTP/1.1" 200 30
186.102.3.148 - - [14/Aug/2022:17:03:26 -0500] "GET /kwssiamovil/sm/acme/s?s=U2FsdGVkX1/4mot6CovYBpNM5isuZGguXMLf7WOZrV3PufxEQWeb+sxoaIiZt7gN6EPiuppmCzDRqtreGBtb75axmoI0rAsB8vRgG+pHf34=&u=U2FsdGVkX19ACjcF8rAb03QcpJ8J3IFyQie7LF5irtKFtfVlJnwx4jccFhfvs2PF&y=U2FsdGVkX1/KLSGYXYSPgAKmtsvjJ3yU1pBr5T1SLrlMaNOa/OIm8f2xYulPaAJr HTTP/1.1" 200 97
186.102.3.148 - - [14/Aug/2022:17:03:26 -0500] "GET /kwssiamovil/sm/acme/s?s=U2FsdGVkX18Dk7O8loFG0zXM4BywYzrX1Re9Ll5WI+AjjslU+sHGFwyfk6djHMS/d4uIHS2xRM9POFWIETsCi+88c4Tg1jp70HXj6XjxS30Z0tpDdA3WACAOKhjpAOyXgONk2RZEHwK/gp/vZJCC4x0mDDDL0bC1vSk9pTTaBYd1QcdKadwXw5EYS4ScNumAdGkQUGHzneRHAiPayynVS317i3I1hDVvqmf7eyX3gwVvIsVqOjn9NHB4ps2apHHCSFa1dO6/Xnd3K9aQnDIYalG80KRlIDhftsgSxCE4j8su3DbUdlsxAwzNpazPuMGhs+dMA8wyZ7cEbfJS8s7P7s5ae/P2o6izbZ/kvCdEr6niqoZof/N1Uod/Ei8kD5qPfaLx5VvBLDWcRmsm++W2rjv+HwQFnUirL1XV28YfnMqnkgzhPwrNIcAgt1vaU9yRSyv99EStgLUQj+/raOl+LLRwN4IbATY24zn++lOf2sNQTQ3Zhp5q7Kvp5k7jJYKSzAFxsrjczR+AVyBmJA+wrp9mxoWEbxFKovY2OCa1dsMXkvfuPbzmMM4kzRb03oQLh52vc4iuSbViYtl1MrQFGpxjL3NmYSwYzvekAF4IufJWlQq8GDDbqXiDD2xlO1H7T+l1RNN/x0H3UcEy2p088DcFzcOTWMdkxfpJqE3hcHJ8FndG7T2ceQiQAXeqFBo0GVWsO9/2GyXviEggu4Ol3tnUxbvHvi+tAsucFR+QdztHaewALWcpVTfv7ZaYssQm8F8k7p++nD7Ch1NNIyFAWkkDmT3w+FHIaKPT0m6AfJIwB2Qa3IsgxMOdGaNll7fMgpYuS+a16mlaXM/mHFD5k8HPrP6JaTj2AFZZK7wx1Zi8rGIoXjj24QyjiS9UMr86qwW9oPJdqK6XmD3GYX3Cm8LUXc0DQyWyZneVq0xvtqJnhQQGjuDgH1nQzhOfeDwkTPn1ev2vrlZOpwHIgS7BXtUSfvBR57PKMErVAGwtkfaaz36Qrth7wdzbzFnjPxfNln4AMuyYQ+HHihq92NI3ERNf6Um/uS1r1bZc5tMaRPMPJBdkvHxu95Iq5qH7ISnfrJYaMngD2m4p0JUoiLkqYHsqPEtaap1MRiUp6mwULFNRJeYv09EsJe3POwzNHv+pqIRSi/TS76wXBlPfQkPCGw49rpFI98jrDo5piOcX0RdP0Uapb4aFeRhHvvUdGlS93nzuq7nSM+HKCdiProEQTVg+qZ5hZm3CHSA+VV1kIjpymDOLr98bauDr2q0OtGoAnxbxRZ9JQXkujXZyEdb0F5WruRcBnth4QMiO7cmCrF3LX6Q3qLxKoxWkTalsAlUpXjrD49bCf2QRpAXXcyK2nB6B3/zU5sfsbcIPVaXXhhY=&u=U2FsdGVkX19ACjcF8rAb03QcpJ8J3IFyQie7LF5irtKFtfVlJnwx4jccFhfvs2PF&y=U2FsdGVkX1/KLSGYXYSPgAKmtsvjJ3yU1pBr5T1SLrlMaNOa/OIm8f2xYulPaAJr HTTP/1.1" 200 2005
186.102.3.148 - - [14/Aug/2022:17:03:26 -0500] "GET /kwssiamovil/sm/acme/s?s=U2FsdGVkX18z0ml0ctUYgCyLkeGE51FCVzWvdG2qZALxDZQGJbaNfHVReQ22+G3uWV57QbTM6AWixah2lEYc0cIWBGs2/2OgUSuF+xo6s+8pjcQH7BxLKgI46vqxIQqOchFud8h60rjNNOYieiJrms6p3hSlQcFjw1L+nkW7nGtAyHqnd35IQvfsHMKCSCDkAgC1oPF3dm0gKTy0YdhLh232sltls/CzKv9Lfw+oBj+RCW1ecZzjJOCMYekShTJwT6nEOfr7TC/0WT76bVnjVzy3ypUywuqFe7nfetrbupo=&u=U2FsdGVkX19ACjcF8rAb03QcpJ8J3IFyQie7LF5irtKFtfVlJnwx4jccFhfvs2PF&y=U2FsdGVkX1/KLSGYXYSPgAKmtsvjJ3yU1pBr5T1SLrlMaNOa/OIm8f2xYulPaAJr HTTP/1.1" 200 176
186.102.3.148 - - [14/Aug/2022:17:03:26 -0500] "GET /kwssiamovil/sm/cjson/pre?f=1&x=U2FsdGVkX181aukwNneNzRUiyHcaNumJfMTzReWKpH6DWtskkB3ufpVlpBvgKZa3 HTTP/1.1" 200 30992
172.22.2.4 - - [14/Aug/2022:17:04:11 -0500] "GET /BLA/boletinlegal/sugerencias.php HTTP/1.1" 200 8615
173.252.107.6 - - [14/Aug/2022:17:06:01 -0500] "GET /images/jardines-verticales-plantas-24-mayo.jpg HTTP/1.1" 200 148288
173.252.107.6 - - [14/Aug/2022:17:06:02 -0500] "GET /images/la-vieja-mayo-24.jpg HTTP/1.1" 200 58217
173.252.107.14 - - [14/Aug/2022:17:06:02 -0500] "GET /images/Naturalista1.jpeg HTTP/1.1" 200 202073
173.252.107.14 - - [14/Aug/2022:17:06:03 -0500] "GET /images/feria-servicios-tramites-19-mayo.jpg HTTP/1.1" 200 40581
201.245.192.253 - - [14/Aug/2022:17:06:48 -0500] "POST /kwsrmcab/Wsrmcab  HTTP/1.1" 200 46805
216.245.221.92 - - [14/Aug/2022:17:07:20 -0500] "HEAD / HTTP/1.1" 200 -
69.171.249.24 - - [14/Aug/2022:17:07:47 -0500] "GET /images/mujeres-cultura-31.jpg HTTP/1.1" 200 33736
172.22.2.4 - - [14/Aug/2022:17:06:14 -0500] "HEAD /BLA/boletinlegal/ HTTP/1.1" 200 -
172.22.2.4 - - [14/Aug/2022:17:07:05 -0500] "GET /BLA/boletinlegal/ HTTP/1.1" 200 59819
185.119.81.98 - - [14/Aug/2022:17:09:09 -0500] "GET /portaldeninos/wp-login.php HTTP/1.1" 200 2592
185.119.81.98 - - [14/Aug/2022:17:09:10 -0500] "POST /portaldeninos/wp-login.php HTTP/1.1" 200 3650
186.102.35.55 - - [14/Aug/2022:17:11:25 -0500] "GET /kwssiamovil/sm/ldap/au?x=U2FsdGVkX196p72SvNoQtVkk8WkCLg6/Igw5r2S7tHmM44m1UvWRJO5NOAmq+Y4j&y=U2FsdGVkX1+BlUa4nVc5U7bwkkCO4rNtR++WnlF5yLmoGk8Dwm55XOqe9nCAJHJU HTTP/1.1" 200 30
201.245.192.253 - - [14/Aug/2022:17:11:48 -0500] "POST /kwsrmcab/Wsrmcab  HTTP/1.1" 200 46805
216.245.221.92 - - [14/Aug/2022:17:12:20 -0500] "HEAD / HTTP/1.1" 200 -
186.102.35.55 - - [14/Aug/2022:17:12:22 -0500] "OPTIONS /kwssiamovil/sm/setfile/f? HTTP/1.1" 200 13
186.102.35.55 - - [14/Aug/2022:17:12:22 -0500] "POST /kwssiamovil/sm/setfile/f? HTTP/1.1" 200 381
186.102.35.55 - - [14/Aug/2022:17:12:28 -0500] "OPTIONS /kwssiamovil/sm/setfile/f? HTTP/1.1" 200 13
186.102.35.55 - - [14/Aug/2022:17:12:28 -0500] "POST /kwssiamovil/sm/setfile/f? HTTP/1.1" 200 381
186.102.35.55 - - [14/Aug/2022:17:12:32 -0500] "OPTIONS /kwssiamovil/sm/setfile/f? HTTP/1.1" 200 13
186.102.35.55 - - [14/Aug/2022:17:12:32 -0500] "POST /kwssiamovil/sm/setfile/f? HTTP/1.1" 200 381
186.102.35.55 - - [14/Aug/2022:17:12:37 -0500] "OPTIONS /kwssiamovil/sm/setfile/f? HTTP/1.1" 200 13
186.102.35.55 - - [14/Aug/2022:17:12:37 -0500] "POST /kwssiamovil/sm/setfile/f? HTTP/1.1" 200 381
186.102.35.55 - - [14/Aug/2022:17:12:42 -0500] "OPTIONS /kwssiamovil/sm/setfile/f? HTTP/1.1" 200 13
186.102.35.55 - - [14/Aug/2022:17:12:43 -0500] "POST /kwssiamovil/sm/setfile/f? HTTP/1.1" 200 381
186.102.35.55 - - [14/Aug/2022:17:12:47 -0500] "OPTIONS /kwssiamovil/sm/setfile/f? HTTP/1.1" 200 13
186.102.35.55 - - [14/Aug/2022:17:12:47 -0500] "POST /kwssiamovil/sm/setfile/f? HTTP/1.1" 200 381
186.102.35.55 - - [14/Aug/2022:17:13:10 -0500] "GET /kwssiamovil/sm/acme/a?s=U2FsdGVkX1/zw9Kj6aSR1jPif+N4OUfJWcywCGLFOOH0NoLvjTF5wA8QuzCqYuAjVxZSIAOW5ZNrzNtHa7Rmv7UKDXAyK8AEYbncifsGKtT2nVHcp1xVvYyKXq5UlJ5nn5umiG0wgfVQNDAxAKS1v+BCFPXhZL2jfBbKSOxMLJ5tbR6s4eYFtycDg2GCpXz8gsQz8NpoBNkIftCBDQCQHEygHcajSIKLzun5HDTgS/2dAm3gdiMf6E9PiGLTH+ArvGXyfWHk9xsHXZ+vOLwJpg==&u=U2FsdGVkX18Qt+Ilj69DdfcHlVbbHsWrotDsHNtiaQk=&y=U2FsdGVkX1+VXvOIvgEXKIhDrGODnx8gREDQ809kS2ijQfHBB8AARYv36i3UZvO2 HTTP/1.1" 200 66
172.22.2.4 - - [14/Aug/2022:17:13:33 -0500] "GET /BLA/boletinlegal/style.css HTTP/1.1" 200 9406
172.22.2.4 - - [14/Aug/2022:17:13:33 -0500] "GET /BLA/boletinlegal/styles2.css HTTP/1.1" 200 1838
172.22.2.4 - - [14/Aug/2022:17:13:33 -0500] "GET /BLA/boletinlegal/js/jquery.js HTTP/1.1" 200 57254
172.22.2.4 - - [14/Aug/2022:17:13:33 -0500] "GET /BLA/boletinlegal/js/jquery.scrollShow.js HTTP/1.1" 200 4586
172.22.2.4 - - [14/Aug/2022:17:13:33 -0500] "GET /BLA/boletinlegal/js/jquery.scrollTo-min.js HTTP/1.1" 200 1150
172.22.2.4 - - [14/Aug/2022:17:13:33 -0500] "GET /BLA/boletinlegal/images/cabezote%20BLEGAL.jpg HTTP/1.1" 200 118164
172.22.2.4 - - [14/Aug/2022:17:13:33 -0500] "GET /BLA/boletinlegal/images/subscribe-icon-big.png HTTP/1.1" 200 47702
172.22.2.4 - - [14/Aug/2022:17:13:33 -0500] "GET /BLA/boletinlegal/images/historia.png HTTP/1.1" 200 52775
172.22.2.4 - - [14/Aug/2022:17:13:33 -0500] "GET /BLA/boletinlegal/images/registro-usuarios.png HTTP/1.1" 200 8106
172.22.2.4 - - [14/Aug/2022:17:13:33 -0500] "GET /BLA/boletinlegal/images/screen_1.png HTTP/1.1" 200 202547
172.22.2.4 - - [14/Aug/2022:17:13:33 -0500] "GET /BLA/boletinlegal/images/arr_l.jpg HTTP/1.1" 200 1979
172.22.2.4 - - [14/Aug/2022:17:13:33 -0500] "GET /BLA/boletinlegal/images/body_bg.jpg HTTP/1.1" 200 1601
172.22.2.4 - - [14/Aug/2022:17:13:33 -0500] "GET /BLA/boletinlegal/images/launch.jpg HTTP/1.1" 200 14577
172.22.2.4 - - [14/Aug/2022:17:13:33 -0500] "GET /BLA/boletinlegal/images/menu_lft.gif HTTP/1.1" 200 1713
172.22.2.4 - - [14/Aug/2022:17:13:33 -0500] "GET /BLA/boletinlegal/images/hover.jpg HTTP/1.1" 200 640
172.22.2.4 - - [14/Aug/2022:17:13:33 -0500] "GET /BLA/boletinlegal/images/text.jpg HTTP/1.1" 200 568
172.22.2.4 - - [14/Aug/2022:17:13:33 -0500] "GET /BLA/boletinlegal/images/bg_top.jpg HTTP/1.1" 200 522
172.22.2.4 - - [14/Aug/2022:17:13:33 -0500] "GET /BLA/boletinlegal/images/menu_bg.jpg HTTP/1.1" 200 620
172.22.2.4 - - [14/Aug/2022:17:13:33 -0500] "GET /BLA/boletinlegal/images/menu_rght.gif HTTP/1.1" 200 1627
172.22.2.4 - - [14/Aug/2022:17:13:35 -0500] "GET /BLA/boletinlegal/actos.php HTTP/1.1" 200 9559
172.22.2.4 - - [14/Aug/2022:17:13:35 -0500] "GET /BLA/boletinlegal/js/ajax_actos.js HTTP/1.1" 200 1322
172.22.2.4 - - [14/Aug/2022:17:13:35 -0500] "GET /BLA/boletinlegal/niceforms.js HTTP/1.1" 200 22876
172.22.2.4 - - [14/Aug/2022:17:13:35 -0500] "GET /BLA/boletinlegal/niceforms-default.css HTTP/1.1" 200 6694
172.22.2.4 - - [14/Aug/2022:17:13:35 -0500] "GET /BLA/boletinlegal/js/lib.js HTTP/1.1" 200 6474
172.22.2.4 - - [14/Aug/2022:17:13:35 -0500] "GET /BLA/boletinlegal/js/jquery1.js HTTP/1.1" 200 29846
172.22.2.4 - - [14/Aug/2022:17:13:35 -0500] "GET /BLA/boletinlegal/js/popup.js HTTP/1.1" 200 1270
172.22.2.4 - - [14/Aug/2022:17:13:35 -0500] "GET /BLA/boletinlegal/images/green-yellow-blue-pink-th.png HTTP/1.1" 200 7394
172.22.2.4 - - [14/Aug/2022:17:13:35 -0500] "GET /BLA/boletinlegal/images/abajo.png HTTP/1.1" 200 96676
172.22.2.4 - - [14/Aug/2022:17:13:35 -0500] "GET /BLA/boletinlegal/images/tel.png HTTP/1.1" 200 14477
172.22.2.4 - - [14/Aug/2022:17:13:35 -0500] "GET /BLA/boletinlegal/images/icono-email.png HTTP/1.1" 200 5544
172.22.2.4 - - [14/Aug/2022:17:13:35 -0500] "GET /BLA/boletinlegal/images/footer_bg.jpg HTTP/1.1" 200 586
172.22.2.4 - - [14/Aug/2022:17:13:35 -0500] "GET /BLA/boletinlegal/images/footer_bg_l.jpg HTTP/1.1" 200 776
172.22.2.4 - - [14/Aug/2022:17:13:36 -0500] "GET /BLA/boletinlegal/img/0.png HTTP/1.1" 200 110
172.22.2.4 - - [14/Aug/2022:17:13:36 -0500] "GET /BLA/boletinlegal/img/select-right.png HTTP/1.1" 200 44019
172.22.2.4 - - [14/Aug/2022:17:13:36 -0500] "GET /BLA/boletinlegal/img/select-left.png HTTP/1.1" 200 263
172.22.2.4 - - [14/Aug/2022:17:13:36 -0500] "GET /BLA/boletinlegal/img/button-left.png HTTP/1.1" 200 57071
172.22.2.4 - - [14/Aug/2022:17:13:36 -0500] "GET /BLA/boletinlegal/img/button.png HTTP/1.1" 200 43241
172.22.2.4 - - [14/Aug/2022:17:13:36 -0500] "GET /BLA/boletinlegal/img/button-right.png HTTP/1.1" 200 57878
172.22.2.4 - - [14/Aug/2022:17:13:36 -0500] "GET /BLA/boletinlegal/favicon.ico HTTP/1.1" 404 1326
172.22.2.4 - - [14/Aug/2022:17:12:04 -0500] "HEAD /BLA/boletinlegal/ HTTP/1.1" 200 -
172.22.2.4 - - [14/Aug/2022:17:14:05 -0500] "GET /BLA/boletinlegal/consulta_actos.php?tipo=autos&no=0997&usuario=&sector=&fecha=2006&resuelve= HTTP/1.1" 200 626
181.53.12.167 - - [14/Aug/2022:17:14:08 -0500] "GET /BLA/resoluciones/ HTTP/1.1" 200 13093
181.53.12.167 - - [14/Aug/2022:17:14:08 -0500] "GET /BLA/resoluciones/dlf/folder.png HTTP/1.1" 200 410
181.53.12.167 - - [14/Aug/2022:17:14:09 -0500] "GET /BLA/resoluciones/dlf/bg.gif HTTP/1.1" 200 54
172.22.2.4 - - [14/Aug/2022:17:13:33 -0500] "GET /BLA/boletinlegal/ HTTP/1.1" 200 24523
181.53.12.167 - - [14/Aug/2022:17:14:33 -0500] "GET /BLA/resoluciones/index.php?dir=RESOLUCIONES+2006%2F HTTP/1.1" 200 38542
181.53.12.167 - - [14/Aug/2022:17:14:33 -0500] "GET /BLA/resoluciones/dlf/dirup.png HTTP/1.1" 200 644
181.53.12.167 - - [14/Aug/2022:17:14:33 -0500] "GET /BLA/resoluciones/dlf/pdf.gif HTTP/1.1" 200 272
181.53.12.167 - - [14/Aug/2022:17:14:33 -0500] "GET /BLA/resoluciones/dlf/unknown.png HTTP/1.1" 200 266
172.22.2.4 - - [14/Aug/2022:17:12:54 -0500] "GET /BLA/boletinlegal/ HTTP/1.1" 200 56367
201.245.192.253 - - [14/Aug/2022:17:16:46 -0500] "POST /kwsrmcab/Wsrmcab  HTTP/1.1" 200 46805
172.22.2.4 - - [14/Aug/2022:17:17:14 -0500] "GET /BLA/boletinlegal/conceptos.php HTTP/1.1" 200 7443
216.245.221.92 - - [14/Aug/2022:17:17:21 -0500] "HEAD / HTTP/1.1" 200 -
207.46.13.188 - - [14/Aug/2022:17:17:45 -0500] "GET /galeria/galeria/fotos/Humedal-la-conejera1G.jpg HTTP/1.1" 200 340987
157.55.39.98 - - [14/Aug/2022:17:17:47 -0500] "GET /sipse/faces/faces/autenticacion.xhtml HTTP/1.1" 200 12494
172.22.2.4 - - [14/Aug/2022:17:18:27 -0500] "GET /BLA/boletinlegal/consulta_actos.php?tipo=autos&no=0997&usuario=&sector=&fecha=2006&resuelve= HTTP/1.1" 200 626
172.22.2.4 - - [14/Aug/2022:17:18:30 -0500] "GET /BLA/boletinlegal/consulta_actos.php?tipo=autos&no=0997&usuario=&sector=&fecha=2006&resuelve= HTTP/1.1" 200 626
172.22.2.4 - - [14/Aug/2022:17:18:35 -0500] "GET /BLA/boletinlegal/consulta_actos.php?tipo=resoluciones&no=0997&usuario=&sector=&fecha=2006&resuelve= HTTP/1.1" 200 626
172.22.2.4 - - [14/Aug/2022:17:18:39 -0500] "GET /BLA/boletinlegal/consulta_actos.php?tipo=resoluciones&no=0997&usuario=&sector=&fecha=2006&resuelve= HTTP/1.1" 200 626
172.22.2.4 - - [14/Aug/2022:17:18:40 -0500] "GET /BLA/boletinlegal/consulta_actos.php?tipo=resoluciones&no=0997&usuario=&sector=&fecha=2006&resuelve= HTTP/1.1" 200 626
172.22.2.4 - - [14/Aug/2022:17:18:40 -0500] "GET /BLA/boletinlegal/consulta_actos.php?tipo=resoluciones&no=0997&usuario=&sector=&fecha=2006&resuelve= HTTP/1.1" 200 626
181.53.12.167 - - [14/Aug/2022:17:18:44 -0500] "GET /BLA/resoluciones/ HTTP/1.1" 200 13093
181.53.12.167 - - [14/Aug/2022:17:18:49 -0500] "GET /BLA/resoluciones/index.php?dir=RESOLUCIONES+2006%2F HTTP/1.1" 200 38542
66.220.149.18 - - [14/Aug/2022:17:19:13 -0500] "GET /mas-de-70-animales-silvestres-regresaron-a-la-libertad-en-el-humedal-juan-amarillo.html HTTP/1.1" 206 958
66.220.149.9 - - [14/Aug/2022:17:19:13 -0500] "GET /mas-de-70-animales-silvestres-regresaron-a-la-libertad-en-el-humedal-juan-amarillo.html HTTP/1.1" 206 958
66.220.149.4 - - [14/Aug/2022:17:19:14 -0500] "GET /images/liberacion-aves-10-marzo.jpg HTTP/1.1" 200 55386
172.22.2.4 - - [14/Aug/2022:17:19:27 -0500] "GET /BLA/boletinlegal/actos.php HTTP/1.1" 200 9559
172.22.2.4 - - [14/Aug/2022:17:17:54 -0500] "HEAD /BLA/boletinlegal/ HTTP/1.1" 200 -
172.22.2.4 - - [14/Aug/2022:17:19:54 -0500] "GET /BLA/boletinlegal/consulta_actos.php?tipo=resoluciones&no=0997&usuario=&sector=&fecha=2006&resuelve= HTTP/1.1" 200 626
181.53.12.167 - - [14/Aug/2022:17:20:11 -0500] "GET /BLA/resoluciones/ HTTP/1.1" 200 13093
181.53.12.167 - - [14/Aug/2022:17:20:17 -0500] "GET /BLA/resoluciones/index.php?dir=RESOLUCIONES+2006%2F HTTP/1.1" 200 38542
172.22.2.4 - - [14/Aug/2022:17:18:45 -0500] "GET /BLA/boletinlegal/ HTTP/1.1" 200 58566
201.245.192.253 - - [14/Aug/2022:17:20:25 -0500] "POST /kwsrmcab/Wsrmcab HTTP/1.1" 200 47243
201.245.192.253 - - [14/Aug/2022:17:20:29 -0500] "POST /kwsrmcab/Wsrmcab HTTP/1.1" 200 48462
172.22.2.4 - - [14/Aug/2022:17:21:04 -0500] "GET /BLA/boletinlegal/Circulares/2012/Circular%20No.%207%20del%2008%20de%20Agosto%20de%202012.pdf HTTP/1.1" 200 972955
173.252.83.3 - - [14/Aug/2022:17:21:27 -0500] "GET /images/mujeres-cultura-31.jpg HTTP/1.1" 200 33736
201.245.192.253 - - [14/Aug/2022:17:21:46 -0500] "POST /kwsrmcab/Wsrmcab  HTTP/1.1" 200 46805
216.245.221.92 - - [14/Aug/2022:17:22:20 -0500] "HEAD / HTTP/1.1" 200 -
172.22.2.4 - - [14/Aug/2022:17:22:28 -0500] "GET /BLA/boletinlegal/Circulares/2012/Circular%20No.%201%20del%2017%20de%20Enero%20de%202012.pdf HTTP/1.1" 200 1118749
172.22.2.4 - - [14/Aug/2022:17:22:03 -0500] "GET /BLA/boletinlegal/ HTTP/1.1" 200 32715
172.22.2.4 - - [14/Aug/2022:17:23:21 -0500] "GET /BLA/boletinlegal/actos.php HTTP/1.1" 200 9559
172.22.2.4 - - [14/Aug/2022:17:23:44 -0500] "GET /BLA/boletinlegal/style.css HTTP/1.1" 200 9406
172.22.2.4 - - [14/Aug/2022:17:23:44 -0500] "GET /BLA/boletinlegal/styles2.css HTTP/1.1" 200 1838
172.22.2.4 - - [14/Aug/2022:17:23:44 -0500] "GET /BLA/boletinlegal/js/jquery.scrollTo-min.js HTTP/1.1" 200 1150
172.22.2.4 - - [14/Aug/2022:17:23:44 -0500] "GET /BLA/boletinlegal/js/jquery.js HTTP/1.1" 200 57254
172.22.2.4 - - [14/Aug/2022:17:23:44 -0500] "GET /BLA/boletinlegal/js/jquery.scrollShow.js HTTP/1.1" 200 4586
172.22.2.4 - - [14/Aug/2022:17:23:44 -0500] "GET /BLA/boletinlegal/images/cabezote%20BLEGAL.jpg HTTP/1.1" 200 118164
172.22.2.4 - - [14/Aug/2022:17:23:44 -0500] "GET /BLA/boletinlegal/images/subscribe-icon-big.png HTTP/1.1" 200 47702
172.22.2.4 - - [14/Aug/2022:17:23:44 -0500] "GET /BLA/boletinlegal/images/historia.png HTTP/1.1" 200 52775
172.22.2.4 - - [14/Aug/2022:17:23:44 -0500] "GET /BLA/boletinlegal/images/registro-usuarios.png HTTP/1.1" 200 8106
172.22.2.4 - - [14/Aug/2022:17:23:44 -0500] "GET /BLA/boletinlegal/images/arr_l.jpg HTTP/1.1" 200 1979
172.22.2.4 - - [14/Aug/2022:17:23:44 -0500] "GET /BLA/boletinlegal/images/screen_1.png HTTP/1.1" 200 202547
172.22.2.4 - - [14/Aug/2022:17:23:44 -0500] "GET /BLA/boletinlegal/images/launch.jpg HTTP/1.1" 200 14577
172.22.2.4 - - [14/Aug/2022:17:23:44 -0500] "GET /BLA/boletinlegal/images/body_bg.jpg HTTP/1.1" 200 1601
172.22.2.4 - - [14/Aug/2022:17:23:44 -0500] "GET /BLA/boletinlegal/images/menu_rght.gif HTTP/1.1" 200 1627
172.22.2.4 - - [14/Aug/2022:17:23:44 -0500] "GET /BLA/boletinlegal/images/menu_lft.gif HTTP/1.1" 200 1713
172.22.2.4 - - [14/Aug/2022:17:23:44 -0500] "GET /BLA/boletinlegal/images/bg_top.jpg HTTP/1.1" 200 522
172.22.2.4 - - [14/Aug/2022:17:23:44 -0500] "GET /BLA/boletinlegal/images/menu_bg.jpg HTTP/1.1" 200 620
172.22.2.4 - - [14/Aug/2022:17:23:44 -0500] "GET /BLA/boletinlegal/images/hover.jpg HTTP/1.1" 200 640
172.22.2.4 - - [14/Aug/2022:17:23:44 -0500] "GET /BLA/boletinlegal/images/text.jpg HTTP/1.1" 200 568
172.22.2.4 - - [14/Aug/2022:17:23:46 -0500] "GET /BLA/boletinlegal/actos.php HTTP/1.1" 200 9559
172.22.2.4 - - [14/Aug/2022:17:23:46 -0500] "GET /BLA/boletinlegal/js/ajax_actos.js HTTP/1.1" 200 1322
172.22.2.4 - - [14/Aug/2022:17:23:46 -0500] "GET /BLA/boletinlegal/js/lib.js HTTP/1.1" 200 6474
172.22.2.4 - - [14/Aug/2022:17:23:46 -0500] "GET /BLA/boletinlegal/niceforms.js HTTP/1.1" 200 22876
172.22.2.4 - - [14/Aug/2022:17:23:46 -0500] "GET /BLA/boletinlegal/niceforms-default.css HTTP/1.1" 200 6694
172.22.2.4 - - [14/Aug/2022:17:23:46 -0500] "GET /BLA/boletinlegal/js/popup.js HTTP/1.1" 200 1270
172.22.2.4 - - [14/Aug/2022:17:23:46 -0500] "GET /BLA/boletinlegal/js/jquery1.js HTTP/1.1" 200 29846
172.22.2.4 - - [14/Aug/2022:17:23:46 -0500] "GET /BLA/boletinlegal/images/green-yellow-blue-pink-th.png HTTP/1.1" 200 7394
172.22.2.4 - - [14/Aug/2022:17:23:46 -0500] "GET /BLA/boletinlegal/images/abajo.png HTTP/1.1" 200 96676
172.22.2.4 - - [14/Aug/2022:17:23:46 -0500] "GET /BLA/boletinlegal/images/tel.png HTTP/1.1" 200 14477
172.22.2.4 - - [14/Aug/2022:17:23:46 -0500] "GET /BLA/boletinlegal/images/icono-email.png HTTP/1.1" 200 5544
172.22.2.4 - - [14/Aug/2022:17:23:46 -0500] "GET /BLA/boletinlegal/images/footer_bg.jpg HTTP/1.1" 200 586
172.22.2.4 - - [14/Aug/2022:17:23:46 -0500] "GET /BLA/boletinlegal/images/footer_bg_l.jpg HTTP/1.1" 200 776
172.22.2.4 - - [14/Aug/2022:17:23:46 -0500] "GET /BLA/boletinlegal/img/0.png HTTP/1.1" 200 110
172.22.2.4 - - [14/Aug/2022:17:23:46 -0500] "GET /BLA/boletinlegal/img/select-left.png HTTP/1.1" 200 263
172.22.2.4 - - [14/Aug/2022:17:23:46 -0500] "GET /BLA/boletinlegal/img/select-right.png HTTP/1.1" 200 44019
172.22.2.4 - - [14/Aug/2022:17:23:46 -0500] "GET /BLA/boletinlegal/img/button-left.png HTTP/1.1" 200 57071
172.22.2.4 - - [14/Aug/2022:17:23:46 -0500] "GET /BLA/boletinlegal/img/button.png HTTP/1.1" 200 43241
172.22.2.4 - - [14/Aug/2022:17:23:46 -0500] "GET /BLA/boletinlegal/img/button-right.png HTTP/1.1" 200 57878
172.22.2.4 - - [14/Aug/2022:17:23:46 -0500] "GET /BLA/boletinlegal/favicon.ico HTTP/1.1" 404 1326
186.154.58.195 - - [14/Aug/2022:17:23:47 -0500] "GET /BLA/resoluciones/ HTTP/1.1" 200 13093
186.154.58.195 - - [14/Aug/2022:17:23:47 -0500] "GET /BLA/resoluciones/dlf/folder.png HTTP/1.1" 200 410
186.154.58.195 - - [14/Aug/2022:17:23:47 -0500] "GET /BLA/resoluciones/dlf/styles.css HTTP/1.1" 200 3049
186.154.58.195 - - [14/Aug/2022:17:23:47 -0500] "GET /BLA/resoluciones/dlf/bg.gif HTTP/1.1" 200 54
172.22.2.4 - - [14/Aug/2022:17:23:49 -0500] "GET /BLA/boletinlegal/consulta_actos.php?tipo=resoluciones&no=0997&usuario=&sector=&fecha=2006&resuelve= HTTP/1.1" 200 626
181.53.12.167 - - [14/Aug/2022:17:23:52 -0500] "GET /BLA/resoluciones/ HTTP/1.1" 200 13093
186.154.58.195 - - [14/Aug/2022:17:23:56 -0500] "GET /BLA/resoluciones/dlf/dirup.png HTTP/1.1" 200 644
186.154.58.195 - - [14/Aug/2022:17:23:56 -0500] "GET /BLA/resoluciones/dlf/pdf.gif HTTP/1.1" 200 272
186.154.58.195 - - [14/Aug/2022:17:23:56 -0500] "GET /BLA/resoluciones/index.php?dir=RESOLUCIONES+2017%2F HTTP/1.1" 200 282236
186.154.58.195 - - [14/Aug/2022:17:24:02 -0500] "GET /BLA/resoluciones/RESOLUCIONES%202017/2536.pdf HTTP/1.1" 200 637212
172.22.2.4 - - [14/Aug/2022:17:24:17 -0500] "GET /BLA/boletinlegal/doctrina.php HTTP/1.1" 200 5604
181.53.12.167 - - [14/Aug/2022:17:24:23 -0500] "GET /BLA/resoluciones/index.php?dir=RESOLUCIONES+2006%2F HTTP/1.1" 200 38542
172.22.2.4 - - [14/Aug/2022:17:23:44 -0500] "GET /BLA/boletinlegal/ HTTP/1.1" 200 24523
172.22.2.4 - - [14/Aug/2022:17:25:05 -0500] "GET /BLA/boletinlegal/jurisprudencia/analisis/analisis%20C-595-2010.doc HTTP/1.1" 200 39424
172.22.2.4 - - [14/Aug/2022:17:23:44 -0500] "HEAD /BLA/boletinlegal/ HTTP/1.1" 200 -
172.22.2.4 - - [14/Aug/2022:17:25:54 -0500] "GET /BLA/boletinlegal/owa/auth/x.js HTTP/1.1" 404 1018
181.53.12.167 - - [14/Aug/2022:17:26:05 -0500] "GET /BLA/resoluciones/index.php?dir=RESOLUCIONES+2006%2FRES+2006+951-1000%2F HTTP/1.1" 200 12308
172.22.2.4 - - [14/Aug/2022:17:24:34 -0500] "GET /BLA/boletinlegal/ HTTP/1.1" 200 56367
181.53.12.167 - - [14/Aug/2022:17:26:16 -0500] "GET /BLA/resoluciones/RESOLUCIONES%202006/RES%202006%20951-1000/00000959.tif HTTP/1.1" 200 245494
181.53.12.167 - - [14/Aug/2022:17:26:16 -0500] "GET /BLA/resoluciones/RESOLUCIONES%202006/RES%202006%20951-1000/00000959.tif HTTP/1.1" 206 1
181.53.12.167 - - [14/Aug/2022:17:26:16 -0500] "GET /BLA/resoluciones/RESOLUCIONES%202006/RES%202006%20951-1000/00000959.tif HTTP/1.1" 206 242841
181.53.12.167 - - [14/Aug/2022:17:26:47 -0500] "GET /BLA/resoluciones/ HTTP/1.1" 200 13093
201.245.192.253 - - [14/Aug/2022:17:26:44 -0500] "POST /kwsrmcab/Wsrmcab  HTTP/1.1" 200 46805
172.22.2.4 - - [14/Aug/2022:17:26:48 -0500] "GET /BLA/boletinlegal/owa/auth/logon.aspx HTTP/1.1" 404 1018
181.53.12.167 - - [14/Aug/2022:17:26:59 -0500] "GET /BLA/resoluciones/index.php?dir=RESOLUCIONES+2006%2F HTTP/1.1" 200 12235
181.53.12.167 - - [14/Aug/2022:17:26:59 -0500] "GET /BLA/resoluciones/index.php?dir=RESOLUCIONES+2006%2F HTTP/1.1" 200 38542
172.22.2.4 - - [14/Aug/2022:17:27:02 -0500] "GET /BLA/boletinlegal/Circulares/2022/CIRCULAR%20No.%2000004%20DEL%2019%20DE%20MAYO%20DEL%202022.pdf HTTP/1.1" 200 252981
181.53.12.167 - - [14/Aug/2022:17:27:04 -0500] "GET /BLA/resoluciones/index.php?dir=RESOLUCIONES+2006%2FRES+2006+951-1000%2F HTTP/1.1" 200 12308
216.245.221.92 - - [14/Aug/2022:17:27:20 -0500] "HEAD / HTTP/1.1" 200 -
181.53.12.167 - - [14/Aug/2022:17:27:22 -0500] "GET /BLA/resoluciones/RESOLUCIONES%202006/RES%202006%20951-1000/00000997.tif HTTP/1.1" 200 119484
172.22.2.4 - - [14/Aug/2022:17:27:46 -0500] "GET /BLA/boletinlegal/ecp/Current/exporttool/microsoft.exchange.ediscovery.exporttool.application HTTP/1.1" 404 1018
186.102.3.148 - - [14/Aug/2022:17:28:12 -0500] "GET /kwssiamovil/sm/acme/a?s=U2FsdGVkX1/2+FRWuyDzpoYrFWJJTVBEcCIJU6/K+/3GfntvjAC0ib/oYQ3aiD/7O+Yp6ncykgeIMleHuDMHpBTW0TYwOboPm4oZKTJSvbdjlsRoJMNJ/j16DyufiavqsWf3VjeA1pP8zzUzpP0jk9igDf5H/T6xCDSzSpcddHyBeulZPWY5zN/Wfm3sky3sx3ha4PLDerimN4R2jaoWyJujYg1ZpAJpwRxr+dqqg3d3NOUrmCbHmvlHeMurNYuUTxFlyTG7Vq0c5zdgrG3hrA==&u=U2FsdGVkX19ACjcF8rAb03QcpJ8J3IFyQie7LF5irtKFtfVlJnwx4jccFhfvs2PF&y=U2FsdGVkX1/KLSGYXYSPgAKmtsvjJ3yU1pBr5T1SLrlMaNOa/OIm8f2xYulPaAJr HTTP/1.1" 200 25
186.102.3.148 - - [14/Aug/2022:17:28:12 -0500] "GET /kwssiamovil/sm/acme/a?s=U2FsdGVkX1/VYkjYGrCx9Uaf/qN2AS0QFTDuyykT2f8yStRgd9voUqLp9hglOd0p7KDiwSRR7Ox2ume4m7aBEUh9xjKuLpCus6b1L7B3gonRAfmYwi5ojGyJDNmCh8RCu3Up37M2g8hQLy/nMQYda2MuGfgbT/8blfclYlwAys4r9Au9bDkkDF7jHU7cscNITmTIG35YqS31kcoej/PfbT8uPjnzgiptDsO/BPdOL/ThDlJxrXas4AlktVKOASSCNDe9DklfZF8Iff04c7U/wMZUDUDp5GiBUxX7Y94/TioU5H89rZ7GBmSnvkmYRkQ6vnZBbyBr5LUD4wpMMKCl6KLoFg/XBbq5XrRywTR0rSvx3EX8I+s4hBbsrBskhHINLqSmIRQg7PEnBcZZ2LWo5rdJuESfaf9zQKYcqqufbS/YkdybQXHcZdxFp5IgfoXu2yIHw/v1+QEb8/d5meAd0Kupi/5ZpdKXuOXMbGwifCbfAKfGTRIQNDkBmhIj5uXwRQjhblM0lusUSK2VQKs1IZjfNQ5B79c8zo4smdJM3VAG6cFU/BBJnvDbNows3wOhkyZBzrf0eKNNC26G+vJc4CbhtLd3KwH4NZSvoehj4wG/HEjTQRb1EvT8GiWcCF4KtCwBoqzmKaqaplhC9uV0V6bS8SO/xVb8shw979f9Aqm4P5lwtIuyRDwFn76FWNIBzWwe3oViXytOv2+NQuAEdC4XvbLJQ8JYf42navwmuXtZSd7KuPqv1L7gqBDDOUhM523JIKrTEXpcB7UjpawIAhYII+aXe9v7Tms5A9N7cs+pl3YPEPzOjeCWetQ7lKC1EpD9r9cQxu90hxTls8cASJA+UfMJvO6jwMB2/WlJiCbrSBsIi2ex6jTYUIkRjcwyikVbxcTImUMrS7Bs4cCjEyNC6hcdG0XF4V1RvTXwfB440CPEroYR29cgL5JJ6pBD0a/kFfoQwYK/y1pNhuRwMBvp1nFUyAFmuWJhDa2crdJEmAMiAMkEMUPDMcyxNSPAyp/WVqgSirkWsQqr0OwK8nOtSSiyEJPVIl4HDI8CsaTIN/Mh+cKGJ3RLJFtP7WjWHSL0yujG2DCuGeVuUUGhaPDCHv51hti0K33xbVYl5AdKf6s1WodQs2l9ulrQUtZOAgbY8rBTcIRK6De7VA2ReaXC55PODySIzKMYcZmPCAx7WYTYRDcvKywp3jca8XO13rc0+ycQMBu1Ddc4MV12DEW51Cu3ZK5Xa/+FOOeopXAZvb/ROJmMuK7D8uMpGtvYJ8wc1nazOtHIZOusSatRsQNbsIqiKTa63XUIRvMJNUGcPqnLzKWuOcezE+MgfKJJmwCT94sPsOPh84ezZ4pcYESkENXxq4edYJr6IjNaN0Y/383R5olJuIqdVPQOP8fQkng8t9hleZuRpy46C2tRREX+1+yoB7fbUgEZy9Trtivxe7/CQIOlLKHLmH6L8/iakdlCsoFmJ2qGC/Ac5NhVkte+YdDCPc4KMseJgc5sMb4WrM8U9PY4RyPLFbVVydh3Z326Nbm7hF05y8eqZviA+emWPX72o17BrYofG5tWmhPUeVk0XFUeIN0yxWupuF0ixwpK3kNVcWCB+0gtbr4aal94TaoV4FBsC8k6JHKx0sNVtxwA56VNBzQsqga8da9Ab9y5p9bNHZcYWJ9f2sXM+xPHJP4pdD1kl+CpgLvsgpIub4SEeF+bEtY0mY0t1kVhXo7mKaQ4BURvY9tYiIElXL7zuMrl/aSS38iABOHyANBzhDr+0595FUUnFu1qIOSYKcp5CbUMYilY3VH85DzO4Y2x4JeMkouzQ8pYdSuG02LHn/Ng5sy+OoWfWinBQy39WS9qDy9fowBsLnAlDd4LD8xzsZjqP/ybqlsy92qohy5tiAvdJKiSwNALkJzYJjf793Cokg6alw+5SXvQTpKEI+ieqLpMVPs9kXYIJlXp+iZIizMPQFPTAfHALxmap1K7zW8xEizDPJahbt2PQN3J4zYctIWYgFaKdZLpHGcWv9nZNzDuWBFtFBE8clTbHZt+LeTRlCEeoXE5T2dl/XEPiw==&u=U2FsdGVkX19ACjcF8rAb03QcpJ8J3IFyQie7LF5irtKFtfVlJnwx4jccFhfvs2PF&y=U2FsdGVkX1/KLSGYXYSPgAKmtsvjJ3yU1pBr5T1SLrlMaNOa/OIm8f2xYulPaAJr HTTP/1.1" 200 25
186.102.3.148 - - [14/Aug/2022:17:28:12 -0500] "GET /kwssiamovil/sm/acme/a?s=U2FsdGVkX1/+0ZSVwUYLKpcLjeGVD23r4X9H9cufiNbxbY8KJchnh6CQEjikK9Y5caQLLcQV55zuMbN6XtWjLQ8mUZOkWEW6R5jbTLhgP/2fkiwjiVqgHdcwOGGeoMv6J0O9jWZ/IsSHK/XGtZJJO2i1ZTPQryl+Zm+y4dxsAos=&u=U2FsdGVkX19ACjcF8rAb03QcpJ8J3IFyQie7LF5irtKFtfVlJnwx4jccFhfvs2PF&y=U2FsdGVkX1/KLSGYXYSPgAKmtsvjJ3yU1pBr5T1SLrlMaNOa/OIm8f2xYulPaAJr HTTP/1.1" 200 25
186.102.3.148 - - [14/Aug/2022:17:28:12 -0500] "GET /kwssiamovil/sm/acme/a?s=U2FsdGVkX19GPZ73ytGoj7x4ldn6lK6I5MDJ7Gu41+IPq1qz72P6jfsHxCoMUHK7xfZwXXzZvVNMFe6uTxKzRmuK2iU1x1/+gf6AtxUlDhIrF/VGUqKh4CWPm0EFbEeAcE0fQV5e+pKJIIyf95iDlPSlNpKZUHt/VatQpLqo3/Q=&u=U2FsdGVkX19ACjcF8rAb03QcpJ8J3IFyQie7LF5irtKFtfVlJnwx4jccFhfvs2PF&y=U2FsdGVkX1/KLSGYXYSPgAKmtsvjJ3yU1pBr5T1SLrlMaNOa/OIm8f2xYulPaAJr HTTP/1.1" 200 25
186.102.3.148 - - [14/Aug/2022:17:28:13 -0500] "GET /kwssiamovil/sm/acme/a?s=U2FsdGVkX1/eIcFaNIkKjWEHduwkOJZQSxSgOQCnPHF9DFumOxFvzi/G3mhupHcA1vDWoS0tQYI/UG0ejUh7ymiSJFY7b+Qls1QhvpLy/jJkQabGqT/vUdTdGkLNFfrRcUgoNQ1+77NWFoqTaeqPVCmlYV9Vsk7W3HoHyU6hDuU=&u=U2FsdGVkX19ACjcF8rAb03QcpJ8J3IFyQie7LF5irtKFtfVlJnwx4jccFhfvs2PF&y=U2FsdGVkX1/KLSGYXYSPgAKmtsvjJ3yU1pBr5T1SLrlMaNOa/OIm8f2xYulPaAJr HTTP/1.1" 200 25
186.102.3.148 - - [14/Aug/2022:17:28:13 -0500] "GET /kwssiamovil/sm/acme/a?s=U2FsdGVkX19j9FqGaqewb1jUOFTigJocKpVhJ0+dutg6nYcqzvSH+AfGU6/kbRkO0gPule2MDmHu/+298aNeOWWgIqTNu6oeJd73kSPIX8ns5LIvwgcnCE1g+9Bx8c7oWUHTUXnv7MjIwvfRE5NdsYTqIH791FU96xenACc43CdZvHDRdbNFYqHJ7lM5Ptht&u=U2FsdGVkX19ACjcF8rAb03QcpJ8J3IFyQie7LF5irtKFtfVlJnwx4jccFhfvs2PF&y=U2FsdGVkX1/KLSGYXYSPgAKmtsvjJ3yU1pBr5T1SLrlMaNOa/OIm8f2xYulPaAJr HTTP/1.1" 200 25
173.252.107.117 - - [14/Aug/2022:17:28:13 -0500] "GET /distrito-entrego-certificado-de-reconocimiento-a-mas-de-600-mujeres-que-reverdecen-tras-seis-meses-de-formacion-teorica-y-practica.html HTTP/1.1" 206 1113
40.77.167.31 - - [14/Aug/2022:17:28:15 -0500] "GET /sipse/faces/javax.faces.resource/primefaces.js;jsessionid=sxhmvo5oosnfgdttz-e7xvrw.undefined?ln=primefaces&amp;v=4.0 HTTP/1.1" 200 276924
186.102.3.148 - - [14/Aug/2022:17:28:21 -0500] "GET /kwssiamovil/sm/acme/u?s=U2FsdGVkX19W4/Qxs3NftABrvgU98piM7y4r+uA5Ry36d+2Fhr1gl7SuIomfafi5p4h842O+XwXLM3KHC7Y4GfPioukMAFW0YEJDwxDLC0ZzGpoCTTyb0t+10oPP2rsYsGVUIsn+FRTWUYMV/ZIhsw==&u=U2FsdGVkX19ACjcF8rAb03QcpJ8J3IFyQie7LF5irtKFtfVlJnwx4jccFhfvs2PF&y=U2FsdGVkX1/KLSGYXYSPgAKmtsvjJ3yU1pBr5T1SLrlMaNOa/OIm8f2xYulPaAJr HTTP/1.1" 200 60
201.245.192.253 - - [14/Aug/2022:17:30:25 -0500] "POST /kwsrmcab/Wsrmcab HTTP/1.1" 200 47243
201.245.192.253 - - [14/Aug/2022:17:30:29 -0500] "POST /kwsrmcab/Wsrmcab HTTP/1.1" 200 48462
172.22.2.4 - - [14/Aug/2022:17:29:34 -0500] "HEAD /BLA/boletinlegal/ HTTP/1.1" 200 -
207.46.13.20 - - [14/Aug/2022:17:31:26 -0500] "GET /galeria/nivo-slider/demo/convocatorias.html? HTTP/1.1" 200 3464
201.245.192.253 - - [14/Aug/2022:17:31:44 -0500] "POST /kwsrmcab/Wsrmcab  HTTP/1.1" 200 46805
172.22.2.4 - - [14/Aug/2022:17:30:24 -0500] "GET /BLA/boletinlegal/ HTTP/1.1" 200 60272
216.245.221.92 - - [14/Aug/2022:17:32:20 -0500] "HEAD / HTTP/1.1" 200 -
172.22.2.4 - - [14/Aug/2022:17:33:43 -0500] "GET /BLA/boletinlegal/robots.txt HTTP/1.1" 404 1140
186.102.3.148 - - [14/Aug/2022:17:34:03 -0500] "GET /kwssiamovil/sm/ldap/au?x=U2FsdGVkX19bvMDiu0hNlqNwL3IcJdh8dQrbTq4xJsW8Mix3fDLkatzOQcVl2nwo&y=U2FsdGVkX18+sZCafurnZEf4noRGqjjPQzLvSwbe7IaOfDSqmAVajnX18MPWuglm HTTP/1.1" 200 30
186.102.3.148 - - [14/Aug/2022:17:34:03 -0500] "GET /kwssiamovil/sm/acme/s?s=U2FsdGVkX1+C1eWuSEkz5cWdZX4DzBDQ5KBMOTepe7vT836mEp6OxjPedYhQVS/mLcdWxBRBai8I4zKIwwJ7ii4eR7936C/gGmPnLLVeMvM=&u=U2FsdGVkX19OSfEgHRebXEo8lHb9rwomkeY5GReoqM51Ius+YECOMyg7C15SkgAE&y=U2FsdGVkX18+sZCafurnZEf4noRGqjjPQzLvSwbe7IaOfDSqmAVajnX18MPWuglm HTTP/1.1" 200 97
186.102.3.148 - - [14/Aug/2022:17:34:04 -0500] "GET /kwssiamovil/sm/acme/s?s=U2FsdGVkX1+idtxQFzegrKuNJRM9bJoU0mjH1EqB/FNZZDSBgO/RUOxJT8Ct/6NrrN64IRISGiYOLpOpvUz5mDWZFow4tGBl7WMlgxcKsAWfORCPqNogUKb3uzfLiIimzUKA76CnTp1fOP0TdKALnPec2RBm5Xu4bMAC49Ud7j7HmHiP/d/Du5i/dJErGXTXMsxFppke7ixlA2I/TVd3+PfkmKNDJTj6SKj+kBcCmVcLxWAp1lS8FUoT3P2aQ69uFVIRPmdhBCgV+b3C16kDzxYChkkLyW52WhyxFd3jXpgEr+eP+WXR1jURnrFYWvyJX7NdRbgPZscnU/NU/lLOazpxCUQ78OFmO4sT+Tj1FNbhpWbWI9rJf9E+bPoXfbDaNRaD67kllyNqXSlCaSXWFd4EXqojVi6szmM2G8BdX+ub0Uwho8ibYtBsAORrTxYYO6Q2BJMQ8OpfCvbSXVmy5515jqdoOFq7RXWyyvOH0IgS/0Ho4jRBW4HZJwLYxSICT1b/eu2KK1T0rntcnTU52p9RtxhZrhM5mLwEslFTX4m0fG6RxD/YacG4OAw3EUKLlammRZKZFBtSnFReN1lJs0rBy/P5M07ZMWBquPT9SbrJBl/ke7bEtrjOAoALMoAkeNBGMrLpXGvmyAET3er0XEuPW0t8pkOgKpnTLz0AGujTIyhLM+RwJjoi8Vq5OFJj2f4lkL1cjVDR5ew9BIjIy7DOuHGmbN6oHyXXyRF3MOy20cS1AcieJjjvKlVAKTaJW9UK9We4T7J5iG2VDJ14hCsaKdAZUlmWlrtQJ47BG1X157IUVIrgfTqUsxddrSjRkv1AAQC+F1Bgyz4S3YEtRAN3gv0MvRuL+stBH5P+R8LRNhWgKPm9B3AG17f4B/dfRqv/2H92jcMragh07XoCrzQi0QF8CJW0u88gmEIH9eAMk2/yzlSuMvkFH5tXpeEOJzo+OYgFVnnWbhuv1QIsUZvENlZQ5YoDqaoe8ZJjXIE2FVpu2mTHGUb4M33frISpeBSBYxf+dnbDAVepvvWzXMb6F2Mw+pPAyRVnRdH2OvnbSDxglp47XXaz4bnZgkX6PzNkkYjmBdaU6Gb69PzIaZHRYu/ci0RECIb4M05Zpha07g0L+tvVkDjzJ4ZBM9Tf889V6N6Cel+V5HBet3F+N+Iu+ML8uHlAnDZXWfiAGqFges2NYhX9Vvxrh/OYF0iJFR1Q21mmqZnMz+fLQ+o7oKqEZ5luFiHaSAPIbdrtWYIpKEs426aAltAiSNn/uw4SJv6aNhwKyYhNcvlhpOg7VEAXo/57glAcdDEVQtU4jlTFrqfOlSDDwf+6odNcNkjyoS9P2e4jSkpvGyBavqqMkS14ehbLZHMql5+c0QlAex8=&u=U2FsdGVkX19OSfEgHRebXEo8lHb9rwomkeY5GReoqM51Ius+YECOMyg7C15SkgAE&y=U2FsdGVkX18+sZCafurnZEf4noRGqjjPQzLvSwbe7IaOfDSqmAVajnX18MPWuglm HTTP/1.1" 200 1713
186.102.3.148 - - [14/Aug/2022:17:34:04 -0500] "GET /kwssiamovil/sm/acme/s?s=U2FsdGVkX19bd6WEpYy5W5hhoziboRCSpvbxLhkplNtN3+5sNtM+u97H/AN7o2Vm8dG2H1K8oyFuFdw4ClAAjqE/TnIy/N998qwDeTFv5ZpoYiGRV81pOgupkD9rcaCpGKPyz56YHjq1tIi1z54G+STqAbA08drfjqWshz7aTRCfZkPAtGZaZHWVomZvyK9zBDVWp5zZQuYohCTg+WzFGj0AoHi5y6xQMZjiCx+cnz/U9EDgW41erM3f+zoOKvEJNx4DKLpqSA707IepFcs2QXnsBbRcFpOXV438AG/YD3U=&u=U2FsdGVkX19OSfEgHRebXEo8lHb9rwomkeY5GReoqM51Ius+YECOMyg7C15SkgAE&y=U2FsdGVkX18+sZCafurnZEf4noRGqjjPQzLvSwbe7IaOfDSqmAVajnX18MPWuglm HTTP/1.1" 200 176
186.102.3.148 - - [14/Aug/2022:17:34:04 -0500] "GET /kwssiamovil/sm/cjson/pre?f=1&x=U2FsdGVkX19bvMDiu0hNlqNwL3IcJdh8dQrbTq4xJsW8Mix3fDLkatzOQcVl2nwo HTTP/1.1" 200 30992
173.252.107.4 - - [14/Aug/2022:17:34:38 -0500] "GET /images/jardines-verticales-plantas-24-mayo.jpg HTTP/1.1" 200 148288
69.171.251.17 - - [14/Aug/2022:17:34:39 -0500] "GET /images/jardines-verticales-plantas-24-mayo.jpg HTTP/1.1" 200 148288
172.22.2.4 - - [14/Aug/2022:17:35:49 -0500] "GET /BLA/boletinlegal/js/jquery.scrollTo-min.js HTTP/1.1" 200 1150
172.22.2.4 - - [14/Aug/2022:17:35:49 -0500] "GET /BLA/boletinlegal/js/jquery.js HTTP/1.1" 200 57254
172.22.2.4 - - [14/Aug/2022:17:35:49 -0500] "GET /BLA/boletinlegal/js/jquery.scrollShow.js HTTP/1.1" 200 4586
172.22.2.4 - - [14/Aug/2022:17:35:49 -0500] "GET /BLA/boletinlegal/images/arr_l.jpg HTTP/1.1" 200 1979
172.22.2.4 - - [14/Aug/2022:17:35:49 -0500] "GET /BLA/boletinlegal/images/screen_1.png HTTP/1.1" 200 202547
172.22.2.4 - - [14/Aug/2022:17:35:49 -0500] "GET /BLA/boletinlegal/images/launch.jpg HTTP/1.1" 200 14577
172.22.2.4 - - [14/Aug/2022:17:35:52 -0500] "GET /BLA/boletinlegal/actos.php HTTP/1.1" 200 9559
186.154.121.188 - - [14/Aug/2022:17:35:54 -0500] "GET /BLA/resoluciones/ HTTP/1.1" 200 13093
172.22.2.4 - - [14/Aug/2022:17:35:56 -0500] "GET /BLA/boletinlegal/images/screen_2.png HTTP/1.1" 200 362502
172.22.2.4 - - [14/Aug/2022:17:35:56 -0500] "GET /BLA/boletinlegal/images/screen_3.png HTTP/1.1" 200 210620
172.22.2.4 - - [14/Aug/2022:17:35:56 -0500] "GET /BLA/boletinlegal/images/screen_5.png HTTP/1.1" 200 368876
172.22.2.4 - - [14/Aug/2022:17:35:56 -0500] "GET /BLA/boletinlegal/images/arr_r.jpg HTTP/1.1" 200 1998
186.154.121.188 - - [14/Aug/2022:17:35:57 -0500] "GET /BLA/resoluciones/index.php?dir=AUTOS+2022%2F HTTP/1.1" 200 205703
172.22.2.4 - - [14/Aug/2022:17:36:05 -0500] "GET /BLA/boletinlegal/images/pdf.gif HTTP/1.1" 200 567
186.154.121.188 - - [14/Aug/2022:17:36:07 -0500] "GET /BLA/resoluciones/AUTOS%202022/4064.pdf HTTP/1.1" 200 356129
201.245.192.253 - - [14/Aug/2022:17:36:43 -0500] "POST /kwsrmcab/Wsrmcab  HTTP/1.1" 200 46805
172.22.2.4 - - [14/Aug/2022:17:35:24 -0500] "HEAD /BLA/boletinlegal/ HTTP/1.1" 200 -
216.245.221.92 - - [14/Aug/2022:17:37:20 -0500] "HEAD / HTTP/1.1" 200 -
172.22.2.4 - - [14/Aug/2022:17:35:48 -0500] "GET /BLA/boletinlegal/ HTTP/1.1" 200 50386
186.154.58.195 - - [14/Aug/2022:17:37:41 -0500] "GET /BLA/resoluciones/index.php?dir=RESOLUCIONES+2021%2F HTTP/1.1" 200 410384
186.154.58.195 - - [14/Aug/2022:17:37:43 -0500] "GET /BLA/resoluciones/RESOLUCIONES%202021/0317.pdf HTTP/1.1" 200 606932
157.55.39.145 - - [14/Aug/2022:17:37:47 -0500] "GET / HTTP/1.1" 200 4720
172.22.2.4 - - [14/Aug/2022:17:36:15 -0500] "GET /BLA/boletinlegal/ HTTP/1.1" 200 46719
172.22.2.4 - - [14/Aug/2022:17:37:09 -0500] "GET /BLA/boletinlegal/index.php HTTP/1.1" 200 54347
66.249.73.97 - - [14/Aug/2022:17:39:14 -0500] "-" 408 -
172.22.2.4 - - [14/Aug/2022:17:40:08 -0500] "GET /BLA/boletinlegal/Circulares/2012/Circular%20No.%2011%20del%2027%20de%20Agosto%20de%202012.pdf HTTP/1.1" 200 526945
201.245.192.253 - - [14/Aug/2022:17:40:25 -0500] "POST /kwsrmcab/Wsrmcab HTTP/1.1" 200 47243
201.245.192.253 - - [14/Aug/2022:17:40:29 -0500] "POST /kwsrmcab/Wsrmcab HTTP/1.1" 200 48462
172.22.2.4 - - [14/Aug/2022:17:40:41 -0500] "GET /BLA/boletinlegal/Circulares/2012/Circular%20No.%208%20del%2021%20de%20Agosto%20de%202012.pdf HTTP/1.1" 200 963197
172.22.2.4 - - [14/Aug/2022:17:41:14 -0500] "GET /BLA/boletinlegal/Circulares/2012/Circular%20No.%2012%20del%2028%20de%20Agosto%20de%202012.pdf HTTP/1.1" 200 369945
201.245.192.253 - - [14/Aug/2022:17:41:42 -0500] "POST /kwsrmcab/Wsrmcab  HTTP/1.1" 200 46805
172.22.2.4 - - [14/Aug/2022:17:41:46 -0500] "GET /BLA/boletinlegal/Circulares/2012/Circular%20No.%209%20del%2021%20de%20Agosto%20de%202012.pdf HTTP/1.1" 200 1402289
186.84.32.244 - - [14/Aug/2022:17:41:54 -0500] "GET /galeria/galeria/jquery.fancybox.css?v=2.1.5 HTTP/1.1" 200 4895
216.245.221.92 - - [14/Aug/2022:17:42:20 -0500] "HEAD / HTTP/1.1" 200 -
172.22.2.4 - - [14/Aug/2022:17:41:14 -0500] "HEAD /BLA/boletinlegal/ HTTP/1.1" 200 -
172.22.2.4 - - [14/Aug/2022:17:42:04 -0500] "GET /BLA/boletinlegal/ HTTP/1.1" 200 51174
172.22.2.4 - - [14/Aug/2022:17:42:13 -0500] "GET /BLA/boletinlegal/ HTTP/1.1" 200 51984
172.22.2.4 - - [14/Aug/2022:17:46:01 -0500] "GET /BLA/boletinlegal/Circulares/2022/CIRCULAR%20No.%2000005%20DEL%2030%20DE%20JUNIO%20DEL%202022.pdf HTTP/1.1" 404 1218
172.22.2.4 - - [14/Aug/2022:17:46:07 -0500] "GET /BLA/boletinlegal/Circulares/2019/.pdf HTTP/1.1" 404 1218
201.245.192.253 - - [14/Aug/2022:17:46:41 -0500] "POST /kwsrmcab/Wsrmcab  HTTP/1.1" 200 46805
216.245.221.92 - - [14/Aug/2022:17:47:20 -0500] "HEAD / HTTP/1.1" 200 -
185.119.81.102 - - [14/Aug/2022:17:47:26 -0500] "GET /portaldeninos/wp-login.php HTTP/1.1" 200 2592
185.119.81.102 - - [14/Aug/2022:17:47:27 -0500] "POST /portaldeninos/wp-login.php HTTP/1.1" 200 3605
185.119.81.105 - - [14/Aug/2022:17:48:03 -0500] "GET /portaldeninos/wp-login.php HTTP/1.1" 200 2592
185.119.81.105 - - [14/Aug/2022:17:48:04 -0500] "POST /portaldeninos/wp-login.php HTTP/1.1" 200 3670
172.22.2.4 - - [14/Aug/2022:17:47:04 -0500] "HEAD /BLA/boletinlegal/ HTTP/1.1" 200 -
172.22.2.4 - - [14/Aug/2022:17:47:54 -0500] "GET /BLA/boletinlegal/ HTTP/1.1" 200 58566
66.249.73.127 - - [14/Aug/2022:17:51:25 -0500] "-" 408 -
201.245.192.253 - - [14/Aug/2022:17:51:40 -0500] "POST /kwsrmcab/Wsrmcab  HTTP/1.1" 200 46805
216.245.221.92 - - [14/Aug/2022:17:52:20 -0500] "HEAD / HTTP/1.1" 200 -
173.252.95.24 - - [14/Aug/2022:17:53:23 -0500] "GET /images/mujeres-reverdecen-humedales-2-febrero.jpg HTTP/1.1" 200 47327
172.22.2.4 - - [14/Aug/2022:17:52:54 -0500] "HEAD /BLA/boletinlegal/ HTTP/1.1" 200 -
172.22.2.4 - - [14/Aug/2022:17:53:44 -0500] "GET /BLA/boletinlegal/ HTTP/1.1" 200 53994
40.77.167.31 - - [14/Aug/2022:17:55:38 -0500] "GET /BLA/resoluciones/RESOLUCIONES%202014/1397.pdf HTTP/1.1" 304 -
201.245.192.253 - - [14/Aug/2022:17:56:39 -0500] "POST /kwsrmcab/Wsrmcab  HTTP/1.1" 200 46805
216.245.221.92 - - [14/Aug/2022:17:57:20 -0500] "HEAD / HTTP/1.1" 200 -
172.22.2.4 - - [14/Aug/2022:17:58:44 -0500] "HEAD /BLA/boletinlegal/ HTTP/1.1" 200 -
40.77.167.31 - - [14/Aug/2022:18:00:47 -0500] "GET /BLA/resoluciones/RESOLUCIONES%202013/0643.pdf HTTP/1.1" 304 -
172.22.2.4 - - [14/Aug/2022:17:59:35 -0500] "GET /BLA/boletinlegal/ HTTP/1.1" 200 58566
201.245.192.253 - - [14/Aug/2022:18:01:37 -0500] "POST /kwsrmcab/Wsrmcab  HTTP/1.1" 200 46805
216.245.221.92 - - [14/Aug/2022:18:02:20 -0500] "HEAD / HTTP/1.1" 200 -
172.22.2.4 - - [14/Aug/2022:18:04:34 -0500] "HEAD /BLA/boletinlegal/ HTTP/1.1" 200 -
201.245.192.253 - - [14/Aug/2022:18:06:36 -0500] "POST /kwsrmcab/Wsrmcab  HTTP/1.1" 200 46805
172.22.2.4 - - [14/Aug/2022:18:05:24 -0500] "GET /BLA/boletinlegal/ HTTP/1.1" 200 56367
172.22.2.4 - - [14/Aug/2022:18:06:26 -0500] "GET /BLA/boletinlegal/ HTTP/1.1" 200 24523
216.245.221.92 - - [14/Aug/2022:18:07:21 -0500] "HEAD / HTTP/1.1" 200 -
185.119.81.102 - - [14/Aug/2022:18:07:50 -0500] "GET /portaldeninos/wp-login.php HTTP/1.1" 200 2592
185.119.81.102 - - [14/Aug/2022:18:07:51 -0500] "POST /portaldeninos/wp-login.php HTTP/1.1" 200 3605
40.77.167.31 - - [14/Aug/2022:18:09:06 -0500] "GET /BLA/resoluciones/AUTOS%202020/0032.pdf HTTP/1.1" 304 -
23.100.232.233 - - [14/Aug/2022:18:09:15 -0500] "GET /BLA/boletinlegal/js/jquery.scrollShow.js HTTP/1.1" 200 4586
23.100.232.233 - - [14/Aug/2022:18:09:15 -0500] "GET /galeria/galeria/jquery.fancybox.js?v=2.1.5 HTTP/1.1" 200 48706
23.100.232.233 - - [14/Aug/2022:18:09:15 -0500] "GET /galeria/galeria/jquery.fancybox.css?v=2.1.5 HTTP/1.1" 200 4895
172.22.2.4 - - [14/Aug/2022:18:08:42 -0500] "GET /BLA/boletinlegal/ HTTP/1.1" 200 40907
172.22.2.4 - - [14/Aug/2022:18:08:35 -0500] "GET /BLA/boletinlegal/ HTTP/1.1" 200 48724
40.77.167.31 - - [14/Aug/2022:18:10:47 -0500] "GET /galeria/carrusel/Carrusel/jquery.thumbnailScroller.js HTTP/1.1" 200 8157
40.77.167.65 - - [14/Aug/2022:18:10:55 -0500] "GET /galeria/carrusel/Carrusel/jquery.thumbnailScroller.css HTTP/1.1" 200 2066
199.16.157.180 - - [14/Aug/2022:18:10:55 -0500] "GET /images/actividades-dia-tierra-22-abril.jpg HTTP/1.1" 200 77276
40.77.167.65 - - [14/Aug/2022:18:10:57 -0500] "GET /galeria/nivo-slider/demo/banner.html HTTP/1.1" 200 5446
207.46.13.20 - - [14/Aug/2022:18:10:57 -0500] "GET /galeria/carrusel/Carrusel/jquery-ui-1.8.13.custom.min.js HTTP/1.1" 200 10800
201.245.192.253 - - [14/Aug/2022:18:11:35 -0500] "POST /kwsrmcab/Wsrmcab  HTTP/1.1" 200 46805
172.22.2.4 - - [14/Aug/2022:18:10:24 -0500] "HEAD /BLA/boletinlegal/ HTTP/1.1" 200 -
216.245.221.92 - - [14/Aug/2022:18:12:20 -0500] "HEAD / HTTP/1.1" 200 -
