216.245.221.92 - - [16/Aug/2022:04:27:15 -0500] "HEAD / HTTP/1.1" 200 -
172.22.2.4 - - [16/Aug/2022:04:26:39 -0500] "HEAD /BLA/boletinlegal/ HTTP/1.1" 200 -
157.55.39.84 - - [16/Aug/2022:04:28:25 -0500] "GET /BLA/resoluciones/AUTOS%202022/2073.pdf HTTP/1.1" 304 -
201.245.192.253 - - [16/Aug/2022:04:28:59 -0500] "POST /kwsrmcab/Wsrmcab  HTTP/1.1" 200 46805
172.22.2.4 - - [16/Aug/2022:04:27:29 -0500] "GET /BLA/boletinlegal/ HTTP/1.1" 200 54814
172.22.2.4 - - [16/Aug/2022:04:29:23 -0500] "GET /BLA/boletinlegal/js/jquery.scrollShow.js HTTP/1.1" 200 4586
172.22.2.4 - - [16/Aug/2022:04:29:26 -0500] "GET /BLA/boletinlegal/js/jquery.scrollTo-min.js HTTP/1.1" 200 1150
66.249.64.45 - - [16/Aug/2022:04:29:43 -0500] "-" 408 -
201.245.192.253 - - [16/Aug/2022:04:30:19 -0500] "POST /kwsrmcab/Wsrmcab HTTP/1.1" 200 48012
201.245.192.253 - - [16/Aug/2022:04:30:23 -0500] "POST /kwsrmcab/Wsrmcab HTTP/1.1" 200 44281
216.245.221.92 - - [16/Aug/2022:04:32:15 -0500] "HEAD / HTTP/1.1" 200 -
201.245.192.253 - - [16/Aug/2022:04:33:58 -0500] "POST /kwsrmcab/Wsrmcab  HTTP/1.1" 200 46805
172.22.2.4 - - [16/Aug/2022:04:32:29 -0500] "HEAD /BLA/boletinlegal/ HTTP/1.1" 200 -
172.22.2.4 - - [16/Aug/2022:04:33:19 -0500] "GET /BLA/boletinlegal/ HTTP/1.1" 200 58154
216.245.221.92 - - [16/Aug/2022:04:37:15 -0500] "HEAD / HTTP/1.1" 200 -
172.22.2.4 - - [16/Aug/2022:04:38:17 -0500] "GET /BLA/boletinlegal/jurisprudencia/analisis/analisis%20C-595-2010.doc HTTP/1.1" 200 39424
201.245.192.253 - - [16/Aug/2022:04:38:57 -0500] "POST /kwsrmcab/Wsrmcab  HTTP/1.1" 200 46805
185.119.81.98 - - [16/Aug/2022:04:39:15 -0500] "GET /portaldeninos/wp-login.php HTTP/1.1" 200 2592
185.119.81.98 - - [16/Aug/2022:04:39:17 -0500] "POST /portaldeninos/wp-login.php HTTP/1.1" 200 3650
172.22.2.4 - - [16/Aug/2022:04:38:19 -0500] "HEAD /BLA/boletinlegal/ HTTP/1.1" 200 -
201.245.192.253 - - [16/Aug/2022:04:40:18 -0500] "POST /kwsrmcab/Wsrmcab HTTP/1.1" 200 48012
201.245.192.253 - - [16/Aug/2022:04:40:22 -0500] "POST /kwsrmcab/Wsrmcab HTTP/1.1" 200 44281
172.22.2.4 - - [16/Aug/2022:04:39:09 -0500] "GET /BLA/boletinlegal/ HTTP/1.1" 200 60865
216.245.221.92 - - [16/Aug/2022:04:42:15 -0500] "HEAD / HTTP/1.1" 200 -
201.245.192.253 - - [16/Aug/2022:04:43:56 -0500] "POST /kwsrmcab/Wsrmcab  HTTP/1.1" 200 46805
40.77.167.31 - - [16/Aug/2022:04:44:51 -0500] "GET /BLA/resoluciones/RESOLUCIONES%202000/2000%201400-1449.tif HTTP/1.1" 200 5424715
172.22.2.4 - - [16/Aug/2022:04:44:09 -0500] "HEAD /BLA/boletinlegal/ HTTP/1.1" 200 -
172.22.2.4 - - [16/Aug/2022:04:44:59 -0500] "GET /BLA/boletinlegal/ HTTP/1.1" 200 56723
216.245.221.92 - - [16/Aug/2022:04:47:15 -0500] "HEAD / HTTP/1.1" 200 -
66.249.64.47 - - [16/Aug/2022:04:48:52 -0500] "-" 408 -
201.245.192.253 - - [16/Aug/2022:04:48:55 -0500] "POST /kwsrmcab/Wsrmcab  HTTP/1.1" 200 46805
185.119.81.102 - - [16/Aug/2022:04:49:31 -0500] "GET /portaldeninos/wp-login.php HTTP/1.1" 200 2592
185.119.81.102 - - [16/Aug/2022:04:49:32 -0500] "POST /portaldeninos/wp-login.php HTTP/1.1" 200 3605
173.252.107.116 - - [16/Aug/2022:04:51:11 -0500] "GET /fontibon-entrego-mas-de-58-kilogramos-de-residuos-especiales-y-peligrosos-en-reciclaton.html HTTP/1.1" 206 1010
173.252.107.118 - - [16/Aug/2022:04:51:12 -0500] "GET /images/reciclaton-fontibon-17-febrero.jpg HTTP/1.1" 200 56077
172.22.2.4 - - [16/Aug/2022:04:49:59 -0500] "HEAD /BLA/boletinlegal/ HTTP/1.1" 200 -
216.245.221.92 - - [16/Aug/2022:04:52:15 -0500] "HEAD / HTTP/1.1" 200 -
172.22.2.4 - - [16/Aug/2022:04:50:49 -0500] "GET /BLA/boletinlegal/ HTTP/1.1" 200 58154
185.119.81.105 - - [16/Aug/2022:04:52:47 -0500] "GET /portaldeninos/wp-login.php HTTP/1.1" 200 2592
185.119.81.105 - - [16/Aug/2022:04:52:49 -0500] "POST /portaldeninos/wp-login.php HTTP/1.1" 200 3670
201.245.192.253 - - [16/Aug/2022:04:53:54 -0500] "POST /kwsrmcab/Wsrmcab  HTTP/1.1" 200 46805
207.46.13.148 - - [16/Aug/2022:04:55:25 -0500] "GET /portaldeninos/comments/feed/ HTTP/1.1" 200 1823
216.245.221.92 - - [16/Aug/2022:04:57:15 -0500] "HEAD / HTTP/1.1" 200 -
172.22.2.4 - - [16/Aug/2022:04:55:49 -0500] "HEAD /BLA/boletinlegal/ HTTP/1.1" 200 -
172.22.2.4 - - [16/Aug/2022:04:56:39 -0500] "GET /BLA/boletinlegal/ HTTP/1.1" 200 55211
207.46.13.36 - - [16/Aug/2022:04:58:36 -0500] "GET /bla/resoluciones/resoluciones%202007/res%202007%20401%20al%20500/resolucion%200461%20de%202007.pdf HTTP/1.1" 200 2735937
201.245.192.253 - - [16/Aug/2022:04:58:53 -0500] "POST /kwsrmcab/Wsrmcab  HTTP/1.1" 200 46805
216.245.221.92 - - [16/Aug/2022:05:02:15 -0500] "HEAD / HTTP/1.1" 200 -
172.22.2.4 - - [16/Aug/2022:05:01:39 -0500] "HEAD /BLA/boletinlegal/ HTTP/1.1" 200 -
201.245.192.253 - - [16/Aug/2022:05:03:52 -0500] "POST /kwsrmcab/Wsrmcab  HTTP/1.1" 200 46805
172.22.2.4 - - [16/Aug/2022:05:02:29 -0500] "GET /BLA/boletinlegal/ HTTP/1.1" 200 58946
172.22.2.4 - - [16/Aug/2022:05:03:54 -0500] "GET /BLA/boletinlegal/ HTTP/1.1" 200 32715
207.46.13.20 - - [16/Aug/2022:05:06:52 -0500] "GET /galeria/galeria/fotos/7.jpg HTTP/1.1" 200 190908
216.245.221.92 - - [16/Aug/2022:05:07:15 -0500] "HEAD / HTTP/1.1" 200 -
201.245.192.253 - - [16/Aug/2022:05:08:51 -0500] "POST /kwsrmcab/Wsrmcab  HTTP/1.1" 200 46805
172.22.2.4 - - [16/Aug/2022:05:08:28 -0500] "HEAD /BLA/boletinlegal/ HTTP/1.1" 200 -
172.22.2.4 - - [16/Aug/2022:05:09:18 -0500] "GET /BLA/boletinlegal/ HTTP/1.1" 200 58154
216.245.221.92 - - [16/Aug/2022:05:12:15 -0500] "HEAD / HTTP/1.1" 200 -
185.119.81.102 - - [16/Aug/2022:05:12:57 -0500] "GET /portaldeninos/wp-login.php HTTP/1.1" 200 2592
185.119.81.102 - - [16/Aug/2022:05:12:58 -0500] "POST /portaldeninos/wp-login.php HTTP/1.1" 200 3605
185.119.81.105 - - [16/Aug/2022:05:13:20 -0500] "GET /portaldeninos/wp-login.php HTTP/1.1" 200 2592
185.119.81.105 - - [16/Aug/2022:05:13:21 -0500] "POST /portaldeninos/wp-login.php HTTP/1.1" 200 3650
201.245.192.253 - - [16/Aug/2022:05:13:50 -0500] "POST /kwsrmcab/Wsrmcab  HTTP/1.1" 200 46805
157.55.39.84 - - [16/Aug/2022:05:14:19 -0500] "GET /forest/ HTTP/1.1" 200 12041
172.22.2.4 - - [16/Aug/2022:05:14:40 -0500] "GET /BLA/boletinlegal/actos.php HTTP/1.1" 200 9559
172.22.2.4 - - [16/Aug/2022:05:14:17 -0500] "HEAD /BLA/boletinlegal/ HTTP/1.1" 200 -
172.22.2.4 - - [16/Aug/2022:05:15:07 -0500] "GET /BLA/boletinlegal/ HTTP/1.1" 200 58566
216.245.221.92 - - [16/Aug/2022:05:17:15 -0500] "HEAD / HTTP/1.1" 200 -
185.119.81.102 - - [16/Aug/2022:05:18:28 -0500] "GET /portaldeninos/wp-login.php HTTP/1.1" 200 2592
185.119.81.102 - - [16/Aug/2022:05:18:30 -0500] "POST /portaldeninos/wp-login.php HTTP/1.1" 200 3670
201.245.192.253 - - [16/Aug/2022:05:18:49 -0500] "POST /kwsrmcab/Wsrmcab  HTTP/1.1" 200 46805
201.245.192.253 - - [16/Aug/2022:05:20:18 -0500] "POST /kwsrmcab/Wsrmcab HTTP/1.1" 200 48166
201.245.192.253 - - [16/Aug/2022:05:20:23 -0500] "POST /kwsrmcab/Wsrmcab HTTP/1.1" 200 43986
69.171.249.13 - - [16/Aug/2022:05:21:31 -0500] "GET /acercar-programa-del-distrito-para-ayudar-a-las-empresas-a-crecer-de-manera-sostenible.html HTTP/1.1" 206 979
172.22.2.4 - - [16/Aug/2022:05:20:07 -0500] "HEAD /BLA/boletinlegal/ HTTP/1.1" 200 -
216.245.221.92 - - [16/Aug/2022:05:22:15 -0500] "HEAD / HTTP/1.1" 200 -
172.22.2.4 - - [16/Aug/2022:05:20:57 -0500] "GET /BLA/boletinlegal/ HTTP/1.1" 200 52868
201.245.192.253 - - [16/Aug/2022:05:23:48 -0500] "POST /kwsrmcab/Wsrmcab  HTTP/1.1" 200 46805
34.76.158.233 - - [16/Aug/2022:05:24:57 -0500] "GET / HTTP/1.1" 200 319
173.252.107.5 - - [16/Aug/2022:05:25:01 -0500] "GET /images/pieza-grafica-semana-ambiental-30.jpg HTTP/1.1" 200 38850
162.142.125.221 - - [16/Aug/2022:05:25:31 -0500] "GET / HTTP/1.1" 200 319
162.142.125.221 - - [16/Aug/2022:05:25:32 -0500] "GET / HTTP/1.1" 200 319
162.142.125.221 - - [16/Aug/2022:05:25:32 -0500] "PRI * HTTP/2.0" 400 946
185.119.81.98 - - [16/Aug/2022:05:27:02 -0500] "GET /portaldeninos/wp-login.php HTTP/1.1" 200 2592
185.119.81.98 - - [16/Aug/2022:05:27:04 -0500] "POST /portaldeninos/wp-login.php HTTP/1.1" 200 3650
216.245.221.92 - - [16/Aug/2022:05:27:15 -0500] "HEAD / HTTP/1.1" 200 -
172.22.2.4 - - [16/Aug/2022:05:25:57 -0500] "HEAD /BLA/boletinlegal/ HTTP/1.1" 200 -
172.22.2.4 - - [16/Aug/2022:05:26:47 -0500] "GET /BLA/boletinlegal/ HTTP/1.1" 200 53631
201.245.192.253 - - [16/Aug/2022:05:28:47 -0500] "POST /kwsrmcab/Wsrmcab  HTTP/1.1" 200 46805
201.245.192.253 - - [16/Aug/2022:05:30:18 -0500] "POST /kwsrmcab/Wsrmcab HTTP/1.1" 200 48166
201.245.192.253 - - [16/Aug/2022:05:30:22 -0500] "POST /kwsrmcab/Wsrmcab HTTP/1.1" 200 43986
207.46.13.36 - - [16/Aug/2022:05:30:29 -0500] "GET /Autoliquidacion/index.php?dir=TR%C1MITES+VERTIMIENTOS%2F HTTP/1.1" 200 1989
103.99.176.144 - - [16/Aug/2022:05:30:41 -0500] "POST /mgmt/tm/util/bash HTTP/1.1" 404 1018
103.99.176.144 - - [16/Aug/2022:05:30:42 -0500] "GET / HTTP/1.1" 200 319
216.245.221.92 - - [16/Aug/2022:05:32:15 -0500] "HEAD / HTTP/1.1" 200 -
207.46.13.188 - - [16/Aug/2022:05:33:16 -0500] "GET /galeria/galeria/fotos/Humedal-Vaca4G.jpg HTTP/1.1" 200 375197
172.22.2.4 - - [16/Aug/2022:05:31:47 -0500] "HEAD /BLA/boletinlegal/ HTTP/1.1" 200 -
201.245.192.253 - - [16/Aug/2022:05:33:46 -0500] "POST /kwsrmcab/Wsrmcab  HTTP/1.1" 200 46805
172.22.2.4 - - [16/Aug/2022:05:32:37 -0500] "GET /BLA/boletinlegal/ HTTP/1.1" 200 60272
143.255.242.232 - - [16/Aug/2022:05:35:27 -0500] "GET / HTTP/1.1" 200 319
173.231.60.194 - - [16/Aug/2022:05:35:36 -0500] "GET /BLA/resoluciones/index.php?dir=AUTOS%202018%2F HTTP/1.1" 200 436274
173.231.60.194 - - [16/Aug/2022:05:35:45 -0500] "GET /BLA/resoluciones/index.php?dir=AUTOS%202019%2F HTTP/1.1" 200 346567
173.231.60.194 - - [16/Aug/2022:05:35:57 -0500] "GET /BLA/resoluciones/index.php?dir=AUTOS%202020%2F HTTP/1.1" 200 326166
173.231.60.194 - - [16/Aug/2022:05:36:12 -0500] "GET /BLA/resoluciones/index.php?dir=AUTOS%202021%2F HTTP/1.1" 200 391860
173.231.60.194 - - [16/Aug/2022:05:36:26 -0500] "GET /BLA/resoluciones/index.php?dir=AUTOS%202022%2F HTTP/1.1" 200 205703
173.231.60.194 - - [16/Aug/2022:05:36:37 -0500] "GET /BLA/resoluciones/index.php?dir=Notificaciones%2F HTTP/1.1" 200 10351
173.231.60.194 - - [16/Aug/2022:05:36:52 -0500] "GET /BLA/resoluciones/index.php?dir=RESOLUCIONES%201992%2F HTTP/1.1" 200 2871
173.231.60.194 - - [16/Aug/2022:05:37:01 -0500] "GET /BLA/resoluciones/index.php?dir=RESOLUCIONES%201993%2F HTTP/1.1" 200 2879
173.231.60.194 - - [16/Aug/2022:05:37:11 -0500] "GET /BLA/resoluciones/index.php?dir=RESOLUCIONES%201994%2F HTTP/1.1" 200 2479
216.245.221.92 - - [16/Aug/2022:05:37:15 -0500] "HEAD / HTTP/1.1" 200 -
173.231.60.194 - - [16/Aug/2022:05:37:27 -0500] "GET /BLA/resoluciones/index.php?dir=RESOLUCIONES%201995%2F HTTP/1.1" 200 12327
201.245.192.253 - - [16/Aug/2022:05:38:44 -0500] "POST /kwsrmcab/Wsrmcab  HTTP/1.1" 200 46805
92.118.39.88 - - [16/Aug/2022:05:39:08 -0500] "GET / HTTP/1.1" 200 319
172.22.2.4 - - [16/Aug/2022:05:37:37 -0500] "HEAD /BLA/boletinlegal/ HTTP/1.1" 200 -
172.22.2.4 - - [16/Aug/2022:05:38:27 -0500] "GET /BLA/boletinlegal/ HTTP/1.1" 200 60865
201.245.192.253 - - [16/Aug/2022:05:40:18 -0500] "POST /kwsrmcab/Wsrmcab HTTP/1.1" 200 48166
201.245.192.253 - - [16/Aug/2022:05:40:22 -0500] "POST /kwsrmcab/Wsrmcab HTTP/1.1" 200 43986
216.245.221.92 - - [16/Aug/2022:05:42:15 -0500] "HEAD / HTTP/1.1" 200 -
66.249.64.49 - - [16/Aug/2022:05:42:53 -0500] "-" 408 -
201.245.192.253 - - [16/Aug/2022:05:43:44 -0500] "POST /kwsrmcab/Wsrmcab  HTTP/1.1" 200 46805
185.180.143.136 - - [16/Aug/2022:05:44:50 -0500] "GET / HTTP/1.1" 200 319
172.22.2.4 - - [16/Aug/2022:05:43:27 -0500] "HEAD /BLA/boletinlegal/ HTTP/1.1" 200 -
172.22.2.4 - - [16/Aug/2022:05:44:17 -0500] "GET /BLA/boletinlegal/ HTTP/1.1" 200 59819
40.77.188.239 - - [16/Aug/2022:05:46:38 -0500] "GET /Autoliquidacion/dlf/styles.css HTTP/1.1" 200 3045
216.245.221.92 - - [16/Aug/2022:05:47:15 -0500] "HEAD / HTTP/1.1" 200 -
201.245.192.253 - - [16/Aug/2022:05:48:43 -0500] "POST /kwsrmcab/Wsrmcab  HTTP/1.1" 200 46805
66.249.64.45 - - [16/Aug/2022:05:50:31 -0500] "-" 408 -
172.22.2.4 - - [16/Aug/2022:05:49:17 -0500] "HEAD /BLA/boletinlegal/ HTTP/1.1" 200 -
172.22.2.4 - - [16/Aug/2022:05:50:07 -0500] "GET /BLA/boletinlegal/ HTTP/1.1" 200 60272
216.245.221.92 - - [16/Aug/2022:05:52:15 -0500] "HEAD / HTTP/1.1" 200 -
201.245.192.253 - - [16/Aug/2022:05:53:42 -0500] "POST /kwsrmcab/Wsrmcab  HTTP/1.1" 200 46805
40.77.167.31 - - [16/Aug/2022:05:53:59 -0500] "GET /bla/resoluciones/autos%202021/6021.pdf HTTP/1.1" 200 346790
207.46.13.148 - - [16/Aug/2022:05:54:32 -0500] "GET /portaldeninos/wp-content/uploads/2021/11/cronica-mujer-junio-tinguas-azules-29-junio-50x28.png HTTP/1.1" 200 3917
172.22.2.4 - - [16/Aug/2022:05:55:07 -0500] "HEAD /BLA/boletinlegal/ HTTP/1.1" 200 -
216.245.221.92 - - [16/Aug/2022:05:57:15 -0500] "HEAD / HTTP/1.1" 200 -
172.22.2.4 - - [16/Aug/2022:05:55:57 -0500] "GET /BLA/boletinlegal/ HTTP/1.1" 200 56005
185.119.81.99 - - [16/Aug/2022:05:58:12 -0500] "GET /portaldeninos/wp-login.php HTTP/1.1" 200 2592
185.119.81.99 - - [16/Aug/2022:05:58:13 -0500] "POST /portaldeninos/wp-login.php HTTP/1.1" 200 3650
201.245.192.253 - - [16/Aug/2022:05:58:40 -0500] "POST /kwsrmcab/Wsrmcab  HTTP/1.1" 200 46805
107.182.129.239 - - [16/Aug/2022:06:01:04 -0500] "POST /boaform/admin/formLogin HTTP/1.1" 404 1186
172.22.2.4 - - [16/Aug/2022:06:01:49 -0500] "GET /BLA/boletinlegal/robots.txt HTTP/1.1" 404 1037
172.22.2.4 - - [16/Aug/2022:06:01:50 -0500] "GET /BLA/boletinlegal/robots.txt HTTP/1.1" 404 1037
172.22.2.4 - - [16/Aug/2022:06:01:51 -0500] "GET /BLA/boletinlegal/Circulares/2014/Circular%20No.%201%20del%2008%20de%20Mayo%20de%202014.pdf HTTP/1.1" 304 -
216.245.221.92 - - [16/Aug/2022:06:02:15 -0500] "HEAD / HTTP/1.1" 200 -
172.22.2.4 - - [16/Aug/2022:06:00:57 -0500] "HEAD /BLA/boletinlegal/ HTTP/1.1" 200 -
172.22.2.4 - - [16/Aug/2022:06:01:47 -0500] "GET /BLA/boletinlegal/ HTTP/1.1" 200 60272
201.245.192.253 - - [16/Aug/2022:06:03:39 -0500] "POST /kwsrmcab/Wsrmcab  HTTP/1.1" 200 46805
66.249.64.45 - - [16/Aug/2022:06:05:12 -0500] "-" 408 -
65.49.20.86 - - [16/Aug/2022:06:05:13 -0500] "GET /favicon.ico HTTP/1.1" 200 7782
172.22.2.4 - - [16/Aug/2022:06:05:47 -0500] "GET /BLA/boletinlegal/Circulares/2012/Circular%20No.%207%20del%2008%20de%20Agosto%20de%202012.pdf HTTP/1.1" 200 972955
216.245.221.92 - - [16/Aug/2022:06:07:15 -0500] "HEAD / HTTP/1.1" 200 -
172.22.2.4 - - [16/Aug/2022:06:06:47 -0500] "HEAD /BLA/boletinlegal/ HTTP/1.1" 200 -
201.245.192.253 - - [16/Aug/2022:06:08:38 -0500] "POST /kwsrmcab/Wsrmcab  HTTP/1.1" 200 46805
172.22.2.4 - - [16/Aug/2022:06:07:37 -0500] "GET /BLA/boletinlegal/ HTTP/1.1" 200 58566
139.162.207.84 - - [16/Aug/2022:06:10:38 -0500] "GET / HTTP/1.1" 200 319
216.245.221.92 - - [16/Aug/2022:06:12:15 -0500] "HEAD / HTTP/1.1" 200 -
186.102.9.177 - - [16/Aug/2022:06:12:44 -0500] "GET /kwssiamovil/sm/ldap/au?x=U2FsdGVkX1/8sFvfRlW3xieQP+zc0dX6gXRUwxspccCY7ON9neHmjNSK1On5sIFr&y=U2FsdGVkX1/GONCVznMJYT5U5Iz5LY26BLv9xIffwx+AtBBarTOzUmNA/7RiytM7 HTTP/1.1" 200 30
186.102.9.177 - - [16/Aug/2022:06:12:45 -0500] "GET /kwssiamovil/sm/acme/s?s=U2FsdGVkX18pe6arKXsnNq7EJAFOMh91l8acd8enyf6CcybbElGsZS0d0xGcbBpxWD+L5Xc3GHfoIe1rQ3fz+KbwHDv+BSyoG4fqF0cAJmo=&u=U2FsdGVkX19/454qH/xagj8jLtWsEYqF9Fz5x/UNuC8=&y=U2FsdGVkX1/GONCVznMJYT5U5Iz5LY26BLv9xIffwx+AtBBarTOzUmNA/7RiytM7 HTTP/1.1" 200 97
186.102.9.177 - - [16/Aug/2022:06:12:45 -0500] "GET /kwssiamovil/sm/acme/s?s=U2FsdGVkX18VsrDXPfzlVtZF1ZEPyIbQbE0QeFx1ApqkOZYGmFOAJLJWKxssEoIfzCCD3bVntSL8JCDI6LW3q/P2i/+yC0VJ9i6ryALWqkO9t5ytU1CYjr9KUt6tqwPydqOSGs99kdEKJ4sYA22hBTSwLC3Wi7EznWis+mHbH4/BBw5+6dUY+NHu9qgthuG2POWTYhgraTyuT3I7Pf3Lo3ezfBoHvYfEmPbxnIt3BfAW7ym81Squw0wwvVwvmeQYHEIZ9Ex4A9DYsCF6qdu19R9GizOKIhjUsOvl99dP/5HAjRP9ICmlMMBQGqkgf/m+QFzLOUpS0tTk3PEIFJaTv+WGTCI8COcz0jCcKtlB3qIg5Yv9KBX8AqktAz1CTSwfFcaSjw/0VrPeHGc2ClLw4+8ZjzDjgjfzwzVCWYVWmYT5cphLshFjHqlO0qNW8M//2PkGG8qv7CWr71I8jp3LHfJVcAgc60w7pPgtWrH1wmlEER36+DM8VSCnVfUxMKIhmR22vaFWfiO5Nv3WCEM59GZ/q95L2RcObap5zViD+thQ1y6LMdaecQ1Q0ms4whkvmvQCj55OwQy/g1E/PuTWU2HpiHDB1LiJxr5HvCgEx06mXLG6y9CsOefHt7cWHf0M5raEA6utF5wxdZCmpXTAZIFxuRm69WgAZVYFjXH5YdNvec+vAxsRxPYUo78i9XXdJiW8XN2E7kLtoBssqIwpV9VBWmStc6gPSkMtghpw0iuGpLq1bwX98dCB/DhYJv8b2s3jXJsnwrT8+glooa/Kb984rI9IIoBNK56Ijwqb7TTx3DcNbZOF1Hm/Ijq+GDEBzLoh6oUyG2TLSjJyNmNmxaeyK+2QVcM9QXSa/dh1JcxCc8qQ4e/2a2fSG9KH8yFMmoKBROrMFH7Swp/IOV/xNc/zhOPwsk2OrHXtGyQu8Or1BIBfBuSuYzwzFVE754qMk2onZIjYJjm8uEOB/KMS0RP0vAneHtnC+Tb4L54XzF9lfzX/fX5iYxBl5SC7U+yzaLxiEI01ANrNBU0f9D/bqUEzB6pN6as0Y3PF4JEXY3Kbz8OeC6wzDALTkMkcdx88Z8/hTQc38yYoaQ14CpWzqby+Kn7BVD2DYVddq+Puvugy9Ay70q4uYOaJ++siEd92tSqBvSSCsYVIiJds4bAhgzEvPHdKIMBq8ENmWEWNDW8Q+T86QyHjDt1gEVdErCGU4zdzHdf6Bjd2ODkMYZLtfFE6V2ayqwHz7A66SFFmyKqIt7ksirrodncH1ubYC4JYO2vbiLgEOEVGj92iQ+Xm3OM5dTofotVvSFDSv7nhxac7g1LnlIrgVDAjMv2HJ/+lFXOhj9sJ9dfYqQWaciQRq8kcXtCFOdOobJOC5+/hxqY=&u=U2FsdGVkX19/454qH/xagj8jLtWsEYqF9Fz5x/UNuC8=&y=U2FsdGVkX1/GONCVznMJYT5U5Iz5LY26BLv9xIffwx+AtBBarTOzUmNA/7RiytM7 HTTP/1.1" 200 1325
186.102.9.177 - - [16/Aug/2022:06:12:45 -0500] "GET /kwssiamovil/sm/acme/s?s=U2FsdGVkX185AzlkAwrEw+GQ8HLYVmehSt9GHVQYsuza7O0xHvliWG8WyM8WnKrn0zkmCCzOUP5zrHoR2tpeQmQL2PJtXBPAz0x/hgK4hUgsFIT+kLaLN5hSdmTuTbDeF2+P5AiJ0XRWxAcLgdDrd3G8mng3ZNfU9snff9W4czPI+JW3/xWI78YIOVb581QDO11D1M14bAlAz5nCrPr8MYn+dM2JWyAC7Hsm70i27ll5iWUrE5Dl1jvbiqHVQuH8wnGf6LYcH34otJcKdKWUBidxZSxg1Hhwi1DZtFT9Lgc=&u=U2FsdGVkX19/454qH/xagj8jLtWsEYqF9Fz5x/UNuC8=&y=U2FsdGVkX1/GONCVznMJYT5U5Iz5LY26BLv9xIffwx+AtBBarTOzUmNA/7RiytM7 HTTP/1.1" 200 176
186.102.9.177 - - [16/Aug/2022:06:12:46 -0500] "GET /kwssiamovil/sm/cjson/pre?f=1&x=U2FsdGVkX1/8sFvfRlW3xieQP+zc0dX6gXRUwxspccCY7ON9neHmjNSK1On5sIFr HTTP/1.1" 200 30992
185.119.81.98 - - [16/Aug/2022:06:13:19 -0500] "GET /portaldeninos/wp-login.php HTTP/1.1" 200 2592
185.119.81.98 - - [16/Aug/2022:06:13:20 -0500] "POST /portaldeninos/wp-login.php HTTP/1.1" 200 3670
201.245.192.253 - - [16/Aug/2022:06:13:36 -0500] "POST /kwsrmcab/Wsrmcab  HTTP/1.1" 200 46805
172.22.2.4 - - [16/Aug/2022:06:12:37 -0500] "HEAD /BLA/boletinlegal/ HTTP/1.1" 200 -
172.22.2.4 - - [16/Aug/2022:06:13:27 -0500] "GET /BLA/boletinlegal/ HTTP/1.1" 200 56367
216.245.221.92 - - [16/Aug/2022:06:17:15 -0500] "HEAD / HTTP/1.1" 200 -
201.245.192.253 - - [16/Aug/2022:06:18:35 -0500] "POST /kwsrmcab/Wsrmcab  HTTP/1.1" 200 46805
66.249.64.45 - - [16/Aug/2022:06:18:54 -0500] "-" 408 -
172.22.2.4 - - [16/Aug/2022:06:18:27 -0500] "HEAD /BLA/boletinlegal/ HTTP/1.1" 200 -
201.245.192.253 - - [16/Aug/2022:06:20:18 -0500] "POST /kwsrmcab/Wsrmcab HTTP/1.1" 200 48033
201.245.192.253 - - [16/Aug/2022:06:20:22 -0500] "POST /kwsrmcab/Wsrmcab HTTP/1.1" 200 44186
207.46.13.188 - - [16/Aug/2022:06:20:52 -0500] "GET /BLA/resoluciones/RESOLUCIONES%202020/0095.pdf HTTP/1.1" 304 -
172.22.2.4 - - [16/Aug/2022:06:19:17 -0500] "GET /BLA/boletinlegal/ HTTP/1.1" 200 60272
179.19.136.198 - - [16/Aug/2022:06:21:50 -0500] "GET /programate-para-participar-en-las-actividades-de-promocion-de-saberes-ancestrales-y-cuidado-de-la-naturaleza.html HTTP/1.1" 200 979
179.19.136.198 - - [16/Aug/2022:06:21:51 -0500] "GET /images/saberes-ancestrales-y-cuidado-naturaleza_optimized.jpeg HTTP/1.1" 200 73739
216.245.221.92 - - [16/Aug/2022:06:22:15 -0500] "HEAD / HTTP/1.1" 200 -
201.245.192.253 - - [16/Aug/2022:06:23:34 -0500] "POST /kwsrmcab/Wsrmcab  HTTP/1.1" 200 46805
207.46.13.36 - - [16/Aug/2022:06:23:43 -0500] "GET /BLA/resoluciones/RESOLUCIONES%202010/3891.pdf HTTP/1.1" 304 -
172.22.2.4 - - [16/Aug/2022:06:23:51 -0500] "GET /BLA/boletinlegal/conceptos.php HTTP/1.1" 200 7443
172.22.2.4 - - [16/Aug/2022:06:23:51 -0500] "GET /BLA/boletinlegal/styles2.css HTTP/1.1" 200 1838
172.22.2.4 - - [16/Aug/2022:06:23:51 -0500] "GET /BLA/boletinlegal/niceforms-default.css HTTP/1.1" 200 6694
172.22.2.4 - - [16/Aug/2022:06:23:51 -0500] "GET /BLA/boletinlegal/style.css HTTP/1.1" 200 9406
172.22.2.4 - - [16/Aug/2022:06:23:51 -0500] "GET /BLA/boletinlegal/js/ajax_conceptos.js HTTP/1.1" 200 1326
172.22.2.4 - - [16/Aug/2022:06:23:52 -0500] "GET /BLA/boletinlegal/niceforms.js HTTP/1.1" 200 22876
172.22.2.4 - - [16/Aug/2022:06:23:52 -0500] "GET /BLA/boletinlegal/images/cabezote%20BLEGAL.jpg HTTP/1.1" 200 118164
172.22.2.4 - - [16/Aug/2022:06:23:52 -0500] "GET /BLA/boletinlegal/images/subscribe-icon-big.png HTTP/1.1" 200 47702
172.22.2.4 - - [16/Aug/2022:06:23:52 -0500] "GET /BLA/boletinlegal/images/historia.png HTTP/1.1" 200 52775
172.22.2.4 - - [16/Aug/2022:06:23:52 -0500] "GET /BLA/boletinlegal/images/registro-usuarios.png HTTP/1.1" 200 8106
172.22.2.4 - - [16/Aug/2022:06:23:52 -0500] "GET /BLA/boletinlegal/images/abajo.png HTTP/1.1" 200 96676
172.22.2.4 - - [16/Aug/2022:06:23:52 -0500] "GET /BLA/boletinlegal/images/tel.png HTTP/1.1" 200 14477
172.22.2.4 - - [16/Aug/2022:06:23:52 -0500] "GET /BLA/boletinlegal/images/body_bg.jpg HTTP/1.1" 200 1601
172.22.2.4 - - [16/Aug/2022:06:23:52 -0500] "GET /BLA/boletinlegal/images/menu_rght.gif HTTP/1.1" 200 1627
172.22.2.4 - - [16/Aug/2022:06:23:52 -0500] "GET /BLA/boletinlegal/images/text.jpg HTTP/1.1" 200 568
172.22.2.4 - - [16/Aug/2022:06:23:53 -0500] "GET /BLA/boletinlegal/images/footer_bg.jpg HTTP/1.1" 200 586
172.22.2.4 - - [16/Aug/2022:06:23:53 -0500] "GET /BLA/boletinlegal/images/menu_lft.gif HTTP/1.1" 200 1713
172.22.2.4 - - [16/Aug/2022:06:23:53 -0500] "GET /BLA/boletinlegal/images/bg_top.jpg HTTP/1.1" 200 522
172.22.2.4 - - [16/Aug/2022:06:23:53 -0500] "GET /BLA/boletinlegal/images/menu_bg.jpg HTTP/1.1" 200 620
172.22.2.4 - - [16/Aug/2022:06:23:53 -0500] "GET /BLA/boletinlegal/images/hover.jpg HTTP/1.1" 200 640
172.22.2.4 - - [16/Aug/2022:06:23:53 -0500] "GET /BLA/boletinlegal/images/icono-email.png HTTP/1.1" 200 5544
172.22.2.4 - - [16/Aug/2022:06:23:53 -0500] "GET /BLA/boletinlegal/images/footer_bg_l.jpg HTTP/1.1" 200 776
172.22.2.4 - - [16/Aug/2022:06:23:53 -0500] "GET /BLA/boletinlegal/img/0.png HTTP/1.1" 200 110
172.22.2.4 - - [16/Aug/2022:06:23:53 -0500] "GET /BLA/boletinlegal/img/select-left.png HTTP/1.1" 200 263
172.22.2.4 - - [16/Aug/2022:06:23:53 -0500] "GET /BLA/boletinlegal/img/select-right.png HTTP/1.1" 200 44019
172.22.2.4 - - [16/Aug/2022:06:23:53 -0500] "GET /BLA/boletinlegal/img/button-left.png HTTP/1.1" 200 57071
172.22.2.4 - - [16/Aug/2022:06:23:53 -0500] "GET /BLA/boletinlegal/img/button.png HTTP/1.1" 200 43241
172.22.2.4 - - [16/Aug/2022:06:23:53 -0500] "GET /BLA/boletinlegal/img/button-right.png HTTP/1.1" 200 57878
172.22.2.4 - - [16/Aug/2022:06:23:53 -0500] "GET /BLA/boletinlegal/favicon.ico HTTP/1.1" 404 1334
172.22.2.4 - - [16/Aug/2022:06:23:57 -0500] "GET /BLA/boletinlegal/consulta_conceptos.php?no=&solicitante=&radicado_entrada=&fecha_concepto=2022&objeto= HTTP/1.1" 200 16871
172.22.2.4 - - [16/Aug/2022:06:23:58 -0500] "GET /BLA/boletinlegal/images/pdf.gif HTTP/1.1" 200 567
172.22.2.4 - - [16/Aug/2022:06:23:58 -0500] "GET /BLA/boletinlegal/images/background.gif HTTP/1.1" 200 -
172.22.2.4 - - [16/Aug/2022:06:24:10 -0500] "GET /BLA/boletinlegal/conceptos/2022/33.pdf HTTP/1.1" 404 1334
172.22.2.4 - - [16/Aug/2022:06:24:19 -0500] "GET /BLA/boletinlegal/js/jquery.js HTTP/1.1" 200 57254
172.22.2.4 - - [16/Aug/2022:06:24:19 -0500] "GET /BLA/boletinlegal/js/jquery.scrollTo-min.js HTTP/1.1" 200 1150
172.22.2.4 - - [16/Aug/2022:06:24:19 -0500] "GET /BLA/boletinlegal/js/jquery.scrollShow.js HTTP/1.1" 200 4586
172.22.2.4 - - [16/Aug/2022:06:24:19 -0500] "GET /BLA/boletinlegal/images/arr_l.jpg HTTP/1.1" 200 1979
172.22.2.4 - - [16/Aug/2022:06:24:19 -0500] "GET /BLA/boletinlegal/images/screen_1.png HTTP/1.1" 200 202547
172.22.2.4 - - [16/Aug/2022:06:24:19 -0500] "GET /BLA/boletinlegal/images/launch.jpg HTTP/1.1" 200 14577
172.22.2.4 - - [16/Aug/2022:06:24:28 -0500] "GET /BLA/boletinlegal/images/screen_2.png HTTP/1.1" 200 362502
172.22.2.4 - - [16/Aug/2022:06:24:28 -0500] "GET /BLA/boletinlegal/images/screen_3.png HTTP/1.1" 200 210620
172.22.2.4 - - [16/Aug/2022:06:24:28 -0500] "GET /BLA/boletinlegal/images/screen_5.png HTTP/1.1" 200 368876
172.22.2.4 - - [16/Aug/2022:06:24:28 -0500] "GET /BLA/boletinlegal/images/arr_r.jpg HTTP/1.1" 200 1998
172.22.2.4 - - [16/Aug/2022:06:24:40 -0500] "GET /BLA/boletinlegal/actos.php HTTP/1.1" 200 9559
172.22.2.4 - - [16/Aug/2022:06:24:41 -0500] "GET /BLA/boletinlegal/js/ajax_actos.js HTTP/1.1" 200 1322
172.22.2.4 - - [16/Aug/2022:06:24:41 -0500] "GET /BLA/boletinlegal/js/lib.js HTTP/1.1" 200 6474
172.22.2.4 - - [16/Aug/2022:06:24:41 -0500] "GET /BLA/boletinlegal/js/popup.js HTTP/1.1" 200 1270
172.22.2.4 - - [16/Aug/2022:06:24:41 -0500] "GET /BLA/boletinlegal/js/jquery1.js HTTP/1.1" 200 29846
172.22.2.4 - - [16/Aug/2022:06:24:41 -0500] "GET /BLA/boletinlegal/images/green-yellow-blue-pink-th.png HTTP/1.1" 200 7394
172.22.2.4 - - [16/Aug/2022:06:24:44 -0500] "GET /BLA/boletinlegal/consulta_actos.php?tipo=resoluciones&no=&usuario=&sector=&fecha=2022&resuelve= HTTP/1.1" 200 346720
172.22.2.4 - - [16/Aug/2022:06:24:19 -0500] "GET /BLA/boletinlegal/index.php HTTP/1.1" 200 36811
172.22.2.4 - - [16/Aug/2022:06:24:17 -0500] "HEAD /BLA/boletinlegal/ HTTP/1.1" 200 -
172.22.2.4 - - [16/Aug/2022:06:25:07 -0500] "GET /BLA/boletinlegal/ HTTP/1.1" 200 58154
216.245.221.92 - - [16/Aug/2022:06:27:15 -0500] "HEAD / HTTP/1.1" 200 -
201.245.192.253 - - [16/Aug/2022:06:28:33 -0500] "POST /kwsrmcab/Wsrmcab  HTTP/1.1" 200 46805
201.245.192.253 - - [16/Aug/2022:06:30:17 -0500] "POST /kwsrmcab/Wsrmcab HTTP/1.1" 200 48033
201.245.192.253 - - [16/Aug/2022:06:30:21 -0500] "POST /kwsrmcab/Wsrmcab HTTP/1.1" 200 44186
172.22.2.4 - - [16/Aug/2022:06:30:07 -0500] "HEAD /BLA/boletinlegal/ HTTP/1.1" 200 -
216.245.221.92 - - [16/Aug/2022:06:32:15 -0500] "HEAD / HTTP/1.1" 200 -
172.22.2.4 - - [16/Aug/2022:06:30:57 -0500] "GET /BLA/boletinlegal/ HTTP/1.1" 200 58154
201.245.192.253 - - [16/Aug/2022:06:33:32 -0500] "POST /kwsrmcab/Wsrmcab  HTTP/1.1" 200 46805
157.55.39.170 - - [16/Aug/2022:06:35:05 -0500] "-" 408 -
216.245.221.92 - - [16/Aug/2022:06:37:15 -0500] "HEAD / HTTP/1.1" 200 -
172.22.2.4 - - [16/Aug/2022:06:35:57 -0500] "HEAD /BLA/boletinlegal/ HTTP/1.1" 200 -
172.22.2.4 - - [16/Aug/2022:06:36:47 -0500] "GET /BLA/boletinlegal/ HTTP/1.1" 200 55211
201.245.192.253 - - [16/Aug/2022:06:38:31 -0500] "POST /kwsrmcab/Wsrmcab  HTTP/1.1" 200 46805
185.119.81.98 - - [16/Aug/2022:06:39:45 -0500] "GET /portaldeninos/wp-login.php HTTP/1.1" 200 2592
185.119.81.98 - - [16/Aug/2022:06:39:46 -0500] "POST /portaldeninos/wp-login.php HTTP/1.1" 200 3605
201.245.192.253 - - [16/Aug/2022:06:40:18 -0500] "POST /kwsrmcab/Wsrmcab HTTP/1.1" 200 48033
201.245.192.253 - - [16/Aug/2022:06:40:22 -0500] "POST /kwsrmcab/Wsrmcab HTTP/1.1" 200 44186
216.245.221.92 - - [16/Aug/2022:06:42:15 -0500] "HEAD / HTTP/1.1" 200 -
157.55.39.84 - - [16/Aug/2022:06:42:47 -0500] "GET /BLA/resoluciones/AUTOS%202022/2064.pdf HTTP/1.1" 200 422498
172.22.2.4 - - [16/Aug/2022:06:41:47 -0500] "HEAD /BLA/boletinlegal/ HTTP/1.1" 200 -
201.245.192.253 - - [16/Aug/2022:06:43:29 -0500] "POST /kwsrmcab/Wsrmcab  HTTP/1.1" 200 46805
172.22.2.4 - - [16/Aug/2022:06:42:37 -0500] "GET /BLA/boletinlegal/ HTTP/1.1" 200 58154
172.22.2.4 - - [16/Aug/2022:06:45:47 -0500] "GET /BLA/boletinlegal/jurisprudencia/analisis/AnalisisC-035-16.docx HTTP/1.1" 200 25011
216.245.221.92 - - [16/Aug/2022:06:47:14 -0500] "HEAD / HTTP/1.1" 200 -
201.245.192.253 - - [16/Aug/2022:06:48:27 -0500] "POST /kwsrmcab/Wsrmcab  HTTP/1.1" 200 46805
172.22.2.4 - - [16/Aug/2022:06:47:37 -0500] "HEAD /BLA/boletinlegal/ HTTP/1.1" 200 -
172.22.2.4 - - [16/Aug/2022:06:48:27 -0500] "GET /BLA/boletinlegal/ HTTP/1.1" 200 60272
216.245.221.92 - - [16/Aug/2022:06:52:14 -0500] "HEAD / HTTP/1.1" 200 -
186.30.14.33 - - [16/Aug/2022:06:52:40 -0500] "GET /negocios-verdes-en-bogota-conoce-cuales-son-y-donde-encontrarlos.html HTTP/1.1" 206 869
186.30.14.33 - - [16/Aug/2022:06:52:40 -0500] "GET /images/negocios-verdes_optimized.jpeg HTTP/1.1" 206 77953
201.245.192.253 - - [16/Aug/2022:06:53:26 -0500] "POST /kwsrmcab/Wsrmcab  HTTP/1.1" 200 46805
186.30.14.33 - - [16/Aug/2022:06:54:06 -0500] "GET /negocios-verdes-en-bogota-conoce-cuales-son-y-donde-encontrarlos.html HTTP/1.1" 206 869
186.30.14.33 - - [16/Aug/2022:06:54:06 -0500] "GET /images/negocios-verdes_optimized.jpeg HTTP/1.1" 206 77953
34.90.205.15 - - [16/Aug/2022:06:55:06 -0500] "GET / HTTP/1.1" 200 319
172.22.2.4 - - [16/Aug/2022:06:53:27 -0500] "HEAD /BLA/boletinlegal/ HTTP/1.1" 200 -
191.95.58.231 - - [16/Aug/2022:06:55:22 -0500] "GET /negocios-verdes-en-bogota-conoce-cuales-son-y-donde-encontrarlos.html HTTP/1.1" 200 869
172.22.2.4 - - [16/Aug/2022:06:54:17 -0500] "GET /BLA/boletinlegal/ HTTP/1.1" 200 54814
172.22.2.4 - - [16/Aug/2022:06:54:36 -0500] "GET /BLA/boletinlegal/ HTTP/1.1" 200 56005
172.22.2.4 - - [16/Aug/2022:06:56:42 -0500] "GET /BLA/boletinlegal/Directivas/2019/Directiva%20No.%200001%20del%2011%20de%20junio%20de%202019.pdf HTTP/1.1" 304 -
216.245.221.92 - - [16/Aug/2022:06:57:14 -0500] "HEAD / HTTP/1.1" 200 -
201.245.192.253 - - [16/Aug/2022:06:58:25 -0500] "POST /kwsrmcab/Wsrmcab  HTTP/1.1" 200 46805
186.30.14.33 - - [16/Aug/2022:06:58:53 -0500] "GET /negocios-verdes-en-bogota-conoce-cuales-son-y-donde-encontrarlos.html HTTP/1.1" 206 869
186.30.14.33 - - [16/Aug/2022:06:58:53 -0500] "GET /images/negocios-verdes_optimized.jpeg HTTP/1.1" 206 77953
156.96.154.202 - - [16/Aug/2022:06:59:09 -0500] "GET / HTTP/1.1" 200 319
156.96.154.202 - - [16/Aug/2022:06:59:25 -0500] "GET / HTTP/1.1" 200 319
156.96.154.202 - - [16/Aug/2022:06:59:41 -0500] "GET /wp-includes/wlwmanifest.xml HTTP/1.1" 404 1018
156.96.154.202 - - [16/Aug/2022:06:59:57 -0500] "GET /xmlrpc.php?rsd HTTP/1.1" 404 1018
156.96.154.202 - - [16/Aug/2022:07:00:12 -0500] "GET / HTTP/1.1" 200 319
201.150.177.104 - - [16/Aug/2022:07:00:38 -0500] "GET / HTTP/1.1" 200 319
201.150.177.104 - - [16/Aug/2022:07:00:38 -0500] "GET /boaform/admin/formLogin?username=admin&psd=admin HTTP/1.0" 404 1019
156.96.154.202 - - [16/Aug/2022:07:00:28 -0500] "GET /blog/wp-includes/wlwmanifest.xml HTTP/1.1" 404 1018
172.22.2.4 - - [16/Aug/2022:06:59:17 -0500] "HEAD /BLA/boletinlegal/ HTTP/1.1" 200 -
156.96.154.202 - - [16/Aug/2022:07:00:44 -0500] "GET /web/wp-includes/wlwmanifest.xml HTTP/1.1" 404 1018
156.96.154.202 - - [16/Aug/2022:07:00:59 -0500] "GET /wordpress/wp-includes/wlwmanifest.xml HTTP/1.1" 404 1018
156.96.154.202 - - [16/Aug/2022:07:01:15 -0500] "GET /website/wp-includes/wlwmanifest.xml HTTP/1.1" 404 1018
156.96.154.202 - - [16/Aug/2022:07:01:31 -0500] "GET /wp/wp-includes/wlwmanifest.xml HTTP/1.1" 404 1018
172.22.2.4 - - [16/Aug/2022:07:00:07 -0500] "GET /BLA/boletinlegal/ HTTP/1.1" 200 59819
40.77.167.31 - - [16/Aug/2022:07:01:53 -0500] "GET /SIIPEV/Diseno%20de%20Elementos%20de%20Mobiliario%20Urbano/Registros/RegistrosNegados.html? HTTP/1.1" 200 18569
156.96.154.202 - - [16/Aug/2022:07:01:47 -0500] "GET /news/wp-includes/wlwmanifest.xml HTTP/1.1" 404 1018
216.245.221.92 - - [16/Aug/2022:07:02:14 -0500] "HEAD / HTTP/1.1" 200 -
156.96.154.202 - - [16/Aug/2022:07:02:02 -0500] "GET /2018/wp-includes/wlwmanifest.xml HTTP/1.1" 404 1018
156.96.154.202 - - [16/Aug/2022:07:02:18 -0500] "GET /2019/wp-includes/wlwmanifest.xml HTTP/1.1" 404 1018
156.96.154.202 - - [16/Aug/2022:07:02:34 -0500] "GET /shop/wp-includes/wlwmanifest.xml HTTP/1.1" 404 1018
156.96.154.202 - - [16/Aug/2022:07:02:49 -0500] "GET /wp1/wp-includes/wlwmanifest.xml HTTP/1.1" 404 1018
156.96.154.202 - - [16/Aug/2022:07:03:05 -0500] "GET /test/wp-includes/wlwmanifest.xml HTTP/1.1" 404 1018
201.245.192.253 - - [16/Aug/2022:07:03:24 -0500] "POST /kwsrmcab/Wsrmcab  HTTP/1.1" 200 46805
156.96.154.202 - - [16/Aug/2022:07:03:21 -0500] "GET /media/wp-includes/wlwmanifest.xml HTTP/1.1" 404 1018
156.96.154.202 - - [16/Aug/2022:07:03:37 -0500] "GET /wp2/wp-includes/wlwmanifest.xml HTTP/1.1" 404 1018
156.96.154.202 - - [16/Aug/2022:07:03:52 -0500] "GET /site/wp-includes/wlwmanifest.xml HTTP/1.1" 404 1018
181.61.148.86 - - [16/Aug/2022:07:04:09 -0500] "GET /negocios-verdes-en-bogota-conoce-cuales-son-y-donde-encontrarlos.html HTTP/1.1" 200 869
156.96.154.202 - - [16/Aug/2022:07:04:08 -0500] "GET /cms/wp-includes/wlwmanifest.xml HTTP/1.1" 404 1018
185.119.81.105 - - [16/Aug/2022:07:05:24 -0500] "GET /portaldeninos/wp-login.php HTTP/1.1" 200 2592
185.119.81.105 - - [16/Aug/2022:07:05:25 -0500] "POST /portaldeninos/wp-login.php HTTP/1.1" 200 3670
172.22.2.4 - - [16/Aug/2022:07:05:07 -0500] "HEAD /BLA/boletinlegal/ HTTP/1.1" 200 -
216.245.221.92 - - [16/Aug/2022:07:07:14 -0500] "HEAD / HTTP/1.1" 200 -
172.22.2.4 - - [16/Aug/2022:07:05:57 -0500] "GET /BLA/boletinlegal/ HTTP/1.1" 200 58566
201.245.192.253 - - [16/Aug/2022:07:08:23 -0500] "POST /kwsrmcab/Wsrmcab  HTTP/1.1" 200 46805
216.245.221.92 - - [16/Aug/2022:07:12:14 -0500] "HEAD / HTTP/1.1" 200 -
172.22.2.4 - - [16/Aug/2022:07:10:57 -0500] "HEAD /BLA/boletinlegal/ HTTP/1.1" 200 -
201.245.192.253 - - [16/Aug/2022:07:13:23 -0500] "POST /kwsrmcab/Wsrmcab  HTTP/1.1" 200 46805
172.22.2.4 - - [16/Aug/2022:07:11:47 -0500] "GET /BLA/boletinlegal/ HTTP/1.1" 200 54347
157.55.39.102 - - [16/Aug/2022:07:15:30 -0500] "GET /portaldeninos/wp-content/uploads/2021/07/Banners-p%C3%A1gina-de-ni%C3%B1os10.jpg HTTP/1.1" 404 75240
108.174.5.112 - - [16/Aug/2022:07:16:13 -0500] "GET /negocios-verdes-en-bogota-conoce-cuales-son-y-donde-encontrarlos.html HTTP/1.1" 206 869
108.174.5.123 - - [16/Aug/2022:07:16:14 -0500] "GET /images/negocios-verdes_optimized.jpeg HTTP/1.1" 200 77953
207.46.13.188 - - [16/Aug/2022:07:16:28 -0500] "GET /BLA/resoluciones/AUTOS%202022/0397.pdf HTTP/1.1" 304 -
108.174.5.112 - - [16/Aug/2022:07:16:47 -0500] "GET /negocios-verdes-en-bogota-conoce-cuales-son-y-donde-encontrarlos.html HTTP/1.1" 206 869
201.245.192.253 - - [16/Aug/2022:07:17:11 -0500] "GET /sia/ HTTP/1.1" 200 2661
201.245.192.253 - - [16/Aug/2022:07:17:11 -0500] "GET /css/date_blue.css HTTP/1.1" 404 1254
201.245.192.253 - - [16/Aug/2022:07:17:11 -0500] "GET /css/bordes.css HTTP/1.1" 404 1254
201.245.192.253 - - [16/Aug/2022:07:17:11 -0500] "GET /css/fondos.css HTTP/1.1" 404 1254
201.245.192.253 - - [16/Aug/2022:07:17:11 -0500] "GET /css/textos.css HTTP/1.1" 404 1254
216.245.221.92 - - [16/Aug/2022:07:17:14 -0500] "HEAD / HTTP/1.1" 200 -
157.55.39.84 - - [16/Aug/2022:07:17:15 -0500] "GET /POT-2013/Cartografia/Anexo01_Sistema_Hidrico.pdf HTTP/1.1" 304 -
40.77.139.28 - - [16/Aug/2022:07:17:46 -0500] "GET /SIIPEV/Diseno%20de%20Elementos%20de%20Mobiliario%20Urbano/Registros/css/dataTables.bootstrap.css HTTP/1.1" 200 7679
40.77.139.28 - - [16/Aug/2022:07:17:46 -0500] "GET /SIIPEV/Diseno%20de%20Elementos%20de%20Mobiliario%20Urbano/Registros/css/bootstrap.min.css HTTP/1.1" 200 113504
40.77.139.28 - - [16/Aug/2022:07:17:46 -0500] "GET /SIIPEV/Diseno%20de%20Elementos%20de%20Mobiliario%20Urbano/Registros/js/jquery.min.js HTTP/1.1" 200 95786
40.77.139.28 - - [16/Aug/2022:07:17:46 -0500] "GET /SIIPEV/Diseno%20de%20Elementos%20de%20Mobiliario%20Urbano/Registros/js/bootstrap.min.js HTTP/1.1" 200 35601
40.77.139.28 - - [16/Aug/2022:07:17:46 -0500] "GET /SIIPEV/Diseno%20de%20Elementos%20de%20Mobiliario%20Urbano/Registros/js/jquery.dataTables.min.js HTTP/1.1" 200 78766
40.77.139.28 - - [16/Aug/2022:07:17:46 -0500] "GET /SIIPEV/Diseno%20de%20Elementos%20de%20Mobiliario%20Urbano/Registros/js/dataTables.bootstrap.js HTTP/1.1" 200 4287
40.77.139.28 - - [16/Aug/2022:07:17:47 -0500] "GET /SIIPEV/Diseno%20de%20Elementos%20de%20Mobiliario%20Urbano/Registros/images/sort_both.html HTTP/1.1" 200 1236
40.77.139.28 - - [16/Aug/2022:07:17:47 -0500] "GET /SIIPEV/Diseno%20de%20Elementos%20de%20Mobiliario%20Urbano/Registros/images/sort_asc.html HTTP/1.1" 200 1236
199.16.157.181 - - [16/Aug/2022:07:18:18 -0500] "GET /una-mujer-que-trabaja-por-la-equidad-de-genero-y-la-proteccion-del-ambiente-asi-es-amanda-rodriguez.html HTTP/1.1" 200 935
199.16.157.181 - - [16/Aug/2022:07:18:18 -0500] "GET /images/cronica-amanda-rodriguez-30-abril.jpg HTTP/1.1" 200 26304
201.245.192.253 - - [16/Aug/2022:07:18:22 -0500] "POST /kwsrmcab/Wsrmcab  HTTP/1.1" 200 46805
172.22.2.4 - - [16/Aug/2022:07:16:46 -0500] "HEAD /BLA/boletinlegal/ HTTP/1.1" 200 -
185.119.81.105 - - [16/Aug/2022:07:18:35 -0500] "GET /portaldeninos/wp-login.php HTTP/1.1" 200 2592
185.119.81.105 - - [16/Aug/2022:07:18:36 -0500] "POST /portaldeninos/wp-login.php HTTP/1.1" 200 3670
172.22.2.4 - - [16/Aug/2022:07:17:37 -0500] "GET /BLA/boletinlegal/ HTTP/1.1" 200 55621
201.245.192.253 - - [16/Aug/2022:07:20:18 -0500] "POST /kwsrmcab/Wsrmcab HTTP/1.1" 200 48042
201.245.192.253 - - [16/Aug/2022:07:20:22 -0500] "POST /kwsrmcab/Wsrmcab HTTP/1.1" 200 44183
216.245.221.92 - - [16/Aug/2022:07:22:14 -0500] "HEAD / HTTP/1.1" 200 -
200.118.62.255 - - [16/Aug/2022:07:22:17 -0500] "GET /catalogoisis/ HTTP/1.1" 200 8575
200.118.62.255 - - [16/Aug/2022:07:22:18 -0500] "GET /catalogoisis/Css/Busqueda.css HTTP/1.1" 200 1995
200.118.62.255 - - [16/Aug/2022:07:22:18 -0500] "GET /catalogoisis/Js/Cookies.js HTTP/1.1" 200 1369
200.118.62.255 - - [16/Aug/2022:07:22:18 -0500] "GET /catalogoisis/Js/AceptarLimpiar.js HTTP/1.1" 200 331
200.118.62.255 - - [16/Aug/2022:07:22:18 -0500] "GET /catalogoisis/Js/CriterioCombinada.js HTTP/1.1" 200 1843
200.118.62.255 - - [16/Aug/2022:07:22:18 -0500] "GET /catalogoisis/Js/Remote.js HTTP/1.1" 200 436
200.118.62.255 - - [16/Aug/2022:07:22:18 -0500] "GET /catalogoisis/Js/LimpiarCombinada.js HTTP/1.1" 200 207
200.118.62.255 - - [16/Aug/2022:07:22:18 -0500] "GET /catalogoisis/Js/Go.js HTTP/1.1" 200 364
200.118.62.255 - - [16/Aug/2022:07:22:18 -0500] "GET /catalogoisis/Js/Numero.js HTTP/1.1" 200 398
200.118.62.255 - - [16/Aug/2022:07:22:18 -0500] "GET /catalogoisis/Js/Enter.js HTTP/1.1" 200 1208
173.231.60.194 - - [16/Aug/2022:07:22:19 -0500] "GET /BLA/resoluciones/index.php?dir=RESOLUCIONES%201996%2F HTTP/1.1" 200 8967
200.118.62.255 - - [16/Aug/2022:07:22:20 -0500] "GET /catalogoisis/imagenes/Turnbo1.gif HTTP/1.1" 200 227
200.118.62.255 - - [16/Aug/2022:07:22:20 -0500] "GET /catalogoisis/imagenes/limpiar1.gif HTTP/1.1" 200 606
200.118.62.255 - - [16/Aug/2022:07:22:20 -0500] "GET /catalogoisis/imagenes/br1c1.gif HTTP/1.1" 200 172
200.118.62.255 - - [16/Aug/2022:07:22:20 -0500] "GET /catalogoisis/imagenes/br1c3.gif HTTP/1.1" 200 302
200.118.62.255 - - [16/Aug/2022:07:22:20 -0500] "GET /catalogoisis/imagenes/aceptar1.gif HTTP/1.1" 200 604
200.118.62.255 - - [16/Aug/2022:07:22:20 -0500] "GET /catalogoisis/imagenes/br1c2.gif HTTP/1.1" 200 297
200.118.62.255 - - [16/Aug/2022:07:22:20 -0500] "GET /catalogoisis/imagenes/br2c2.gif HTTP/1.1" 200 302
200.118.62.255 - - [16/Aug/2022:07:22:20 -0500] "GET /catalogoisis/imagenes/br2c1.gif HTTP/1.1" 200 297
200.118.62.255 - - [16/Aug/2022:07:22:20 -0500] "GET /catalogoisis/imagenes/br3c3.gif HTTP/1.1" 200 186
200.118.62.255 - - [16/Aug/2022:07:22:20 -0500] "GET /catalogoisis/imagenes/br2c3.gif HTTP/1.1" 200 416
200.118.62.255 - - [16/Aug/2022:07:22:20 -0500] "GET /catalogoisis/imagenes/br3c1.gif HTTP/1.1" 200 177
200.118.62.255 - - [16/Aug/2022:07:22:20 -0500] "GET /catalogoisis/imagenes/br3c2.gif HTTP/1.1" 200 285
200.118.62.255 - - [16/Aug/2022:07:22:20 -0500] "GET /catalogoisis/imagenes/Header.gif HTTP/1.1" 200 30313
200.118.62.255 - - [16/Aug/2022:07:22:20 -0500] "GET /favicon.ico HTTP/1.1" 200 7782
173.231.60.194 - - [16/Aug/2022:07:22:28 -0500] "GET /BLA/resoluciones/index.php?dir=RESOLUCIONES%201997%2F HTTP/1.1" 200 16815
173.231.60.194 - - [16/Aug/2022:07:22:35 -0500] "GET /BLA/resoluciones/index.php?dir=RESOLUCIONES%201998%2F HTTP/1.1" 200 13225
173.231.60.194 - - [16/Aug/2022:07:22:45 -0500] "GET /BLA/resoluciones/index.php?dir=RESOLUCIONES%201999%2F HTTP/1.1" 200 10377
173.231.60.194 - - [16/Aug/2022:07:22:53 -0500] "GET /BLA/resoluciones/index.php?dir=RESOLUCIONES%202000%2F HTTP/1.1" 200 27659
173.231.60.194 - - [16/Aug/2022:07:23:06 -0500] "GET /BLA/resoluciones/index.php?dir=RESOLUCIONES%202001%2F HTTP/1.1" 200 24983
173.231.60.194 - - [16/Aug/2022:07:23:15 -0500] "GET /BLA/resoluciones/index.php?dir=RESOLUCIONES%202002%2F HTTP/1.1" 200 24571
201.245.192.253 - - [16/Aug/2022:07:23:21 -0500] "POST /kwsrmcab/Wsrmcab  HTTP/1.1" 200 46805
173.231.60.194 - - [16/Aug/2022:07:23:27 -0500] "GET /BLA/resoluciones/index.php?dir=RESOLUCIONES%202003%2F HTTP/1.1" 200 31404
173.231.60.194 - - [16/Aug/2022:07:23:37 -0500] "GET /BLA/resoluciones/index.php?dir=RESOLUCIONES%202004%2F HTTP/1.1" 200 31994
173.231.60.194 - - [16/Aug/2022:07:23:50 -0500] "GET /BLA/resoluciones/index.php?dir=RESOLUCIONES%202005%2F HTTP/1.1" 200 49518
172.22.2.4 - - [16/Aug/2022:07:22:37 -0500] "HEAD /BLA/boletinlegal/ HTTP/1.1" 200 -
207.46.13.11 - - [16/Aug/2022:07:24:19 -0500] "GET /BLA/resoluciones/AUTOS%202022/2557.pdf HTTP/1.1" 200 382277
172.22.2.4 - - [16/Aug/2022:07:23:27 -0500] "GET /BLA/boletinlegal/ HTTP/1.1" 200 60865
200.118.62.255 - - [16/Aug/2022:07:25:22 -0500] "GET /catalogoisis/ HTTP/1.1" 200 8575
216.245.221.92 - - [16/Aug/2022:07:27:14 -0500] "HEAD / HTTP/1.1" 200 -
201.245.192.253 - - [16/Aug/2022:07:28:22 -0500] "POST /kwsrmcab/Wsrmcab  HTTP/1.1" 200 46805
157.55.39.108 - - [16/Aug/2022:07:29:37 -0500] "GET /portaldeninos/2021/06/06/ciudadanos-disfrutaron-del-tunel-ambiental-en-el-parque-de-los-novios/ HTTP/1.1" 200 105118
157.55.39.102 - - [16/Aug/2022:07:29:50 -0500] "GET /portaldeninos/wp-content/themes/betheme/assets/jplayer/jplayer.min.js?ver=20.9.6 HTTP/1.1" 200 52702
157.55.39.102 - - [16/Aug/2022:07:29:53 -0500] "GET /portaldeninos/wp-content/themes/betheme/js/plugins.js?ver=20.9.6 HTTP/1.1" 200 197151
157.55.39.108 - - [16/Aug/2022:07:29:56 -0500] "GET /portaldeninos/wp-content/themes/betheme/assets/animations/animations.min.js?ver=20.9.6 HTTP/1.1" 200 1896
157.55.39.102 - - [16/Aug/2022:07:29:56 -0500] "GET /portaldeninos/wp-includes/js/jquery/ui/sortable.min.js?ver=1.11.4 HTTP/1.1" 200 24899
157.55.39.50 - - [16/Aug/2022:07:29:56 -0500] "GET /portaldeninos/wp-content/themes/betheme/assets/animations/animations.min.css?ver=20.9.6 HTTP/1.1" 200 58508
157.55.39.50 - - [16/Aug/2022:07:29:59 -0500] "GET /portaldeninos/wp-includes/js/jquery/ui/accordion.min.js?ver=1.11.4 HTTP/1.1" 200 8584
157.55.39.102 - - [16/Aug/2022:07:29:59 -0500] "GET /portaldeninos/wp-includes/js/wp-emoji-release.min.js?ver=4.9.8 HTTP/1.1" 200 12026
157.55.39.108 - - [16/Aug/2022:07:29:58 -0500] "GET /portaldeninos/wp-content/themes/betheme/css/shortcodes.css?ver=20.9.6 HTTP/1.1" 200 138889
207.46.13.148 - - [16/Aug/2022:07:30:00 -0500] "GET /portaldeninos/wp-content/plugins/gallery-videos/CSS/Total-Soft-Gallery-Video-Widget.css?ver=4.9.8 HTTP/1.1" 200 51554
157.55.39.108 - - [16/Aug/2022:07:30:01 -0500] "GET /portaldeninos/wp-content/themes/betheme/style.css?ver=20.9.6 HTTP/1.1" 200 287
157.55.39.145 - - [16/Aug/2022:07:30:02 -0500] "GET /portaldeninos/wp-content/themes/betheme/js/menu.js?ver=20.9.6 HTTP/1.1" 200 2449
157.55.39.50 - - [16/Aug/2022:07:30:02 -0500] "GET /portaldeninos/wp-includes/js/wp-embed.min.js?ver=4.9.8 HTTP/1.1" 200 1398
207.46.13.148 - - [16/Aug/2022:07:30:02 -0500] "GET /portaldeninos/wp-content/plugins/gallery-videos/JS/modernizr.custom.js?ver=4.9.8 HTTP/1.1" 200 9019
157.55.39.108 - - [16/Aug/2022:07:30:04 -0500] "GET /portaldeninos/wp-includes/js/jquery/ui/core.min.js?ver=1.11.4 HTTP/1.1" 200 4000
157.55.39.145 - - [16/Aug/2022:07:30:04 -0500] "GET /portaldeninos/wp-includes/js/jquery/ui/mouse.min.js?ver=1.11.4 HTTP/1.1" 200 3148
207.46.13.50 - - [16/Aug/2022:07:30:04 -0500] "GET /portaldeninos/wp-content/plugins/gallery-videos/CSS/totalsoft.css?ver=4.9.8 HTTP/1.1" 200 40622
207.46.13.148 - - [16/Aug/2022:07:30:05 -0500] "GET /portaldeninos/wp-content/themes/betheme/assets/jplayer/css/jplayer.blue.monday.css?ver=20.9.6 HTTP/1.1" 200 9834
172.22.2.4 - - [16/Aug/2022:07:28:26 -0500] "HEAD /BLA/boletinlegal/ HTTP/1.1" 200 -
207.46.13.50 - - [16/Aug/2022:07:30:07 -0500] "GET /portaldeninos/wp-content/themes/betheme/assets/ui/jquery.ui.all.css?ver=20.9.6 HTTP/1.1" 200 18765
157.55.39.145 - - [16/Aug/2022:07:30:07 -0500] "GET /portaldeninos/wp-includes/js/jquery/ui/tabs.min.js?ver=1.11.4 HTTP/1.1" 200 12110
207.46.13.148 - - [16/Aug/2022:07:30:08 -0500] "GET /portaldeninos/wp-content/themes/betheme/css/base.css?ver=20.9.6 HTTP/1.1" 200 57283
157.55.39.145 - - [16/Aug/2022:07:30:10 -0500] "GET /portaldeninos/wp-includes/js/jquery/ui/widget.min.js?ver=1.11.4 HTTP/1.1" 200 6908
207.46.13.50 - - [16/Aug/2022:07:30:10 -0500] "GET /portaldeninos/wp-content/themes/betheme/css/layout.css?ver=20.9.6 HTTP/1.1" 200 116639
207.46.13.148 - - [16/Aug/2022:07:30:11 -0500] "GET /portaldeninos/wp-content/themes/betheme/css/responsive.css?ver=20.9.6 HTTP/1.1" 200 55740
207.46.13.50 - - [16/Aug/2022:07:30:13 -0500] "GET /portaldeninos/wp-content/themes/betheme/js/scripts.js?ver=20.9.6 HTTP/1.1" 200 77162
207.46.13.148 - - [16/Aug/2022:07:30:14 -0500] "GET /portaldeninos/wp-includes/js/comment-reply.min.js?ver=4.9.8 HTTP/1.1" 200 1078
207.46.13.50 - - [16/Aug/2022:07:30:17 -0500] "GET /portaldeninos/wp-content/uploads/useanyfont/uaf.css?ver=1589905315 HTTP/1.1" 200 408
207.46.13.148 - - [16/Aug/2022:07:30:17 -0500] "GET /portaldeninos/wp-includes/js/jquery/jquery-migrate.min.js?ver=1.4.1 HTTP/1.1" 200 10056
207.46.13.50 - - [16/Aug/2022:07:30:20 -0500] "GET /portaldeninos/wp-includes/js/jquery/jquery.js?ver=1.12.4 HTTP/1.1" 200 97184
201.245.192.253 - - [16/Aug/2022:07:30:17 -0500] "POST /kwsrmcab/Wsrmcab HTTP/1.1" 200 48042
201.245.192.253 - - [16/Aug/2022:07:30:21 -0500] "POST /kwsrmcab/Wsrmcab HTTP/1.1" 200 44183
172.22.2.4 - - [16/Aug/2022:07:29:17 -0500] "GET /BLA/boletinlegal/ HTTP/1.1" 200 53994
201.245.192.253 - - [16/Aug/2022:07:31:14 -0500] "GET /sipse/faces/index.xhtml HTTP/1.1" 200 677
201.245.192.253 - - [16/Aug/2022:07:31:14 -0500] "GET /sipse/faces/javax.faces.resource/theme.css?ln=primefaces-sipse HTTP/1.1" 304 -
201.245.192.253 - - [16/Aug/2022:07:31:14 -0500] "GET /sipse/faces/faces/autenticacion.xhtml HTTP/1.1" 200 12171
201.245.192.253 - - [16/Aug/2022:07:31:14 -0500] "GET /sipse/faces/javax.faces.resource/theme.css?ln=primefaces-sipse HTTP/1.1" 304 -
201.245.192.253 - - [16/Aug/2022:07:31:14 -0500] "GET /sipse/faces/javax.faces.resource/primefaces.js?ln=primefaces&v=4.0 HTTP/1.1" 304 -
201.245.192.253 - - [16/Aug/2022:07:31:14 -0500] "GET /sipse/faces/javax.faces.resource/primefaces.css?ln=primefaces&v=4.0 HTTP/1.1" 304 -
201.245.192.253 - - [16/Aug/2022:07:31:14 -0500] "GET /sipse/faces/javax.faces.resource/jquery/jquery.js?ln=primefaces&v=4.0 HTTP/1.1" 304 -
201.245.192.253 - - [16/Aug/2022:07:31:14 -0500] "GET /sipse/faces/javax.faces.resource/layout/layout.css?ln=primefaces&v=4.0 HTTP/1.1" 304 -
201.245.192.253 - - [16/Aug/2022:07:31:14 -0500] "GET /sipse/faces/javax.faces.resource/jquery/jquery-plugins.js?ln=primefaces&v=4.0 HTTP/1.1" 304 -
201.245.192.253 - - [16/Aug/2022:07:31:14 -0500] "GET /sipse/faces/javax.faces.resource/layout/layout.js?ln=primefaces&v=4.0 HTTP/1.1" 304 -
201.245.192.253 - - [16/Aug/2022:07:31:14 -0500] "GET /sipse/faces/javax.faces.resource/images/ui-icons_898989_256x240.png?ln=primefaces-aristo HTTP/1.1" 304 -
201.245.192.253 - - [16/Aug/2022:07:31:23 -0500] "POST /sipse/faces/autenticacion.xhtml HTTP/1.1" 200 11165
201.245.192.253 - - [16/Aug/2022:07:31:23 -0500] "GET /sipse/faces/javax.faces.resource/theme.css?ln=primefaces-sipse HTTP/1.1" 304 -
201.245.192.253 - - [16/Aug/2022:07:31:23 -0500] "GET /sipse/faces/javax.faces.resource/primefaces.css?ln=primefaces&v=4.0 HTTP/1.1" 304 -
201.245.192.253 - - [16/Aug/2022:07:31:23 -0500] "GET /sipse/faces/javax.faces.resource/layout/layout.css?ln=primefaces&v=4.0 HTTP/1.1" 304 -
201.245.192.253 - - [16/Aug/2022:07:31:23 -0500] "GET /sipse/faces/javax.faces.resource/jquery/jquery.js?ln=primefaces&v=4.0 HTTP/1.1" 304 -
201.245.192.253 - - [16/Aug/2022:07:31:23 -0500] "GET /sipse/faces/javax.faces.resource/jquery/jquery-plugins.js?ln=primefaces&v=4.0 HTTP/1.1" 304 -
201.245.192.253 - - [16/Aug/2022:07:31:23 -0500] "GET /sipse/faces/javax.faces.resource/primefaces.js?ln=primefaces&v=4.0 HTTP/1.1" 304 -
201.245.192.253 - - [16/Aug/2022:07:31:23 -0500] "GET /sipse/faces/javax.faces.resource/layout/layout.js?ln=primefaces&v=4.0 HTTP/1.1" 304 -
201.245.192.253 - - [16/Aug/2022:07:31:23 -0500] "GET /sipse/faces/javax.faces.resource/messages/messages.png?ln=primefaces&v=4.0 HTTP/1.1" 304 -
201.245.192.253 - - [16/Aug/2022:07:31:27 -0500] "POST /sipse/faces/presentacion/sistema/seguridad/seleccionRol.xhtml HTTP/1.1" 200 5600
201.245.192.253 - - [16/Aug/2022:07:31:28 -0500] "POST /sipse/faces/presentacion/sistema/seguridad/seleccionRol.xhtml HTTP/1.1" 200 17510
201.245.192.253 - - [16/Aug/2022:07:31:28 -0500] "GET /sipse/faces/javax.faces.resource/layout/layout.css?ln=primefaces&v=4.0 HTTP/1.1" 304 -
201.245.192.253 - - [16/Aug/2022:07:31:28 -0500] "GET /sipse/faces/javax.faces.resource/primefaces.css?ln=primefaces&v=4.0 HTTP/1.1" 304 -
201.245.192.253 - - [16/Aug/2022:07:31:28 -0500] "GET /sipse/faces/javax.faces.resource/theme.css?ln=primefaces-sipse HTTP/1.1" 304 -
201.245.192.253 - - [16/Aug/2022:07:31:28 -0500] "GET /sipse/faces/javax.faces.resource/jquery/jquery.js?ln=primefaces&v=4.0 HTTP/1.1" 304 -
201.245.192.253 - - [16/Aug/2022:07:31:28 -0500] "GET /sipse/faces/javax.faces.resource/jquery/jquery-plugins.js?ln=primefaces&v=4.0 HTTP/1.1" 304 -
201.245.192.253 - - [16/Aug/2022:07:31:28 -0500] "GET /sipse/faces/javax.faces.resource/primefaces.js?ln=primefaces&v=4.0 HTTP/1.1" 304 -
201.245.192.253 - - [16/Aug/2022:07:31:28 -0500] "GET /sipse/faces/javax.faces.resource/layout/layout.js?ln=primefaces&v=4.0 HTTP/1.1" 304 -
201.245.192.253 - - [16/Aug/2022:07:31:28 -0500] "GET /sipse/css/imagen/contrasena.png HTTP/1.1" 404 383
201.245.192.253 - - [16/Aug/2022:07:31:31 -0500] "GET /sipse/faces/javax.faces.resource/images/ui-bg_flat_0_2d5972_40x100.png?ln=primefaces-aristo HTTP/1.1" 304 -
201.245.192.253 - - [16/Aug/2022:07:31:31 -0500] "POST /sipse/faces/bienvenido.xhtml HTTP/1.1" 200 3843
201.245.192.253 - - [16/Aug/2022:07:31:32 -0500] "POST /sipse/faces/bienvenido.xhtml HTTP/1.1" 200 35485
201.245.192.253 - - [16/Aug/2022:07:31:32 -0500] "GET /sipse/faces/javax.faces.resource/theme.css?ln=primefaces-sipse HTTP/1.1" 304 -
201.245.192.253 - - [16/Aug/2022:07:31:32 -0500] "GET /sipse/faces/javax.faces.resource/layout/layout.css?ln=primefaces&v=4.0 HTTP/1.1" 304 -
