186.102.12.36 - - [16/Aug/2022:22:41:55 -0500] "GET /kwssiamovil/sm/acme/a?s=U2FsdGVkX1/z2LIHrrg8wsDVI5Dg85MRsCp268uai9uVZUSYyH2Dn0VOh9ivyDO7ONEbjKv5hg7bAFCzuJ20BGQjsQwp4Zy/t1V1oSkkFStCweyHPhrSm21kcQfRwjPmwPO5u4Hcrk+n+ZM7EFybFZ0PGY4Cnx/PuJKA3UbpgCI=&u=U2FsdGVkX19NiIvMQHs30CC4OaUvfCwFxwbJXG1r8Vk6nCSL74Hemfh5Y3ZNJfjI&y=U2FsdGVkX1+2xJWE6xF7x7XQr2IZ36Q/zOcF4IO4B4fQ1VGbFUqShoXv3q8TOpts HTTP/1.1" 200 25
186.102.12.36 - - [16/Aug/2022:22:41:55 -0500] "GET /kwssiamovil/sm/acme/a?s=U2FsdGVkX1+Ao4D/VzdDImbi+a7BPrZHP/anXwXMRCtIMPOP0Kjdw/i4jfwmVHjNsP/GnGj+PhxWI3xUBsLuZxUuBlqXoF09xfrh1pQp2y/krktRSYFycV2x9Bxv4NqNrdF7+nCil5/2ChnCQBU2YH2Rm5E2FjxR2P3IkMVdytY=&u=U2FsdGVkX19NiIvMQHs30CC4OaUvfCwFxwbJXG1r8Vk6nCSL74Hemfh5Y3ZNJfjI&y=U2FsdGVkX1+2xJWE6xF7x7XQr2IZ36Q/zOcF4IO4B4fQ1VGbFUqShoXv3q8TOpts HTTP/1.1" 200 25
186.102.12.36 - - [16/Aug/2022:22:41:55 -0500] "GET /kwssiamovil/sm/acme/a?s=U2FsdGVkX197AziyYkryGbznnOFPdWzqmjsWuef3/kKWtKP2MVmFqM97DtBbrSbEmlMGN+gUa1MWalvq/bjDmsIY1akQzYqHvZXeV1O2IcYeyiF6wak0mocQIVPL2om7jJ10JbOkCrEdSifWH9jiC7oIVWkkazVdYN4K9CAM63A=&u=U2FsdGVkX19NiIvMQHs30CC4OaUvfCwFxwbJXG1r8Vk6nCSL74Hemfh5Y3ZNJfjI&y=U2FsdGVkX1+2xJWE6xF7x7XQr2IZ36Q/zOcF4IO4B4fQ1VGbFUqShoXv3q8TOpts HTTP/1.1" 200 25
186.102.12.36 - - [16/Aug/2022:22:41:56 -0500] "GET /kwssiamovil/sm/acme/a?s=U2FsdGVkX1+myQQ9wRcP2YLPcqqawoqYyubXHGTioGG+n1rzcOkjHOyetPzZvRw9vAZM130fMPFlapqdxejwZ013dswQXVpwWiK3L0pETTL0h7P3m5sTMD/4qsDLHkdUMowNky36ryk7EFXBSzvjRLcsK5felQXHmXnUwhkCUlqBf+yL+fxpkPe2/QGFQV8o6MXeToQlghC+AcAUGoUvqg==&u=U2FsdGVkX19NiIvMQHs30CC4OaUvfCwFxwbJXG1r8Vk6nCSL74Hemfh5Y3ZNJfjI&y=U2FsdGVkX1+2xJWE6xF7x7XQr2IZ36Q/zOcF4IO4B4fQ1VGbFUqShoXv3q8TOpts HTTP/1.1" 200 25
157.55.39.50 - - [16/Aug/2022:22:42:02 -0500] "GET /dia-mundial-del-agua-2022-bogota-exalta-el-papel-de-la-educacion-ambiental.html HTTP/1.1" 200 884
186.102.12.36 - - [16/Aug/2022:22:42:07 -0500] "GET /kwssiamovil/sm/acme/u?s=U2FsdGVkX18j56GL8iy+Z+aH6IuAsJDSVHxuaekj1KJgyKBgDWXfjFciF9RC9Op4iQaGnZaoAZhmddDPPr8CgLK4b4GVdYlKYGOQxzw/kKJsSuwdrXSuGSLhozJ0K09HZdtopAQqWwU3KgUgdlGttA==&u=U2FsdGVkX19NiIvMQHs30CC4OaUvfCwFxwbJXG1r8Vk6nCSL74Hemfh5Y3ZNJfjI&y=U2FsdGVkX1+2xJWE6xF7x7XQr2IZ36Q/zOcF4IO4B4fQ1VGbFUqShoXv3q8TOpts HTTP/1.1" 200 60
216.245.221.92 - - [16/Aug/2022:22:42:12 -0500] "HEAD / HTTP/1.1" 200 -
173.231.60.194 - - [16/Aug/2022:22:43:37 -0500] "GET /BLA/resoluciones/index.php?dir=AUTOS%202006%2FAUTOS%202006%20101-200%2F HTTP/1.1" 200 21758
173.231.60.194 - - [16/Aug/2022:22:43:54 -0500] "GET /BLA/resoluciones/index.php?dir=AUTOS%202006%2FAUTOS%202006%20201-300%2F HTTP/1.1" 200 21766
173.231.60.194 - - [16/Aug/2022:22:44:16 -0500] "GET /BLA/resoluciones/index.php?dir=AUTOS%202006%2FAUTOS%202006%20301-400%2F HTTP/1.1" 200 21781
173.231.60.194 - - [16/Aug/2022:22:44:31 -0500] "GET /BLA/resoluciones/index.php?dir=AUTOS%202006%2FAUTOS%202006%20401-500%2F HTTP/1.1" 200 21769
173.231.60.194 - - [16/Aug/2022:22:44:53 -0500] "GET /BLA/resoluciones/index.php?dir=AUTOS%202006%2FAUTOS%202006%20501-600%2F HTTP/1.1" 200 21780
173.231.60.194 - - [16/Aug/2022:22:45:12 -0500] "GET /BLA/resoluciones/index.php?dir=AUTOS%202006%2FAUTOS%202006%20601-700%2F HTTP/1.1" 200 21776
186.102.5.246 - - [16/Aug/2022:22:45:16 -0500] "OPTIONS /kwssiamovil/sm/setfile/f? HTTP/1.1" 200 13
173.231.60.194 - - [16/Aug/2022:22:45:23 -0500] "GET /BLA/resoluciones/index.php?dir=AUTOS%202006%2FAUTOS%202006%20701-800%2F HTTP/1.1" 200 21969
186.102.5.246 - - [16/Aug/2022:22:45:16 -0500] "POST /kwssiamovil/sm/setfile/f? HTTP/1.1" 200 381
186.102.5.246 - - [16/Aug/2022:22:45:26 -0500] "OPTIONS /kwssiamovil/sm/setfile/f? HTTP/1.1" 200 13
186.102.5.246 - - [16/Aug/2022:22:45:26 -0500] "POST /kwssiamovil/sm/setfile/f? HTTP/1.1" 200 381
173.231.60.194 - - [16/Aug/2022:22:45:37 -0500] "GET /BLA/resoluciones/index.php?dir=AUTOS%202006%2FAUTOS%202006%20801-900%2F HTTP/1.1" 200 21775
201.245.192.253 - - [16/Aug/2022:22:45:36 -0500] "POST /kwsrmcab/Wsrmcab  HTTP/1.1" 200 46805
186.102.5.246 - - [16/Aug/2022:22:45:44 -0500] "GET /kwssiamovil/sm/acme/a?s=U2FsdGVkX1/R0FfYki8F7CFjSl2ZUjliLCwhmq//A5NQ0b8TsrBAowD8FW4n8cb9kc/hSWJL25dyhCvZl6yeB/4Hai6SY+k9usBOX8DqhyAoagnrZzSZnNg+uNsmVCbZPsFgIvZefpHawTZuhG2lt1gDx4pRaBJ7aBfYxriPM9jG89ooglHyFf7eaudJMsIOpLkKr0red+mm9zYfK3nWSwKGD/bUJKVBUDGV4FlrCmkeoDelln5ZJpL5OAKyfoVpWC3XISUrLtVIZr2mm/Zv/g==&u=U2FsdGVkX18UsRd+d8XGpkNHCip0Cbj/5Fl8MTde0eE=&y=U2FsdGVkX18L31prGfB7erKYbZPqMF4YMxnw8k5a9y4= HTTP/1.1" 200 25
186.102.5.246 - - [16/Aug/2022:22:45:44 -0500] "GET /kwssiamovil/sm/acme/a?s=U2FsdGVkX1+9dR8dQOXsgmvjDV19n1cunO6PLdlSH36imqASM07nurxe+QCEZ9p4RQCsyA5tusS6CyBS/0KHaVABEIjaF3nBrx92rR8bOO3rh8SVi21bcWhFMDx1r/pQ/p6BTP6/yXNULY9kLN63Mn7qeIqlZqg6JO1C0gMnxL4GnRlK4ryuqjj7E6+upOTRItqnKw2ngUTQC5Zi4YsFlzjaFCFWEC8WvnYcvQkOA8QxwLCTSXkKhtXX+x8qCdfGNKDUctEmZzfSZmr9IZDpHgT2PzZ8P428CV5hTy9rCYb3xYOs1LM/MDCYCf4NXRTRvutya6x6Rca6RPYDrxTkhRwg9xqnsxdC7IdGFDx3lXotCiphHKwWeKvjHv4cgDJAUHrL+dhk/jaa1x4ykXfo0c0fofphlNlM2wUM3BztX/q7mVPRxAP1QG6ImZwyhH6ZYz0Kcx2oGiU+xQ/8yp6en+OjpqctMLFLanw4SNlIPY1nu9u+n/M6c795gRGYMD693oQpkHlmk6mRWA9Vr1W5OrWSuWZ7uPZI8R0Y95jDtViQX9Wg6+sV1BTKcF9M+pczqLfHuDOHVfvC/ENPblAsrFuL+eGuseIz+zHKHlECUcsZxqQcEDSpjxnW/noRCmwXtAiq1jF9YZAGhbbYXqehaqUSfMXUZ2FPGr+Ag0z7oN5yRmdPkUeOZ5+fib0MoojQgcGDXmnIDhz6EbEbxMeK36ddEFw7o74bPIqYV/DM00AS46ZdFl6XLzpFauvZerh9SAD71hWY04ydMZmp/FcHnXmqLflO8scKKrsT4d5hh2K3RXcEfADJJpl3baICBByzbgbbLFUvJRwDtOZK3Qfpo57zTQOg66EutOyO7bqJRsqlnfOFu1BscDtGqEMk/+d5xP+1P4ThEBF9ioAuhfiGLEVe9esP1qCML2SGFp3SPbnD75Zh1JM1hT8IxwMVG8WdIoobTkPFf2qVPixKPWEkz4XOd8OequdGgHFzIyN354b3blGzv7NbgJHCOtWtHsm0buXCi0NVh1G20Vd3x9sEL31UjP8uN9yW9e/owwNfg71NGZ2hYOc7iTf09hZwQ/B4Laxz3tHeAB4zMnFXVpq6DCPCh8B8JSBu8n47I8s5YIy0Z3lTtsP3VmDwITQ9H/gJtmnk+ZaOhErTl5p3OfQccADGgnkaeaNTBATV/u/fmGavkSUHpgmt2AQF10D/p2nvdl21nC7kFAS6XIASY5Gi3Qfu/SbKDzTLjSDv4vrsXRyyn7Opxw75ELGWtIJg3ogRm4B23ShHMAn/T+bHUlUJzKE3QFQi/vM6Nuoi6KH36u1p2P6nXD96rGqjl4Med4kV3F9006jkg/svJQVDBgVSlq/pyGyKdVgjnkj7MeSuMIWNCtWvsQ6cNEdJQbXKFFZ53mQsdhzA9nrfyjjg01lpgrRXfxdyqGKyfpEo2hGL+YcaPympmBRYDBc38lBmLZAWqHfXJALi5lNiP8ydIMX+ycQwyGSB1PPWoyAti/U5U1CtzpSH3jckHe9M0xnIt1lnl+YSRD79QYNGU5akqvdB35U/9KCIGiiwqUaIJEhdvYgSwr3Q0pLbaw1ckxE6E03+CYnOTop7TGzE4K2v6UeWQ0vc5Glx9kKRzRLV2Lx5WvY=&u=U2FsdGVkX18UsRd+d8XGpkNHCip0Cbj/5Fl8MTde0eE=&y=U2FsdGVkX18L31prGfB7erKYbZPqMF4YMxnw8k5a9y4= HTTP/1.1" 200 25
186.102.5.246 - - [16/Aug/2022:22:45:45 -0500] "GET /kwssiamovil/sm/acme/a?s=U2FsdGVkX1+wd5kU94IS3wEsaLa6/GPlYGkZhYKzxB/2j5BGs5ZTcrASTWd7rEdczA2jKZ3zQR0VkmfHaZ0PWHvnr8khhtVO5IgzQ8s/Gc9JdqtLUc/FAK1N5JphUJh4pIWrhk8MLpQnqK3oQNhdpSJ6PpRoNva/ki7cVCJBbWM=&u=U2FsdGVkX18UsRd+d8XGpkNHCip0Cbj/5Fl8MTde0eE=&y=U2FsdGVkX18L31prGfB7erKYbZPqMF4YMxnw8k5a9y4= HTTP/1.1" 200 25
186.102.5.246 - - [16/Aug/2022:22:45:45 -0500] "GET /kwssiamovil/sm/acme/a?s=U2FsdGVkX1/WwuA9AT0at0ttRuD3RjtrakaxgGSg25CWCKcPSb5cWLjyXe+hmT2hMK/QDq6ScFVXbjpsQTMDtD4Wx5JZbz8z2LAU6nXIvKMnrBDAzz+l7o2SEiVRh8bv36WVg6rjlFLffT9tQG901eVS8hogdXR2CkE9453jriE=&u=U2FsdGVkX18UsRd+d8XGpkNHCip0Cbj/5Fl8MTde0eE=&y=U2FsdGVkX18L31prGfB7erKYbZPqMF4YMxnw8k5a9y4= HTTP/1.1" 200 25
186.102.5.246 - - [16/Aug/2022:22:45:45 -0500] "GET /kwssiamovil/sm/acme/a?s=U2FsdGVkX19nr4pq2mQnTGNFQYdx0KnOAjTHxMWfsMz5GD6RdTFn6IJrqIJRvMk+keUMN/Nnylpywc9672QNpefw5Ve0RoPElWkPVR+C9iX6n1XUasxBJzkuqf7olFgA8J1UhTe/cSJ9QWQtXm3+o54RzP/9/qwpG4QQr6Ihlrg=&u=U2FsdGVkX18UsRd+d8XGpkNHCip0Cbj/5Fl8MTde0eE=&y=U2FsdGVkX18L31prGfB7erKYbZPqMF4YMxnw8k5a9y4= HTTP/1.1" 200 25
186.102.5.246 - - [16/Aug/2022:22:45:45 -0500] "GET /kwssiamovil/sm/acme/a?s=U2FsdGVkX19YQcNCwcKGVjLeXu2xXE3EXcNFXvmnOr5LURdAAG9s93uwYiLsl/hwaLqTWEMHXuGQwICTwC0pgXGm0nq5cGYoFAqBWF7hTOeW/ma/vkeTpJpmafuVM7kOAwPonh3yLqErzdzau+nmc1+faPyj2nUNeeHyL0j/6o9n8QTNMRXEnWG/Dg5qKTIM&u=U2FsdGVkX18UsRd+d8XGpkNHCip0Cbj/5Fl8MTde0eE=&y=U2FsdGVkX18L31prGfB7erKYbZPqMF4YMxnw8k5a9y4= HTTP/1.1" 200 25
186.102.5.246 - - [16/Aug/2022:22:45:46 -0500] "GET /kwssiamovil/sm/acme/a?s=U2FsdGVkX1+79PIpmpKUOQLp+Qub8x+wQfSc+WW9gGdne0/2bM8T9GnvIiie0yTd5QuVTD2YHTm5ifndHu8m060iL8GZtNY2+p3JL1BXfyong+am8FuMTZ1Th6qohEWxYyOpGkSnhxbIM++SzG+gr0cP83RuBS2xawL86TmQEKo3AjUbYkVzPanQEj8ebol1X5SLaU3OdHzd5ujzjEcw/Q==&u=U2FsdGVkX18UsRd+d8XGpkNHCip0Cbj/5Fl8MTde0eE=&y=U2FsdGVkX18L31prGfB7erKYbZPqMF4YMxnw8k5a9y4= HTTP/1.1" 200 25
186.102.5.246 - - [16/Aug/2022:22:45:46 -0500] "GET /kwssiamovil/sm/acme/a?s=U2FsdGVkX18QVPTaPJTMS07fCDQHZo4awZUS8Zks3AAO8RGF9UiAgff02SuDqZkCo3eHaTvixRRxrm/NHLgFFnZmaJXR/0xgpGm7GVq67XT5iR2046WhY2/Am37X564RaIcEBmnwMqdpPDupsFf1GuvEVsbH5w/to7CmuYmQtMi48t1eLVIG4sIUdbjJ+Ps59Lm+Iu6g3Qzu5Q7o5Wnv+g==&u=U2FsdGVkX18UsRd+d8XGpkNHCip0Cbj/5Fl8MTde0eE=&y=U2FsdGVkX18L31prGfB7erKYbZPqMF4YMxnw8k5a9y4= HTTP/1.1" 200 25
186.102.5.246 - - [16/Aug/2022:22:45:46 -0500] "GET /kwssiamovil/sm/acme/a?s=U2FsdGVkX18iNw/F4O6rsHYgq3cvZ1mA4VCWPh/DoDLOh7ok4dLZkpapjplPbIVbmurV3+nABlkPsMbwbS5TYEO9tcAlI78rHzLXmF6fyC3varqLBwt3WINGbXof/pNUb02DhGCb6CqGoA2grqJEAqCywtnHI55QeZKL2gmi/LRhYc+zCKNlF3+7tWKt6cBr1HPJ7LJlmvl0sobxTEmwyoZJaTbdGz1E6vRgHx4JUxU=&u=U2FsdGVkX18UsRd+d8XGpkNHCip0Cbj/5Fl8MTde0eE=&y=U2FsdGVkX18L31prGfB7erKYbZPqMF4YMxnw8k5a9y4= HTTP/1.1" 200 25
186.102.5.246 - - [16/Aug/2022:22:45:46 -0500] "GET /kwssiamovil/sm/acme/a?s=U2FsdGVkX1+i5IbQun6OGBs5Akb7fxzC1iDqMtSPiyBvZVzeHCLVjGCfHeBzEShwHFUHZCaEPVCXy28IlKWLxv33yqlvQMGQUH29dB6Bb3igGYeTQS2GnbCqoKZHIWJSOPkI59Ve9ZpmV8SmF9XrAuUYzdzjycpSpaaVyHU/lz9jnb31w4k8GXJ9avfxHa/kdP5pqkNEULHXGmX4B4jvTA==&u=U2FsdGVkX18UsRd+d8XGpkNHCip0Cbj/5Fl8MTde0eE=&y=U2FsdGVkX18L31prGfB7erKYbZPqMF4YMxnw8k5a9y4= HTTP/1.1" 200 25
186.102.5.246 - - [16/Aug/2022:22:45:46 -0500] "GET /kwssiamovil/sm/acme/a?s=U2FsdGVkX18K9cYWb0oL5Xgh3vKptMXgzBNUG3CphrjB/+RSNhbyf10GyZC/Wjd3NRGI4/74pZazRLBpGF8uwUwdL/rjBzRo+tFA/BY/rvt2FXFwNRKUd8ADYW7kUT4CcVG27Ks/JaAwOZsjmGvWryRcOvfAIqGtHTzjFiCXAeX47to8iX5nsRZUIEn5+yhfuvfWaVME9JmhM6YrwZE79P97regNZWA0eqHxLYRy+DA=&u=U2FsdGVkX18UsRd+d8XGpkNHCip0Cbj/5Fl8MTde0eE=&y=U2FsdGVkX18L31prGfB7erKYbZPqMF4YMxnw8k5a9y4= HTTP/1.1" 200 25
186.102.5.246 - - [16/Aug/2022:22:45:47 -0500] "GET /kwssiamovil/sm/acme/a?s=U2FsdGVkX1+dJq9FbfSgMDZnDGgKC0p62vBjz3ZDXWXqTo7azf0NK0IXIhcEOijdeqXDj5q3hYCBVs3ZAkOPNr1mmvdwrkP0AW0e3x5r60QQrDlfUliK8EPw1MRtehgnr78N6Zz8ofH0z63lCVMY7/iJa526DolgMJ9oSyo0OLyOrljL9fTkDp+j1Ptrb98T/OjKqathKbqq177XKrd8pA==&u=U2FsdGVkX18UsRd+d8XGpkNHCip0Cbj/5Fl8MTde0eE=&y=U2FsdGVkX18L31prGfB7erKYbZPqMF4YMxnw8k5a9y4= HTTP/1.1" 200 25
173.231.60.194 - - [16/Aug/2022:22:45:50 -0500] "GET /BLA/resoluciones/index.php?dir=Acuerdos%2F&sort=name&order=desc HTTP/1.1" 200 3395
186.102.5.246 - - [16/Aug/2022:22:45:55 -0500] "GET /kwssiamovil/sm/acme/u?s=U2FsdGVkX18CwY1CIKDo0bVgbqEdbXSKQuRyPdTb4OYIOwubNVwZoMHeLyvTcX9fm+Jnv7gy6Cw67ItWvp/WPN0RODKiAOy+axm1dse1ykOVqiu4NmuR8Fgr3+fQMY/qvx+gUtkrXreriszLmLqt9g==&u=U2FsdGVkX18UsRd+d8XGpkNHCip0Cbj/5Fl8MTde0eE=&y=U2FsdGVkX18L31prGfB7erKYbZPqMF4YMxnw8k5a9y4= HTTP/1.1" 200 60
172.22.2.4 - - [16/Aug/2022:22:44:15 -0500] "HEAD /BLA/boletinlegal/ HTTP/1.1" 200 -
186.102.5.246 - - [16/Aug/2022:22:45:59 -0500] "GET /kwssiamovil/sm/acme/u?s=U2FsdGVkX1/RdLSbKd3gR9H1Bk/cGaoTEn0dFyvKflD3+7GGloEvS7InW3h1q5XNpN14h/5kG2gaGLQ7VriOz3W32PlUCq1c0gsvm5Rsjo9KCqiP1rZHz1bIcPQJCvXCnDeChzLTUrpxr8g9BKrdFw==&u=U2FsdGVkX18UsRd+d8XGpkNHCip0Cbj/5Fl8MTde0eE=&y=U2FsdGVkX18L31prGfB7erKYbZPqMF4YMxnw8k5a9y4= HTTP/1.1" 200 60
173.231.60.194 - - [16/Aug/2022:22:46:03 -0500] "GET /BLA/resoluciones/index.php?dir=Decretos%2F&sort=name&order=desc HTTP/1.1" 200 6803
173.231.60.194 - - [16/Aug/2022:22:46:15 -0500] "GET /BLA/resoluciones/index.php?dir=AUTOS%201997%2F&sort=date&order=asc HTTP/1.1" 200 2025
173.231.60.194 - - [16/Aug/2022:22:46:31 -0500] "GET /BLA/resoluciones/index.php?dir=AUTOS%201997%2F&sort=size&order=asc HTTP/1.1" 200 2025
173.231.60.194 - - [16/Aug/2022:22:46:44 -0500] "GET /BLA/resoluciones/index.php?dir=AUTOS%202002%2F&sort=date&order=asc HTTP/1.1" 200 1813
172.22.2.4 - - [16/Aug/2022:22:45:05 -0500] "GET /BLA/boletinlegal/ HTTP/1.1" 200 56005
173.231.60.194 - - [16/Aug/2022:22:46:57 -0500] "GET /BLA/resoluciones/index.php?dir=AUTOS%202002%2F&sort=size&order=asc HTTP/1.1" 200 1813
216.245.221.92 - - [16/Aug/2022:22:47:12 -0500] "HEAD / HTTP/1.1" 200 -
173.231.60.194 - - [16/Aug/2022:22:47:14 -0500] "GET /BLA/resoluciones/index.php?dir=AUTOS%202004%2F&sort=date&order=asc HTTP/1.1" 200 2786
173.231.60.194 - - [16/Aug/2022:22:47:26 -0500] "GET /BLA/resoluciones/index.php?dir=AUTOS%202004%2F&sort=size&order=asc HTTP/1.1" 200 2786
173.231.60.194 - - [16/Aug/2022:22:47:39 -0500] "GET /BLA/resoluciones/index.php?dir=AUTOS%202005%2F&sort=date&order=asc HTTP/1.1" 200 2791
173.231.60.194 - - [16/Aug/2022:22:47:53 -0500] "GET /BLA/resoluciones/index.php?dir=AUTOS%202005%2F&sort=size&order=asc HTTP/1.1" 200 2791
172.22.2.4 - - [16/Aug/2022:22:47:56 -0500] "GET /BLA/boletinlegal/Circulares/2021/CIRCULAR%20No.%2000006%20DEL%2005%20DE%20AGOSTO%20DEL%202021.pdf HTTP/1.1" 304 -
173.231.60.194 - - [16/Aug/2022:22:48:09 -0500] "GET /BLA/resoluciones/index.php?dir=AUTOS%202006%2F&sort=date&order=asc HTTP/1.1" 200 9681
173.231.60.194 - - [16/Aug/2022:22:48:26 -0500] "GET /BLA/resoluciones/index.php?dir=AUTOS%202006%2F&sort=size&order=asc HTTP/1.1" 200 9681
207.46.13.36 - - [16/Aug/2022:22:48:44 -0500] "GET /galeria/galeria/fotos/2GuaymaralTorcaG2.jpg HTTP/1.1" 200 28916
173.231.60.194 - - [16/Aug/2022:22:48:44 -0500] "GET /BLA/resoluciones/index.php?dir=AUTOS%202006%2FAUTOS%202006%20901-1000%2F HTTP/1.1" 200 21877
173.231.60.194 - - [16/Aug/2022:22:48:55 -0500] "GET /BLA/resoluciones/index.php?dir=AUTOS%202007%2F&sort=date&order=asc HTTP/1.1" 200 628423
173.231.60.194 - - [16/Aug/2022:22:49:17 -0500] "GET /BLA/resoluciones/index.php?dir=AUTOS%202007%2F&sort=size&order=asc HTTP/1.1" 200 628423
2.57.122.98 - - [16/Aug/2022:22:49:30 -0500] "GET / HTTP/1.1" 200 319
173.231.60.194 - - [16/Aug/2022:22:49:35 -0500] "GET /BLA/resoluciones/index.php?dir=AUTOS%201997%2F&sort=name&order=desc HTTP/1.1" 200 2024
173.231.60.194 - - [16/Aug/2022:22:49:47 -0500] "GET /BLA/resoluciones/index.php?dir=AUTOS%202002%2F&sort=name&order=desc HTTP/1.1" 200 1812
173.231.60.194 - - [16/Aug/2022:22:50:02 -0500] "GET /BLA/resoluciones/index.php?dir=AUTOS%202004%2F&sort=name&order=desc HTTP/1.1" 200 2785
66.220.149.25 - - [16/Aug/2022:22:50:10 -0500] "GET /images/la-vieja-mayo-24.jpg HTTP/1.1" 200 58217
173.231.60.194 - - [16/Aug/2022:22:50:16 -0500] "GET /BLA/resoluciones/index.php?dir=AUTOS%202005%2F&sort=name&order=desc HTTP/1.1" 200 2790
173.231.60.194 - - [16/Aug/2022:22:50:34 -0500] "GET /BLA/resoluciones/index.php?dir=AUTOS%202006%2F&sort=name&order=desc HTTP/1.1" 200 9680
201.245.192.253 - - [16/Aug/2022:22:50:35 -0500] "POST /kwsrmcab/Wsrmcab  HTTP/1.1" 200 46805
173.231.60.194 - - [16/Aug/2022:22:50:50 -0500] "GET /BLA/resoluciones/index.php?dir=AUTOS%202006%2FAUTOS%202006%201001-1100%2F HTTP/1.1" 200 21966
173.231.60.194 - - [16/Aug/2022:22:51:05 -0500] "GET /BLA/resoluciones/index.php?dir=AUTOS%202006%2FAUTOS%202006%201101-1200%2F HTTP/1.1" 200 21976
173.231.60.194 - - [16/Aug/2022:22:51:22 -0500] "GET /BLA/resoluciones/index.php?dir=AUTOS%202006%2FAUTOS%202006%201201-1300%2F HTTP/1.1" 200 22013
173.231.60.194 - - [16/Aug/2022:22:51:32 -0500] "GET /BLA/resoluciones/index.php?dir=AUTOS%202006%2FAUTOS%202006%201301-1400%2F HTTP/1.1" 200 22002
172.22.2.4 - - [16/Aug/2022:22:50:05 -0500] "HEAD /BLA/boletinlegal/ HTTP/1.1" 200 -
173.231.60.194 - - [16/Aug/2022:22:51:50 -0500] "GET /BLA/resoluciones/index.php?dir=AUTOS%202007%2F&sort=name&order=desc HTTP/1.1" 200 628422
173.231.60.194 - - [16/Aug/2022:22:52:05 -0500] "GET /BLA/resoluciones/index.php?dir=AUTOS%202006%2FAUTOS%202006%201801-%201900%2F HTTP/1.1" 200 22159
216.245.221.92 - - [16/Aug/2022:22:52:12 -0500] "HEAD / HTTP/1.1" 200 -
173.231.60.194 - - [16/Aug/2022:22:52:20 -0500] "GET /BLA/resoluciones/index.php?dir=AUTOS%202006%2FAUTOS%202006%201401%20-%201500%2F HTTP/1.1" 200 13545
173.231.60.194 - - [16/Aug/2022:22:52:34 -0500] "GET /BLA/resoluciones/index.php?dir=AUTOS%202006%2FAUTOS%202006%201501%20-%201600%2F HTTP/1.1" 200 22232
172.22.2.4 - - [16/Aug/2022:22:50:55 -0500] "GET /BLA/boletinlegal/ HTTP/1.1" 200 58566
173.231.60.194 - - [16/Aug/2022:22:52:49 -0500] "GET /BLA/resoluciones/index.php?dir=AUTOS%202006%2FAUTOS%202006%201601%20-%201700%2F HTTP/1.1" 200 22248
173.231.60.194 - - [16/Aug/2022:22:53:03 -0500] "GET /BLA/resoluciones/index.php?dir=AUTOS%202006%2FAUTOS%202006%201701%20-%201800%2F HTTP/1.1" 200 22247
173.231.60.194 - - [16/Aug/2022:22:53:18 -0500] "GET /BLA/resoluciones/index.php?dir=AUTOS%202006%2FAUTOS%202006%201901%20-%202000%2F HTTP/1.1" 200 22186
173.231.60.194 - - [16/Aug/2022:22:53:32 -0500] "GET /BLA/resoluciones/index.php?dir=AUTOS%202006%2FAUTOS%202006%202001%20-%202100%2F HTTP/1.1" 200 22199
173.231.60.194 - - [16/Aug/2022:22:53:49 -0500] "GET /BLA/resoluciones/index.php?dir=AUTOS%202006%2FAUTOS%202006%202101%20-%202200%2F HTTP/1.1" 200 22204
173.231.60.194 - - [16/Aug/2022:22:54:08 -0500] "GET /BLA/resoluciones/index.php?dir=AUTOS%202006%2FAUTOS%202006%202201%20-%202300%2F HTTP/1.1" 200 22194
173.231.60.194 - - [16/Aug/2022:22:54:25 -0500] "GET /BLA/resoluciones/index.php?dir=AUTOS%202006%2FAUTOS%202006%202301%20-%202400%2F HTTP/1.1" 200 22197
173.231.60.194 - - [16/Aug/2022:22:54:41 -0500] "GET /BLA/resoluciones/index.php?dir=AUTOS%202006%2FAUTOS%202006%202401%20-%202500%2F HTTP/1.1" 200 22199
173.231.60.194 - - [16/Aug/2022:22:55:02 -0500] "GET /BLA/resoluciones/index.php?dir=AUTOS%202006%2FAUTOS%202006%202501%20-%202600%2F HTTP/1.1" 200 22209
173.231.60.194 - - [16/Aug/2022:22:55:16 -0500] "GET /BLA/resoluciones/index.php?dir=AUTOS%202006%2FAUTOS%202006%202601%20-%202700%2F HTTP/1.1" 200 22189
173.231.60.194 - - [16/Aug/2022:22:55:29 -0500] "GET /BLA/resoluciones/index.php?dir=AUTOS%202006%2FAUTOS%202006%202701%20-%202800%2F HTTP/1.1" 200 22410
201.245.192.253 - - [16/Aug/2022:22:55:34 -0500] "POST /kwsrmcab/Wsrmcab  HTTP/1.1" 200 46805
173.231.60.194 - - [16/Aug/2022:22:55:44 -0500] "GET /BLA/resoluciones/index.php?dir=AUTOS%202006%2FAUTOS%202006%202801%20-%202900%2F HTTP/1.1" 200 22229
172.22.2.4 - - [16/Aug/2022:22:54:15 -0500] "GET /BLA/boletinlegal/ HTTP/1.1" 200 62763
173.231.60.194 - - [16/Aug/2022:22:55:58 -0500] "GET /BLA/resoluciones/index.php?dir=AUTOS%202006%2FAUTOS%202006%202901%20-%203000%2F HTTP/1.1" 200 22191
173.231.60.194 - - [16/Aug/2022:22:56:09 -0500] "GET /BLA/resoluciones/index.php?dir=AUTOS%202006%2FAUTOS%202006%203101%20-%203200%2F HTTP/1.1" 200 22189
185.119.81.98 - - [16/Aug/2022:22:56:10 -0500] "GET /portaldeninos/wp-login.php HTTP/1.1" 200 2592
185.119.81.98 - - [16/Aug/2022:22:56:11 -0500] "POST /portaldeninos/wp-login.php HTTP/1.1" 200 3650
173.231.60.194 - - [16/Aug/2022:22:56:29 -0500] "GET /BLA/resoluciones/index.php?dir=AUTOS%202006%2FAUTOS%202006%203201%20-%203300%2F HTTP/1.1" 200 22209
185.119.81.98 - - [16/Aug/2022:22:56:39 -0500] "GET /portaldeninos/wp-login.php HTTP/1.1" 200 2592
185.119.81.98 - - [16/Aug/2022:22:56:40 -0500] "POST /portaldeninos/wp-login.php HTTP/1.1" 200 3670
173.231.60.194 - - [16/Aug/2022:22:56:41 -0500] "GET /BLA/resoluciones/index.php?dir=AUTOS%202006%2FAUTOS%202006%203301%20-%203418%2F HTTP/1.1" 200 25807
173.231.60.194 - - [16/Aug/2022:22:57:04 -0500] "GET /BLA/resoluciones/index.php?dir=AUTOS%202008%2F&sort=date&order=asc HTTP/1.1" 200 569644
216.245.221.92 - - [16/Aug/2022:22:57:12 -0500] "HEAD / HTTP/1.1" 200 -
173.231.60.194 - - [16/Aug/2022:22:57:22 -0500] "GET /BLA/resoluciones/index.php?dir=AUTOS%202008%2F&sort=size&order=asc HTTP/1.1" 200 569644
172.22.2.4 - - [16/Aug/2022:22:55:55 -0500] "HEAD /BLA/boletinlegal/ HTTP/1.1" 200 -
173.231.60.194 - - [16/Aug/2022:22:57:38 -0500] "GET /BLA/resoluciones/index.php?dir=AUTOS%202009%2F&sort=date&order=asc HTTP/1.1" 200 399860
173.231.60.194 - - [16/Aug/2022:22:57:50 -0500] "GET /BLA/resoluciones/index.php?dir=AUTOS%202009%2F&sort=size&order=asc HTTP/1.1" 200 399860
40.77.167.31 - - [16/Aug/2022:22:58:04 -0500] "GET /BLA/resoluciones/AUTOS%202011/6416.pdf HTTP/1.1" 304 -
173.231.60.194 - - [16/Aug/2022:22:58:05 -0500] "GET /BLA/resoluciones/index.php?dir=AUTOS%202010%2F&sort=date&order=asc HTTP/1.1" 200 276779
172.22.2.4 - - [16/Aug/2022:22:56:37 -0500] "GET /BLA/boletinlegal/ HTTP/1.1" 200 50037
172.22.2.4 - - [16/Aug/2022:22:56:45 -0500] "GET /BLA/boletinlegal/ HTTP/1.1" 200 50386
173.231.60.194 - - [16/Aug/2022:22:58:33 -0500] "GET /BLA/resoluciones/index.php?dir=AUTOS%202010%2F&sort=size&order=asc HTTP/1.1" 200 276779
173.231.60.194 - - [16/Aug/2022:22:58:48 -0500] "GET /BLA/resoluciones/index.php?dir=AUTOS%202011%2F&sort=date&order=asc HTTP/1.1" 200 635935
173.231.60.194 - - [16/Aug/2022:22:59:07 -0500] "GET /BLA/resoluciones/index.php?dir=AUTOS%202011%2F&sort=size&order=asc HTTP/1.1" 200 635935
173.231.60.194 - - [16/Aug/2022:22:59:25 -0500] "GET /BLA/resoluciones/index.php?dir=AUTOS%202012%2F&sort=date&order=asc HTTP/1.1" 200 273218
173.231.60.194 - - [16/Aug/2022:23:00:02 -0500] "GET /BLA/resoluciones/index.php?dir=AUTOS%202012%2F&sort=size&order=asc HTTP/1.1" 200 273218
173.231.60.194 - - [16/Aug/2022:23:00:18 -0500] "GET /BLA/resoluciones/index.php?dir=AUTOS%202013%2F&sort=date&order=asc HTTP/1.1" 200 405798
173.231.60.194 - - [16/Aug/2022:23:00:32 -0500] "GET /BLA/resoluciones/index.php?dir=AUTOS%202013%2F&sort=size&order=asc HTTP/1.1" 200 405798
172.22.2.4 - - [16/Aug/2022:23:00:35 -0500] "GET /BLA/boletinlegal/Circulares/2022/CIRCULAR%20No.%2000005%20DEL%2030%20DE%20JUNIO%20DEL%202022.pdf HTTP/1.1" 404 1218
201.245.192.253 - - [16/Aug/2022:23:00:33 -0500] "POST /kwsrmcab/Wsrmcab  HTTP/1.1" 200 46805
172.22.2.4 - - [16/Aug/2022:23:00:40 -0500] "GET /BLA/boletinlegal/Circulares/2019/.pdf HTTP/1.1" 404 1218
173.231.60.194 - - [16/Aug/2022:23:00:49 -0500] "GET /BLA/resoluciones/index.php?dir=AUTOS%202014%2F&sort=date&order=asc HTTP/1.1" 200 876019
173.231.60.194 - - [16/Aug/2022:23:01:05 -0500] "GET /BLA/resoluciones/index.php?dir=AUTOS%202014%2F&sort=size&order=asc HTTP/1.1" 200 876019
173.231.60.194 - - [16/Aug/2022:23:01:39 -0500] "GET /BLA/resoluciones/index.php?dir=AUTOS%202015%2F&sort=date&order=asc HTTP/1.1" 200 576996
173.231.60.194 - - [16/Aug/2022:23:01:54 -0500] "GET /BLA/resoluciones/index.php?dir=AUTOS%202015%2F&sort=size&order=asc HTTP/1.1" 200 576996
216.245.221.92 - - [16/Aug/2022:23:02:12 -0500] "HEAD / HTTP/1.1" 200 -
173.231.60.194 - - [16/Aug/2022:23:02:18 -0500] "GET /BLA/resoluciones/index.php?dir=AUTOS%202016%2F&sort=date&order=asc HTTP/1.1" 200 324939
173.231.60.194 - - [16/Aug/2022:23:02:45 -0500] "GET /BLA/resoluciones/index.php?dir=AUTOS%202016%2F&sort=size&order=asc HTTP/1.1" 200 324939
173.231.60.194 - - [16/Aug/2022:23:03:02 -0500] "GET /BLA/resoluciones/index.php?dir=AUTOS%202017%2F&sort=date&order=asc HTTP/1.1" 200 457064
172.22.2.4 - - [16/Aug/2022:23:01:45 -0500] "HEAD /BLA/boletinlegal/ HTTP/1.1" 200 -
173.231.60.194 - - [16/Aug/2022:23:03:25 -0500] "GET /BLA/resoluciones/index.php?dir=AUTOS%202017%2F&sort=size&order=asc HTTP/1.1" 200 457064
173.231.60.194 - - [16/Aug/2022:23:03:43 -0500] "GET /BLA/resoluciones/index.php?dir=AUTOS%202008%2F&sort=name&order=desc HTTP/1.1" 200 569643
172.22.2.4 - - [16/Aug/2022:23:02:35 -0500] "GET /BLA/boletinlegal/ HTTP/1.1" 200 58566
173.231.60.194 - - [16/Aug/2022:23:04:20 -0500] "GET /BLA/resoluciones/index.php?dir=AUTOS%202009%2F&sort=name&order=desc HTTP/1.1" 200 399859
173.231.60.194 - - [16/Aug/2022:23:04:41 -0500] "GET /BLA/resoluciones/index.php?dir=AUTOS%202010%2F&sort=name&order=desc HTTP/1.1" 200 276778
173.231.60.194 - - [16/Aug/2022:23:05:22 -0500] "GET /BLA/resoluciones/index.php?dir=AUTOS%202011%2F&sort=name&order=desc HTTP/1.1" 200 635934
201.245.192.253 - - [16/Aug/2022:23:05:31 -0500] "POST /kwsrmcab/Wsrmcab  HTTP/1.1" 200 46805
173.231.60.194 - - [16/Aug/2022:23:05:35 -0500] "GET /BLA/resoluciones/index.php?dir=AUTOS%202012%2F&sort=name&order=desc HTTP/1.1" 200 273217
173.231.60.194 - - [16/Aug/2022:23:05:57 -0500] "GET /BLA/resoluciones/index.php?dir=AUTOS%202013%2F&sort=name&order=desc HTTP/1.1" 200 405797
173.231.60.194 - - [16/Aug/2022:23:06:09 -0500] "GET /BLA/resoluciones/index.php?dir=AUTOS%202014%2F&sort=name&order=desc HTTP/1.1" 200 876018
173.231.60.194 - - [16/Aug/2022:23:06:31 -0500] "GET /BLA/resoluciones/index.php?dir=AUTOS%202015%2F&sort=name&order=desc HTTP/1.1" 200 576995
173.231.60.194 - - [16/Aug/2022:23:06:52 -0500] "GET /BLA/resoluciones/index.php?dir=AUTOS%202016%2F&sort=name&order=desc HTTP/1.1" 200 324938
216.245.221.92 - - [16/Aug/2022:23:07:12 -0500] "HEAD / HTTP/1.1" 200 -
173.231.60.194 - - [16/Aug/2022:23:07:15 -0500] "GET /BLA/resoluciones/index.php?dir=AUTOS%202017%2F&sort=name&order=desc HTTP/1.1" 200 457063
64.62.197.113 - - [16/Aug/2022:23:07:45 -0500] "GET /favicon.ico HTTP/1.1" 200 7782
173.231.60.194 - - [16/Aug/2022:23:07:56 -0500] "GET /BLA/resoluciones/index.php?dir=Notificaciones%2FAUTOS%201985%2F HTTP/1.1" 200 2733
167.248.133.46 - - [16/Aug/2022:23:08:02 -0500] "GET / HTTP/1.1" 200 319
167.248.133.46 - - [16/Aug/2022:23:08:02 -0500] "GET / HTTP/1.1" 200 319
167.248.133.46 - - [16/Aug/2022:23:08:02 -0500] "PRI * HTTP/2.0" 400 946
173.231.60.194 - - [16/Aug/2022:23:08:30 -0500] "GET /BLA/resoluciones/index.php?dir=Notificaciones%2FAUTOS%201988%2F HTTP/1.1" 200 2205
173.231.60.194 - - [16/Aug/2022:23:08:41 -0500] "GET /BLA/resoluciones/index.php?dir=Notificaciones%2FAUTOS%202012%2F HTTP/1.1" 200 3092
172.22.2.4 - - [16/Aug/2022:23:07:35 -0500] "HEAD /BLA/boletinlegal/ HTTP/1.1" 200 -
173.231.60.194 - - [16/Aug/2022:23:09:18 -0500] "GET /BLA/resoluciones/index.php?dir=Notificaciones%2FAUTOS%202013%2F HTTP/1.1" 200 39422
190.24.103.160 - - [16/Aug/2022:23:09:32 -0500] "GET /BLA/resoluciones/index.php?dir= HTTP/1.1" 200 13093
173.231.60.194 - - [16/Aug/2022:23:09:31 -0500] "GET /BLA/resoluciones/index.php?dir=Notificaciones%2FAUTOS%202014%2F HTTP/1.1" 200 307706
186.102.45.97 - - [16/Aug/2022:23:09:35 -0500] "GET /kwssiamovil/sm/acme/a?s=U2FsdGVkX1+h42ZP+3WW1t4SSsywNE7P8DdcTsLHximeMkRwtAB8XPaCQsOj9C26e0v8VltTD+rXGUuNxeRvCRI8ngeHBg/zb0/RFgq6qfYOcfQ7QEGQRXanSUiOh8buHCKKIQDjJ3BH4GO4+Mj6jxlCoa9P2HpxxuGhAXMHRp/bDguIfZeoLXBQjMo75qH0ucXQ5sMU0yV7B8CurfF7RK7R88I/vllLwMJyRpUwKk8spI0mKlq7GDr6d/G2N7cNQHxEB0jZXPlCKJe9qqLyog==&u=U2FsdGVkX1+0nvO6dfaGP5vf8mdTwVKPCLm6Hixc6XY=&y=U2FsdGVkX19RIGVWvclTgTOVE5zhnfSl0qbooXp1980= HTTP/1.1" 200 25
186.102.45.97 - - [16/Aug/2022:23:09:35 -0500] "GET /kwssiamovil/sm/acme/a?s=U2FsdGVkX1/PRRsK74XJKYD7f0E/AhpAlK9jsxMj7xLl/zooZmFgqTlGPhAwVsP93VBujXBksb9aORHpvqK3RSu8R4RJAMyC+bIlY7/saRiw2M6Aj1cb4vvEe1dxoGZ+6vOtfVcYT5Ger1Civ9QzUMwLOSJO5o2avGo7WZuMAcOczKWcMF99Sxy+J5v1KmZaFIFQQjIhQe/X/Sws53INQtxaGgG06cQRtv7q9THaZUs08hxdfsz7Hw1tfGXt9NvTtdtJpHVPvxyiqg7JvACXhuOWSJ7J9AP8MWnYNgyCI0BqLSRpCyOFcD8nkVdepw/Y6fNQmmF474qmI1iLdRf8kbizR9eMBrUdg8+deX0VyCnu/P87aTIot7g6zL+zJBEfzQK76Oa2qy7WCEAuIglmVXJsLPA5O9VEQCiypX4SLH5PGqYX+Acme8LE+OoLuJ/Nu7Df9P1getx/IMaK9RHo3k2PHxuwx695bdqAEy5l+AWaC8AedfxrtNi4t2sLal4hFc9FxObdFrlV+/O6LXBmwqByL8/XLZAr0yVg6dlGU9+MnIRebM8Mj8exl7j3D3Zm60AJF8YXNjOHp2fB0/6S1cktX/lMRyRWxYHXw9+aPA5s416WpQLFmEnZ2TBSLG3sMMOdWMf30WKa4E7vPNWrkLG6xYfZ+vRWR5xJAkI/gevI9zLP+2iDXhRU3NkucO9KHPAY3GmRorDUOPta1dtIFx3hjtTfXwsNRz5/MVLMOPA975RJZTPtQ6fxHWGEjUBNqAq5NKh3Ipf0nDKRgIbu/UlsvOrdTg8NITh0ap7DTWl8kRQ5mLZyQuFUMjFi2HZJDQEhBqwLWgC7vuPEX5SJybr1g7z0d2yRvyJaZv70DWrvGpzMC/D7wxppjQQo7HYtdChjeMAdi22XtcDijsLqWnOxslEtHhITSUggU6hcr+SS2r6NjHjkZRf3hQnfPcTqLZENRgVFyfbLm5ZDrlzPm/03W07ELMa4m0q02cFSj8kPxTW1fQ5pz5mrWTGgAMNKYU5GSazrP8wJGeKKf7l942urTyli/PsTZ3zXpbJAQB/f3wMnAkKJ03/nHdEqxsjiOcEmw5u2uP8wIDhxJv+3NjCHUzL+vLh+CWcqHB3xX1YSu7y8dovzO6yWT7OBApNnPNedewkcopscEAuk04EshlIt7JJXzaiPd1AbIqPmBgx7rb+W0KwbJB0yu+0RZzonSfRFrq1H9kIM7cys0A4wezfHY0iKSb2JNE6DDhhY7DwyDpTnF66hENTpc47trxPA4BY6UQxn4JsOEeowTm2bbYJzaCy2Rhxsfwgxkc07huZm7TsHZmESvPCoctmKKWGGVzKVV0kYQMjYJNfc7qIkj/Wwd++cnd/t7rtrD4ngUG83UnLOoNC+BbJKGgwG6ZGKIIOlje4pZPeJPsQstnLIYvmliz0DPsnVxGKC35Zb26p08lqZEytZdT1tecUlgSNnEW879X9+WQmAOySBHF9B2nPEYXrKZ6ihMmBJGmV89w30nHtaxo2GbNC1TwUdlI1HWpC52MqkrbY7YeS1LCwvmb7bbG7aMzZnjGHXHI9o9HBQsTUAV3FWENzuUSCJbBYBhpqmajS5GR0+Q0znNhrfYQ==&u=U2FsdGVkX1+0nvO6dfaGP5vf8mdTwVKPCLm6Hixc6XY=&y=U2FsdGVkX19RIGVWvclTgTOVE5zhnfSl0qbooXp1980= HTTP/1.1" 200 25
186.102.45.97 - - [16/Aug/2022:23:09:35 -0500] "GET /kwssiamovil/sm/acme/a?s=U2FsdGVkX1+oR0gPP86zAM5F0i4I+rneBecE7W5ZDM2mT1ed749V0nue0JXO7RnUUnTAzW4hQePE27DzElKDZVD+TABzzkGqQKrOoJUezn0ICnDynrDtcGKdXcH8ZUhaF09zbZmNuL5jrLONnnwPLgPMl2YkuEq1vkEYzdb+v7U=&u=U2FsdGVkX1+0nvO6dfaGP5vf8mdTwVKPCLm6Hixc6XY=&y=U2FsdGVkX19RIGVWvclTgTOVE5zhnfSl0qbooXp1980= HTTP/1.1" 200 25
186.102.45.97 - - [16/Aug/2022:23:09:35 -0500] "GET /kwssiamovil/sm/acme/a?s=U2FsdGVkX1833jiza21X02/Um/LuG92g5ZY1ALq/w8rfFDOw8QimN+czxfRKCOD+j2VbdXZKY9tl3XA5f79zYe5+o8J5jEMe2gUOM/v04YluYXFVxJOko1mXAuw5pY7Lt3wBt9714GZznFa4EZrdFXSqHZGXYZMEv7ULGB4gGRk=&u=U2FsdGVkX1+0nvO6dfaGP5vf8mdTwVKPCLm6Hixc6XY=&y=U2FsdGVkX19RIGVWvclTgTOVE5zhnfSl0qbooXp1980= HTTP/1.1" 200 25
186.102.45.97 - - [16/Aug/2022:23:09:35 -0500] "GET /kwssiamovil/sm/acme/a?s=U2FsdGVkX19SWxmeqUnszci9hK4syzC1zITnFhJbSERgs9tr8exP99VgjSOKgXfrYcUqLfUjLsaqv3oWf9irgy5d5GVnEhDTk/dWfVguORHX6ufpb46Gws2edNhGS31ru17d0W2vsDQ+QKOorIZ+5bVIsdai8CbIVONXgqE0WRU=&u=U2FsdGVkX1+0nvO6dfaGP5vf8mdTwVKPCLm6Hixc6XY=&y=U2FsdGVkX19RIGVWvclTgTOVE5zhnfSl0qbooXp1980= HTTP/1.1" 200 25
186.102.45.97 - - [16/Aug/2022:23:09:36 -0500] "GET /kwssiamovil/sm/acme/a?s=U2FsdGVkX18okC+9X5bFYxCM/n7NZ+6aZLgSjxAdL/8be2ZLHTBBOYRb2eHxaYADCjoIJ8X1KRyIwsBj5kDWdlLqR5iphxQbA+4kmxBO69Hvq4lg072GYSwbVAw1BmcdxKlBzGxPQ7CUyF2c5ZDIUo2mka9mis3t+Oygj0SyaXI4/kBf5hGFGfT4NHWgv7+0&u=U2FsdGVkX1+0nvO6dfaGP5vf8mdTwVKPCLm6Hixc6XY=&y=U2FsdGVkX19RIGVWvclTgTOVE5zhnfSl0qbooXp1980= HTTP/1.1" 200 25
190.24.103.160 - - [16/Aug/2022:23:09:35 -0500] "GET /BLA/resoluciones/index.php?dir=AUTOS+2013%2F HTTP/1.1" 200 405798
172.22.2.4 - - [16/Aug/2022:23:08:25 -0500] "GET /BLA/boletinlegal/ HTTP/1.1" 200 51984
173.231.60.194 - - [16/Aug/2022:23:10:12 -0500] "GET /BLA/resoluciones/index.php?dir=Notificaciones%2FAUTOS%202015%2F HTTP/1.1" 200 102019
51.75.241.40 - - [16/Aug/2022:23:09:57 -0500] "GET /BLA/boletinlegal/ HTTP/1.1" 200 16331
173.231.60.194 - - [16/Aug/2022:23:10:28 -0500] "GET /BLA/resoluciones/index.php?dir=Notificaciones%2FAUTOS%202016%2F HTTP/1.1" 200 75954
201.245.192.253 - - [16/Aug/2022:23:10:31 -0500] "POST /kwsrmcab/Wsrmcab  HTTP/1.1" 200 46805
173.231.60.194 - - [16/Aug/2022:23:10:56 -0500] "GET /BLA/resoluciones/index.php?dir=Notificaciones%2FAUTOS%202017%2F HTTP/1.1" 200 139669
173.231.60.194 - - [16/Aug/2022:23:11:11 -0500] "GET /BLA/resoluciones/index.php?dir=Notificaciones%2FAUTOS%202018%2F HTTP/1.1" 200 98614
173.231.60.194 - - [16/Aug/2022:23:11:38 -0500] "GET /BLA/resoluciones/index.php?dir=Notificaciones%2FAUTOS%202019%2F HTTP/1.1" 200 108204
216.245.221.92 - - [16/Aug/2022:23:12:12 -0500] "HEAD / HTTP/1.1" 200 -
173.231.60.194 - - [16/Aug/2022:23:12:17 -0500] "GET /BLA/resoluciones/index.php?dir=Notificaciones%2FAUTOS%202020%2F HTTP/1.1" 200 119159
173.231.60.194 - - [16/Aug/2022:23:12:33 -0500] "GET /BLA/resoluciones/index.php?dir=Notificaciones%2FAUTOS%202021%2F HTTP/1.1" 200 198820
173.231.60.194 - - [16/Aug/2022:23:12:50 -0500] "GET /BLA/resoluciones/index.php?dir=Notificaciones%2FAUTOS%202022%2F HTTP/1.1" 200 65611
173.231.60.194 - - [16/Aug/2022:23:13:26 -0500] "GET /BLA/resoluciones/index.php?dir=Notificaciones%2FREGISTROS%200216%2F HTTP/1.1" 200 2241
173.231.60.194 - - [16/Aug/2022:23:13:41 -0500] "GET /BLA/resoluciones/index.php?dir=Notificaciones%2FREGISTROS%200218%2F HTTP/1.1" 200 1871
173.231.60.194 - - [16/Aug/2022:23:13:52 -0500] "GET /BLA/resoluciones/index.php?dir=Notificaciones%2FREGISTROS%202013%2F HTTP/1.1" 200 2053
173.231.60.194 - - [16/Aug/2022:23:14:07 -0500] "GET /BLA/resoluciones/index.php?dir=Notificaciones%2FREGISTROS%202014%2F HTTP/1.1" 200 15754
157.55.39.98 - - [16/Aug/2022:23:14:15 -0500] "GET /bla/resoluciones/resoluciones%202019/1065.pdf HTTP/1.1" 200 329148
40.77.167.31 - - [16/Aug/2022:23:14:26 -0500] "GET /sipse/faces/javax.faces.resource/layout/layout.js;jsessionid=hwthcth+qkkslbklmoiiw3fi.undefined?ln=primefaces&amp;v=4.0 HTTP/1.1" 200 87560
173.231.60.194 - - [16/Aug/2022:23:14:51 -0500] "GET /BLA/resoluciones/index.php?dir=Notificaciones%2FREGISTROS%202015%2F HTTP/1.1" 200 19557
172.22.2.4 - - [16/Aug/2022:23:13:25 -0500] "HEAD /BLA/boletinlegal/ HTTP/1.1" 200 -
201.245.192.253 - - [16/Aug/2022:23:15:30 -0500] "POST /kwsrmcab/Wsrmcab  HTTP/1.1" 200 46805
172.22.2.4 - - [16/Aug/2022:23:14:15 -0500] "GET /BLA/boletinlegal/ HTTP/1.1" 200 55621
216.245.221.92 - - [16/Aug/2022:23:17:12 -0500] "HEAD / HTTP/1.1" 200 -
201.245.192.253 - - [16/Aug/2022:23:20:15 -0500] "POST /kwsrmcab/Wsrmcab HTTP/1.1" 200 47989
201.245.192.253 - - [16/Aug/2022:23:20:19 -0500] "POST /kwsrmcab/Wsrmcab HTTP/1.1" 200 44956
186.102.45.97 - - [16/Aug/2022:23:20:22 -0500] "GET /kwssiamovil/sm/acme/u?s=U2FsdGVkX18YiKkMPEBg+79wQo5iHfuUVY7yAT26cobxL+hRfUC4E7XI/z8+x3k24dbEu/k2q6vVvu4Bpk2ujSJuPCRqwuVTuH3Jt2F/Bte7oaC8cYO7TfddVN0pAmfYhKBln02jsGRUGz1U0v7LuQ==&u=U2FsdGVkX1+0nvO6dfaGP5vf8mdTwVKPCLm6Hixc6XY=&y=U2FsdGVkX19RIGVWvclTgTOVE5zhnfSl0qbooXp1980= HTTP/1.1" 200 60
201.245.192.253 - - [16/Aug/2022:23:20:29 -0500] "POST /kwsrmcab/Wsrmcab  HTTP/1.1" 200 46805
172.22.2.4 - - [16/Aug/2022:23:19:15 -0500] "HEAD /BLA/boletinlegal/ HTTP/1.1" 200 -
172.22.2.4 - - [16/Aug/2022:23:20:58 -0500] "GET /BLA/boletinlegal/jurisprudencia/analisis/CUADRO%20ANALISIS%20SENTENCIA%20T-411%20DE%201992.doc HTTP/1.1" 200 41984
172.22.2.4 - - [16/Aug/2022:23:20:05 -0500] "GET /BLA/boletinlegal/ HTTP/1.1" 200 52868
216.245.221.92 - - [16/Aug/2022:23:22:12 -0500] "HEAD / HTTP/1.1" 200 -
172.22.2.4 - - [16/Aug/2022:23:24:12 -0500] "GET /BLA/boletinlegal/robots.txt HTTP/1.1" 404 1038
172.22.2.4 - - [16/Aug/2022:23:24:12 -0500] "GET /BLA/boletinlegal/jurisprudencia/analisis/SENTENCIA%20C-703%20DE%202010.xls HTTP/1.1" 200 38912
172.22.2.4 - - [16/Aug/2022:23:24:51 -0500] "GET /BLA/boletinlegal/actos.php HTTP/1.1" 200 9559
172.22.2.4 - - [16/Aug/2022:23:24:51 -0500] "GET /BLA/boletinlegal/actos.php HTTP/1.1" 200 9559
172.22.2.4 - - [16/Aug/2022:23:25:04 -0500] "GET /BLA/boletinlegal/consulta_actos.php?tipo=resoluciones&no=3777&usuario=&sector=&fecha=2018&resuelve= HTTP/1.1" 200 1351
201.245.192.253 - - [16/Aug/2022:23:25:28 -0500] "POST /kwsrmcab/Wsrmcab  HTTP/1.1" 200 46805
172.22.2.4 - - [16/Aug/2022:23:24:48 -0500] "GET /BLA/boletinlegal/ HTTP/1.1" 200 24523
92.118.39.88 - - [16/Aug/2022:23:25:39 -0500] "GET / HTTP/1.1" 200 319
172.22.2.4 - - [16/Aug/2022:23:25:05 -0500] "HEAD /BLA/boletinlegal/ HTTP/1.1" 200 -
216.245.221.92 - - [16/Aug/2022:23:27:12 -0500] "HEAD / HTTP/1.1" 200 -
172.22.2.4 - - [16/Aug/2022:23:25:55 -0500] "GET /BLA/boletinlegal/ HTTP/1.1" 200 56723
64.62.243.165 - - [16/Aug/2022:23:29:35 -0500] "GET / HTTP/1.1" 200 319
201.245.192.253 - - [16/Aug/2022:23:30:14 -0500] "POST /kwsrmcab/Wsrmcab HTTP/1.1" 200 47989
201.245.192.253 - - [16/Aug/2022:23:30:19 -0500] "POST /kwsrmcab/Wsrmcab HTTP/1.1" 200 44956
201.245.192.253 - - [16/Aug/2022:23:30:26 -0500] "POST /kwsrmcab/Wsrmcab  HTTP/1.1" 200 46805
186.102.45.97 - - [16/Aug/2022:23:30:55 -0500] "GET /kwssiamovil/sm/acme/a?s=U2FsdGVkX1/yXQnidxa8x/S7AQmndD9QfgvSuxtMyniwxZ+ZND0Db+g51+fYDlMHzW5s+2v900Zg+PxD0oyhaRlu8IQQmxAvbo9qvqt9E2k1QRPE3tHhbVuY8O+NxRzEHMUzqUEuCcWCROoU7VyLeZ3FwbaUfsaXhfD2+vj48zmYKz82ZgBkJ0NmkaIWipgrOZkYrf1gztcbe+l84TYR6kQh5mdc0Mv5PX/ub7lwHpNy2eLjUZ9RXphE3Va2xlDU8QwUySN3S9g2cPfLUGlM9w==&u=U2FsdGVkX1+0nvO6dfaGP5vf8mdTwVKPCLm6Hixc6XY=&y=U2FsdGVkX19RIGVWvclTgTOVE5zhnfSl0qbooXp1980= HTTP/1.1" 200 25
186.102.45.97 - - [16/Aug/2022:23:30:55 -0500] "GET /kwssiamovil/sm/acme/a?s=U2FsdGVkX1+tW25Rkfzlduc2TdN3+3E9jpoC3jRZrt2Yx+F07hQ9Hm/Mw/lB1o2XwwYN5ePPrUI/+VVGzHoM2ed0VjX7o4ry4awzjH/9e1k8Rw8YEsAYvZukXPfWmRLV1WP8xWzzdlNGy48c3YxrEAQAfsKdwrxCl7Ra8s9aphCzVCkccSQrA0Sz1QPEuR8m5ZPUJqVM9FeZqzVbEYgLLOWJSvG/VbZoaHumBVUOcutwLwo8mH3zROoN5f4xdTE6MQ8Id8rgJDZF8xnklF0WtMCAc9OP9qhxyPAmWHDtblF8RoSBUCUGQDe6CWCquR+n8Mf5IGjC3JIG+ec7Si4xA5kzswe14YihkMmzfVHt0PqNmrTxYYYMEewlF2oDCVL3RPKF6fsTzs/t7NZooG2Oq6eFReHS1qGNW2dA9hMHbQsnZYet2m21U7e8ZEv4viUpvXbdSNXPuZM5gzi6kK48npkfGlLZIFmuL0xJ3oJPpyZ9StSKv9FZGz8vT6fd2jVaVd31zk0+vVCISFxC9nu6puC6Udi07e9C3TeQPKbXWL/4FtWv0kC3SxAy5OiSPdDOX8cs+W4ocd/WlzfOPtfMOR/G2vhOQhBzN6YOQl9OIAivbdulSt6gDBkcQYP0rLJaHDvEGBZj66DpJQT0POvr8JhmLsS5/78vxVWBOh9XQNuso3BjKERDUYZbrqLWloojLjozmOx6YRk91lBVHUepDlTgT7en+IjnsRrcvBvKp+1l6paEntkIP7a7alm88WhJX3WykGMzKD7/8YMNp1f8wwX99WyKo0fxEw55Z8VJ+sD0nZT1y49lyK/sceKJ2kPTZCr3Zi3+ADnK/KQ5MN2BfwkkiI1IyhkJRo5Ip2qEG4EKs34MaAIWQoup9iQj6InU2YFp4dgiDoBNsO8b8vJd9ONRXPZ/FMAmtByF3Zrko0KQu8pBpwqyoicrg0tVBzUnkbwB7/y3+1ofQhjZ4aszMJVK4CLKJVluPJ6lHpNDdSDddDeQyEWFXjwF6Oy20867rJqG4pg/fPjm4tD4LQQTX5q1MSaWRSZg1AukWnd2HVzO/j77bdqdOInjNAl3OOJwowgK67ET4XyxRZE0jVXuxeen1TSCUvq3MXHKe2JHk/3bHQgghc+BngJvGq87OvZ+dqXzPfozipow6MhjZVEorqajvx6FORegmUOucXSrmDdWNWYT+P2EwVscrv774btPEgfOpVO7cpRQkS6K3Xvz6G1DUc5adEL6KhWgwI25nMrtp+bMHS77TkrMxPj4deKHU58bLEAmCCrk1J4GYhZvWPT4UvPwQsuUatWO+yFzhZcjw1nDvdVh+DeCY2203h9OUva4GTjalgXg6Mfh2RSqiv7Wy2RHb9QzyQY55FT7JEakhrpQu3yoerZ7cxBScrtSE1NdmadHn/YNe5t0CPL4T/bZQTd2/zo5+8mHSE0HKisA0kbPg0ysz97Qo2RLHEDcm1bXE57bUj/tK1YLSD7UC4A36Y2HTBT1/cYoQ/nlzXzY/9UkUUcogPiVVRtscqtmBL2ja7JF+GUunZcBfHMaS7RAfAdG+dpJU40JMlamxASV4HHxeS89LbIltz21PdfIsa8gqUbyrpg1GlCfw6v7Vu6QmttUjGPnxK5FsUuq8IQ6MdNGbOR/56PgiIt0LaqadaOb7f7JjdOGvuJ3rMZSpu5NuV4eQsEZaK/mWN2iJKD7JWqGJlHNlEB9L9zsWelE3ts35P4CP6IT93oXnoSHLUR/LAQzdpHahK25Edbsq/BpkJuksGqz1WeTIciznMqwPlYts/CapfVxkw+1TQpqgw8zZeYGE2WbZ7EuZT4uRFg=&u=U2FsdGVkX1+0nvO6dfaGP5vf8mdTwVKPCLm6Hixc6XY=&y=U2FsdGVkX19RIGVWvclTgTOVE5zhnfSl0qbooXp1980= HTTP/1.1" 200 25
186.102.45.97 - - [16/Aug/2022:23:30:56 -0500] "GET /kwssiamovil/sm/acme/a?s=U2FsdGVkX19mCKSD1J/LmDRb90PTlSREk+tTQC09lEXwaKWef+r4MUyYsVD5qkvtwUavPd4AGgO+96EpUUqBv3KR2+Ya1vr6Zf75DVb9gOvlS7JyIjo2XYdxmXPBtZmOFtuFqRdfSaVNfz31rVJFc/0DI7u0b9ZDiiNFeoBhYYk=&u=U2FsdGVkX1+0nvO6dfaGP5vf8mdTwVKPCLm6Hixc6XY=&y=U2FsdGVkX19RIGVWvclTgTOVE5zhnfSl0qbooXp1980= HTTP/1.1" 200 25
186.102.45.97 - - [16/Aug/2022:23:30:56 -0500] "GET /kwssiamovil/sm/acme/a?s=U2FsdGVkX1+aIaNJBzAlR+ano0rh63ejkVmMKANhSHi+sS758DX44wbMGCCjjXIHzkQt9sACZFvmDYNuyIdLUAvmBbrNA3i3wv4bj5HMwRuHlMsZCNvy6tNw4FuBKqgG4tVZ1vJNZzEBhtdOkZqkF/2iXL3ovw2S+gkZl2id88A=&u=U2FsdGVkX1+0nvO6dfaGP5vf8mdTwVKPCLm6Hixc6XY=&y=U2FsdGVkX19RIGVWvclTgTOVE5zhnfSl0qbooXp1980= HTTP/1.1" 200 25
186.102.45.97 - - [16/Aug/2022:23:30:56 -0500] "GET /kwssiamovil/sm/acme/a?s=U2FsdGVkX1/OTGvAxfDdOnlGsX2eLc6Odh+9PnkYO/YKuOvABSBYQ+sd+NO7HHm+A1CHVlsQzrj8R73V4ouvn3MmnVZ40rGnmQ1YeTkD5NWrwuT+Mm886hjHawSMz7Fd5C05/XJGE1oNRZa2OisxPqPXATzj80V46Lr53w2p868=&u=U2FsdGVkX1+0nvO6dfaGP5vf8mdTwVKPCLm6Hixc6XY=&y=U2FsdGVkX19RIGVWvclTgTOVE5zhnfSl0qbooXp1980= HTTP/1.1" 200 25
186.102.45.97 - - [16/Aug/2022:23:30:56 -0500] "GET /kwssiamovil/sm/acme/a?s=U2FsdGVkX19xqBAGuNTqZRCHmhq848X3wzEUUfGpgT3LHPAq+R9BiwaV7eYg8Q394q2U0jIHd4ipDsFL9gw2nAQs+gOevvNq8SKTjxiUEwBNgjQHxReB2qc4v6hrxcCkzh9rhDlVDIM3hBYxu0lcoqQ+UQ6zqAO4l1zhX+z0WeHppi5O31HEcx00vYYCSRsQ&u=U2FsdGVkX1+0nvO6dfaGP5vf8mdTwVKPCLm6Hixc6XY=&y=U2FsdGVkX19RIGVWvclTgTOVE5zhnfSl0qbooXp1980= HTTP/1.1" 200 25
172.22.2.4 - - [16/Aug/2022:23:32:05 -0500] "GET /BLA/boletinlegal/vendor/phpunit/phpunit/src/Util/PHP/eval-stdin.php HTTP/1.1" 404 1018
216.245.221.92 - - [16/Aug/2022:23:32:12 -0500] "HEAD / HTTP/1.1" 200 -
172.22.2.4 - - [16/Aug/2022:23:30:55 -0500] "HEAD /BLA/boletinlegal/ HTTP/1.1" 200 -
172.22.2.4 - - [16/Aug/2022:23:31:45 -0500] "GET /BLA/boletinlegal/ HTTP/1.1" 200 58154
172.22.2.4 - - [16/Aug/2022:23:33:27 -0500] "GET /BLA/boletinlegal/ HTTP/1.1" 200 20427
186.102.45.97 - - [16/Aug/2022:23:35:01 -0500] "GET /kwssiamovil/sm/acme/u?s=U2FsdGVkX18wFbd6AlZj0nYwK3eSuTo+Th6A2l3b24LAlHtua6Bju3seZyKnkuIRFriGlQDBoaWJIS5ctINPL6D5R1WHmpatrEXt7S7ztqghVrQcmASN/eqmlYhrq0ngo6jVy/d0vF4JNHNsG1bGJQ==&u=U2FsdGVkX1+0nvO6dfaGP5vf8mdTwVKPCLm6Hixc6XY=&y=U2FsdGVkX19RIGVWvclTgTOVE5zhnfSl0qbooXp1980= HTTP/1.1" 200 60
201.245.192.253 - - [16/Aug/2022:23:35:25 -0500] "POST /kwsrmcab/Wsrmcab  HTTP/1.1" 200 46805
216.245.221.92 - - [16/Aug/2022:23:37:12 -0500] "HEAD / HTTP/1.1" 200 -
172.22.2.4 - - [16/Aug/2022:23:36:45 -0500] "HEAD /BLA/boletinlegal/ HTTP/1.1" 200 -
172.22.2.4 - - [16/Aug/2022:23:37:35 -0500] "GET /BLA/boletinlegal/ HTTP/1.1" 200 58154
201.245.192.253 - - [16/Aug/2022:23:40:14 -0500] "POST /kwsrmcab/Wsrmcab HTTP/1.1" 200 47989
201.245.192.253 - - [16/Aug/2022:23:40:18 -0500] "POST /kwsrmcab/Wsrmcab HTTP/1.1" 200 44956
201.245.192.253 - - [16/Aug/2022:23:40:25 -0500] "POST /kwsrmcab/Wsrmcab  HTTP/1.1" 200 46805
216.245.221.92 - - [16/Aug/2022:23:42:12 -0500] "HEAD / HTTP/1.1" 200 -
186.102.5.36 - - [16/Aug/2022:23:42:53 -0500] "GET /kwssiamovil/sm/acme/a?s=U2FsdGVkX18FVwOO7aYd73XDfKbxZRe3NbNtWDRI4LHE/3hNPwWYaaqEwTR8Pca+GM1zD88IiS3Rvb9Vxp/iGCVBEIsAWogdP7hG5e+leC2XvSE8z7Xg8zPhxf+xllaah170TySsGTw/6KYTunVG9UeaFSVpCLGc/wWLcqRTbh/6eKGehUveudv9jJVxUw0Ejj62UYbcMuBaufv0vJ35o0rQ2UI0tJAJuCy4P8e3y0okP/TRiqF3ixdVYww14wUhl0sfOmtmDbcXvVevA3e53A==&u=U2FsdGVkX19NiIvMQHs30CC4OaUvfCwFxwbJXG1r8Vk6nCSL74Hemfh5Y3ZNJfjI&y=U2FsdGVkX1+2xJWE6xF7x7XQr2IZ36Q/zOcF4IO4B4fQ1VGbFUqShoXv3q8TOpts HTTP/1.1" 200 25
186.102.5.36 - - [16/Aug/2022:23:42:53 -0500] "GET /kwssiamovil/sm/acme/a?s=U2FsdGVkX181F05p6Ct1nl0OSs4NkyMQ9ojbXP57Jwbv1+oXL15m1SrCBicvWrb6toxKc+kjAG1j9aqcHfaNqH7kMsm0QbWwbjn0PYtTQn/xX9ao/2j3LjM6kr6XeV7XzE0xmMTWertWi/lpLurMPIp1q832+Tk+MjYHV5+fQIIF9AWBK8OkBqjF36p3HDbjrpe41upKK8/Ymry5qT/0GqbwYxKZSta30dyZQDotESDC99CZE26scfBZ53MW9YQVES7bymlcHlhCXy2LwLfT7SzpmBkksTtSkOHNW3D/c11VbUZMgP1oIqV6P94VgBJg34x5hOrW01MSwD6w19UYMvDLZk0hyseYBSoI7iuu1GiB3q8ycwcS+Hfn0l7eHkMKa5Hr5yZnqj8KDM6uA/Dq9hxO92c0rzExCz1pvfOaaBjQ/GCn/Vte6tFXL/S4IFBFwV7T2FRmpYTEXpO1ew2CeGgQ9/CGrMiKYa5YsJVteL9SOyGGDfjpdPXf+JLQtu6GRVZuJpjMi9jPlltA0F/fbNHSKMUf0hKkDAA8QlXy5SiSrBGbzn4lnH0KEI/9e9qndKD6pfmj4dvW+v/IRFT5TqqV6Qj9guzytRq8JVM/9Y0inGVt2I4sNzlNPKH/nGhJaWI64qfFR71m/oi7cm3VA3GOu0Wiw9ePeYeaHid5J3h72AUM/M2aE2yDye+4WWNeVurnzyAK3wfWPSGrS1/i7+jlmUu0/v5HcVdZ+YpclvSWW16KR0XpiyMZCB2O1dgphSNjcnXWJoSrBnAkMNpd5qiGzqZghCtNxRsWYRIxo99BOVk7eEy6qMa+FC4iyxe2UgNdLu0DiRsMKoUiTb/i1HMSaSR5z8PKz5SLTRojkEoTlCYXnysb9ihruZLWMXap+yga3XsnRUFsp1FmO5keEXqVrh0s7LamCv6KaTy5wjh+G9QWCyPR+1Qa/LNem6VgggzO+fhm9fKAu76+mHSRyHdWnEWjhW4FHV1UjLlZfLsFCSoL1SEGRsJjwNu7T2SAlRZah/IHbw1jozLqp9au8qQai0p2gQSqmnT7xx/fl/bAtPyJN8Vx9Y+4fRjN7FPLyFV0uyMZM8GJIu2Ii+tnP1UEKoMUH16P4lG8F65KP4i0/xv5uREV4j9S4LI5kCODJ8rzZfFItSIjI8QnXfLAS+IDufhRTbKwbATO9jbqOjaLfA8wzP+iRkzaunrADxuSlAbjpM+bEGwpQN3USA88ZKKkDY7j6bHOvGGTiyNxJx8Jtz/iIzJRZuwofS42wLjGiywZGnfTT5lj6zM6UXOdS6C6iNc9mE6iVdDgpNEud1u+KRqvMwmy/EM6YBckgHu85PcFKf06nWfNcWrPZp/XUx5Dx12KttnccUq73fr8O+9bqLF0ffeFpj28oqKUFIBRisQqP7B450ZmdtqSa7DMcEQoz5tMCEOY78ObkqbjDpsgOpBtXJGUhAksOjfkcdBzIBIaHVt+D2B7JSYHnr31raJBXsPJWfTQwKBXzMrrDWSFVT5Xe77WpbyEcoT/IVGJyZLXnh1MaJKH8HkVX3ii37yyJ9BGvM9H/oeYdd19UxyM5vyr8cbBSO0Faqaxg18rsCP4SSO8xWxnL0XQcu2goxAm4aU0vTsTI+EtOs1ApQNbNL3PBOwPCMMT6InHYLVKrBy0M48wTYYWRYh4gCnh4TntddDD+FbUJO5g372ElqKmgpG7LdfJzzAdWYwQca7ce2OB5aYi0EXth+dmzB+o2s5MPNEX2zOgEy+wiPENVHz+YiKiw0Hydotf3Ue+L+mzCmhp5KknBbP7jQzfxjPRl/5Ve6udoQCUHc8Fv2JfOCZhXyy2er+GjHMkjOSPdB1T/KHFmGeXmSkdCu3VKDvXpqchTWYVdtmeT5YsBSiUSM7hOIm7co12DAFNufYvUrONQlJha/A5afMeji96Lx+mB1/sghX6jN7uPVvAyNypxyLTTuVKw8jk1bmT8j42OnxaPaATxYwB+NyEPr1jP9bnrgy3wP6lh96oEokVlfT9ZDAtC3T7UIdOQcrggjQlFTNZt8DxyJtYAV9KigQqKpeOzwm3LN16WsmWPN2FInmiXzDgxxdpO2Q8i660yRiplCfYnY7m/ZmGBDEbEkPDZg/JmB3/tLKHFv52ubKAmj0yN/RNWbNwunS2Zy+vUbIFTEcyaIBaGn5lz3trscLNDw1/V2geZEWK0xq2OorkTjfYp+XtdIk5PnG/HqTriWAG+E+y6z1MS4cAHwpanYL6PRPo27NERWihvFvbJFY4+UVW0dvN6BQXMRCMIdkqtYCXKzEiGqp69YCwW/H+BGieo8inlQ==&u=U2FsdGVkX19NiIvMQHs30CC4OaUvfCwFxwbJXG1r8Vk6nCSL74Hemfh5Y3ZNJfjI&y=U2FsdGVkX1+2xJWE6xF7x7XQr2IZ36Q/zOcF4IO4B4fQ1VGbFUqShoXv3q8TOpts HTTP/1.1" 200 25
186.102.5.36 - - [16/Aug/2022:23:42:53 -0500] "GET /kwssiamovil/sm/acme/a?s=U2FsdGVkX1/kWv90K4Zhlj4tWvuTyQYO7XbPn3lSgSj0BdFNmbgwesKBC1Tg+9nXuKWyhInRtCuoFFQQt3cYBvXaR/h1JD+ZZYvt6sjckIJLmcUvKTGF6ZD0gMh2nyhN6WL1jQBLc41OdMHktypEEF8gsogH5AC7uKw6ozoSqXw=&u=U2FsdGVkX19NiIvMQHs30CC4OaUvfCwFxwbJXG1r8Vk6nCSL74Hemfh5Y3ZNJfjI&y=U2FsdGVkX1+2xJWE6xF7x7XQr2IZ36Q/zOcF4IO4B4fQ1VGbFUqShoXv3q8TOpts HTTP/1.1" 200 25
186.102.5.36 - - [16/Aug/2022:23:42:54 -0500] "GET /kwssiamovil/sm/acme/a?s=U2FsdGVkX1/vfKOGvIdBxGwXO2CCC2lDeV01lk6whnj43aTSnotDuR+pVJeU3OtpzgmPPPOd9f8nAn59NX1/uFU8St8wuNpPgjr6snkV/VRWuchl1+01J/y/hTAp6++HOJZIdd9GpbtiOfDlGg9atcVaeVm/zCU8IqRbkHtzM5k=&u=U2FsdGVkX19NiIvMQHs30CC4OaUvfCwFxwbJXG1r8Vk6nCSL74Hemfh5Y3ZNJfjI&y=U2FsdGVkX1+2xJWE6xF7x7XQr2IZ36Q/zOcF4IO4B4fQ1VGbFUqShoXv3q8TOpts HTTP/1.1" 200 25
186.102.5.36 - - [16/Aug/2022:23:42:54 -0500] "GET /kwssiamovil/sm/acme/a?s=U2FsdGVkX18BGFK6eOJTh60C1Ta2b+27HOxXEOPl66haink5fXb0Vjs72FkKRGRmNl4iVjmF/Xp2uV33TGd3GUGKynYxdDhekJK0IuG/BClxIDpQiNxDQBar64j3QgaBoqY4PrILbaxrovUqcfFGehdjDNHkCU1819c+etJnG/E=&u=U2FsdGVkX19NiIvMQHs30CC4OaUvfCwFxwbJXG1r8Vk6nCSL74Hemfh5Y3ZNJfjI&y=U2FsdGVkX1+2xJWE6xF7x7XQr2IZ36Q/zOcF4IO4B4fQ1VGbFUqShoXv3q8TOpts HTTP/1.1" 200 25
186.102.5.36 - - [16/Aug/2022:23:42:54 -0500] "GET /kwssiamovil/sm/acme/a?s=U2FsdGVkX19zXOzxB2I4S8PCdz8BfIVIwUqfjYcWpCuMiaLhNt+7flDRPW1eXMLaiUhGrrgH8KNGsKfUQ0WdIAzTNka7nUn5gfJQCznYW6SsQ/lKaeMm8hUKp6BrUeoZY/1eiXEBnz74/T8x1Tjnbux2tDb5YKwEEdxGhV/cnl6tbXx9JDorUer8KkGpKqsggLE6vfkTONLLT/SIfvXJag==&u=U2FsdGVkX19NiIvMQHs30CC4OaUvfCwFxwbJXG1r8Vk6nCSL74Hemfh5Y3ZNJfjI&y=U2FsdGVkX1+2xJWE6xF7x7XQr2IZ36Q/zOcF4IO4B4fQ1VGbFUqShoXv3q8TOpts HTTP/1.1" 200 25
186.102.5.36 - - [16/Aug/2022:23:43:07 -0500] "GET /kwssiamovil/sm/acme/u?s=U2FsdGVkX18ifY7q3FfcT7Z92zDrqlUxKGWiYzkuhLXhR/4hKPWMP8Pz5uq/DEfwBdwB/ZGnqh3KAWpPWC4UFR7Sgt2UaUZZk064/qxS9b7FUEP3Fu2dz8HDPeBsozT8UO5CY5u0heE7W00IiGw5ug==&u=U2FsdGVkX19NiIvMQHs30CC4OaUvfCwFxwbJXG1r8Vk6nCSL74Hemfh5Y3ZNJfjI&y=U2FsdGVkX1+2xJWE6xF7x7XQr2IZ36Q/zOcF4IO4B4fQ1VGbFUqShoXv3q8TOpts HTTP/1.1" 200 60
172.22.2.4 - - [16/Aug/2022:23:43:27 -0500] "GET /BLA/boletinlegal/docs/manual/ HTTP/1.1" 404 1037
172.22.2.4 - - [16/Aug/2022:23:42:35 -0500] "HEAD /BLA/boletinlegal/ HTTP/1.1" 200 -
172.22.2.4 - - [16/Aug/2022:23:43:25 -0500] "GET /BLA/boletinlegal/ HTTP/1.1" 200 58154
201.245.192.253 - - [16/Aug/2022:23:45:24 -0500] "POST /kwsrmcab/Wsrmcab  HTTP/1.1" 200 46805
216.245.221.92 - - [16/Aug/2022:23:47:12 -0500] "HEAD / HTTP/1.1" 200 -
207.46.13.11 - - [16/Aug/2022:23:47:41 -0500] "GET /BLA/resoluciones/index.php?dir=AUTOS+2022%2F HTTP/1.1" 200 205703
172.22.2.4 - - [16/Aug/2022:23:48:25 -0500] "HEAD /BLA/boletinlegal/ HTTP/1.1" 200 -
201.245.192.253 - - [16/Aug/2022:23:50:23 -0500] "POST /kwsrmcab/Wsrmcab  HTTP/1.1" 200 46805
172.22.2.4 - - [16/Aug/2022:23:49:15 -0500] "GET /BLA/boletinlegal/ HTTP/1.1" 200 54814
185.119.81.98 - - [16/Aug/2022:23:51:47 -0500] "GET /portaldeninos/wp-login.php HTTP/1.1" 200 2592
185.119.81.98 - - [16/Aug/2022:23:51:48 -0500] "POST /portaldeninos/wp-login.php HTTP/1.1" 200 3605
216.245.221.92 - - [16/Aug/2022:23:52:12 -0500] "HEAD / HTTP/1.1" 200 -
172.22.2.4 - - [16/Aug/2022:23:53:03 -0500] "GET /BLA/boletinlegal/Directivas/2011/Directiva%20No.%2011%20del%2027%20de%20Diciembre%20de%202011.pdf HTTP/1.1" 200 303527
201.245.192.253 - - [16/Aug/2022:23:55:22 -0500] "POST /kwsrmcab/Wsrmcab  HTTP/1.1" 200 46805
172.22.2.4 - - [16/Aug/2022:23:54:15 -0500] "HEAD /BLA/boletinlegal/ HTTP/1.1" 200 -
172.22.2.4 - - [16/Aug/2022:23:55:58 -0500] "GET /BLA/boletinlegal/docs/manual/ HTTP/1.1" 404 1037
172.22.2.4 - - [16/Aug/2022:23:55:05 -0500] "GET /BLA/boletinlegal/ HTTP/1.1" 200 58154
216.245.221.92 - - [16/Aug/2022:23:57:12 -0500] "HEAD / HTTP/1.1" 200 -
185.119.81.99 - - [16/Aug/2022:23:57:47 -0500] "GET /portaldeninos/wp-login.php HTTP/1.1" 200 2592
185.119.81.99 - - [16/Aug/2022:23:57:48 -0500] "POST /portaldeninos/wp-login.php HTTP/1.1" 200 3650
172.22.2.4 - - [16/Aug/2022:23:58:54 -0500] "GET /BLA/boletinlegal/ReportServer HTTP/1.1" 404 1018
172.22.2.4 - - [16/Aug/2022:23:59:19 -0500] "GET /BLA/boletinlegal/login HTTP/1.1" 404 1018

:: Command execute ::

Enter:
 
Select:
 

:: Search ::
regexp 

:: Upload ::
 
[ ok ]

:: Make Dir ::
 
[ ok ]
:: Make File ::
 
[ ok ]

:: Go Dir ::
 
:: Go File ::
 

--[ c99shell v. 1.0 pre-release build #13 powered by Captain Crunch Security Team | http://ccteam.ru | Generation time: 0.156 ]--