142.93.121.198 - - [17/Aug/2022:06:18:26 -0500] "GET /_phpmyadmin_/index.php?lang=en HTTP/1.1" 404 1018
142.93.121.198 - - [17/Aug/2022:06:18:26 -0500] "GET /sql/phpmyadmin4/index.php?lang=en HTTP/1.1" 404 1018
142.93.121.198 - - [17/Aug/2022:06:18:26 -0500] "GET /db/db-admin/index.php?lang=en HTTP/1.1" 404 1018
142.93.121.198 - - [17/Aug/2022:06:18:26 -0500] "GET /db/phpmyadmin3/index.php?lang=en HTTP/1.1" 404 1018
142.93.121.198 - - [17/Aug/2022:06:18:26 -0500] "GET /phpmyadmin/index.php?lang=en HTTP/1.1" 403 1165
142.93.121.198 - - [17/Aug/2022:06:18:26 -0500] "GET /phpmyadmin4/index.php?lang=en HTTP/1.1" 403 1165
142.93.121.198 - - [17/Aug/2022:06:18:27 -0500] "GET /phpMyAdmin/index.php?lang=en HTTP/1.1" 403 1165
142.93.121.198 - - [17/Aug/2022:06:18:27 -0500] "GET /shopdb/index.php?lang=en HTTP/1.1" 404 1018
142.93.121.198 - - [17/Aug/2022:06:18:27 -0500] "GET /database/index.php?lang=en HTTP/1.1" 404 1018
142.93.121.198 - - [17/Aug/2022:06:18:27 -0500] "GET /phpMyadmin/index.php?lang=en HTTP/1.1" 403 1165
142.93.121.198 - - [17/Aug/2022:06:18:27 -0500] "GET /myadmin/index.php?lang=en HTTP/1.1" 404 1018
142.93.121.198 - - [17/Aug/2022:06:18:27 -0500] "GET /program/index.php?lang=en HTTP/1.1" 404 1018
142.93.121.198 - - [17/Aug/2022:06:18:27 -0500] "GET /sql/phpMyAdmin2/index.php?lang=en HTTP/1.1" 404 1018
142.93.121.198 - - [17/Aug/2022:06:18:27 -0500] "GET /phpmyAdmin/index.php?lang=en HTTP/1.1" 403 1165
142.93.121.198 - - [17/Aug/2022:06:18:27 -0500] "GET /phpMyAdmin4/index.php?lang=en HTTP/1.1" 403 1165
142.93.121.198 - - [17/Aug/2022:06:18:27 -0500] "GET /admin/web/index.php?lang=en HTTP/1.1" 404 1018
142.93.121.198 - - [17/Aug/2022:06:18:28 -0500] "GET /sql/webdb/index.php?lang=en HTTP/1.1" 404 1018
142.93.121.198 - - [17/Aug/2022:06:18:28 -0500] "GET /db/phpMyAdmin-5/index.php?lang=en HTTP/1.1" 404 1018
142.93.121.198 - - [17/Aug/2022:06:18:28 -0500] "GET /phpmyadmin2014/index.php?lang=en HTTP/1.1" 403 1165
142.93.121.198 - - [17/Aug/2022:06:18:28 -0500] "GET /admin/pma/index.php?lang=en HTTP/1.1" 404 1018
142.93.121.198 - - [17/Aug/2022:06:18:28 -0500] "GET /phpmyadmin2019/index.php?lang=en HTTP/1.1" 403 1165
142.93.121.198 - - [17/Aug/2022:06:18:28 -0500] "GET /administrator/pma/index.php?lang=en HTTP/1.1" 404 1018
142.93.121.198 - - [17/Aug/2022:06:18:28 -0500] "GET /db/phpmyadmin5/index.php?lang=en HTTP/1.1" 404 1018
142.93.121.198 - - [17/Aug/2022:06:18:28 -0500] "GET /administrator/db/index.php?lang=en HTTP/1.1" 404 1018
142.93.121.198 - - [17/Aug/2022:06:18:28 -0500] "GET /mysql/admin/index.php?lang=en HTTP/1.1" 404 1018
142.93.121.198 - - [17/Aug/2022:06:18:28 -0500] "GET /phpmyadmin2016/index.php?lang=en HTTP/1.1" 403 1165
142.93.121.198 - - [17/Aug/2022:06:18:28 -0500] "GET /phpmyadmin2020/index.php?lang=en HTTP/1.1" 403 1165
142.93.121.198 - - [17/Aug/2022:06:18:29 -0500] "GET /phpmyadmin1/index.php?lang=en HTTP/1.1" 403 1165
142.93.121.198 - - [17/Aug/2022:06:18:29 -0500] "GET /phpmyadmin2011/index.php?lang=en HTTP/1.1" 403 1165
142.93.121.198 - - [17/Aug/2022:06:18:29 -0500] "GET /sql/sqlweb/index.php?lang=en HTTP/1.1" 404 1018
142.93.121.198 - - [17/Aug/2022:06:18:29 -0500] "GET /phpMyAdmin-4.9.7/index.php?lang=en HTTP/1.1" 403 1165
142.93.121.198 - - [17/Aug/2022:06:18:29 -0500] "GET /db/myadmin/index.php?lang=en HTTP/1.1" 404 1018
142.93.121.198 - - [17/Aug/2022:06:18:29 -0500] "GET /phpmyadmin2022/index.php?lang=en HTTP/1.1" 403 1165
142.93.121.198 - - [17/Aug/2022:06:18:29 -0500] "GET /admin/index.php?lang=en HTTP/1.1" 404 1018
142.93.121.198 - - [17/Aug/2022:06:18:29 -0500] "GET /phpMyAdmin-3/index.php?lang=en HTTP/1.1" 403 1165
142.93.121.198 - - [17/Aug/2022:06:18:29 -0500] "GET /phpmyadmin2015/index.php?lang=en HTTP/1.1" 403 1165
142.93.121.198 - - [17/Aug/2022:06:18:29 -0500] "GET /administrator/PMA/index.php?lang=en HTTP/1.1" 404 1018
142.93.121.198 - - [17/Aug/2022:06:18:30 -0500] "GET /db/phpmyadmin4/index.php?lang=en HTTP/1.1" 404 1018
142.93.121.198 - - [17/Aug/2022:06:18:30 -0500] "GET /db/phpmyadmin/index.php?lang=en HTTP/1.1" 404 1018
142.93.121.198 - - [17/Aug/2022:06:18:30 -0500] "GET /sql/phpmy-admin/index.php?lang=en HTTP/1.1" 404 1018
142.93.121.198 - - [17/Aug/2022:06:18:30 -0500] "GET /pma/index.php?lang=en HTTP/1.1" 404 1018
142.93.121.198 - - [17/Aug/2022:06:18:30 -0500] "GET /phpmyadmin2018/index.php?lang=en HTTP/1.1" 403 1165
142.93.121.198 - - [17/Aug/2022:06:18:30 -0500] "GET /phpmy-admin/index.php?lang=en HTTP/1.1" 404 1018
142.93.121.198 - - [17/Aug/2022:06:18:30 -0500] "GET /phpMyAdmin-5.2.0/index.php?lang=en HTTP/1.1" 403 1165
142.93.121.198 - - [17/Aug/2022:06:18:30 -0500] "GET /phpMyAdmin-4/index.php?lang=en HTTP/1.1" 403 1165
142.93.121.198 - - [17/Aug/2022:06:18:30 -0500] "GET /phpMyAdmin-5.1.2/index.php?lang=en HTTP/1.1" 403 1165
142.93.121.198 - - [17/Aug/2022:06:18:30 -0500] "GET /mysql/web/index.php?lang=en HTTP/1.1" 404 1018
142.93.121.198 - - [17/Aug/2022:06:18:30 -0500] "GET /phpmyadmin_/index.php?lang=en HTTP/1.1" 403 1165
142.93.121.198 - - [17/Aug/2022:06:18:31 -0500] "GET /mysql-admin/index.php?lang=en HTTP/1.1" 404 1018
142.93.121.198 - - [17/Aug/2022:06:18:31 -0500] "GET /db/websql/index.php?lang=en HTTP/1.1" 404 1018
142.93.121.198 - - [17/Aug/2022:06:18:31 -0500] "GET /admin/phpMyAdmin/index.php?lang=en HTTP/1.1" 404 1018
142.93.121.198 - - [17/Aug/2022:06:18:31 -0500] "GET /db/dbweb/index.php?lang=en HTTP/1.1" 404 1018
142.93.121.198 - - [17/Aug/2022:06:18:31 -0500] "GET /sql/myadmin/index.php?lang=en HTTP/1.1" 404 1018
142.93.121.198 - - [17/Aug/2022:06:18:31 -0500] "GET /mysql/index.php?lang=en HTTP/1.1" 404 1018
142.93.121.198 - - [17/Aug/2022:06:18:31 -0500] "GET /phpMyAdmin5.2/index.php?lang=en HTTP/1.1" 403 1165
142.93.121.198 - - [17/Aug/2022:06:18:31 -0500] "GET /db/webadmin/index.php?lang=en HTTP/1.1" 404 1018
142.93.121.198 - - [17/Aug/2022:06:18:31 -0500] "GET /mysql/pma/index.php?lang=en HTTP/1.1" 404 1018
142.93.121.198 - - [17/Aug/2022:06:18:31 -0500] "GET /phpMyAdmin-5.1.3/index.php?lang=en HTTP/1.1" 403 1165
142.93.121.198 - - [17/Aug/2022:06:18:32 -0500] "GET /php-myadmin/index.php?lang=en HTTP/1.1" 404 1018
142.93.121.198 - - [17/Aug/2022:06:18:32 -0500] "GET /mysql/sqlmanager/index.php?lang=en HTTP/1.1" 404 1018
142.93.121.198 - - [17/Aug/2022:06:18:32 -0500] "GET /administrator/admin/index.php?lang=en HTTP/1.1" 404 1018
142.93.121.198 - - [17/Aug/2022:06:18:32 -0500] "GET /sql/webadmin/index.php?lang=en HTTP/1.1" 404 1018
142.93.121.198 - - [17/Aug/2022:06:18:32 -0500] "GET /_phpmyadmin/index.php?lang=en HTTP/1.1" 404 1018
142.93.121.198 - - [17/Aug/2022:06:18:32 -0500] "GET /mysql/pMA/index.php?lang=en HTTP/1.1" 404 1018
142.93.121.198 - - [17/Aug/2022:06:18:32 -0500] "GET /mysqladmin/index.php?lang=en HTTP/1.1" 404 1018
142.93.121.198 - - [17/Aug/2022:06:18:32 -0500] "GET /db/phpMyAdmin-4/index.php?lang=en HTTP/1.1" 404 1018
142.93.121.198 - - [17/Aug/2022:06:18:32 -0500] "GET /mysql/mysqlmanager/index.php?lang=en HTTP/1.1" 404 1018
142.93.121.198 - - [17/Aug/2022:06:18:32 -0500] "GET /sql/phpmanager/index.php?lang=en HTTP/1.1" 404 1018
142.93.121.198 - - [17/Aug/2022:06:18:32 -0500] "GET /sql/sqladmin/index.php?lang=en HTTP/1.1" 404 1018
142.93.121.198 - - [17/Aug/2022:06:18:33 -0500] "GET /db/index.php?lang=en HTTP/1.1" 404 1018
142.93.121.198 - - [17/Aug/2022:06:18:33 -0500] "GET /db/phpMyAdmin3/index.php?lang=en HTTP/1.1" 404 1018
142.93.121.198 - - [17/Aug/2022:06:18:33 -0500] "GET /1phpmyadmin/index.php?lang=en HTTP/1.1" 404 1018
142.93.121.198 - - [17/Aug/2022:06:18:33 -0500] "GET /db/phpMyAdmin-3/index.php?lang=en HTTP/1.1" 404 1018
142.93.121.198 - - [17/Aug/2022:06:18:33 -0500] "GET /admin/sqladmin/index.php?lang=en HTTP/1.1" 404 1018
142.93.121.198 - - [17/Aug/2022:06:18:33 -0500] "GET /phpMyAdmin5/index.php?lang=en HTTP/1.1" 403 1165
142.93.121.198 - - [17/Aug/2022:06:18:33 -0500] "GET /mysqlmanager/index.php?lang=en HTTP/1.1" 404 1018
142.93.121.198 - - [17/Aug/2022:06:18:33 -0500] "GET /admin/db/index.php?lang=en HTTP/1.1" 404 1018
142.93.121.198 - - [17/Aug/2022:06:18:33 -0500] "GET /sql/phpMyAdmin/index.php?lang=en HTTP/1.1" 404 1018
142.93.121.198 - - [17/Aug/2022:06:18:33 -0500] "GET /wp-content/plugins/portable-phpmyadmin/wp-pma-mod/index.php?lang=en HTTP/1.1" 404 1018
142.93.121.198 - - [17/Aug/2022:06:18:34 -0500] "GET /sql/sql-admin/index.php?lang=en HTTP/1.1" 404 1018
142.93.121.198 - - [17/Aug/2022:06:18:34 -0500] "GET /phpmyadmin2017/index.php?lang=en HTTP/1.1" 403 1165
142.93.121.198 - - [17/Aug/2022:06:18:34 -0500] "GET /admin/sysadmin/index.php?lang=en HTTP/1.1" 404 1018
142.93.121.198 - - [17/Aug/2022:06:18:34 -0500] "GET /PMA/index.php?lang=en HTTP/1.1" 404 1018
142.93.121.198 - - [17/Aug/2022:06:18:34 -0500] "GET /phpmyadmin2021/index.php?lang=en HTTP/1.1" 403 1165
142.93.121.198 - - [17/Aug/2022:06:18:34 -0500] "GET /administrator/web/index.php?lang=en HTTP/1.1" 404 1018
142.93.121.198 - - [17/Aug/2022:06:18:34 -0500] "GET /phpMyAdmin1/index.php?lang=en HTTP/1.1" 403 1165
142.93.121.198 - - [17/Aug/2022:06:18:34 -0500] "GET /phpMyAdmin5.1/index.php?lang=en HTTP/1.1" 403 1165
142.93.121.198 - - [17/Aug/2022:06:18:34 -0500] "GET /sqlmanager/index.php?lang=en HTTP/1.1" 404 1018
142.93.121.198 - - [17/Aug/2022:06:18:34 -0500] "GET /phpMyAdmin_/index.php?lang=en HTTP/1.1" 403 1165
142.93.121.198 - - [17/Aug/2022:06:18:34 -0500] "GET /2phpmyadmin/index.php?lang=en HTTP/1.1" 404 1018
142.93.121.198 - - [17/Aug/2022:06:18:35 -0500] "GET /sql/php-myadmin/index.php?lang=en HTTP/1.1" 404 1018
142.93.121.198 - - [17/Aug/2022:06:18:35 -0500] "GET /sql/websql/index.php?lang=en HTTP/1.1" 404 1018
142.93.121.198 - - [17/Aug/2022:06:18:35 -0500] "GET /sql/phpmyadmin3/index.php?lang=en HTTP/1.1" 404 1018
142.93.121.198 - - [17/Aug/2022:06:18:35 -0500] "GET /phpmyadmin3/index.php?lang=en HTTP/1.1" 403 1165
142.93.121.198 - - [17/Aug/2022:06:18:35 -0500] "GET /phpmyadmin2/index.php?lang=en HTTP/1.1" 403 1165
142.93.121.198 - - [17/Aug/2022:06:18:35 -0500] "GET /db/webdb/index.php?lang=en HTTP/1.1" 404 1018
142.93.121.198 - - [17/Aug/2022:06:18:35 -0500] "GET /phpmyadmin2013/index.php?lang=en HTTP/1.1" 403 1165
142.93.121.198 - - [17/Aug/2022:06:18:35 -0500] "GET /phpMyAdmin-5/index.php?lang=en HTTP/1.1" 403 1165
142.93.121.198 - - [17/Aug/2022:06:18:35 -0500] "GET /mysql/dbadmin/index.php?lang=en HTTP/1.1" 404 1018
142.93.121.198 - - [17/Aug/2022:06:18:35 -0500] "GET /_phpMyAdmin/index.php?lang=en HTTP/1.1" 404 1018
142.93.121.198 - - [17/Aug/2022:06:18:35 -0500] "GET /db/dbadmin/index.php?lang=en HTTP/1.1" 404 1018
142.93.121.198 - - [17/Aug/2022:06:18:36 -0500] "GET /administrator/phpMyAdmin/index.php?lang=en HTTP/1.1" 404 1018
142.93.121.198 - - [17/Aug/2022:06:18:36 -0500] "GET /phpmyadmin5/index.php?lang=en HTTP/1.1" 403 1165
142.93.121.198 - - [17/Aug/2022:06:18:36 -0500] "GET /phpmyadmin2012/index.php?lang=en HTTP/1.1" 403 1165
142.93.121.198 - - [17/Aug/2022:06:18:36 -0500] "GET /mysql/db/index.php?lang=en HTTP/1.1" 404 1018
142.93.121.198 - - [17/Aug/2022:06:18:36 -0500] "GET /phpMyAdmin2/index.php?lang=en HTTP/1.1" 403 1165
142.93.121.198 - - [17/Aug/2022:06:18:36 -0500] "GET /sql/sql/index.php?lang=en HTTP/1.1" 404 1018
142.93.121.198 - - [17/Aug/2022:06:18:36 -0500] "GET /dbadmin/index.php?lang=en HTTP/1.1" 404 1018
142.93.121.198 - - [17/Aug/2022:06:18:36 -0500] "GET /db/phpMyAdmin/index.php?lang=en HTTP/1.1" 404 1018
142.93.121.198 - - [17/Aug/2022:06:18:36 -0500] "GET /administrator/phpmyadmin/index.php?lang=en HTTP/1.1" 404 1018
142.93.121.198 - - [17/Aug/2022:06:18:36 -0500] "GET /phpMyAdmin3/index.php?lang=en HTTP/1.1" 403 1165
142.93.121.198 - - [17/Aug/2022:06:18:37 -0500] "GET /phppma/index.php?lang=en HTTP/1.1" 404 1018
142.93.121.198 - - [17/Aug/2022:06:18:37 -0500] "GET /phpmy/index.php?lang=en HTTP/1.1" 404 1018
142.93.121.198 - - [17/Aug/2022:06:18:37 -0500] "GET /phpMyAdmin-5.1.0/index.php?lang=en HTTP/1.1" 403 1165
142.93.121.198 - - [17/Aug/2022:06:18:37 -0500] "GET /MyAdmin/index.php?lang=en HTTP/1.1" 404 1018
185.119.81.102 - - [17/Aug/2022:06:19:02 -0500] "GET /portaldeninos/wp-login.php HTTP/1.1" 200 2592
185.119.81.102 - - [17/Aug/2022:06:19:03 -0500] "POST /portaldeninos/wp-login.php HTTP/1.1" 200 3605
201.245.192.253 - - [17/Aug/2022:06:20:13 -0500] "POST /kwsrmcab/Wsrmcab HTTP/1.1" 200 47373
201.245.192.253 - - [17/Aug/2022:06:20:17 -0500] "POST /kwsrmcab/Wsrmcab HTTP/1.1" 200 44861
172.22.2.4 - - [17/Aug/2022:06:19:14 -0500] "HEAD /BLA/boletinlegal/ HTTP/1.1" 200 -
201.245.192.253 - - [17/Aug/2022:06:21:13 -0500] "POST /kwsrmcab/Wsrmcab  HTTP/1.1" 200 46805
172.22.2.4 - - [17/Aug/2022:06:20:04 -0500] "GET /BLA/boletinlegal/ HTTP/1.1" 200 54814
207.46.13.11 - - [17/Aug/2022:06:22:08 -0500] "GET /BLA/resoluciones/index.php?dir=AUTOS+2022%2F HTTP/1.1" 200 205703
216.245.221.92 - - [17/Aug/2022:06:22:11 -0500] "HEAD / HTTP/1.1" 200 -
201.245.192.253 - - [17/Aug/2022:06:26:12 -0500] "POST /kwsrmcab/Wsrmcab  HTTP/1.1" 200 46805
172.22.2.4 - - [17/Aug/2022:06:25:04 -0500] "HEAD /BLA/boletinlegal/ HTTP/1.1" 200 -
216.245.221.92 - - [17/Aug/2022:06:27:11 -0500] "HEAD / HTTP/1.1" 200 -
172.22.2.4 - - [17/Aug/2022:06:25:54 -0500] "GET /BLA/boletinlegal/ HTTP/1.1" 200 58154
172.22.2.4 - - [17/Aug/2022:06:28:22 -0500] "GET /BLA/boletinlegal/actos.php HTTP/1.1" 200 9559
201.245.192.253 - - [17/Aug/2022:06:30:13 -0500] "POST /kwsrmcab/Wsrmcab HTTP/1.1" 200 47373
201.245.192.253 - - [17/Aug/2022:06:30:16 -0500] "POST /kwsrmcab/Wsrmcab HTTP/1.1" 200 44861
35.240.117.238 - - [17/Aug/2022:06:31:12 -0500] "GET /portaldeninos/ HTTP/1.1" 200 110281
201.245.192.253 - - [17/Aug/2022:06:31:11 -0500] "POST /kwsrmcab/Wsrmcab  HTTP/1.1" 200 46805
35.240.117.238 - - [17/Aug/2022:06:31:21 -0500] "GET /portaldeninos/publicidad/ HTTP/1.1" 200 87569
35.240.117.238 - - [17/Aug/2022:06:31:29 -0500] "GET /portaldeninos/glosario/ HTTP/1.1" 200 97198
35.240.117.238 - - [17/Aug/2022:06:31:38 -0500] "GET /portaldeninos/contactanos/ HTTP/1.1" 200 88135
35.240.117.238 - - [17/Aug/2022:06:31:46 -0500] "GET /portaldeninos/humedal-el-tunjo/ HTTP/1.1" 200 87661
35.240.117.238 - - [17/Aug/2022:06:31:55 -0500] "GET /portaldeninos/humedal-capellania-2/ HTTP/1.1" 200 87949
35.240.117.238 - - [17/Aug/2022:06:32:03 -0500] "GET /portaldeninos/agua-y-estructura-ecologica-principal HTTP/1.1" 301 -
35.240.117.238 - - [17/Aug/2022:06:32:03 -0500] "GET /portaldeninos/agua-y-estructura-ecologica-principal/ HTTP/1.1" 200 87488
216.245.221.92 - - [17/Aug/2022:06:32:11 -0500] "HEAD / HTTP/1.1" 200 -
35.240.117.238 - - [17/Aug/2022:06:32:12 -0500] "GET /portaldeninos/aulas-ambientales-2/parque-ecologico-distrital-de-montana-entrenubes/ HTTP/1.1" 200 90406
35.240.117.238 - - [17/Aug/2022:06:32:21 -0500] "GET /portaldeninos/aulas-ambientales/aula-ambiental-sorotama/ HTTP/1.1" 200 89596
35.240.117.238 - - [17/Aug/2022:06:32:29 -0500] "GET /portaldeninos/los-arboles/ HTTP/1.1" 200 87546
172.22.2.4 - - [17/Aug/2022:06:30:54 -0500] "HEAD /BLA/boletinlegal/ HTTP/1.1" 200 -
35.240.117.238 - - [17/Aug/2022:06:32:39 -0500] "GET /portaldeninos/humedal-la-vaca-2/ HTTP/1.1" 200 87837
35.240.117.238 - - [17/Aug/2022:06:32:49 -0500] "GET /portaldeninos/humedal-jaboque-2/ HTTP/1.1" 200 87846
35.240.117.238 - - [17/Aug/2022:06:32:57 -0500] "GET /portaldeninos/%22%3E%3Ci%20class= HTTP/1.1" 404 14448
35.240.117.238 - - [17/Aug/2022:06:33:10 -0500] "GET /portaldeninos/aulas-ambientales/ HTTP/1.1" 200 88416
35.240.117.238 - - [17/Aug/2022:06:33:19 -0500] "GET /portaldeninos/parque-mirador-de-los-nevados/ HTTP/1.1" 200 89855
172.22.2.4 - - [17/Aug/2022:06:31:44 -0500] "GET /BLA/boletinlegal/ HTTP/1.1" 200 58154
172.22.2.4 - - [17/Aug/2022:06:33:26 -0500] "GET /BLA/boletinlegal/Circulares/2022/CIRCULAR%20No.%2000003%20DEL%2007%20DE%20MARZO%20DEL%202022.pdf HTTP/1.1" 304 -
35.240.117.238 - - [17/Aug/2022:06:33:34 -0500] "GET /portaldeninos/ruido/ HTTP/1.1" 200 88494
35.240.117.238 - - [17/Aug/2022:06:33:43 -0500] "GET /portaldeninos/biodiversidad HTTP/1.1" 301 -
35.240.117.238 - - [17/Aug/2022:06:33:43 -0500] "GET /portaldeninos/biodiversidad/ HTTP/1.1" 200 86633
35.240.117.238 - - [17/Aug/2022:06:33:52 -0500] "GET /portaldeninos/humedal-juan-amarillo-2/ HTTP/1.1" 200 88155
35.240.117.238 - - [17/Aug/2022:06:34:00 -0500] "GET /portaldeninos/humedal-cordoba-2/ HTTP/1.1" 200 88041
35.240.117.238 - - [17/Aug/2022:06:34:09 -0500] "GET /portaldeninos/gestion-del-riesgo-incendios-forestales HTTP/1.1" 301 -
35.240.117.238 - - [17/Aug/2022:06:34:09 -0500] "GET /portaldeninos/gestion-del-riesgo-incendios-forestales/ HTTP/1.1" 200 86825
106.75.178.169 - - [17/Aug/2022:06:34:38 -0500] "\x16\x03\x01" 400 226
106.75.178.169 - - [17/Aug/2022:06:34:38 -0500] "\x16\x03\x01" 400 226
201.245.192.253 - - [17/Aug/2022:06:36:10 -0500] "POST /kwsrmcab/Wsrmcab  HTTP/1.1" 200 46805
216.245.221.92 - - [17/Aug/2022:06:37:11 -0500] "HEAD / HTTP/1.1" 200 -
172.22.2.4 - - [17/Aug/2022:06:36:44 -0500] "HEAD /BLA/boletinlegal/ HTTP/1.1" 200 -
172.22.2.4 - - [17/Aug/2022:06:38:26 -0500] "GET /BLA/boletinlegal/favicon.ico HTTP/1.1" 404 1018
172.22.2.4 - - [17/Aug/2022:06:37:34 -0500] "GET /BLA/boletinlegal/ HTTP/1.1" 200 49092
172.22.2.4 - - [17/Aug/2022:06:38:16 -0500] "GET /BLA/boletinlegal/ HTTP/1.1" 200 56367
201.245.192.253 - - [17/Aug/2022:06:40:13 -0500] "POST /kwsrmcab/Wsrmcab HTTP/1.1" 200 47373
201.245.192.253 - - [17/Aug/2022:06:40:17 -0500] "POST /kwsrmcab/Wsrmcab HTTP/1.1" 200 44861
201.245.192.253 - - [17/Aug/2022:06:41:09 -0500] "POST /kwsrmcab/Wsrmcab  HTTP/1.1" 200 46805
45.162.79.14 - - [17/Aug/2022:06:41:21 -0500] "GET /BLA/resoluciones/RESOLUCIONES%202021/5262.pdf HTTP/1.1" 200 370932
45.162.79.14 - - [17/Aug/2022:06:41:24 -0500] "GET /BLA/resoluciones/RESOLUCIONES%202021/5262.pdf HTTP/1.1" 206 1
45.162.79.14 - - [17/Aug/2022:06:41:24 -0500] "GET /BLA/resoluciones/RESOLUCIONES%202021/5262.pdf HTTP/1.1" 206 516
216.245.221.92 - - [17/Aug/2022:06:42:11 -0500] "HEAD / HTTP/1.1" 200 -
172.22.2.4 - - [17/Aug/2022:06:42:37 -0500] "GET /BLA/boletinlegal/actos.php HTTP/1.1" 200 9559
172.22.2.4 - - [17/Aug/2022:06:42:37 -0500] "GET /BLA/boletinlegal/favicon.ico HTTP/1.1" 404 1326
172.22.2.4 - - [17/Aug/2022:06:42:43 -0500] "GET /BLA/boletinlegal/consulta_actos.php?tipo=autos&no=&usuario=&sector=&fecha=2015&resuelve= HTTP/1.1" 200 1632256
186.155.131.202 - - [17/Aug/2022:06:42:47 -0500] "GET /negocios-verdes-en-bogota-conoce-cuales-son-y-donde-encontrarlos.html HTTP/1.1" 200 869
201.245.247.88 - - [17/Aug/2022:06:42:52 -0500] "GET /BLA/resoluciones/AUTOS%202015/2006.pdf HTTP/1.1" 200 1608245
172.22.2.4 - - [17/Aug/2022:06:42:34 -0500] "HEAD /BLA/boletinlegal/ HTTP/1.1" 200 -
172.22.2.4 - - [17/Aug/2022:06:43:24 -0500] "GET /BLA/boletinlegal/ HTTP/1.1" 200 53994
144.76.22.207 - - [17/Aug/2022:06:45:57 -0500] "GET /inventario-de-emisiones-2020-transporte-publico-sitp-redujo-emisiones-de-pm-2-5-en-un-37.html HTTP/1.1" 200 925
144.76.22.207 - - [17/Aug/2022:06:46:00 -0500] "GET / HTTP/1.1" 200 4720
201.245.192.253 - - [17/Aug/2022:06:46:08 -0500] "POST /kwsrmcab/Wsrmcab  HTTP/1.1" 200 46805
216.245.221.92 - - [17/Aug/2022:06:47:11 -0500] "HEAD / HTTP/1.1" 200 -
157.55.39.102 - - [17/Aug/2022:06:48:02 -0500] "GET /portaldeninos/wp-content/uploads/2021/07/Banners-p%C3%A1gina-de-ni%C3%B1os10-300x15.jpg HTTP/1.1" 404 75240
192.241.192.203 - - [17/Aug/2022:06:49:38 -0500] "GET /actuator/health HTTP/1.1" 404 1018
192.241.213.240 - - [17/Aug/2022:06:49:39 -0500] "GET /portal/redlion HTTP/1.1" 404 1018
172.22.2.4 - - [17/Aug/2022:06:48:24 -0500] "HEAD /BLA/boletinlegal/ HTTP/1.1" 200 -
172.22.2.4 - - [17/Aug/2022:06:49:14 -0500] "GET /BLA/boletinlegal/ HTTP/1.1" 200 58154
201.245.192.253 - - [17/Aug/2022:06:51:07 -0500] "POST /kwsrmcab/Wsrmcab  HTTP/1.1" 200 46805
216.245.221.92 - - [17/Aug/2022:06:52:11 -0500] "HEAD / HTTP/1.1" 200 -
173.252.127.22 - - [17/Aug/2022:06:53:20 -0500] "GET /andrea-murcia-la-creadora-del-primer-hogar-de-paso-para-perros-y-gatos-en-un-colegio.html HTTP/1.1" 206 973
172.22.2.4 - - [17/Aug/2022:06:53:58 -0500] "GET /BLA/boletinlegal/style.css HTTP/1.1" 200 9406
172.22.2.4 - - [17/Aug/2022:06:53:58 -0500] "GET /BLA/boletinlegal/styles2.css HTTP/1.1" 200 1838
172.22.2.4 - - [17/Aug/2022:06:53:58 -0500] "GET /BLA/boletinlegal/js/jquery.js HTTP/1.1" 200 57254
172.22.2.4 - - [17/Aug/2022:06:53:58 -0500] "GET /BLA/boletinlegal/js/jquery.scrollTo-min.js HTTP/1.1" 200 1150
172.22.2.4 - - [17/Aug/2022:06:53:58 -0500] "GET /BLA/boletinlegal/js/jquery.scrollShow.js HTTP/1.1" 200 4586
172.22.2.4 - - [17/Aug/2022:06:53:58 -0500] "GET /BLA/boletinlegal/images/cabezote%20BLEGAL.jpg HTTP/1.1" 200 118164
172.22.2.4 - - [17/Aug/2022:06:53:59 -0500] "GET /BLA/boletinlegal/images/subscribe-icon-big.png HTTP/1.1" 200 47702
172.22.2.4 - - [17/Aug/2022:06:53:59 -0500] "GET /BLA/boletinlegal/images/historia.png HTTP/1.1" 200 52775
172.22.2.4 - - [17/Aug/2022:06:53:59 -0500] "GET /BLA/boletinlegal/images/registro-usuarios.png HTTP/1.1" 200 8106
172.22.2.4 - - [17/Aug/2022:06:53:59 -0500] "GET /BLA/boletinlegal/images/arr_l.jpg HTTP/1.1" 200 1979
172.22.2.4 - - [17/Aug/2022:06:53:59 -0500] "GET /BLA/boletinlegal/images/screen_1.png HTTP/1.1" 200 202547
172.22.2.4 - - [17/Aug/2022:06:54:00 -0500] "GET /BLA/boletinlegal/images/launch.jpg HTTP/1.1" 200 14577
172.22.2.4 - - [17/Aug/2022:06:54:00 -0500] "GET /BLA/boletinlegal/images/body_bg.jpg HTTP/1.1" 200 1601
172.22.2.4 - - [17/Aug/2022:06:54:00 -0500] "GET /BLA/boletinlegal/images/menu_lft.gif HTTP/1.1" 200 1713
172.22.2.4 - - [17/Aug/2022:06:54:01 -0500] "GET /BLA/boletinlegal/images/menu_rght.gif HTTP/1.1" 200 1627
172.22.2.4 - - [17/Aug/2022:06:54:01 -0500] "GET /BLA/boletinlegal/images/bg_top.jpg HTTP/1.1" 200 522
172.22.2.4 - - [17/Aug/2022:06:54:01 -0500] "GET /BLA/boletinlegal/images/menu_bg.jpg HTTP/1.1" 200 620
172.22.2.4 - - [17/Aug/2022:06:54:01 -0500] "GET /BLA/boletinlegal/images/hover.jpg HTTP/1.1" 200 640
172.22.2.4 - - [17/Aug/2022:06:54:01 -0500] "GET /BLA/boletinlegal/images/text.jpg HTTP/1.1" 200 568
172.22.2.4 - - [17/Aug/2022:06:54:05 -0500] "GET /BLA/boletinlegal/images/screen_2.png HTTP/1.1" 200 362502
172.22.2.4 - - [17/Aug/2022:06:54:05 -0500] "GET /BLA/boletinlegal/images/screen_3.png HTTP/1.1" 200 210620
172.22.2.4 - - [17/Aug/2022:06:54:05 -0500] "GET /BLA/boletinlegal/images/screen_5.png HTTP/1.1" 200 368876
172.22.2.4 - - [17/Aug/2022:06:54:05 -0500] "GET /BLA/boletinlegal/images/arr_r.jpg HTTP/1.1" 200 1998
172.22.2.4 - - [17/Aug/2022:06:54:05 -0500] "GET /BLA/boletinlegal/images/footer_bg.jpg HTTP/1.1" 200 586
172.22.2.4 - - [17/Aug/2022:06:54:12 -0500] "GET /BLA/boletinlegal/images/pdf.gif HTTP/1.1" 200 567
172.22.2.4 - - [17/Aug/2022:06:54:15 -0500] "GET /BLA/boletinlegal/images/background.gif HTTP/1.1" 200 -
172.22.2.4 - - [17/Aug/2022:06:54:17 -0500] "GET /BLA/boletinlegal/actos.phpx.php HTTP/1.1" 404 1140
172.22.2.4 - - [17/Aug/2022:06:54:18 -0500] "GET /BLA/boletinlegal/favicon.ico HTTP/1.1" 404 1336
172.22.2.4 - - [17/Aug/2022:06:54:21 -0500] "GET /BLA/boletinlegal/actos.php HTTP/1.1" 200 9559
172.22.2.4 - - [17/Aug/2022:06:54:21 -0500] "GET /BLA/boletinlegal/js/ajax_actos.js HTTP/1.1" 200 1322
172.22.2.4 - - [17/Aug/2022:06:54:21 -0500] "GET /BLA/boletinlegal/niceforms.js HTTP/1.1" 200 22876
172.22.2.4 - - [17/Aug/2022:06:54:21 -0500] "GET /BLA/boletinlegal/niceforms-default.css HTTP/1.1" 200 6694
172.22.2.4 - - [17/Aug/2022:06:54:21 -0500] "GET /BLA/boletinlegal/js/lib.js HTTP/1.1" 200 6474
172.22.2.4 - - [17/Aug/2022:06:54:21 -0500] "GET /BLA/boletinlegal/js/popup.js HTTP/1.1" 200 1270
172.22.2.4 - - [17/Aug/2022:06:54:21 -0500] "GET /BLA/boletinlegal/js/jquery1.js HTTP/1.1" 200 29846
172.22.2.4 - - [17/Aug/2022:06:54:22 -0500] "GET /BLA/boletinlegal/images/green-yellow-blue-pink-th.png HTTP/1.1" 200 7394
172.22.2.4 - - [17/Aug/2022:06:54:22 -0500] "GET /BLA/boletinlegal/images/abajo.png HTTP/1.1" 200 96676
172.22.2.4 - - [17/Aug/2022:06:54:22 -0500] "GET /BLA/boletinlegal/images/tel.png HTTP/1.1" 200 14477
172.22.2.4 - - [17/Aug/2022:06:54:22 -0500] "GET /BLA/boletinlegal/images/icono-email.png HTTP/1.1" 200 5544
172.22.2.4 - - [17/Aug/2022:06:54:22 -0500] "GET /BLA/boletinlegal/images/footer_bg_l.jpg HTTP/1.1" 200 776
172.22.2.4 - - [17/Aug/2022:06:54:22 -0500] "GET /BLA/boletinlegal/img/0.png HTTP/1.1" 200 110
172.22.2.4 - - [17/Aug/2022:06:54:22 -0500] "GET /BLA/boletinlegal/img/select-left.png HTTP/1.1" 200 263
172.22.2.4 - - [17/Aug/2022:06:54:22 -0500] "GET /BLA/boletinlegal/img/select-right.png HTTP/1.1" 200 44019
172.22.2.4 - - [17/Aug/2022:06:54:22 -0500] "GET /BLA/boletinlegal/img/button-left.png HTTP/1.1" 200 57071
172.22.2.4 - - [17/Aug/2022:06:54:22 -0500] "GET /BLA/boletinlegal/img/button.png HTTP/1.1" 200 43241
172.22.2.4 - - [17/Aug/2022:06:54:23 -0500] "GET /BLA/boletinlegal/img/button-right.png HTTP/1.1" 200 57878
172.22.2.4 - - [17/Aug/2022:06:54:27 -0500] "GET /BLA/boletinlegal/consulta_actos.php?tipo=resoluciones&no=&usuario=&sector=&fecha=2022&resuelve= HTTP/1.1" 200 346720
172.22.2.4 - - [17/Aug/2022:06:54:27 -0500] "GET /BLA/boletinlegal/consulta_actos.php?tipo=resoluciones&no=&usuario=&sector=&fecha=2022&resuelve= HTTP/1.1" 200 346720
172.22.2.4 - - [17/Aug/2022:06:54:28 -0500] "GET /BLA/boletinlegal/consulta_actos.php?tipo=resoluciones&no=&usuario=&sector=&fecha=2022&resuelve= HTTP/1.1" 200 346720
172.22.2.4 - - [17/Aug/2022:06:53:57 -0500] "GET /BLA/boletinlegal/index.php HTTP/1.1" 200 36811
172.22.2.4 - - [17/Aug/2022:06:54:14 -0500] "HEAD /BLA/boletinlegal/ HTTP/1.1" 200 -
201.245.192.253 - - [17/Aug/2022:06:56:06 -0500] "POST /kwsrmcab/Wsrmcab  HTTP/1.1" 200 46805
172.22.2.4 - - [17/Aug/2022:06:55:28 -0500] "GET /BLA/boletinlegal/ HTTP/1.1" 200 24523
185.119.81.102 - - [17/Aug/2022:06:56:20 -0500] "GET /portaldeninos/wp-login.php HTTP/1.1" 200 2592
185.119.81.102 - - [17/Aug/2022:06:56:21 -0500] "POST /portaldeninos/wp-login.php HTTP/1.1" 200 3670
172.22.2.4 - - [17/Aug/2022:06:55:04 -0500] "GET /BLA/boletinlegal/ HTTP/1.1" 200 54347
172.22.2.4 - - [17/Aug/2022:06:56:55 -0500] "GET /BLA/boletinlegal/jurisprudencia/analisis/G__Jurisp.%20Junio%202014_Sent%20Tutela%20Drumond.docx HTTP/1.1" 304 -
216.245.221.92 - - [17/Aug/2022:06:57:11 -0500] "HEAD / HTTP/1.1" 200 -
157.55.39.98 - - [17/Aug/2022:06:58:37 -0500] "GET /BLA/resoluciones/Notificaciones/AUTOS%202021/6220.pdf HTTP/1.1" 200 361291
172.22.2.4 - - [17/Aug/2022:06:59:45 -0500] "GET /BLA/boletinlegal/actos.php HTTP/1.1" 200 9559
172.22.2.4 - - [17/Aug/2022:06:59:52 -0500] "GET /BLA/boletinlegal/consulta_actos.php?tipo=autos&no=&usuario=&sector=&fecha=2015&resuelve= HTTP/1.1" 200 1632256
201.245.247.88 - - [17/Aug/2022:07:00:00 -0500] "GET /BLA/resoluciones/AUTOS%202015/6792.pdf HTTP/1.1" 200 651171
89.187.175.246 - - [17/Aug/2022:07:00:50 -0500] "GET /wp-login.php HTTP/1.1" 404 1035
172.22.2.4 - - [17/Aug/2022:07:00:50 -0500] "GET /BLA/boletinlegal/wp-login.php HTTP/1.1" 404 1038
201.245.192.253 - - [17/Aug/2022:07:01:04 -0500] "POST /kwsrmcab/Wsrmcab  HTTP/1.1" 200 46805
172.22.2.4 - - [17/Aug/2022:07:00:19 -0500] "GET /BLA/boletinlegal/ HTTP/1.1" 200 36811
172.22.2.4 - - [17/Aug/2022:07:00:04 -0500] "HEAD /BLA/boletinlegal/ HTTP/1.1" 200 -
216.245.221.92 - - [17/Aug/2022:07:02:11 -0500] "HEAD / HTTP/1.1" 200 -
172.22.2.4 - - [17/Aug/2022:07:00:54 -0500] "GET /BLA/boletinlegal/ HTTP/1.1" 200 56367
109.237.103.123 - - [17/Aug/2022:07:02:55 -0500] "GET /.env HTTP/1.1" 404 1018
109.237.103.123 - - [17/Aug/2022:07:02:55 -0500] "\x16\x03\x01\x01D\x01" 400 226
128.14.136.18 - - [17/Aug/2022:07:04:11 -0500] "GET / HTTP/1.1" 200 319
186.102.52.97 - - [17/Aug/2022:07:04:22 -0500] "GET /kwssiamovil/sm/ldap/au?x=U2FsdGVkX1/tfb6F2fs0oxfM9/IMtfx2tKmgqsgFt74dzXWcf0XlSOxjDA22FZe0&y=U2FsdGVkX18dh/KNaw3DPI4YrkCoHzcAoN0z9CA5kWc= HTTP/1.1" 200 31
186.102.52.97 - - [17/Aug/2022:07:04:27 -0500] "GET /kwssiamovil/sm/ldap/au?x=U2FsdGVkX19UXvSTaPijdMKef6yuKjdrwszQfprY+pT0UFKos53U5LLm8nLTRjP5&y=U2FsdGVkX18hhP+Yi+aeOzvMfKG5EkD2NhgadlAFQxE= HTTP/1.1" 200 31
186.102.52.97 - - [17/Aug/2022:07:04:37 -0500] "GET /kwssiamovil/sm/ldap/au?x=U2FsdGVkX1/xKQyqWACkAM1wYcLixPr390mlfBmHF85hJqi5joPQnukIp5cr35a7&y=U2FsdGVkX1/N0uw8RAi3h/MHMzlCZ1s7V8mCTVY+h4w= HTTP/1.1" 200 31
186.102.52.97 - - [17/Aug/2022:07:04:53 -0500] "GET /kwssiamovil/sm/ldap/au?x=U2FsdGVkX186FGgjmpuhXP6zFlcI8fiN5UXqZo6kHI11awVVcotRX23l9RIVIsg+&y=U2FsdGVkX199+0I+coL3/h/qlNiUDAmbQCK45obACOE= HTTP/1.1" 200 30
186.102.52.97 - - [17/Aug/2022:07:04:54 -0500] "GET /kwssiamovil/sm/acme/s?s=U2FsdGVkX18O81SJF7l2zZU0wEd8y44tSlcJjPxV/YleSzkBZhfMZLyECJxbctZLEyKVcZbyIl4rr13RcbQK6gYgvAgx6PAFLYQG3GsU+I0=&u=U2FsdGVkX19MX4w+Tx39gugb3I6X5VJxoAi/qL3PT+0=&y=U2FsdGVkX199+0I+coL3/h/qlNiUDAmbQCK45obACOE= HTTP/1.1" 200 97
186.102.52.97 - - [17/Aug/2022:07:04:54 -0500] "GET /kwssiamovil/sm/acme/s?s=U2FsdGVkX19/dzkJdUSfbFm/F63CI/Anl7oyR9p9q878dnI/FnNXRSMuqRbt1eIIR6YIc3qy8f3Clx1MTE2SpFrfLcUW6X7Me/SdPxGSrOR8HlRIyIGCTygZ5xTZG+MFQ6cj7MIeCx3mYsua5D5xzLvpxW/oiVIw2qrcmNWcX4X5PXsO6fQO0SlugmsDVKsW9xUYEK7ZYlR2asM7LC2j8M4P+1n/+fdFeDFSPWPq692lUSHu7qyKpSe9K/wzJ0KqxcLeqO0ez0srymjh36DP7kN81JbE0VMDockUFLXtay0TPknrU746so+Fni04Nw1JCjm3Hgj3VOyETqtYBEJ5K5PIcI9Q7tg8QksbiwpzVqHlC+jmnjzPE5GFPWwOMF7tto1PI8FNm9/VDMgAzAmkh5xMpocLwBSlfYVlf8JQWw5XG+KJS7Dxmz+qMEonoWwN4j4Cz7cKXzsHPUyBSkmUgLLQBcIFGvxeh2KujnwusM90q2jj+bvhsf4SyB0v7ZSbx0WNHHDVIo6mzHPVCJEUB+keCqTGF4FHUJaWgPekN9sVzSKIC4nDBn0pc5gPgSdpAeL93YbrJh1q/y8kEdAmwlSwQKmuzf8w7B/aG9BL3cL+efpfgEN90rv9Swz03S5vDzfBYNBCANQgqV1R2fxNMTf2qyvbhgdPEZDIfgCH0UgAlMFFp5kN61Q8xOV5+/JSvwsUMGLqJkxherh2qz97WgmL5SqE80A7JtaAQ8wM5Fir+BzaOrjnjooYZBhq3C99yeKPtCuNiCaKWcNZFTlyVXn2p+RARbhujY2atxUIyIZD0ywUo/Nkj715pdq6ORWaWESs3oP8Tz0Szydu/XNjjTrnhMEl49CMLLdIRf3/2Xt9v7nbxKTUAmhc6egzzR9vlstOSrTb5Ss/YAva2xxOTqFESvIJoItOnupsSyan9rZ40Cm7St2PqSaFcARPkxiaBwIimUHusoc9qzOJ9aQD8m2m/I9p02dur+k7Icm6ABiTv8CPy48KN6VfLZvvRFJlGPF4VBHz0tQnJX2BAD8WnRSZtCgBpg5wCIbyqEZcHLu2bFwdHRITSY3JYtJWtZ1cVnC7r5NW8LnCZJH1RlJJNfV+C29n+VgUNwlMan4x5/H0MUb4ki4DgxESNatkMI9+v+IQB+r9eJ51cwR1zAdQGcr/bl8IWid//wh24CGqXQ6QcV4HwrHr0cxGzmLPChy8uyU7RYvbsGobX6DdvL2Xef0mfI5DoZTlkOw2Liy6jpsups5x7Azt+ykkOgW1dLM5FqhgyBdwTF2/FCazwr1SloBKPXM/rLW1W6uXr4bcoWcG/alMFtOB9uOnQ6WdqOYd/+xr51yL0cLXyNijc/Cyxg77Y5oL8lHvjRUqX+mwc9A=&u=U2FsdGVkX19MX4w+Tx39gugb3I6X5VJxoAi/qL3PT+0=&y=U2FsdGVkX199+0I+coL3/h/qlNiUDAmbQCK45obACOE= HTTP/1.1" 200 2858
186.102.52.97 - - [17/Aug/2022:07:04:54 -0500] "GET /kwssiamovil/sm/acme/s?s=U2FsdGVkX19ze6yhsZAQbzISCDiAvmIVEACVllFUs+xF4+253WAdIlEW0R2cJG/s9ushGfBZgVoKny3aqPCwfJYrZLGob+/nqUgu9p+JxHInzc5pYY0bXLNEBa+8TTZo8PeTg4U65JekvRwRHEnaI8yi2ECATpnQiFRhqwH/StIRa6iIC+698AIQt1HZ5KFSb3aM10kiR7TOWMMwGdudlQjF5BYSkkgS6xgvpRccmtbHPu8SxW4gEhG6EeyizBdTFiLcjHGghxBFFB3VHqfPv900RQrcFFJu5bN35/giB40=&u=U2FsdGVkX19MX4w+Tx39gugb3I6X5VJxoAi/qL3PT+0=&y=U2FsdGVkX199+0I+coL3/h/qlNiUDAmbQCK45obACOE= HTTP/1.1" 200 176
186.102.52.97 - - [17/Aug/2022:07:04:54 -0500] "GET /kwssiamovil/sm/cjson/pre?f=1&x=U2FsdGVkX186FGgjmpuhXP6zFlcI8fiN5UXqZo6kHI11awVVcotRX23l9RIVIsg+ HTTP/1.1" 200 30992
185.119.81.102 - - [17/Aug/2022:07:05:15 -0500] "GET /portaldeninos/wp-login.php HTTP/1.1" 200 2592
185.119.81.102 - - [17/Aug/2022:07:05:16 -0500] "POST /portaldeninos/wp-login.php HTTP/1.1" 200 3670
172.22.2.4 - - [17/Aug/2022:07:04:37 -0500] "GET /BLA/boletinlegal/ HTTP/1.1" 200 36811
201.245.192.253 - - [17/Aug/2022:07:06:04 -0500] "POST /kwsrmcab/Wsrmcab  HTTP/1.1" 200 46805
186.155.15.156 - - [17/Aug/2022:07:06:24 -0500] "GET /BLA/resoluciones/RESOLUCIONES%202021/1865.pdf HTTP/1.1" 200 466582
186.80.52.63 - - [17/Aug/2022:07:06:28 -0500] "GET /sipse/faces/index.xhtml HTTP/1.1" 200 677
186.80.52.63 - - [17/Aug/2022:07:06:28 -0500] "GET /sipse/faces/javax.faces.resource/theme.css?ln=primefaces-sipse HTTP/1.1" 304 -
186.80.52.63 - - [17/Aug/2022:07:06:29 -0500] "GET /sipse/faces/faces/autenticacion.xhtml HTTP/1.1" 200 12175
186.80.52.63 - - [17/Aug/2022:07:06:29 -0500] "GET /sipse/faces/javax.faces.resource/theme.css?ln=primefaces-sipse HTTP/1.1" 304 -
186.80.52.63 - - [17/Aug/2022:07:06:29 -0500] "GET /sipse/faces/javax.faces.resource/layout/layout.css?ln=primefaces&v=4.0 HTTP/1.1" 304 -
186.80.52.63 - - [17/Aug/2022:07:06:29 -0500] "GET /sipse/faces/javax.faces.resource/primefaces.css?ln=primefaces&v=4.0 HTTP/1.1" 304 -
186.80.52.63 - - [17/Aug/2022:07:06:29 -0500] "GET /sipse/faces/javax.faces.resource/jquery/jquery-plugins.js?ln=primefaces&v=4.0 HTTP/1.1" 304 -
186.80.52.63 - - [17/Aug/2022:07:06:29 -0500] "GET /sipse/faces/javax.faces.resource/jquery/jquery.js?ln=primefaces&v=4.0 HTTP/1.1" 304 -
186.80.52.63 - - [17/Aug/2022:07:06:29 -0500] "GET /sipse/faces/javax.faces.resource/layout/layout.js?ln=primefaces&v=4.0 HTTP/1.1" 304 -
186.80.52.63 - - [17/Aug/2022:07:06:29 -0500] "GET /sipse/faces/javax.faces.resource/primefaces.js?ln=primefaces&v=4.0 HTTP/1.1" 304 -
186.80.52.63 - - [17/Aug/2022:07:06:30 -0500] "GET /sipse/faces/javax.faces.resource/images/ui-icons_898989_256x240.png?ln=primefaces-aristo HTTP/1.1" 304 -
186.80.52.63 - - [17/Aug/2022:07:06:38 -0500] "POST /sipse/faces/autenticacion.xhtml HTTP/1.1" 200 2216
186.80.52.63 - - [17/Aug/2022:07:06:38 -0500] "GET /sipse/faces/javax.faces.resource/messages/messages.png?ln=primefaces&v=4.0 HTTP/1.1" 304 -
186.80.52.63 - - [17/Aug/2022:07:06:39 -0500] "POST /sipse/faces/autenticacion.xhtml HTTP/1.1" 200 16286
186.80.52.63 - - [17/Aug/2022:07:06:39 -0500] "GET /sipse/faces/javax.faces.resource/theme.css?ln=primefaces-sipse HTTP/1.1" 304 -
186.80.52.63 - - [17/Aug/2022:07:06:39 -0500] "GET /sipse/faces/javax.faces.resource/primefaces.css?ln=primefaces&v=4.0 HTTP/1.1" 304 -
186.80.52.63 - - [17/Aug/2022:07:06:39 -0500] "GET /sipse/faces/javax.faces.resource/layout/layout.css?ln=primefaces&v=4.0 HTTP/1.1" 304 -
186.80.52.63 - - [17/Aug/2022:07:06:39 -0500] "GET /sipse/faces/javax.faces.resource/jquery/jquery.js?ln=primefaces&v=4.0 HTTP/1.1" 304 -
186.80.52.63 - - [17/Aug/2022:07:06:40 -0500] "GET /sipse/faces/javax.faces.resource/jquery/jquery-plugins.js?ln=primefaces&v=4.0 HTTP/1.1" 304 -
186.80.52.63 - - [17/Aug/2022:07:06:40 -0500] "GET /sipse/faces/javax.faces.resource/primefaces.js?ln=primefaces&v=4.0 HTTP/1.1" 304 -
186.80.52.63 - - [17/Aug/2022:07:06:40 -0500] "GET /sipse/faces/javax.faces.resource/layout/layout.js?ln=primefaces&v=4.0 HTTP/1.1" 304 -
186.80.52.63 - - [17/Aug/2022:07:06:40 -0500] "GET /sipse/css/imagen/contrasena.png HTTP/1.1" 404 383
186.80.52.63 - - [17/Aug/2022:07:06:46 -0500] "GET /sipse/faces/javax.faces.resource/images/ui-bg_flat_0_2d5972_40x100.png?ln=primefaces-aristo HTTP/1.1" 304 -
186.80.52.63 - - [17/Aug/2022:07:06:46 -0500] "POST /sipse/faces/bienvenido.xhtml HTTP/1.1" 200 2658
186.80.52.63 - - [17/Aug/2022:07:06:49 -0500] "POST /sipse/faces/bienvenido.xhtml HTTP/1.1" 200 64409
186.80.52.63 - - [17/Aug/2022:07:06:50 -0500] "GET /sipse/faces/javax.faces.resource/theme.css?ln=primefaces-sipse HTTP/1.1" 304 -
186.80.52.63 - - [17/Aug/2022:07:06:50 -0500] "GET /sipse/faces/javax.faces.resource/primefaces.css?ln=primefaces&v=4.0 HTTP/1.1" 304 -
186.80.52.63 - - [17/Aug/2022:07:06:50 -0500] "GET /sipse/faces/javax.faces.resource/layout/layout.css?ln=primefaces&v=4.0 HTTP/1.1" 304 -
186.80.52.63 - - [17/Aug/2022:07:06:50 -0500] "GET /sipse/faces/javax.faces.resource/jquery/jquery.js?ln=primefaces&v=4.0 HTTP/1.1" 304 -
186.80.52.63 - - [17/Aug/2022:07:06:50 -0500] "GET /sipse/faces/javax.faces.resource/jquery/jquery-plugins.js?ln=primefaces&v=4.0 HTTP/1.1" 304 -
186.80.52.63 - - [17/Aug/2022:07:06:50 -0500] "GET /sipse/faces/javax.faces.resource/primefaces.js?ln=primefaces&v=4.0 HTTP/1.1" 304 -
186.80.52.63 - - [17/Aug/2022:07:06:50 -0500] "GET /sipse/faces/javax.faces.resource/layout/layout.js?ln=primefaces&v=4.0 HTTP/1.1" 304 -
186.80.52.63 - - [17/Aug/2022:07:06:51 -0500] "POST /sipse/faces/presentacion/financiero/solicitudProceso/listarSolicitudProceso.xhtml HTTP/1.1" 200 1560
186.80.52.63 - - [17/Aug/2022:07:07:00 -0500] "POST /sipse/faces/presentacion/financiero/solicitudProceso/listarSolicitudProceso.xhtml HTTP/1.1" 200 126225
186.80.52.63 - - [17/Aug/2022:07:07:02 -0500] "GET /sipse/faces/javax.faces.resource/theme.css?ln=primefaces-sipse HTTP/1.1" 304 -
186.80.52.63 - - [17/Aug/2022:07:07:02 -0500] "GET /sipse/faces/javax.faces.resource/primefaces.css?ln=primefaces&v=4.0 HTTP/1.1" 304 -
186.80.52.63 - - [17/Aug/2022:07:07:02 -0500] "GET /sipse/faces/javax.faces.resource/layout/layout.css?ln=primefaces&v=4.0 HTTP/1.1" 304 -
186.80.52.63 - - [17/Aug/2022:07:07:02 -0500] "GET /sipse/faces/javax.faces.resource/jquery/jquery.js?ln=primefaces&v=4.0 HTTP/1.1" 304 -
186.80.52.63 - - [17/Aug/2022:07:07:02 -0500] "GET /sipse/faces/javax.faces.resource/jquery/jquery-plugins.js?ln=primefaces&v=4.0 HTTP/1.1" 304 -
186.80.52.63 - - [17/Aug/2022:07:07:02 -0500] "GET /sipse/faces/javax.faces.resource/primefaces.js?ln=primefaces&v=4.0 HTTP/1.1" 304 -
186.80.52.63 - - [17/Aug/2022:07:07:02 -0500] "GET /sipse/faces/javax.faces.resource/layout/layout.js?ln=primefaces&v=4.0 HTTP/1.1" 304 -
216.245.221.92 - - [17/Aug/2022:07:07:11 -0500] "HEAD / HTTP/1.1" 200 -
172.22.2.4 - - [17/Aug/2022:07:05:54 -0500] "HEAD /BLA/boletinlegal/ HTTP/1.1" 200 -
172.22.2.4 - - [17/Aug/2022:07:06:44 -0500] "GET /BLA/boletinlegal/ HTTP/1.1" 200 53281
201.245.192.253 - - [17/Aug/2022:07:11:03 -0500] "POST /kwsrmcab/Wsrmcab  HTTP/1.1" 200 46805
216.245.221.92 - - [17/Aug/2022:07:12:11 -0500] "HEAD / HTTP/1.1" 200 -
190.24.137.83 - - [17/Aug/2022:07:12:19 -0500] "GET /galeria/galeria/jquery.fancybox.css?v=2.1.5 HTTP/1.1" 200 4895
190.24.137.83 - - [17/Aug/2022:07:12:19 -0500] "GET /galeria/galeria/jquery.fancybox.js?v=2.1.5 HTTP/1.1" 200 48706
190.24.137.83 - - [17/Aug/2022:07:12:19 -0500] "GET /BLA/boletinlegal/js/jquery.scrollShow.js HTTP/1.1" 200 4586
172.22.2.4 - - [17/Aug/2022:07:11:44 -0500] "HEAD /BLA/boletinlegal/ HTTP/1.1" 200 -
172.22.2.4 - - [17/Aug/2022:07:12:34 -0500] "GET /BLA/boletinlegal/ HTTP/1.1" 200 60272
173.231.60.194 - - [17/Aug/2022:07:14:32 -0500] "GET /BLA/resoluciones/index.php?dir=RESOLUCIONES%202004%2FRES%202004%20301-350%2F HTTP/1.1" 200 12062
173.231.60.194 - - [17/Aug/2022:07:14:43 -0500] "GET /BLA/resoluciones/index.php?dir=RESOLUCIONES%202004%2FRES%202004%20351-400%2F HTTP/1.1" 200 12050
173.231.60.194 - - [17/Aug/2022:07:14:57 -0500] "GET /BLA/resoluciones/index.php?dir=RESOLUCIONES%202004%2FRES%202004%20401-450%2F HTTP/1.1" 200 12039
173.231.60.194 - - [17/Aug/2022:07:15:10 -0500] "GET /BLA/resoluciones/index.php?dir=RESOLUCIONES%202004%2FRES%202004%20451-500%2F HTTP/1.1" 200 12037
173.231.60.194 - - [17/Aug/2022:07:15:24 -0500] "GET /BLA/resoluciones/index.php?dir=RESOLUCIONES%202004%2FRES%202004%20501-550%2F HTTP/1.1" 200 12048
173.231.60.194 - - [17/Aug/2022:07:15:34 -0500] "GET /BLA/resoluciones/index.php?dir=RESOLUCIONES%202004%2FRES%202004%20551-600%2F HTTP/1.1" 200 12047
173.231.60.194 - - [17/Aug/2022:07:15:45 -0500] "GET /BLA/resoluciones/index.php?dir=RESOLUCIONES%202004%2FRES%202004%20601-650%2F HTTP/1.1" 200 12060
173.231.60.194 - - [17/Aug/2022:07:15:57 -0500] "GET /BLA/resoluciones/index.php?dir=RESOLUCIONES%202004%2FRES%202004%20651-700%2F HTTP/1.1" 200 12049
201.245.192.253 - - [17/Aug/2022:07:16:02 -0500] "POST /kwsrmcab/Wsrmcab  HTTP/1.1" 200 46805
173.231.60.194 - - [17/Aug/2022:07:16:07 -0500] "GET /BLA/resoluciones/index.php?dir=RESOLUCIONES%202004%2FRES%202004%20701-750%2F HTTP/1.1" 200 12059
173.231.60.194 - - [17/Aug/2022:07:16:19 -0500] "GET /BLA/resoluciones/index.php?dir=RESOLUCIONES%202004%2FRES%202004%20751-800%2F HTTP/1.1" 200 12053
173.231.60.194 - - [17/Aug/2022:07:16:31 -0500] "GET /BLA/resoluciones/index.php?dir=RESOLUCIONES%202004%2FRES%202004%20801-850%2F HTTP/1.1" 200 12048
173.231.60.194 - - [17/Aug/2022:07:16:49 -0500] "GET /BLA/resoluciones/index.php?dir=RESOLUCIONES%202004%2FRES%202004%20851-900%2F HTTP/1.1" 200 12040
173.231.60.194 - - [17/Aug/2022:07:16:58 -0500] "GET /BLA/resoluciones/index.php?dir=RESOLUCIONES%202004%2FRES%202004%20901-950%2F HTTP/1.1" 200 12049
216.245.221.92 - - [17/Aug/2022:07:17:11 -0500] "HEAD / HTTP/1.1" 200 -
173.231.60.194 - - [17/Aug/2022:07:17:12 -0500] "GET /BLA/resoluciones/index.php?dir=RESOLUCIONES%202005%2FRES%202005%20151-200%2F HTTP/1.1" 200 12230
173.231.60.194 - - [17/Aug/2022:07:17:23 -0500] "GET /BLA/resoluciones/index.php?dir=RESOLUCIONES%202005%2FRES%202005%20201-250%2F HTTP/1.1" 200 12248
191.156.50.50 - - [17/Aug/2022:07:17:33 -0500] "GET / HTTP/1.1" 200 4720
173.231.60.194 - - [17/Aug/2022:07:17:34 -0500] "GET /BLA/resoluciones/index.php?dir=RESOLUCIONES%202005%2FRES%202005%20251-300%2F HTTP/1.1" 200 12254
173.231.60.194 - - [17/Aug/2022:07:17:47 -0500] "GET /BLA/resoluciones/index.php?dir=RESOLUCIONES%202005%2FRES%202005%20301-351%2F HTTP/1.1" 200 12252
173.231.60.194 - - [17/Aug/2022:07:17:58 -0500] "GET /BLA/resoluciones/index.php?dir=RESOLUCIONES%202005%2FRES%202005%20351-400%2F HTTP/1.1" 200 12243
173.231.60.194 - - [17/Aug/2022:07:18:09 -0500] "GET /BLA/resoluciones/index.php?dir=RESOLUCIONES%202005%2FRES%202005%20401-450%2F HTTP/1.1" 200 12254
173.231.60.194 - - [17/Aug/2022:07:18:21 -0500] "GET /BLA/resoluciones/index.php?dir=RESOLUCIONES%202005%2FRES%202005%20451-500%2F HTTP/1.1" 200 12244
173.231.60.194 - - [17/Aug/2022:07:18:29 -0500] "GET /BLA/resoluciones/index.php?dir=RESOLUCIONES%202005%2FRES%202005%20501-550%2F HTTP/1.1" 200 12244
173.231.60.194 - - [17/Aug/2022:07:18:47 -0500] "GET /BLA/resoluciones/index.php?dir=RESOLUCIONES%202005%2FRES%202005%20551-600%2F HTTP/1.1" 200 12249
173.231.60.194 - - [17/Aug/2022:07:19:03 -0500] "GET /BLA/resoluciones/index.php?dir=RESOLUCIONES%202005%2FRES%202005%20601-650%2F HTTP/1.1" 200 12246
172.22.2.4 - - [17/Aug/2022:07:17:34 -0500] "HEAD /BLA/boletinlegal/ HTTP/1.1" 200 -
173.231.60.194 - - [17/Aug/2022:07:19:16 -0500] "GET /BLA/resoluciones/index.php?dir=RESOLUCIONES%202005%2FRES%202005%20651-700%2F HTTP/1.1" 200 12232
173.231.60.194 - - [17/Aug/2022:07:19:26 -0500] "GET /BLA/resoluciones/index.php?dir=RESOLUCIONES%202005%2FRES%202005%20701-750%2F HTTP/1.1" 200 12247
186.84.21.124 - - [17/Aug/2022:07:19:37 -0500] "GET /catalogoisis/ HTTP/1.1" 200 8575
186.84.21.124 - - [17/Aug/2022:07:19:37 -0500] "GET /catalogoisis/Css/Busqueda.css HTTP/1.1" 200 1995
186.84.21.124 - - [17/Aug/2022:07:19:37 -0500] "GET /catalogoisis/Js/AceptarLimpiar.js HTTP/1.1" 200 331
186.84.21.124 - - [17/Aug/2022:07:19:37 -0500] "GET /catalogoisis/Js/Cookies.js HTTP/1.1" 200 1369
186.84.21.124 - - [17/Aug/2022:07:19:37 -0500] "GET /catalogoisis/Js/LimpiarCombinada.js HTTP/1.1" 200 207
186.84.21.124 - - [17/Aug/2022:07:19:37 -0500] "GET /catalogoisis/Js/CriterioCombinada.js HTTP/1.1" 200 1843
186.84.21.124 - - [17/Aug/2022:07:19:37 -0500] "GET /catalogoisis/Js/Remote.js HTTP/1.1" 200 436
186.84.21.124 - - [17/Aug/2022:07:19:37 -0500] "GET /catalogoisis/Js/Numero.js HTTP/1.1" 200 398
186.84.21.124 - - [17/Aug/2022:07:19:37 -0500] "GET /catalogoisis/Js/Go.js HTTP/1.1" 200 364
186.84.21.124 - - [17/Aug/2022:07:19:37 -0500] "GET /catalogoisis/Js/Enter.js HTTP/1.1" 200 1208
186.84.21.124 - - [17/Aug/2022:07:19:37 -0500] "GET /catalogoisis/imagenes/br1c1.gif HTTP/1.1" 200 172
186.84.21.124 - - [17/Aug/2022:07:19:37 -0500] "GET /catalogoisis/imagenes/aceptar1.gif HTTP/1.1" 200 604
186.84.21.124 - - [17/Aug/2022:07:19:37 -0500] "GET /catalogoisis/imagenes/br1c3.gif HTTP/1.1" 200 302
186.84.21.124 - - [17/Aug/2022:07:19:37 -0500] "GET /catalogoisis/imagenes/Turnbo1.gif HTTP/1.1" 200 227
186.84.21.124 - - [17/Aug/2022:07:19:37 -0500] "GET /catalogoisis/imagenes/limpiar1.gif HTTP/1.1" 200 606
186.84.21.124 - - [17/Aug/2022:07:19:37 -0500] "GET /catalogoisis/imagenes/br1c2.gif HTTP/1.1" 200 297
186.84.21.124 - - [17/Aug/2022:07:19:37 -0500] "GET /catalogoisis/imagenes/br3c2.gif HTTP/1.1" 200 285
186.84.21.124 - - [17/Aug/2022:07:19:37 -0500] "GET /catalogoisis/imagenes/br3c1.gif HTTP/1.1" 200 177
186.84.21.124 - - [17/Aug/2022:07:19:37 -0500] "GET /catalogoisis/imagenes/br2c1.gif HTTP/1.1" 200 297
186.84.21.124 - - [17/Aug/2022:07:19:37 -0500] "GET /catalogoisis/imagenes/br3c3.gif HTTP/1.1" 200 186
186.84.21.124 - - [17/Aug/2022:07:19:37 -0500] "GET /catalogoisis/imagenes/Header.gif HTTP/1.1" 200 30313
186.84.21.124 - - [17/Aug/2022:07:19:37 -0500] "GET /catalogoisis/imagenes/br2c2.gif HTTP/1.1" 200 302
186.84.21.124 - - [17/Aug/2022:07:19:37 -0500] "GET /catalogoisis/imagenes/br2c3.gif HTTP/1.1" 200 416
186.84.21.124 - - [17/Aug/2022:07:19:37 -0500] "GET /favicon.ico HTTP/1.1" 200 7782
173.231.60.194 - - [17/Aug/2022:07:19:40 -0500] "GET /BLA/resoluciones/index.php?dir=RESOLUCIONES%202005%2FRES%202005%20751-800%2F HTTP/1.1" 200 12254
173.231.60.194 - - [17/Aug/2022:07:19:53 -0500] "GET /BLA/resoluciones/index.php?dir=RESOLUCIONES%202005%2FRES%202005%20801-850%2F HTTP/1.1" 200 12246
172.22.2.4 - - [17/Aug/2022:07:18:24 -0500] "GET /BLA/boletinlegal/ HTTP/1.1" 200 58154
173.231.60.194 - - [17/Aug/2022:07:20:05 -0500] "GET /BLA/resoluciones/index.php?dir=RESOLUCIONES%202005%2FRES%202005%20851-900%2F HTTP/1.1" 200 12242
201.245.192.253 - - [17/Aug/2022:07:20:12 -0500] "POST /kwsrmcab/Wsrmcab HTTP/1.1" 200 47502
173.231.60.194 - - [17/Aug/2022:07:20:18 -0500] "GET /BLA/resoluciones/index.php?dir=RESOLUCIONES%202005%2FRES%202005%20901-950%2F HTTP/1.1" 200 12245
201.245.192.253 - - [17/Aug/2022:07:20:16 -0500] "POST /kwsrmcab/Wsrmcab HTTP/1.1" 200 45024
173.231.60.194 - - [17/Aug/2022:07:20:30 -0500] "GET /BLA/resoluciones/index.php?dir=RESOLUCIONES%202002%2FRES%202002%20951-1000%2F HTTP/1.1" 200 12521
173.231.60.194 - - [17/Aug/2022:07:20:39 -0500] "GET /BLA/resoluciones/index.php?dir=RESOLUCIONES%202003%2FRES%202003%20951-1000%2F HTTP/1.1" 200 11179
173.231.60.194 - - [17/Aug/2022:07:20:55 -0500] "GET /BLA/resoluciones/index.php?dir=RESOLUCIONES%202004%2FRES%202004%20951-1000%2F HTTP/1.1" 200 12101
201.245.192.253 - - [17/Aug/2022:07:21:00 -0500] "POST /kwsrmcab/Wsrmcab  HTTP/1.1" 200 46805
173.231.60.194 - - [17/Aug/2022:07:21:07 -0500] "GET /BLA/resoluciones/index.php?dir=RESOLUCIONES%202005%2FRES%202005%20951-1000%2F HTTP/1.1" 200 12304
173.231.60.194 - - [17/Aug/2022:07:21:15 -0500] "GET /BLA/resoluciones/index.php?dir=RESOLUCIONES%202002%2FRES%202002%201001-1050%2F HTTP/1.1" 200 12610
173.231.60.194 - - [17/Aug/2022:07:21:24 -0500] "GET /BLA/resoluciones/index.php?dir=RESOLUCIONES%202002%2FRES%202002%201051-1100%2F HTTP/1.1" 200 12143
173.231.60.194 - - [17/Aug/2022:07:21:32 -0500] "GET /BLA/resoluciones/index.php?dir=RESOLUCIONES%202002%2FRES%202002%201101-1150%2F HTTP/1.1" 200 12347
173.231.60.194 - - [17/Aug/2022:07:21:45 -0500] "GET /BLA/resoluciones/index.php?dir=RESOLUCIONES%202002%2FRES%202002%201151-1200%2F HTTP/1.1" 200 12144
173.231.60.194 - - [17/Aug/2022:07:22:01 -0500] "GET /BLA/resoluciones/index.php?dir=RESOLUCIONES%202002%2FRES%202002%201201-1250%2F HTTP/1.1" 200 12151
216.245.221.92 - - [17/Aug/2022:07:22:11 -0500] "HEAD / HTTP/1.1" 200 -
173.231.60.194 - - [17/Aug/2022:07:22:11 -0500] "GET /BLA/resoluciones/index.php?dir=RESOLUCIONES%202002%2FRES%202002%201251-1301%2F HTTP/1.1" 200 12148
173.231.60.194 - - [17/Aug/2022:07:22:22 -0500] "GET /BLA/resoluciones/index.php?dir=RESOLUCIONES%202002%2FRES%202002%201301-1350%2F HTTP/1.1" 200 12634
173.231.60.194 - - [17/Aug/2022:07:22:34 -0500] "GET /BLA/resoluciones/index.php?dir=RESOLUCIONES%202002%2FRES%202002%201351-1400%2F HTTP/1.1" 200 12141
173.231.60.194 - - [17/Aug/2022:07:22:44 -0500] "GET /BLA/resoluciones/index.php?dir=RESOLUCIONES%202002%2FRES%202002%201401-1450%2F HTTP/1.1" 200 12162
173.231.60.194 - - [17/Aug/2022:07:22:56 -0500] "GET /BLA/resoluciones/index.php?dir=RESOLUCIONES%202002%2FRES%202002%201451-1500%2F HTTP/1.1" 200 12146
173.231.60.194 - - [17/Aug/2022:07:23:06 -0500] "GET /BLA/resoluciones/index.php?dir=RESOLUCIONES%202002%2FRES%202002%201501-1550%2F HTTP/1.1" 200 12147
173.231.60.194 - - [17/Aug/2022:07:23:23 -0500] "GET /BLA/resoluciones/index.php?dir=RESOLUCIONES%202002%2FRES%202002%201551-1600%2F HTTP/1.1" 200 12155
173.231.60.194 - - [17/Aug/2022:07:23:33 -0500] "GET /BLA/resoluciones/index.php?dir=RESOLUCIONES%202002%2FRES%202002%201601-1650%2F HTTP/1.1" 200 12158
173.231.60.194 - - [17/Aug/2022:07:23:48 -0500] "GET /BLA/resoluciones/index.php?dir=RESOLUCIONES%202002%2FRES%202002%201651-1700%2F HTTP/1.1" 200 12155
107.182.129.239 - - [17/Aug/2022:07:23:46 -0500] "POST /boaform/admin/formLogin HTTP/1.1" 404 1186
173.231.60.194 - - [17/Aug/2022:07:24:02 -0500] "GET /BLA/resoluciones/index.php?dir=RESOLUCIONES%202002%2FRES%202002%201701-1750%2F HTTP/1.1" 200 12141
173.231.60.194 - - [17/Aug/2022:07:24:13 -0500] "GET /BLA/resoluciones/index.php?dir=RESOLUCIONES%202002%2FRES%202002%201751-1800%2F HTTP/1.1" 200 12156
173.231.60.194 - - [17/Aug/2022:07:24:27 -0500] "GET /BLA/resoluciones/index.php?dir=RESOLUCIONES%202002%2FRES%202002%201801-1850%2F HTTP/1.1" 200 12158
173.231.60.194 - - [17/Aug/2022:07:24:41 -0500] "GET /BLA/resoluciones/index.php?dir=RESOLUCIONES%202002%2FRES%202002%201851-1900%2F HTTP/1.1" 200 12150
173.231.60.194 - - [17/Aug/2022:07:24:50 -0500] "GET /BLA/resoluciones/index.php?dir=RESOLUCIONES%202002%2FRES%202002%201901-1950%2F HTTP/1.1" 200 12149
173.231.60.194 - - [17/Aug/2022:07:25:01 -0500] "GET /BLA/resoluciones/index.php?dir=RESOLUCIONES%202002%2FRES%202002%201951-1971%2F HTTP/1.1" 200 6225
172.22.2.4 - - [17/Aug/2022:07:23:24 -0500] "HEAD /BLA/boletinlegal/ HTTP/1.1" 200 -
173.231.60.194 - - [17/Aug/2022:07:25:10 -0500] "GET /BLA/resoluciones/index.php?dir=RESOLUCIONES%202003%2FRES%202003%201001-1050%2F HTTP/1.1" 200 11566
173.231.60.194 - - [17/Aug/2022:07:25:24 -0500] "GET /BLA/resoluciones/index.php?dir=RESOLUCIONES%202003%2FRES%202003%201051-1100%2F HTTP/1.1" 200 11571
173.231.60.194 - - [17/Aug/2022:07:25:35 -0500] "GET /BLA/resoluciones/index.php?dir=RESOLUCIONES%202003%2FRES%202003%201101-1150%2F HTTP/1.1" 200 11572
173.231.60.194 - - [17/Aug/2022:07:25:48 -0500] "GET /BLA/resoluciones/index.php?dir=RESOLUCIONES%202003%2FRES%202003%201151-1200%2F HTTP/1.1" 200 11570
172.22.2.4 - - [17/Aug/2022:07:25:52 -0500] "GET /BLA/boletinlegal/actos.php HTTP/1.1" 200 9559
172.22.2.4 - - [17/Aug/2022:07:25:52 -0500] "GET /BLA/boletinlegal/favicon.ico HTTP/1.1" 404 1326
