!C99Shell v. 1.0 pre-release build #13!

Software: Apache. PHP/5.5.15 

uname -a: Windows NT SVR-DMZ 6.1 build 7600 (Windows Server 2008 R2 Enterprise Edition) i586 

SYSTEM 

Safe-mode: OFF (not secure)

E:\nuevo\apache\logs\   drwxrwxrwx
Free 5.02 GB of 239.26 GB (2.1%)
Detected drives: [ a ] [ c ] [ d ] [ e ] [ f ]
Home    Back    Forward    UPDIR    Refresh    Search    Buffer    Encoder    Tools    Proc.    FTP brute    Sec.    SQL    PHP-code    Update    Feedback    Self remove    Logout    


Viewing file:     access.2022.08.18.log (1.7 MB)      -rw-rw-rw-
Select action/file-type:
(+) | (+) | (+) | Code (+) | Session (+) | (+) | SDB (+) | (+) | (+) | (+) | (+) | (+) |
216.245.221.92 - - [18/Aug/2022:00:02:08 -0500] "HEAD / HTTP/1.1" 200 -
172.22.2.4 - - [18/Aug/2022:00:00:51 -0500] "HEAD /BLA/boletinlegal/ HTTP/1.1" 200 -
172.22.2.4 - - [18/Aug/2022:00:01:42 -0500] "GET /BLA/boletinlegal/ HTTP/1.1" 200 60272
201.245.192.253 - - [18/Aug/2022:00:04:41 -0500] "POST /kwsrmcab/Wsrmcab  HTTP/1.1" 200 46805
185.119.81.104 - - [18/Aug/2022:00:05:33 -0500] "GET /portaldeninos/wp-login.php HTTP/1.1" 200 2592
185.119.81.104 - - [18/Aug/2022:00:05:35 -0500] "POST /portaldeninos/wp-login.php HTTP/1.1" 200 3650
216.245.221.92 - - [18/Aug/2022:00:07:08 -0500] "HEAD / HTTP/1.1" 200 -
208.67.107.190 - - [18/Aug/2022:00:07:53 -0500] "GET / HTTP/1.1" 200 319
172.22.2.4 - - [18/Aug/2022:00:06:42 -0500] "HEAD /BLA/boletinlegal/ HTTP/1.1" 200 -
172.22.2.4 - - [18/Aug/2022:00:08:24 -0500] "GET /BLA/boletinlegal/jurisprudencia/analisis/AnalisisT-606-15.docx HTTP/1.1" 200 26698
172.22.2.4 - - [18/Aug/2022:00:07:32 -0500] "GET /BLA/boletinlegal/ HTTP/1.1" 200 59819
201.245.192.253 - - [18/Aug/2022:00:09:40 -0500] "POST /kwsrmcab/Wsrmcab  HTTP/1.1" 200 46805
216.245.221.92 - - [18/Aug/2022:00:12:08 -0500] "HEAD / HTTP/1.1" 200 -
152.61.192.232 - - [18/Aug/2022:00:12:57 -0500] "GET / HTTP/1.1" 200 319
172.22.2.4 - - [18/Aug/2022:00:12:31 -0500] "HEAD /BLA/boletinlegal/ HTTP/1.1" 200 -
201.245.192.253 - - [18/Aug/2022:00:14:40 -0500] "POST /kwsrmcab/Wsrmcab  HTTP/1.1" 200 46805
172.22.2.4 - - [18/Aug/2022:00:13:22 -0500] "GET /BLA/boletinlegal/ HTTP/1.1" 200 54814
186.102.39.4 - - [18/Aug/2022:00:15:55 -0500] "OPTIONS /kwssiamovil/sm/setfile/f? HTTP/1.1" 200 13
186.102.39.4 - - [18/Aug/2022:00:15:55 -0500] "POST /kwssiamovil/sm/setfile/f? HTTP/1.1" 200 381
186.102.39.4 - - [18/Aug/2022:00:16:08 -0500] "GET /kwssiamovil/sm/acme/a?s=U2FsdGVkX1/qLf24aWUDuHOZk3GVOlVAouRNExbBfWiS7mxV8hFBCLZMfaBjz7Qq9kCDD9DIsXBfqR6WRrMKYud2RHor7bDHrK4f/tRADDS/E2vcge47rDeuncMHZVFoVmHASjy6176vD/3BcS0zPb3GEXl85Mfq0AO3wwNslQ8ej+sjOW0ATt3evc8Z1e9jidG34HKQ1dsjW/2pAPchXcIJH8hdU1yPlVpswk2Msx6yzO1sHrYY3fQZ67uY1p0EDtbm7s11rQu3+PKyplh0rA==&u=U2FsdGVkX1/3LckFcqYHx2NYKXJirl5023Fp5wD60sQX7lbPJlAWROV7TwLvQCqf&y=U2FsdGVkX18DDULLJqhvAde6NofZ9CfDD9IOisf8bg8p+TjoXkYqw+MBMY+Rm6Ak HTTP/1.1" 200 25
186.102.39.4 - - [18/Aug/2022:00:16:08 -0500] "GET /kwssiamovil/sm/acme/a?s=U2FsdGVkX1+j4em+GLVij7EWRxIlHA/7ua1oReZ0P5faJ36gkgPZFFZdAJPR8foY3IG31W0afzdw1ip6pSdWthL7pYhbBdr0+jvDhzQ2NI3LtjueeThAKFn2mOHo3n15RvwpgLFhoQP/LG1E5bKKVoBLZ2XPkwYADIGV4uyM6nygjvBtu2DnHS5qNAnFdwffr6oUUs43XVOaDeB/L2TdXsvE2C7vmDBFVB3UHv9QNO4hrdRPcxmnnJqLNXMsXeDY7jnfzZ/7WXAHOaE+EA8JLZYkIn85VUFRCNnr5hhyICimmXLVM4corDKBBSSO1ShXdIdoXH1CHfDtG1Bf8RwTj/ekAINSrxAixala9n/jTTZ2KEpSzRMGctha2gmsmVK9L/Bw884KbrlgBo+1V+mLmt2DsBuiAtaqkCUWtZLaP3zsxel2G2DILmnGJFkunN3sAvxndltoFkJd6fehUTVhOZmuHBlO6RdFfiDxNbaVR4um/Y2F4dl/N+6deCsW/PoBTkZJ4mOWjSSBQClU6OkSUDE6mz75En8CpREcBxqlCPWSAxqZQOIFF71WsCphQmPfMCSaJZOIZXaWbECa+37YNiLyPf/3Su6e+SpDoqOY9G3lBrGUNmxo6VNwEmqc7DftQL4WbjrfqcG9VvDdBved+NlZrtPts5iTwScYyUPf7owetZber3pkgnWACRUFH522AlKOPLR4InynlZjyNLSZ/RvqHNqpKrsYC9TIVyp5ElUlglDErCUGM+MeN6am11FNxLnUphAFVP/JyNX2jtMUf2lBXNU9QBoZf2kOwAFi4TOxE2rXLMDbp+rTrB68RwQVKdILNXKmOElh6JOnH5mu1E0ZWLTmpTTeAZamkVUH8vDMhHm6Ct3Msgu+bWec9LQ/VY+cE5whJh3DAg7DiJsCYjS+wujqml5/Az54c0VN2FrVPin1NrOOwhNRe2WbXx6EP0f3vzXh0nu85kmZUcpUAw==&u=U2FsdGVkX1/3LckFcqYHx2NYKXJirl5023Fp5wD60sQX7lbPJlAWROV7TwLvQCqf&y=U2FsdGVkX18DDULLJqhvAde6NofZ9CfDD9IOisf8bg8p+TjoXkYqw+MBMY+Rm6Ak HTTP/1.1" 200 25
186.102.39.4 - - [18/Aug/2022:00:16:08 -0500] "GET /kwssiamovil/sm/acme/a?s=U2FsdGVkX18TUPiRIsG2ZD/qu9GS+pVCFyZRNQ3njIkUzaeqxJHu8+Vmg31LYuDv1q+qnoCUOCp1uRvrUHYETXQqWxGO+suglxKAbzVrdi44iL5PGzoQ3de13UWrZ8WiKfvN+8fL/K0Tr2B1/ZKUryue8SwK3l9a3nD2M7ynuic=&u=U2FsdGVkX1/3LckFcqYHx2NYKXJirl5023Fp5wD60sQX7lbPJlAWROV7TwLvQCqf&y=U2FsdGVkX18DDULLJqhvAde6NofZ9CfDD9IOisf8bg8p+TjoXkYqw+MBMY+Rm6Ak HTTP/1.1" 200 25
186.102.39.4 - - [18/Aug/2022:00:16:09 -0500] "GET /kwssiamovil/sm/acme/a?s=U2FsdGVkX1+2N2FA6YZtWqwBIHSmLoNRQoL7EFwl1q+6yp742HkSoNQaeJOu+iql+TpzCEQCbWQBvXWaEzUycVoBPCuCXTbo2pa2j58gA7tmx14bSdNMb8tAdTUCey8xhkV7b4UbfUe9ETrTe9pOp8p2Fo6wOLud/TjMHQ1lJnY=&u=U2FsdGVkX1/3LckFcqYHx2NYKXJirl5023Fp5wD60sQX7lbPJlAWROV7TwLvQCqf&y=U2FsdGVkX18DDULLJqhvAde6NofZ9CfDD9IOisf8bg8p+TjoXkYqw+MBMY+Rm6Ak HTTP/1.1" 200 25
186.102.39.4 - - [18/Aug/2022:00:16:09 -0500] "GET /kwssiamovil/sm/acme/a?s=U2FsdGVkX1/QCffGw+K9aVXbm5Nz5O1gNvJ0R8yEJVZRw2tgO3tc8tf511XTNRpdD1NjzluAkO9bdfK9dxuxG8XMMkpSMQniUhnBQA4uo8fuOgveq7YuYJhKT8mZbZv9RFGW4bjje0JQE/tMYgcM1effeRxBOqK3afozuA5kIb8=&u=U2FsdGVkX1/3LckFcqYHx2NYKXJirl5023Fp5wD60sQX7lbPJlAWROV7TwLvQCqf&y=U2FsdGVkX18DDULLJqhvAde6NofZ9CfDD9IOisf8bg8p+TjoXkYqw+MBMY+Rm6Ak HTTP/1.1" 200 25
186.102.39.4 - - [18/Aug/2022:00:16:09 -0500] "GET /kwssiamovil/sm/acme/a?s=U2FsdGVkX18vwJRPnN4Q91hwhwB1HwpChaR7hdZ/6Md1bUyLbg4+hsSU/lZzRXmpNGz+YIdPpXyoVXECNSfXUMeqWh9dVikwwZdaZPEPW/SgpEc71dPZ8wggmpsc3uLps/GN6tDduaB5zgCCSXctbtQcNXOEv1ahPSewqj/wSn3Zwjm/ql8wDcY5hx0LMp67c9tSzrsuX5wo0G2qEPlDIA==&u=U2FsdGVkX1/3LckFcqYHx2NYKXJirl5023Fp5wD60sQX7lbPJlAWROV7TwLvQCqf&y=U2FsdGVkX18DDULLJqhvAde6NofZ9CfDD9IOisf8bg8p+TjoXkYqw+MBMY+Rm6Ak HTTP/1.1" 200 25
186.102.39.4 - - [18/Aug/2022:00:16:09 -0500] "GET /kwssiamovil/sm/acme/a?s=U2FsdGVkX1/cCuTXtCbaGfNrvOReZHqI0AntWgZJc8Sl2Fh3ZwwAzB/YCL5flpXUUuUo4kE4UHUBSQHX868GGos981lADg38VFGHWkA0XSOyrqgA3vz1O3M6DIfrsXuKxBHM94sbBovlerOgv7NI4Th3mD9I8tlTPgqAk1y3fGN+n+COEh2l6CifXN3RSW73u0wVzu40lDs9tGQEGo8bYg==&u=U2FsdGVkX1/3LckFcqYHx2NYKXJirl5023Fp5wD60sQX7lbPJlAWROV7TwLvQCqf&y=U2FsdGVkX18DDULLJqhvAde6NofZ9CfDD9IOisf8bg8p+TjoXkYqw+MBMY+Rm6Ak HTTP/1.1" 200 25
186.102.39.4 - - [18/Aug/2022:00:16:09 -0500] "GET /kwssiamovil/sm/acme/a?s=U2FsdGVkX1+yRM6cZZW1UG06kFT8RUwLu0roGVgZDf+s3N9G4Rx6THO3GpunwJFYWaNmMLI01DaacDw/hlSb8UT7fvUu8I1zhms4ZMFsSWxv3gbDfwAOmfFJMBkrqQy+Fa6y2GD0AXCj+LVk4CAjxxK2vYR0FIvUFPN0evzJsemvfsELosaBZ3EQfZHiMYQP&u=U2FsdGVkX1/3LckFcqYHx2NYKXJirl5023Fp5wD60sQX7lbPJlAWROV7TwLvQCqf&y=U2FsdGVkX18DDULLJqhvAde6NofZ9CfDD9IOisf8bg8p+TjoXkYqw+MBMY+Rm6Ak HTTP/1.1" 200 25
157.55.39.98 - - [18/Aug/2022:00:17:02 -0500] "GET /bla/boletinlegal/norma_menu.php/js/popup.js HTTP/1.1" 200 6318
216.245.221.92 - - [18/Aug/2022:00:17:08 -0500] "HEAD / HTTP/1.1" 200 -
152.61.128.50 - - [18/Aug/2022:00:18:33 -0500] "GET / HTTP/1.1" 200 319
186.31.51.120 - - [18/Aug/2022:00:18:42 -0500] "OPTIONS /kwssiamovil/sm/setfile/f? HTTP/1.1" 200 13
186.31.51.120 - - [18/Aug/2022:00:18:42 -0500] "POST /kwssiamovil/sm/setfile/f? HTTP/1.1" 200 381
186.31.51.120 - - [18/Aug/2022:00:18:50 -0500] "GET /kwssiamovil/sm/acme/a?s=U2FsdGVkX18GR6gPZp14LQ3mQBw2uwCS1KU8NqQmwJA+myaiB4o4j7+DPmT05A8Hb1sKfAakr+3rqiae0CjO/qLvwE2EV+Bx0SpRalu2E2G8yEPqsqxsr4qfUlhTOEn4pi5EsclLFbW0Gh8hNuNR8NNAyA/y1XS3M9ShNMKOfnrkxjLMWAVO1Kct3QQ/Nj7XbM60dpVSYYqeQ6J8IVbaGPEmGETBsKrZ74qolcTQg88Now7Mo7vteH/9rVrg6pTsiIZ4D4j1M/oYUtVZuZgPlg==&u=U2FsdGVkX1/Qv61SxArBrcpqoiBJN/FFGUJPCzed0pADfE1HLYn+eTKRlHz7sGQJ&y=U2FsdGVkX18ubF5do2cYWb0gDd5Bob1WaYVjpy1vvjq62HuBYWpVbm4Z2UVrY46H HTTP/1.1" 200 25
186.31.51.120 - - [18/Aug/2022:00:18:50 -0500] "GET /kwssiamovil/sm/acme/a?s=U2FsdGVkX1/yIHUpbvosha/bjQS2NpwG+kgleg99ik9R3kpL8cYhbOQqIo6jp4E0oMtellMeuXoW15RLl8YrDZb/ACdikOkXTgKTS+Ny98gSHJckvBAK6eldN08FSwiYT/DrzMh0Hdaz2hBADriC3OuvH8we0x/FArjshXjJEPytPbclEKOwJ0Fa6D+ZPO9nLdqeEbJ55bfBd0Lprh/rildM0V8r/BorUrbvONU2oWWcdq1FJsDz9YaVfyc6TR1m84OVVC3SCx2sXnSGaJ4pWzCdfbAP9/JFnUuJAsto/STZgol4p+7cZXeHkIyaTS8j+2NY9yXgDPowXTKxa+GYcWywG8PNb8xBnQd8d9fbWXednAjsDSbZt3l3PgoqFF4emWTxsCXkcCFi5CF+wa9GVYJp5Un4mAmkvHufKczThrpU5763VkrCI3PCKB1+Q/yR4pbHgQIBMXTkn2RsBtJo6EQ0dBWZZ0YiSYJuhSgKrYPRZSNcxlRLZFhZzuQjJCxnmEV0PyhL3kb5WEENayz7ztbxkLqH8VRBjaeCLqbuAktuIg1XgfYXUi8A9ugQTHu033i9z8+njH67FP9BEhw5mta6ymYURwIdLljJATWCLRIE1ancs0fUx0zfCGIoaaD3ds7XcPGQbuSb48lD0rbL4oYWRVvfPj918THg8esJxrx4r+iK2OBiAbDe0w8ygHCEOEg0Bku/uqAnDCj1Tmwm7Jq75Kk+0DrcYm7jrf0lPGCpOv3e6wuTWNHPZP0JHKhrJ9kdYgF4L+Rasikp0rOR+DQru/4d/fdyFZYhf4xHv7N9dfKNexSX8QKmpD78t6hneLoybFdCBGfUplYMOikU8425DvVfXLykqjQOewnVVI+tCZGCiYsnuvvISmuQrrlNNVsgRTTCrXDsf2HS75sjvSA7U40i5JWy1DHIRF4RMKhZDwkLduXRzjWLlp8lIiA5EpUMctr6OMMniGLuZa0LAlbzpdoNETkMQb+EnOr5qgtUHIEZd5Re7yt6eiDnLbN9ur4D5jIbEmLtaPuLhASpKPbGaXPhbuV9SmBoT7nwdR8LnNtmzHp2eewxZPVDJw6Se2prFviKfRqZvrvOWzHhmui550F0kB1ZxWQg0Pwqxn7r26FbMHW0l7gN9wtvxFQNXSNNyvv0I2tlYlcmFbzAIw+6hZ8FEkqmPDvQj+2pFeDTlYnlm1UavmPSACks702W9/izPYGkc7dtjE8eniidXGwgawaTr94Nzwn5MtCj9GYXpi2bm90N3UbJiMrGk+IK5L0fj9vRH8WONRegP9nnkfbzkbqLprBR1I7UIi/SFdNp0ZoYQRZI4cw1ufdDb/UVnTpkwxiU/D6recpbPFpLD7kdGF96ByskUrtClxUOuC/zeEL98uj8RzmfV057bon0mWAnFvS97Pruvu5IxDlojRdbehaxZfRQIa7O27rn+hqeClNVwqAsr5ZI+sbUqDumAk7LC5pp4KEwBbTr7uNxlRzYd63vA/oJPdcjDh+E9ewC5mcwmicIbJpccqjwm0T/LAZBqttIgJtnZJGYJoBCTtVhZ1euZbQtWFoVxC4/tXtbM6+jK0dlVE7hnHsvJvtct4U1NzkdMjfknarGiEnPnEmH2sJ3GB5ipr9PBeAwyrSsk7fU49tsrR0TO1h84d1iRjQJKcGxQMV4yNdzgZvRC6kFs/SaJcZ/4wdQnFwue0+YM+ue0OQ/Zq73EdafI8M20bvW3P7Jb8hJtazynaOUuCyUfq81tAwZzfQXNoV3yzSvmXMnzxCOgEJ7ELbPXWtvT46J3ruuTzlG8ELMWzHFVooq1OlnBj1RqHt/NEZ4upJM8CcaDaH6DFcxwIQtPgbzVFqxsa1xJ0KBkGbEi4JWgHLagWGe3kGbJwhDZZ+zqKcd8TatpIux4AbQc8ZA6HmqIkop1Zjf37bVRGu+sUniIWQ/0CtOo315Lw/VNVojaebTLo6nIxia51rVYjxED520KbR1mtifHR8SG0QyL/L0Uxvsw0Dwmx/DH/W56GJPuQlfq3QN3WcN58UdjKMRYpAinod9vN/5bj6KW0GOuc9JpU47nt1TEJf1w6daHCbXMIVurUd2BqlZgLFzxW5p7RtOYig5mKnwjFO7XghgRlolkKDh2iOc7UnABpRg2Zk6a+Tq6tO69H0EcfHx3eLjiJdWDRe7DgYs7JMBONeOPXT8DlwwCNg6KP9AfazqzUX4iTPq5Gl0yok4BMumIxALNe1lu5qDLn/bVtAB3OXZLwlaMKCn+Cm+XxN4w6qjbjhjIA+vcPIEeEKAugCqdKLaHQggAJzuAtC/4vJ/rJK5xFtXbhxV1nWsR4H40GhGuuFdBTMuHwdhinAIai0onqzodLQI/WIwwutVkB4ebxC71R4eb5Ul+A7hjvxGpK7Uh+ugECMarWslqJZLJ+EqiyPZrFHW32iEET8HFMvq6ToONf9NTWRHX9xxOMUB+Mvgqcwa6TX1plMScXxtlEKVX8UuNmLVFIEdAnBkIqEb31nrL0NEed08NnACmyU6qCDU4VdPYigrX+DwIbXs4/j1hXqKOZvCjqrdo9X9hzRLBGnlJRS26wkNm+Y+eszbiOnoKI9NbuvggIXn+Q4ArAMAHBJMqzGuX4YS8G+6v5SetHZzPht6O/00zHvr0Q5bdMzS76MmyTtjC5ary0XcZ3pPV6kEt9H4fJ7H+QooZOqYu0Zcwfg7S8QgRM3rJdqmEdbdtpXXCZ7404YkV2B/w0zycVSEhuL6y6VoGxPkwSO2XOVKr7j2kYYg4uuATGw6oS6wXNt4+Mv6sRdQ7RXaa5nnAOVt8uYg&u=U2FsdGVkX1/Qv61SxArBrcpqoiBJN/FFGUJPCzed0pADfE1HLYn+eTKRlHz7sGQJ&y=U2FsdGVkX18ubF5do2cYWb0gDd5Bob1WaYVjpy1vvjq62HuBYWpVbm4Z2UVrY46H HTTP/1.1" 200 25
186.31.51.120 - - [18/Aug/2022:00:18:50 -0500] "GET /kwssiamovil/sm/acme/a?s=U2FsdGVkX18upa8EIjHw7LKwbUiKtEP30HVV/uZ3UyrxTAUVy1YvpfMJ81J4aTw4E/beiG96bNa2FGLmBYNcSxovIsYeX7C7ACbDUvWsMbHoeK7K1TBbgzFJG6//VMn7l4CYXzLs4WK3aXgdF/dLW7avQG2o++4bCXTv6ougqIk=&u=U2FsdGVkX1/Qv61SxArBrcpqoiBJN/FFGUJPCzed0pADfE1HLYn+eTKRlHz7sGQJ&y=U2FsdGVkX18ubF5do2cYWb0gDd5Bob1WaYVjpy1vvjq62HuBYWpVbm4Z2UVrY46H HTTP/1.1" 200 25
186.31.51.120 - - [18/Aug/2022:00:18:50 -0500] "GET /kwssiamovil/sm/acme/a?s=U2FsdGVkX19ZInJilTaH6gHFMHI8KwybJVCt7cbgWe8GSNzYqE59JZOMi/17A8m+kE6CBq3/7a0zWa5VXZLLNk/rINYGSEir6VQffsxHhkv+iSAMYFILrZaMiVq+VRdkZgw+e1eT/Dz5MKTtP+tvv96Znz8rPyRO16Qyh6kdUYw=&u=U2FsdGVkX1/Qv61SxArBrcpqoiBJN/FFGUJPCzed0pADfE1HLYn+eTKRlHz7sGQJ&y=U2FsdGVkX18ubF5do2cYWb0gDd5Bob1WaYVjpy1vvjq62HuBYWpVbm4Z2UVrY46H HTTP/1.1" 200 25
186.31.51.120 - - [18/Aug/2022:00:18:51 -0500] "GET /kwssiamovil/sm/acme/a?s=U2FsdGVkX182IP+pwSVSmGT2ieu9MkNOHub02Dh6aA7uESqXQY2kXwcbLkP42+64wEfP6JKikdPrwI9zhQN4jhQ6m8x/lUAR4RrAad0L7XCtHi3BueaGHvsDXPbLQu2fKeNQiHOt+rVipPWHLyh2Msy2rZ0lH0B7WWv+NNEp0jI=&u=U2FsdGVkX1/Qv61SxArBrcpqoiBJN/FFGUJPCzed0pADfE1HLYn+eTKRlHz7sGQJ&y=U2FsdGVkX18ubF5do2cYWb0gDd5Bob1WaYVjpy1vvjq62HuBYWpVbm4Z2UVrY46H HTTP/1.1" 200 25
186.31.51.120 - - [18/Aug/2022:00:18:51 -0500] "GET /kwssiamovil/sm/acme/a?s=U2FsdGVkX1+nWsshLE88NM6GBI6aygIfttLkr3yukSxwVs6kufiDpZ/kl1++GYxnjg4NlPb/DSsSgeMRXV1Ur8J/mxG3iY7HUFUyg5jY+J7F1aEegtM+rya0/DITyaP/kgrw45Autf8JBwke/YfA36/97f8m6aNkRJouXJXVVLBMi0mtJvI63GJisCikCSqb&u=U2FsdGVkX1/Qv61SxArBrcpqoiBJN/FFGUJPCzed0pADfE1HLYn+eTKRlHz7sGQJ&y=U2FsdGVkX18ubF5do2cYWb0gDd5Bob1WaYVjpy1vvjq62HuBYWpVbm4Z2UVrY46H HTTP/1.1" 200 25
186.31.51.120 - - [18/Aug/2022:00:18:51 -0500] "GET /kwssiamovil/sm/acme/a?s=U2FsdGVkX1/NkISqt3q8+HRoAfV+r+xRBIaai+pHGjjDEcDakz+yW2qNQq+mkiINe160nTk1fb5e/xCr1TKCGYYt3Jx0wUYUAk1NiMsfd1fMSKLWjPIciY4xDLvOr/UvKUq8UAON3qh49TCMlWe9IwMeleYrZKmP5UjoNTBCkcAv1EAayZK0SExQobVugCTjV+kIszK+BK4eSWkPBCMcGwW7RpeU0p7WStQlGgHHEXE+uYn72dziWjHkykQsluIk2OKjMoDXOioy7cMapdZDca1KJQma30FHcaj33VsCkUetqjTbwYztYp+JVn/92rw8/WPmnoawNJk7ZSDjV80tOd27iBkLFblfYOu36ibOCS904ojPkHxNSw5mhNDGQ2HFV09ISrPAbTkBl3dpUoabzUddD8ZN7gBVPNMfmb0TvfI=&u=U2FsdGVkX1/Qv61SxArBrcpqoiBJN/FFGUJPCzed0pADfE1HLYn+eTKRlHz7sGQJ&y=U2FsdGVkX18ubF5do2cYWb0gDd5Bob1WaYVjpy1vvjq62HuBYWpVbm4Z2UVrY46H HTTP/1.1" 200 25
186.31.51.120 - - [18/Aug/2022:00:18:51 -0500] "GET /kwssiamovil/sm/acme/a?s=U2FsdGVkX19MSklkzwT/qQZOGfORd1dTAvoZ6QUgZv6H0DsQL7fl45+lh6DP4xNZkJvqnEkr3WMyfWIHa296m9UCrcS9eyAWTK80xOIJafSn03CyLvnQt/9kM0J0qlqLgIUCodaM8WND7Iv5EKVB/ppk7G0rGtaCeWN97qFm3/ALSnoS66vVJ/BoaHlhUba0oNxyWdzBizEBRMU+p/W59DIDhhYR7RLsCxxyLCwYPFmG57B2aZA5Wq21KVIaGm2IrUWond8Ks1WUbqV+CVkMEPReF2M1htku6S/lUiSiJLCpMoDpOxOcNekdCQFcUIWSktuUecW6LTXf35JFZ+0EnGGSCBpFhvgtL3Y9gOCQG1XG93+wSfj94pWLAVFW61v8&u=U2FsdGVkX1/Qv61SxArBrcpqoiBJN/FFGUJPCzed0pADfE1HLYn+eTKRlHz7sGQJ&y=U2FsdGVkX18ubF5do2cYWb0gDd5Bob1WaYVjpy1vvjq62HuBYWpVbm4Z2UVrY46H HTTP/1.1" 200 25
201.245.192.253 - - [18/Aug/2022:00:19:39 -0500] "POST /kwsrmcab/Wsrmcab  HTTP/1.1" 200 46805
172.22.2.4 - - [18/Aug/2022:00:18:21 -0500] "HEAD /BLA/boletinlegal/ HTTP/1.1" 200 -
201.245.192.253 - - [18/Aug/2022:00:20:09 -0500] "POST /kwsrmcab/Wsrmcab HTTP/1.1" 200 46875
201.245.192.253 - - [18/Aug/2022:00:20:14 -0500] "POST /kwsrmcab/Wsrmcab HTTP/1.1" 200 44828
172.22.2.4 - - [18/Aug/2022:00:19:12 -0500] "GET /BLA/boletinlegal/ HTTP/1.1" 200 59819
157.55.39.98 - - [18/Aug/2022:00:21:02 -0500] "GET /BLA/resoluciones/RESOLUCIONES%202013/0181.pdf HTTP/1.1" 304 -
173.231.60.194 - - [18/Aug/2022:00:21:17 -0500] "GET /BLA/resoluciones/index.php?dir=AUTOS%202017%2F&sort=date&order=desc HTTP/1.1" 200 457063
173.231.60.194 - - [18/Aug/2022:00:21:33 -0500] "GET /BLA/resoluciones/index.php?dir=AUTOS%202017%2F&sort=size&order=desc HTTP/1.1" 200 457063
173.231.60.194 - - [18/Aug/2022:00:21:50 -0500] "GET /BLA/resoluciones/index.php?dir=Notificaciones%2FAUTOS%201985%2F&sort=date&order=asc HTTP/1.1" 200 2733
173.231.60.194 - - [18/Aug/2022:00:22:02 -0500] "GET /BLA/resoluciones/index.php?dir=Notificaciones%2FAUTOS%201985%2F&sort=size&order=asc HTTP/1.1" 200 2733
216.245.221.92 - - [18/Aug/2022:00:22:08 -0500] "HEAD / HTTP/1.1" 200 -
173.231.60.194 - - [18/Aug/2022:00:22:13 -0500] "GET /BLA/resoluciones/index.php?dir=Notificaciones%2FAUTOS%201988%2F&sort=date&order=asc HTTP/1.1" 200 2205
173.231.60.194 - - [18/Aug/2022:00:22:25 -0500] "GET /BLA/resoluciones/index.php?dir=Notificaciones%2FAUTOS%201988%2F&sort=size&order=asc HTTP/1.1" 200 2205
173.231.60.194 - - [18/Aug/2022:00:22:35 -0500] "GET /BLA/resoluciones/index.php?dir=Notificaciones%2FAUTOS%202012%2F&sort=date&order=asc HTTP/1.1" 200 3092
173.231.60.194 - - [18/Aug/2022:00:22:50 -0500] "GET /BLA/resoluciones/index.php?dir=Notificaciones%2FAUTOS%202012%2F&sort=size&order=asc HTTP/1.1" 200 3092
173.231.60.194 - - [18/Aug/2022:00:23:04 -0500] "GET /BLA/resoluciones/index.php?dir=Notificaciones%2FAUTOS%202013%2F&sort=date&order=asc HTTP/1.1" 200 39422
173.231.60.194 - - [18/Aug/2022:00:23:18 -0500] "GET /BLA/resoluciones/index.php?dir=Notificaciones%2FAUTOS%202013%2F&sort=size&order=asc HTTP/1.1" 200 39422
173.231.60.194 - - [18/Aug/2022:00:23:26 -0500] "GET /BLA/resoluciones/index.php?dir=Notificaciones%2FAUTOS%202014%2F&sort=date&order=asc HTTP/1.1" 200 307706
173.231.60.194 - - [18/Aug/2022:00:23:42 -0500] "GET /BLA/resoluciones/index.php?dir=Notificaciones%2FAUTOS%202014%2F&sort=size&order=asc HTTP/1.1" 200 307706
173.231.60.194 - - [18/Aug/2022:00:23:54 -0500] "GET /BLA/resoluciones/index.php?dir=Notificaciones%2FAUTOS%202015%2F&sort=date&order=asc HTTP/1.1" 200 102019
173.231.60.194 - - [18/Aug/2022:00:24:09 -0500] "GET /BLA/resoluciones/index.php?dir=Notificaciones%2FAUTOS%202015%2F&sort=size&order=asc HTTP/1.1" 200 102019
173.231.60.194 - - [18/Aug/2022:00:24:21 -0500] "GET /BLA/resoluciones/index.php?dir=Notificaciones%2FAUTOS%202016%2F&sort=date&order=asc HTTP/1.1" 200 75954
173.231.60.194 - - [18/Aug/2022:00:24:34 -0500] "GET /BLA/resoluciones/index.php?dir=Notificaciones%2FAUTOS%202016%2F&sort=size&order=asc HTTP/1.1" 200 75954
201.245.192.253 - - [18/Aug/2022:00:24:38 -0500] "POST /kwsrmcab/Wsrmcab  HTTP/1.1" 200 46805
173.231.60.194 - - [18/Aug/2022:00:24:48 -0500] "GET /BLA/resoluciones/index.php?dir=Notificaciones%2FAUTOS%202017%2F&sort=date&order=asc HTTP/1.1" 200 139669
173.231.60.194 - - [18/Aug/2022:00:25:02 -0500] "GET /BLA/resoluciones/index.php?dir=Notificaciones%2FAUTOS%202017%2F&sort=size&order=asc HTTP/1.1" 200 139669
173.231.60.194 - - [18/Aug/2022:00:25:15 -0500] "GET /BLA/resoluciones/index.php?dir=Notificaciones%2FAUTOS%202018%2F&sort=date&order=asc HTTP/1.1" 200 98614
172.22.2.4 - - [18/Aug/2022:00:25:22 -0500] "GET /BLA/boletinlegal/robots.txt HTTP/1.1" 404 1038
173.231.60.194 - - [18/Aug/2022:00:25:23 -0500] "GET /BLA/resoluciones/index.php?dir=Notificaciones%2FAUTOS%202018%2F&sort=size&order=asc HTTP/1.1" 200 98614
92.118.39.86 - - [18/Aug/2022:00:25:31 -0500] "GET / HTTP/1.1" 200 319
173.231.60.194 - - [18/Aug/2022:00:25:36 -0500] "GET /BLA/resoluciones/index.php?dir=Notificaciones%2FAUTOS%202019%2F&sort=date&order=asc HTTP/1.1" 200 108204
173.231.60.194 - - [18/Aug/2022:00:25:46 -0500] "GET /BLA/resoluciones/index.php?dir=Notificaciones%2FAUTOS%202019%2F&sort=size&order=asc HTTP/1.1" 200 108204
172.22.2.4 - - [18/Aug/2022:00:24:11 -0500] "HEAD /BLA/boletinlegal/ HTTP/1.1" 200 -
173.231.60.194 - - [18/Aug/2022:00:26:02 -0500] "GET /BLA/resoluciones/index.php?dir=Notificaciones%2FAUTOS%202020%2F&sort=date&order=asc HTTP/1.1" 200 119159
173.231.60.194 - - [18/Aug/2022:00:26:12 -0500] "GET /BLA/resoluciones/index.php?dir=Notificaciones%2FAUTOS%202020%2F&sort=size&order=asc HTTP/1.1" 200 119159
173.231.60.194 - - [18/Aug/2022:00:26:24 -0500] "GET /BLA/resoluciones/index.php?dir=Notificaciones%2FAUTOS%202021%2F&sort=date&order=asc HTTP/1.1" 200 198820
173.231.60.194 - - [18/Aug/2022:00:26:36 -0500] "GET /BLA/resoluciones/index.php?dir=Notificaciones%2FAUTOS%202021%2F&sort=size&order=asc HTTP/1.1" 200 198820
172.22.2.4 - - [18/Aug/2022:00:25:02 -0500] "GET /BLA/boletinlegal/ HTTP/1.1" 200 53631
172.22.2.4 - - [18/Aug/2022:00:25:22 -0500] "GET /BLA/boletinlegal/ HTTP/1.1" 200 55621
216.245.221.92 - - [18/Aug/2022:00:27:08 -0500] "HEAD / HTTP/1.1" 200 -
173.231.60.194 - - [18/Aug/2022:00:27:19 -0500] "GET /BLA/resoluciones/index.php?dir=Notificaciones%2FAUTOS%202022%2F&sort=date&order=asc HTTP/1.1" 200 66862
66.249.73.127 - - [18/Aug/2022:00:27:34 -0500] "-" 408 -
173.231.60.194 - - [18/Aug/2022:00:27:41 -0500] "GET /BLA/resoluciones/index.php?dir=Notificaciones%2FAUTOS%202022%2F&sort=size&order=asc HTTP/1.1" 200 66862
207.46.13.45 - - [18/Aug/2022:00:27:46 -0500] "GET /sipse/faces/javax.faces.resource/jquery/jquery-plugins.js;jsessionid=xwkq7l0sqror5gquhfzuclip.undefined?ln=primefaces&v=4.0 HTTP/1.1" 200 220526
173.231.60.194 - - [18/Aug/2022:00:27:59 -0500] "GET /BLA/resoluciones/index.php?dir=Notificaciones%2FAUTOS%201985%2F&sort=name&order=desc HTTP/1.1" 200 2732
173.231.60.194 - - [18/Aug/2022:00:28:15 -0500] "GET /BLA/resoluciones/index.php?dir=Notificaciones%2FAUTOS%201988%2F&sort=name&order=desc HTTP/1.1" 200 2204
173.231.60.194 - - [18/Aug/2022:00:28:28 -0500] "GET /BLA/resoluciones/index.php?dir=Notificaciones%2FAUTOS%202012%2F&sort=name&order=desc HTTP/1.1" 200 3091
173.231.60.194 - - [18/Aug/2022:00:28:43 -0500] "GET /BLA/resoluciones/index.php?dir=Notificaciones%2FAUTOS%202013%2F&sort=name&order=desc HTTP/1.1" 200 39421
173.231.60.194 - - [18/Aug/2022:00:28:55 -0500] "GET /BLA/resoluciones/index.php?dir=Notificaciones%2FAUTOS%202014%2F&sort=name&order=desc HTTP/1.1" 200 307705
173.231.60.194 - - [18/Aug/2022:00:29:06 -0500] "GET /BLA/resoluciones/index.php?dir=Notificaciones%2FAUTOS%202015%2F&sort=name&order=desc HTTP/1.1" 200 102018
173.231.60.194 - - [18/Aug/2022:00:29:22 -0500] "GET /BLA/resoluciones/index.php?dir=Notificaciones%2FAUTOS%202016%2F&sort=name&order=desc HTTP/1.1" 200 75953
201.245.192.253 - - [18/Aug/2022:00:29:37 -0500] "POST /kwsrmcab/Wsrmcab  HTTP/1.1" 200 46805
173.231.60.194 - - [18/Aug/2022:00:29:45 -0500] "GET /BLA/resoluciones/index.php?dir=Notificaciones%2FAUTOS%202017%2F&sort=name&order=desc HTTP/1.1" 200 139668
173.231.60.194 - - [18/Aug/2022:00:29:59 -0500] "GET /BLA/resoluciones/index.php?dir=Notificaciones%2FAUTOS%202018%2F&sort=name&order=desc HTTP/1.1" 200 98613
201.245.192.253 - - [18/Aug/2022:00:30:10 -0500] "POST /kwsrmcab/Wsrmcab HTTP/1.1" 200 46875
201.245.192.253 - - [18/Aug/2022:00:30:14 -0500] "POST /kwsrmcab/Wsrmcab HTTP/1.1" 200 44828
173.231.60.194 - - [18/Aug/2022:00:30:29 -0500] "GET /BLA/resoluciones/index.php?dir=Notificaciones%2FAUTOS%202019%2F&sort=name&order=desc HTTP/1.1" 200 108203
173.231.60.194 - - [18/Aug/2022:00:30:40 -0500] "GET /BLA/resoluciones/index.php?dir=Notificaciones%2FAUTOS%202020%2F&sort=name&order=desc HTTP/1.1" 200 119158
173.231.60.194 - - [18/Aug/2022:00:30:56 -0500] "GET /BLA/resoluciones/index.php?dir=Notificaciones%2FAUTOS%202021%2F&sort=name&order=desc HTTP/1.1" 200 198819
172.22.2.4 - - [18/Aug/2022:00:29:22 -0500] "GET /BLA/boletinlegal/ HTTP/1.1" 200 56723
172.22.2.4 - - [18/Aug/2022:00:31:03 -0500] "GET /BLA/boletinlegal/js/jquery.scrollShow.js HTTP/1.1" 200 4586
69.171.251.12 - - [18/Aug/2022:00:31:06 -0500] "GET /reporte-calidad-del-aire-jueves.html HTTP/1.1" 206 750
173.231.60.194 - - [18/Aug/2022:00:31:10 -0500] "GET /BLA/resoluciones/index.php?dir=Notificaciones%2FAUTOS%202022%2F&sort=name&order=desc HTTP/1.1" 200 66861
173.231.60.194 - - [18/Aug/2022:00:31:25 -0500] "GET /BLA/resoluciones/index.php?dir=AUTOS%202006%2FAUTOS%202006%20101-200%2F&sort=date&order=asc HTTP/1.1" 200 21758
172.22.2.4 - - [18/Aug/2022:00:30:01 -0500] "HEAD /BLA/boletinlegal/ HTTP/1.1" 200 -
173.231.60.194 - - [18/Aug/2022:00:31:44 -0500] "GET /BLA/resoluciones/index.php?dir=AUTOS%202006%2FAUTOS%202006%20101-200%2F&sort=size&order=asc HTTP/1.1" 200 21758
173.231.60.194 - - [18/Aug/2022:00:31:59 -0500] "GET /BLA/resoluciones/index.php?dir=AUTOS%202006%2FAUTOS%202006%20201-300%2F&sort=date&order=asc HTTP/1.1" 200 21766
216.245.221.92 - - [18/Aug/2022:00:32:08 -0500] "HEAD / HTTP/1.1" 200 -
173.231.60.194 - - [18/Aug/2022:00:32:16 -0500] "GET /BLA/resoluciones/index.php?dir=AUTOS%202006%2FAUTOS%202006%20201-300%2F&sort=size&order=asc HTTP/1.1" 200 21766
173.231.60.194 - - [18/Aug/2022:00:32:29 -0500] "GET /BLA/resoluciones/index.php?dir=AUTOS%202006%2FAUTOS%202006%20301-400%2F&sort=date&order=asc HTTP/1.1" 200 21781
172.22.2.4 - - [18/Aug/2022:00:30:52 -0500] "GET /BLA/boletinlegal/ HTTP/1.1" 200 56005
173.231.60.194 - - [18/Aug/2022:00:32:41 -0500] "GET /BLA/resoluciones/index.php?dir=AUTOS%202006%2FAUTOS%202006%20301-400%2F&sort=size&order=asc HTTP/1.1" 200 21781
207.46.13.45 - - [18/Aug/2022:00:32:45 -0500] "GET /sipse/faces/javax.faces.resource/jquery/jquery-plugins.js;jsessionid=oodjvhs8f2iojz5cjwl-qtts.undefined?ln=primefaces&v=4.0 HTTP/1.1" 200 220526
173.231.60.194 - - [18/Aug/2022:00:32:54 -0500] "GET /BLA/resoluciones/index.php?dir=AUTOS%202006%2FAUTOS%202006%20401-500%2F&sort=date&order=asc HTTP/1.1" 200 21769
173.231.60.194 - - [18/Aug/2022:00:33:05 -0500] "GET /BLA/resoluciones/index.php?dir=AUTOS%202006%2FAUTOS%202006%20401-500%2F&sort=size&order=asc HTTP/1.1" 200 21769
173.231.60.194 - - [18/Aug/2022:00:33:18 -0500] "GET /BLA/resoluciones/index.php?dir=AUTOS%202006%2FAUTOS%202006%20501-600%2F&sort=date&order=asc HTTP/1.1" 200 21780
23.100.232.233 - - [18/Aug/2022:00:33:32 -0500] "GET /BLA/boletinlegal/js/jquery.scrollShow.js HTTP/1.1" 200 4586
23.100.232.233 - - [18/Aug/2022:00:33:32 -0500] "GET /galeria/galeria/jquery.fancybox.js?v=2.1.5 HTTP/1.1" 200 48706
23.100.232.233 - - [18/Aug/2022:00:33:32 -0500] "GET /galeria/galeria/jquery.fancybox.css?v=2.1.5 HTTP/1.1" 200 4895
66.249.73.127 - - [18/Aug/2022:00:33:38 -0500] "-" 408 -
201.245.192.253 - - [18/Aug/2022:00:34:36 -0500] "POST /kwsrmcab/Wsrmcab  HTTP/1.1" 200 46805
66.249.73.88 - - [18/Aug/2022:00:34:45 -0500] "-" 408 -
216.245.221.92 - - [18/Aug/2022:00:37:08 -0500] "HEAD / HTTP/1.1" 200 -
172.22.2.4 - - [18/Aug/2022:00:35:51 -0500] "HEAD /BLA/boletinlegal/ HTTP/1.1" 200 -
172.22.2.4 - - [18/Aug/2022:00:36:42 -0500] "GET /BLA/boletinlegal/ HTTP/1.1" 200 56367
66.249.73.127 - - [18/Aug/2022:00:38:45 -0500] "-" 408 -
201.245.192.253 - - [18/Aug/2022:00:39:35 -0500] "POST /kwsrmcab/Wsrmcab  HTTP/1.1" 200 46805
185.119.81.104 - - [18/Aug/2022:00:40:12 -0500] "GET /portaldeninos/wp-login.php HTTP/1.1" 200 2592
201.245.192.253 - - [18/Aug/2022:00:40:09 -0500] "POST /kwsrmcab/Wsrmcab HTTP/1.1" 200 46875
185.119.81.104 - - [18/Aug/2022:00:40:13 -0500] "POST /portaldeninos/wp-login.php HTTP/1.1" 200 3605
201.245.192.253 - - [18/Aug/2022:00:40:14 -0500] "POST /kwsrmcab/Wsrmcab HTTP/1.1" 200 44828
216.245.221.92 - - [18/Aug/2022:00:42:08 -0500] "HEAD / HTTP/1.1" 200 -
172.22.2.4 - - [18/Aug/2022:00:41:41 -0500] "HEAD /BLA/boletinlegal/ HTTP/1.1" 200 -
172.22.2.4 - - [18/Aug/2022:00:42:32 -0500] "GET /BLA/boletinlegal/ HTTP/1.1" 200 58154
201.245.192.253 - - [18/Aug/2022:00:44:34 -0500] "POST /kwsrmcab/Wsrmcab  HTTP/1.1" 200 46805
216.245.221.92 - - [18/Aug/2022:00:47:08 -0500] "HEAD / HTTP/1.1" 200 -
172.22.2.4 - - [18/Aug/2022:00:47:31 -0500] "HEAD /BLA/boletinlegal/ HTTP/1.1" 200 -
201.245.192.253 - - [18/Aug/2022:00:49:33 -0500] "POST /kwsrmcab/Wsrmcab  HTTP/1.1" 200 46805
172.22.2.4 - - [18/Aug/2022:00:48:22 -0500] "GET /BLA/boletinlegal/ HTTP/1.1" 200 58154
216.245.221.92 - - [18/Aug/2022:00:52:08 -0500] "HEAD / HTTP/1.1" 200 -
201.245.192.253 - - [18/Aug/2022:00:54:32 -0500] "POST /kwsrmcab/Wsrmcab  HTTP/1.1" 200 46805
172.22.2.4 - - [18/Aug/2022:00:53:21 -0500] "HEAD /BLA/boletinlegal/ HTTP/1.1" 200 -
172.22.2.4 - - [18/Aug/2022:00:54:12 -0500] "GET /BLA/boletinlegal/ HTTP/1.1" 200 58154
216.245.221.92 - - [18/Aug/2022:00:57:08 -0500] "HEAD / HTTP/1.1" 200 -
69.171.249.4 - - [18/Aug/2022:00:57:16 -0500] "GET /images/reciclaton-mayo-3-mayo.jpg HTTP/1.1" 200 278453
69.171.249.116 - - [18/Aug/2022:00:57:20 -0500] "GET /ciudad-bolivar-y-puente-aranda-se-alistan-para-una-nueva-llantaton.html HTTP/1.1" 206 991
152.61.192.232 - - [18/Aug/2022:00:58:24 -0500] "GET /arcgis/services/Calidad_del_Agua_WQI/MapServer/WMSServer?request=GetCapabilities&service=WMS HTTP/1.1" 503 1020
152.61.192.232 - - [18/Aug/2022:00:58:25 -0500] "GET /arcgis/services/Calidad_del_Agua_WQI/MapServer/WMSServer?SERVICE=WMS&REQUEST=GetCapabilities HTTP/1.1" 503 1020
152.61.192.232 - - [18/Aug/2022:00:58:26 -0500] "GET /arcgis/services/Calidad_del_Agua_WQI/MapServer/WMSServer?WMTVER=1.0.0&REQUEST=capabilities HTTP/1.1" 503 1020
201.245.192.253 - - [18/Aug/2022:00:59:30 -0500] "POST /kwsrmcab/Wsrmcab  HTTP/1.1" 200 46805
172.22.2.4 - - [18/Aug/2022:00:59:11 -0500] "HEAD /BLA/boletinlegal/ HTTP/1.1" 200 -
66.220.149.15 - - [18/Aug/2022:01:01:03 -0500] "GET /images/mercados-campesinos-5-mayo.jpg HTTP/1.1" 200 95848
172.22.2.4 - - [18/Aug/2022:01:00:02 -0500] "GET /BLA/boletinlegal/ HTTP/1.1" 200 52868
216.245.221.92 - - [18/Aug/2022:01:02:08 -0500] "HEAD / HTTP/1.1" 200 -
178.33.230.232 - - [18/Aug/2022:01:04:19 -0500] "GET /dia-mundial-por-la-reduccion-de-las-emisiones-de-co2.html HTTP/1.1" 200 845
178.33.230.232 - - [18/Aug/2022:01:04:19 -0500] "GET /dia-mundial-por-la-reduccion-de-las-emisiones-de-co2.html HTTP/1.1" 200 845
201.245.192.253 - - [18/Aug/2022:01:04:30 -0500] "POST /kwsrmcab/Wsrmcab  HTTP/1.1" 200 46805
152.61.128.50 - - [18/Aug/2022:01:04:33 -0500] "GET /arcgis/services/Calidad_del_Agua_WQI/MapServer/WMSServer?request=GetCapabilities&service=WMS HTTP/1.1" 503 1020
152.61.128.50 - - [18/Aug/2022:01:04:35 -0500] "GET /arcgis/services/Calidad_del_Agua_WQI/MapServer/WMSServer?SERVICE=WMS&REQUEST=GetCapabilities HTTP/1.1" 503 1020
152.61.128.50 - - [18/Aug/2022:01:04:35 -0500] "GET /arcgis/services/Calidad_del_Agua_WQI/MapServer/WMSServer?WMTVER=1.0.0&REQUEST=capabilities HTTP/1.1" 503 1020
192.241.216.32 - - [18/Aug/2022:01:06:40 -0500] "MGLNDD_190.27.245.106_80" 501 953
172.22.2.4 - - [18/Aug/2022:01:05:01 -0500] "HEAD /BLA/boletinlegal/ HTTP/1.1" 200 -
216.245.221.92 - - [18/Aug/2022:01:07:08 -0500] "HEAD / HTTP/1.1" 200 -
172.22.2.4 - - [18/Aug/2022:01:05:52 -0500] "GET /BLA/boletinlegal/ HTTP/1.1" 200 58154
201.245.192.253 - - [18/Aug/2022:01:09:28 -0500] "POST /kwsrmcab/Wsrmcab  HTTP/1.1" 200 46805
66.249.73.100 - - [18/Aug/2022:01:10:49 -0500] "-" 408 -
172.22.2.4 - - [18/Aug/2022:01:11:30 -0500] "GET /BLA/boletinlegal/conceptos.php HTTP/1.1" 200 7443
172.22.2.4 - - [18/Aug/2022:01:11:47 -0500] "GET /BLA/boletinlegal/js/ajax_conceptos.js HTTP/1.1" 200 1326
172.22.2.4 - - [18/Aug/2022:01:11:49 -0500] "GET /BLA/boletinlegal/styles2.css HTTP/1.1" 200 1838
172.22.2.4 - - [18/Aug/2022:01:11:54 -0500] "GET /BLA/boletinlegal/niceforms-default.css HTTP/1.1" 200 6694
172.22.2.4 - - [18/Aug/2022:01:11:57 -0500] "GET /BLA/boletinlegal/niceforms.js HTTP/1.1" 200 22876
216.245.221.92 - - [18/Aug/2022:01:12:08 -0500] "HEAD / HTTP/1.1" 200 -
172.22.2.4 - - [18/Aug/2022:01:10:51 -0500] "HEAD /BLA/boletinlegal/ HTTP/1.1" 200 -
172.22.2.4 - - [18/Aug/2022:01:11:38 -0500] "GET /BLA/boletinlegal/index.php/js/jquery.scrollto-min.js HTTP/1.1" 200 49092
172.22.2.4 - - [18/Aug/2022:01:11:42 -0500] "GET /BLA/boletinlegal/ HTTP/1.1" 200 49092
201.245.192.253 - - [18/Aug/2022:01:14:28 -0500] "POST /kwsrmcab/Wsrmcab  HTTP/1.1" 200 46805
216.245.221.92 - - [18/Aug/2022:01:17:08 -0500] "HEAD / HTTP/1.1" 200 -
207.46.13.36 - - [18/Aug/2022:01:18:02 -0500] "GET /svr-ciudadano/? HTTP/1.1" 200 55663
172.22.2.4 - - [18/Aug/2022:01:16:41 -0500] "HEAD /BLA/boletinlegal/ HTTP/1.1" 200 -
172.22.2.4 - - [18/Aug/2022:01:17:31 -0500] "GET /BLA/boletinlegal/ HTTP/1.1" 200 60272
66.249.73.127 - - [18/Aug/2022:01:19:15 -0500] "-" 408 -
201.245.192.253 - - [18/Aug/2022:01:19:27 -0500] "POST /kwsrmcab/Wsrmcab  HTTP/1.1" 200 46805
201.245.192.253 - - [18/Aug/2022:01:20:09 -0500] "POST /kwsrmcab/Wsrmcab HTTP/1.1" 200 46888
201.245.192.253 - - [18/Aug/2022:01:20:14 -0500] "POST /kwsrmcab/Wsrmcab HTTP/1.1" 200 44807
31.13.127.5 - - [18/Aug/2022:01:20:56 -0500] "GET /images/lluvias-arboles-4-junio.jpeg HTTP/1.1" 200 117524
31.13.127.5 - - [18/Aug/2022:01:20:57 -0500] "GET /images/empresas-industrias-forestales-1-junio.jpg HTTP/1.1" 200 44019
31.13.127.19 - - [18/Aug/2022:01:20:58 -0500] "GET /images/Junio%2002-experiencias-jardines-verticales-sda.jpeg HTTP/1.1" 200 31171
31.13.127.17 - - [18/Aug/2022:01:20:59 -0500] "GET /images/pieza-grafica-semana-ambiental-30.jpg HTTP/1.1" 200 38850
31.13.127.17 - - [18/Aug/2022:01:21:00 -0500] "GET /images/energia-eficiencia-26-mayo.jpg HTTP/1.1" 200 46417
31.13.127.11 - - [18/Aug/2022:01:21:00 -0500] "GET /images/facebook-live-ivc-MAYO27.png HTTP/1.1" 200 480404
31.13.127.17 - - [18/Aug/2022:01:21:02 -0500] "GET /images/jardines-verticales-plantas-24-mayo.jpg HTTP/1.1" 200 148288
31.13.127.11 - - [18/Aug/2022:01:21:02 -0500] "GET /images/visita-suspension-humedal-techo-24-mayo.jpg HTTP/1.1" 200 57365
31.13.127.23 - - [18/Aug/2022:01:21:02 -0500] "GET /images/la-vieja-mayo-24.jpg HTTP/1.1" 200 58217
31.13.127.118 - - [18/Aug/2022:01:21:02 -0500] "GET /images/jornadas-llantas-usadas-23-mayo.jpg HTTP/1.1" 200 148376
31.13.127.17 - - [18/Aug/2022:01:21:03 -0500] "GET /images/bogota-polvo-sahara-23-mayo.jpg HTTP/1.1" 200 35039
31.13.127.11 - - [18/Aug/2022:01:21:03 -0500] "GET /images/control-madera-ilegal-24-mayo.jpg HTTP/1.1" 200 48269
31.13.127.15 - - [18/Aug/2022:01:21:04 -0500] "GET /images/Naturalista1.jpeg HTTP/1.1" 200 202073
216.245.221.92 - - [18/Aug/2022:01:22:08 -0500] "HEAD / HTTP/1.1" 200 -
172.22.2.4 - - [18/Aug/2022:01:22:31 -0500] "HEAD /BLA/boletinlegal/ HTTP/1.1" 200 -
201.245.192.253 - - [18/Aug/2022:01:24:26 -0500] "POST /kwsrmcab/Wsrmcab  HTTP/1.1" 200 46805
172.22.2.4 - - [18/Aug/2022:01:23:22 -0500] "GET /BLA/boletinlegal/ HTTP/1.1" 200 54814
185.119.81.104 - - [18/Aug/2022:01:26:10 -0500] "GET /portaldeninos/wp-login.php HTTP/1.1" 200 2592
185.119.81.104 - - [18/Aug/2022:01:26:10 -0500] "POST /portaldeninos/wp-login.php HTTP/1.1" 200 3670
66.249.73.127 - - [18/Aug/2022:01:26:22 -0500] "-" 408 -
216.245.221.92 - - [18/Aug/2022:01:27:08 -0500] "HEAD / HTTP/1.1" 200 -
172.22.2.4 - - [18/Aug/2022:01:28:13 -0500] "GET /BLA/boletinlegal/robots.txt HTTP/1.1" 404 1118
172.22.2.4 - - [18/Aug/2022:01:28:18 -0500] "GET /BLA/boletinlegal/Circulares/2022/CIRCULAR%20No.%2000005%20DEL%2030%20DE%20JUNIO%20DEL%202022.pdf HTTP/1.1" 404 1118
173.252.107.9 - - [18/Aug/2022:01:28:34 -0500] "GET /en-el-ultimo-ano-fueron-recuperados-mas-de-12-mil-especimenes-silvestres-en-bogota.html HTTP/1.1" 206 1150
201.245.192.253 - - [18/Aug/2022:01:29:24 -0500] "POST /kwsrmcab/Wsrmcab  HTTP/1.1" 200 46805
172.22.2.4 - - [18/Aug/2022:01:28:21 -0500] "HEAD /BLA/boletinlegal/ HTTP/1.1" 200 -
201.245.192.253 - - [18/Aug/2022:01:30:09 -0500] "POST /kwsrmcab/Wsrmcab HTTP/1.1" 200 46888
201.245.192.253 - - [18/Aug/2022:01:30:13 -0500] "POST /kwsrmcab/Wsrmcab HTTP/1.1" 200 44807
172.22.2.4 - - [18/Aug/2022:01:29:12 -0500] "GET /BLA/boletinlegal/ HTTP/1.1" 200 58946
216.245.221.92 - - [18/Aug/2022:01:32:08 -0500] "HEAD / HTTP/1.1" 200 -
216.218.206.106 - - [18/Aug/2022:01:32:28 -0500] "GET /favicon.ico HTTP/1.1" 200 7782
64.62.243.165 - - [18/Aug/2022:01:32:37 -0500] "GET / HTTP/1.1" 200 319
40.77.190.65 - - [18/Aug/2022:01:33:55 -0500] "GET /svr-ciudadano/css/dataTables.bootstrap.css HTTP/1.1" 200 7678
40.77.188.98 - - [18/Aug/2022:01:33:55 -0500] "GET /svr-ciudadano/css/bootstrap.min.css HTTP/1.1" 200 113498
40.77.190.25 - - [18/Aug/2022:01:33:55 -0500] "GET /svr-ciudadano/js/jquery.min.js HTTP/1.1" 200 95786
40.77.189.154 - - [18/Aug/2022:01:33:55 -0500] "GET /svr-ciudadano/js/bootstrap.min.js HTTP/1.1" 200 35601
40.77.190.128 - - [18/Aug/2022:01:33:56 -0500] "GET /svr-ciudadano/js/jquery.dataTables.min.js HTTP/1.1" 200 153451
40.77.190.25 - - [18/Aug/2022:01:33:56 -0500] "GET /svr-ciudadano/js/dataTables.bootstrap.js HTTP/1.1" 200 4287
207.46.13.45 - - [18/Aug/2022:01:34:02 -0500] "GET /bla/resoluciones/resoluciones%202015/2802.pdf HTTP/1.1" 200 1356740
66.249.73.127 - - [18/Aug/2022:01:34:05 -0500] "-" 408 -
201.245.192.253 - - [18/Aug/2022:01:34:23 -0500] "POST /kwsrmcab/Wsrmcab  HTTP/1.1" 200 46805
172.22.2.4 - - [18/Aug/2022:01:34:11 -0500] "HEAD /BLA/boletinlegal/ HTTP/1.1" 200 -
172.22.2.4 - - [18/Aug/2022:01:35:02 -0500] "GET /BLA/boletinlegal/ HTTP/1.1" 200 58154
216.245.221.92 - - [18/Aug/2022:01:37:08 -0500] "HEAD / HTTP/1.1" 200 -
173.252.83.2 - - [18/Aug/2022:01:39:04 -0500] "GET /images/reunion-planta-termovalorizacion-11-mayo.jpg HTTP/1.1" 200 34782
201.245.192.253 - - [18/Aug/2022:01:39:22 -0500] "POST /kwsrmcab/Wsrmcab  HTTP/1.1" 200 46805
157.55.39.98 - - [18/Aug/2022:01:39:29 -0500] "GET /BLA/resoluciones/AUTOS%202018/0954.pdf HTTP/1.1" 304 -
201.245.192.253 - - [18/Aug/2022:01:40:09 -0500] "POST /kwsrmcab/Wsrmcab HTTP/1.1" 200 46888
201.245.192.253 - - [18/Aug/2022:01:40:14 -0500] "POST /kwsrmcab/Wsrmcab HTTP/1.1" 200 44807
172.22.2.4 - - [18/Aug/2022:01:40:01 -0500] "HEAD /BLA/boletinlegal/ HTTP/1.1" 200 -
66.249.73.97 - - [18/Aug/2022:01:41:43 -0500] "-" 408 -
216.245.221.92 - - [18/Aug/2022:01:42:08 -0500] "HEAD / HTTP/1.1" 200 -
69.63.184.118 - - [18/Aug/2022:01:42:17 -0500] "GET /acercar-programa-del-distrito-para-ayudar-a-las-empresas-a-crecer-de-manera-sostenible.html HTTP/1.1" 206 979
172.22.2.4 - - [18/Aug/2022:01:40:51 -0500] "GET /BLA/boletinlegal/ HTTP/1.1" 200 59819
159.242.234.92 - - [18/Aug/2022:01:42:50 -0500] "GET /wp-content/themes/twentyfive/404.php HTTP/1.1" 404 1022
159.242.234.92 - - [18/Aug/2022:01:43:02 -0500] "GET /wp-content/themes/twentyfive/include.php HTTP/1.1" 404 1022
159.242.234.92 - - [18/Aug/2022:01:43:04 -0500] "GET /wp-content/themes/sketch/404.php HTTP/1.1" 404 1022
159.242.234.92 - - [18/Aug/2022:01:43:06 -0500] "GET /wp/wp-content/themes/sketch/404.php HTTP/1.1" 404 1022
159.242.234.92 - - [18/Aug/2022:01:43:07 -0500] "GET /wordpress/wp-content/themes/sketch/404.php HTTP/1.1" 404 1022
159.242.234.92 - - [18/Aug/2022:01:43:07 -0500] "GET /blog/wp-content/themes/sketch/404.php HTTP/1.1" 404 1022
159.242.234.92 - - [18/Aug/2022:01:43:11 -0500] "GET /site/wp-content/themes/sketch/404.php HTTP/1.1" 404 1022
172.22.2.4 - - [18/Aug/2022:01:44:06 -0500] "GET /BLA/boletinlegal/jurisprudencia/analisis/Analisis%20jurisprudencial%20Sentencia%20C-366-11.doc HTTP/1.1" 200 59392
201.245.192.253 - - [18/Aug/2022:01:44:21 -0500] "POST /kwsrmcab/Wsrmcab  HTTP/1.1" 200 46805
216.245.221.92 - - [18/Aug/2022:01:47:08 -0500] "HEAD / HTTP/1.1" 200 -
172.22.2.4 - - [18/Aug/2022:01:45:51 -0500] "HEAD /BLA/boletinlegal/ HTTP/1.1" 200 -
172.22.2.4 - - [18/Aug/2022:01:46:42 -0500] "GET /BLA/boletinlegal/ HTTP/1.1" 200 58154
42.236.12.218 - - [18/Aug/2022:01:49:04 -0500] "GET /portaldeninos/wp-includes/js/wp-emoji-release.min.js?ver=4.9.8 HTTP/1.1" 200 12026
42.236.12.218 - - [18/Aug/2022:01:49:05 -0500] "GET /portaldeninos/wp-content/uploads/useanyfont/uaf.css?ver=1589905315 HTTP/1.1" 200 408
42.236.12.218 - - [18/Aug/2022:01:49:05 -0500] "GET /portaldeninos/wp-content/themes/betheme/style.css?ver=20.9.6 HTTP/1.1" 200 287
42.236.12.218 - - [18/Aug/2022:01:49:05 -0500] "GET /portaldeninos/wp-content/themes/betheme/css/base.css?ver=20.9.6 HTTP/1.1" 200 57283
42.236.12.218 - - [18/Aug/2022:01:49:05 -0500] "GET /portaldeninos/wp-content/plugins/gallery-videos/CSS/totalsoft.css?ver=4.9.8 HTTP/1.1" 200 40622
42.236.12.218 - - [18/Aug/2022:01:49:11 -0500] "GET /portaldeninos/wp-content/themes/betheme/assets/ui/jquery.ui.all.css?ver=20.9.6 HTTP/1.1" 200 18765
42.236.12.218 - - [18/Aug/2022:01:49:15 -0500] "GET /portaldeninos/wp-content/themes/betheme/assets/jplayer/css/jplayer.blue.monday.css?ver=20.9.6 HTTP/1.1" 200 9834
42.236.12.218 - - [18/Aug/2022:01:49:16 -0500] "GET /portaldeninos/wp-content/plugins/popup-maker/assets/css/site.min.css?ver=1.8.14 HTTP/1.1" 200 8260
42.236.12.218 - - [18/Aug/2022:01:49:18 -0500] "GET /portaldeninos/wp-content/plugins/google-analytics-for-wordpress/assets/js/frontend-gtag.min.js?ver=8.5.0 HTTP/1.1" 200 11801
201.245.192.253 - - [18/Aug/2022:01:49:20 -0500] "POST /kwsrmcab/Wsrmcab  HTTP/1.1" 200 46805
42.236.12.218 - - [18/Aug/2022:01:49:06 -0500] "GET /portaldeninos/wp-content/themes/betheme/css/shortcodes.css?ver=20.9.6 HTTP/1.1" 200 138889
42.236.12.218 - - [18/Aug/2022:01:48:59 -0500] "GET /portaldeninos/ HTTP/1.1" 200 110285
42.236.12.218 - - [18/Aug/2022:01:49:27 -0500] "GET /portaldeninos/wp-includes/js/jquery/jquery-migrate.min.js?ver=1.4.1 HTTP/1.1" 200 10056
42.236.12.218 - - [18/Aug/2022:01:49:28 -0500] "GET /portaldeninos/wp-includes/js/jquery/ui/core.min.js?ver=1.11.4 HTTP/1.1" 200 4000
42.236.12.218 - - [18/Aug/2022:01:49:28 -0500] "GET /portaldeninos/wp-content/plugins/gallery-videos/JS/modernizr.custom.js?ver=4.9.8 HTTP/1.1" 200 9019
42.236.12.218 - - [18/Aug/2022:01:49:06 -0500] "GET /portaldeninos/wp-content/themes/betheme/css/layout.css?ver=20.9.6 HTTP/1.1" 200 116639
42.236.12.218 - - [18/Aug/2022:01:49:23 -0500] "GET /portaldeninos/wp-includes/js/jquery/jquery.js?ver=1.12.4 HTTP/1.1" 200 97184
42.236.12.218 - - [18/Aug/2022:01:49:29 -0500] "GET /portaldeninos/wp-content/plugins/gallery-videos/JS/Total-Soft-Gallery-Video-Widget.js?ver=4.9.8 HTTP/1.1" 200 14586
66.249.73.97 - - [18/Aug/2022:01:49:35 -0500] "-" 408 -
42.236.12.218 - - [18/Aug/2022:01:49:16 -0500] "GET /portaldeninos/wp-content/themes/betheme/css/responsive.css?ver=20.9.6 HTTP/1.1" 200 14603
185.119.81.96 - - [18/Aug/2022:01:50:06 -0500] "GET /portaldeninos/wp-login.php HTTP/1.1" 200 2592
185.119.81.96 - - [18/Aug/2022:01:50:07 -0500] "POST /portaldeninos/wp-login.php HTTP/1.1" 200 3650
216.245.221.92 - - [18/Aug/2022:01:52:08 -0500] "HEAD / HTTP/1.1" 200 -
185.119.81.104 - - [18/Aug/2022:01:52:58 -0500] "GET /portaldeninos/wp-login.php HTTP/1.1" 200 2592
185.119.81.104 - - [18/Aug/2022:01:52:59 -0500] "POST /portaldeninos/wp-login.php HTTP/1.1" 200 3605
172.22.2.4 - - [18/Aug/2022:01:51:41 -0500] "HEAD /BLA/boletinlegal/ HTTP/1.1" 200 -
172.22.2.4 - - [18/Aug/2022:01:51:56 -0500] "HEAD /BLA/boletinlegal/ HTTP/1.1" 200 -
172.22.2.4 - - [18/Aug/2022:01:52:31 -0500] "GET /BLA/boletinlegal/ HTTP/1.1" 200 46320
201.245.192.253 - - [18/Aug/2022:01:54:19 -0500] "POST /kwsrmcab/Wsrmcab  HTTP/1.1" 200 46805
172.22.2.4 - - [18/Aug/2022:01:52:56 -0500] "HEAD /BLA/boletinlegal/ HTTP/1.1" 200 -
40.77.167.31 - - [18/Aug/2022:01:55:16 -0500] "GET /BLA/resoluciones/AUTOS%202022/1321.pdf HTTP/1.1" 200 396091
66.249.73.127 - - [18/Aug/2022:01:55:55 -0500] "-" 408 -
216.245.221.92 - - [18/Aug/2022:01:57:08 -0500] "HEAD / HTTP/1.1" 200 -
173.231.60.194 - - [18/Aug/2022:01:57:10 -0500] "-" 408 -
172.22.2.4 - - [18/Aug/2022:01:56:49 -0500] "HEAD /BLA/boletinlegal/ HTTP/1.1" 200 -
173.231.60.194 - - [18/Aug/2022:01:59:10 -0500] "-" 408 -
172.22.2.4 - - [18/Aug/2022:01:57:31 -0500] "HEAD /BLA/boletinlegal/ HTTP/1.1" 200 -
201.245.192.253 - - [18/Aug/2022:01:59:19 -0500] "POST /kwsrmcab/Wsrmcab  HTTP/1.1" 200 46805
172.22.2.4 - - [18/Aug/2022:01:58:21 -0500] "GET /BLA/boletinlegal/ HTTP/1.1" 200 57716
66.249.73.127 - - [18/Aug/2022:02:01:38 -0500] "-" 408 -
216.245.221.92 - - [18/Aug/2022:02:02:08 -0500] "HEAD / HTTP/1.1" 200 -
159.242.234.92 - - [18/Aug/2022:02:02:25 -0500] "GET /wp-content/uploads/ HTTP/1.1" 404 1035
159.242.234.92 - - [18/Aug/2022:02:03:47 -0500] "GET /.well-known/ HTTP/1.1" 404 1035
201.245.192.253 - - [18/Aug/2022:02:04:18 -0500] "POST /kwsrmcab/Wsrmcab  HTTP/1.1" 200 46805
159.242.234.92 - - [18/Aug/2022:02:04:32 -0500] "GET /.X1-unix/ HTTP/1.1" 404 1035
159.242.234.92 - - [18/Aug/2022:02:04:53 -0500] "GET /cgi-bin/ HTTP/1.1" 403 1037
172.22.2.4 - - [18/Aug/2022:02:03:21 -0500] "HEAD /BLA/boletinlegal/ HTTP/1.1" 200 -
159.242.234.92 - - [18/Aug/2022:02:05:25 -0500] "GET /.qidb/ HTTP/1.1" 404 1035
172.22.2.4 - - [18/Aug/2022:02:04:11 -0500] "GET /BLA/boletinlegal/ HTTP/1.1" 200 58154
159.242.234.92 - - [18/Aug/2022:02:05:58 -0500] "GET /ALFA_DATA/ HTTP/1.1" 404 1035
159.242.234.92 - - [18/Aug/2022:02:06:29 -0500] "GET /.well-knownold/ HTTP/1.1" 404 1035
216.245.221.92 - - [18/Aug/2022:02:07:08 -0500] "HEAD / HTTP/1.1" 200 -
159.242.234.92 - - [18/Aug/2022:02:07:10 -0500] "GET /uploads/ HTTP/1.1" 404 1035
201.245.192.253 - - [18/Aug/2022:02:09:17 -0500] "POST /kwsrmcab/Wsrmcab  HTTP/1.1" 200 46805
154.89.5.206 - - [18/Aug/2022:02:09:43 -0500] "GET / HTTP/1.0" 200 319
66.249.73.127 - - [18/Aug/2022:02:10:01 -0500] "-" 408 -
172.22.2.4 - - [18/Aug/2022:02:09:11 -0500] "HEAD /BLA/boletinlegal/ HTTP/1.1" 200 -
172.22.2.4 - - [18/Aug/2022:02:10:01 -0500] "GET /BLA/boletinlegal/ HTTP/1.1" 200 53631
216.245.221.92 - - [18/Aug/2022:02:12:08 -0500] "HEAD / HTTP/1.1" 200 -
207.46.13.45 - - [18/Aug/2022:02:12:55 -0500] "GET /BLA/resoluciones/RESOLUCIONES%202016/0423.pdf HTTP/1.1" 304 -
173.231.60.194 - - [18/Aug/2022:02:13:06 -0500] "GET /BLA/resoluciones/index.php?dir=AUTOS%202006%2FAUTOS%202006%20501-600%2F&sort=size&order=asc HTTP/1.1" 200 21780
173.231.60.194 - - [18/Aug/2022:02:13:19 -0500] "GET /BLA/resoluciones/index.php?dir=AUTOS%202006%2FAUTOS%202006%20601-700%2F&sort=date&order=asc HTTP/1.1" 200 21776
40.77.167.31 - - [18/Aug/2022:02:13:27 -0500] "GET /BLA/resoluciones/RESOLUCIONES%202021/4728.pdf HTTP/1.1" 200 468969
173.231.60.194 - - [18/Aug/2022:02:13:28 -0500] "GET /BLA/resoluciones/index.php?dir=AUTOS%202006%2FAUTOS%202006%20601-700%2F&sort=size&order=asc HTTP/1.1" 200 21776
173.231.60.194 - - [18/Aug/2022:02:13:41 -0500] "GET /BLA/resoluciones/index.php?dir=AUTOS%202006%2FAUTOS%202006%20701-800%2F&sort=date&order=asc HTTP/1.1" 200 21969
173.231.60.194 - - [18/Aug/2022:02:13:55 -0500] "GET /BLA/resoluciones/index.php?dir=AUTOS%202006%2FAUTOS%202006%20701-800%2F&sort=size&order=asc HTTP/1.1" 200 21969
40.77.167.31 - - [18/Aug/2022:02:14:07 -0500] "GET /BLA/resoluciones/RESOLUCIONES%202018/2533.pdf HTTP/1.1" 200 7748386
173.231.60.194 - - [18/Aug/2022:02:14:07 -0500] "GET /BLA/resoluciones/index.php?dir=AUTOS%202006%2FAUTOS%202006%20801-900%2F&sort=date&order=asc HTTP/1.1" 200 21775
173.231.60.194 - - [18/Aug/2022:02:14:18 -0500] "GET /BLA/resoluciones/index.php?dir=AUTOS%202006%2FAUTOS%202006%20801-900%2F&sort=size&order=asc HTTP/1.1" 200 21775
201.245.192.253 - - [18/Aug/2022:02:14:16 -0500] "POST /kwsrmcab/Wsrmcab  HTTP/1.1" 200 46805
173.231.60.194 - - [18/Aug/2022:02:14:26 -0500] "GET /BLA/resoluciones/index.php?dir=Notificaciones%2FREGISTROS%200216%2F&sort=date&order=asc HTTP/1.1" 200 2241
173.231.60.194 - - [18/Aug/2022:02:14:37 -0500] "GET /BLA/resoluciones/index.php?dir=Notificaciones%2FREGISTROS%200216%2F&sort=size&order=asc HTTP/1.1" 200 2241
173.231.60.194 - - [18/Aug/2022:02:14:50 -0500] "GET /BLA/resoluciones/index.php?dir=Notificaciones%2FREGISTROS%200218%2F&sort=date&order=asc HTTP/1.1" 200 1871
173.231.60.194 - - [18/Aug/2022:02:15:00 -0500] "GET /BLA/resoluciones/index.php?dir=Notificaciones%2FREGISTROS%200218%2F&sort=size&order=asc HTTP/1.1" 200 1871
173.231.60.194 - - [18/Aug/2022:02:15:12 -0500] "GET /BLA/resoluciones/index.php?dir=Notificaciones%2FREGISTROS%202013%2F&sort=date&order=asc HTTP/1.1" 200 2053
173.231.60.194 - - [18/Aug/2022:02:15:23 -0500] "GET /BLA/resoluciones/index.php?dir=Notificaciones%2FREGISTROS%202013%2F&sort=size&order=asc HTTP/1.1" 200 2053
173.231.60.194 - - [18/Aug/2022:02:15:32 -0500] "GET /BLA/resoluciones/index.php?dir=Notificaciones%2FREGISTROS%202014%2F&sort=date&order=asc HTTP/1.1" 200 15754
173.231.60.194 - - [18/Aug/2022:02:15:45 -0500] "GET /BLA/resoluciones/index.php?dir=Notificaciones%2FREGISTROS%202014%2F&sort=size&order=asc HTTP/1.1" 200 15754
173.231.60.194 - - [18/Aug/2022:02:15:56 -0500] "GET /BLA/resoluciones/index.php?dir=Notificaciones%2FREGISTROS%202015%2F&sort=date&order=asc HTTP/1.1" 200 19557
173.231.60.194 - - [18/Aug/2022:02:16:09 -0500] "GET /BLA/resoluciones/index.php?dir=Notificaciones%2FREGISTROS%202015%2F&sort=size&order=asc HTTP/1.1" 200 19557
173.231.60.194 - - [18/Aug/2022:02:16:17 -0500] "GET /BLA/resoluciones/index.php?dir=AUTOS%202006%2FAUTOS%202006%20101-200%2F&sort=name&order=desc HTTP/1.1" 200 21757
173.231.60.194 - - [18/Aug/2022:02:16:32 -0500] "GET /BLA/resoluciones/index.php?dir=AUTOS%202006%2FAUTOS%202006%20201-300%2F&sort=name&order=desc HTTP/1.1" 200 21765
172.22.2.4 - - [18/Aug/2022:02:15:01 -0500] "HEAD /BLA/boletinlegal/ HTTP/1.1" 200 -
173.231.60.194 - - [18/Aug/2022:02:16:46 -0500] "GET /BLA/resoluciones/index.php?dir=AUTOS%202006%2FAUTOS%202006%20301-400%2F&sort=name&order=desc HTTP/1.1" 200 21780
173.231.60.194 - - [18/Aug/2022:02:16:57 -0500] "GET /BLA/resoluciones/index.php?dir=AUTOS%202006%2FAUTOS%202006%20401-500%2F&sort=name&order=desc HTTP/1.1" 200 21768
216.245.221.92 - - [18/Aug/2022:02:17:08 -0500] "HEAD / HTTP/1.1" 200 -
173.252.107.11 - - [18/Aug/2022:02:17:09 -0500] "GET /si-tienes-entre-14-y-25-anos-y-quieres-participar-inscribete-a-la-convocatoria-de-lideres-juveniles-para-la-cumbre-de-alcaldes-c40-2022.html HTTP/1.1" 206 1141
173.231.60.194 - - [18/Aug/2022:02:17:11 -0500] "GET /BLA/resoluciones/index.php?dir=AUTOS%202006%2FAUTOS%202006%20501-600%2F&sort=name&order=desc HTTP/1.1" 200 21779
66.249.73.127 - - [18/Aug/2022:02:17:18 -0500] "-" 408 -
173.231.60.194 - - [18/Aug/2022:02:17:26 -0500] "GET /BLA/resoluciones/index.php?dir=AUTOS%202006%2FAUTOS%202006%20601-700%2F&sort=name&order=desc HTTP/1.1" 200 21775
172.22.2.4 - - [18/Aug/2022:02:15:51 -0500] "GET /BLA/boletinlegal/ HTTP/1.1" 200 48343
173.231.60.194 - - [18/Aug/2022:02:17:37 -0500] "GET /BLA/resoluciones/index.php?dir=AUTOS%202006%2FAUTOS%202006%20701-800%2F&sort=name&order=desc HTTP/1.1" 200 21968
172.22.2.4 - - [18/Aug/2022:02:16:00 -0500] "GET /BLA/boletinlegal/ HTTP/1.1" 200 49092
173.231.60.194 - - [18/Aug/2022:02:17:47 -0500] "GET /BLA/resoluciones/index.php?dir=AUTOS%202006%2FAUTOS%202006%20801-900%2F&sort=name&order=desc HTTP/1.1" 200 21774
173.231.60.194 - - [18/Aug/2022:02:17:57 -0500] "GET /BLA/resoluciones/index.php?dir=AUTOS%202006%2FAUTOS%202006%20901-1000%2F&sort=date&order=asc HTTP/1.1" 200 21877
173.231.60.194 - - [18/Aug/2022:02:18:07 -0500] "GET /BLA/resoluciones/index.php?dir=AUTOS%202006%2FAUTOS%202006%20901-1000%2F&sort=size&order=asc HTTP/1.1" 200 21877
173.231.60.194 - - [18/Aug/2022:02:18:19 -0500] "GET /BLA/resoluciones/index.php?dir=Notificaciones%2FREGISTROS%200216%2F&sort=name&order=desc HTTP/1.1" 200 2240
173.231.60.194 - - [18/Aug/2022:02:18:34 -0500] "GET /BLA/resoluciones/index.php?dir=Notificaciones%2FREGISTROS%200218%2F&sort=name&order=desc HTTP/1.1" 200 1870
173.231.60.194 - - [18/Aug/2022:02:18:45 -0500] "GET /BLA/resoluciones/index.php?dir=Notificaciones%2FREGISTROS%202013%2F&sort=name&order=desc HTTP/1.1" 200 2052
173.231.60.194 - - [18/Aug/2022:02:18:57 -0500] "GET /BLA/resoluciones/index.php?dir=Notificaciones%2FREGISTROS%202014%2F&sort=name&order=desc HTTP/1.1" 200 15753
157.55.39.98 - - [18/Aug/2022:02:19:01 -0500] "GET /BLA/resoluciones/RESOLUCIONES%202018/1471.pdf HTTP/1.1" 200 4855393
173.231.60.194 - - [18/Aug/2022:02:19:04 -0500] "GET /BLA/resoluciones/index.php?dir=Notificaciones%2FREGISTROS%202015%2F&sort=name&order=desc HTTP/1.1" 200 19556
201.245.192.253 - - [18/Aug/2022:02:19:14 -0500] "POST /kwsrmcab/Wsrmcab  HTTP/1.1" 200 46805
173.231.60.194 - - [18/Aug/2022:02:19:25 -0500] "GET /BLA/resoluciones/index.php?dir=AUTOS%202006%2FAUTOS%202006%201001-1100%2F&sort=date&order=asc HTTP/1.1" 200 21966
