201.245.192.253 - - [18/Aug/2022:19:32:56 -0500] "POST /kwsrmcab/Wsrmcab  HTTP/1.1" 200 46805
186.102.63.52 - - [18/Aug/2022:19:33:09 -0500] "GET /kwssiamovil/sm/acme/a?s=U2FsdGVkX1+oE/Y2rtAFedI7c05HkFEdePknyjEa4b3o2Fy1f8YsYxecyDY0PhtKCqna8laS+DkYEf58yRV/7NZKnk0nBhFJuvsj7iGEah2F/6ATLCEsBSWK0VT2uCzjXDmM+nbTONn/mltRozOztu4rmTnM2AG5LHY5SLVYmcyz+mzEyhogAW5fXvRr+KjSx/r7UvJaJ15C4aL3owbhWe5TpoCgBfhMVyRKgVuInvUmjeLtQNOIaxafvHPlBpX9cjsaEqvycVKfeV+GjZN+mg==&u=U2FsdGVkX1+PPUfBqiJF5a9NabdmIZ8fnq2jTVBvFJg=&y=U2FsdGVkX1/d6zKRpInYmZNMOCO1+F6CzaR0NZwQr78= HTTP/1.1" 200 25
186.102.63.52 - - [18/Aug/2022:19:33:09 -0500] "GET /kwssiamovil/sm/acme/a?s=U2FsdGVkX197TpQHwCehvdyMvlZfToyIJfhPw3kb/vC4YiiYSXYQOMestSmyAd/IQhdxM45orXDnA9cwnEZZgyUnkfdjn60xLlEbS2mfeAyD9PORPA+qrUuErhKeXR/41GVQ64MLY3vHM8He9loGG+lmI/gkoZerKRHPcPmLeeGZ7BUabPhZxUzhdgj+DBNZF/XmS0tmLqbw/S5luED3RsVL9EYgGQ3XlY+sitC1JRGvL/EveQ+w01Opji9yLLpx21VUZp2jf0Bf5mIrv28ACcTsfgheiPTbj20r9P+gPJqqSbvFa2EOwBwIqYJ7+/mKNF0WmLnsxLt8LPe1up8f0Zhlry7PrQStt3mSfm0pdsl6HNkJiAnMeR1o63DW6mtUJaPJVcexyCWTWsqtMSPbdNkMjfMHFBOxZzP5spoh1PsrjbFWss4D7uBiAjEjLHIhPK/eDPtlS6h9TsxALfEK9ZSYeNRMoHlVSUohVNqR2dXiVCvfS1EixWY5DxjCNFND7FOUBW2zUD63m8t4jX3JmW0GZlUef7wzyWp/fEvUVYGhb5oK7M2L0c9hB1ng3yZhFSXEafqHfEoXLGCqtHbLwc6P7zTk36T5fGQJABuwGii66UUUX/95iFu/kcTNZ1RyBu6Up3jurR5O62cBGKMMuaHwht+ZJU1RkY1SyqCvP3Aohnx7LeaYxWap7p+4fbXhMkjFBM0GDWvsnHzsW0F2y5Xo7M7+36b/DVd2dfRKAQW7PsUZElyEKWsVJOmaBNwHpI04w/3NH/iCQkhfMecv8xYB+LBl6d9y5EOkZhK4GvhOMIJx2FyMER36egt7spjXOMx/dhh5OHP3Vn2M0PGw6NIrnJ+2/+5zV0dh86ltzSZFg53ItoGJ5y5mXdVgMo8G6p2b0p08yhdenTjiEbndrlVLFC1pl3xspXCSObtjF5pm70+kLyajYqRIvj4Pu6/5ma1Knkpy2CvSg6tR84n74etUnX/8f65TuY+cRUT5DlSSYffaB2QqHJA9e0pN3s81VvXkY5n1JtLkuMp1L4ecj0R3T8++5OMiKXKPo+Ie8iMDhrUtcJkmkxxZ97132+oLMoafOLQ6nw5D54oYfP73qlFztN5+E/8cEiiw5Zmgkz5wvFzJ7aoM38V4ECQdI5IeYNOdC/uOcBx2/HgPcqbMu8HDzW2cg6wZyvn6orPjd0iRxsFI+pWIlt1IZ2ojcT7GVCZ0vLHQzZc85lt4ryD1I2fZpiZy7HMYVY+R/hsUBZ62qR+rkJvcijRL9ewbKs9qWUX78KwaKdsJ4w+uos/qMoT97pCSlzJ3MnpVzf/mZENcZG1cksqFcAe1pCaeY1RZ18kSJArvOEcTl+kN1O7TkKxkFXzQrQi7sDf7QDOf1UUCBFZJQd/Yt3Ih3IxCQ0UtFaUfo92WOeMjifqoKUApjmh48OoAkhZohrC3MA4rVWXh3lcz68aOh4y0anGlH1M6GJRbY4pBNM+lUaR1ngUf0I8Q/T6Imm04Utnb1Edi75qnNJKpDL3IgGV1g6M9V89kVV0gNPzVWtKcKDBS7wob+6vZDJqqPVq/ymSeUamBBGxHuLZTS/AyPlLq/RS2RLr70sMJdwbplRuLNetkte2Hz0MpPTpuILlp0WaHRXox8YBXkaRVKPjf0C1KjQKpxeSqn1iI8Io+YC80ESCqyR+bcY6BG//9gh6Hkqy0MNahFtTUea7yR47+vWW/aGK9VpCv66fQJHz9wNYzdrTQV6P6HCn/t6m9HocWj44w06QXL+ZgueWCP0leD7huuU4ShXCrdwjXFY/lqiGMW3TInZpI8MVxAk6NLx+Coo/Yuo9YG2dTC5Gazm89IiA9YgzJomVCsAs7ZhiKseL9AltTTbjhPC75qfrrG4yH/9xH2oYAHlmKA2QlJg/dFd7a0R3WzkwA&u=U2FsdGVkX1+PPUfBqiJF5a9NabdmIZ8fnq2jTVBvFJg=&y=U2FsdGVkX1/d6zKRpInYmZNMOCO1+F6CzaR0NZwQr78= HTTP/1.1" 200 25
186.102.63.52 - - [18/Aug/2022:19:33:10 -0500] "GET /kwssiamovil/sm/acme/a?s=U2FsdGVkX19YBSq6YPgpXjJXwSz+6jQVF0DQCY0F2fvUP+KYqjGntCXYOuOa44deiWWu63q8mCoiebkNLsyq52oDJMyTE44/L2sYC5g9pnOUJUIHpXA4rrQQP3N9PMBx2UZoRpgduJpWmFAhToY4QDptLCv4yWOh0Lpe2a6Gp7U=&u=U2FsdGVkX1+PPUfBqiJF5a9NabdmIZ8fnq2jTVBvFJg=&y=U2FsdGVkX1/d6zKRpInYmZNMOCO1+F6CzaR0NZwQr78= HTTP/1.1" 200 25
186.102.63.52 - - [18/Aug/2022:19:33:10 -0500] "GET /kwssiamovil/sm/acme/a?s=U2FsdGVkX189n5wMY2lbIsLuzXZl4ksgYuRp/JqFMMA5b/kpRIisXhO40qGFN8U0j/AQvLsLQiMm63xI+ixwqKNe+Nkj26UcJEs/CMXfmqDP3LO2IiWaGXQcbO5Z2dqsl1GojRpDLwfkQRj7uM2oOErOyI7q6u+IVNdNB1AX6b8=&u=U2FsdGVkX1+PPUfBqiJF5a9NabdmIZ8fnq2jTVBvFJg=&y=U2FsdGVkX1/d6zKRpInYmZNMOCO1+F6CzaR0NZwQr78= HTTP/1.1" 200 25
186.102.63.52 - - [18/Aug/2022:19:33:10 -0500] "GET /kwssiamovil/sm/acme/a?s=U2FsdGVkX19dVFgFW/HMr2+sUgId3t6MAbjcEPiXKTmxJSSjZhG/+IFsoxRPPswd9UPgNscJkdE8GueeFqd+pWI2B1i5HjZq8PagHilcAfQE9Z7fYfaZl/bjhC6WjM9L4kn9KifxYNu7CisqDQWX8zlMUV9ZjhGJn0cEnkZg8po=&u=U2FsdGVkX1+PPUfBqiJF5a9NabdmIZ8fnq2jTVBvFJg=&y=U2FsdGVkX1/d6zKRpInYmZNMOCO1+F6CzaR0NZwQr78= HTTP/1.1" 200 25
186.102.63.52 - - [18/Aug/2022:19:33:10 -0500] "GET /kwssiamovil/sm/acme/a?s=U2FsdGVkX1+ZVKGmi+/BMQoLAgB+HLzoZ1sW1p0A8RSz7e/+jSynQeGj3VYnF0o3WhS+A2YUuLa3JdErSoIdFcS6gB7PJbqYY13IO6qe4I+bQvdpaR5S+EXvENCfY3Sy+5RNyumW+Eu+WfCUmH964PnzWUfVbqJgI9GJaTSRWsfWRKMz8C3AQHC4n0PTBzdZ&u=U2FsdGVkX1+PPUfBqiJF5a9NabdmIZ8fnq2jTVBvFJg=&y=U2FsdGVkX1/d6zKRpInYmZNMOCO1+F6CzaR0NZwQr78= HTTP/1.1" 200 25
172.22.2.4 - - [18/Aug/2022:19:33:29 -0500] "GET /BLA/boletinlegal/index.php?s=/Index/\\think\\app/invokefunction&function=call_user_func_array&vars[0]=md5&vars[1][]=HelloThinkPHP21 HTTP/1.1" 200 40907
181.53.12.137 - - [18/Aug/2022:19:34:49 -0500] "GET /BLA/resoluciones/ HTTP/1.1" 200 13093
181.53.12.137 - - [18/Aug/2022:19:34:51 -0500] "GET /BLA/resoluciones/index.php?dir=RESOLUCIONES+2017%2F HTTP/1.1" 200 282236
172.22.2.4 - - [18/Aug/2022:19:33:19 -0500] "HEAD /BLA/boletinlegal/ HTTP/1.1" 200 -
172.22.2.4 - - [18/Aug/2022:19:34:09 -0500] "GET /BLA/boletinlegal/ HTTP/1.1" 200 53994
173.252.107.7 - - [18/Aug/2022:19:35:53 -0500] "GET /images/visita-suspension-humedal-techo-24-mayo.jpg HTTP/1.1" 200 57365
207.46.13.45 - - [18/Aug/2022:19:36:36 -0500] "GET /forest/ HTTP/1.1" 200 12041
216.245.221.92 - - [18/Aug/2022:19:37:06 -0500] "HEAD / HTTP/1.1" 200 -
186.28.217.91 - - [18/Aug/2022:19:37:51 -0500] "POST /sipse/faces/presentacion/financiero/solicitudProceso/consultarSolicitudProceso.xhtml HTTP/1.1" 200 11041
201.245.192.253 - - [18/Aug/2022:19:37:55 -0500] "POST /kwsrmcab/Wsrmcab  HTTP/1.1" 200 46805
201.245.192.253 - - [18/Aug/2022:19:40:05 -0500] "POST /kwsrmcab/Wsrmcab HTTP/1.1" 200 47848
201.245.192.253 - - [18/Aug/2022:19:40:09 -0500] "POST /kwsrmcab/Wsrmcab HTTP/1.1" 200 44845
34.86.177.154 - - [18/Aug/2022:19:40:22 -0500] "-" 408 -
172.22.2.4 - - [18/Aug/2022:19:39:09 -0500] "HEAD /BLA/boletinlegal/ HTTP/1.1" 200 -
172.22.2.4 - - [18/Aug/2022:19:39:59 -0500] "GET /BLA/boletinlegal/ HTTP/1.1" 200 58154
216.245.221.92 - - [18/Aug/2022:19:42:05 -0500] "HEAD / HTTP/1.1" 200 -
201.245.192.253 - - [18/Aug/2022:19:42:54 -0500] "POST /kwsrmcab/Wsrmcab  HTTP/1.1" 200 46805
207.46.13.11 - - [18/Aug/2022:19:44:05 -0500] "GET /catalogoisis/js/go.js HTTP/1.1" 200 364
172.22.2.4 - - [18/Aug/2022:19:44:59 -0500] "HEAD /BLA/boletinlegal/ HTTP/1.1" 200 -
216.245.221.92 - - [18/Aug/2022:19:47:06 -0500] "HEAD / HTTP/1.1" 200 -
186.99.148.24 - - [18/Aug/2022:19:47:20 -0500] "GET /BLA/resoluciones/ HTTP/1.1" 200 13093
186.99.148.24 - - [18/Aug/2022:19:47:23 -0500] "GET /BLA/resoluciones/index.php?dir=RESOLUCIONES+2021%2F HTTP/1.1" 200 410554
172.22.2.4 - - [18/Aug/2022:19:45:49 -0500] "GET /BLA/boletinlegal/ HTTP/1.1" 200 44887
172.22.2.4 - - [18/Aug/2022:19:45:52 -0500] "GET /BLA/boletinlegal/ HTTP/1.1" 200 45259
201.245.192.253 - - [18/Aug/2022:19:47:53 -0500] "POST /kwsrmcab/Wsrmcab  HTTP/1.1" 200 46805
207.46.13.188 - - [18/Aug/2022:19:48:15 -0500] "GET /sipse/faces/javax.faces.resource/primefaces.js;jsessionid=83lbhtapicsocnhznir7ecdp.undefined?ln=primefaces&amp;v=4.0 HTTP/1.1" 200 276924
66.249.79.115 - - [18/Aug/2022:19:49:35 -0500] "-" 408 -
172.22.2.4 - - [18/Aug/2022:19:49:41 -0500] "GET /BLA/boletinlegal/Circulares/2022/CIRCULAR%20No.%2000005%20DEL%2030%20DE%20JUNIO%20DEL%202022.pdf HTTP/1.1" 404 1218
172.22.2.4 - - [18/Aug/2022:19:49:46 -0500] "GET /BLA/boletinlegal/Circulares/2019/.pdf HTTP/1.1" 404 1218
69.171.231.116 - - [18/Aug/2022:19:50:31 -0500] "GET /images/pieza-grafica-semana-ambiental-30.jpg HTTP/1.1" 200 38850
172.22.2.4 - - [18/Aug/2022:19:51:52 -0500] "GET /BLA/boletinlegal/actos.php HTTP/1.1" 200 9559
172.22.2.4 - - [18/Aug/2022:19:51:52 -0500] "GET /BLA/boletinlegal/styles2.css HTTP/1.1" 200 1838
172.22.2.4 - - [18/Aug/2022:19:51:52 -0500] "GET /BLA/boletinlegal/js/ajax_actos.js HTTP/1.1" 200 1322
172.22.2.4 - - [18/Aug/2022:19:51:52 -0500] "GET /BLA/boletinlegal/niceforms-default.css HTTP/1.1" 200 6694
172.22.2.4 - - [18/Aug/2022:19:51:52 -0500] "GET /BLA/boletinlegal/style.css HTTP/1.1" 200 9406
172.22.2.4 - - [18/Aug/2022:19:51:52 -0500] "GET /BLA/boletinlegal/niceforms.js HTTP/1.1" 200 22876
172.22.2.4 - - [18/Aug/2022:19:51:52 -0500] "GET /BLA/boletinlegal/js/lib.js HTTP/1.1" 200 6474
172.22.2.4 - - [18/Aug/2022:19:51:52 -0500] "GET /BLA/boletinlegal/js/popup.js HTTP/1.1" 200 1270
172.22.2.4 - - [18/Aug/2022:19:51:52 -0500] "GET /BLA/boletinlegal/js/jquery1.js HTTP/1.1" 200 29846
172.22.2.4 - - [18/Aug/2022:19:51:52 -0500] "GET /BLA/boletinlegal/images/cabezote%20BLEGAL.jpg HTTP/1.1" 200 118164
172.22.2.4 - - [18/Aug/2022:19:51:52 -0500] "GET /BLA/boletinlegal/images/subscribe-icon-big.png HTTP/1.1" 200 47702
172.22.2.4 - - [18/Aug/2022:19:51:52 -0500] "GET /BLA/boletinlegal/images/historia.png HTTP/1.1" 200 52775
172.22.2.4 - - [18/Aug/2022:19:51:52 -0500] "GET /BLA/boletinlegal/images/registro-usuarios.png HTTP/1.1" 200 8106
172.22.2.4 - - [18/Aug/2022:19:51:52 -0500] "GET /BLA/boletinlegal/images/green-yellow-blue-pink-th.png HTTP/1.1" 200 7394
172.22.2.4 - - [18/Aug/2022:19:51:52 -0500] "GET /BLA/boletinlegal/images/tel.png HTTP/1.1" 200 14477
172.22.2.4 - - [18/Aug/2022:19:51:52 -0500] "GET /BLA/boletinlegal/images/abajo.png HTTP/1.1" 200 96676
172.22.2.4 - - [18/Aug/2022:19:51:52 -0500] "GET /BLA/boletinlegal/images/icono-email.png HTTP/1.1" 200 5544
172.22.2.4 - - [18/Aug/2022:19:51:52 -0500] "GET /BLA/boletinlegal/images/body_bg.jpg HTTP/1.1" 200 1601
172.22.2.4 - - [18/Aug/2022:19:51:52 -0500] "GET /BLA/boletinlegal/images/menu_lft.gif HTTP/1.1" 200 1713
172.22.2.4 - - [18/Aug/2022:19:51:52 -0500] "GET /BLA/boletinlegal/images/menu_rght.gif HTTP/1.1" 200 1627
172.22.2.4 - - [18/Aug/2022:19:51:52 -0500] "GET /BLA/boletinlegal/images/bg_top.jpg HTTP/1.1" 200 522
172.22.2.4 - - [18/Aug/2022:19:51:52 -0500] "GET /BLA/boletinlegal/images/menu_bg.jpg HTTP/1.1" 200 620
172.22.2.4 - - [18/Aug/2022:19:51:52 -0500] "GET /BLA/boletinlegal/images/hover.jpg HTTP/1.1" 200 640
172.22.2.4 - - [18/Aug/2022:19:51:52 -0500] "GET /BLA/boletinlegal/images/text.jpg HTTP/1.1" 200 568
172.22.2.4 - - [18/Aug/2022:19:51:52 -0500] "GET /BLA/boletinlegal/images/footer_bg.jpg HTTP/1.1" 200 586
172.22.2.4 - - [18/Aug/2022:19:51:52 -0500] "GET /BLA/boletinlegal/images/footer_bg_l.jpg HTTP/1.1" 200 776
172.22.2.4 - - [18/Aug/2022:19:51:52 -0500] "GET /BLA/boletinlegal/img/0.png HTTP/1.1" 200 110
172.22.2.4 - - [18/Aug/2022:19:51:52 -0500] "GET /BLA/boletinlegal/img/select-left.png HTTP/1.1" 200 263
172.22.2.4 - - [18/Aug/2022:19:51:52 -0500] "GET /BLA/boletinlegal/img/select-right.png HTTP/1.1" 200 44019
172.22.2.4 - - [18/Aug/2022:19:51:52 -0500] "GET /BLA/boletinlegal/img/button-left.png HTTP/1.1" 200 57071
172.22.2.4 - - [18/Aug/2022:19:51:52 -0500] "GET /BLA/boletinlegal/img/button-right.png HTTP/1.1" 200 57878
172.22.2.4 - - [18/Aug/2022:19:51:52 -0500] "GET /BLA/boletinlegal/img/button.png HTTP/1.1" 200 43241
172.22.2.4 - - [18/Aug/2022:19:51:53 -0500] "GET /BLA/boletinlegal/favicon.ico HTTP/1.1" 404 1326
172.22.2.4 - - [18/Aug/2022:19:52:01 -0500] "GET /BLA/boletinlegal/consulta_actos.php?tipo=resoluciones&no=0722&usuario=&sector=&fecha=2021&resuelve= HTTP/1.1" 200 1101
172.22.2.4 - - [18/Aug/2022:19:52:02 -0500] "GET /BLA/boletinlegal/images/pdf.gif HTTP/1.1" 200 567
186.31.22.67 - - [18/Aug/2022:19:52:05 -0500] "GET /BLA/resoluciones/RESOLUCIONES%202021/0722.pdf HTTP/1.1" 200 593893
186.31.22.67 - - [18/Aug/2022:19:52:05 -0500] "GET /favicon.ico HTTP/1.1" 200 7782
216.245.221.92 - - [18/Aug/2022:19:52:05 -0500] "HEAD / HTTP/1.1" 200 -
172.22.2.4 - - [18/Aug/2022:19:50:49 -0500] "HEAD /BLA/boletinlegal/ HTTP/1.1" 200 -
66.249.79.150 - - [18/Aug/2022:19:52:39 -0500] "-" 408 -
201.245.192.253 - - [18/Aug/2022:19:52:52 -0500] "POST /kwsrmcab/Wsrmcab  HTTP/1.1" 200 46805
172.22.2.4 - - [18/Aug/2022:19:51:39 -0500] "GET /BLA/boletinlegal/ HTTP/1.1" 200 52868
172.22.2.4 - - [18/Aug/2022:19:53:58 -0500] "GET /BLA/boletinlegal/Circulares/2010/Circular%2005%20de%208%20de%20septiembre%20de%202010.pdf HTTP/1.1" 304 -
173.252.83.4 - - [18/Aug/2022:19:56:03 -0500] "GET /images/Junio%2002-experiencias-jardines-verticales-sda.jpeg HTTP/1.1" 200 31171
216.245.221.92 - - [18/Aug/2022:19:57:05 -0500] "HEAD / HTTP/1.1" 200 -
186.28.217.91 - - [18/Aug/2022:19:57:07 -0500] "POST /sipse/faces/presentacion/financiero/solicitudProceso/consultarSolicitudProceso.xhtml HTTP/1.1" 200 41842
186.28.217.91 - - [18/Aug/2022:19:57:08 -0500] "GET /sipse/faces/javax.faces.resource/theme.css?ln=primefaces-sipse HTTP/1.1" 304 -
186.28.217.91 - - [18/Aug/2022:19:57:08 -0500] "GET /sipse/faces/javax.faces.resource/primefaces.css?ln=primefaces&v=4.0 HTTP/1.1" 304 -
186.28.217.91 - - [18/Aug/2022:19:57:08 -0500] "GET /sipse/faces/javax.faces.resource/primefaces.js?ln=primefaces&v=4.0 HTTP/1.1" 304 -
186.28.217.91 - - [18/Aug/2022:19:57:08 -0500] "GET /sipse/faces/javax.faces.resource/layout/layout.css?ln=primefaces&v=4.0 HTTP/1.1" 304 -
186.28.217.91 - - [18/Aug/2022:19:57:08 -0500] "GET /sipse/faces/javax.faces.resource/layout/layout.js?ln=primefaces&v=4.0 HTTP/1.1" 304 -
186.28.217.91 - - [18/Aug/2022:19:57:08 -0500] "GET /sipse/faces/javax.faces.resource/jquery/jquery-plugins.js?ln=primefaces&v=4.0 HTTP/1.1" 304 -
186.28.217.91 - - [18/Aug/2022:19:57:08 -0500] "GET /sipse/faces/javax.faces.resource/jquery/jquery.js?ln=primefaces&v=4.0 HTTP/1.1" 304 -
186.28.217.91 - - [18/Aug/2022:19:57:08 -0500] "GET /sipse/faces/javax.faces.resource/images/ui-icons_898989_256x240.png?ln=primefaces-aristo HTTP/1.1" 304 -
201.245.192.253 - - [18/Aug/2022:19:57:50 -0500] "POST /kwsrmcab/Wsrmcab  HTTP/1.1" 200 46805
23.100.232.233 - - [18/Aug/2022:19:58:06 -0500] "GET /galeria/galeria/jquery.fancybox.js?v=2.1.5 HTTP/1.1" 200 48706
23.100.232.233 - - [18/Aug/2022:19:58:06 -0500] "GET /BLA/boletinlegal/js/jquery.scrollShow.js HTTP/1.1" 200 4586
23.100.232.233 - - [18/Aug/2022:19:58:07 -0500] "GET /galeria/galeria/jquery.fancybox.css?v=2.1.5 HTTP/1.1" 200 4895
172.22.2.4 - - [18/Aug/2022:19:56:39 -0500] "HEAD /BLA/boletinlegal/ HTTP/1.1" 200 -
172.22.2.4 - - [18/Aug/2022:19:57:29 -0500] "GET /BLA/boletinlegal/ HTTP/1.1" 200 54814
199.16.157.183 - - [18/Aug/2022:20:01:33 -0500] "-" 408 -
173.252.79.24 - - [18/Aug/2022:20:01:43 -0500] "GET /images/jardines-verticales-plantas-24-mayo.jpg HTTP/1.1" 200 148288
207.46.13.115 - - [18/Aug/2022:20:01:58 -0500] "GET /catalogoisis/js/remote.js HTTP/1.1" 200 436
216.245.221.92 - - [18/Aug/2022:20:02:07 -0500] "HEAD / HTTP/1.1" 200 -
157.55.39.98 - - [18/Aug/2022:20:02:11 -0500] "GET /transparencia/directorioservidores/2016/febrero2016.xlsx HTTP/1.1" 304 -
172.22.2.4 - - [18/Aug/2022:20:02:51 -0500] "GET /BLA/boletinlegal/jurisprudencia/analisis/AnalisisT-606-15.docx HTTP/1.1" 200 26698
201.245.192.253 - - [18/Aug/2022:20:02:50 -0500] "POST /kwsrmcab/Wsrmcab  HTTP/1.1" 200 46805
172.22.2.4 - - [18/Aug/2022:20:02:29 -0500] "HEAD /BLA/boletinlegal/ HTTP/1.1" 200 -
172.22.2.4 - - [18/Aug/2022:20:03:19 -0500] "GET /BLA/boletinlegal/ HTTP/1.1" 200 58154
216.245.221.92 - - [18/Aug/2022:20:07:05 -0500] "HEAD / HTTP/1.1" 200 -
207.46.13.11 - - [18/Aug/2022:20:07:16 -0500] "GET /BLA/resoluciones/index.php?dir=RESOLUCIONES+2017%2F HTTP/1.1" 200 282236
207.46.13.11 - - [18/Aug/2022:20:07:19 -0500] "GET /BLA/resoluciones/index.php?dir=RESOLUCIONES+2007%2F HTTP/1.1" 200 35450
186.102.49.174 - - [18/Aug/2022:20:07:24 -0500] "GET /kwssiamovil/sm/ldap/au?x=U2FsdGVkX1/DDPHh2/aBPyr2fDkIov1UOqX7PdkRi6zpzGCSOnwHrlONPni1NHd1&y=U2FsdGVkX18r5pi5bW5AxcuZqWxzKc/wBgUPjS7MkkZ+zFuu60J7Z1bLR6KTEbdR HTTP/1.1" 200 30
186.102.49.174 - - [18/Aug/2022:20:07:25 -0500] "GET /kwssiamovil/sm/acme/s?s=U2FsdGVkX1+sjKFxv27eqJxgicjw9/sDTJaSskFEZXBaZ2xaW4WlfrNellAHU/PcBz3JSIiX3HG28ZkuQM/OFt9nUAS43sqa5TBz6IWkCqg=&u=U2FsdGVkX1/8qGu8SrDGRdo0KQf86cCef464ez2OUTs=&y=U2FsdGVkX18r5pi5bW5AxcuZqWxzKc/wBgUPjS7MkkZ+zFuu60J7Z1bLR6KTEbdR HTTP/1.1" 200 97
186.102.49.174 - - [18/Aug/2022:20:07:25 -0500] "GET /kwssiamovil/sm/acme/s?s=U2FsdGVkX1+ut2cMvrjZ2snHYA5+vBvVoG4EQ1g+C1t30cHtY/Bn/FtWFOaKVXx/BX2TKejGCsk6i0VhsFTYSas/8WntKg9M1okMrdlYAW++WiAheuFszbj82HUQUOvhSWJu7eLGgQfg81EFDZnwDy4ydQaz0erGLmmYCc625X2lYjRBEx2UA9Re240T3iuEvtDqqcVkXgNrfSanIINF2IKCup1FjPeUTNYCQuFQBUH17INhKhwfeAJCHzpOFjwQOTYQB8BPiIFwdPVBKo3UPvgvuMvMH343tZ3gVAerhJdwmLeuyyrsGfNBd2Cyjvuskm7EuZgC9vago/GhDOpm9UocNZDuHHjC3S+lpYGserLRxcozwmDXCoPwv76xly9yaUDYvkgSFQlZmyu7wOveqlIOHuIdj9LUjRdxYdEEGT/PhXsjGjo355/r6uiSjrzeuCnPd4mOTHYIFzdcfjkbI7XdjG334gyAJTgk7OvZYqZ/Hsfeo/4z3j9kMac0rkh+CObEnJqoz6ItOtEL20pehEmpAyLvWz6nK8ic7uqjpb+pcLGWBvG75Crnd4WFsQmIBbmfL8Atnt4ONco+qdA/9Bewu4B7Wxxs+o9lUD9jMlHV6YMqjZEEogOpWWdME/04hMUiv+tNv1w8yDDqO+wCklW9wr4TSkqS2bgvNy/m/euO/QO5gkpTGXIYkdXGGKCWsdzWctN8bLLDoNLSiVD6MHl+SFN2g/YSIM0Kw9mAo/faVAgjzrjo6IR3nMGQv0NPtwftkJYaKWcKCTPiwGShC1SNf/rXPvRxsn4XFHnkMZqIZeIygAZjw1ixORkjy7OoOK67SRyCiq7DIAyy2rwHKbvo0Xso2ctjT+fE/8hWnhFFADjb8kMnJn0PlT3zuQjthRddwF/tQsDMxKLtR5TgEOW+gSAo4ChniV/PSlSqQnE5XUxDQIWDOLbxXkZSREiqOSDhVfaD+n26+CJ2SvQxWmlO74hxvmGxJCzga3eUAI9RdSK72XNTXX6oqOeB/LftPAUUay/R/0UpSu6A9Htp+V2m3oVLNVvoEHTzoK8K57RCFCFalrtUlYF5UxtkAOYGzjxoFg02tMoR1Z8Lv8DqagGnm884amF7BZB3yHUfpS3VEgq5rhBYghi5gkZYp4NpHEM7GsoSA8oiC9GUMdrc/3OUgPNENPPi2dxsUi3fUkEdntgjZgtJcs2GM2kMBI7y1iEOGHm0R2IGt7G/WO8cWBN4Bo2OfT+fpkgee/uoxLMK6GCe02F5eePrI4H7CXEgL/M6fO3Qb/If878rvFqJl6tuNnVkT8HtNOar3GLN2A9IT9/ynJJDD9AX5x2mA3x2wh5IGkmcv3/O1S1ixgW1ONpNEOJPFSvshloQyA4Tjrs=&u=U2FsdGVkX1/8qGu8SrDGRdo0KQf86cCef464ez2OUTs=&y=U2FsdGVkX18r5pi5bW5AxcuZqWxzKc/wBgUPjS7MkkZ+zFuu60J7Z1bLR6KTEbdR HTTP/1.1" 200 5198
186.102.49.174 - - [18/Aug/2022:20:07:25 -0500] "GET /kwssiamovil/sm/acme/s?s=U2FsdGVkX1/YlR6y5+CVMCO7WexSgHQHyz6hIRpnxgoRVp6qSDnWK11juotvPBTmvN06fqOUm4SlyIzWdY173y7SslqQiCC04G5dlcpo+Y9XvtzCblxJYQOBDK7I5/U2Ae1rlUQmIsPrXwXaUKRHZm2VMifU1cbH/mN1XDd2+Bx8BrteXxNRX39f49uQExem0+OHQ2coEi2ytHxRfSOWNOvd5NZt1Po9Prs3u8amxOUP3grizyFgAIJFEewUR/Gu2aOuT7ywpzNggOxDDvkDCAYRN9Ea9NVS+TBJZpFm52c=&u=U2FsdGVkX1/8qGu8SrDGRdo0KQf86cCef464ez2OUTs=&y=U2FsdGVkX18r5pi5bW5AxcuZqWxzKc/wBgUPjS7MkkZ+zFuu60J7Z1bLR6KTEbdR HTTP/1.1" 200 176
186.102.49.174 - - [18/Aug/2022:20:07:25 -0500] "GET /kwssiamovil/sm/cjson/pre?f=1&x=U2FsdGVkX1/DDPHh2/aBPyr2fDkIov1UOqX7PdkRi6zpzGCSOnwHrlONPni1NHd1 HTTP/1.1" 200 30992
201.245.192.253 - - [18/Aug/2022:20:07:49 -0500] "POST /kwsrmcab/Wsrmcab  HTTP/1.1" 200 46805
172.22.2.4 - - [18/Aug/2022:20:07:54 -0500] "GET /BLA/boletinlegal/style.css HTTP/1.1" 200 9406
172.22.2.4 - - [18/Aug/2022:20:07:54 -0500] "GET /BLA/boletinlegal/styles2.css HTTP/1.1" 200 1838
172.22.2.4 - - [18/Aug/2022:20:07:54 -0500] "GET /BLA/boletinlegal/js/jquery.js HTTP/1.1" 200 57254
172.22.2.4 - - [18/Aug/2022:20:07:54 -0500] "GET /BLA/boletinlegal/js/jquery.scrollTo-min.js HTTP/1.1" 200 1150
172.22.2.4 - - [18/Aug/2022:20:07:54 -0500] "GET /BLA/boletinlegal/js/jquery.scrollShow.js HTTP/1.1" 200 4586
172.22.2.4 - - [18/Aug/2022:20:07:54 -0500] "GET /BLA/boletinlegal/images/cabezote%20BLEGAL.jpg HTTP/1.1" 200 118164
172.22.2.4 - - [18/Aug/2022:20:07:54 -0500] "GET /BLA/boletinlegal/images/subscribe-icon-big.png HTTP/1.1" 200 47702
172.22.2.4 - - [18/Aug/2022:20:07:54 -0500] "GET /BLA/boletinlegal/images/arr_l.jpg HTTP/1.1" 200 1979
172.22.2.4 - - [18/Aug/2022:20:07:54 -0500] "GET /BLA/boletinlegal/images/historia.png HTTP/1.1" 200 52775
172.22.2.4 - - [18/Aug/2022:20:07:54 -0500] "GET /BLA/boletinlegal/images/registro-usuarios.png HTTP/1.1" 200 8106
172.22.2.4 - - [18/Aug/2022:20:07:54 -0500] "GET /BLA/boletinlegal/images/screen_1.png HTTP/1.1" 200 202547
172.22.2.4 - - [18/Aug/2022:20:07:54 -0500] "GET /BLA/boletinlegal/images/launch.jpg HTTP/1.1" 200 14577
172.22.2.4 - - [18/Aug/2022:20:07:54 -0500] "GET /BLA/boletinlegal/images/body_bg.jpg HTTP/1.1" 200 1601
172.22.2.4 - - [18/Aug/2022:20:07:54 -0500] "GET /BLA/boletinlegal/images/menu_lft.gif HTTP/1.1" 200 1713
172.22.2.4 - - [18/Aug/2022:20:07:54 -0500] "GET /BLA/boletinlegal/images/menu_rght.gif HTTP/1.1" 200 1627
172.22.2.4 - - [18/Aug/2022:20:07:54 -0500] "GET /BLA/boletinlegal/images/bg_top.jpg HTTP/1.1" 200 522
172.22.2.4 - - [18/Aug/2022:20:07:54 -0500] "GET /BLA/boletinlegal/images/menu_bg.jpg HTTP/1.1" 200 620
172.22.2.4 - - [18/Aug/2022:20:07:54 -0500] "GET /BLA/boletinlegal/images/hover.jpg HTTP/1.1" 200 640
172.22.2.4 - - [18/Aug/2022:20:07:54 -0500] "GET /BLA/boletinlegal/images/text.jpg HTTP/1.1" 200 568
172.22.2.4 - - [18/Aug/2022:20:08:01 -0500] "GET /BLA/boletinlegal/images/screen_2.png HTTP/1.1" 200 362502
172.22.2.4 - - [18/Aug/2022:20:08:01 -0500] "GET /BLA/boletinlegal/images/screen_3.png HTTP/1.1" 200 210620
172.22.2.4 - - [18/Aug/2022:20:08:01 -0500] "GET /BLA/boletinlegal/images/screen_5.png HTTP/1.1" 200 368876
172.22.2.4 - - [18/Aug/2022:20:08:01 -0500] "GET /BLA/boletinlegal/images/arr_r.jpg HTTP/1.1" 200 1998
172.22.2.4 - - [18/Aug/2022:20:08:01 -0500] "GET /BLA/boletinlegal/images/footer_bg.jpg HTTP/1.1" 200 586
172.22.2.4 - - [18/Aug/2022:20:08:09 -0500] "GET /BLA/boletinlegal/images/pdf.gif HTTP/1.1" 200 567
172.22.2.4 - - [18/Aug/2022:20:08:09 -0500] "GET /BLA/boletinlegal/images/background.gif HTTP/1.1" 200 -
172.22.2.4 - - [18/Aug/2022:20:08:53 -0500] "GET /BLA/boletinlegal/Directivas/2022/DIRECTIVA%20No.%2000002%20DEL%2022%20DE%20JUNIO%20DEL%202022.pdf HTTP/1.1" 200 384175
172.22.2.4 - - [18/Aug/2022:20:08:53 -0500] "GET /BLA/boletinlegal/favicon.ico HTTP/1.1" 404 1500
172.22.2.4 - - [18/Aug/2022:20:07:53 -0500] "GET /BLA/boletinlegal/ HTTP/1.1" 200 53195
186.28.217.91 - - [18/Aug/2022:20:09:53 -0500] "GET /sipse/faces/javax.faces.resource/images/ui-bg_flat_0_2d5972_40x100.png?ln=primefaces-aristo HTTP/1.1" 304 -
186.28.217.91 - - [18/Aug/2022:20:09:53 -0500] "POST /sipse/faces/presentacion/financiero/solicitudProceso/consultarHistorialSolProceso.xhtml HTTP/1.1" 200 33215
186.28.217.91 - - [18/Aug/2022:20:09:53 -0500] "GET /sipse/faces/javax.faces.resource/jquery/jquery.js?ln=primefaces&v=4.0 HTTP/1.1" 304 -
186.28.217.91 - - [18/Aug/2022:20:09:53 -0500] "GET /sipse/faces/javax.faces.resource/jquery/jquery-plugins.js?ln=primefaces&v=4.0 HTTP/1.1" 304 -
186.28.217.91 - - [18/Aug/2022:20:09:53 -0500] "GET /sipse/faces/javax.faces.resource/primefaces.js?ln=primefaces&v=4.0 HTTP/1.1" 304 -
186.28.217.91 - - [18/Aug/2022:20:09:53 -0500] "GET /sipse/faces/javax.faces.resource/layout/layout.js?ln=primefaces&v=4.0 HTTP/1.1" 304 -
186.28.217.91 - - [18/Aug/2022:20:09:58 -0500] "POST /sipse/faces/presentacion/sistema/reporte/listarReportes.xhtml HTTP/1.1" 200 29549
186.28.217.91 - - [18/Aug/2022:20:09:58 -0500] "GET /sipse/faces/javax.faces.resource/primefaces.css?ln=primefaces&v=4.0 HTTP/1.1" 304 -
186.28.217.91 - - [18/Aug/2022:20:09:58 -0500] "GET /sipse/faces/javax.faces.resource/theme.css?ln=primefaces-sipse HTTP/1.1" 304 -
186.28.217.91 - - [18/Aug/2022:20:09:58 -0500] "GET /sipse/faces/javax.faces.resource/layout/layout.css?ln=primefaces&v=4.0 HTTP/1.1" 304 -
186.28.217.91 - - [18/Aug/2022:20:09:58 -0500] "GET /sipse/faces/javax.faces.resource/layout/layout.js?ln=primefaces&v=4.0 HTTP/1.1" 304 -
186.28.217.91 - - [18/Aug/2022:20:09:58 -0500] "GET /sipse/faces/javax.faces.resource/primefaces.js?ln=primefaces&v=4.0 HTTP/1.1" 304 -
186.28.217.91 - - [18/Aug/2022:20:09:58 -0500] "GET /sipse/faces/javax.faces.resource/jquery/jquery.js?ln=primefaces&v=4.0 HTTP/1.1" 304 -
186.28.217.91 - - [18/Aug/2022:20:09:58 -0500] "GET /sipse/faces/javax.faces.resource/jquery/jquery-plugins.js?ln=primefaces&v=4.0 HTTP/1.1" 304 -
186.28.217.91 - - [18/Aug/2022:20:09:59 -0500] "GET /sipse/faces/javax.faces.resource/images/ui-icons_898989_256x240.png?ln=primefaces-aristo HTTP/1.1" 304 -
172.22.2.4 - - [18/Aug/2022:20:08:19 -0500] "HEAD /BLA/boletinlegal/ HTTP/1.1" 200 -
172.22.2.4 - - [18/Aug/2022:20:09:09 -0500] "GET /BLA/boletinlegal/ HTTP/1.1" 200 57366
172.22.2.4 - - [18/Aug/2022:20:10:53 -0500] "GET /BLA/boletinlegal/normativa.php HTTP/1.1" 200 8326
172.22.2.4 - - [18/Aug/2022:20:10:53 -0500] "GET /BLA/boletinlegal/niceforms.js HTTP/1.1" 200 22876
172.22.2.4 - - [18/Aug/2022:20:10:53 -0500] "GET /BLA/boletinlegal/niceforms-default.css HTTP/1.1" 200 6694
172.22.2.4 - - [18/Aug/2022:20:10:53 -0500] "GET /BLA/boletinlegal/images/abajo.png HTTP/1.1" 200 96676
172.22.2.4 - - [18/Aug/2022:20:10:53 -0500] "GET /BLA/boletinlegal/js/ajax_normativa.js HTTP/1.1" 200 1154
172.22.2.4 - - [18/Aug/2022:20:10:53 -0500] "GET /BLA/boletinlegal/images/tel.png HTTP/1.1" 200 14477
172.22.2.4 - - [18/Aug/2022:20:10:53 -0500] "GET /BLA/boletinlegal/images/icono-email.png HTTP/1.1" 200 5544
172.22.2.4 - - [18/Aug/2022:20:10:53 -0500] "GET /BLA/boletinlegal/images/footer_bg_l.jpg HTTP/1.1" 200 776
172.22.2.4 - - [18/Aug/2022:20:10:53 -0500] "GET /BLA/boletinlegal/img/0.png HTTP/1.1" 200 110
172.22.2.4 - - [18/Aug/2022:20:10:53 -0500] "GET /BLA/boletinlegal/img/select-left.png HTTP/1.1" 200 263
172.22.2.4 - - [18/Aug/2022:20:10:53 -0500] "GET /BLA/boletinlegal/img/select-right.png HTTP/1.1" 200 44019
172.22.2.4 - - [18/Aug/2022:20:10:53 -0500] "GET /BLA/boletinlegal/img/button-left.png HTTP/1.1" 200 57071
172.22.2.4 - - [18/Aug/2022:20:10:53 -0500] "GET /BLA/boletinlegal/img/button.png HTTP/1.1" 200 43241
172.22.2.4 - - [18/Aug/2022:20:10:53 -0500] "GET /BLA/boletinlegal/img/button-right.png HTTP/1.1" 200 57878
172.22.2.4 - - [18/Aug/2022:20:10:49 -0500] "GET /BLA/boletinlegal/ HTTP/1.1" 200 24523
172.22.2.4 - - [18/Aug/2022:20:11:22 -0500] "GET /BLA/boletinlegal/consulta_normativa.php?tipo=Ley&sector=Aire&ano=2022&resuelve= HTTP/1.1" 200 454
172.22.2.4 - - [18/Aug/2022:20:11:27 -0500] "GET /BLA/boletinlegal/consulta_normativa.php?tipo=Ley&sector=competencia-estructura&ano=2022&resuelve= HTTP/1.1" 200 454
172.22.2.4 - - [18/Aug/2022:20:11:29 -0500] "GET /BLA/boletinlegal/consulta_normativa.php?tipo=Ley&sector=competencia-estructura&ano=2022&resuelve= HTTP/1.1" 200 454
172.22.2.4 - - [18/Aug/2022:20:11:32 -0500] "GET /BLA/boletinlegal/consulta_normativa.php?tipo=Ley&sector=concesion&ano=2022&resuelve= HTTP/1.1" 200 454
172.22.2.4 - - [18/Aug/2022:20:11:37 -0500] "GET /BLA/boletinlegal/consulta_normativa.php?tipo=Ley&sector=emisiones&ano=2022&resuelve= HTTP/1.1" 200 454
172.22.2.4 - - [18/Aug/2022:20:11:44 -0500] "GET /BLA/boletinlegal/consulta_normativa.php?tipo=Ley&sector=fauna&ano=2022&resuelve= HTTP/1.1" 200 454
172.22.2.4 - - [18/Aug/2022:20:11:48 -0500] "GET /BLA/boletinlegal/consulta_normativa.php?tipo=Ley&sector=flora&ano=2022&resuelve= HTTP/1.1" 200 454
172.22.2.4 - - [18/Aug/2022:20:11:54 -0500] "GET /BLA/boletinlegal/consulta_normativa.php?tipo=Ley&sector=hidrocarburos&ano=2022&resuelve= HTTP/1.1" 200 454
172.22.2.4 - - [18/Aug/2022:20:11:58 -0500] "GET /BLA/boletinlegal/consulta_normativa.php?tipo=Ley&sector=humedales&ano=2022&resuelve= HTTP/1.1" 200 454
186.29.229.230 - - [18/Aug/2022:20:11:58 -0500] "GET /BLA/resoluciones/index.php?dir=AUTOS+2021%2F HTTP/1.1" 200 392023
172.22.2.4 - - [18/Aug/2022:20:12:02 -0500] "GET /BLA/boletinlegal/consulta_normativa.php?tipo=Ley&sector=humedales&ano=2022&resuelve= HTTP/1.1" 200 454
216.245.221.92 - - [18/Aug/2022:20:12:05 -0500] "HEAD / HTTP/1.1" 200 -
172.22.2.4 - - [18/Aug/2022:20:12:09 -0500] "GET /BLA/boletinlegal/consulta_normativa.php?tipo=Ley&sector=licencia&ano=2022&resuelve= HTTP/1.1" 200 454
172.22.2.4 - - [18/Aug/2022:20:12:14 -0500] "GET /BLA/boletinlegal/consulta_normativa.php?tipo=Ley&sector=mineria&ano=2022&resuelve= HTTP/1.1" 200 454
172.22.2.4 - - [18/Aug/2022:20:12:20 -0500] "GET /BLA/boletinlegal/consulta_normativa.php?tipo=Ley&sector=pma&ano=2022&resuelve= HTTP/1.1" 200 454
172.22.2.4 - - [18/Aug/2022:20:12:24 -0500] "GET /BLA/boletinlegal/consulta_normativa.php?tipo=Ley&sector=publicidad&ano=2022&resuelve= HTTP/1.1" 200 454
186.29.229.230 - - [18/Aug/2022:20:12:27 -0500] "GET /BLA/resoluciones/index.php HTTP/1.1" 200 13093
172.22.2.4 - - [18/Aug/2022:20:12:28 -0500] "GET /BLA/boletinlegal/consulta_normativa.php?tipo=Ley&sector=residuos&ano=2022&resuelve= HTTP/1.1" 200 454
172.22.2.4 - - [18/Aug/2022:20:12:32 -0500] "GET /BLA/boletinlegal/consulta_normativa.php?tipo=Ley&sector=residuos&ano=2022&resuelve= HTTP/1.1" 200 454
186.29.229.230 - - [18/Aug/2022:20:12:33 -0500] "GET /BLA/resoluciones/index.php?dir=RESOLUCIONES+2005%2F HTTP/1.1" 200 49518
172.22.2.4 - - [18/Aug/2022:20:12:37 -0500] "GET /BLA/boletinlegal/consulta_normativa.php?tipo=Ley&sector=ruido&ano=2022&resuelve= HTTP/1.1" 200 454
172.22.2.4 - - [18/Aug/2022:20:12:41 -0500] "GET /BLA/boletinlegal/consulta_normativa.php?tipo=Ley&sector=salvoconductos&ano=2022&resuelve= HTTP/1.1" 200 454
172.22.2.4 - - [18/Aug/2022:20:12:45 -0500] "GET /BLA/boletinlegal/consulta_normativa.php?tipo=Ley&sector=silvicultura&ano=2022&resuelve= HTTP/1.1" 200 454
201.245.192.253 - - [18/Aug/2022:20:12:48 -0500] "POST /kwsrmcab/Wsrmcab  HTTP/1.1" 200 46805
172.22.2.4 - - [18/Aug/2022:20:12:52 -0500] "GET /BLA/boletinlegal/consulta_normativa.php?tipo=Ley&sector=silvicultura&ano=2022&resuelve= HTTP/1.1" 200 454
172.22.2.4 - - [18/Aug/2022:20:12:57 -0500] "GET /BLA/boletinlegal/consulta_normativa.php?tipo=Ley&sector=vertimientos&ano=2022&resuelve= HTTP/1.1" 200 454
172.22.2.4 - - [18/Aug/2022:20:13:01 -0500] "GET /BLA/boletinlegal/consulta_normativa.php?tipo=Ley&sector=vertimientos&ano=2021&resuelve= HTTP/1.1" 200 454
172.22.2.4 - - [18/Aug/2022:20:13:03 -0500] "GET /BLA/boletinlegal/consulta_normativa.php?tipo=Ley&sector=vertimientos&ano=2021&resuelve= HTTP/1.1" 200 454
186.114.4.96 - - [18/Aug/2022:20:13:14 -0500] "GET /BLA/boletinlegal/js/jquery.scrollShow.js HTTP/1.1" 200 4586
186.114.4.96 - - [18/Aug/2022:20:13:14 -0500] "GET /galeria/galeria/jquery.fancybox.css?v=2.1.5 HTTP/1.1" 200 4895
186.114.4.96 - - [18/Aug/2022:20:13:14 -0500] "GET /galeria/galeria/jquery.fancybox.js?v=2.1.5 HTTP/1.1" 200 48706
172.22.2.4 - - [18/Aug/2022:20:13:41 -0500] "GET /BLA/boletinlegal/js/jquery.js HTTP/1.1" 200 57254
172.22.2.4 - - [18/Aug/2022:20:13:41 -0500] "GET /BLA/boletinlegal/js/jquery.scrollTo-min.js HTTP/1.1" 200 1150
172.22.2.4 - - [18/Aug/2022:20:13:41 -0500] "GET /BLA/boletinlegal/js/jquery.scrollShow.js HTTP/1.1" 200 4586
172.22.2.4 - - [18/Aug/2022:20:13:41 -0500] "GET /BLA/boletinlegal/images/cabezote%20BLEGAL.jpg HTTP/1.1" 200 118164
172.22.2.4 - - [18/Aug/2022:20:13:41 -0500] "GET /BLA/boletinlegal/images/subscribe-icon-big.png HTTP/1.1" 200 47702
172.22.2.4 - - [18/Aug/2022:20:13:41 -0500] "GET /BLA/boletinlegal/images/historia.png HTTP/1.1" 200 52775
172.22.2.4 - - [18/Aug/2022:20:13:42 -0500] "GET /BLA/boletinlegal/images/hover.jpg HTTP/1.1" 200 640
172.22.2.4 - - [18/Aug/2022:20:13:42 -0500] "GET /BLA/boletinlegal/images/menu_bg.jpg HTTP/1.1" 200 620
172.22.2.4 - - [18/Aug/2022:20:13:42 -0500] "GET /BLA/boletinlegal/images/body_bg.jpg HTTP/1.1" 200 1601
172.22.2.4 - - [18/Aug/2022:20:13:42 -0500] "GET /BLA/boletinlegal/images/menu_rght.gif HTTP/1.1" 200 1627
172.22.2.4 - - [18/Aug/2022:20:13:42 -0500] "GET /BLA/boletinlegal/images/menu_lft.gif HTTP/1.1" 200 1713
172.22.2.4 - - [18/Aug/2022:20:13:42 -0500] "GET /BLA/boletinlegal/images/bg_top.jpg HTTP/1.1" 200 522
172.22.2.4 - - [18/Aug/2022:20:13:42 -0500] "GET /BLA/boletinlegal/images/text.jpg HTTP/1.1" 200 568
172.22.2.4 - - [18/Aug/2022:20:13:42 -0500] "GET /BLA/boletinlegal/images/registro-usuarios.png HTTP/1.1" 200 8106
172.22.2.4 - - [18/Aug/2022:20:13:42 -0500] "GET /BLA/boletinlegal/images/arr_l.jpg HTTP/1.1" 200 1979
172.22.2.4 - - [18/Aug/2022:20:13:42 -0500] "GET /BLA/boletinlegal/images/screen_1.png HTTP/1.1" 200 202547
172.22.2.4 - - [18/Aug/2022:20:13:42 -0500] "GET /BLA/boletinlegal/images/launch.jpg HTTP/1.1" 200 14577
172.22.2.4 - - [18/Aug/2022:20:13:44 -0500] "GET /BLA/boletinlegal/actos.php HTTP/1.1" 200 9559
172.22.2.4 - - [18/Aug/2022:20:13:44 -0500] "GET /BLA/boletinlegal/js/ajax_actos.js HTTP/1.1" 200 1322
172.22.2.4 - - [18/Aug/2022:20:13:44 -0500] "GET /BLA/boletinlegal/niceforms.js HTTP/1.1" 200 22876
172.22.2.4 - - [18/Aug/2022:20:13:44 -0500] "GET /BLA/boletinlegal/niceforms-default.css HTTP/1.1" 200 6694
172.22.2.4 - - [18/Aug/2022:20:13:44 -0500] "GET /BLA/boletinlegal/js/lib.js HTTP/1.1" 200 6474
172.22.2.4 - - [18/Aug/2022:20:13:44 -0500] "GET /BLA/boletinlegal/js/popup.js HTTP/1.1" 200 1270
172.22.2.4 - - [18/Aug/2022:20:13:44 -0500] "GET /BLA/boletinlegal/js/jquery1.js HTTP/1.1" 200 29846
172.22.2.4 - - [18/Aug/2022:20:13:44 -0500] "GET /BLA/boletinlegal/images/green-yellow-blue-pink-th.png HTTP/1.1" 200 7394
172.22.2.4 - - [18/Aug/2022:20:13:44 -0500] "GET /BLA/boletinlegal/images/abajo.png HTTP/1.1" 200 96676
172.22.2.4 - - [18/Aug/2022:20:13:44 -0500] "GET /BLA/boletinlegal/images/tel.png HTTP/1.1" 200 14477
172.22.2.4 - - [18/Aug/2022:20:13:44 -0500] "GET /BLA/boletinlegal/images/icono-email.png HTTP/1.1" 200 5544
172.22.2.4 - - [18/Aug/2022:20:13:44 -0500] "GET /BLA/boletinlegal/images/footer_bg.jpg HTTP/1.1" 200 586
172.22.2.4 - - [18/Aug/2022:20:13:44 -0500] "GET /BLA/boletinlegal/images/footer_bg_l.jpg HTTP/1.1" 200 776
172.22.2.4 - - [18/Aug/2022:20:13:44 -0500] "GET /BLA/boletinlegal/img/0.png HTTP/1.1" 200 110
172.22.2.4 - - [18/Aug/2022:20:13:44 -0500] "GET /BLA/boletinlegal/img/select-right.png HTTP/1.1" 200 44019
172.22.2.4 - - [18/Aug/2022:20:13:44 -0500] "GET /BLA/boletinlegal/img/select-left.png HTTP/1.1" 200 263
172.22.2.4 - - [18/Aug/2022:20:13:44 -0500] "GET /BLA/boletinlegal/img/button-left.png HTTP/1.1" 200 57071
172.22.2.4 - - [18/Aug/2022:20:13:44 -0500] "GET /BLA/boletinlegal/img/button.png HTTP/1.1" 200 43241
172.22.2.4 - - [18/Aug/2022:20:13:44 -0500] "GET /BLA/boletinlegal/img/button-right.png HTTP/1.1" 200 57878
186.28.217.91 - - [18/Aug/2022:20:14:10 -0500] "GET /sipse/faces/javax.faces.resource/images/ui-bg_flat_0_2d5972_40x100.png?ln=primefaces-aristo HTTP/1.1" 304 -
186.28.217.91 - - [18/Aug/2022:20:14:10 -0500] "POST /sipse/faces/presentacion/sistema/reporte/ventanaVerReporteParametros.xhtml HTTP/1.1" 200 40684
186.28.217.91 - - [18/Aug/2022:20:14:11 -0500] "GET /sipse/faces/javax.faces.resource/jquery/jquery.js?ln=primefaces&v=4.0 HTTP/1.1" 304 -
186.28.217.91 - - [18/Aug/2022:20:14:11 -0500] "GET /sipse/faces/javax.faces.resource/jquery/jquery-plugins.js?ln=primefaces&v=4.0 HTTP/1.1" 304 -
186.28.217.91 - - [18/Aug/2022:20:14:11 -0500] "GET /sipse/faces/javax.faces.resource/primefaces.js?ln=primefaces&v=4.0 HTTP/1.1" 304 -
186.28.217.91 - - [18/Aug/2022:20:14:11 -0500] "GET /sipse/faces/javax.faces.resource/layout/layout.js?ln=primefaces&v=4.0 HTTP/1.1" 304 -
172.22.2.4 - - [18/Aug/2022:20:13:41 -0500] "GET /BLA/boletinlegal/ HTTP/1.1" 200 24523
172.22.2.4 - - [18/Aug/2022:20:14:20 -0500] "GET /BLA/boletinlegal/consulta_actos.php?tipo=resoluciones&no=7668&usuario=&sector=&fecha=2010&resuelve= HTTP/1.1" 200 1101
190.24.58.105 - - [18/Aug/2022:20:14:24 -0500] "GET /BLA/resoluciones/RESOLUCIONES%202010/7668.pdf HTTP/1.1" 200 422047
172.22.2.4 - - [18/Aug/2022:20:14:08 -0500] "HEAD /BLA/boletinlegal/ HTTP/1.1" 200 -
186.30.133.229 - - [18/Aug/2022:20:16:15 -0500] "GET /el-chamon-para-los-mayas-el-salvador-de-las-semillas-del-maiz.html HTTP/1.1" 304 -
186.29.229.230 - - [18/Aug/2022:20:16:33 -0500] "GET /BLA/resoluciones/index.php HTTP/1.1" 200 13093
200.118.63.86 - - [18/Aug/2022:20:16:38 -0500] "GET /BLA/resoluciones/AUTOS%202018/4395.pdf HTTP/1.1" 200 279345
172.22.2.4 - - [18/Aug/2022:20:14:59 -0500] "GET /BLA/boletinlegal/ HTTP/1.1" 200 55211
186.29.229.230 - - [18/Aug/2022:20:16:38 -0500] "GET /BLA/resoluciones/index.php?dir=RESOLUCIONES+2009%2F HTTP/1.1" 200 1694101
216.245.221.92 - - [18/Aug/2022:20:17:05 -0500] "HEAD / HTTP/1.1" 200 -
207.46.13.115 - - [18/Aug/2022:20:17:18 -0500] "GET /BLA/resoluciones/RESOLUCIONES%202021/4048.pdf HTTP/1.1" 200 785153
200.118.63.86 - - [18/Aug/2022:20:17:25 -0500] "GET /BLA/resoluciones/AUTOS%202014/4395.pdf HTTP/1.1" 200 507639
201.245.192.253 - - [18/Aug/2022:20:17:47 -0500] "POST /kwsrmcab/Wsrmcab  HTTP/1.1" 200 46805
157.55.39.145 - - [18/Aug/2022:20:18:01 -0500] "GET / HTTP/1.1" 200 4720
66.249.79.113 - - [18/Aug/2022:20:18:41 -0500] "-" 408 -
40.117.142.122 - - [18/Aug/2022:20:19:00 -0500] "GET /portaldeninos/publicidad/ HTTP/1.1" 200 87569
201.245.192.253 - - [18/Aug/2022:20:20:06 -0500] "POST /kwsrmcab/Wsrmcab HTTP/1.1" 200 47666
201.245.192.253 - - [18/Aug/2022:20:20:10 -0500] "POST /kwsrmcab/Wsrmcab HTTP/1.1" 200 44848
172.22.2.4 - - [18/Aug/2022:20:20:46 -0500] "GET /BLA/boletinlegal/jurisprudencia/analisis/AnalisisT-606-15.docx HTTP/1.1" 200 26698
172.22.2.4 - - [18/Aug/2022:20:20:47 -0500] "GET /BLA/boletinlegal/apple-touch-icon-120x120-precomposed.png HTTP/1.1" 404 1140
172.22.2.4 - - [18/Aug/2022:20:20:47 -0500] "GET /BLA/boletinlegal/apple-touch-icon-120x120.png HTTP/1.1" 404 1140
172.22.2.4 - - [18/Aug/2022:20:20:47 -0500] "GET /BLA/boletinlegal/apple-touch-icon-precomposed.png HTTP/1.1" 404 1140
172.22.2.4 - - [18/Aug/2022:20:20:47 -0500] "GET /BLA/boletinlegal/apple-touch-icon.png HTTP/1.1" 404 1140
172.22.2.4 - - [18/Aug/2022:20:20:47 -0500] "GET /BLA/boletinlegal/favicon.ico HTTP/1.1" 404 1140
172.22.2.4 - - [18/Aug/2022:20:20:47 -0500] "GET /BLA/boletinlegal/apple-touch-icon-120x120-precomposed.png HTTP/1.1" 404 1140
172.22.2.4 - - [18/Aug/2022:20:20:47 -0500] "GET /BLA/boletinlegal/apple-touch-icon-120x120.png HTTP/1.1" 404 1140
172.22.2.4 - - [18/Aug/2022:20:20:47 -0500] "GET /BLA/boletinlegal/apple-touch-icon-precomposed.png HTTP/1.1" 404 1140
172.22.2.4 - - [18/Aug/2022:20:20:47 -0500] "GET /BLA/boletinlegal/apple-touch-icon.png HTTP/1.1" 404 1140
172.22.2.4 - - [18/Aug/2022:20:20:48 -0500] "GET /BLA/boletinlegal/favicon.ico HTTP/1.1" 404 1140
172.22.2.4 - - [18/Aug/2022:20:19:59 -0500] "HEAD /BLA/boletinlegal/ HTTP/1.1" 200 -
216.245.221.92 - - [18/Aug/2022:20:22:05 -0500] "HEAD / HTTP/1.1" 200 -
172.22.2.4 - - [18/Aug/2022:20:20:49 -0500] "GET /BLA/boletinlegal/ HTTP/1.1" 200 53994
201.245.192.253 - - [18/Aug/2022:20:22:46 -0500] "POST /kwsrmcab/Wsrmcab  HTTP/1.1" 200 46805
152.200.176.98 - - [18/Aug/2022:20:24:36 -0500] "GET /galeria/galeria/jquery.fancybox.css?v=2.1.5 HTTP/1.1" 200 4895
152.200.176.98 - - [18/Aug/2022:20:24:36 -0500] "GET /galeria/galeria/jquery.fancybox.js?v=2.1.5 HTTP/1.1" 200 48706
152.200.176.98 - - [18/Aug/2022:20:24:37 -0500] "GET /galeria/galeria/fotos/Soratama1P.jpg HTTP/1.1" 200 9622
152.200.176.85 - - [18/Aug/2022:20:24:37 -0500] "GET /galeria/galeria/fotos/Soratama4P.jpg HTTP/1.1" 200 10482
152.200.176.98 - - [18/Aug/2022:20:24:37 -0500] "GET /galeria/galeria/fotos/Soratama2P.jpg HTTP/1.1" 200 10548
152.200.176.81 - - [18/Aug/2022:20:24:37 -0500] "GET /galeria/galeria/fotos/Soratama3P.jpg HTTP/1.1" 200 11298
186.118.16.101 - - [18/Aug/2022:20:25:04 -0500] "GET /inventario-de-emisiones-2020-transporte-publico-sitp-redujo-emisiones-de-pm-2-5-en-un-37.html HTTP/1.1" 200 925
184.105.247.251 - - [18/Aug/2022:20:25:33 -0500] "GET /favicon.ico HTTP/1.1" 200 7782
216.245.221.92 - - [18/Aug/2022:20:27:05 -0500] "HEAD / HTTP/1.1" 200 -
172.22.2.4 - - [18/Aug/2022:20:25:48 -0500] "HEAD /BLA/boletinlegal/ HTTP/1.1" 200 -
186.102.4.174 - - [18/Aug/2022:20:27:46 -0500] "GET /kwssiamovil/sm/ldap/au?x=U2FsdGVkX18wCSL3nqujiGbiQC9bv71Emgi6fFzhbScF2rU/Yq1T5jAY6de5gokG&y=U2FsdGVkX18B6xlbHqanf+M6xA1OhxJwOdtwOuMlZC0PP0Qfg7u0ZOZbnbs8M/eC HTTP/1.1" 200 30
186.102.4.174 - - [18/Aug/2022:20:27:46 -0500] "GET /kwssiamovil/sm/acme/s?s=U2FsdGVkX1+klLyTb6vRTmoGr83/Lv2FJ18fgnE1UAB7IjfGShRDaeb/EL2nB9hiUnXlT2BdhLd1hYJP/b8AwrlICGVzAvzWEXdhnZa28Gk=&u=U2FsdGVkX1+itB62RghUtc0ZOXWYVAQpqwgXxbhs1iM=&y=U2FsdGVkX18B6xlbHqanf+M6xA1OhxJwOdtwOuMlZC0PP0Qfg7u0ZOZbnbs8M/eC HTTP/1.1" 200 97
186.102.4.174 - - [18/Aug/2022:20:27:46 -0500] "GET /kwssiamovil/sm/acme/s?s=U2FsdGVkX19Skt0WeuFAqWPPGt17hwUkVmpOHFDsfCQo+W8f0X+x+xrEuHlDrXehRhnDefX7ANc8fUL48Yx5N4S2VMmUCAb891aTXPEzF4I24KgLxjXqw64c1kdzl1RGY26l/udwfNvIK8a+JQGA8RLA5i8j2xFDzcsqjLk2FevRTDa0bzEkVcJOvvTuhdUOrTTygJ1ngddgoARMhqdSFYoQOUHMaLAtM9BIpRenUa0J+Bl6JW8u79ZeTfHBgJAhEwTqdpNZ3rraqFJrFgwa/nt1n8Z+Z92lRCID2Vz7S0N6kcaevV+Lc0gI6ntPURph2MUQRxE3g/fylZ9RMGQWqrBThPpXP5WS1AKBgIPKkkbMMYLh60x4mdm5ptmQzeW0YXFKuR3v6SYQHRllaFQYUBs2N0g70DBW6lw0lm3gz4JZh96jo+ODKaxXBOIal1aPCyCOe6YJFQqRXTvL12kovklTTWRDt4PdDQULELQ18zJkTptcykdS8pObonrix2MB1e9m6JCgn+vuG6xWcnnVsriCY/lJymSuQEH+l+bzd96DB66Q52x7KUr0gH0sd8fvss+aHISEyQj8GOlVhJHeD59eS2F+oYlc6cloHaKuGYCkRfNHfTNuHp02TnRBAYgdkdnU48IFMbUhsNUj/gWKtejPBQGYKHmMDjTQLmyjqOhffFNAUYgyvhiL4MdsdDDS+IUMPHVD/KlDgVMv01vIACOZYjU39LOwwjaHAkmU8H2bn6kw5CVzTcpJ6jyYG/5nBGn34UN+dnEr+xik+g418xO2zLrGJeMVHa+C7/23PIzwM1ILVvUM5qjp52W8vaMg2RKXGe7xxVDH7nCDhpuSeUqw10LHNxJ3Ii0GcgG4SPOF6/Qddw8vm9vvxRbhMvWPXO4Y2TPizWi18JWdfHhkBlcU0a6n5CMg3lVkjgvJU+GSbMgclp3jG/U+r9RDxRsUr/CMaMC8qRCGntYi1MaYjhJ7klLunkLnqo55ABwS/+71aMDGj3w+DCIYAtc6rxJJDsgzMkX1Cs6ME5EM9TgM7mKsXwH6aRZ+t2yNhs+tF1y2ZZpKMU1v3lZ0iMy5Gi5fjY9ABd6HMZbwqnlnBCjFO/6YZqbFtQBiv6s2AKWKs8cIYxclv1QvJqZUbguCgI87Va8B2j3mF6daNR5eV1mp1a3M8rqvsisFkCEOkiFGwSQI2yU2svef8DeOkSOfyo1bukNJMS7LaLVwNImUPU2murHgEIwpvI6zxtHaRcZ/8V2QUpcIFwTsPK5K3jQ3c84eLqV5HHLnV6VbR23dCVX2VM+DPxPZEwjTiCDI7dCbq3JPEAOMOak/Ye37Bi1i1vDYfWefkEC+W6YJ6aAPItqV2h9tehXEjextFOC0Llmzr18=&u=U2FsdGVkX1+itB62RghUtc0ZOXWYVAQpqwgXxbhs1iM=&y=U2FsdGVkX18B6xlbHqanf+M6xA1OhxJwOdtwOuMlZC0PP0Qfg7u0ZOZbnbs8M/eC HTTP/1.1" 200 5510
186.102.4.174 - - [18/Aug/2022:20:27:46 -0500] "GET /kwssiamovil/sm/acme/s?s=U2FsdGVkX1+RrG/vsIakXR1IRw+HZkFXpYXUkjhaL6hXeiNpIYXZtMy0Cn5gOQGcrPyKaqslMoptO37SkLl6qjBPDxOv90PHr1cR6+WqfR0Z0wQAWAB/XD8+40v3nuoR8sJucXs1b5HmU4Kzhl8dXwqAK8dmSBBPnAZBNf+ZMa1PPsxnojgv0BGcFsKPe4DPL7GI4wgaM3TV7OqQp6jXpRBowuJZj0AUWUCYrKrUhcuqBn7nTxR0qZStY50kxL+CK9jJ2Q8QgD9+H3mhKSGMDrsYvb5Zt8GAct08BBZLwSE=&u=U2FsdGVkX1+itB62RghUtc0ZOXWYVAQpqwgXxbhs1iM=&y=U2FsdGVkX18B6xlbHqanf+M6xA1OhxJwOdtwOuMlZC0PP0Qfg7u0ZOZbnbs8M/eC HTTP/1.1" 200 176
186.102.4.174 - - [18/Aug/2022:20:27:46 -0500] "GET /kwssiamovil/sm/cjson/pre?f=1&x=U2FsdGVkX18wCSL3nqujiGbiQC9bv71Emgi6fFzhbScF2rU/Yq1T5jAY6de5gokG HTTP/1.1" 200 30992
201.245.192.253 - - [18/Aug/2022:20:27:45 -0500] "POST /kwsrmcab/Wsrmcab  HTTP/1.1" 200 46805
172.22.2.4 - - [18/Aug/2022:20:27:53 -0500] "GET /BLA/boletinlegal/Circulares/2011/Circular%20No.%208%20del%2020%20de%20Septiembre%20de%202011.pdf HTTP/1.1" 304 -
191.102.197.9 - - [18/Aug/2022:20:27:58 -0500] "GET /forest/ HTTP/1.1" 200 12041
172.22.2.4 - - [18/Aug/2022:20:26:39 -0500] "GET /BLA/boletinlegal/ HTTP/1.1" 200 52868
191.102.197.9 - - [18/Aug/2022:20:28:20 -0500] "POST /forest/index.php HTTP/1.1" 200 12268
181.53.12.137 - - [18/Aug/2022:20:28:52 -0500] "GET /BLA/resoluciones/RESOLUCIONES%202017/0281.pdf HTTP/1.1" 200 505371
201.245.192.253 - - [18/Aug/2022:20:30:05 -0500] "POST /kwsrmcab/Wsrmcab HTTP/1.1" 200 47666
201.245.192.253 - - [18/Aug/2022:20:30:10 -0500] "POST /kwsrmcab/Wsrmcab HTTP/1.1" 200 44848
23.100.232.233 - - [18/Aug/2022:20:31:06 -0500] "GET /portaldeninos/wp-content/plugins/gallery-videos/CSS/totalsoft.css?ver=4.9.8 HTTP/1.1" 200 40622
23.100.232.233 - - [18/Aug/2022:20:31:06 -0500] "GET /portaldeninos/wp-content/plugins/gallery-videos/CSS/Total-Soft-Gallery-Video-Widget.css?ver=4.9.8 HTTP/1.1" 200 51554
23.100.232.233 - - [18/Aug/2022:20:31:06 -0500] "GET /portaldeninos/wp-content/uploads/useanyfont/uaf.css?ver=1589905315 HTTP/1.1" 200 408
23.100.232.233 - - [18/Aug/2022:20:31:07 -0500] "GET /portaldeninos/wp-content/themes/betheme/style.css?ver=20.9.6 HTTP/1.1" 200 287
23.100.232.233 - - [18/Aug/2022:20:31:07 -0500] "GET /portaldeninos/wp-content/themes/betheme/css/base.css?ver=20.9.6 HTTP/1.1" 200 57283
23.100.232.233 - - [18/Aug/2022:20:31:07 -0500] "GET /portaldeninos/wp-content/themes/betheme/assets/animations/animations.min.css?ver=20.9.6 HTTP/1.1" 200 58508
23.100.232.233 - - [18/Aug/2022:20:31:08 -0500] "GET /portaldeninos/wp-content/themes/betheme/assets/ui/jquery.ui.all.css?ver=20.9.6 HTTP/1.1" 200 18765
23.100.232.233 - - [18/Aug/2022:20:31:07 -0500] "GET /portaldeninos/wp-content/themes/betheme/css/layout.css?ver=20.9.6 HTTP/1.1" 200 116639
23.100.232.233 - - [18/Aug/2022:20:31:08 -0500] "GET /portaldeninos/wp-content/themes/betheme/assets/jplayer/css/jplayer.blue.monday.css?ver=20.9.6 HTTP/1.1" 200 9834
23.100.232.233 - - [18/Aug/2022:20:31:08 -0500] "GET /portaldeninos/wp-content/plugins/google-analytics-for-wordpress/assets/js/frontend-gtag.min.js?ver=8.5.0 HTTP/1.1" 200 11801
23.100.232.233 - - [18/Aug/2022:20:31:08 -0500] "GET /portaldeninos/wp-content/themes/betheme/css/responsive.css?ver=20.9.6 HTTP/1.1" 200 55740
23.100.232.233 - - [18/Aug/2022:20:31:09 -0500] "GET /portaldeninos/wp-includes/js/jquery/ui/core.min.js?ver=1.11.4 HTTP/1.1" 200 4000
23.100.232.233 - - [18/Aug/2022:20:31:09 -0500] "GET /portaldeninos/wp-includes/js/jquery/jquery-migrate.min.js?ver=1.4.1 HTTP/1.1" 200 10056
23.100.232.233 - - [18/Aug/2022:20:31:09 -0500] "GET /portaldeninos/wp-content/plugins/gallery-videos/JS/Total-Soft-Gallery-Video-Widget.js?ver=4.9.8 HTTP/1.1" 200 80264
23.100.232.233 - - [18/Aug/2022:20:31:09 -0500] "GET /portaldeninos/wp-content/themes/betheme/css/shortcodes.css?ver=20.9.6 HTTP/1.1" 200 138889
23.100.232.233 - - [18/Aug/2022:20:31:10 -0500] "GET /portaldeninos/wp-content/plugins/gallery-videos/JS/modernizr.custom.js?ver=4.9.8 HTTP/1.1" 200 9019
23.100.232.233 - - [18/Aug/2022:20:31:10 -0500] "GET /portaldeninos/wp-includes/js/jquery/jquery.js?ver=1.12.4 HTTP/1.1" 200 97184
23.100.232.233 - - [18/Aug/2022:20:31:10 -0500] "GET /portaldeninos/wp-includes/js/wp-emoji-release.min.js?ver=4.9.8 HTTP/1.1" 200 12026
23.100.232.233 - - [18/Aug/2022:20:31:11 -0500] "GET /portaldeninos/wp-includes/js/jquery/ui/widget.min.js?ver=1.11.4 HTTP/1.1" 200 6908
23.100.232.233 - - [18/Aug/2022:20:31:11 -0500] "GET /portaldeninos/wp-includes/js/jquery/ui/mouse.min.js?ver=1.11.4 HTTP/1.1" 200 3148
23.100.232.233 - - [18/Aug/2022:20:31:11 -0500] "GET /portaldeninos/wp-includes/js/jquery/ui/sortable.min.js?ver=1.11.4 HTTP/1.1" 200 24899
23.100.232.233 - - [18/Aug/2022:20:31:12 -0500] "GET /portaldeninos/wp-includes/js/jquery/ui/accordion.min.js?ver=1.11.4 HTTP/1.1" 200 8584
23.100.232.233 - - [18/Aug/2022:20:31:12 -0500] "GET /portaldeninos/wp-includes/js/jquery/ui/tabs.min.js?ver=1.11.4 HTTP/1.1" 200 12110
23.100.232.233 - - [18/Aug/2022:20:31:12 -0500] "GET /portaldeninos/wp-content/themes/betheme/js/menu.js?ver=20.9.6 HTTP/1.1" 200 2449
23.100.232.233 - - [18/Aug/2022:20:31:12 -0500] "GET /portaldeninos/wp-content/themes/betheme/assets/animations/animations.min.js?ver=20.9.6 HTTP/1.1" 200 1896
23.100.232.233 - - [18/Aug/2022:20:31:12 -0500] "GET /portaldeninos/wp-content/themes/betheme/assets/jplayer/jplayer.min.js?ver=20.9.6 HTTP/1.1" 200 52702
23.100.232.233 - - [18/Aug/2022:20:31:12 -0500] "GET /portaldeninos/wp-includes/js/wp-embed.min.js?ver=4.9.8 HTTP/1.1" 200 1398
23.100.232.233 - - [18/Aug/2022:20:31:13 -0500] "GET /portaldeninos/wp-content/themes/betheme/js/scripts.js?ver=20.9.6 HTTP/1.1" 200 77162
23.100.232.233 - - [18/Aug/2022:20:31:12 -0500] "GET /portaldeninos/wp-content/themes/betheme/js/plugins.js?ver=20.9.6 HTTP/1.1" 200 197151
216.245.221.92 - - [18/Aug/2022:20:32:05 -0500] "HEAD / HTTP/1.1" 200 -
186.31.40.123 - - [18/Aug/2022:20:32:15 -0500] "GET /BLA/resoluciones/ HTTP/1.1" 200 13093
186.31.40.123 - - [18/Aug/2022:20:32:18 -0500] "GET /BLA/resoluciones/index.php?dir=AUTOS+2014%2F HTTP/1.1" 200 876182
201.245.192.253 - - [18/Aug/2022:20:32:44 -0500] "POST /kwsrmcab/Wsrmcab  HTTP/1.1" 200 46805
172.22.2.4 - - [18/Aug/2022:20:31:38 -0500] "HEAD /BLA/boletinlegal/ HTTP/1.1" 200 -
172.22.2.4 - - [18/Aug/2022:20:33:29 -0500] "GET /BLA/boletinlegal/jurisprudencia/analisis/AnalisisT-606-15.docx HTTP/1.1" 200 26698
172.22.2.4 - - [18/Aug/2022:20:33:29 -0500] "GET /BLA/boletinlegal/apple-touch-icon-120x120-precomposed.png HTTP/1.1" 404 1140
172.22.2.4 - - [18/Aug/2022:20:33:29 -0500] "GET /BLA/boletinlegal/apple-touch-icon-120x120.png HTTP/1.1" 404 1140
172.22.2.4 - - [18/Aug/2022:20:33:29 -0500] "GET /BLA/boletinlegal/apple-touch-icon-precomposed.png HTTP/1.1" 404 1140
172.22.2.4 - - [18/Aug/2022:20:33:29 -0500] "GET /BLA/boletinlegal/apple-touch-icon.png HTTP/1.1" 404 1140
172.22.2.4 - - [18/Aug/2022:20:33:29 -0500] "GET /BLA/boletinlegal/favicon.ico HTTP/1.1" 404 1140
172.22.2.4 - - [18/Aug/2022:20:33:30 -0500] "GET /BLA/boletinlegal/apple-touch-icon-120x120-precomposed.png HTTP/1.1" 404 1140
172.22.2.4 - - [18/Aug/2022:20:33:30 -0500] "GET /BLA/boletinlegal/apple-touch-icon-120x120.png HTTP/1.1" 404 1140
172.22.2.4 - - [18/Aug/2022:20:33:30 -0500] "GET /BLA/boletinlegal/apple-touch-icon-precomposed.png HTTP/1.1" 404 1140
172.22.2.4 - - [18/Aug/2022:20:33:30 -0500] "GET /BLA/boletinlegal/apple-touch-icon.png HTTP/1.1" 404 1140
172.22.2.4 - - [18/Aug/2022:20:33:30 -0500] "GET /BLA/boletinlegal/favicon.ico HTTP/1.1" 404 1140
172.22.2.4 - - [18/Aug/2022:20:32:29 -0500] "GET /BLA/boletinlegal/ HTTP/1.1" 200 59819
172.22.2.4 - - [18/Aug/2022:20:35:00 -0500] "GET /BLA/boletinlegal/ HTTP/1.1" 200 63198
40.87.25.126 - - [18/Aug/2022:20:36:50 -0500] "GET /portaldeninos/glosario/ HTTP/1.1" 200 97198
216.245.221.92 - - [18/Aug/2022:20:37:05 -0500] "HEAD / HTTP/1.1" 200 -
207.46.13.115 - - [18/Aug/2022:20:37:30 -0500] "GET /bla/resoluciones/resoluciones%202011/0165.pdf HTTP/1.1" 200 323387
201.245.192.253 - - [18/Aug/2022:20:37:43 -0500] "POST /kwsrmcab/Wsrmcab  HTTP/1.1" 200 46805
173.252.127.26 - - [18/Aug/2022:20:37:55 -0500] "GET /images/acuerdos-enero-19.jpg HTTP/1.1" 200 56694
172.22.2.4 - - [18/Aug/2022:20:38:49 -0500] "GET /BLA/boletinlegal/Circulares/2022/CIRCULAR%20No.%2000005%20DEL%2030%20DE%20JUNIO%20DEL%202022.pdf HTTP/1.1" 404 1218
66.220.149.24 - - [18/Aug/2022:20:38:53 -0500] "GET /images/nueva-jornada-reciclaton-ambiente-cajas-12-noviembre.jpg HTTP/1.1" 200 479427
172.22.2.4 - - [18/Aug/2022:20:38:54 -0500] "GET /BLA/boletinlegal/Circulares/2019/.pdf HTTP/1.1" 404 1218
172.22.2.4 - - [18/Aug/2022:20:39:03 -0500] "GET /BLA/boletinlegal/Circulares/2012/Circular%20No.%2010%20del%2026%20de%20Enero%20de%202012.pdf HTTP/1.1" 404 1218
172.22.2.4 - - [18/Aug/2022:20:37:28 -0500] "HEAD /BLA/boletinlegal/ HTTP/1.1" 200 -
172.22.2.4 - - [18/Aug/2022:20:38:19 -0500] "GET /BLA/boletinlegal/ HTTP/1.1" 200 52868
173.252.107.5 - - [18/Aug/2022:20:40:05 -0500] "GET /secretaria-de-ambiente-firma-dos-nuevos-pagos-por-servicios-ambientales-que-permitiran-conservar-36-hectareas-en-usme.html HTTP/1.1" 206 1048
201.245.192.253 - - [18/Aug/2022:20:40:05 -0500] "POST /kwsrmcab/Wsrmcab HTTP/1.1" 200 47666
186.102.19.0 - - [18/Aug/2022:20:40:10 -0500] "OPTIONS /kwssiamovil/sm/setfile/f? HTTP/1.1" 200 13
201.245.192.253 - - [18/Aug/2022:20:40:09 -0500] "POST /kwsrmcab/Wsrmcab HTTP/1.1" 200 44848
