173.231.60.194 - - [18/Aug/2022:02:19:39 -0500] "GET /BLA/resoluciones/index.php?dir=AUTOS%202006%2FAUTOS%202006%201001-1100%2F&sort=size&order=asc HTTP/1.1" 200 21966
172.22.2.4 - - [18/Aug/2022:02:18:11 -0500] "GET /BLA/boletinlegal/ HTTP/1.1" 200 62763
173.231.60.194 - - [18/Aug/2022:02:19:54 -0500] "GET /BLA/resoluciones/index.php?dir=AUTOS%202006%2FAUTOS%202006%201101-1200%2F&sort=date&order=asc HTTP/1.1" 200 21976
173.231.60.194 - - [18/Aug/2022:02:20:06 -0500] "GET /BLA/resoluciones/index.php?dir=AUTOS%202006%2FAUTOS%202006%201101-1200%2F&sort=size&order=asc HTTP/1.1" 200 21976
201.245.192.253 - - [18/Aug/2022:02:20:09 -0500] "POST /kwsrmcab/Wsrmcab HTTP/1.1" 200 47342
201.245.192.253 - - [18/Aug/2022:02:20:14 -0500] "POST /kwsrmcab/Wsrmcab HTTP/1.1" 200 44979
173.231.60.194 - - [18/Aug/2022:02:20:19 -0500] "GET /BLA/resoluciones/index.php?dir=AUTOS%202006%2FAUTOS%202006%201201-1300%2F&sort=date&order=asc HTTP/1.1" 200 22013
173.231.60.194 - - [18/Aug/2022:02:20:32 -0500] "GET /BLA/resoluciones/index.php?dir=AUTOS%202006%2FAUTOS%202006%201201-1300%2F&sort=size&order=asc HTTP/1.1" 200 22013
173.231.60.194 - - [18/Aug/2022:02:20:41 -0500] "GET /BLA/resoluciones/index.php?dir=AUTOS%202006%2FAUTOS%202006%201301-1400%2F&sort=date&order=asc HTTP/1.1" 200 22002
173.231.60.194 - - [18/Aug/2022:02:20:57 -0500] "GET /BLA/resoluciones/index.php?dir=AUTOS%202006%2FAUTOS%202006%201301-1400%2F&sort=size&order=asc HTTP/1.1" 200 22002
173.231.60.194 - - [18/Aug/2022:02:21:10 -0500] "GET /BLA/resoluciones/index.php?dir=AUTOS%202006%2FAUTOS%202006%20901-1000%2F&sort=name&order=desc HTTP/1.1" 200 21876
173.231.60.194 - - [18/Aug/2022:02:21:23 -0500] "GET /BLA/resoluciones/index.php?dir=AUTOS%202006%2FAUTOS%202006%201001-1100%2F&sort=name&order=desc HTTP/1.1" 200 21965
173.231.60.194 - - [18/Aug/2022:02:21:38 -0500] "GET /BLA/resoluciones/index.php?dir=AUTOS%202006%2FAUTOS%202006%201101-1200%2F&sort=name&order=desc HTTP/1.1" 200 21975
173.231.60.194 - - [18/Aug/2022:02:21:51 -0500] "GET /BLA/resoluciones/index.php?dir=AUTOS%202006%2FAUTOS%202006%201201-1300%2F&sort=name&order=desc HTTP/1.1" 200 22012
173.231.60.194 - - [18/Aug/2022:02:22:03 -0500] "GET /BLA/resoluciones/index.php?dir=AUTOS%202006%2FAUTOS%202006%201301-1400%2F&sort=name&order=desc HTTP/1.1" 200 22001
216.245.221.92 - - [18/Aug/2022:02:22:08 -0500] "HEAD / HTTP/1.1" 200 -
173.231.60.194 - - [18/Aug/2022:02:22:21 -0500] "GET /BLA/resoluciones/index.php?dir=AUTOS%202006%2FAUTOS%202006%201801-%201900%2F&sort=date&order=asc HTTP/1.1" 200 22159
207.46.13.188 - - [18/Aug/2022:02:22:27 -0500] "GET /BLA/resoluciones/RESOLUCIONES%202019/3731.pdf HTTP/1.1" 200 1020392
172.22.2.4 - - [18/Aug/2022:02:20:51 -0500] "HEAD /BLA/boletinlegal/ HTTP/1.1" 200 -
173.231.60.194 - - [18/Aug/2022:02:22:36 -0500] "GET /BLA/resoluciones/index.php?dir=AUTOS%202006%2FAUTOS%202006%201801-%201900%2F&sort=size&order=asc HTTP/1.1" 200 22159
173.231.60.194 - - [18/Aug/2022:02:22:50 -0500] "GET /BLA/resoluciones/index.php?dir=AUTOS%202006%2FAUTOS%202006%201401%20-%201500%2F&sort=date&order=asc HTTP/1.1" 200 13545
66.249.73.127 - - [18/Aug/2022:02:23:03 -0500] "-" 408 -
173.231.60.194 - - [18/Aug/2022:02:23:07 -0500] "GET /BLA/resoluciones/index.php?dir=AUTOS%202006%2FAUTOS%202006%201401%20-%201500%2F&sort=size&order=asc HTTP/1.1" 200 13545
172.22.2.4 - - [18/Aug/2022:02:21:41 -0500] "GET /BLA/boletinlegal/ HTTP/1.1" 200 58154
173.231.60.194 - - [18/Aug/2022:02:23:29 -0500] "GET /BLA/resoluciones/index.php?dir=AUTOS%202006%2FAUTOS%202006%201501%20-%201600%2F&sort=date&order=asc HTTP/1.1" 200 22232
40.77.167.31 - - [18/Aug/2022:02:23:38 -0500] "GET /BLA/resoluciones/RESOLUCIONES%202021/5488.pdf HTTP/1.1" 200 424436
201.245.192.253 - - [18/Aug/2022:02:24:14 -0500] "POST /kwsrmcab/Wsrmcab  HTTP/1.1" 200 46805
207.46.13.188 - - [18/Aug/2022:02:26:48 -0500] "GET /sipse/faces/autenticacion.xhtml HTTP/1.1" 200 12493
216.245.221.92 - - [18/Aug/2022:02:27:08 -0500] "HEAD / HTTP/1.1" 200 -
172.22.2.4 - - [18/Aug/2022:02:26:41 -0500] "HEAD /BLA/boletinlegal/ HTTP/1.1" 200 -
172.22.2.4 - - [18/Aug/2022:02:27:31 -0500] "GET /BLA/boletinlegal/ HTTP/1.1" 200 56723
201.245.192.253 - - [18/Aug/2022:02:29:13 -0500] "POST /kwsrmcab/Wsrmcab  HTTP/1.1" 200 46805
201.245.192.253 - - [18/Aug/2022:02:30:08 -0500] "POST /kwsrmcab/Wsrmcab HTTP/1.1" 200 47342
201.245.192.253 - - [18/Aug/2022:02:30:13 -0500] "POST /kwsrmcab/Wsrmcab HTTP/1.1" 200 44979
172.22.2.4 - - [18/Aug/2022:02:29:46 -0500] "GET /BLA/boletinlegal/ HTTP/1.1" 200 55211
172.22.2.4 - - [18/Aug/2022:02:30:07 -0500] "GET /BLA/boletinlegal/ HTTP/1.1" 200 55211
34.91.11.142 - - [18/Aug/2022:02:31:54 -0500] "GET / HTTP/1.1" 200 319
34.91.11.142 - - [18/Aug/2022:02:31:54 -0500] "GET / HTTP/1.1" 200 4720
216.245.221.92 - - [18/Aug/2022:02:32:08 -0500] "HEAD / HTTP/1.1" 200 -
66.249.73.127 - - [18/Aug/2022:02:32:46 -0500] "-" 408 -
172.22.2.4 - - [18/Aug/2022:02:32:31 -0500] "HEAD /BLA/boletinlegal/ HTTP/1.1" 200 -
201.245.192.253 - - [18/Aug/2022:02:34:12 -0500] "POST /kwsrmcab/Wsrmcab  HTTP/1.1" 200 46805
172.22.2.4 - - [18/Aug/2022:02:34:58 -0500] "GET /BLA/boletinlegal/jurisprudencia/analisis/ANALISIST-257-96.docx HTTP/1.1" 200 19486
172.22.2.4 - - [18/Aug/2022:02:33:21 -0500] "GET /BLA/boletinlegal/ HTTP/1.1" 200 59819
216.245.221.92 - - [18/Aug/2022:02:37:08 -0500] "HEAD / HTTP/1.1" 200 -
185.119.81.96 - - [18/Aug/2022:02:38:15 -0500] "GET /portaldeninos/wp-login.php HTTP/1.1" 200 2592
185.119.81.96 - - [18/Aug/2022:02:38:16 -0500] "POST /portaldeninos/wp-login.php HTTP/1.1" 200 3670
207.46.13.36 - - [18/Aug/2022:02:38:41 -0500] "GET /BLA/resoluciones/RESOLUCIONES%202022/0860.pdf HTTP/1.1" 200 354503
66.249.73.127 - - [18/Aug/2022:02:38:51 -0500] "-" 408 -
172.22.2.4 - - [18/Aug/2022:02:37:32 -0500] "GET /BLA/boletinlegal/ HTTP/1.1" 200 53281
201.245.192.253 - - [18/Aug/2022:02:39:11 -0500] "POST /kwsrmcab/Wsrmcab  HTTP/1.1" 200 46805
172.22.2.4 - - [18/Aug/2022:02:38:21 -0500] "HEAD /BLA/boletinlegal/ HTTP/1.1" 200 -
201.245.192.253 - - [18/Aug/2022:02:40:09 -0500] "POST /kwsrmcab/Wsrmcab HTTP/1.1" 200 47342
201.245.192.253 - - [18/Aug/2022:02:40:13 -0500] "POST /kwsrmcab/Wsrmcab HTTP/1.1" 200 44979
172.22.2.4 - - [18/Aug/2022:02:39:11 -0500] "GET /BLA/boletinlegal/ HTTP/1.1" 200 56723
185.119.81.104 - - [18/Aug/2022:02:42:07 -0500] "GET /portaldeninos/wp-login.php HTTP/1.1" 200 2592
185.119.81.104 - - [18/Aug/2022:02:42:07 -0500] "POST /portaldeninos/wp-login.php HTTP/1.1" 200 3650
216.245.221.92 - - [18/Aug/2022:02:42:08 -0500] "HEAD / HTTP/1.1" 200 -
172.22.2.4 - - [18/Aug/2022:02:43:16 -0500] "GET /BLA/boletinlegal/dns-query?dns=q80BAAABAAAAAAAAA3d3dwdleGFtcGxlA2NvbQAAAQAB HTTP/1.1" 404 1018
172.22.2.4 - - [18/Aug/2022:02:43:18 -0500] "GET /BLA/boletinlegal/dns-query?dns=q80BAAABAAAAAAAAA3d3dwdleGFtcGxlA2NvbQAAAQAB HTTP/1.1" 404 1018
172.22.2.4 - - [18/Aug/2022:02:43:19 -0500] "POST /BLA/boletinlegal/dns-query HTTP/1.1" 404 1018
172.22.2.4 - - [18/Aug/2022:02:43:20 -0500] "POST /BLA/boletinlegal/dns-query HTTP/1.1" 404 1018
172.22.2.4 - - [18/Aug/2022:02:43:21 -0500] "GET /BLA/boletinlegal/query?dns=q80BAAABAAAAAAAAA3d3dwdleGFtcGxlA2NvbQAAAQAB HTTP/1.1" 404 1018
172.22.2.4 - - [18/Aug/2022:02:43:22 -0500] "GET /BLA/boletinlegal/query?dns=q80BAAABAAAAAAAAA3d3dwdleGFtcGxlA2NvbQAAAQAB HTTP/1.1" 404 1018
172.22.2.4 - - [18/Aug/2022:02:43:23 -0500] "POST /BLA/boletinlegal/query HTTP/1.1" 404 1018
172.22.2.4 - - [18/Aug/2022:02:43:24 -0500] "POST /BLA/boletinlegal/query HTTP/1.1" 404 1018
172.22.2.4 - - [18/Aug/2022:02:43:25 -0500] "GET /BLA/boletinlegal/resolve?dns=q80BAAABAAAAAAAAA3d3dwdleGFtcGxlA2NvbQAAAQAB HTTP/1.1" 404 1018
172.22.2.4 - - [18/Aug/2022:02:43:27 -0500] "GET /BLA/boletinlegal/resolve?dns=q80BAAABAAAAAAAAA3d3dwdleGFtcGxlA2NvbQAAAQAB HTTP/1.1" 404 1018
172.22.2.4 - - [18/Aug/2022:02:43:28 -0500] "POST /BLA/boletinlegal/resolve HTTP/1.1" 404 1018
172.22.2.4 - - [18/Aug/2022:02:43:29 -0500] "POST /BLA/boletinlegal/resolve HTTP/1.1" 404 1018
185.119.81.96 - - [18/Aug/2022:02:43:48 -0500] "GET /portaldeninos/wp-login.php HTTP/1.1" 200 2592
185.119.81.96 - - [18/Aug/2022:02:43:48 -0500] "POST /portaldeninos/wp-login.php HTTP/1.1" 200 3650
172.22.2.4 - - [18/Aug/2022:02:43:32 -0500] "POST /BLA/boletinlegal/ HTTP/1.1" 200 20427
172.22.2.4 - - [18/Aug/2022:02:43:33 -0500] "POST /BLA/boletinlegal/ HTTP/1.1" 200 20427
201.245.192.253 - - [18/Aug/2022:02:44:09 -0500] "POST /kwsrmcab/Wsrmcab  HTTP/1.1" 200 46805
172.22.2.4 - - [18/Aug/2022:02:43:30 -0500] "GET /BLA/boletinlegal/?dns=q80BAAABAAAAAAAAA3d3dwdleGFtcGxlA2NvbQAAAQAB HTTP/1.1" 200 24523
172.22.2.4 - - [18/Aug/2022:02:43:31 -0500] "GET /BLA/boletinlegal/?dns=q80BAAABAAAAAAAAA3d3dwdleGFtcGxlA2NvbQAAAQAB HTTP/1.1" 200 24523
66.249.73.127 - - [18/Aug/2022:02:44:56 -0500] "-" 408 -
172.22.2.4 - - [18/Aug/2022:02:44:11 -0500] "HEAD /BLA/boletinlegal/ HTTP/1.1" 200 -
172.22.2.4 - - [18/Aug/2022:02:45:01 -0500] "GET /BLA/boletinlegal/ HTTP/1.1" 200 59819
216.245.221.92 - - [18/Aug/2022:02:47:08 -0500] "HEAD / HTTP/1.1" 200 -
157.55.39.108 - - [18/Aug/2022:02:47:42 -0500] "GET /portaldeninos/wp-content/uploads/2022/04/banner-p%C3%A1gina-de-ni%C3%B1os-libro-digital-abril-768x38.jpg HTTP/1.1" 404 75240
201.245.192.253 - - [18/Aug/2022:02:49:09 -0500] "POST /kwsrmcab/Wsrmcab  HTTP/1.1" 200 46805
66.249.73.127 - - [18/Aug/2022:02:50:52 -0500] "-" 408 -
172.22.2.4 - - [18/Aug/2022:02:50:01 -0500] "HEAD /BLA/boletinlegal/ HTTP/1.1" 200 -
216.245.221.92 - - [18/Aug/2022:02:52:08 -0500] "HEAD / HTTP/1.1" 200 -
172.22.2.4 - - [18/Aug/2022:02:50:51 -0500] "GET /BLA/boletinlegal/ HTTP/1.1" 200 59819
207.46.13.45 - - [18/Aug/2022:02:52:39 -0500] "GET /BLA/resoluciones/index.php?dir=Decretos%2F HTTP/1.1" 200 6804
201.245.192.253 - - [18/Aug/2022:02:54:08 -0500] "POST /kwsrmcab/Wsrmcab  HTTP/1.1" 200 46805
66.249.73.127 - - [18/Aug/2022:02:56:36 -0500] "-" 408 -
216.245.221.92 - - [18/Aug/2022:02:57:08 -0500] "HEAD / HTTP/1.1" 200 -
172.22.2.4 - - [18/Aug/2022:02:55:51 -0500] "HEAD /BLA/boletinlegal/ HTTP/1.1" 200 -
172.22.2.4 - - [18/Aug/2022:02:56:41 -0500] "GET /BLA/boletinlegal/ HTTP/1.1" 200 60272
201.245.192.253 - - [18/Aug/2022:02:59:07 -0500] "POST /kwsrmcab/Wsrmcab  HTTP/1.1" 200 46805
172.22.2.4 - - [18/Aug/2022:03:00:24 -0500] "GET /BLA/boletinlegal/jurisprudencia/analisis/ANALISIST-672-14.docx HTTP/1.1" 304 -
216.245.221.92 - - [18/Aug/2022:03:02:08 -0500] "HEAD / HTTP/1.1" 200 -
66.249.73.127 - - [18/Aug/2022:03:02:31 -0500] "-" 408 -
172.22.2.4 - - [18/Aug/2022:03:01:41 -0500] "HEAD /BLA/boletinlegal/ HTTP/1.1" 200 -
201.245.192.253 - - [18/Aug/2022:03:04:06 -0500] "POST /kwsrmcab/Wsrmcab  HTTP/1.1" 200 46805
172.22.2.4 - - [18/Aug/2022:03:02:31 -0500] "GET /BLA/boletinlegal/ HTTP/1.1" 200 58154
128.14.133.58 - - [18/Aug/2022:03:04:43 -0500] "GET / HTTP/1.1" 200 319
207.46.13.45 - - [18/Aug/2022:03:07:00 -0500] "GET /forest/ HTTP/1.1" 200 12041
216.245.221.92 - - [18/Aug/2022:03:07:08 -0500] "HEAD / HTTP/1.1" 200 -
141.98.11.92 - - [18/Aug/2022:03:08:06 -0500] "GET /catalog-portal/ui/oauth/verify?error=&deviceUdid=%24%7b%22%66%72%65%65%6d%61%72%6b%65%72%2e%74%65%6d%70%6c%61%74%65%2e%75%74%69%6c%69%74%79%2e%45%78%65%63%75%74%65%22%3f%6e%65%77%28%29%28%22%63%64%20%2f%74%6d%70%3b%20%77%67%65%74%20%68%74%74%70%3a%2f%2f%31%30%37%2e%31%38%39%2e%38%2e%32%31%2f%70%65%64%61%6c%63%68%65%74%61%2f%63%75%74%69%65%2e%78%38%36%5f%36%34%3b%20%63%75%72%6c%20%2d%4f%20%68%74%74%70%3a%2f%2f%31%30%37%2e%31%38%39%2e%38%2e%32%31%2f%70%65%64%61%6c%63%68%65%74%61%2f%63%75%74%69%65%2e%78%38%36%5f%36%34%3b%20%63%68%6d%6f%64%20%37%37%37%20%63%75%74%69%65%2e%78%38%36%5f%36%34%3b%20%2e%2f%63%75%74%69%65%2e%78%38%36%5f%36%34%20%56%4d%77%61%72%65%22%29%7d HTTP/1.1" 404 1018
207.46.13.45 - - [18/Aug/2022:03:08:19 -0500] "GET /BLA/resoluciones/RESOLUCIONES%202019/3463.pdf HTTP/1.1" 200 468016
66.249.73.127 - - [18/Aug/2022:03:08:50 -0500] "-" 408 -
201.245.192.253 - - [18/Aug/2022:03:09:05 -0500] "POST /kwsrmcab/Wsrmcab  HTTP/1.1" 200 46805
172.22.2.4 - - [18/Aug/2022:03:07:31 -0500] "HEAD /BLA/boletinlegal/ HTTP/1.1" 200 -
172.22.2.4 - - [18/Aug/2022:03:08:21 -0500] "GET /BLA/boletinlegal/ HTTP/1.1" 200 56005
216.245.221.92 - - [18/Aug/2022:03:12:08 -0500] "HEAD / HTTP/1.1" 200 -
173.252.79.6 - - [18/Aug/2022:03:13:21 -0500] "GET /images/Junio%2002-experiencias-jardines-verticales-sda.jpeg HTTP/1.1" 200 31171
201.245.192.253 - - [18/Aug/2022:03:14:04 -0500] "POST /kwsrmcab/Wsrmcab  HTTP/1.1" 200 46805
172.22.2.4 - - [18/Aug/2022:03:13:21 -0500] "HEAD /BLA/boletinlegal/ HTTP/1.1" 200 -
172.22.2.4 - - [18/Aug/2022:03:14:11 -0500] "GET /BLA/boletinlegal/ HTTP/1.1" 200 58154
216.245.221.92 - - [18/Aug/2022:03:17:08 -0500] "HEAD / HTTP/1.1" 200 -
167.172.37.123 - - [18/Aug/2022:03:18:39 -0500] "GET / HTTP/1.1" 200 319
185.220.102.245 - - [18/Aug/2022:03:18:42 -0500] "GET /favicon.ico HTTP/1.1" 200 7782
201.245.192.253 - - [18/Aug/2022:03:19:02 -0500] "POST /kwsrmcab/Wsrmcab  HTTP/1.1" 200 46805
201.245.192.253 - - [18/Aug/2022:03:20:09 -0500] "POST /kwsrmcab/Wsrmcab HTTP/1.1" 200 47210
201.245.192.253 - - [18/Aug/2022:03:20:13 -0500] "POST /kwsrmcab/Wsrmcab HTTP/1.1" 200 44985
66.249.73.127 - - [18/Aug/2022:03:20:19 -0500] "-" 408 -
172.22.2.4 - - [18/Aug/2022:03:19:11 -0500] "HEAD /BLA/boletinlegal/ HTTP/1.1" 200 -
172.22.2.4 - - [18/Aug/2022:03:20:01 -0500] "GET /BLA/boletinlegal/ HTTP/1.1" 200 58154
216.245.221.92 - - [18/Aug/2022:03:22:08 -0500] "HEAD / HTTP/1.1" 200 -
172.22.2.4 - - [18/Aug/2022:03:22:54 -0500] "GET /BLA/boletinlegal/actos.php HTTP/1.1" 200 9559
172.22.2.4 - - [18/Aug/2022:03:23:07 -0500] "GET /BLA/boletinlegal/js/lib.js HTTP/1.1" 200 6474
172.22.2.4 - - [18/Aug/2022:03:23:11 -0500] "GET /BLA/boletinlegal/js/jquery1.js HTTP/1.1" 200 29846
172.22.2.4 - - [18/Aug/2022:03:23:13 -0500] "GET /BLA/boletinlegal/js/ajax_actos.js HTTP/1.1" 200 1322
172.22.2.4 - - [18/Aug/2022:03:23:14 -0500] "GET /BLA/boletinlegal/js/popup.js HTTP/1.1" 200 1270
201.245.192.253 - - [18/Aug/2022:03:24:01 -0500] "POST /kwsrmcab/Wsrmcab  HTTP/1.1" 200 46805
172.22.2.4 - - [18/Aug/2022:03:25:01 -0500] "HEAD /BLA/boletinlegal/ HTTP/1.1" 200 -
216.245.221.92 - - [18/Aug/2022:03:27:08 -0500] "HEAD / HTTP/1.1" 200 -
172.22.2.4 - - [18/Aug/2022:03:25:51 -0500] "GET /BLA/boletinlegal/ HTTP/1.1" 200 56367
201.245.192.253 - - [18/Aug/2022:03:29:00 -0500] "POST /kwsrmcab/Wsrmcab  HTTP/1.1" 200 46805
66.249.73.127 - - [18/Aug/2022:03:29:51 -0500] "-" 408 -
201.245.192.253 - - [18/Aug/2022:03:30:09 -0500] "POST /kwsrmcab/Wsrmcab HTTP/1.1" 200 47210
201.245.192.253 - - [18/Aug/2022:03:30:13 -0500] "POST /kwsrmcab/Wsrmcab HTTP/1.1" 200 44985
216.245.221.92 - - [18/Aug/2022:03:32:08 -0500] "HEAD / HTTP/1.1" 200 -
172.22.2.4 - - [18/Aug/2022:03:30:51 -0500] "HEAD /BLA/boletinlegal/ HTTP/1.1" 200 -
66.249.65.217 - - [18/Aug/2022:03:33:05 -0500] "-" 408 -
107.182.129.239 - - [18/Aug/2022:03:33:10 -0500] "POST /boaform/admin/formLogin HTTP/1.1" 404 1186
172.22.2.4 - - [18/Aug/2022:03:31:41 -0500] "GET /BLA/boletinlegal/ HTTP/1.1" 200 58154
201.245.192.253 - - [18/Aug/2022:03:33:59 -0500] "POST /kwsrmcab/Wsrmcab  HTTP/1.1" 200 46805
66.249.73.127 - - [18/Aug/2022:03:37:02 -0500] "-" 408 -
216.245.221.92 - - [18/Aug/2022:03:37:08 -0500] "HEAD / HTTP/1.1" 200 -
172.22.2.4 - - [18/Aug/2022:03:36:41 -0500] "HEAD /BLA/boletinlegal/ HTTP/1.1" 200 -
201.245.192.253 - - [18/Aug/2022:03:38:59 -0500] "POST /kwsrmcab/Wsrmcab  HTTP/1.1" 200 46805
172.22.2.4 - - [18/Aug/2022:03:37:31 -0500] "GET /BLA/boletinlegal/ HTTP/1.1" 200 53631
185.119.81.104 - - [18/Aug/2022:03:40:09 -0500] "GET /portaldeninos/wp-login.php HTTP/1.1" 200 2592
185.119.81.104 - - [18/Aug/2022:03:40:10 -0500] "POST /portaldeninos/wp-login.php HTTP/1.1" 200 3605
201.245.192.253 - - [18/Aug/2022:03:40:09 -0500] "POST /kwsrmcab/Wsrmcab HTTP/1.1" 200 47210
201.245.192.253 - - [18/Aug/2022:03:40:13 -0500] "POST /kwsrmcab/Wsrmcab HTTP/1.1" 200 44985
216.245.221.92 - - [18/Aug/2022:03:42:08 -0500] "HEAD / HTTP/1.1" 200 -
201.245.192.253 - - [18/Aug/2022:03:43:56 -0500] "POST /kwsrmcab/Wsrmcab  HTTP/1.1" 200 46805
172.22.2.4 - - [18/Aug/2022:03:43:14 -0500] "GET /BLA/boletinlegal/ HTTP/1.1" 200 24523
172.22.2.4 - - [18/Aug/2022:03:42:31 -0500] "HEAD /BLA/boletinlegal/ HTTP/1.1" 200 -
172.22.2.4 - - [18/Aug/2022:03:43:21 -0500] "GET /BLA/boletinlegal/ HTTP/1.1" 200 54347
216.245.221.92 - - [18/Aug/2022:03:47:08 -0500] "HEAD / HTTP/1.1" 200 -
201.245.192.253 - - [18/Aug/2022:03:48:55 -0500] "POST /kwsrmcab/Wsrmcab  HTTP/1.1" 200 46805
172.22.2.4 - - [18/Aug/2022:03:48:21 -0500] "HEAD /BLA/boletinlegal/ HTTP/1.1" 200 -
172.22.2.4 - - [18/Aug/2022:03:49:11 -0500] "GET /BLA/boletinlegal/ HTTP/1.1" 200 58154
157.55.39.98 - - [18/Aug/2022:03:51:11 -0500] "GET /bla/boletinlegal/norma_menu.php/js/lib.js HTTP/1.1" 200 6318
167.114.116.25 - - [18/Aug/2022:03:52:04 -0500] "GET /robots.txt HTTP/1.0" 404 1034
216.245.221.92 - - [18/Aug/2022:03:52:08 -0500] "HEAD / HTTP/1.1" 200 -
167.114.116.25 - - [18/Aug/2022:03:53:22 -0500] "GET /robots.txt HTTP/1.1" 404 1034
201.245.192.253 - - [18/Aug/2022:03:53:55 -0500] "POST /kwsrmcab/Wsrmcab  HTTP/1.1" 200 46805
207.46.13.188 - - [18/Aug/2022:03:54:35 -0500] "GET /BLA/resoluciones/RESOLUCIONES%202021/2903.pdf HTTP/1.1" 304 -
69.63.189.116 - - [18/Aug/2022:03:55:19 -0500] "GET /distrito-entrego-certificado-de-reconocimiento-a-mas-de-600-mujeres-que-reverdecen-tras-seis-meses-de-formacion-teorica-y-practica.html HTTP/1.1" 206 1113
172.22.2.4 - - [18/Aug/2022:03:54:11 -0500] "HEAD /BLA/boletinlegal/ HTTP/1.1" 200 -
172.22.2.4 - - [18/Aug/2022:03:55:01 -0500] "GET /BLA/boletinlegal/ HTTP/1.1" 200 57716
216.245.221.92 - - [18/Aug/2022:03:57:08 -0500] "HEAD / HTTP/1.1" 200 -
201.245.192.253 - - [18/Aug/2022:03:58:53 -0500] "POST /kwsrmcab/Wsrmcab  HTTP/1.1" 200 46805
213.180.203.65 - - [18/Aug/2022:03:59:42 -0500] "-" 408 -
87.250.224.116 - - [18/Aug/2022:03:59:48 -0500] "-" 408 -
87.250.224.41 - - [18/Aug/2022:03:59:53 -0500] "-" 408 -
141.8.142.87 - - [18/Aug/2022:03:59:58 -0500] "-" 408 -
5.255.253.149 - - [18/Aug/2022:04:00:13 -0500] "-" 408 -
5.255.253.164 - - [18/Aug/2022:04:00:28 -0500] "-" 408 -
5.45.207.90 - - [18/Aug/2022:04:00:58 -0500] "-" 408 -
173.231.60.194 - - [18/Aug/2022:04:01:08 -0500] "GET /BLA/resoluciones/index.php?dir=AUTOS%202006%2FAUTOS%202006%201501%20-%201600%2F&sort=size&order=asc HTTP/1.1" 200 22232
173.231.60.194 - - [18/Aug/2022:04:01:19 -0500] "GET /BLA/resoluciones/index.php?dir=AUTOS%202006%2FAUTOS%202006%201601%20-%201700%2F&sort=date&order=asc HTTP/1.1" 200 22248
173.231.60.194 - - [18/Aug/2022:04:01:29 -0500] "GET /BLA/resoluciones/index.php?dir=AUTOS%202006%2FAUTOS%202006%201601%20-%201700%2F&sort=size&order=asc HTTP/1.1" 200 22248
172.22.2.4 - - [18/Aug/2022:04:00:01 -0500] "HEAD /BLA/boletinlegal/ HTTP/1.1" 200 -
173.231.60.194 - - [18/Aug/2022:04:01:41 -0500] "GET /BLA/resoluciones/index.php?dir=AUTOS%202006%2FAUTOS%202006%201701%20-%201800%2F&sort=date&order=asc HTTP/1.1" 200 22247
173.231.60.194 - - [18/Aug/2022:04:01:53 -0500] "GET /BLA/resoluciones/index.php?dir=AUTOS%202006%2FAUTOS%202006%201701%20-%201800%2F&sort=size&order=asc HTTP/1.1" 200 22247
87.250.224.138 - - [18/Aug/2022:04:01:58 -0500] "-" 408 -
173.231.60.194 - - [18/Aug/2022:04:02:01 -0500] "GET /BLA/resoluciones/index.php?dir=AUTOS%202006%2FAUTOS%202006%201801-%201900%2F&sort=name&order=desc HTTP/1.1" 200 22158
216.245.221.92 - - [18/Aug/2022:04:02:08 -0500] "HEAD / HTTP/1.1" 200 -
173.231.60.194 - - [18/Aug/2022:04:02:12 -0500] "GET /BLA/resoluciones/index.php?dir=AUTOS%202006%2FAUTOS%202006%201901%20-%202000%2F&sort=date&order=asc HTTP/1.1" 200 22186
173.231.60.194 - - [18/Aug/2022:04:02:21 -0500] "GET /BLA/resoluciones/index.php?dir=AUTOS%202006%2FAUTOS%202006%201901%20-%202000%2F&sort=size&order=asc HTTP/1.1" 200 22186
173.231.60.194 - - [18/Aug/2022:04:02:30 -0500] "GET /BLA/resoluciones/index.php?dir=AUTOS%202006%2FAUTOS%202006%202001%20-%202100%2F&sort=date&order=asc HTTP/1.1" 200 22199
172.22.2.4 - - [18/Aug/2022:04:00:51 -0500] "GET /BLA/boletinlegal/ HTTP/1.1" 200 52868
173.231.60.194 - - [18/Aug/2022:04:02:43 -0500] "GET /BLA/resoluciones/index.php?dir=AUTOS%202006%2FAUTOS%202006%202001%20-%202100%2F&sort=size&order=asc HTTP/1.1" 200 22199
173.231.60.194 - - [18/Aug/2022:04:02:57 -0500] "GET /BLA/resoluciones/index.php?dir=AUTOS%202006%2FAUTOS%202006%202101%20-%202200%2F&sort=date&order=asc HTTP/1.1" 200 22204
141.8.142.74 - - [18/Aug/2022:04:02:58 -0500] "-" 408 -
173.231.60.194 - - [18/Aug/2022:04:03:11 -0500] "GET /BLA/resoluciones/index.php?dir=AUTOS%202006%2FAUTOS%202006%202101%20-%202200%2F&sort=size&order=asc HTTP/1.1" 200 22204
173.231.60.194 - - [18/Aug/2022:04:03:20 -0500] "GET /BLA/resoluciones/index.php?dir=AUTOS%202006%2FAUTOS%202006%202201%20-%202300%2F&sort=date&order=asc HTTP/1.1" 200 22194
173.231.60.194 - - [18/Aug/2022:04:03:29 -0500] "GET /BLA/resoluciones/index.php?dir=AUTOS%202006%2FAUTOS%202006%202201%20-%202300%2F&sort=size&order=asc HTTP/1.1" 200 22194
173.231.60.194 - - [18/Aug/2022:04:03:41 -0500] "GET /BLA/resoluciones/index.php?dir=AUTOS%202006%2FAUTOS%202006%202301%20-%202400%2F&sort=date&order=asc HTTP/1.1" 200 22197
173.231.60.194 - - [18/Aug/2022:04:03:50 -0500] "GET /BLA/resoluciones/index.php?dir=AUTOS%202006%2FAUTOS%202006%202301%20-%202400%2F&sort=size&order=asc HTTP/1.1" 200 22197
201.245.192.253 - - [18/Aug/2022:04:03:52 -0500] "POST /kwsrmcab/Wsrmcab  HTTP/1.1" 200 46805
173.231.60.194 - - [18/Aug/2022:04:03:59 -0500] "GET /BLA/resoluciones/index.php?dir=AUTOS%202006%2FAUTOS%202006%202401%20-%202500%2F&sort=date&order=asc HTTP/1.1" 200 22199
173.231.60.194 - - [18/Aug/2022:04:04:12 -0500] "GET /BLA/resoluciones/index.php?dir=AUTOS%202006%2FAUTOS%202006%202401%20-%202500%2F&sort=size&order=asc HTTP/1.1" 200 22199
173.231.60.194 - - [18/Aug/2022:04:04:25 -0500] "GET /BLA/resoluciones/index.php?dir=AUTOS%202006%2FAUTOS%202006%202501%20-%202600%2F&sort=date&order=asc HTTP/1.1" 200 22209
173.231.60.194 - - [18/Aug/2022:04:04:35 -0500] "GET /BLA/resoluciones/index.php?dir=AUTOS%202006%2FAUTOS%202006%202501%20-%202600%2F&sort=size&order=asc HTTP/1.1" 200 22209
173.231.60.194 - - [18/Aug/2022:04:04:48 -0500] "GET /BLA/resoluciones/index.php?dir=AUTOS%202006%2FAUTOS%202006%202601%20-%202700%2F&sort=date&order=asc HTTP/1.1" 200 22189
87.250.224.134 - - [18/Aug/2022:04:04:58 -0500] "-" 408 -
173.231.60.194 - - [18/Aug/2022:04:05:04 -0500] "GET /BLA/resoluciones/index.php?dir=AUTOS%202006%2FAUTOS%202006%202601%20-%202700%2F&sort=size&order=asc HTTP/1.1" 200 22189
173.231.60.194 - - [18/Aug/2022:04:05:19 -0500] "GET /BLA/resoluciones/index.php?dir=AUTOS%202006%2FAUTOS%202006%202701%20-%202800%2F&sort=date&order=asc HTTP/1.1" 200 22410
173.231.60.194 - - [18/Aug/2022:04:05:31 -0500] "GET /BLA/resoluciones/index.php?dir=AUTOS%202006%2FAUTOS%202006%202701%20-%202800%2F&sort=size&order=asc HTTP/1.1" 200 22410
173.231.60.194 - - [18/Aug/2022:04:05:41 -0500] "GET /BLA/resoluciones/index.php?dir=AUTOS%202006%2FAUTOS%202006%202801%20-%202900%2F&sort=date&order=asc HTTP/1.1" 200 22229
173.231.60.194 - - [18/Aug/2022:04:05:53 -0500] "GET /BLA/resoluciones/index.php?dir=AUTOS%202006%2FAUTOS%202006%202801%20-%202900%2F&sort=size&order=asc HTTP/1.1" 200 22229
173.231.60.194 - - [18/Aug/2022:04:06:02 -0500] "GET /BLA/resoluciones/index.php?dir=AUTOS%202006%2FAUTOS%202006%202901%20-%203000%2F&sort=date&order=asc HTTP/1.1" 200 22191
173.231.60.194 - - [18/Aug/2022:04:06:09 -0500] "GET /BLA/resoluciones/index.php?dir=AUTOS%202006%2FAUTOS%202006%202901%20-%203000%2F&sort=size&order=asc HTTP/1.1" 200 22191
173.231.60.194 - - [18/Aug/2022:04:06:18 -0500] "GET /BLA/resoluciones/index.php?dir=AUTOS%202006%2FAUTOS%202006%203101%20-%203200%2F&sort=date&order=asc HTTP/1.1" 200 22189
173.231.60.194 - - [18/Aug/2022:04:06:29 -0500] "GET /BLA/resoluciones/index.php?dir=AUTOS%202006%2FAUTOS%202006%203101%20-%203200%2F&sort=size&order=asc HTTP/1.1" 200 22189
173.231.60.194 - - [18/Aug/2022:04:06:41 -0500] "GET /BLA/resoluciones/index.php?dir=AUTOS%202006%2FAUTOS%202006%203201%20-%203300%2F&sort=date&order=asc HTTP/1.1" 200 22209
173.231.60.194 - - [18/Aug/2022:04:06:52 -0500] "GET /BLA/resoluciones/index.php?dir=AUTOS%202006%2FAUTOS%202006%203201%20-%203300%2F&sort=size&order=asc HTTP/1.1" 200 22209
216.245.221.92 - - [18/Aug/2022:04:07:08 -0500] "HEAD / HTTP/1.1" 200 -
173.231.60.194 - - [18/Aug/2022:04:07:08 -0500] "GET /BLA/resoluciones/index.php?dir=AUTOS%202006%2FAUTOS%202006%203301%20-%203418%2F&sort=date&order=asc HTTP/1.1" 200 25807
173.231.60.194 - - [18/Aug/2022:04:07:23 -0500] "GET /BLA/resoluciones/index.php?dir=AUTOS%202006%2FAUTOS%202006%203301%20-%203418%2F&sort=size&order=asc HTTP/1.1" 200 25807
172.22.2.4 - - [18/Aug/2022:04:05:51 -0500] "HEAD /BLA/boletinlegal/ HTTP/1.1" 200 -
173.231.60.194 - - [18/Aug/2022:04:07:35 -0500] "GET /BLA/resoluciones/index.php?dir=AUTOS%202006%2FAUTOS%202006%201401%20-%201500%2F&sort=name&order=desc HTTP/1.1" 200 13544
173.231.60.194 - - [18/Aug/2022:04:07:45 -0500] "GET /BLA/resoluciones/index.php?dir=AUTOS%202006%2FAUTOS%202006%201501%20-%201600%2F&sort=name&order=desc HTTP/1.1" 200 22231
173.231.60.194 - - [18/Aug/2022:04:07:56 -0500] "GET /BLA/resoluciones/index.php?dir=AUTOS%202006%2FAUTOS%202006%201601%20-%201700%2F&sort=name&order=desc HTTP/1.1" 200 22247
87.250.224.197 - - [18/Aug/2022:04:07:59 -0500] "-" 408 -
173.231.60.194 - - [18/Aug/2022:04:08:06 -0500] "GET /BLA/resoluciones/index.php?dir=AUTOS%202006%2FAUTOS%202006%201701%20-%201800%2F&sort=name&order=desc HTTP/1.1" 200 22246
173.231.60.194 - - [18/Aug/2022:04:08:18 -0500] "GET /BLA/resoluciones/index.php?dir=AUTOS%202006%2FAUTOS%202006%201901%20-%202000%2F&sort=name&order=desc HTTP/1.1" 200 22185
172.22.2.4 - - [18/Aug/2022:04:06:41 -0500] "GET /BLA/boletinlegal/ HTTP/1.1" 200 60272
173.231.60.194 - - [18/Aug/2022:04:08:30 -0500] "GET /BLA/resoluciones/index.php?dir=AUTOS%202006%2FAUTOS%202006%202001%20-%202100%2F&sort=name&order=desc HTTP/1.1" 200 22198
173.231.60.194 - - [18/Aug/2022:04:08:40 -0500] "GET /BLA/resoluciones/index.php?dir=AUTOS%202006%2FAUTOS%202006%202101%20-%202200%2F&sort=name&order=desc HTTP/1.1" 200 22203
173.231.60.194 - - [18/Aug/2022:04:08:50 -0500] "GET /BLA/resoluciones/index.php?dir=AUTOS%202006%2FAUTOS%202006%202201%20-%202300%2F&sort=name&order=desc HTTP/1.1" 200 22193
201.245.192.253 - - [18/Aug/2022:04:08:51 -0500] "POST /kwsrmcab/Wsrmcab  HTTP/1.1" 200 46805
173.231.60.194 - - [18/Aug/2022:04:09:02 -0500] "GET /BLA/resoluciones/index.php?dir=AUTOS%202006%2FAUTOS%202006%202301%20-%202400%2F&sort=name&order=desc HTTP/1.1" 200 22196
173.231.60.194 - - [18/Aug/2022:04:09:15 -0500] "GET /BLA/resoluciones/index.php?dir=AUTOS%202006%2FAUTOS%202006%202401%20-%202500%2F&sort=name&order=desc HTTP/1.1" 200 22198
173.231.60.194 - - [18/Aug/2022:04:09:27 -0500] "GET /BLA/resoluciones/index.php?dir=AUTOS%202006%2FAUTOS%202006%202501%20-%202600%2F&sort=name&order=desc HTTP/1.1" 200 22208
173.231.60.194 - - [18/Aug/2022:04:09:49 -0500] "GET /BLA/resoluciones/index.php?dir=AUTOS%202006%2FAUTOS%202006%202601%20-%202700%2F&sort=name&order=desc HTTP/1.1" 200 22188
173.231.60.194 - - [18/Aug/2022:04:10:03 -0500] "GET /BLA/resoluciones/index.php?dir=AUTOS%202006%2FAUTOS%202006%202701%20-%202800%2F&sort=name&order=desc HTTP/1.1" 200 22409
173.231.60.194 - - [18/Aug/2022:04:10:31 -0500] "GET /BLA/resoluciones/index.php?dir=AUTOS%202006%2FAUTOS%202006%202801%20-%202900%2F&sort=name&order=desc HTTP/1.1" 200 22228
173.231.60.194 - - [18/Aug/2022:04:10:43 -0500] "GET /BLA/resoluciones/index.php?dir=AUTOS%202006%2FAUTOS%202006%202901%20-%203000%2F&sort=name&order=desc HTTP/1.1" 200 22190
173.231.60.194 - - [18/Aug/2022:04:10:57 -0500] "GET /BLA/resoluciones/index.php?dir=AUTOS%202006%2FAUTOS%202006%203101%20-%203200%2F&sort=name&order=desc HTTP/1.1" 200 22188
216.245.221.92 - - [18/Aug/2022:04:12:08 -0500] "HEAD / HTTP/1.1" 200 -
172.22.2.4 - - [18/Aug/2022:04:11:41 -0500] "HEAD /BLA/boletinlegal/ HTTP/1.1" 200 -
201.245.192.253 - - [18/Aug/2022:04:13:50 -0500] "POST /kwsrmcab/Wsrmcab  HTTP/1.1" 200 46805
172.22.2.4 - - [18/Aug/2022:04:12:31 -0500] "GET /BLA/boletinlegal/ HTTP/1.1" 200 60272
207.46.13.188 - - [18/Aug/2022:04:14:20 -0500] "GET /BLA/resoluciones/index.php?dir=AUTOS+2021%2F HTTP/1.1" 200 392023
216.245.221.92 - - [18/Aug/2022:04:17:08 -0500] "HEAD / HTTP/1.1" 200 -
201.245.192.253 - - [18/Aug/2022:04:18:49 -0500] "POST /kwsrmcab/Wsrmcab  HTTP/1.1" 200 46805
172.22.2.4 - - [18/Aug/2022:04:17:31 -0500] "HEAD /BLA/boletinlegal/ HTTP/1.1" 200 -
172.22.2.4 - - [18/Aug/2022:04:18:21 -0500] "GET /BLA/boletinlegal/ HTTP/1.1" 200 58154
201.245.192.253 - - [18/Aug/2022:04:20:08 -0500] "POST /kwsrmcab/Wsrmcab HTTP/1.1" 200 46862
201.245.192.253 - - [18/Aug/2022:04:20:13 -0500] "POST /kwsrmcab/Wsrmcab HTTP/1.1" 200 44993
216.245.221.92 - - [18/Aug/2022:04:22:08 -0500] "HEAD / HTTP/1.1" 200 -
157.55.39.50 - - [18/Aug/2022:04:23:46 -0500] "GET /portaldeninos/wp-content/uploads/2021/11/flores-humedales-bogota-18-mayo-1200x480.jpg HTTP/1.1" 200 57593
172.22.2.4 - - [18/Aug/2022:04:23:47 -0500] "GET /BLA/boletinlegal/Circulares/2017/Circular%20No.%201%20del%2030%20de%20Marzo%20de%202017.pdf HTTP/1.1" 304 -
201.245.192.253 - - [18/Aug/2022:04:23:48 -0500] "POST /kwsrmcab/Wsrmcab  HTTP/1.1" 200 46805
185.119.81.104 - - [18/Aug/2022:04:24:24 -0500] "GET /portaldeninos/wp-login.php HTTP/1.1" 200 2592
185.119.81.104 - - [18/Aug/2022:04:24:25 -0500] "POST /portaldeninos/wp-login.php HTTP/1.1" 200 3605
172.22.2.4 - - [18/Aug/2022:04:23:21 -0500] "HEAD /BLA/boletinlegal/ HTTP/1.1" 200 -
172.22.2.4 - - [18/Aug/2022:04:24:11 -0500] "GET /BLA/boletinlegal/ HTTP/1.1" 200 58154
172.22.2.4 - - [18/Aug/2022:04:26:37 -0500] "GET /BLA/boletinlegal/remote/fgt_lang?lang=/../../../..//////////dev/cmdb/sslvpn_websession HTTP/1.1" 404 1018
216.245.221.92 - - [18/Aug/2022:04:27:08 -0500] "HEAD / HTTP/1.1" 200 -
201.245.192.253 - - [18/Aug/2022:04:28:47 -0500] "POST /kwsrmcab/Wsrmcab  HTTP/1.1" 200 46805
201.245.192.253 - - [18/Aug/2022:04:30:09 -0500] "POST /kwsrmcab/Wsrmcab HTTP/1.1" 200 46862
201.245.192.253 - - [18/Aug/2022:04:30:13 -0500] "POST /kwsrmcab/Wsrmcab HTTP/1.1" 200 44993
172.22.2.4 - - [18/Aug/2022:04:29:11 -0500] "HEAD /BLA/boletinlegal/ HTTP/1.1" 200 -
172.22.2.4 - - [18/Aug/2022:04:30:01 -0500] "GET /BLA/boletinlegal/ HTTP/1.1" 200 54347
216.245.221.92 - - [18/Aug/2022:04:32:08 -0500] "HEAD / HTTP/1.1" 200 -
185.119.81.104 - - [18/Aug/2022:04:32:39 -0500] "GET /portaldeninos/wp-login.php HTTP/1.1" 200 2592
185.119.81.104 - - [18/Aug/2022:04:32:40 -0500] "POST /portaldeninos/wp-login.php HTTP/1.1" 200 3670
201.245.192.253 - - [18/Aug/2022:04:33:46 -0500] "POST /kwsrmcab/Wsrmcab  HTTP/1.1" 200 46805
173.252.111.120 - - [18/Aug/2022:04:35:08 -0500] "GET /images/pieza-grafica-semana-ambiental-30.jpg HTTP/1.1" 200 38850
172.22.2.4 - - [18/Aug/2022:04:35:01 -0500] "HEAD /BLA/boletinlegal/ HTTP/1.1" 200 -
92.118.39.88 - - [18/Aug/2022:04:36:48 -0500] "GET / HTTP/1.1" 200 319
216.245.221.92 - - [18/Aug/2022:04:37:08 -0500] "HEAD / HTTP/1.1" 200 -
157.55.39.98 - - [18/Aug/2022:04:37:25 -0500] "GET /sipse/faces/faces/autenticacion.xhtml HTTP/1.1" 200 12493
172.22.2.4 - - [18/Aug/2022:04:35:51 -0500] "GET /BLA/boletinlegal/ HTTP/1.1" 200 59819
201.245.192.253 - - [18/Aug/2022:04:38:45 -0500] "POST /kwsrmcab/Wsrmcab  HTTP/1.1" 200 46805
201.245.192.253 - - [18/Aug/2022:04:40:08 -0500] "POST /kwsrmcab/Wsrmcab HTTP/1.1" 200 46862
201.245.192.253 - - [18/Aug/2022:04:40:13 -0500] "POST /kwsrmcab/Wsrmcab HTTP/1.1" 200 44993
216.245.221.92 - - [18/Aug/2022:04:42:08 -0500] "HEAD / HTTP/1.1" 200 -
172.22.2.4 - - [18/Aug/2022:04:40:51 -0500] "HEAD /BLA/boletinlegal/ HTTP/1.1" 200 -
172.22.2.4 - - [18/Aug/2022:04:41:41 -0500] "GET /BLA/boletinlegal/ HTTP/1.1" 200 60272
201.245.192.253 - - [18/Aug/2022:04:43:44 -0500] "POST /kwsrmcab/Wsrmcab  HTTP/1.1" 200 46805
185.119.81.104 - - [18/Aug/2022:04:46:22 -0500] "GET /portaldeninos/wp-login.php HTTP/1.1" 200 2592
185.119.81.104 - - [18/Aug/2022:04:46:23 -0500] "POST /portaldeninos/wp-login.php HTTP/1.1" 200 3650
216.245.221.92 - - [18/Aug/2022:04:47:08 -0500] "HEAD / HTTP/1.1" 200 -
172.22.2.4 - - [18/Aug/2022:04:46:41 -0500] "HEAD /BLA/boletinlegal/ HTTP/1.1" 200 -
201.245.192.253 - - [18/Aug/2022:04:48:42 -0500] "POST /kwsrmcab/Wsrmcab  HTTP/1.1" 200 46805
172.22.2.4 - - [18/Aug/2022:04:47:31 -0500] "GET /BLA/boletinlegal/ HTTP/1.1" 200 55621
185.119.81.104 - - [18/Aug/2022:04:50:16 -0500] "GET /portaldeninos/wp-login.php HTTP/1.1" 200 2592
185.119.81.104 - - [18/Aug/2022:04:50:17 -0500] "POST /portaldeninos/wp-login.php HTTP/1.1" 200 3605
216.245.221.92 - - [18/Aug/2022:04:52:08 -0500] "HEAD / HTTP/1.1" 200 -
207.46.13.11 - - [18/Aug/2022:04:53:01 -0500] "GET /autoliquidacion2020/Calidad%20del%20aire%20auditiva%20y%20visual-/Registro%20de%20la%20publicidad%20exterior%20visual/PM04-PR16-F1Lista%20de%20Chequeo%20Documentos%20Solicitud%20de%20Registro%20PEV.xls HTTP/1.1" 304 -
201.245.192.253 - - [18/Aug/2022:04:53:42 -0500] "POST /kwsrmcab/Wsrmcab  HTTP/1.1" 200 46805
172.22.2.4 - - [18/Aug/2022:04:52:31 -0500] "HEAD /BLA/boletinlegal/ HTTP/1.1" 200 -
128.1.248.42 - - [18/Aug/2022:04:54:17 -0500] "GET /portaldeninos/ HTTP/1.1" 200 110281
172.22.2.4 - - [18/Aug/2022:04:53:21 -0500] "GET /BLA/boletinlegal/ HTTP/1.1" 200 52868
207.46.13.50 - - [18/Aug/2022:04:55:54 -0500] "GET /portaldeninos/wp-content/uploads/2022/04/banner-p%C3%A1gina-de-ni%C3%B1os-libro-digital-abril-150x7.jpg HTTP/1.1" 404 75240
34.76.96.55 - - [18/Aug/2022:04:56:34 -0500] "GET / HTTP/1.1" 200 319
207.46.13.148 - - [18/Aug/2022:04:56:48 -0500] "GET / HTTP/1.1" 200 319
216.245.221.92 - - [18/Aug/2022:04:57:08 -0500] "HEAD / HTTP/1.1" 200 -
201.245.192.253 - - [18/Aug/2022:04:58:41 -0500] "POST /kwsrmcab/Wsrmcab  HTTP/1.1" 200 46805
172.22.2.4 - - [18/Aug/2022:04:57:50 -0500] "GET /BLA/boletinlegal/index.php/js/jquery.js HTTP/1.1" 200 53631
172.22.2.4 - - [18/Aug/2022:04:58:21 -0500] "HEAD /BLA/boletinlegal/ HTTP/1.1" 200 -
172.22.2.4 - - [18/Aug/2022:04:59:11 -0500] "GET /BLA/boletinlegal/ HTTP/1.1" 200 58946
216.245.221.92 - - [18/Aug/2022:05:02:08 -0500] "HEAD / HTTP/1.1" 200 -
201.245.192.253 - - [18/Aug/2022:05:03:40 -0500] "POST /kwsrmcab/Wsrmcab  HTTP/1.1" 200 46805
185.119.81.96 - - [18/Aug/2022:05:03:58 -0500] "GET /portaldeninos/wp-login.php HTTP/1.1" 200 2592
185.119.81.96 - - [18/Aug/2022:05:04:00 -0500] "POST /portaldeninos/wp-login.php HTTP/1.1" 200 3670
172.22.2.4 - - [18/Aug/2022:05:04:11 -0500] "HEAD /BLA/boletinlegal/ HTTP/1.1" 200 -
172.22.2.4 - - [18/Aug/2022:05:04:49 -0500] "GET /BLA/boletinlegal/ HTTP/1.1" 200 50790
172.22.2.4 - - [18/Aug/2022:05:05:01 -0500] "GET /BLA/boletinlegal/ HTTP/1.1" 200 51984
35.204.25.117 - - [18/Aug/2022:05:06:51 -0500] "GET / HTTP/1.1" 200 319
35.204.25.117 - - [18/Aug/2022:05:06:51 -0500] "GET / HTTP/1.1" 200 4720
216.245.221.92 - - [18/Aug/2022:05:07:08 -0500] "HEAD / HTTP/1.1" 200 -
201.245.192.253 - - [18/Aug/2022:05:08:40 -0500] "POST /kwsrmcab/Wsrmcab  HTTP/1.1" 200 46805
172.22.2.4 - - [18/Aug/2022:05:10:01 -0500] "HEAD /BLA/boletinlegal/ HTTP/1.1" 200 -
216.245.221.92 - - [18/Aug/2022:05:12:08 -0500] "HEAD / HTTP/1.1" 200 -
172.22.2.4 - - [18/Aug/2022:05:10:51 -0500] "GET /BLA/boletinlegal/ HTTP/1.1" 200 56723
201.245.192.253 - - [18/Aug/2022:05:13:38 -0500] "POST /kwsrmcab/Wsrmcab  HTTP/1.1" 200 46805
184.105.139.68 - - [18/Aug/2022:05:14:46 -0500] "GET / HTTP/1.1" 200 319
216.245.221.92 - - [18/Aug/2022:05:17:08 -0500] "HEAD / HTTP/1.1" 200 -
172.22.2.4 - - [18/Aug/2022:05:15:51 -0500] "HEAD /BLA/boletinlegal/ HTTP/1.1" 200 -
172.22.2.4 - - [18/Aug/2022:05:16:41 -0500] "GET /BLA/boletinlegal/ HTTP/1.1" 200 58154
201.245.192.253 - - [18/Aug/2022:05:18:37 -0500] "POST /kwsrmcab/Wsrmcab  HTTP/1.1" 200 46805
184.105.139.68 - - [18/Aug/2022:05:19:12 -0500] "GET /favicon.ico HTTP/1.1" 200 7782
201.245.192.253 - - [18/Aug/2022:05:20:09 -0500] "POST /kwsrmcab/Wsrmcab HTTP/1.1" 200 46895
201.245.192.253 - - [18/Aug/2022:05:20:13 -0500] "POST /kwsrmcab/Wsrmcab HTTP/1.1" 200 44982
216.245.221.92 - - [18/Aug/2022:05:22:08 -0500] "HEAD / HTTP/1.1" 200 -
186.29.35.179 - - [18/Aug/2022:05:22:12 -0500] "GET /catalogoisis/ HTTP/1.1" 200 8575
186.29.35.179 - - [18/Aug/2022:05:22:12 -0500] "GET /catalogoisis/Css/Busqueda.css HTTP/1.1" 200 1995
186.29.35.179 - - [18/Aug/2022:05:22:12 -0500] "GET /catalogoisis/Js/AceptarLimpiar.js HTTP/1.1" 200 331
186.29.35.179 - - [18/Aug/2022:05:22:12 -0500] "GET /catalogoisis/Js/Cookies.js HTTP/1.1" 200 1369
186.29.35.179 - - [18/Aug/2022:05:22:12 -0500] "GET /catalogoisis/Js/LimpiarCombinada.js HTTP/1.1" 200 207
186.29.35.179 - - [18/Aug/2022:05:22:12 -0500] "GET /catalogoisis/Js/CriterioCombinada.js HTTP/1.1" 200 1843
186.29.35.179 - - [18/Aug/2022:05:22:12 -0500] "GET /catalogoisis/Js/Remote.js HTTP/1.1" 200 436
186.29.35.179 - - [18/Aug/2022:05:22:12 -0500] "GET /catalogoisis/Js/Numero.js HTTP/1.1" 200 398
186.29.35.179 - - [18/Aug/2022:05:22:12 -0500] "GET /catalogoisis/Js/Go.js HTTP/1.1" 200 364
186.29.35.179 - - [18/Aug/2022:05:22:12 -0500] "GET /catalogoisis/Js/Enter.js HTTP/1.1" 200 1208
186.29.35.179 - - [18/Aug/2022:05:22:12 -0500] "GET /catalogoisis/imagenes/br1c1.gif HTTP/1.1" 200 172
186.29.35.179 - - [18/Aug/2022:05:22:12 -0500] "GET /catalogoisis/imagenes/br1c3.gif HTTP/1.1" 200 302
186.29.35.179 - - [18/Aug/2022:05:22:12 -0500] "GET /catalogoisis/imagenes/limpiar1.gif HTTP/1.1" 200 606
186.29.35.179 - - [18/Aug/2022:05:22:12 -0500] "GET /catalogoisis/imagenes/Turnbo1.gif HTTP/1.1" 200 227
186.29.35.179 - - [18/Aug/2022:05:22:12 -0500] "GET /catalogoisis/imagenes/aceptar1.gif HTTP/1.1" 200 604
186.29.35.179 - - [18/Aug/2022:05:22:12 -0500] "GET /catalogoisis/imagenes/br3c1.gif HTTP/1.1" 200 177
186.29.35.179 - - [18/Aug/2022:05:22:12 -0500] "GET /catalogoisis/imagenes/br3c2.gif HTTP/1.1" 200 285
186.29.35.179 - - [18/Aug/2022:05:22:12 -0500] "GET /catalogoisis/imagenes/br3c3.gif HTTP/1.1" 200 186
186.29.35.179 - - [18/Aug/2022:05:22:12 -0500] "GET /catalogoisis/imagenes/Header.gif HTTP/1.1" 200 30313
186.29.35.179 - - [18/Aug/2022:05:22:12 -0500] "GET /catalogoisis/imagenes/br1c2.gif HTTP/1.1" 200 297
186.29.35.179 - - [18/Aug/2022:05:22:12 -0500] "GET /catalogoisis/imagenes/br2c1.gif HTTP/1.1" 200 297
186.29.35.179 - - [18/Aug/2022:05:22:12 -0500] "GET /catalogoisis/imagenes/br2c2.gif HTTP/1.1" 200 302
186.29.35.179 - - [18/Aug/2022:05:22:12 -0500] "GET /catalogoisis/imagenes/br2c3.gif HTTP/1.1" 200 416
186.29.35.179 - - [18/Aug/2022:05:22:26 -0500] "GET /catalogoisis/imagenes/limpiar2.gif HTTP/1.1" 200 589
186.29.35.179 - - [18/Aug/2022:05:22:55 -0500] "GET /catalogoisis/imagenes/aceptar2.gif HTTP/1.1" 200 586
172.22.2.4 - - [18/Aug/2022:05:21:41 -0500] "HEAD /BLA/boletinlegal/ HTTP/1.1" 200 -
201.245.192.253 - - [18/Aug/2022:05:23:36 -0500] "POST /kwsrmcab/Wsrmcab  HTTP/1.1" 200 46805
172.22.2.4 - - [18/Aug/2022:05:22:31 -0500] "GET /BLA/boletinlegal/ HTTP/1.1" 200 60272
216.245.221.92 - - [18/Aug/2022:05:27:08 -0500] "HEAD / HTTP/1.1" 200 -
201.245.192.253 - - [18/Aug/2022:05:28:35 -0500] "POST /kwsrmcab/Wsrmcab  HTTP/1.1" 200 46805
172.22.2.4 - - [18/Aug/2022:05:27:31 -0500] "HEAD /BLA/boletinlegal/ HTTP/1.1" 200 -
159.242.234.92 - - [18/Aug/2022:05:29:30 -0500] "GET /wp-content/uploads/ HTTP/1.1" 404 1032
172.22.2.4 - - [18/Aug/2022:05:28:21 -0500] "GET /BLA/boletinlegal/ HTTP/1.1" 200 60272
159.242.234.92 - - [18/Aug/2022:05:30:07 -0500] "GET /.well-known/ HTTP/1.1" 404 1032
201.245.192.253 - - [18/Aug/2022:05:30:08 -0500] "POST /kwsrmcab/Wsrmcab HTTP/1.1" 200 46895
201.245.192.253 - - [18/Aug/2022:05:30:13 -0500] "POST /kwsrmcab/Wsrmcab HTTP/1.1" 200 44982
159.242.234.92 - - [18/Aug/2022:05:30:47 -0500] "GET /.X1-unix/ HTTP/1.1" 404 1032
159.242.234.92 - - [18/Aug/2022:05:31:23 -0500] "GET /cgi-bin/ HTTP/1.1" 403 1034
159.242.234.92 - - [18/Aug/2022:05:31:52 -0500] "GET /.qidb/ HTTP/1.1" 404 1032
159.242.234.92 - - [18/Aug/2022:05:32:04 -0500] "GET /ALFA_DATA/ HTTP/1.1" 404 1032
216.245.221.92 - - [18/Aug/2022:05:32:08 -0500] "HEAD / HTTP/1.1" 200 -
159.242.234.92 - - [18/Aug/2022:05:32:29 -0500] "GET /.well-knownold/ HTTP/1.1" 404 1032
157.55.39.98 - - [18/Aug/2022:05:32:39 -0500] "GET /appsia/controlador HTTP/1.1" 200 4799
186.31.99.165 - - [18/Aug/2022:05:32:49 -0500] "GET /BLA/boletinlegal/style.css HTTP/1.1" 200 9406
186.31.99.165 - - [18/Aug/2022:05:32:49 -0500] "GET /BLA/boletinlegal/styles2.css HTTP/1.1" 200 1838
186.31.99.165 - - [18/Aug/2022:05:32:49 -0500] "GET /BLA/boletinlegal/js/jquery.scrollShow.js HTTP/1.1" 200 4586
186.31.99.165 - - [18/Aug/2022:05:32:49 -0500] "GET /BLA/boletinlegal/js/jquery.js HTTP/1.1" 200 57254
186.31.99.165 - - [18/Aug/2022:05:32:49 -0500] "GET /BLA/boletinlegal/js/jquery.scrollTo-min.js HTTP/1.1" 200 1150
186.31.99.165 - - [18/Aug/2022:05:32:49 -0500] "GET /BLA/boletinlegal/images/cabezote%20BLEGAL.jpg HTTP/1.1" 200 118164
186.31.99.165 - - [18/Aug/2022:05:32:49 -0500] "GET /BLA/boletinlegal/images/subscribe-icon-big.png HTTP/1.1" 200 47702
186.31.99.165 - - [18/Aug/2022:05:32:49 -0500] "GET /BLA/boletinlegal/images/historia.png HTTP/1.1" 200 52775
186.31.99.165 - - [18/Aug/2022:05:32:49 -0500] "GET /BLA/boletinlegal/images/registro-usuarios.png HTTP/1.1" 200 8106
186.31.99.165 - - [18/Aug/2022:05:32:49 -0500] "GET /BLA/boletinlegal/images/arr_l.jpg HTTP/1.1" 200 1979
186.31.99.165 - - [18/Aug/2022:05:32:49 -0500] "GET /BLA/boletinlegal/images/screen_1.png HTTP/1.1" 200 202547
186.31.99.165 - - [18/Aug/2022:05:32:49 -0500] "GET /BLA/boletinlegal/images/launch.jpg HTTP/1.1" 200 14577
186.31.99.165 - - [18/Aug/2022:05:32:49 -0500] "GET /BLA/boletinlegal/images/body_bg.jpg HTTP/1.1" 200 1601
186.31.99.165 - - [18/Aug/2022:05:32:49 -0500] "GET /BLA/boletinlegal/images/menu_lft.gif HTTP/1.1" 200 1713
186.31.99.165 - - [18/Aug/2022:05:32:49 -0500] "GET /BLA/boletinlegal/images/menu_rght.gif HTTP/1.1" 200 1627
186.31.99.165 - - [18/Aug/2022:05:32:49 -0500] "GET /BLA/boletinlegal/images/bg_top.jpg HTTP/1.1" 200 522
186.31.99.165 - - [18/Aug/2022:05:32:49 -0500] "GET /BLA/boletinlegal/images/menu_bg.jpg HTTP/1.1" 200 620
186.31.99.165 - - [18/Aug/2022:05:32:49 -0500] "GET /BLA/boletinlegal/images/hover.jpg HTTP/1.1" 200 640
186.31.99.165 - - [18/Aug/2022:05:32:49 -0500] "GET /BLA/boletinlegal/images/text.jpg HTTP/1.1" 200 568
186.31.99.165 - - [18/Aug/2022:05:32:51 -0500] "GET /BLA/boletinlegal/actos.php HTTP/1.1" 200 9559
186.31.99.165 - - [18/Aug/2022:05:32:52 -0500] "GET /BLA/boletinlegal/js/ajax_actos.js HTTP/1.1" 200 1322
186.31.99.165 - - [18/Aug/2022:05:32:52 -0500] "GET /BLA/boletinlegal/js/popup.js HTTP/1.1" 200 1270
186.31.99.165 - - [18/Aug/2022:05:32:52 -0500] "GET /BLA/boletinlegal/niceforms-default.css HTTP/1.1" 200 6694
186.31.99.165 - - [18/Aug/2022:05:32:52 -0500] "GET /BLA/boletinlegal/niceforms.js HTTP/1.1" 200 22876
186.31.99.165 - - [18/Aug/2022:05:32:52 -0500] "GET /BLA/boletinlegal/js/lib.js HTTP/1.1" 200 6474
186.31.99.165 - - [18/Aug/2022:05:32:52 -0500] "GET /BLA/boletinlegal/js/jquery1.js HTTP/1.1" 200 29846
186.31.99.165 - - [18/Aug/2022:05:32:52 -0500] "GET /BLA/boletinlegal/images/green-yellow-blue-pink-th.png HTTP/1.1" 200 7394
186.31.99.165 - - [18/Aug/2022:05:32:52 -0500] "GET /BLA/boletinlegal/images/abajo.png HTTP/1.1" 200 96676
186.31.99.165 - - [18/Aug/2022:05:32:52 -0500] "GET /BLA/boletinlegal/images/tel.png HTTP/1.1" 200 14477
186.31.99.165 - - [18/Aug/2022:05:32:52 -0500] "GET /BLA/boletinlegal/images/icono-email.png HTTP/1.1" 200 5544
186.31.99.165 - - [18/Aug/2022:05:32:52 -0500] "GET /BLA/boletinlegal/images/footer_bg.jpg HTTP/1.1" 200 586
186.31.99.165 - - [18/Aug/2022:05:32:52 -0500] "GET /BLA/boletinlegal/images/footer_bg_l.jpg HTTP/1.1" 200 776
186.31.99.165 - - [18/Aug/2022:05:32:52 -0500] "GET /BLA/boletinlegal/img/0.png HTTP/1.1" 200 110
186.31.99.165 - - [18/Aug/2022:05:32:52 -0500] "GET /BLA/boletinlegal/img/select-left.png HTTP/1.1" 200 263
186.31.99.165 - - [18/Aug/2022:05:32:52 -0500] "GET /BLA/boletinlegal/img/select-right.png HTTP/1.1" 200 44019
186.31.99.165 - - [18/Aug/2022:05:32:52 -0500] "GET /BLA/boletinlegal/img/button.png HTTP/1.1" 200 43241
186.31.99.165 - - [18/Aug/2022:05:32:52 -0500] "GET /BLA/boletinlegal/img/button-left.png HTTP/1.1" 200 57071
186.31.99.165 - - [18/Aug/2022:05:32:52 -0500] "GET /BLA/boletinlegal/img/button-right.png HTTP/1.1" 200 57878
186.31.99.165 - - [18/Aug/2022:05:32:52 -0500] "GET /favicon.ico HTTP/1.1" 200 7782
186.31.99.165 - - [18/Aug/2022:05:32:55 -0500] "GET /BLA/resoluciones/ HTTP/1.1" 200 13093
186.31.99.165 - - [18/Aug/2022:05:32:56 -0500] "GET /BLA/resoluciones/dlf/styles.css HTTP/1.1" 200 3049
186.31.99.165 - - [18/Aug/2022:05:32:56 -0500] "GET /BLA/resoluciones/dlf/folder.png HTTP/1.1" 200 410
186.31.99.165 - - [18/Aug/2022:05:32:56 -0500] "GET /BLA/resoluciones/dlf/bg.gif HTTP/1.1" 200 54
186.31.99.165 - - [18/Aug/2022:05:33:00 -0500] "GET /BLA/resoluciones/dlf/dirup.png HTTP/1.1" 200 644
186.31.99.165 - - [18/Aug/2022:05:33:00 -0500] "GET /BLA/resoluciones/dlf/pdf.gif HTTP/1.1" 200 272
186.31.99.165 - - [18/Aug/2022:05:32:59 -0500] "GET /BLA/resoluciones/index.php?dir=RESOLUCIONES+2008%2F HTTP/1.1" 200 976272
186.31.99.165 - - [18/Aug/2022:05:33:01 -0500] "GET /BLA/resoluciones/dlf/unknown.png HTTP/1.1" 200 266
186.31.99.165 - - [18/Aug/2022:05:32:48 -0500] "GET /BLA/boletinlegal/ HTTP/1.1" 200 16331
186.31.99.165 - - [18/Aug/2022:05:33:12 -0500] "GET /BLA/resoluciones/RESOLUCIONES%202008/3801.pdf HTTP/1.1" 200 359854
159.242.234.92 - - [18/Aug/2022:05:33:13 -0500] "GET /uploads/ HTTP/1.1" 404 1032
5.255.253.139 - - [18/Aug/2022:05:33:16 -0500] "-" 408 -
213.180.203.65 - - [18/Aug/2022:05:33:22 -0500] "-" 408 -
87.250.224.28 - - [18/Aug/2022:05:33:27 -0500] "-" 408 -
87.250.224.117 - - [18/Aug/2022:05:33:32 -0500] "-" 408 -
201.245.192.253 - - [18/Aug/2022:05:33:34 -0500] "POST /kwsrmcab/Wsrmcab  HTTP/1.1" 200 46805
87.250.224.17 - - [18/Aug/2022:05:33:47 -0500] "-" 408 -
87.250.224.41 - - [18/Aug/2022:05:34:03 -0500] "-" 408 -
159.242.234.92 - - [18/Aug/2022:05:34:23 -0500] "GET /upload/ HTTP/1.1" 404 1032
141.8.142.74 - - [18/Aug/2022:05:34:33 -0500] "-" 408 -
172.22.2.4 - - [18/Aug/2022:05:33:21 -0500] "HEAD /BLA/boletinlegal/ HTTP/1.1" 200 -
159.242.234.92 - - [18/Aug/2022:05:35:08 -0500] "GET /admin/uploads/ HTTP/1.1" 404 1032
87.250.224.134 - - [18/Aug/2022:05:35:33 -0500] "-" 408 -
159.242.234.92 - - [18/Aug/2022:05:35:44 -0500] "GET /UserFiles/ HTTP/1.1" 404 1032
172.22.2.4 - - [18/Aug/2022:05:34:11 -0500] "GET /BLA/boletinlegal/ HTTP/1.1" 200 59819
87.123.205.159 - - [18/Aug/2022:05:36:08 -0500] "GET /galeria/galeria/fotos/mico1P.jpg HTTP/1.1" 200 28110
87.123.205.159 - - [18/Aug/2022:05:36:08 -0500] "GET /galeria/galeria/fotos/micos6P.jpg HTTP/1.1" 200 31809
87.123.205.159 - - [18/Aug/2022:05:36:09 -0500] "GET /galeria/galeria/fotos/micos7P.jpg HTTP/1.1" 200 30212
87.123.205.159 - - [18/Aug/2022:05:36:09 -0500] "GET /galeria/galeria/fotos/boa10P.jpg HTTP/1.1" 200 19337
87.123.205.159 - - [18/Aug/2022:05:36:09 -0500] "GET /galeria/galeria/fotos/cusumbo4P.jpg HTTP/1.1" 200 34990
87.123.205.159 - - [18/Aug/2022:05:36:09 -0500] "GET /galeria/galeria/fotos/loro3P.jpg HTTP/1.1" 200 24900
87.123.205.159 - - [18/Aug/2022:05:36:09 -0500] "GET /galeria/galeria/fotos/tortuga2P.jpg HTTP/1.1" 200 33472
87.123.205.159 - - [18/Aug/2022:05:36:09 -0500] "GET /galeria/galeria/fotos/boa11P.jpg HTTP/1.1" 200 25099
159.242.234.92 - - [18/Aug/2022:05:36:11 -0500] "GET /usersfiles/ HTTP/1.1" 404 1032
5.255.253.119 - - [18/Aug/2022:05:36:33 -0500] "-" 408 -
159.242.234.92 - - [18/Aug/2022:05:36:59 -0500] "GET /images/ HTTP/1.1" 200 493
216.245.221.92 - - [18/Aug/2022:05:37:08 -0500] "HEAD / HTTP/1.1" 200 -
20.191.45.212 - - [18/Aug/2022:05:37:46 -0500] "GET / HTTP/1.1" 200 319
20.191.45.212 - - [18/Aug/2022:05:37:47 -0500] "GET /favicon.ico HTTP/1.1" 200 7782
5.255.253.148 - - [18/Aug/2022:05:38:36 -0500] "-" 408 -
201.245.192.253 - - [18/Aug/2022:05:38:33 -0500] "POST /kwsrmcab/Wsrmcab  HTTP/1.1" 200 46805
172.22.2.4 - - [18/Aug/2022:05:39:38 -0500] "GET /BLA/boletinlegal/jurisprudencia.php HTTP/1.1" 200 17573
201.245.192.253 - - [18/Aug/2022:05:40:08 -0500] "POST /kwsrmcab/Wsrmcab HTTP/1.1" 200 46895
201.245.192.253 - - [18/Aug/2022:05:40:12 -0500] "POST /kwsrmcab/Wsrmcab HTTP/1.1" 200 44982
173.252.83.1 - - [18/Aug/2022:05:40:39 -0500] "GET /images/negocios-verdes-3-marzo.jpg HTTP/1.1" 200 33179
172.22.2.4 - - [18/Aug/2022:05:39:11 -0500] "HEAD /BLA/boletinlegal/ HTTP/1.1" 200 -
5.45.207.90 - - [18/Aug/2022:05:41:33 -0500] "-" 408 -
172.22.2.4 - - [18/Aug/2022:05:40:01 -0500] "GET /BLA/boletinlegal/ HTTP/1.1" 200 58154
216.245.221.92 - - [18/Aug/2022:05:42:08 -0500] "HEAD / HTTP/1.1" 200 -
201.245.192.253 - - [18/Aug/2022:05:43:32 -0500] "POST /kwsrmcab/Wsrmcab  HTTP/1.1" 200 46805
173.252.107.13 - - [18/Aug/2022:05:44:22 -0500] "GET /bogota-se-alista-para-la-feria-de-emprendimiento-verde.html HTTP/1.1" 206 862
87.123.205.159 - - [18/Aug/2022:05:45:30 -0500] "GET /galeria/galeria/fotos/boa11P.jpg HTTP/1.1" 200 25099
87.123.205.159 - - [18/Aug/2022:05:45:30 -0500] "GET /galeria/galeria/fotos/micos7P.jpg HTTP/1.1" 200 30212
87.123.205.159 - - [18/Aug/2022:05:45:31 -0500] "GET /galeria/galeria/fotos/boa10P.jpg HTTP/1.1" 200 19337
87.123.205.159 - - [18/Aug/2022:05:45:32 -0500] "GET /galeria/galeria/fotos/loro3P.jpg HTTP/1.1" 200 24900
173.231.60.194 - - [18/Aug/2022:05:46:06 -0500] "GET /BLA/resoluciones/index.php?dir=AUTOS%202006%2FAUTOS%202006%203201%20-%203300%2F&sort=name&order=desc HTTP/1.1" 200 22208
173.231.60.194 - - [18/Aug/2022:05:46:15 -0500] "GET /BLA/resoluciones/index.php?dir=AUTOS%202006%2FAUTOS%202006%203301%20-%203418%2F&sort=name&order=desc HTTP/1.1" 200 25806
173.231.60.194 - - [18/Aug/2022:05:46:28 -0500] "GET /BLA/resoluciones/RESOLUCIONES%202007/RES%202007%202901%20AL%203000/RESOLUCION%202906%20DE%202007.pdf HTTP/1.1" 200 591615
173.231.60.194 - - [18/Aug/2022:05:46:35 -0500] "GET /BLA/resoluciones/index.php?dir=AUTOS%202018%2F&sort=name&order=asc HTTP/1.1" 200 436274
