5.45.207.72 - - [19/Aug/2022:02:55:22 -0500] "-" 408 -
173.231.60.194 - - [19/Aug/2022:02:55:32 -0500] "GET /BLA/resoluciones/index.php?dir=RESOLUCIONES%202003%2FRES%202003%20151-200%2F&sort=name&order=desc HTTP/1.1" 200 12345
173.231.60.194 - - [19/Aug/2022:02:55:52 -0500] "GET /BLA/resoluciones/index.php?dir=RESOLUCIONES%202003%2FRES%202003%20201-250%2F&sort=name&order=desc HTTP/1.1" 200 12347
173.231.60.194 - - [19/Aug/2022:02:56:11 -0500] "GET /BLA/resoluciones/index.php?dir=RESOLUCIONES%202003%2FRES%202003%20251-300%2F&sort=name&order=desc HTTP/1.1" 200 11114
201.245.192.253 - - [19/Aug/2022:02:56:19 -0500] "POST /kwsrmcab/Wsrmcab  HTTP/1.1" 200 46805
173.231.60.194 - - [19/Aug/2022:02:56:33 -0500] "GET /BLA/resoluciones/index.php?dir=RESOLUCIONES%202003%2FRES%202003%20301-350%2F&sort=name&order=desc HTTP/1.1" 200 11307
173.231.60.194 - - [19/Aug/2022:02:57:00 -0500] "GET /BLA/resoluciones/index.php?dir=RESOLUCIONES%202003%2FRES%202003%20351-400%2F&sort=name&order=desc HTTP/1.1" 200 11304
216.245.221.92 - - [19/Aug/2022:02:57:04 -0500] "HEAD / HTTP/1.1" 200 -
173.231.60.194 - - [19/Aug/2022:02:57:13 -0500] "GET /BLA/resoluciones/index.php?dir=RESOLUCIONES%202003%2FRES%202003%20401-450%2F&sort=name&order=desc HTTP/1.1" 200 11311
173.231.60.194 - - [19/Aug/2022:02:57:42 -0500] "GET /BLA/resoluciones/index.php?dir=RESOLUCIONES%202003%2FRES%202003%20451-500%2F&sort=name&order=desc HTTP/1.1" 200 11310
173.231.60.194 - - [19/Aug/2022:02:58:12 -0500] "GET /BLA/resoluciones/index.php?dir=RESOLUCIONES%202003%2FRES%202003%20501-550%2F&sort=name&order=desc HTTP/1.1" 200 11307
172.22.2.4 - - [19/Aug/2022:02:56:37 -0500] "HEAD /BLA/boletinlegal/ HTTP/1.1" 200 -
173.231.60.194 - - [19/Aug/2022:02:58:25 -0500] "GET /BLA/resoluciones/index.php?dir=RESOLUCIONES%202003%2FRES%202003%20551-600%2F&sort=name&order=desc HTTP/1.1" 200 11304
87.250.224.197 - - [19/Aug/2022:02:58:32 -0500] "-" 408 -
173.231.60.194 - - [19/Aug/2022:02:58:52 -0500] "GET /BLA/resoluciones/index.php?dir=RESOLUCIONES%202003%2FRES%202003%20601-650%2F&sort=name&order=desc HTTP/1.1" 200 11291
172.22.2.4 - - [19/Aug/2022:02:57:28 -0500] "GET /BLA/boletinlegal/ HTTP/1.1" 200 58154
173.231.60.194 - - [19/Aug/2022:02:59:14 -0500] "GET /BLA/resoluciones/index.php?dir=RESOLUCIONES%202003%2FRES%202003%20651-700%2F&sort=name&order=desc HTTP/1.1" 200 11299
66.249.79.111 - - [19/Aug/2022:02:59:20 -0500] "-" 408 -
173.231.60.194 - - [19/Aug/2022:02:59:36 -0500] "GET /BLA/resoluciones/index.php?dir=RESOLUCIONES%202003%2FRES%202003%20701-750%2F&sort=name&order=desc HTTP/1.1" 200 11297
173.231.60.194 - - [19/Aug/2022:02:59:50 -0500] "GET /BLA/resoluciones/index.php?dir=RESOLUCIONES%202003%2FRES%202003%20751-800%2F&sort=name&order=desc HTTP/1.1" 200 11301
173.231.60.194 - - [19/Aug/2022:03:00:05 -0500] "GET /BLA/resoluciones/index.php?dir=RESOLUCIONES%202003%2FRES%202003%20801-850%2F&sort=name&order=desc HTTP/1.1" 200 11307
173.231.60.194 - - [19/Aug/2022:03:00:29 -0500] "GET /BLA/resoluciones/index.php?dir=RESOLUCIONES%202003%2FRES%202003%20851-900%2F&sort=name&order=desc HTTP/1.1" 200 11301
173.231.60.194 - - [19/Aug/2022:03:00:57 -0500] "GET /BLA/resoluciones/index.php?dir=RESOLUCIONES%202003%2FRES%202003%20901-950%2F&sort=name&order=desc HTTP/1.1" 200 11305
157.55.39.98 - - [19/Aug/2022:03:01:18 -0500] "GET /BLA/resoluciones/RESOLUCIONES%202000/2000%20900-949.tif HTTP/1.1" 200 4091182
173.231.60.194 - - [19/Aug/2022:03:01:19 -0500] "GET /BLA/resoluciones/index.php?dir=RESOLUCIONES%202004%2FRES%202004%20101-150%2F&sort=name&order=desc HTTP/1.1" 200 12032
201.245.192.253 - - [19/Aug/2022:03:01:18 -0500] "POST /kwsrmcab/Wsrmcab  HTTP/1.1" 200 46805
173.231.60.194 - - [19/Aug/2022:03:01:41 -0500] "GET /BLA/resoluciones/index.php?dir=RESOLUCIONES%202004%2FRES%202004%20151-200%2F&sort=name&order=desc HTTP/1.1" 200 12046
216.245.221.92 - - [19/Aug/2022:03:02:04 -0500] "HEAD / HTTP/1.1" 200 -
173.231.60.194 - - [19/Aug/2022:03:02:17 -0500] "GET /BLA/resoluciones/index.php?dir=RESOLUCIONES%202004%2FRES%202004%20201-250%2F&sort=name&order=desc HTTP/1.1" 200 12049
173.231.60.194 - - [19/Aug/2022:03:02:37 -0500] "GET /BLA/resoluciones/index.php?dir=RESOLUCIONES%202004%2FRES%202004%20251-300%2F&sort=name&order=desc HTTP/1.1" 200 12043
173.231.60.194 - - [19/Aug/2022:03:02:50 -0500] "GET /BLA/resoluciones/AUTOS%202021/ HTTP/1.1" 200 535
173.231.60.194 - - [19/Aug/2022:03:03:02 -0500] "GET /BLA/resoluciones/AUTOS%202021/?act=phpinfo HTTP/1.1" 200 535
173.231.60.194 - - [19/Aug/2022:03:03:14 -0500] "GET /BLA/resoluciones/AUTOS%202021/?act=ls&d=a%3A%5C HTTP/1.1" 200 535
87.250.224.86 - - [19/Aug/2022:03:03:32 -0500] "-" 408 -
173.231.60.194 - - [19/Aug/2022:03:03:34 -0500] "GET /BLA/resoluciones/AUTOS%202021/?act=ls&d=c%3A%5C HTTP/1.1" 200 535
173.231.60.194 - - [19/Aug/2022:03:04:02 -0500] "GET /BLA/resoluciones/AUTOS%202021/?act=ls&d=d%3A%5C HTTP/1.1" 200 535
172.22.2.4 - - [19/Aug/2022:03:02:28 -0500] "HEAD /BLA/boletinlegal/ HTTP/1.1" 200 -
173.231.60.194 - - [19/Aug/2022:03:04:13 -0500] "GET /BLA/resoluciones/AUTOS%202021/?act=ls&d=e%3A%5C HTTP/1.1" 200 535
173.231.60.194 - - [19/Aug/2022:03:04:26 -0500] "GET /BLA/resoluciones/AUTOS%202021/?act=ls&d=f%3A%5C HTTP/1.1" 200 535
173.231.60.194 - - [19/Aug/2022:03:04:42 -0500] "GET /BLA/resoluciones/AUTOS%202021/?act=selfremove HTTP/1.1" 200 535
172.22.2.4 - - [19/Aug/2022:03:03:18 -0500] "GET /BLA/boletinlegal/ HTTP/1.1" 200 58154
66.249.79.113 - - [19/Aug/2022:03:05:06 -0500] "-" 408 -
201.245.192.253 - - [19/Aug/2022:03:06:17 -0500] "POST /kwsrmcab/Wsrmcab  HTTP/1.1" 200 46805
216.245.221.92 - - [19/Aug/2022:03:07:04 -0500] "HEAD / HTTP/1.1" 200 -
207.46.13.45 - - [19/Aug/2022:03:09:19 -0500] "GET /sipse/faces/javax.faces.resource/layout/layout.js;jsessionid=83lbhtapicsocnhznir7ecdp.undefined?ln=primefaces&v=4.0 HTTP/1.1" 200 87560
172.22.2.4 - - [19/Aug/2022:03:08:17 -0500] "HEAD /BLA/boletinlegal/ HTTP/1.1" 200 -
172.22.2.4 - - [19/Aug/2022:03:09:08 -0500] "GET /BLA/boletinlegal/ HTTP/1.1" 200 53631
201.245.192.253 - - [19/Aug/2022:03:11:16 -0500] "POST /kwsrmcab/Wsrmcab  HTTP/1.1" 200 46805
66.249.79.111 - - [19/Aug/2022:03:12:04 -0500] "-" 408 -
216.245.221.92 - - [19/Aug/2022:03:12:04 -0500] "HEAD / HTTP/1.1" 200 -
207.46.13.188 - - [19/Aug/2022:03:12:29 -0500] "GET /sipse/faces/javax.faces.resource/primefaces.js;jsessionid=ez0zhkpps-9qjofzhijr-mch.undefined?ln=primefaces&v=4.0 HTTP/1.1" 200 276924
66.249.79.152 - - [19/Aug/2022:03:13:49 -0500] "-" 408 -
172.22.2.4 - - [19/Aug/2022:03:14:07 -0500] "HEAD /BLA/boletinlegal/ HTTP/1.1" 200 -
201.245.192.253 - - [19/Aug/2022:03:16:15 -0500] "POST /kwsrmcab/Wsrmcab  HTTP/1.1" 200 46805
172.22.2.4 - - [19/Aug/2022:03:14:58 -0500] "GET /BLA/boletinlegal/ HTTP/1.1" 200 60272
173.252.127.18 - - [19/Aug/2022:03:16:52 -0500] "GET /images/jardines-verticales-4-marzo.jpg HTTP/1.1" 200 54804
216.245.221.92 - - [19/Aug/2022:03:17:04 -0500] "HEAD / HTTP/1.1" 200 -
66.249.79.111 - - [19/Aug/2022:03:18:45 -0500] "-" 408 -
20.120.24.38 - - [19/Aug/2022:03:18:58 -0500] "GET /portaldeninos/aulas-ambientales-2/parque-ecologico-distrital-de-montana-entrenubes/ HTTP/1.1" 200 90406
201.245.192.253 - - [19/Aug/2022:03:20:04 -0500] "POST /kwsrmcab/Wsrmcab HTTP/1.1" 200 47672
201.245.192.253 - - [19/Aug/2022:03:20:08 -0500] "POST /kwsrmcab/Wsrmcab HTTP/1.1" 200 44715
201.245.192.253 - - [19/Aug/2022:03:21:14 -0500] "POST /kwsrmcab/Wsrmcab  HTTP/1.1" 200 46805
185.7.214.117 - - [19/Aug/2022:03:21:35 -0500] "GET /vendor/phpunit/phpunit/src/Util/PHP/eval-stdin.php HTTP/1.1" 404 1018
172.22.2.4 - - [19/Aug/2022:03:19:57 -0500] "HEAD /BLA/boletinlegal/ HTTP/1.1" 200 -
216.245.221.92 - - [19/Aug/2022:03:22:04 -0500] "HEAD / HTTP/1.1" 200 -
172.22.2.4 - - [19/Aug/2022:03:20:48 -0500] "GET /BLA/boletinlegal/ HTTP/1.1" 200 58154
5.255.253.184 - - [19/Aug/2022:03:22:34 -0500] "-" 408 -
95.108.213.31 - - [19/Aug/2022:03:24:38 -0500] "-" 408 -
66.249.79.111 - - [19/Aug/2022:03:24:41 -0500] "-" 408 -
201.245.192.253 - - [19/Aug/2022:03:26:13 -0500] "POST /kwsrmcab/Wsrmcab  HTTP/1.1" 200 46805
216.245.221.92 - - [19/Aug/2022:03:27:04 -0500] "HEAD / HTTP/1.1" 200 -
172.22.2.4 - - [19/Aug/2022:03:25:48 -0500] "HEAD /BLA/boletinlegal/ HTTP/1.1" 200 -
172.22.2.4 - - [19/Aug/2022:03:26:38 -0500] "GET /BLA/boletinlegal/ HTTP/1.1" 200 59310
201.245.192.253 - - [19/Aug/2022:03:30:04 -0500] "POST /kwsrmcab/Wsrmcab HTTP/1.1" 200 47672
201.245.192.253 - - [19/Aug/2022:03:30:09 -0500] "POST /kwsrmcab/Wsrmcab HTTP/1.1" 200 44715
201.245.192.253 - - [19/Aug/2022:03:31:12 -0500] "POST /kwsrmcab/Wsrmcab  HTTP/1.1" 200 46805
216.245.221.92 - - [19/Aug/2022:03:32:04 -0500] "HEAD / HTTP/1.1" 200 -
95.108.213.35 - - [19/Aug/2022:03:32:34 -0500] "-" 408 -
172.22.2.4 - - [19/Aug/2022:03:31:37 -0500] "HEAD /BLA/boletinlegal/ HTTP/1.1" 200 -
66.249.79.111 - - [19/Aug/2022:03:33:44 -0500] "-" 408 -
172.22.2.4 - - [19/Aug/2022:03:32:28 -0500] "GET /BLA/boletinlegal/ HTTP/1.1" 200 60272
201.245.192.253 - - [19/Aug/2022:03:36:10 -0500] "POST /kwsrmcab/Wsrmcab  HTTP/1.1" 200 46805
80.66.66.14 - - [19/Aug/2022:03:36:25 -0500] "\x03" 400 226
80.66.66.14 - - [19/Aug/2022:03:36:25 -0500] "\x03" 400 226
216.245.221.92 - - [19/Aug/2022:03:37:04 -0500] "HEAD / HTTP/1.1" 200 -
172.22.2.4 - - [19/Aug/2022:03:36:25 -0500] "GET /BLA/boletinlegal/ HTTP/1.1" 200 32715
172.22.2.4 - - [19/Aug/2022:03:37:27 -0500] "HEAD /BLA/boletinlegal/ HTTP/1.1" 200 -
172.22.2.4 - - [19/Aug/2022:03:39:33 -0500] "GET /BLA/boletinlegal/actos.php HTTP/1.1" 200 9559
172.22.2.4 - - [19/Aug/2022:03:38:18 -0500] "GET /BLA/boletinlegal/ HTTP/1.1" 200 58154
66.249.79.111 - - [19/Aug/2022:03:40:05 -0500] "-" 408 -
201.245.192.253 - - [19/Aug/2022:03:40:04 -0500] "POST /kwsrmcab/Wsrmcab HTTP/1.1" 200 47672
201.245.192.253 - - [19/Aug/2022:03:40:08 -0500] "POST /kwsrmcab/Wsrmcab HTTP/1.1" 200 44715
201.245.192.253 - - [19/Aug/2022:03:41:09 -0500] "POST /kwsrmcab/Wsrmcab  HTTP/1.1" 200 46805
216.245.221.92 - - [19/Aug/2022:03:42:04 -0500] "HEAD / HTTP/1.1" 200 -
87.250.224.102 - - [19/Aug/2022:03:42:34 -0500] "-" 408 -
172.22.2.4 - - [19/Aug/2022:03:43:17 -0500] "HEAD /BLA/boletinlegal/ HTTP/1.1" 200 -
87.250.224.65 - - [19/Aug/2022:03:45:07 -0500] "-" 408 -
172.22.2.4 - - [19/Aug/2022:03:44:08 -0500] "GET /BLA/boletinlegal/ HTTP/1.1" 200 59819
201.245.192.253 - - [19/Aug/2022:03:46:09 -0500] "POST /kwsrmcab/Wsrmcab  HTTP/1.1" 200 46805
216.245.221.92 - - [19/Aug/2022:03:47:04 -0500] "HEAD / HTTP/1.1" 200 -
172.22.2.4 - - [19/Aug/2022:03:50:44 -0500] "GET /BLA/boletinlegal/xmlrpc.php HTTP/1.1" 404 1038
172.22.2.4 - - [19/Aug/2022:03:49:07 -0500] "HEAD /BLA/boletinlegal/ HTTP/1.1" 200 -
201.245.192.253 - - [19/Aug/2022:03:51:08 -0500] "POST /kwsrmcab/Wsrmcab  HTTP/1.1" 200 46805
172.22.2.4 - - [19/Aug/2022:03:49:58 -0500] "GET /BLA/boletinlegal/ HTTP/1.1" 200 59310
216.245.221.92 - - [19/Aug/2022:03:52:04 -0500] "HEAD / HTTP/1.1" 200 -
207.46.13.188 - - [19/Aug/2022:03:53:50 -0500] "GET /BLA/resoluciones/RESOLUCIONES%202021/2903.pdf HTTP/1.1" 304 -
95.108.213.55 - - [19/Aug/2022:03:55:30 -0500] "-" 408 -
5.45.207.116 - - [19/Aug/2022:03:55:35 -0500] "-" 408 -
87.250.224.152 - - [19/Aug/2022:03:55:41 -0500] "-" 408 -
5.45.207.149 - - [19/Aug/2022:03:55:46 -0500] "-" 408 -
207.46.13.50 - - [19/Aug/2022:03:55:59 -0500] "GET /portaldeninos/wp-content/uploads/2022/04/banner-p%C3%A1gina-de-ni%C3%B1os-libro-digital-abril.jpg HTTP/1.1" 404 75240
5.255.253.145 - - [19/Aug/2022:03:56:01 -0500] "-" 408 -
201.245.192.253 - - [19/Aug/2022:03:56:07 -0500] "POST /kwsrmcab/Wsrmcab  HTTP/1.1" 200 46805
213.180.203.77 - - [19/Aug/2022:03:56:16 -0500] "-" 408 -
172.22.2.4 - - [19/Aug/2022:03:54:57 -0500] "HEAD /BLA/boletinlegal/ HTTP/1.1" 200 -
95.108.213.73 - - [19/Aug/2022:03:56:46 -0500] "-" 408 -
216.245.221.92 - - [19/Aug/2022:03:57:04 -0500] "HEAD / HTTP/1.1" 200 -
172.22.2.4 - - [19/Aug/2022:03:55:48 -0500] "GET /BLA/boletinlegal/ HTTP/1.1" 200 58566
87.250.224.165 - - [19/Aug/2022:03:57:46 -0500] "-" 408 -
5.255.253.130 - - [19/Aug/2022:03:58:46 -0500] "-" 408 -
185.119.81.96 - - [19/Aug/2022:03:59:49 -0500] "GET /portaldeninos/wp-login.php HTTP/1.1" 200 2592
185.119.81.96 - - [19/Aug/2022:03:59:50 -0500] "POST /portaldeninos/wp-login.php HTTP/1.1" 200 3650
201.245.192.253 - - [19/Aug/2022:04:01:06 -0500] "POST /kwsrmcab/Wsrmcab  HTTP/1.1" 200 46805
87.250.224.69 - - [19/Aug/2022:04:01:20 -0500] "-" 408 -
216.245.221.92 - - [19/Aug/2022:04:02:04 -0500] "HEAD / HTTP/1.1" 200 -
172.22.2.4 - - [19/Aug/2022:04:00:47 -0500] "HEAD /BLA/boletinlegal/ HTTP/1.1" 200 -
66.249.79.115 - - [19/Aug/2022:04:02:35 -0500] "-" 408 -
172.22.2.4 - - [19/Aug/2022:04:01:38 -0500] "GET /BLA/boletinlegal/ HTTP/1.1" 200 57716
185.7.214.117 - - [19/Aug/2022:04:04:07 -0500] "-" 408 -
5.255.253.133 - - [19/Aug/2022:04:04:20 -0500] "-" 408 -
201.245.192.253 - - [19/Aug/2022:04:06:04 -0500] "POST /kwsrmcab/Wsrmcab  HTTP/1.1" 200 46805
216.245.221.92 - - [19/Aug/2022:04:07:04 -0500] "HEAD / HTTP/1.1" 200 -
172.22.2.4 - - [19/Aug/2022:04:06:37 -0500] "HEAD /BLA/boletinlegal/ HTTP/1.1" 200 -
172.22.2.4 - - [19/Aug/2022:04:07:28 -0500] "GET /BLA/boletinlegal/ HTTP/1.1" 200 59819
95.108.213.39 - - [19/Aug/2022:04:09:52 -0500] "-" 408 -
201.245.192.253 - - [19/Aug/2022:04:11:03 -0500] "POST /kwsrmcab/Wsrmcab  HTTP/1.1" 200 46805
216.245.221.92 - - [19/Aug/2022:04:12:04 -0500] "HEAD / HTTP/1.1" 200 -
172.22.2.4 - - [19/Aug/2022:04:12:27 -0500] "HEAD /BLA/boletinlegal/ HTTP/1.1" 200 -
185.7.214.117 - - [19/Aug/2022:04:14:51 -0500] "GET /solr/admin/info/system?wt=json HTTP/1.1" 404 1018
172.22.2.4 - - [19/Aug/2022:04:13:18 -0500] "GET /BLA/boletinlegal/ HTTP/1.1" 200 59819
34.90.252.167 - - [19/Aug/2022:04:16:03 -0500] "GET / HTTP/1.1" 200 319
34.90.252.167 - - [19/Aug/2022:04:16:03 -0500] "GET / HTTP/1.1" 200 4720
201.245.192.253 - - [19/Aug/2022:04:16:02 -0500] "POST /kwsrmcab/Wsrmcab  HTTP/1.1" 200 46805
216.245.221.92 - - [19/Aug/2022:04:17:04 -0500] "HEAD / HTTP/1.1" 200 -
87.250.224.135 - - [19/Aug/2022:04:17:53 -0500] "-" 408 -
173.252.83.13 - - [19/Aug/2022:04:19:57 -0500] "GET /images/mercados-campesinos-5-mayo.jpg HTTP/1.1" 200 95848
172.22.2.4 - - [19/Aug/2022:04:18:17 -0500] "HEAD /BLA/boletinlegal/ HTTP/1.1" 200 -
201.245.192.253 - - [19/Aug/2022:04:20:04 -0500] "POST /kwsrmcab/Wsrmcab HTTP/1.1" 200 47839
201.245.192.253 - - [19/Aug/2022:04:20:08 -0500] "POST /kwsrmcab/Wsrmcab HTTP/1.1" 200 44716
172.22.2.4 - - [19/Aug/2022:04:19:08 -0500] "GET /BLA/boletinlegal/ HTTP/1.1" 200 58154
201.245.192.253 - - [19/Aug/2022:04:21:01 -0500] "POST /kwsrmcab/Wsrmcab  HTTP/1.1" 200 46805
216.245.221.92 - - [19/Aug/2022:04:22:04 -0500] "HEAD / HTTP/1.1" 200 -
172.22.2.4 - - [19/Aug/2022:04:24:07 -0500] "HEAD /BLA/boletinlegal/ HTTP/1.1" 200 -
173.231.60.194 - - [19/Aug/2022:04:26:00 -0500] "-" 408 -
201.245.192.253 - - [19/Aug/2022:04:26:00 -0500] "POST /kwsrmcab/Wsrmcab  HTTP/1.1" 200 46805
172.22.2.4 - - [19/Aug/2022:04:24:57 -0500] "GET /BLA/boletinlegal/ HTTP/1.1" 200 59819
185.7.214.117 - - [19/Aug/2022:04:26:40 -0500] "GET /index.php?s=/Index/\\think\\app/invokefunction&function=call_user_func_array&vars[0]=md5&vars[1][]=HelloThinkPHP21 HTTP/1.1" 404 1018
216.245.221.92 - - [19/Aug/2022:04:27:04 -0500] "HEAD / HTTP/1.1" 200 -
95.108.213.16 - - [19/Aug/2022:04:27:55 -0500] "-" 408 -
173.231.60.194 - - [19/Aug/2022:04:28:00 -0500] "-" 408 -
201.245.192.253 - - [19/Aug/2022:04:30:04 -0500] "POST /kwsrmcab/Wsrmcab HTTP/1.1" 200 47839
201.245.192.253 - - [19/Aug/2022:04:30:09 -0500] "POST /kwsrmcab/Wsrmcab HTTP/1.1" 200 44716
113.207.6.244 - - [19/Aug/2022:04:30:24 -0500] "GET /galeria/galeria/fotos/diaSC6Peq.jpg HTTP/1.1" 200 17665
201.245.192.253 - - [19/Aug/2022:04:30:59 -0500] "POST /kwsrmcab/Wsrmcab  HTTP/1.1" 200 46805
172.22.2.4 - - [19/Aug/2022:04:29:57 -0500] "HEAD /BLA/boletinlegal/ HTTP/1.1" 200 -
216.245.221.92 - - [19/Aug/2022:04:32:04 -0500] "HEAD / HTTP/1.1" 200 -
172.22.2.4 - - [19/Aug/2022:04:30:47 -0500] "GET /BLA/boletinlegal/ HTTP/1.1" 200 58566
207.46.13.45 - - [19/Aug/2022:04:33:26 -0500] "GET /forest/ HTTP/1.1" 200 12041
207.46.13.148 - - [19/Aug/2022:04:33:30 -0500] "GET / HTTP/1.1" 200 319
201.245.192.253 - - [19/Aug/2022:04:35:58 -0500] "POST /kwsrmcab/Wsrmcab  HTTP/1.1" 200 46805
216.245.221.92 - - [19/Aug/2022:04:37:04 -0500] "HEAD / HTTP/1.1" 200 -
172.22.2.4 - - [19/Aug/2022:04:35:47 -0500] "HEAD /BLA/boletinlegal/ HTTP/1.1" 200 -
87.250.224.181 - - [19/Aug/2022:04:37:55 -0500] "-" 408 -
172.22.2.4 - - [19/Aug/2022:04:36:37 -0500] "GET /BLA/boletinlegal/ HTTP/1.1" 200 53631
201.245.192.253 - - [19/Aug/2022:04:40:03 -0500] "POST /kwsrmcab/Wsrmcab HTTP/1.1" 200 47839
201.245.192.253 - - [19/Aug/2022:04:40:08 -0500] "POST /kwsrmcab/Wsrmcab HTTP/1.1" 200 44716
201.245.192.253 - - [19/Aug/2022:04:40:57 -0500] "POST /kwsrmcab/Wsrmcab  HTTP/1.1" 200 46805
198.23.149.111 - - [19/Aug/2022:04:41:38 -0500] "GET / HTTP/1.0" 200 319
66.249.79.150 - - [19/Aug/2022:04:42:03 -0500] "-" 408 -
216.245.221.92 - - [19/Aug/2022:04:42:04 -0500] "HEAD / HTTP/1.1" 200 -
130.211.54.158 - - [19/Aug/2022:04:42:11 -0500] "GET / HTTP/1.1" 200 319
172.22.2.4 - - [19/Aug/2022:04:41:21 -0500] "GET /BLA/boletinlegal/ HTTP/1.1" 200 53631
172.22.2.4 - - [19/Aug/2022:04:41:37 -0500] "HEAD /BLA/boletinlegal/ HTTP/1.1" 200 -
172.22.2.4 - - [19/Aug/2022:04:42:28 -0500] "GET /BLA/boletinlegal/ HTTP/1.1" 200 56367
185.119.81.104 - - [19/Aug/2022:04:44:39 -0500] "GET /portaldeninos/wp-login.php HTTP/1.1" 200 2592
185.119.81.104 - - [19/Aug/2022:04:44:41 -0500] "POST /portaldeninos/wp-login.php HTTP/1.1" 200 3605
201.245.192.253 - - [19/Aug/2022:04:45:57 -0500] "POST /kwsrmcab/Wsrmcab  HTTP/1.1" 200 46805
216.245.221.92 - - [19/Aug/2022:04:47:04 -0500] "HEAD / HTTP/1.1" 200 -
213.180.203.89 - - [19/Aug/2022:04:47:55 -0500] "-" 408 -
189.150.176.33 - - [19/Aug/2022:04:48:30 -0500] "GET /galeria/galeria/jquery.fancybox.css?v=2.1.5 HTTP/1.1" 200 4895
189.150.176.33 - - [19/Aug/2022:04:48:30 -0500] "GET /galeria/galeria/jquery.fancybox.js?v=2.1.5 HTTP/1.1" 200 48706
189.150.176.33 - - [19/Aug/2022:04:48:30 -0500] "GET /BLA/boletinlegal/js/jquery.scrollShow.js HTTP/1.1" 200 4586
172.22.2.4 - - [19/Aug/2022:04:47:27 -0500] "HEAD /BLA/boletinlegal/ HTTP/1.1" 200 -
172.22.2.4 - - [19/Aug/2022:04:48:18 -0500] "GET /BLA/boletinlegal/ HTTP/1.1" 200 58154
201.245.192.253 - - [19/Aug/2022:04:50:55 -0500] "POST /kwsrmcab/Wsrmcab  HTTP/1.1" 200 46805
173.231.60.194 - - [19/Aug/2022:04:51:18 -0500] "GET /BLA/resoluciones/AUTOS%202021/?act=ls&d=E%3A%5C&sort=0a HTTP/1.1" 200 535
173.231.60.194 - - [19/Aug/2022:04:51:25 -0500] "GET /BLA/resoluciones/AUTOS%202021/?act=ls&d=E%3A%5Cnuevo%5C&sort=0a HTTP/1.1" 200 535
173.231.60.194 - - [19/Aug/2022:04:51:33 -0500] "GET /BLA/resoluciones/AUTOS%202021/?act=ls&d=E%3A%5Cnuevo%5Chtdocs%5C&sort=0a HTTP/1.1" 200 535
173.231.60.194 - - [19/Aug/2022:04:51:44 -0500] "GET /BLA/resoluciones/AUTOS%202021/?act=ls&d=E%3A%5Cnuevo%5Chtdocs%5CBLA%5C&sort=0a HTTP/1.1" 200 535
173.231.60.194 - - [19/Aug/2022:04:51:51 -0500] "GET /BLA/resoluciones/AUTOS%202021/?act=ls&d=E%3A%5Cnuevo%5Chtdocs%5CBLA%5Cresoluciones&sort=0a HTTP/1.1" 200 535
173.231.60.194 - - [19/Aug/2022:04:52:00 -0500] "GET /BLA/resoluciones/AUTOS%202021/?act=ls&d=E%3A%5Cnuevo%5Chtdocs%5CBLA%5Cresoluciones%5C&sort=0a HTTP/1.1" 200 535
216.245.221.92 - - [19/Aug/2022:04:52:04 -0500] "HEAD / HTTP/1.1" 200 -
173.231.60.194 - - [19/Aug/2022:04:52:08 -0500] "GET /BLA/resoluciones/AUTOS%202021/?act=d&d=E%3A%5Cnuevo%5Chtdocs%5CBLA%5Cresoluciones%5CAUTOS%202021%5C. HTTP/1.1" 200 535
185.119.81.104 - - [19/Aug/2022:04:52:08 -0500] "GET /portaldeninos/wp-login.php HTTP/1.1" 200 2592
185.119.81.104 - - [19/Aug/2022:04:52:09 -0500] "POST /portaldeninos/wp-login.php HTTP/1.1" 200 3605
173.231.60.194 - - [19/Aug/2022:04:52:17 -0500] "GET /BLA/resoluciones/AUTOS%202021/?act=d&d=E%3A%5Cnuevo%5Chtdocs%5CBLA%5Cresoluciones%5CAUTOS%202021%5C.. HTTP/1.1" 200 535
173.231.60.194 - - [19/Aug/2022:04:52:25 -0500] "GET /BLA/resoluciones/AUTOS%202021/?act=sql&d=E%3A%5Cnuevo%5Chtdocs%5CBLA%5Cresoluciones%5CAUTOS%202021%5C HTTP/1.1" 200 535
173.231.60.194 - - [19/Aug/2022:04:52:34 -0500] "GET /BLA/resoluciones/AUTOS%202021/?act=eval&d=E%3A%5Cnuevo%5Chtdocs%5CBLA%5Cresoluciones%5CAUTOS%202021%5C HTTP/1.1" 200 535
173.231.60.194 - - [19/Aug/2022:04:52:44 -0500] "GET /BLA/resoluciones/AUTOS%202021/?act=tools&d=E%3A%5Cnuevo%5Chtdocs%5CBLA%5Cresoluciones%5CAUTOS%202021%5C HTTP/1.1" 200 535
173.231.60.194 - - [19/Aug/2022:04:52:52 -0500] "GET /BLA/resoluciones/AUTOS%202021/?act=fsbuff&d=E%3A%5Cnuevo%5Chtdocs%5CBLA%5Cresoluciones%5CAUTOS%202021%5C HTTP/1.1" 200 535
173.231.60.194 - - [19/Aug/2022:04:53:02 -0500] "GET /BLA/resoluciones/AUTOS%202021/?act=search&d=E%3A%5Cnuevo%5Chtdocs%5CBLA%5Cresoluciones%5CAUTOS%202021%5C HTTP/1.1" 200 535
173.231.60.194 - - [19/Aug/2022:04:53:10 -0500] "GET /BLA/resoluciones/AUTOS%202021/?act=update&d=E%3A%5Cnuevo%5Chtdocs%5CBLA%5Cresoluciones%5CAUTOS%202021%5C HTTP/1.1" 200 535
173.231.60.194 - - [19/Aug/2022:04:53:18 -0500] "GET /BLA/resoluciones/AUTOS%202021/?act=encoder&d=E%3A%5Cnuevo%5Chtdocs%5CBLA%5Cresoluciones%5CAUTOS%202021%5C HTTP/1.1" 200 535
173.231.60.194 - - [19/Aug/2022:04:53:26 -0500] "GET /BLA/resoluciones/AUTOS%202021/?act=chmod&f=.&d=E%3A%5Cnuevo%5Chtdocs%5CBLA%5Cresoluciones%5CAUTOS%202021 HTTP/1.1" 200 535
173.231.60.194 - - [19/Aug/2022:04:53:35 -0500] "GET /BLA/resoluciones/AUTOS%202021/?act=feedback&d=E%3A%5Cnuevo%5Chtdocs%5CBLA%5Cresoluciones%5CAUTOS%202021%5C HTTP/1.1" 200 535
173.231.60.194 - - [19/Aug/2022:04:53:43 -0500] "GET /BLA/resoluciones/AUTOS%202021/?act=security&d=E%3A%5Cnuevo%5Chtdocs%5CBLA%5Cresoluciones%5CAUTOS%202021%5C HTTP/1.1" 200 535
173.231.60.194 - - [19/Aug/2022:04:53:51 -0500] "GET /BLA/resoluciones/AUTOS%202021/?act=chmod&f=..&d=E%3A%5Cnuevo%5Chtdocs%5CBLA%5Cresoluciones%5CAUTOS%202021 HTTP/1.1" 200 535
173.231.60.194 - - [19/Aug/2022:04:54:00 -0500] "GET /BLA/resoluciones/AUTOS%202021/?act=ls&d=E%3A%5Cnuevo%5Chtdocs%5CBLA%5Cresoluciones%5CAUTOS%202021&sort=0a HTTP/1.1" 200 535
173.231.60.194 - - [19/Aug/2022:04:54:09 -0500] "GET /BLA/resoluciones/AUTOS%202021/?act=processes&d=E%3A%5Cnuevo%5Chtdocs%5CBLA%5Cresoluciones%5CAUTOS%202021%5C HTTP/1.1" 200 535
173.231.60.194 - - [19/Aug/2022:04:54:18 -0500] "GET /BLA/resoluciones/AUTOS%202021/?act=ls&d=E%3A%5Cnuevo%5Chtdocs%5CBLA%5Cresoluciones%5CAUTOS%202021%5C&sort=0a HTTP/1.1" 200 535
173.231.60.194 - - [19/Aug/2022:04:54:28 -0500] "GET /BLA/resoluciones/AUTOS%202021/?act=ls&d=E%3A%5Cnuevo%5Chtdocs%5CBLA%5Cresoluciones%5CAUTOS%202021%5C&sort=0d HTTP/1.1" 200 535
173.231.60.194 - - [19/Aug/2022:04:54:39 -0500] "GET /BLA/resoluciones/AUTOS%202021/?act=ls&d=E%3A%5Cnuevo%5Chtdocs%5CBLA%5Cresoluciones%5CAUTOS%202021%5C&sort=1a HTTP/1.1" 200 535
173.231.60.194 - - [19/Aug/2022:04:54:50 -0500] "GET /BLA/resoluciones/AUTOS%202021/?act=ls&d=E%3A%5Cnuevo%5Chtdocs%5CBLA%5Cresoluciones%5CAUTOS%202021%5C&sort=2a HTTP/1.1" 200 535
172.22.2.4 - - [19/Aug/2022:04:53:17 -0500] "HEAD /BLA/boletinlegal/ HTTP/1.1" 200 -
173.231.60.194 - - [19/Aug/2022:04:55:01 -0500] "GET /BLA/resoluciones/AUTOS%202021/?act=ls&d=E%3A%5Cnuevo%5Chtdocs%5CBLA%5Cresoluciones%5CAUTOS%202021%5C&sort=3a HTTP/1.1" 200 535
173.231.60.194 - - [19/Aug/2022:04:55:10 -0500] "GET /BLA/resoluciones/AUTOS%202021/?act=f&f=0001.pdf&d=E%3A%5Cnuevo%5Chtdocs%5CBLA%5Cresoluciones%5CAUTOS%202021& HTTP/1.1" 200 535
173.231.60.194 - - [19/Aug/2022:04:55:22 -0500] "GET /BLA/resoluciones/AUTOS%202021/?act=f&f=0002.pdf&d=E%3A%5Cnuevo%5Chtdocs%5CBLA%5Cresoluciones%5CAUTOS%202021& HTTP/1.1" 200 535
173.231.60.194 - - [19/Aug/2022:04:55:30 -0500] "GET /BLA/resoluciones/AUTOS%202021/?act=f&f=0003.pdf&d=E%3A%5Cnuevo%5Chtdocs%5CBLA%5Cresoluciones%5CAUTOS%202021& HTTP/1.1" 200 535
173.231.60.194 - - [19/Aug/2022:04:55:41 -0500] "GET /BLA/resoluciones/AUTOS%202021/?act=f&f=0005.pdf&d=E%3A%5Cnuevo%5Chtdocs%5CBLA%5Cresoluciones%5CAUTOS%202021& HTTP/1.1" 200 535
172.22.2.4 - - [19/Aug/2022:04:54:07 -0500] "GET /BLA/boletinlegal/ HTTP/1.1" 200 53281
173.231.60.194 - - [19/Aug/2022:04:55:50 -0500] "GET /BLA/resoluciones/AUTOS%202021/?act=f&f=0006.pdf&d=E%3A%5Cnuevo%5Chtdocs%5CBLA%5Cresoluciones%5CAUTOS%202021& HTTP/1.1" 200 535
201.245.192.253 - - [19/Aug/2022:04:55:54 -0500] "POST /kwsrmcab/Wsrmcab  HTTP/1.1" 200 46805
173.231.60.194 - - [19/Aug/2022:04:55:58 -0500] "GET /BLA/resoluciones/AUTOS%202021/?act=f&f=0014.pdf&d=E%3A%5Cnuevo%5Chtdocs%5CBLA%5Cresoluciones%5CAUTOS%202021& HTTP/1.1" 200 535
173.231.60.194 - - [19/Aug/2022:04:56:10 -0500] "GET /BLA/resoluciones/AUTOS%202021/?act=f&f=0016.pdf&d=E%3A%5Cnuevo%5Chtdocs%5CBLA%5Cresoluciones%5CAUTOS%202021& HTTP/1.1" 200 535
173.231.60.194 - - [19/Aug/2022:04:56:17 -0500] "GET /BLA/resoluciones/AUTOS%202021/?act=f&f=0034.pdf&d=E%3A%5Cnuevo%5Chtdocs%5CBLA%5Cresoluciones%5CAUTOS%202021& HTTP/1.1" 200 535
185.119.81.97 - - [19/Aug/2022:04:56:24 -0500] "GET /portaldeninos/wp-login.php HTTP/1.1" 200 2592
185.119.81.97 - - [19/Aug/2022:04:56:25 -0500] "POST /portaldeninos/wp-login.php HTTP/1.1" 200 3605
173.231.60.194 - - [19/Aug/2022:04:56:29 -0500] "GET /BLA/resoluciones/AUTOS%202021/?act=f&f=0038.pdf&d=E%3A%5Cnuevo%5Chtdocs%5CBLA%5Cresoluciones%5CAUTOS%202021& HTTP/1.1" 200 535
173.231.60.194 - - [19/Aug/2022:04:56:39 -0500] "GET /BLA/resoluciones/AUTOS%202021/?act=f&f=0043.pdf&d=E%3A%5Cnuevo%5Chtdocs%5CBLA%5Cresoluciones%5CAUTOS%202021& HTTP/1.1" 200 535
173.231.60.194 - - [19/Aug/2022:04:56:49 -0500] "GET /BLA/resoluciones/AUTOS%202021/?act=f&f=0053.pdf&d=E%3A%5Cnuevo%5Chtdocs%5CBLA%5Cresoluciones%5CAUTOS%202021& HTTP/1.1" 200 535
173.231.60.194 - - [19/Aug/2022:04:56:58 -0500] "GET /BLA/resoluciones/AUTOS%202021/?act=f&f=0055.pdf&d=E%3A%5Cnuevo%5Chtdocs%5CBLA%5Cresoluciones%5CAUTOS%202021& HTTP/1.1" 200 535
216.245.221.92 - - [19/Aug/2022:04:57:04 -0500] "HEAD / HTTP/1.1" 200 -
173.231.60.194 - - [19/Aug/2022:04:57:09 -0500] "GET /BLA/resoluciones/AUTOS%202021/?act=f&f=0056.pdf&d=E%3A%5Cnuevo%5Chtdocs%5CBLA%5Cresoluciones%5CAUTOS%202021& HTTP/1.1" 200 535
173.231.60.194 - - [19/Aug/2022:04:57:19 -0500] "GET /BLA/resoluciones/AUTOS%202021/?act=f&f=0069.pdf&d=E%3A%5Cnuevo%5Chtdocs%5CBLA%5Cresoluciones%5CAUTOS%202021& HTTP/1.1" 200 535
173.231.60.194 - - [19/Aug/2022:04:57:30 -0500] "GET /BLA/resoluciones/AUTOS%202021/?act=f&f=0070.pdf&d=E%3A%5Cnuevo%5Chtdocs%5CBLA%5Cresoluciones%5CAUTOS%202021& HTTP/1.1" 200 535
173.231.60.194 - - [19/Aug/2022:04:57:39 -0500] "GET /BLA/resoluciones/AUTOS%202021/?act=f&f=0071.pdf&d=E%3A%5Cnuevo%5Chtdocs%5CBLA%5Cresoluciones%5CAUTOS%202021& HTTP/1.1" 200 535
173.231.60.194 - - [19/Aug/2022:04:57:47 -0500] "GET /BLA/resoluciones/AUTOS%202021/?act=f&f=0072.pdf&d=E%3A%5Cnuevo%5Chtdocs%5CBLA%5Cresoluciones%5CAUTOS%202021& HTTP/1.1" 200 535
173.231.60.194 - - [19/Aug/2022:04:57:54 -0500] "GET /BLA/resoluciones/AUTOS%202021/?act=f&f=0082.pdf&d=E%3A%5Cnuevo%5Chtdocs%5CBLA%5Cresoluciones%5CAUTOS%202021& HTTP/1.1" 200 535
173.231.60.194 - - [19/Aug/2022:04:58:04 -0500] "GET /BLA/resoluciones/AUTOS%202021/?act=f&f=0086.pdf&d=E%3A%5Cnuevo%5Chtdocs%5CBLA%5Cresoluciones%5CAUTOS%202021& HTTP/1.1" 200 535
173.231.60.194 - - [19/Aug/2022:04:58:13 -0500] "GET /BLA/resoluciones/AUTOS%202021/?act=f&f=0088.pdf&d=E%3A%5Cnuevo%5Chtdocs%5CBLA%5Cresoluciones%5CAUTOS%202021& HTTP/1.1" 200 535
173.231.60.194 - - [19/Aug/2022:04:58:21 -0500] "GET /BLA/resoluciones/AUTOS%202021/?act=f&f=0090.pdf&d=E%3A%5Cnuevo%5Chtdocs%5CBLA%5Cresoluciones%5CAUTOS%202021& HTTP/1.1" 200 535
173.231.60.194 - - [19/Aug/2022:04:58:32 -0500] "GET /BLA/resoluciones/AUTOS%202021/?act=f&f=0095.pdf&d=E%3A%5Cnuevo%5Chtdocs%5CBLA%5Cresoluciones%5CAUTOS%202021& HTTP/1.1" 200 535
173.231.60.194 - - [19/Aug/2022:04:58:40 -0500] "GET /BLA/resoluciones/AUTOS%202021/?act=f&f=0096.pdf&d=E%3A%5Cnuevo%5Chtdocs%5CBLA%5Cresoluciones%5CAUTOS%202021& HTTP/1.1" 200 535
173.231.60.194 - - [19/Aug/2022:04:58:51 -0500] "GET /BLA/resoluciones/AUTOS%202021/?act=f&f=0104.pdf&d=E%3A%5Cnuevo%5Chtdocs%5CBLA%5Cresoluciones%5CAUTOS%202021& HTTP/1.1" 200 535
172.22.2.4 - - [19/Aug/2022:04:59:07 -0500] "HEAD /BLA/boletinlegal/ HTTP/1.1" 200 -
201.245.192.253 - - [19/Aug/2022:05:00:54 -0500] "POST /kwsrmcab/Wsrmcab  HTTP/1.1" 200 46805
172.22.2.4 - - [19/Aug/2022:04:59:57 -0500] "GET /BLA/boletinlegal/ HTTP/1.1" 200 60272
216.245.221.92 - - [19/Aug/2022:05:02:04 -0500] "HEAD / HTTP/1.1" 200 -
66.249.79.115 - - [19/Aug/2022:05:02:15 -0500] "-" 408 -
23.251.102.74 - - [19/Aug/2022:05:02:20 -0500] "GET / HTTP/1.1" 200 319
172.22.2.4 - - [19/Aug/2022:05:02:42 -0500] "GET /BLA/boletinlegal/norma_menu.php HTTP/1.1" 200 6318
172.22.2.4 - - [19/Aug/2022:05:02:59 -0500] "GET /BLA/boletinlegal/js/jquery1.js HTTP/1.1" 200 29846
172.22.2.4 - - [19/Aug/2022:05:03:00 -0500] "GET /BLA/boletinlegal/js/ajax.js HTTP/1.1" 200 772
172.22.2.4 - - [19/Aug/2022:05:03:02 -0500] "GET /BLA/boletinlegal/styles2.css HTTP/1.1" 200 1838
172.22.2.4 - - [19/Aug/2022:05:03:02 -0500] "GET /BLA/boletinlegal/js/popup.js HTTP/1.1" 200 1270
172.22.2.4 - - [19/Aug/2022:05:03:04 -0500] "GET /BLA/boletinlegal/js/lib.js HTTP/1.1" 200 6474
172.22.2.4 - - [19/Aug/2022:05:03:05 -0500] "GET /BLA/boletinlegal/swfobject.js HTTP/1.1" 200 9763
157.55.39.98 - - [19/Aug/2022:05:05:41 -0500] "GET /sipse/faces/faces/autenticacion.xhtml HTTP/1.1" 200 12494
201.245.192.253 - - [19/Aug/2022:05:05:52 -0500] "POST /kwsrmcab/Wsrmcab  HTTP/1.1" 200 46805
172.22.2.4 - - [19/Aug/2022:05:04:57 -0500] "HEAD /BLA/boletinlegal/ HTTP/1.1" 200 -
216.245.221.92 - - [19/Aug/2022:05:07:04 -0500] "HEAD / HTTP/1.1" 200 -
172.22.2.4 - - [19/Aug/2022:05:05:47 -0500] "GET /BLA/boletinlegal/ HTTP/1.1" 200 58154
64.62.243.165 - - [19/Aug/2022:05:10:17 -0500] "GET / HTTP/1.1" 200 319
201.245.192.253 - - [19/Aug/2022:05:10:51 -0500] "POST /kwsrmcab/Wsrmcab  HTTP/1.1" 200 46805
216.245.221.92 - - [19/Aug/2022:05:12:04 -0500] "HEAD / HTTP/1.1" 200 -
172.22.2.4 - - [19/Aug/2022:05:10:47 -0500] "HEAD /BLA/boletinlegal/ HTTP/1.1" 200 -
172.22.2.4 - - [19/Aug/2022:05:11:37 -0500] "GET /BLA/boletinlegal/ HTTP/1.1" 200 59819
185.7.214.117 - - [19/Aug/2022:05:15:20 -0500] "GET /?a=fetch&content=<php>die(@md5(HelloThinkCMF))</php> HTTP/1.1" 200 319
201.245.192.253 - - [19/Aug/2022:05:15:50 -0500] "POST /kwsrmcab/Wsrmcab  HTTP/1.1" 200 46805
216.245.221.92 - - [19/Aug/2022:05:17:04 -0500] "HEAD / HTTP/1.1" 200 -
172.22.2.4 - - [19/Aug/2022:05:16:37 -0500] "HEAD /BLA/boletinlegal/ HTTP/1.1" 200 -
172.22.2.4 - - [19/Aug/2022:05:17:27 -0500] "GET /BLA/boletinlegal/ HTTP/1.1" 200 60272
201.245.192.253 - - [19/Aug/2022:05:20:04 -0500] "POST /kwsrmcab/Wsrmcab HTTP/1.1" 200 47841
201.245.192.253 - - [19/Aug/2022:05:20:08 -0500] "POST /kwsrmcab/Wsrmcab HTTP/1.1" 200 44724
201.245.192.253 - - [19/Aug/2022:05:20:50 -0500] "POST /kwsrmcab/Wsrmcab  HTTP/1.1" 200 46805
216.245.221.92 - - [19/Aug/2022:05:22:04 -0500] "HEAD / HTTP/1.1" 200 -
172.22.2.4 - - [19/Aug/2022:05:21:31 -0500] "GET /BLA/boletinlegal/ HTTP/1.1" 200 45003
172.22.2.4 - - [19/Aug/2022:05:22:27 -0500] "HEAD /BLA/boletinlegal/ HTTP/1.1" 200 -
172.22.2.4 - - [19/Aug/2022:05:24:12 -0500] "GET /BLA/boletinlegal/conceptos.php HTTP/1.1" 200 7443
172.22.2.4 - - [19/Aug/2022:05:23:17 -0500] "GET /BLA/boletinlegal/ HTTP/1.1" 200 58154
201.245.192.253 - - [19/Aug/2022:05:25:49 -0500] "POST /kwsrmcab/Wsrmcab  HTTP/1.1" 200 46805
216.245.221.92 - - [19/Aug/2022:05:27:04 -0500] "HEAD / HTTP/1.1" 200 -
172.22.2.4 - - [19/Aug/2022:05:28:17 -0500] "HEAD /BLA/boletinlegal/ HTTP/1.1" 200 -
201.245.192.253 - - [19/Aug/2022:05:30:04 -0500] "POST /kwsrmcab/Wsrmcab HTTP/1.1" 200 47841
201.245.192.253 - - [19/Aug/2022:05:30:08 -0500] "POST /kwsrmcab/Wsrmcab HTTP/1.1" 200 44724
172.22.2.4 - - [19/Aug/2022:05:29:08 -0500] "GET /BLA/boletinlegal/ HTTP/1.1" 200 52868
201.245.192.253 - - [19/Aug/2022:05:30:48 -0500] "POST /kwsrmcab/Wsrmcab  HTTP/1.1" 200 46805
185.119.81.104 - - [19/Aug/2022:05:31:25 -0500] "GET /portaldeninos/wp-login.php HTTP/1.1" 200 2592
185.119.81.104 - - [19/Aug/2022:05:31:26 -0500] "POST /portaldeninos/wp-login.php HTTP/1.1" 200 3605
216.245.221.92 - - [19/Aug/2022:05:32:04 -0500] "HEAD / HTTP/1.1" 200 -
66.249.79.111 - - [19/Aug/2022:05:32:34 -0500] "-" 408 -
172.22.2.4 - - [19/Aug/2022:05:34:07 -0500] "HEAD /BLA/boletinlegal/ HTTP/1.1" 200 -
201.245.192.253 - - [19/Aug/2022:05:35:47 -0500] "POST /kwsrmcab/Wsrmcab  HTTP/1.1" 200 46805
172.22.2.4 - - [19/Aug/2022:05:34:57 -0500] "GET /BLA/boletinlegal/ HTTP/1.1" 200 58154
216.245.221.92 - - [19/Aug/2022:05:37:04 -0500] "HEAD / HTTP/1.1" 200 -
201.245.192.253 - - [19/Aug/2022:05:40:04 -0500] "POST /kwsrmcab/Wsrmcab HTTP/1.1" 200 47841
201.245.192.253 - - [19/Aug/2022:05:40:08 -0500] "POST /kwsrmcab/Wsrmcab HTTP/1.1" 200 44724
201.245.192.253 - - [19/Aug/2022:05:40:46 -0500] "POST /kwsrmcab/Wsrmcab  HTTP/1.1" 200 46805
172.22.2.4 - - [19/Aug/2022:05:39:57 -0500] "HEAD /BLA/boletinlegal/ HTTP/1.1" 200 -
216.245.221.92 - - [19/Aug/2022:05:42:04 -0500] "HEAD / HTTP/1.1" 200 -
172.22.2.4 - - [19/Aug/2022:05:40:47 -0500] "GET /BLA/boletinlegal/ HTTP/1.1" 200 59819
185.119.81.104 - - [19/Aug/2022:05:43:53 -0500] "GET /portaldeninos/wp-login.php HTTP/1.1" 200 2592
185.119.81.104 - - [19/Aug/2022:05:43:54 -0500] "POST /portaldeninos/wp-login.php HTTP/1.1" 200 3650
185.7.214.117 - - [19/Aug/2022:05:44:04 -0500] "GET /?XDEBUG_SESSION_START=phpstorm HTTP/1.1" 200 319
201.245.192.253 - - [19/Aug/2022:05:45:45 -0500] "POST /kwsrmcab/Wsrmcab  HTTP/1.1" 200 46805
216.245.221.92 - - [19/Aug/2022:05:47:04 -0500] "HEAD / HTTP/1.1" 200 -
172.22.2.4 - - [19/Aug/2022:05:45:47 -0500] "HEAD /BLA/boletinlegal/ HTTP/1.1" 200 -
172.22.2.4 - - [19/Aug/2022:05:46:38 -0500] "GET /BLA/boletinlegal/ HTTP/1.1" 200 52868
192.133.77.17 - - [19/Aug/2022:05:50:45 -0500] "GET /images/nueva-jornada-reciclaton-ambiente-cajas-12-noviembre.jpg HTTP/1.1" 200 479427
192.133.77.16 - - [19/Aug/2022:05:50:46 -0500] "GET /mas-de-36-000-kilogramos-de-residuos-especiales-y-peligrosos-fueron-recolectados-esta-semana-en-bogota.html HTTP/1.1" 200 983
201.245.192.253 - - [19/Aug/2022:05:50:44 -0500] "POST /kwsrmcab/Wsrmcab  HTTP/1.1" 200 46805
216.245.221.92 - - [19/Aug/2022:05:52:04 -0500] "HEAD / HTTP/1.1" 200 -
172.22.2.4 - - [19/Aug/2022:05:51:37 -0500] "HEAD /BLA/boletinlegal/ HTTP/1.1" 200 -
172.22.2.4 - - [19/Aug/2022:05:53:59 -0500] "GET /BLA/boletinlegal/jurisprudencia/analisis/ANALISIST-672-14.docx HTTP/1.1" 304 -
172.22.2.4 - - [19/Aug/2022:05:52:27 -0500] "GET /BLA/boletinlegal/ HTTP/1.1" 200 56367
172.22.2.4 - - [19/Aug/2022:05:53:49 -0500] "GET /BLA/boletinlegal/ HTTP/1.1" 200 24523
207.46.13.11 - - [19/Aug/2022:05:54:53 -0500] "GET /sipse/faces/javax.faces.resource/jquery/jquery-plugins.js;jsessionid=83lbhtapicsocnhznir7ecdp.undefined?ln=primefaces&amp;v=4.0 HTTP/1.1" 200 220526
201.245.192.253 - - [19/Aug/2022:05:55:42 -0500] "POST /kwsrmcab/Wsrmcab  HTTP/1.1" 200 46805
216.245.221.92 - - [19/Aug/2022:05:57:04 -0500] "HEAD / HTTP/1.1" 200 -
114.119.140.111 - - [19/Aug/2022:05:58:56 -0500] "-" 408 -
172.22.2.4 - - [19/Aug/2022:05:57:27 -0500] "HEAD /BLA/boletinlegal/ HTTP/1.1" 200 -
66.249.79.111 - - [19/Aug/2022:05:59:29 -0500] "-" 408 -
172.22.2.4 - - [19/Aug/2022:05:58:17 -0500] "GET /BLA/boletinlegal/ HTTP/1.1" 200 59819
207.46.13.11 - - [19/Aug/2022:06:00:00 -0500] "GET / HTTP/1.1" 200 319
178.79.132.75 - - [19/Aug/2022:06:00:06 -0500] "GET /portaldeninos/ HTTP/1.1" 200 110281
201.245.192.253 - - [19/Aug/2022:06:00:41 -0500] "POST /kwsrmcab/Wsrmcab  HTTP/1.1" 200 46805
216.245.221.92 - - [19/Aug/2022:06:02:04 -0500] "HEAD / HTTP/1.1" 200 -
199.59.150.181 - - [19/Aug/2022:06:02:09 -0500] "GET /images/desayuno-por-el-clima-del-c40-cop26-3-nov.jpg HTTP/1.1" 200 103146
199.59.150.182 - - [19/Aug/2022:06:02:09 -0500] "GET /images/desayuno-por-el-clima-del-c40-cop26-3-nov.jpg HTTP/1.1" 200 103146
199.16.157.182 - - [19/Aug/2022:06:02:10 -0500] "GET /images/desayuno-por-el-clima-del-c40-cop26-3-nov.jpg HTTP/1.1" 200 103146
185.119.81.96 - - [19/Aug/2022:06:02:43 -0500] "GET /portaldeninos/wp-login.php HTTP/1.1" 200 2592
185.119.81.96 - - [19/Aug/2022:06:02:44 -0500] "POST /portaldeninos/wp-login.php HTTP/1.1" 200 3605
207.46.13.36 - - [19/Aug/2022:06:03:36 -0500] "GET /BLA/resoluciones/index.php?dir=Notificaciones%2F HTTP/1.1" 200 10351
172.22.2.4 - - [19/Aug/2022:06:03:17 -0500] "HEAD /BLA/boletinlegal/ HTTP/1.1" 200 -
207.46.13.36 - - [19/Aug/2022:06:05:35 -0500] "GET /svr-ciudadano/images/pdf.png HTTP/1.1" 200 1002
172.22.2.4 - - [19/Aug/2022:06:04:50 -0500] "GET /BLA/boletinlegal/ HTTP/1.1" 200 24523
201.245.192.253 - - [19/Aug/2022:06:05:40 -0500] "POST /kwsrmcab/Wsrmcab  HTTP/1.1" 200 46805
172.22.2.4 - - [19/Aug/2022:06:04:07 -0500] "GET /BLA/boletinlegal/ HTTP/1.1" 200 44462
216.245.221.92 - - [19/Aug/2022:06:07:04 -0500] "HEAD / HTTP/1.1" 200 -
207.46.13.188 - - [19/Aug/2022:06:08:12 -0500] "GET /BLA/boletinlegal/Directivas/2011/Directiva%20No.%2010%20del%2028%20de%20Septiembre%20de%202011.pdf HTTP/1.1" 304 -
109.237.103.123 - - [19/Aug/2022:06:09:20 -0500] "GET /.env HTTP/1.1" 404 1018
109.237.103.123 - - [19/Aug/2022:06:09:20 -0500] "\x16\x03\x01\x01D\x01" 400 226
66.249.79.150 - - [19/Aug/2022:06:10:17 -0500] "-" 408 -
201.245.192.253 - - [19/Aug/2022:06:10:39 -0500] "POST /kwsrmcab/Wsrmcab  HTTP/1.1" 200 46805
172.22.2.4 - - [19/Aug/2022:06:09:07 -0500] "HEAD /BLA/boletinlegal/ HTTP/1.1" 200 -
172.22.2.4 - - [19/Aug/2022:06:09:57 -0500] "GET /BLA/boletinlegal/ HTTP/1.1" 200 59819
216.245.221.92 - - [19/Aug/2022:06:12:04 -0500] "HEAD / HTTP/1.1" 200 -
201.245.192.253 - - [19/Aug/2022:06:15:38 -0500] "POST /kwsrmcab/Wsrmcab  HTTP/1.1" 200 46805
172.22.2.4 - - [19/Aug/2022:06:14:57 -0500] "HEAD /BLA/boletinlegal/ HTTP/1.1" 200 -
216.245.221.92 - - [19/Aug/2022:06:17:04 -0500] "HEAD / HTTP/1.1" 200 -
2.57.122.98 - - [19/Aug/2022:06:17:08 -0500] "GET / HTTP/1.1" 200 319
172.22.2.4 - - [19/Aug/2022:06:15:47 -0500] "GET /BLA/boletinlegal/ HTTP/1.1" 200 58946
66.249.79.115 - - [19/Aug/2022:06:17:34 -0500] "-" 408 -
172.22.2.4 - - [19/Aug/2022:06:19:11 -0500] "GET /BLA/boletinlegal/conceptos.php HTTP/1.1" 200 7443
201.245.192.253 - - [19/Aug/2022:06:20:03 -0500] "POST /kwsrmcab/Wsrmcab HTTP/1.1" 200 48140
201.245.192.253 - - [19/Aug/2022:06:20:07 -0500] "POST /kwsrmcab/Wsrmcab HTTP/1.1" 200 44575
201.245.192.253 - - [19/Aug/2022:06:20:37 -0500] "POST /kwsrmcab/Wsrmcab  HTTP/1.1" 200 46805
216.245.221.92 - - [19/Aug/2022:06:22:04 -0500] "HEAD / HTTP/1.1" 200 -
172.22.2.4 - - [19/Aug/2022:06:20:47 -0500] "HEAD /BLA/boletinlegal/ HTTP/1.1" 200 -
172.22.2.4 - - [19/Aug/2022:06:21:37 -0500] "GET /BLA/boletinlegal/ HTTP/1.1" 200 59819
157.55.39.98 - - [19/Aug/2022:06:23:39 -0500] "GET /sipse/faces/faces/autenticacion.xhtml HTTP/1.1" 200 12494
185.7.214.117 - - [19/Aug/2022:06:25:02 -0500] "GET /console/ HTTP/1.1" 404 1018
173.252.127.3 - - [19/Aug/2022:06:25:10 -0500] "GET /images/reunion-planta-termovalorizacion-11-mayo.jpg HTTP/1.1" 200 34782
201.245.192.253 - - [19/Aug/2022:06:25:35 -0500] "POST /kwsrmcab/Wsrmcab  HTTP/1.1" 200 46805
216.245.221.92 - - [19/Aug/2022:06:27:04 -0500] "HEAD / HTTP/1.1" 200 -
185.119.81.96 - - [19/Aug/2022:06:27:33 -0500] "GET /portaldeninos/wp-login.php HTTP/1.1" 200 2592
185.119.81.96 - - [19/Aug/2022:06:27:34 -0500] "POST /portaldeninos/wp-login.php HTTP/1.1" 200 3670
172.22.2.4 - - [19/Aug/2022:06:26:37 -0500] "HEAD /BLA/boletinlegal/ HTTP/1.1" 200 -
172.22.2.4 - - [19/Aug/2022:06:27:27 -0500] "GET /BLA/boletinlegal/ HTTP/1.1" 200 53281
185.119.81.104 - - [19/Aug/2022:06:29:44 -0500] "GET /portaldeninos/wp-login.php HTTP/1.1" 200 2592
185.119.81.104 - - [19/Aug/2022:06:29:46 -0500] "POST /portaldeninos/wp-login.php HTTP/1.1" 200 3605
201.245.192.253 - - [19/Aug/2022:06:30:04 -0500] "POST /kwsrmcab/Wsrmcab HTTP/1.1" 200 48140
201.245.192.253 - - [19/Aug/2022:06:30:08 -0500] "POST /kwsrmcab/Wsrmcab HTTP/1.1" 200 44575
201.245.192.253 - - [19/Aug/2022:06:30:35 -0500] "POST /kwsrmcab/Wsrmcab  HTTP/1.1" 200 46805
109.206.241.219 - - [19/Aug/2022:06:31:08 -0500] "POST /boaform/admin/formLogin HTTP/1.1" 404 1186
216.245.221.92 - - [19/Aug/2022:06:32:04 -0500] "HEAD / HTTP/1.1" 200 -
172.22.2.4 - - [19/Aug/2022:06:32:27 -0500] "HEAD /BLA/boletinlegal/ HTTP/1.1" 200 -
200.118.16.79 - - [19/Aug/2022:06:34:08 -0500] "GET /kwssiamovil/sm/acme/u?s=U2FsdGVkX1+X7sf7j+da+lMTfJ2NjUcHTKP5meHRIOp6f2K4ts/BXkGRynMuoFr9lpXT7UfjwoM0xBeGjkFTFgF9TLQUSC5Affo0sDYN9NoXrQCOjiMyAYmO88YDRE4QePdkfyLkYG9YFN8Oz/aZPg==&u=U2FsdGVkX1+csCqujwaSAW/j/3yJ/ESldEEPjqh2mCc=&y=U2FsdGVkX19VJWMK/Skx+iZjjr6SQOMPNEr8SY0V5eh5qPxK6KlJ35HwfatKf/1d HTTP/1.1" 200 60
207.46.13.115 - - [19/Aug/2022:06:34:18 -0500] "GET /BLA/resoluciones/RESOLUCIONES%202014/0120.pdf HTTP/1.1" 304 -
172.22.2.4 - - [19/Aug/2022:06:34:28 -0500] "GET /BLA/boletinlegal/favicon.ico HTTP/1.1" 404 1018
172.22.2.4 - - [19/Aug/2022:06:34:46 -0500] "GET /BLA/boletinlegal/favicon.ico HTTP/1.1" 404 1038
172.22.2.4 - - [19/Aug/2022:06:33:17 -0500] "GET /BLA/boletinlegal/ HTTP/1.1" 200 55211
172.22.2.4 - - [19/Aug/2022:06:34:18 -0500] "GET /BLA/boletinlegal/ HTTP/1.1" 200 32715
172.22.2.4 - - [19/Aug/2022:06:34:43 -0500] "GET /BLA/boletinlegal/ HTTP/1.1" 200 24523
201.245.192.253 - - [19/Aug/2022:06:35:33 -0500] "POST /kwsrmcab/Wsrmcab  HTTP/1.1" 200 46805
207.46.13.188 - - [19/Aug/2022:06:36:37 -0500] "GET /BLA/resoluciones/index.php?dir=AUTOS+2021%2F HTTP/1.1" 200 392023
157.55.39.98 - - [19/Aug/2022:06:36:49 -0500] "GET /BLA/resoluciones/RESOLUCIONES%202019/1066.pdf HTTP/1.1" 304 -
79.110.73.122 - - [19/Aug/2022:06:37:00 -0500] "GET /BLA/resoluciones/AUTOS%202022/2172.pdf HTTP/1.1" 200 414472
216.245.221.92 - - [19/Aug/2022:06:37:04 -0500] "HEAD / HTTP/1.1" 200 -
172.22.2.4 - - [19/Aug/2022:06:38:20 -0500] "GET /BLA/boletinlegal/conceptos.php HTTP/1.1" 200 7443
172.22.2.4 - - [19/Aug/2022:06:38:21 -0500] "GET /BLA/boletinlegal/styles2.css HTTP/1.1" 200 1838
172.22.2.4 - - [19/Aug/2022:06:38:21 -0500] "GET /BLA/boletinlegal/js/ajax_conceptos.js HTTP/1.1" 200 1326
172.22.2.4 - - [19/Aug/2022:06:38:21 -0500] "GET /BLA/boletinlegal/niceforms.js HTTP/1.1" 200 22876
172.22.2.4 - - [19/Aug/2022:06:38:21 -0500] "GET /BLA/boletinlegal/style.css HTTP/1.1" 200 9406
172.22.2.4 - - [19/Aug/2022:06:38:21 -0500] "GET /BLA/boletinlegal/images/cabezote%20BLEGAL.jpg HTTP/1.1" 200 118164
172.22.2.4 - - [19/Aug/2022:06:38:22 -0500] "GET /BLA/boletinlegal/images/subscribe-icon-big.png HTTP/1.1" 200 47702
172.22.2.4 - - [19/Aug/2022:06:38:22 -0500] "GET /BLA/boletinlegal/images/historia.png HTTP/1.1" 200 52775
172.22.2.4 - - [19/Aug/2022:06:38:22 -0500] "GET /BLA/boletinlegal/images/registro-usuarios.png HTTP/1.1" 200 8106
172.22.2.4 - - [19/Aug/2022:06:38:22 -0500] "GET /BLA/boletinlegal/images/abajo.png HTTP/1.1" 200 96676
172.22.2.4 - - [19/Aug/2022:06:38:22 -0500] "GET /BLA/boletinlegal/images/tel.png HTTP/1.1" 200 14477
172.22.2.4 - - [19/Aug/2022:06:38:22 -0500] "GET /BLA/boletinlegal/images/icono-email.png HTTP/1.1" 200 5544
172.22.2.4 - - [19/Aug/2022:06:38:22 -0500] "GET /BLA/boletinlegal/images/hover.jpg HTTP/1.1" 200 640
172.22.2.4 - - [19/Aug/2022:06:38:22 -0500] "GET /BLA/boletinlegal/images/text.jpg HTTP/1.1" 200 568
172.22.2.4 - - [19/Aug/2022:06:38:22 -0500] "GET /BLA/boletinlegal/images/body_bg.jpg HTTP/1.1" 200 1601
172.22.2.4 - - [19/Aug/2022:06:38:22 -0500] "GET /BLA/boletinlegal/images/menu_lft.gif HTTP/1.1" 200 1713
172.22.2.4 - - [19/Aug/2022:06:38:22 -0500] "GET /BLA/boletinlegal/images/footer_bg.jpg HTTP/1.1" 200 586
172.22.2.4 - - [19/Aug/2022:06:38:22 -0500] "GET /BLA/boletinlegal/images/menu_rght.gif HTTP/1.1" 200 1627
172.22.2.4 - - [19/Aug/2022:06:38:22 -0500] "GET /BLA/boletinlegal/images/bg_top.jpg HTTP/1.1" 200 522
172.22.2.4 - - [19/Aug/2022:06:38:22 -0500] "GET /BLA/boletinlegal/images/menu_bg.jpg HTTP/1.1" 200 620
172.22.2.4 - - [19/Aug/2022:06:38:22 -0500] "GET /BLA/boletinlegal/images/footer_bg_l.jpg HTTP/1.1" 200 776
172.22.2.4 - - [19/Aug/2022:06:38:23 -0500] "GET /BLA/boletinlegal/img/0.png HTTP/1.1" 200 110
172.22.2.4 - - [19/Aug/2022:06:38:23 -0500] "GET /BLA/boletinlegal/img/select-left.png HTTP/1.1" 200 263
172.22.2.4 - - [19/Aug/2022:06:38:23 -0500] "GET /BLA/boletinlegal/img/select-right.png HTTP/1.1" 200 44019
172.22.2.4 - - [19/Aug/2022:06:38:23 -0500] "GET /BLA/boletinlegal/img/button-left.png HTTP/1.1" 200 57071
172.22.2.4 - - [19/Aug/2022:06:38:23 -0500] "GET /BLA/boletinlegal/img/button.png HTTP/1.1" 200 43241
172.22.2.4 - - [19/Aug/2022:06:38:23 -0500] "GET /BLA/boletinlegal/img/button-right.png HTTP/1.1" 200 57878
172.22.2.4 - - [19/Aug/2022:06:38:23 -0500] "GET /BLA/boletinlegal/favicon.ico HTTP/1.1" 404 1334
172.22.2.4 - - [19/Aug/2022:06:38:24 -0500] "GET /BLA/boletinlegal/consulta_conceptos.php?no=&solicitante=&radicado_entrada=&fecha_concepto=2022&objeto= HTTP/1.1" 200 16871
172.22.2.4 - - [19/Aug/2022:06:38:25 -0500] "GET /BLA/boletinlegal/images/pdf.gif HTTP/1.1" 200 567
172.22.2.4 - - [19/Aug/2022:06:38:25 -0500] "GET /BLA/boletinlegal/images/background.gif HTTP/1.1" 200 -
172.22.2.4 - - [19/Aug/2022:06:38:27 -0500] "GET /BLA/boletinlegal/conceptos/2022/33.pdf HTTP/1.1" 404 1334
172.22.2.4 - - [19/Aug/2022:06:38:38 -0500] "GET /BLA/boletinlegal/js/jquery.js HTTP/1.1" 200 57254
172.22.2.4 - - [19/Aug/2022:06:38:38 -0500] "GET /BLA/boletinlegal/js/jquery.scrollTo-min.js HTTP/1.1" 200 1150
172.22.2.4 - - [19/Aug/2022:06:38:38 -0500] "GET /BLA/boletinlegal/js/jquery.scrollShow.js HTTP/1.1" 200 4586
172.22.2.4 - - [19/Aug/2022:06:38:38 -0500] "GET /BLA/boletinlegal/images/arr_l.jpg HTTP/1.1" 200 1979
172.22.2.4 - - [19/Aug/2022:06:38:38 -0500] "GET /BLA/boletinlegal/images/screen_1.png HTTP/1.1" 200 202547
172.22.2.4 - - [19/Aug/2022:06:38:38 -0500] "GET /BLA/boletinlegal/images/launch.jpg HTTP/1.1" 200 14577
172.22.2.4 - - [19/Aug/2022:06:38:47 -0500] "GET /BLA/boletinlegal/images/screen_2.png HTTP/1.1" 200 362502
172.22.2.4 - - [19/Aug/2022:06:38:47 -0500] "GET /BLA/boletinlegal/images/screen_3.png HTTP/1.1" 200 210620
172.22.2.4 - - [19/Aug/2022:06:38:47 -0500] "GET /BLA/boletinlegal/images/screen_5.png HTTP/1.1" 200 368876
172.22.2.4 - - [19/Aug/2022:06:38:47 -0500] "GET /BLA/boletinlegal/images/arr_r.jpg HTTP/1.1" 200 1998
172.22.2.4 - - [19/Aug/2022:06:39:17 -0500] "GET /BLA/boletinlegal/actos.php HTTP/1.1" 200 9559
172.22.2.4 - - [19/Aug/2022:06:39:17 -0500] "GET /BLA/boletinlegal/js/ajax_actos.js HTTP/1.1" 200 1322
172.22.2.4 - - [19/Aug/2022:06:39:17 -0500] "GET /BLA/boletinlegal/js/lib.js HTTP/1.1" 200 6474
172.22.2.4 - - [19/Aug/2022:06:39:17 -0500] "GET /BLA/boletinlegal/js/popup.js HTTP/1.1" 200 1270
172.22.2.4 - - [19/Aug/2022:06:39:17 -0500] "GET /BLA/boletinlegal/js/jquery1.js HTTP/1.1" 200 29846
172.22.2.4 - - [19/Aug/2022:06:39:17 -0500] "GET /BLA/boletinlegal/images/green-yellow-blue-pink-th.png HTTP/1.1" 200 7394
172.22.2.4 - - [19/Aug/2022:06:39:21 -0500] "GET /BLA/boletinlegal/consulta_actos.php?tipo=resoluciones&no=&usuario=&sector=&fecha=2022&resuelve= HTTP/1.1" 200 347240
172.22.2.4 - - [19/Aug/2022:06:38:17 -0500] "HEAD /BLA/boletinlegal/ HTTP/1.1" 200 -
172.22.2.4 - - [19/Aug/2022:06:38:38 -0500] "GET /BLA/boletinlegal/index.php HTTP/1.1" 200 40907
201.245.192.253 - - [19/Aug/2022:06:40:03 -0500] "POST /kwsrmcab/Wsrmcab HTTP/1.1" 200 48140
201.245.192.253 - - [19/Aug/2022:06:40:08 -0500] "POST /kwsrmcab/Wsrmcab HTTP/1.1" 200 44575
201.245.192.253 - - [19/Aug/2022:06:40:32 -0500] "POST /kwsrmcab/Wsrmcab  HTTP/1.1" 200 46805
172.22.2.4 - - [19/Aug/2022:06:39:07 -0500] "GET /BLA/boletinlegal/ HTTP/1.1" 200 54347
157.55.39.108 - - [19/Aug/2022:06:41:50 -0500] "GET /images/fachada-secretaria-ambiente-15-octubre.jpg HTTP/1.1" 200 148853
216.245.221.92 - - [19/Aug/2022:06:42:04 -0500] "HEAD / HTTP/1.1" 200 -
201.245.192.253 - - [19/Aug/2022:06:45:31 -0500] "POST /kwsrmcab/Wsrmcab  HTTP/1.1" 200 46805
172.22.2.4 - - [19/Aug/2022:06:44:07 -0500] "HEAD /BLA/boletinlegal/ HTTP/1.1" 200 -
172.22.2.4 - - [19/Aug/2022:06:44:57 -0500] "GET /BLA/boletinlegal/ HTTP/1.1" 200 53631
173.231.60.194 - - [19/Aug/2022:06:46:57 -0500] "GET /BLA/resoluciones/AUTOS%202021/?act=f&f=0109.pdf&d=E%3A%5Cnuevo%5Chtdocs%5CBLA%5Cresoluciones%5CAUTOS%202021& HTTP/1.1" 200 535
216.245.221.92 - - [19/Aug/2022:06:47:04 -0500] "HEAD / HTTP/1.1" 200 -
173.231.60.194 - - [19/Aug/2022:06:47:04 -0500] "GET /BLA/resoluciones/AUTOS%202021/?act=f&f=0110.pdf&d=E%3A%5Cnuevo%5Chtdocs%5CBLA%5Cresoluciones%5CAUTOS%202021& HTTP/1.1" 200 535
173.231.60.194 - - [19/Aug/2022:06:47:12 -0500] "GET /BLA/resoluciones/AUTOS%202021/?act=f&f=0112.pdf&d=E%3A%5Cnuevo%5Chtdocs%5CBLA%5Cresoluciones%5CAUTOS%202021& HTTP/1.1" 200 535
173.231.60.194 - - [19/Aug/2022:06:47:21 -0500] "GET /BLA/resoluciones/AUTOS%202021/?act=f&f=0113.pdf&d=E%3A%5Cnuevo%5Chtdocs%5CBLA%5Cresoluciones%5CAUTOS%202021& HTTP/1.1" 200 535
173.231.60.194 - - [19/Aug/2022:06:47:30 -0500] "GET /BLA/resoluciones/AUTOS%202021/?act=f&f=0117.pdf&d=E%3A%5Cnuevo%5Chtdocs%5CBLA%5Cresoluciones%5CAUTOS%202021& HTTP/1.1" 200 535
173.231.60.194 - - [19/Aug/2022:06:47:37 -0500] "GET /BLA/resoluciones/AUTOS%202021/?act=f&f=0118.pdf&d=E%3A%5Cnuevo%5Chtdocs%5CBLA%5Cresoluciones%5CAUTOS%202021& HTTP/1.1" 200 535
173.231.60.194 - - [19/Aug/2022:06:47:47 -0500] "GET /BLA/resoluciones/AUTOS%202021/?act=f&f=0124.pdf&d=E%3A%5Cnuevo%5Chtdocs%5CBLA%5Cresoluciones%5CAUTOS%202021& HTTP/1.1" 200 535
173.231.60.194 - - [19/Aug/2022:06:47:55 -0500] "GET /BLA/resoluciones/AUTOS%202021/?act=f&f=0126.pdf&d=E%3A%5Cnuevo%5Chtdocs%5CBLA%5Cresoluciones%5CAUTOS%202021& HTTP/1.1" 200 535
173.231.60.194 - - [19/Aug/2022:06:48:03 -0500] "GET /BLA/resoluciones/AUTOS%202021/?act=f&f=0127.pdf&d=E%3A%5Cnuevo%5Chtdocs%5CBLA%5Cresoluciones%5CAUTOS%202021& HTTP/1.1" 200 535
173.231.60.194 - - [19/Aug/2022:06:48:11 -0500] "GET /BLA/resoluciones/AUTOS%202021/?act=f&f=0128.pdf&d=E%3A%5Cnuevo%5Chtdocs%5CBLA%5Cresoluciones%5CAUTOS%202021& HTTP/1.1" 200 535
173.231.60.194 - - [19/Aug/2022:06:48:19 -0500] "GET /BLA/resoluciones/AUTOS%202021/?act=f&f=0129.pdf&d=E%3A%5Cnuevo%5Chtdocs%5CBLA%5Cresoluciones%5CAUTOS%202021& HTTP/1.1" 200 535
