172.22.2.4 - - [19/Aug/2022:14:40:20 -0500] "GET /BLA/boletinlegal/images/menu_rght.gif HTTP/1.1" 200 1627
172.22.2.4 - - [19/Aug/2022:14:40:20 -0500] "GET /BLA/boletinlegal/images/text.jpg HTTP/1.1" 200 568
172.22.2.4 - - [19/Aug/2022:14:40:20 -0500] "GET /BLA/boletinlegal/images/footer_bg_l.jpg HTTP/1.1" 200 776
172.22.2.4 - - [19/Aug/2022:14:40:20 -0500] "GET /BLA/boletinlegal/images/hover.jpg HTTP/1.1" 200 640
172.22.2.4 - - [19/Aug/2022:14:40:20 -0500] "GET /BLA/boletinlegal/img/select-left.png HTTP/1.1" 200 263
172.22.2.4 - - [19/Aug/2022:14:40:20 -0500] "GET /BLA/boletinlegal/img/0.png HTTP/1.1" 200 110
172.22.2.4 - - [19/Aug/2022:14:40:20 -0500] "GET /BLA/boletinlegal/img/button-left.png HTTP/1.1" 200 57071
172.22.2.4 - - [19/Aug/2022:14:40:20 -0500] "GET /BLA/boletinlegal/img/select-right.png HTTP/1.1" 200 44019
172.22.2.4 - - [19/Aug/2022:14:40:20 -0500] "GET /BLA/boletinlegal/img/button.png HTTP/1.1" 200 43241
172.22.2.4 - - [19/Aug/2022:14:40:20 -0500] "GET /BLA/boletinlegal/img/button-right.png HTTP/1.1" 200 57878
172.22.2.4 - - [19/Aug/2022:14:40:20 -0500] "GET /BLA/boletinlegal/favicon.ico HTTP/1.1" 404 1326
172.22.2.4 - - [19/Aug/2022:14:40:28 -0500] "GET /BLA/boletinlegal/consulta_actos.php?tipo=autos&no=&usuario=&sector=&fecha=2022&resuelve= HTTP/1.1" 200 669430
172.22.2.4 - - [19/Aug/2022:14:40:29 -0500] "GET /BLA/boletinlegal/images/pdf.gif HTTP/1.1" 200 567
172.22.2.4 - - [19/Aug/2022:14:40:29 -0500] "GET /BLA/boletinlegal/images/background.gif HTTP/1.1" 200 -
172.22.2.4 - - [19/Aug/2022:14:39:53 -0500] "GET /BLA/boletinlegal/ HTTP/1.1" 200 32715
172.22.2.4 - - [19/Aug/2022:14:40:57 -0500] "GET /BLA/boletinlegal/consulta_actos.php?tipo=resoluciones&no=&usuario=&sector=&fecha=2022&resuelve= HTTP/1.1" 200 367652
172.22.2.4 - - [19/Aug/2022:14:41:00 -0500] "GET /BLA/boletinlegal/consulta_actos.php?tipo=resoluciones&no=&usuario=&sector=&fecha=2022&resuelve= HTTP/1.1" 200 367652
172.22.2.4 - - [19/Aug/2022:14:41:01 -0500] "GET /BLA/boletinlegal/consulta_actos.php?tipo=resoluciones&no=&usuario=&sector=&fecha=2022&resuelve= HTTP/1.1" 200 367652
216.245.221.92 - - [19/Aug/2022:14:42:03 -0500] "HEAD / HTTP/1.1" 200 -
186.28.217.91 - - [19/Aug/2022:14:42:25 -0500] "POST /sipse/faces/presentacion/workflow/reasignarReenrutar.xhtml HTTP/1.1" 200 49365
186.28.217.91 - - [19/Aug/2022:14:42:25 -0500] "GET /sipse/faces/javax.faces.resource/jquery/jquery.js?ln=primefaces&v=4.0 HTTP/1.1" 304 -
186.28.217.91 - - [19/Aug/2022:14:42:25 -0500] "GET /sipse/faces/javax.faces.resource/jquery/jquery-plugins.js?ln=primefaces&v=4.0 HTTP/1.1" 304 -
186.28.217.91 - - [19/Aug/2022:14:42:25 -0500] "GET /sipse/faces/javax.faces.resource/primefaces.js?ln=primefaces&v=4.0 HTTP/1.1" 304 -
186.28.217.91 - - [19/Aug/2022:14:42:25 -0500] "GET /sipse/faces/javax.faces.resource/layout/layout.js?ln=primefaces&v=4.0 HTTP/1.1" 304 -
186.28.217.91 - - [19/Aug/2022:14:42:25 -0500] "POST /sipse/faces/presentacion/financiero/solicitudProceso/consultar.xhtml HTTP/1.1" 200 42668
186.28.217.91 - - [19/Aug/2022:14:42:27 -0500] "POST /sipse/faces/presentacion/financiero/solicitudProceso/consultar.xhtml HTTP/1.1" 200 170142
186.28.217.91 - - [19/Aug/2022:14:42:27 -0500] "GET /sipse/faces/javax.faces.resource/jquery/jquery.js?ln=primefaces&v=4.0 HTTP/1.1" 304 -
186.28.217.91 - - [19/Aug/2022:14:42:27 -0500] "GET /sipse/faces/javax.faces.resource/jquery/jquery-plugins.js?ln=primefaces&v=4.0 HTTP/1.1" 304 -
186.28.217.91 - - [19/Aug/2022:14:42:27 -0500] "GET /sipse/faces/javax.faces.resource/primefaces.js?ln=primefaces&v=4.0 HTTP/1.1" 304 -
186.28.217.91 - - [19/Aug/2022:14:42:27 -0500] "GET /sipse/faces/javax.faces.resource/layout/layout.js?ln=primefaces&v=4.0 HTTP/1.1" 304 -
172.22.2.4 - - [19/Aug/2022:14:42:35 -0500] "GET /BLA/boletinlegal/consulta_actos.php?tipo=resoluciones&no=&usuario=&sector=RESIDUOS&fecha=2022&resuelve= HTTP/1.1" 200 7629
186.84.90.91 - - [19/Aug/2022:14:42:37 -0500] "GET /kwssiamovil/sm/acme/a?s=U2FsdGVkX1/HyZIRQl7kc65OK9doynLltV4iQArZhXZLh+WtWBWexUovL0reD3FKje7d7F4B71MQktB0C83jkNXYxgAa1BTZC6Og7Ui+jBtQXt1MWl4upq6ox3th4/KullEznwKfzUZPKVa0Qix+9p4z+vgcvmwfAVPjQb/2mSgFibhfGcrWSp1hpFQ2a8j7GLYGoVcxcURhkzks//EiRQZRPTVcDF3vcgSN+gUuCj1A5uaeV4jsPGTIqNZytTbi01m2N3CKUZniASKEo5T6sQ==&u=U2FsdGVkX1+mKpn/B+zqTmFHKmK0W4K1L6E/wVk1FEs=&y=U2FsdGVkX1/9L4HuWpgqKr5NT8I1Wy9ILZqHUIM0fQzUmqovl+ScnLTco1sz6KMc HTTP/1.1" 200 25
186.84.90.91 - - [19/Aug/2022:14:42:37 -0500] "GET /kwssiamovil/sm/acme/a?s=U2FsdGVkX1/URhLY6q693T8L/iEHNU2dYKmlJRA+rnAvo6GPqE2O2UTOmA4sAwzmb6gIHFP0B8oCQrl6XMTpERD2zRpi+/IYUm/j020LEtdN9isSt5R/YGS68cxV8ZS3X27gdMl2WPmd/stprHctn/f4l3MNO9cUXQ5pM4148g6Ik3lMlpu9OsduF3fG7iVcqoeAP9LpDMOhCQFmx0uNmB868+Geea+p9HW9feIgd32zkRMZk0WpLNCwOIUhhdczGAGBr2H6Xsilu6hquY1N9x97ac6CiA+Fcm9vz9/vFF/eM/lOi7FKlEUrgQs/Nsupfhpt1OLHx1gwa1pDtajkqNevn8lWzvrer5LTLlvYXA8V+VOWrqkzHT4iRpziQw+H3Q//Z2Zyx9ufpFD5BFPdwoqZEzHM6Xf+nsTr7yT6lZ693STxS7vWoeaxvDBlv0emTIOJEPnkSO2+V+uL5SZCSBAGXXEjOoyMFwaZ4eQXr2vEA7IzRZ6GgrOJVkI1YlZG9VJJE32t+FkMa14oDL9MG9NOIdpWFS9iu1hm73Om0WvJ/MUZkcWXuxmwEQQ8FpTMbfavruCHJfOvEtWQ0wMIn9HSGCRNZ/t/8BTibnePJ0NLT66AwhPpYJQ/q69JUXd4AGxEMPkaMg6BzRVdmpX98X8bWyaZOFD0ivflbsaIpru9yrrUi6YS/tV6b6oDITolKsGoeRJxWbcshKmb2FvHvEhqzgmyTfQrlUliGtXaZ5eESeVOGYX/WqoOJ1JytUZyajvyr5XGvtef2LSd7OmDakKTs7gb4MWqMXJ+Zc7hQnTL4sjlRxyGLw0jIR95EblnbV9d7SwwHiFjwMbYBiMWKk8AQLezpJ5ZDJn0Gyn/Qf1eHxoc3J6+POTKrvpj1h/ngKpYxmL+ipDZ/rxS6nv93TFsQtrHzsCeSVH3LvBDjmRuf2ej+YlHUPdry2STVu6qe2BLHE44m/CMNYscAmU7wVZ2A+EwXvti6EZeydNG5CpHBeiRvULGt1iz8eF4lxm/cC400ZdMmq6bkxvwpJF7E77NeaMDvt7Ip8P/8sI1BJYn4zrOMdPTUXoSHceXwvs9ldZz7aR8OabeZuDH2aY4Vq6r4FxyVSRImQbfNmdCuhaluIgXpIACxaZmfCS43ALqMTdpm8Lt50N0sm2H8WKbVAUyGr81oPlRTN7aFoxkdNvEHcnAVUaPTIpgjfjumpTNL5ack7FFlSM7FYM7Frox7dxvw5evdiAgI3hk0dcI7QUJr2inVQtF0eH2paaClNhDIfoWG8u7ni1bZ6E7C1ij2TonjuVjJKjLF2lKvnKKtwB4qbE04Ic9RcUy/xB0blZpaZJAdOiWXkxPujo4gnv5EjUWxGAdP8m2x19P9+EHxPzHaVr/pt5IiJVoxeIslPyX1ANTZol48YHt2JJkJEjrQvClVTJdQw6iuhI0ge2XoXjaP6faHsKqYFsFdzxJqk89qzTUFgxeImgWkxCclKlnJseWbV+87+d6uLNp0YGkHHa56H5PbfC3NTfFdIKWQmvfqQAugWrt49uFm26fkb8NF71N/IrnmLsPGKdERMokM2kfbBSJ1fJj8M1n6ZAyF3v8nHkaWG107pY5QQofv/LrtZBGx+DP2srPdufe0EBJcvxDukv0VfzA64OpxZO1ltRcCDJFkxnSP6LDz+iHFbOk40gLc3JQJgS6HWg3gt7fpiRgjK7x6Rl4sbmdlHsFQAbCKYIc0icArlcYvAAvBNo0CM5YfeFsHX5R6f5sDzSOYvAUzruiHhrlMNrWjDATtm5I6kBA89N6Bb4StVjZkXihKqvKjeoB8MikLI6h3Q63knLHG210+8Vcj04z9wZeI3O7PbAYh2JMhx3lHBO0I35XU7rbTxQW/1QD84jRa/rnlnC46NCVi3iVYEhpOWsibeOx08uoWbCj+x00FauswMonVs+q+jnBR6GByCrnnlG78S4aBXzE8mBtyh89BRO+/sIYc3etH8ZmKZglDUxaUQOvMn2IW4ge4W0O98lIM/FOLt2zqWcOyI12nrCa1MluzW055bOBlJsrcxOI2nlBHzppzVCOR6iySciGIEzerhqt7o2MH5nZSyEDIj1e+3trOaXnV06FGXbGRpz6yZWpP/vGg5T+U5TuPWd0M2HuKZmimc6ITnPoQjoPrzzAYnkuc7gkUtS2PIUkUZQI0tcbb0YryElz26QWGpE0wAVz7uV9EEf+San4AaNcp8htYuxu64aNpPWHqvWNny3DSD2AqAQxQ8akgp4yX3TqllrLkeVhqdOQBqFFTo1ZGxC/mHt4Tdy6IldQT8N11Tz+tejnVF4nUdXhPGnLvvPFDxILts6t1rxzlHts1VX3ArDwMgVYUnEvbx1VIelWc6cz/sCQJTGXOl1dhQPl0w3PvKh+H9PF0UK7IdmlMVNNo+vqTSTAhn11LVgIBwIHKWPEv55nz03w5i+HCwhuwBK+Rp1nbX0BIR88IuRaRKYez5fLqY/2A+YysnRYroe17gX5J4A62wbyc9+vni7mYeHKHEUHF21qHTYhXDKx7oFx5c+WlN4EGMRXLtin+3jFK9r/8ALRwIJSClqp7C0CHu9CvAUzOC03N99E2rWUd9FPT/6UupwC/o41R9x3/I+HoIuCYC1Zle/cAg3tiK/14dlk3/n+4Dwblqldc18u7ooHxu05gmid4SmSXbfVo6XukrTByysuaR4qN5/PtvhNrE5jqbRf4x6BHG+8lNAoxwOJrRLz3OkBJhvBHziJfaJnhfajxlUEmtScBZgY1vfZWRNfyyfpozeZB1shaj+/rtpM81x0OMD4/P6RzQOMbo46V831S/w0TfjFT8l8VmjetEEkJM4dbXTqYuSIM5f/EsXFjSxF7k4YlQJyFKdbmPplqQybIbei1DVGSB5Qnn66sEBPtlx6kzpLEW8LCJC+hGlUBo/khXXdymO+gBd+MRRXVZI8RqlDscwPgxnr1u/QDWnlq+z5SiFn+7uxL+T7NyU3jI4DPzpdWBQgjNhUPfbQiyI8SCHcpcHkWid/NmvzWNbmkD2H/UFlD5pJNAz/pneSwvuamT6sOIKyXmnUiOxAbb9UDDcnxYZYkt1nShzgWymve2unrJsIvZe0p2bVxEYhqY13PGIpAQmKUuNKBpcdQ/r2gYFYsxyjrX1ye3MDiuvFqlPxBSliMwBYAnBt+PrrswKT/htpJrcvHHedmU5fDKgQ63U1a4Iivp4b/7RA9KLUk1OiVIP3ph7h8ApRfusoraHQg0avCHOiRjJSeDziazoQ99kDON4I2F8L49XDqAWx8dCkVDEOIg5R8E5DAHdZDVeOnNakuZVhHaX6ZnKEFCX3LNZyAg8Lr7KAAFbAxHoyB5q7CXUOGLsHWbF4w3XCL1hKN62UIKhwKm73pXMu8YuFuxd50pHPcW0V0tINr51xPi3d7Hc7MTJZAiEkn6ff1iH2tTHztBNOV1wlDCw0pCfOWRYyaFqlKkBOB8ghE6XK09tWcxe7W3Q845/sXLtwHQ0+kvvDXIEeRBQGVWvxrgRYgzjvDAigq9pgaPXtgVOQBKCbZWNWOUCbibbyCy8TveICyZCSooXH92nX5RYNgUQE0ymm8cChvsngI5LG55e40oJEq5LH7+FAb6k24x0eMg+1sUvMbofbGe/1s4QqizEzfY75CIsVfvqCg3z8140Wxe4Gz9CFLuH3mu3AQy8lfv9RIl3z4869hVC0/M7kFQsZc2cVeNsREnFXVtWSWLlv+9Rl3toepT/50qo/cqDqduLG2hmTm6HzAKVtuXX21g09QQhOgg8lF4s+BL3whBXbjImX9RPZnfxZMB3SIRGwRmXniixBiMF0/Tc/I7kvfcLou1X7TAayqEQXbPaxPERprv2QEyL4MxCj+MiNx8OeHZMtXxUnJn947jhbgmbZ6AZx54wUsb7qqXLYAGezHhS16LTH45iEGihlsjDiBsidkIm1HDRX8PMqg1jfIjZrfFmJqW7syyBAyIn/+iBV0qa9upEtspDu1FWi/It3jJXa6PXzIi+DuQfiKqMrRr/QDwsdhoDeB5NfshbZKfh1zppl9Yxj8u+PUJtYLRI+5EuBfiFtjUQFMzYs&u=U2FsdGVkX1+mKpn/B+zqTmFHKmK0W4K1L6E/wVk1FEs=&y=U2FsdGVkX1/9L4HuWpgqKr5NT8I1Wy9ILZqHUIM0fQzUmqovl+ScnLTco1sz6KMc HTTP/1.1" 200 25
186.84.90.91 - - [19/Aug/2022:14:42:37 -0500] "GET /kwssiamovil/sm/acme/a?s=U2FsdGVkX1/vlpiRoA9OjrXf2XviAhIHjulpWDzDQCqXLcg2VlmP1hSLz254K63w+tCcmqdtuS1lrJVB5724KLKrhoemxIMalxgkeQCWLoukbLOqHp6EgpFCArgoUezLXCCniPdhmADhg4vfmrQSz2h/CcuvFd3tEv3dfnb+MTY=&u=U2FsdGVkX1+mKpn/B+zqTmFHKmK0W4K1L6E/wVk1FEs=&y=U2FsdGVkX1/9L4HuWpgqKr5NT8I1Wy9ILZqHUIM0fQzUmqovl+ScnLTco1sz6KMc HTTP/1.1" 200 25
186.84.90.91 - - [19/Aug/2022:14:42:37 -0500] "GET /kwssiamovil/sm/acme/a?s=U2FsdGVkX18ZeCO3fUel/1mw2YyuS008DwfZhjKkBFcWXFncTD+TlolxtOKIt60VbznUYbq18IH4//hRsuK95Qn322DtO9OzW3CkagmrqHp34aBD/iVfDHKDgolRQwU17bocY1La8nl97QwMzioZ4J1yaecy0ClgUvlQjqMiR4U=&u=U2FsdGVkX1+mKpn/B+zqTmFHKmK0W4K1L6E/wVk1FEs=&y=U2FsdGVkX1/9L4HuWpgqKr5NT8I1Wy9ILZqHUIM0fQzUmqovl+ScnLTco1sz6KMc HTTP/1.1" 200 25
186.84.90.91 - - [19/Aug/2022:14:42:37 -0500] "GET /kwssiamovil/sm/acme/a?s=U2FsdGVkX18x9ZIBZjl984jaQFH9hfXd0pDPohulhQfynvAavVfbM1iILpSWD2WieOLI+RlXx5sdwwMPxilG7pMsyTAHLfq4oNH2irig1POO08FfIOOWuBAYM/ulMJDEZ0vrAfTOwLjI1C71BIcyIDclLUzdFej7VqVJn70lA4g=&u=U2FsdGVkX1+mKpn/B+zqTmFHKmK0W4K1L6E/wVk1FEs=&y=U2FsdGVkX1/9L4HuWpgqKr5NT8I1Wy9ILZqHUIM0fQzUmqovl+ScnLTco1sz6KMc HTTP/1.1" 200 25
186.84.90.91 - - [19/Aug/2022:14:42:38 -0500] "GET /kwssiamovil/sm/acme/a?s=U2FsdGVkX19MzaD9cfkDYsgtOnlR7eggunag2QTLHCB9HkxVW8pYYj5DM7GMC04TlufkqiFRcyn6zadco7NUJXJDvkHSVyAf5u5lZk+9bOB6SzxGKIrIVfEcKkJGsLmPa2r8ZIehdc4xVpVpZ6kvQOB2D3WXk9FrZFYNcr+6B+bmU/tkMRLdL9ArM37tS++M&u=U2FsdGVkX1+mKpn/B+zqTmFHKmK0W4K1L6E/wVk1FEs=&y=U2FsdGVkX1/9L4HuWpgqKr5NT8I1Wy9ILZqHUIM0fQzUmqovl+ScnLTco1sz6KMc HTTP/1.1" 200 25
186.28.217.91 - - [19/Aug/2022:14:42:47 -0500] "GET /sipse/faces/javax.faces.resource/theme.css?ln=primefaces-sipse HTTP/1.1" 304 -
186.28.217.91 - - [19/Aug/2022:14:42:47 -0500] "GET /sipse/faces/javax.faces.resource/primefaces.css?ln=primefaces&v=4.0 HTTP/1.1" 304 -
186.28.217.91 - - [19/Aug/2022:14:42:47 -0500] "GET /sipse/faces/javax.faces.resource/jquery/jquery.js?ln=primefaces&v=4.0 HTTP/1.1" 304 -
186.28.217.91 - - [19/Aug/2022:14:42:47 -0500] "GET /sipse/faces/javax.faces.resource/jquery/jquery-plugins.js?ln=primefaces&v=4.0 HTTP/1.1" 304 -
186.28.217.91 - - [19/Aug/2022:14:42:47 -0500] "GET /sipse/faces/javax.faces.resource/layout/layout.css?ln=primefaces&v=4.0 HTTP/1.1" 304 -
186.28.217.91 - - [19/Aug/2022:14:42:47 -0500] "GET /sipse/faces/javax.faces.resource/primefaces.js?ln=primefaces&v=4.0 HTTP/1.1" 304 -
186.28.217.91 - - [19/Aug/2022:14:42:47 -0500] "GET /sipse/faces/javax.faces.resource/layout/layout.js?ln=primefaces&v=4.0 HTTP/1.1" 304 -
186.28.217.91 - - [19/Aug/2022:14:42:46 -0500] "POST /sipse/faces/presentacion/financiero/solicitudProceso/consultarSolicitudProceso.xhtml HTTP/1.1" 200 66502
186.28.217.91 - - [19/Aug/2022:14:42:47 -0500] "GET /sipse/faces/javax.faces.resource/images/ui-icons_898989_256x240.png?ln=primefaces-aristo HTTP/1.1" 304 -
66.249.73.127 - - [19/Aug/2022:14:42:49 -0500] "-" 408 -
186.145.200.66 - - [19/Aug/2022:14:42:57 -0500] "GET /BLA/resoluciones/RESOLUCIONES%202022/0690.pdf HTTP/1.1" 200 541565
186.145.200.66 - - [19/Aug/2022:14:42:57 -0500] "GET /BLA/resoluciones/RESOLUCIONES%202022/0690.pdf HTTP/1.1" 206 1025
186.145.200.66 - - [19/Aug/2022:14:42:57 -0500] "GET /BLA/resoluciones/RESOLUCIONES%202022/0690.pdf HTTP/1.1" 200 541565
173.252.95.15 - - [19/Aug/2022:14:43:24 -0500] "GET /images/pieza-grafica-semana-ambiental-30.jpg HTTP/1.1" 200 38850
201.245.192.253 - - [19/Aug/2022:14:43:44 -0500] "POST /kwsrmcab/Wsrmcab  HTTP/1.1" 200 46805
172.22.2.4 - - [19/Aug/2022:14:42:26 -0500] "HEAD /BLA/boletinlegal/ HTTP/1.1" 200 -
172.22.2.4 - - [19/Aug/2022:14:44:20 -0500] "GET /BLA/boletinlegal/favicon.ico HTTP/1.1" 404 1334
172.22.2.4 - - [19/Aug/2022:14:44:23 -0500] "GET /BLA/boletinlegal/consulta_normativa.php?tipo=&sector=residuos&ano=&resuelve= HTTP/1.1" 200 20100
192.168.172.68 - - [19/Aug/2022:14:44:37 -0500] "GET /BLA/boletinlegal/admin/index.php HTTP/1.1" 200 7248
192.168.172.68 - - [19/Aug/2022:14:44:54 -0500] "GET /BLA/boletinlegal/admin/index_files/index_files/tback.gif HTTP/1.1" 404 1322
172.22.2.4 - - [19/Aug/2022:14:43:16 -0500] "GET /BLA/boletinlegal/ HTTP/1.1" 200 56005
172.22.2.4 - - [19/Aug/2022:14:44:57 -0500] "GET /BLA/boletinlegal/consulta_actos.php?tipo=autos&no=&usuario=&sector=RESIDUOS&fecha=2022&resuelve= HTTP/1.1" 200 40962
192.168.172.68 - - [19/Aug/2022:14:44:57 -0500] "GET /BLA/boletinlegal/admin/actos/ingresar.php HTTP/1.1" 200 7143
172.22.2.4 - - [19/Aug/2022:14:45:47 -0500] "GET /BLA/boletinlegal/normativa.php HTTP/1.1" 200 8326
172.22.2.4 - - [19/Aug/2022:14:45:47 -0500] "GET /BLA/boletinlegal/js/ajax_normativa.js HTTP/1.1" 200 1154
172.22.2.4 - - [19/Aug/2022:14:46:05 -0500] "GET /BLA/boletinlegal/consulta_normativa.php?tipo=Ley&sector=residuos&ano=2022&resuelve= HTTP/1.1" 200 454
172.22.2.4 - - [19/Aug/2022:14:46:10 -0500] "GET /BLA/boletinlegal/consulta_normativa.php?tipo=Ley&sector=Aire&ano=2022&resuelve= HTTP/1.1" 200 454
172.22.2.4 - - [19/Aug/2022:14:46:13 -0500] "GET /BLA/boletinlegal/consulta_normativa.php?tipo=Ley&sector=competencia-estructura&ano=2022&resuelve= HTTP/1.1" 200 454
172.22.2.4 - - [19/Aug/2022:14:46:16 -0500] "GET /BLA/boletinlegal/consulta_normativa.php?tipo=Ley&sector=concesion&ano=2022&resuelve= HTTP/1.1" 200 454
172.22.2.4 - - [19/Aug/2022:14:46:18 -0500] "GET /BLA/boletinlegal/consulta_normativa.php?tipo=Ley&sector=emisiones&ano=2022&resuelve= HTTP/1.1" 200 454
159.242.234.16 - - [19/Aug/2022:14:46:19 -0500] "GET /wp-content/themes/twentyfive/include.php HTTP/1.1" 404 1035
159.242.234.16 - - [19/Aug/2022:14:46:20 -0500] "GET /wp-content/themes/sketch/404.php HTTP/1.1" 404 1035
159.242.234.16 - - [19/Aug/2022:14:46:20 -0500] "GET /wp/wp-content/themes/sketch/404.php HTTP/1.1" 404 1035
172.22.2.4 - - [19/Aug/2022:14:46:21 -0500] "GET /BLA/boletinlegal/consulta_normativa.php?tipo=Ley&sector=fauna&ano=2022&resuelve= HTTP/1.1" 200 454
172.22.2.4 - - [19/Aug/2022:14:46:23 -0500] "GET /BLA/boletinlegal/consulta_normativa.php?tipo=Ley&sector=flora&ano=2022&resuelve= HTTP/1.1" 200 454
172.22.2.4 - - [19/Aug/2022:14:46:27 -0500] "GET /BLA/boletinlegal/consulta_normativa.php?tipo=Ley&sector=flora&ano=2022&resuelve= HTTP/1.1" 200 454
172.22.2.4 - - [19/Aug/2022:14:46:31 -0500] "GET /BLA/boletinlegal/consulta_normativa.php?tipo=Ley&sector=hidrocarburos&ano=2022&resuelve= HTTP/1.1" 200 454
172.22.2.4 - - [19/Aug/2022:14:46:33 -0500] "GET /BLA/boletinlegal/consulta_normativa.php?tipo=Ley&sector=humedales&ano=2022&resuelve= HTTP/1.1" 200 454
159.242.234.16 - - [19/Aug/2022:14:46:37 -0500] "GET /wp-content/themes/twentyfive/include.php HTTP/1.1" 404 1032
172.22.2.4 - - [19/Aug/2022:14:46:38 -0500] "GET /BLA/boletinlegal/consulta_normativa.php?tipo=Ley&sector=licencia&ano=2022&resuelve= HTTP/1.1" 200 454
172.22.2.4 - - [19/Aug/2022:14:46:40 -0500] "GET /BLA/boletinlegal/consulta_normativa.php?tipo=Ley&sector=mineria&ano=2022&resuelve= HTTP/1.1" 200 454
172.22.2.4 - - [19/Aug/2022:14:46:43 -0500] "GET /BLA/boletinlegal/consulta_normativa.php?tipo=Ley&sector=pma&ano=2022&resuelve= HTTP/1.1" 200 454
172.22.2.4 - - [19/Aug/2022:14:46:45 -0500] "GET /BLA/boletinlegal/consulta_normativa.php?tipo=Ley&sector=publicidad&ano=2022&resuelve= HTTP/1.1" 200 454
159.242.234.16 - - [19/Aug/2022:14:46:47 -0500] "GET /wp-content/themes/sketch/404.php HTTP/1.1" 404 1032
172.22.2.4 - - [19/Aug/2022:14:46:49 -0500] "GET /BLA/boletinlegal/consulta_normativa.php?tipo=Ley&sector=residuos&ano=2022&resuelve= HTTP/1.1" 200 454
159.242.234.16 - - [19/Aug/2022:14:46:50 -0500] "GET /wp/wp-content/themes/sketch/404.php HTTP/1.1" 404 1032
159.242.234.16 - - [19/Aug/2022:14:46:53 -0500] "GET /wordpress/wp-content/themes/sketch/404.php HTTP/1.1" 404 1032
159.242.234.16 - - [19/Aug/2022:14:46:53 -0500] "GET /blog/wp-content/themes/sketch/404.php HTTP/1.1" 404 1032
172.22.2.4 - - [19/Aug/2022:14:46:53 -0500] "GET /BLA/boletinlegal/consulta_normativa.php?tipo=Ley&sector=salvoconductos&ano=2022&resuelve= HTTP/1.1" 200 454
192.168.172.68 - - [19/Aug/2022:14:46:53 -0500] "POST /BLA/boletinlegal/admin/actos/ingresar.php HTTP/1.1" 200 7236
172.22.2.4 - - [19/Aug/2022:14:46:55 -0500] "GET /BLA/boletinlegal/consulta_normativa.php?tipo=Ley&sector=silvicultura&ano=2022&resuelve= HTTP/1.1" 200 454
172.22.2.4 - - [19/Aug/2022:14:46:57 -0500] "GET /BLA/boletinlegal/consulta_normativa.php?tipo=Ley&sector=vertimientos&ano=2022&resuelve= HTTP/1.1" 200 454
172.22.2.4 - - [19/Aug/2022:14:47:02 -0500] "GET /BLA/boletinlegal/consulta_normativa.php?tipo=Decreto&sector=Aire&ano=2022&resuelve= HTTP/1.1" 200 454
216.245.221.92 - - [19/Aug/2022:14:47:03 -0500] "HEAD / HTTP/1.1" 200 -
172.22.2.4 - - [19/Aug/2022:14:47:04 -0500] "GET /BLA/boletinlegal/consulta_normativa.php?tipo=Decreto&sector=competencia-estructura&ano=2022&resuelve= HTTP/1.1" 200 454
172.22.2.4 - - [19/Aug/2022:14:47:06 -0500] "GET /BLA/boletinlegal/consulta_normativa.php?tipo=Decreto&sector=emisiones&ano=2022&resuelve= HTTP/1.1" 200 454
172.22.2.4 - - [19/Aug/2022:14:47:08 -0500] "GET /BLA/boletinlegal/consulta_normativa.php?tipo=Decreto&sector=concesion&ano=2022&resuelve= HTTP/1.1" 200 454
172.22.2.4 - - [19/Aug/2022:14:47:10 -0500] "GET /BLA/boletinlegal/consulta_normativa.php?tipo=Decreto&sector=emisiones&ano=2022&resuelve= HTTP/1.1" 200 454
172.22.2.4 - - [19/Aug/2022:14:47:11 -0500] "GET /BLA/boletinlegal/consulta_normativa.php?tipo=Decreto&sector=fauna&ano=2022&resuelve= HTTP/1.1" 200 454
172.22.2.4 - - [19/Aug/2022:14:47:13 -0500] "GET /BLA/boletinlegal/consulta_normativa.php?tipo=Decreto&sector=flora&ano=2022&resuelve= HTTP/1.1" 200 454
172.22.2.4 - - [19/Aug/2022:14:47:18 -0500] "GET /BLA/boletinlegal/consulta_normativa.php?tipo=Decreto&sector=hidrocarburos&ano=2022&resuelve= HTTP/1.1" 200 454
172.22.2.4 - - [19/Aug/2022:14:47:23 -0500] "GET /BLA/boletinlegal/consulta_normativa.php?tipo=Decreto&sector=humedales&ano=2022&resuelve= HTTP/1.1" 200 454
172.22.2.4 - - [19/Aug/2022:14:47:56 -0500] "GET /BLA/boletinlegal/consulta_normativa.php?tipo=Decreto&sector=licencia&ano=2022&resuelve= HTTP/1.1" 200 454
186.28.217.91 - - [19/Aug/2022:14:47:58 -0500] "POST /sipsesda/faces/vista/administracion/dependenciaFuncionario/registrarDependenciaFuncionario.jspx?_afPfm=1.1 HTTP/1.1" 200 18496
172.22.2.4 - - [19/Aug/2022:14:47:59 -0500] "GET /BLA/boletinlegal/consulta_normativa.php?tipo=Decreto&sector=mineria&ano=2022&resuelve= HTTP/1.1" 200 454
186.28.217.91 - - [19/Aug/2022:14:47:59 -0500] "POST /sipsesda/faces/vista/administracion/funcionario/registrarFuncionario.jspx?_afPfm=1 HTTP/1.1" 200 37411
172.22.2.4 - - [19/Aug/2022:14:48:01 -0500] "GET /BLA/boletinlegal/consulta_normativa.php?tipo=Decreto&sector=pma&ano=2022&resuelve= HTTP/1.1" 200 454
172.22.2.4 - - [19/Aug/2022:14:48:05 -0500] "GET /BLA/boletinlegal/consulta_normativa.php?tipo=Decreto&sector=publicidad&ano=2022&resuelve= HTTP/1.1" 200 454
172.22.2.4 - - [19/Aug/2022:14:48:06 -0500] "GET /BLA/boletinlegal/consulta_normativa.php?tipo=Decreto&sector=publicidad&ano=2022&resuelve= HTTP/1.1" 200 454
65.154.226.169 - - [19/Aug/2022:14:48:06 -0500] "GET /portaldeninos/wp-content/themes/betheme/style.css?ver=20.9.6 HTTP/1.1" 200 287
65.154.226.169 - - [19/Aug/2022:14:48:06 -0500] "GET /portaldeninos/wp-content/uploads/useanyfont/uaf.css?ver=1589905315 HTTP/1.1" 200 408
172.22.2.4 - - [19/Aug/2022:14:48:06 -0500] "GET /BLA/boletinlegal/consulta_normativa.php?tipo=Decreto&sector=publicidad&ano=2022&resuelve= HTTP/1.1" 200 454
65.154.226.169 - - [19/Aug/2022:14:48:06 -0500] "GET /portaldeninos/wp-content/themes/betheme/css/base.css?ver=20.9.6 HTTP/1.1" 200 57283
65.154.226.169 - - [19/Aug/2022:14:48:06 -0500] "GET /portaldeninos/wp-content/plugins/gallery-videos/CSS/totalsoft.css?ver=4.9.8 HTTP/1.1" 200 40622
65.154.226.169 - - [19/Aug/2022:14:48:06 -0500] "GET /portaldeninos/wp-content/plugins/gallery-videos/CSS/Total-Soft-Gallery-Video-Widget.css?ver=4.9.8 HTTP/1.1" 200 51554
65.154.226.169 - - [19/Aug/2022:14:48:06 -0500] "GET /portaldeninos/wp-content/themes/betheme/assets/animations/animations.min.css?ver=20.9.6 HTTP/1.1" 200 58508
65.154.226.169 - - [19/Aug/2022:14:48:07 -0500] "GET /portaldeninos/wp-content/themes/betheme/assets/ui/jquery.ui.all.css?ver=20.9.6 HTTP/1.1" 200 18765
65.154.226.169 - - [19/Aug/2022:14:48:07 -0500] "GET /portaldeninos/wp-content/themes/betheme/assets/jplayer/css/jplayer.blue.monday.css?ver=20.9.6 HTTP/1.1" 200 9834
65.154.226.169 - - [19/Aug/2022:14:48:06 -0500] "GET /portaldeninos/wp-content/themes/betheme/css/layout.css?ver=20.9.6 HTTP/1.1" 200 116639
65.154.226.169 - - [19/Aug/2022:14:48:06 -0500] "GET /portaldeninos/wp-content/themes/betheme/css/shortcodes.css?ver=20.9.6 HTTP/1.1" 200 138889
65.154.226.169 - - [19/Aug/2022:14:48:07 -0500] "GET /portaldeninos/wp-includes/js/jquery/jquery-migrate.min.js?ver=1.4.1 HTTP/1.1" 200 10056
65.154.226.169 - - [19/Aug/2022:14:48:07 -0500] "GET /portaldeninos/wp-includes/js/jquery/ui/core.min.js?ver=1.11.4 HTTP/1.1" 200 4000
65.154.226.169 - - [19/Aug/2022:14:48:07 -0500] "GET /portaldeninos/wp-content/themes/betheme/css/responsive.css?ver=20.9.6 HTTP/1.1" 200 55740
65.154.226.169 - - [19/Aug/2022:14:48:07 -0500] "GET /portaldeninos/wp-content/plugins/google-analytics-for-wordpress/assets/js/frontend-gtag.min.js?ver=8.5.0 HTTP/1.1" 200 11801
65.154.226.169 - - [19/Aug/2022:14:48:07 -0500] "GET /portaldeninos/wp-content/plugins/gallery-videos/JS/modernizr.custom.js?ver=4.9.8 HTTP/1.1" 200 9019
65.154.226.169 - - [19/Aug/2022:14:48:07 -0500] "GET /portaldeninos/wp-includes/js/jquery/ui/mouse.min.js?ver=1.11.4 HTTP/1.1" 200 3148
65.154.226.169 - - [19/Aug/2022:14:48:07 -0500] "GET /portaldeninos/wp-includes/js/jquery/ui/widget.min.js?ver=1.11.4 HTTP/1.1" 200 6908
65.154.226.169 - - [19/Aug/2022:14:48:07 -0500] "GET /portaldeninos/wp-includes/js/jquery/jquery.js?ver=1.12.4 HTTP/1.1" 200 97184
65.154.226.169 - - [19/Aug/2022:14:48:07 -0500] "GET /portaldeninos/wp-content/plugins/gallery-videos/JS/Total-Soft-Gallery-Video-Widget.js?ver=4.9.8 HTTP/1.1" 200 80264
65.154.226.169 - - [19/Aug/2022:14:48:07 -0500] "GET /portaldeninos/wp-includes/js/jquery/ui/accordion.min.js?ver=1.11.4 HTTP/1.1" 200 8584
65.154.226.169 - - [19/Aug/2022:14:48:07 -0500] "GET /portaldeninos/wp-includes/js/jquery/ui/tabs.min.js?ver=1.11.4 HTTP/1.1" 200 12110
65.154.226.169 - - [19/Aug/2022:14:48:07 -0500] "GET /portaldeninos/wp-includes/js/jquery/ui/sortable.min.js?ver=1.11.4 HTTP/1.1" 200 24899
65.154.226.169 - - [19/Aug/2022:14:48:08 -0500] "GET /portaldeninos/wp-content/themes/betheme/js/menu.js?ver=20.9.6 HTTP/1.1" 200 2449
65.154.226.169 - - [19/Aug/2022:14:48:08 -0500] "GET /portaldeninos/wp-content/themes/betheme/assets/animations/animations.min.js?ver=20.9.6 HTTP/1.1" 200 1896
65.154.226.169 - - [19/Aug/2022:14:48:08 -0500] "GET /portaldeninos/wp-includes/js/wp-embed.min.js?ver=4.9.8 HTTP/1.1" 200 1398
65.154.226.169 - - [19/Aug/2022:14:48:08 -0500] "GET /portaldeninos/wp-content/themes/betheme/images/box_shadow.png HTTP/1.1" 200 108
65.154.226.169 - - [19/Aug/2022:14:48:08 -0500] "GET /portaldeninos/wp-content/themes/betheme/assets/jplayer/jplayer.min.js?ver=20.9.6 HTTP/1.1" 200 52702
65.154.226.169 - - [19/Aug/2022:14:48:08 -0500] "GET /portaldeninos/wp-includes/js/wp-emoji-release.min.js?ver=4.9.8 HTTP/1.1" 200 12026
65.154.226.169 - - [19/Aug/2022:14:48:08 -0500] "GET /portaldeninos/wp-content/themes/betheme/js/scripts.js?ver=20.9.6 HTTP/1.1" 200 77162
65.154.226.169 - - [19/Aug/2022:14:48:07 -0500] "GET /portaldeninos/wp-content/themes/betheme/js/plugins.js?ver=20.9.6 HTTP/1.1" 200 197151
172.22.2.4 - - [19/Aug/2022:14:48:08 -0500] "GET /BLA/boletinlegal/consulta_normativa.php?tipo=Decreto&sector=residuos&ano=2022&resuelve= HTTP/1.1" 200 454
65.154.226.169 - - [19/Aug/2022:14:48:08 -0500] "GET /portaldeninos/wp-content/themes/betheme/fonts/mfn-icons.woff?93978679 HTTP/1.1" 200 80932
172.22.2.4 - - [19/Aug/2022:14:48:12 -0500] "GET /BLA/boletinlegal/consulta_normativa.php?tipo=Decreto&sector=ruido&ano=2022&resuelve= HTTP/1.1" 200 454
65.154.226.169 - - [19/Aug/2022:14:48:09 -0500] "GET /portaldeninos/wp-content/themes/betheme/fonts/mfn-icons.ttf?93978679 HTTP/1.1" 200 124684
172.22.2.4 - - [19/Aug/2022:14:48:17 -0500] "GET /BLA/boletinlegal/consulta_normativa.php?tipo=Decreto&sector=salvoconductos&ano=2022&resuelve= HTTP/1.1" 200 454
172.22.2.4 - - [19/Aug/2022:14:48:21 -0500] "GET /BLA/boletinlegal/vendor/phpunit/phpunit/src/Util/PHP/eval-stdin.php HTTP/1.1" 404 1018
172.22.2.4 - - [19/Aug/2022:14:48:22 -0500] "GET /BLA/boletinlegal/consulta_normativa.php?tipo=Decreto&sector=silvicultura&ano=2022&resuelve= HTTP/1.1" 200 454
172.22.2.4 - - [19/Aug/2022:14:48:25 -0500] "GET /BLA/boletinlegal/consulta_normativa.php?tipo=Decreto&sector=vertimientos&ano=2022&resuelve= HTTP/1.1" 200 454
192.168.172.68 - - [19/Aug/2022:14:48:25 -0500] "POST /BLA/boletinlegal/admin/actos/ingresar.php HTTP/1.1" 200 2102
192.168.172.68 - - [19/Aug/2022:14:48:26 -0500] "GET /BLA/boletinlegal/admin/actos/ingresar.php HTTP/1.1" 200 7143
172.22.2.4 - - [19/Aug/2022:14:47:36 -0500] "GET /BLA/boletinlegal/ HTTP/1.1" 200 36811
172.22.2.4 - - [19/Aug/2022:14:48:34 -0500] "GET /BLA/boletinlegal/consulta_normativa.php?tipo=Acuerdo&sector=Aire&ano=2022&resuelve= HTTP/1.1" 200 454
172.22.2.4 - - [19/Aug/2022:14:48:37 -0500] "GET /BLA/boletinlegal/consulta_normativa.php?tipo=Acuerdo&sector=competencia-estructura&ano=2022&resuelve= HTTP/1.1" 200 454
172.22.2.4 - - [19/Aug/2022:14:48:40 -0500] "GET /BLA/boletinlegal/consulta_normativa.php?tipo=Acuerdo&sector=concesion&ano=2022&resuelve= HTTP/1.1" 200 454
172.22.2.4 - - [19/Aug/2022:14:48:42 -0500] "GET /BLA/boletinlegal/consulta_normativa.php?tipo=Acuerdo&sector=emisiones&ano=2022&resuelve= HTTP/1.1" 200 454
172.22.2.4 - - [19/Aug/2022:14:48:42 -0500] "GET /BLA/boletinlegal/js/jquery.js HTTP/1.1" 200 57254
172.22.2.4 - - [19/Aug/2022:14:48:42 -0500] "GET /BLA/boletinlegal/js/jquery.scrollTo-min.js HTTP/1.1" 200 1150
172.22.2.4 - - [19/Aug/2022:14:48:42 -0500] "GET /BLA/boletinlegal/js/jquery.scrollShow.js HTTP/1.1" 200 4586
172.22.2.4 - - [19/Aug/2022:14:48:42 -0500] "GET /BLA/boletinlegal/images/arr_l.jpg HTTP/1.1" 200 1979
172.22.2.4 - - [19/Aug/2022:14:48:42 -0500] "GET /BLA/boletinlegal/images/screen_1.png HTTP/1.1" 200 202547
172.22.2.4 - - [19/Aug/2022:14:48:42 -0500] "GET /BLA/boletinlegal/images/screen_2.png HTTP/1.1" 200 362502
172.22.2.4 - - [19/Aug/2022:14:48:42 -0500] "GET /BLA/boletinlegal/images/launch.jpg HTTP/1.1" 200 14577
172.22.2.4 - - [19/Aug/2022:14:48:42 -0500] "GET /BLA/boletinlegal/images/screen_3.png HTTP/1.1" 200 210620
172.22.2.4 - - [19/Aug/2022:14:48:42 -0500] "GET /BLA/boletinlegal/images/screen_5.png HTTP/1.1" 200 368876
172.22.2.4 - - [19/Aug/2022:14:48:42 -0500] "GET /BLA/boletinlegal/images/arr_r.jpg HTTP/1.1" 200 1998
201.245.192.253 - - [19/Aug/2022:14:48:43 -0500] "POST /kwsrmcab/Wsrmcab  HTTP/1.1" 200 46805
172.22.2.4 - - [19/Aug/2022:14:48:51 -0500] "GET /BLA/boletinlegal/images/pdf.gif HTTP/1.1" 200 567
34.141.219.104 - - [19/Aug/2022:14:48:57 -0500] "GET / HTTP/1.1" 200 319
34.141.219.104 - - [19/Aug/2022:14:48:57 -0500] "GET / HTTP/1.1" 200 4720
172.22.2.4 - - [19/Aug/2022:14:48:58 -0500] "GET /BLA/boletinlegal/consulta_normativa.php?tipo=Acuerdo&sector=emisiones&ano=2022&resuelve= HTTP/1.1" 200 454
172.22.2.4 - - [19/Aug/2022:14:49:01 -0500] "GET /BLA/boletinlegal/consulta_normativa.php?tipo=Acuerdo&sector=fauna&ano=2022&resuelve= HTTP/1.1" 200 454
172.22.2.4 - - [19/Aug/2022:14:49:04 -0500] "GET /BLA/boletinlegal/consulta_normativa.php?tipo=Acuerdo&sector=flora&ano=2022&resuelve= HTTP/1.1" 200 454
172.22.2.4 - - [19/Aug/2022:14:49:05 -0500] "GET /BLA/boletinlegal/style.css HTTP/1.1" 200 9406
172.22.2.4 - - [19/Aug/2022:14:49:05 -0500] "GET /BLA/boletinlegal/styles2.css HTTP/1.1" 200 1838
172.22.2.4 - - [19/Aug/2022:14:49:05 -0500] "GET /BLA/boletinlegal/js/jquery.scrollTo-min.js HTTP/1.1" 200 1150
172.22.2.4 - - [19/Aug/2022:14:49:05 -0500] "GET /BLA/boletinlegal/js/jquery.js HTTP/1.1" 200 57254
172.22.2.4 - - [19/Aug/2022:14:49:05 -0500] "GET /BLA/boletinlegal/js/jquery.scrollShow.js HTTP/1.1" 200 4586
172.22.2.4 - - [19/Aug/2022:14:49:05 -0500] "GET /BLA/boletinlegal/images/cabezote%20BLEGAL.jpg HTTP/1.1" 200 118164
172.22.2.4 - - [19/Aug/2022:14:49:05 -0500] "GET /BLA/boletinlegal/images/subscribe-icon-big.png HTTP/1.1" 200 47702
172.22.2.4 - - [19/Aug/2022:14:49:05 -0500] "GET /BLA/boletinlegal/images/historia.png HTTP/1.1" 200 52775
172.22.2.4 - - [19/Aug/2022:14:49:05 -0500] "GET /BLA/boletinlegal/images/body_bg.jpg HTTP/1.1" 200 1601
172.22.2.4 - - [19/Aug/2022:14:49:05 -0500] "GET /BLA/boletinlegal/images/menu_lft.gif HTTP/1.1" 200 1713
172.22.2.4 - - [19/Aug/2022:14:49:05 -0500] "GET /BLA/boletinlegal/images/bg_top.jpg HTTP/1.1" 200 522
172.22.2.4 - - [19/Aug/2022:14:49:05 -0500] "GET /BLA/boletinlegal/images/menu_rght.gif HTTP/1.1" 200 1627
172.22.2.4 - - [19/Aug/2022:14:49:05 -0500] "GET /BLA/boletinlegal/images/text.jpg HTTP/1.1" 200 568
172.22.2.4 - - [19/Aug/2022:14:49:05 -0500] "GET /BLA/boletinlegal/images/menu_bg.jpg HTTP/1.1" 200 620
172.22.2.4 - - [19/Aug/2022:14:49:05 -0500] "GET /BLA/boletinlegal/images/launch.jpg HTTP/1.1" 200 14577
172.22.2.4 - - [19/Aug/2022:14:49:05 -0500] "GET /BLA/boletinlegal/images/hover.jpg HTTP/1.1" 200 640
172.22.2.4 - - [19/Aug/2022:14:49:05 -0500] "GET /BLA/boletinlegal/images/registro-usuarios.png HTTP/1.1" 200 8106
172.22.2.4 - - [19/Aug/2022:14:49:05 -0500] "GET /BLA/boletinlegal/images/arr_l.jpg HTTP/1.1" 200 1979
172.22.2.4 - - [19/Aug/2022:14:49:05 -0500] "GET /BLA/boletinlegal/images/screen_1.png HTTP/1.1" 200 202547
172.22.2.4 - - [19/Aug/2022:14:49:06 -0500] "GET /BLA/boletinlegal/consulta_normativa.php?tipo=Acuerdo&sector=hidrocarburos&ano=2022&resuelve= HTTP/1.1" 200 454
172.22.2.4 - - [19/Aug/2022:14:49:09 -0500] "GET /BLA/boletinlegal/consulta_normativa.php?tipo=Acuerdo&sector=humedales&ano=2022&resuelve= HTTP/1.1" 200 454
186.84.20.178 - - [19/Aug/2022:14:49:08 -0500] "POST /sipse/faces/presentacion/financiero/solicitudProceso/consultarSolicitudProceso.xhtml HTTP/1.1" 200 984919
172.22.2.4 - - [19/Aug/2022:14:49:13 -0500] "GET /BLA/boletinlegal/consulta_normativa.php?tipo=Acuerdo&sector=licencia&ano=2022&resuelve= HTTP/1.1" 200 454
172.22.2.4 - - [19/Aug/2022:14:49:15 -0500] "GET /BLA/boletinlegal/consulta_normativa.php?tipo=Acuerdo&sector=mineria&ano=2022&resuelve= HTTP/1.1" 200 454
66.249.73.127 - - [19/Aug/2022:14:49:18 -0500] "-" 408 -
172.22.2.4 - - [19/Aug/2022:14:49:18 -0500] "GET /BLA/boletinlegal/consulta_normativa.php?tipo=Acuerdo&sector=pma&ano=2022&resuelve= HTTP/1.1" 200 454
172.22.2.4 - - [19/Aug/2022:14:49:19 -0500] "GET /BLA/boletinlegal/images/screen_3.png HTTP/1.1" 200 210620
172.22.2.4 - - [19/Aug/2022:14:49:19 -0500] "GET /BLA/boletinlegal/images/screen_2.png HTTP/1.1" 200 362502
172.22.2.4 - - [19/Aug/2022:14:49:19 -0500] "GET /BLA/boletinlegal/images/footer_bg.jpg HTTP/1.1" 200 586
172.22.2.4 - - [19/Aug/2022:14:49:19 -0500] "GET /BLA/boletinlegal/images/screen_5.png HTTP/1.1" 200 368876
172.22.2.4 - - [19/Aug/2022:14:49:19 -0500] "GET /BLA/boletinlegal/images/arr_r.jpg HTTP/1.1" 200 1998
172.22.2.4 - - [19/Aug/2022:14:49:20 -0500] "GET /BLA/boletinlegal/consulta_normativa.php?tipo=Acuerdo&sector=publicidad&ano=2022&resuelve= HTTP/1.1" 200 454
172.22.2.4 - - [19/Aug/2022:14:49:22 -0500] "GET /BLA/boletinlegal/consulta_normativa.php?tipo=Acuerdo&sector=residuos&ano=2022&resuelve= HTTP/1.1" 200 454
172.22.2.4 - - [19/Aug/2022:14:49:25 -0500] "GET /BLA/boletinlegal/consulta_normativa.php?tipo=Acuerdo&sector=ruido&ano=2022&resuelve= HTTP/1.1" 200 454
172.22.2.4 - - [19/Aug/2022:14:49:27 -0500] "GET /BLA/boletinlegal/consulta_normativa.php?tipo=Acuerdo&sector=salvoconductos&ano=2022&resuelve= HTTP/1.1" 200 454
172.22.2.4 - - [19/Aug/2022:14:49:29 -0500] "GET /BLA/boletinlegal/consulta_normativa.php?tipo=Acuerdo&sector=silvicultura&ano=2022&resuelve= HTTP/1.1" 200 454
172.22.2.4 - - [19/Aug/2022:14:49:31 -0500] "GET /BLA/boletinlegal/consulta_normativa.php?tipo=Acuerdo&sector=vertimientos&ano=2022&resuelve= HTTP/1.1" 200 454
172.22.2.4 - - [19/Aug/2022:14:49:34 -0500] "GET /BLA/boletinlegal/images/pdf.gif HTTP/1.1" 200 567
172.22.2.4 - - [19/Aug/2022:14:49:40 -0500] "GET /BLA/boletinlegal/consulta_normativa.php?tipo=Resolucion&sector=Aire&ano=2022&resuelve= HTTP/1.1" 200 454
172.22.2.4 - - [19/Aug/2022:14:49:42 -0500] "GET /BLA/boletinlegal/consulta_normativa.php?tipo=Resolucion&sector=competencia-estructura&ano=2022&resuelve= HTTP/1.1" 200 454
192.168.172.68 - - [19/Aug/2022:14:49:43 -0500] "POST /BLA/boletinlegal/admin/actos/ingresar.php HTTP/1.1" 200 7236
172.22.2.4 - - [19/Aug/2022:14:49:44 -0500] "GET /BLA/boletinlegal/consulta_normativa.php?tipo=Resolucion&sector=concesion&ano=2022&resuelve= HTTP/1.1" 200 454
172.22.2.4 - - [19/Aug/2022:14:49:46 -0500] "GET /BLA/boletinlegal/consulta_normativa.php?tipo=Resolucion&sector=emisiones&ano=2022&resuelve= HTTP/1.1" 200 454
172.22.2.4 - - [19/Aug/2022:14:49:49 -0500] "GET /BLA/boletinlegal/consulta_normativa.php?tipo=Resolucion&sector=fauna&ano=2022&resuelve= HTTP/1.1" 200 454
172.22.2.4 - - [19/Aug/2022:14:49:52 -0500] "GET /BLA/boletinlegal/consulta_normativa.php?tipo=Resolucion&sector=flora&ano=2022&resuelve= HTTP/1.1" 200 454
172.22.2.4 - - [19/Aug/2022:14:49:54 -0500] "GET /BLA/boletinlegal/consulta_normativa.php?tipo=Resolucion&sector=hidrocarburos&ano=2022&resuelve= HTTP/1.1" 200 454
172.22.2.4 - - [19/Aug/2022:14:48:17 -0500] "HEAD /BLA/boletinlegal/ HTTP/1.1" 200 -
172.22.2.4 - - [19/Aug/2022:14:49:57 -0500] "GET /BLA/boletinlegal/consulta_normativa.php?tipo=Resolucion&sector=humedales&ano=2022&resuelve= HTTP/1.1" 200 454
172.22.2.4 - - [19/Aug/2022:14:50:01 -0500] "GET /BLA/boletinlegal/consulta_normativa.php?tipo=Resolucion&sector=licencia&ano=2022&resuelve= HTTP/1.1" 200 454
172.22.2.4 - - [19/Aug/2022:14:50:09 -0500] "GET /BLA/boletinlegal/consulta_normativa.php?tipo=Resolucion&sector=mineria&ano=2022&resuelve= HTTP/1.1" 200 454
172.22.2.4 - - [19/Aug/2022:14:50:11 -0500] "GET /BLA/boletinlegal/consulta_normativa.php?tipo=Resolucion&sector=pma&ano=2022&resuelve= HTTP/1.1" 200 454
172.22.2.4 - - [19/Aug/2022:14:50:13 -0500] "GET /BLA/boletinlegal/consulta_normativa.php?tipo=Resolucion&sector=publicidad&ano=2022&resuelve= HTTP/1.1" 200 454
172.22.2.4 - - [19/Aug/2022:14:48:34 -0500] "GET /BLA/boletinlegal/ HTTP/1.1" 200 42695
172.22.2.4 - - [19/Aug/2022:14:50:16 -0500] "GET /BLA/boletinlegal/consulta_normativa.php?tipo=Resolucion&sector=residuos&ano=2022&resuelve= HTTP/1.1" 200 454
172.22.2.4 - - [19/Aug/2022:14:50:18 -0500] "GET /BLA/boletinlegal/consulta_normativa.php?tipo=Resolucion&sector=ruido&ano=2022&resuelve= HTTP/1.1" 200 454
172.22.2.4 - - [19/Aug/2022:14:50:20 -0500] "GET /BLA/boletinlegal/consulta_normativa.php?tipo=Resolucion&sector=salvoconductos&ano=2022&resuelve= HTTP/1.1" 200 454
172.22.2.4 - - [19/Aug/2022:14:50:23 -0500] "GET /BLA/boletinlegal/consulta_normativa.php?tipo=Resolucion&sector=silvicultura&ano=2022&resuelve= HTTP/1.1" 200 454
172.22.2.4 - - [19/Aug/2022:14:50:25 -0500] "GET /BLA/boletinlegal/consulta_normativa.php?tipo=Resolucion&sector=vertimientos&ano=2022&resuelve= HTTP/1.1" 200 885
172.22.2.4 - - [19/Aug/2022:14:50:25 -0500] "GET /BLA/boletinlegal/images/docs.png HTTP/1.1" 200 10288
186.84.20.178 - - [19/Aug/2022:14:50:29 -0500] "POST /sipse/faces/presentacion/financiero/solicitudProceso/consultarSolicitudProceso.xhtml HTTP/1.1" 200 112693
186.84.20.178 - - [19/Aug/2022:14:50:40 -0500] "POST /sipse/faces/presentacion/financiero/solicitudProceso/consultarSolicitudProceso.xhtml HTTP/1.1" 200 246611
172.22.2.4 - - [19/Aug/2022:14:49:05 -0500] "GET /BLA/boletinlegal/ HTTP/1.1" 200 41326
172.22.2.4 - - [19/Aug/2022:14:50:45 -0500] "GET /BLA/boletinlegal/favicon.ico HTTP/1.1" 404 1308
172.22.2.4 - - [19/Aug/2022:14:49:07 -0500] "GET /BLA/boletinlegal/ HTTP/1.1" 200 38436
172.22.2.4 - - [19/Aug/2022:14:50:47 -0500] "GET /BLA/boletinlegal/admin/index.php HTTP/1.1" 200 2324
172.22.2.4 - - [19/Aug/2022:14:50:49 -0500] "GET /BLA/boletinlegal/admin/images/bg.png HTTP/1.1" 200 332965
172.22.2.4 - - [19/Aug/2022:14:50:49 -0500] "GET /BLA/boletinlegal/favicon.ico HTTP/1.1" 404 1244
192.168.172.68 - - [19/Aug/2022:14:50:54 -0500] "POST /BLA/boletinlegal/admin/actos/ingresar.php HTTP/1.1" 200 7236
157.55.39.98 - - [19/Aug/2022:14:51:05 -0500] "GET /appsia/controlador HTTP/1.1" 200 4799
186.102.44.231 - - [19/Aug/2022:14:51:14 -0500] "OPTIONS /kwssiamovil/sm/setfile/f? HTTP/1.1" 200 13
186.102.44.231 - - [19/Aug/2022:14:51:14 -0500] "POST /kwssiamovil/sm/setfile/f? HTTP/1.1" 200 381
186.102.44.231 - - [19/Aug/2022:14:51:17 -0500] "OPTIONS /kwssiamovil/sm/setfile/f? HTTP/1.1" 200 13
207.46.13.11 - - [19/Aug/2022:14:51:19 -0500] "GET /appsia/css/estilos.css HTTP/1.1" 200 4804
186.102.44.231 - - [19/Aug/2022:14:51:17 -0500] "POST /kwssiamovil/sm/setfile/f? HTTP/1.1" 200 381
186.102.44.231 - - [19/Aug/2022:14:51:21 -0500] "OPTIONS /kwssiamovil/sm/setfile/f? HTTP/1.1" 200 13
207.46.13.115 - - [19/Aug/2022:14:51:23 -0500] "GET /appsia/scripts/validarIngreso.js HTTP/1.1" 200 851
186.102.44.231 - - [19/Aug/2022:14:51:21 -0500] "POST /kwssiamovil/sm/setfile/f? HTTP/1.1" 200 381
186.102.44.231 - - [19/Aug/2022:14:51:25 -0500] "OPTIONS /kwssiamovil/sm/setfile/f? HTTP/1.1" 200 13
186.102.44.231 - - [19/Aug/2022:14:51:25 -0500] "POST /kwssiamovil/sm/setfile/f? HTTP/1.1" 200 381
186.102.44.231 - - [19/Aug/2022:14:51:28 -0500] "OPTIONS /kwssiamovil/sm/setfile/f? HTTP/1.1" 200 13
186.102.44.231 - - [19/Aug/2022:14:51:29 -0500] "POST /kwssiamovil/sm/setfile/f? HTTP/1.1" 200 381
186.102.44.231 - - [19/Aug/2022:14:51:41 -0500] "GET /kwssiamovil/sm/acme/a?s=U2FsdGVkX1+yC9601D8HHauUk1EWY1IiD2KiCEtP2YFZ6xPj3l5KyuHygbfZwkJy8bfdJLMDoEgErsZN9FmQlpfopjGoLJee0qkEeDuSbfUs42Bo2o9O+DE7cZnQXvjbQCDmSk61fpx5SJBWp8sNvq/2JEZdA3nEI6E5MzkYr7Ygu1/geU5NyEQm/jU5hRn1y33P7Bbl9kM6aXJRV66gluvk8/Ue1f8OkYJ5WLcgzmZpg/pOl5SxBUwoQGoCs63L80UwYoMHvcXjEXCa3zOtTQ==&u=U2FsdGVkX19f6QdZ6quy/4IzYIR3JOyKlfz967EV3wxBDwKbGqLvtYCKrRQRj87+&y=U2FsdGVkX1/a8eTKdA5twsN3IUHIVWq+VpAUulOT+HRzshGrzB+qSvYecY5kqwWP HTTP/1.1" 200 25
186.102.44.231 - - [19/Aug/2022:14:51:42 -0500] "GET /kwssiamovil/sm/acme/a?s=U2FsdGVkX1+jHNeka3Hf+ZoUeFhZFyz0SLHS75KOYdd/1brOlhEWRPbfTwjhPAtsVHyNQM+cCC7fXOtGahmxtGOQZu536KkE678Y6upnaJzCLRjhB1ZcXWioua7kEG5Qzgb71luel+sBh71m2/bUs+FXc99NFBGvq4aUDMdISXRvbYBS9smZUVbvKYlpykU0QCdUXpGAx5ydpsUw/2bMNLTk+XAM9bqE9Bpl1CTAmZ46yD7j5xn63ejyRUbNPJqHlLgz6GhwRHK+ost0B4E/7CGi+myB8KbpBeQwF5J9HkZEo0OXHr1RPR2XJnU84pNcbjCpMWKe6KnO22obB3YSYJedtLTaA3gRDU/Sagih5d+Vc3EQqt7Wfo1vHKFgECT8pXrip+z+MVEk2UTrI5c6GzGdh9oxKmIpmD59wg69dQSO9XaWFIuIUw2+1eW8SV+GPPK6ZftdnbJW3aEmujlR3WAhre5h/rokFnEzGsbKAoinfanfxiPulttXETqzhukxZPwKllQj70zPUWDCfL+M+mvQjgkuFyvc+h1+Xcs5ksSzbq8okIr1PY9I8gzCrJArmpXm5qry1SJeKgky0alZtY7SuWaJXQqX+K2fx3EVDlrHPsGV5LVi9WeJL5mSqZ9F+HX6iT0T/pPlq75qaMID7eeoHqo4TOG0NQHh5d68Zak2dbO44renk2H6NFYZtjCrP/F1vgqtuXZJ51RXkVcjGi5QZXBJ1MbMs9hCYm1tTVmtvponaYFAVbEXg3a6F+TfzRGzr5gQTBRosp6luhYgSn4rU1prTr0sJ9QxFb4W80N0R5Gh83elXyYDDdVoyEQDOY/6JsvDNPTGl/yay3/OzQCUw3XIQ/b+9MhnkWACRMpM0ZwdjoNlaSz5Hitj2DiQpKuni5i6sLtly9fLihV5qc5VyK6yPHRM3okwidDvSkhCXClPX4xqfw8Y8faCxc/4HzV0DtSJz8FFcsrqGxMQl7CgQ9nHVVF/to4NVSrmis3XgBBRXQPtRoTl6GRKKAEbKU9wX9xvxNhG2fkScvLcStcpGfk+n1ciMn84Sn77lU73kDAoINNn4HL05tgXveHtIayw8yk3Ezb1CHfTzMNJmlXBiSZz+xorsUXjtHxQ7mXAnWHA118P6JleVm604HAAPh2biCvwG/7Duj6R5V6ICw==&u=U2FsdGVkX19f6QdZ6quy/4IzYIR3JOyKlfz967EV3wxBDwKbGqLvtYCKrRQRj87+&y=U2FsdGVkX1/a8eTKdA5twsN3IUHIVWq+VpAUulOT+HRzshGrzB+qSvYecY5kqwWP HTTP/1.1" 200 25
186.102.44.231 - - [19/Aug/2022:14:51:42 -0500] "GET /kwssiamovil/sm/acme/a?s=U2FsdGVkX19WhHqlkup556XFRm2G4bOFHgjkfY+iU4pfxuWh/Cc1rtQlbtHIKUTdEKTerxwkI8T5EbxYu3dqCdYTws7b8QZPeey8WKGdZuX0oR2vBCtJmJMozBenNbaXqtyBpp+8WK5trCxxY7rXGxOkn7fb+HSWfUSV851ZMOg=&u=U2FsdGVkX19f6QdZ6quy/4IzYIR3JOyKlfz967EV3wxBDwKbGqLvtYCKrRQRj87+&y=U2FsdGVkX1/a8eTKdA5twsN3IUHIVWq+VpAUulOT+HRzshGrzB+qSvYecY5kqwWP HTTP/1.1" 200 25
186.102.44.231 - - [19/Aug/2022:14:51:42 -0500] "GET /kwssiamovil/sm/acme/a?s=U2FsdGVkX18Kvuuv5hWwD7pX0US+O1sxwhiL7jVJHPMM8inkptegsc2fOSO3NZdHJuE3AFfTOdTMKOA2KrQi097dxuyr7cYGMRcETWlfPN9HBBZRun8qpL5+mIkzV8YJ2DZNymQC1BEeTSxdR7+plsq9clUEOZ0g8gN94vlQCsg=&u=U2FsdGVkX19f6QdZ6quy/4IzYIR3JOyKlfz967EV3wxBDwKbGqLvtYCKrRQRj87+&y=U2FsdGVkX1/a8eTKdA5twsN3IUHIVWq+VpAUulOT+HRzshGrzB+qSvYecY5kqwWP HTTP/1.1" 200 25
186.102.44.231 - - [19/Aug/2022:14:51:42 -0500] "GET /kwssiamovil/sm/acme/a?s=U2FsdGVkX183Ut7lLN/WzicQJrotAz2dq4A3XZAp41K8j6mh90T1oTdbtneZepsL4CLcYSuAfJtrFOB8vj8vwb5IRBr+HCbO3MVctV1Un7sF1jvafvtOuQBB2cR39IUc/3yELJhI0v2MNG+p+Iezk2x/DtMEvSdSIxq5XCdi9NM=&u=U2FsdGVkX19f6QdZ6quy/4IzYIR3JOyKlfz967EV3wxBDwKbGqLvtYCKrRQRj87+&y=U2FsdGVkX1/a8eTKdA5twsN3IUHIVWq+VpAUulOT+HRzshGrzB+qSvYecY5kqwWP HTTP/1.1" 200 25
186.102.44.231 - - [19/Aug/2022:14:51:43 -0500] "GET /kwssiamovil/sm/acme/a?s=U2FsdGVkX1+tZU46n5UIiOpAzOvqfrntauzYFOsnrz8GNFXnoIc7Iy4LajsXGQBbJzE0LoXPAHCi3sGhVIOp8hWJWlAb/JCDyfl0iuf9gLJjTXNXguO5gePqPmgZZ8/8Ttzy1B5IocWXIi2UyYSR3TfkXEk1i87NoTIIEeghUaOPS4Th4pOALB1AgvPOfFbE&u=U2FsdGVkX19f6QdZ6quy/4IzYIR3JOyKlfz967EV3wxBDwKbGqLvtYCKrRQRj87+&y=U2FsdGVkX1/a8eTKdA5twsN3IUHIVWq+VpAUulOT+HRzshGrzB+qSvYecY5kqwWP HTTP/1.1" 200 25
186.102.44.231 - - [19/Aug/2022:14:51:43 -0500] "GET /kwssiamovil/sm/acme/a?s=U2FsdGVkX1/6MvieWDc9yBT8oENjLlSJ7ACmvR0dtRlApywKUgGe6b+ZE4PmCfTaHQ7dp6iX3JIiAiBgeOg1/Kl/sF2OUvO2XeKBLqAWuiJGzEwvQfoEN7RNpHUiCHztYETHBDoHUmQjYr4b3vY7FxkaiFS6x+zeHzd36sBjE7guyPyxp4t6QzgkJFlnJW0slbakhN4j6gRx2RPmVUAvrw==&u=U2FsdGVkX19f6QdZ6quy/4IzYIR3JOyKlfz967EV3wxBDwKbGqLvtYCKrRQRj87+&y=U2FsdGVkX1/a8eTKdA5twsN3IUHIVWq+VpAUulOT+HRzshGrzB+qSvYecY5kqwWP HTTP/1.1" 200 25
186.102.44.231 - - [19/Aug/2022:14:51:43 -0500] "GET /kwssiamovil/sm/acme/a?s=U2FsdGVkX1/M/+kagD+1QxOvTkvQRrTr5t943L28gRxJaI6PQj89ul7Fd62rQ66SGdiIoMgPP949Xz/DvxtyFHybAXVHBkWpDICHYKO5ETatK+FVM28atQAS04kQC7enTy3Ou4TDMvFAlLzStS+kZlSU/SdsB75tEL/4V2sNi0bXP9dFlkIuKG49uxAZF5rI&u=U2FsdGVkX19f6QdZ6quy/4IzYIR3JOyKlfz967EV3wxBDwKbGqLvtYCKrRQRj87+&y=U2FsdGVkX1/a8eTKdA5twsN3IUHIVWq+VpAUulOT+HRzshGrzB+qSvYecY5kqwWP HTTP/1.1" 200 25
186.102.44.231 - - [19/Aug/2022:14:51:43 -0500] "GET /kwssiamovil/sm/acme/a?s=U2FsdGVkX1/3xLdXrMZXfuOQ/L9kNUjzy+Y0OCk8F7NqpECCzqhbpg0HEYa+dz5jyGnt2yTP/D/79kiYQV+dm53t7PDDZ/KfYTMlBsCOjOXqCy1tDPMewA0O6fL4axtCKqVceZlZHEqT7vlodCA04anBBnkbWGwWv4hrQwdtyZUcw2gE7iwHCV7euaThgmjjiJvkZ0WnfGo+F7TtTxLrog==&u=U2FsdGVkX19f6QdZ6quy/4IzYIR3JOyKlfz967EV3wxBDwKbGqLvtYCKrRQRj87+&y=U2FsdGVkX1/a8eTKdA5twsN3IUHIVWq+VpAUulOT+HRzshGrzB+qSvYecY5kqwWP HTTP/1.1" 200 25
186.102.44.231 - - [19/Aug/2022:14:51:44 -0500] "GET /kwssiamovil/sm/acme/a?s=U2FsdGVkX1/0fsLyUcgDh8mL5oNIHSMeb86VhGh5mCQGczlz3Cyye2B5adsxcJLrDCBV0Jja4BxL9xyjLJ/Pm2lfpcI9r7i8eCZeF+ym74vkmpO21vEfNUKQYg8WGSnp8rWmC+CXVD+h73FsrukLsTrhIu97Mivaxcc+J9maGtm3vQyQZkN282Q6SzBcZs9Z&u=U2FsdGVkX19f6QdZ6quy/4IzYIR3JOyKlfz967EV3wxBDwKbGqLvtYCKrRQRj87+&y=U2FsdGVkX1/a8eTKdA5twsN3IUHIVWq+VpAUulOT+HRzshGrzB+qSvYecY5kqwWP HTTP/1.1" 200 25
186.102.44.231 - - [19/Aug/2022:14:51:44 -0500] "GET /kwssiamovil/sm/acme/a?s=U2FsdGVkX1/rjPek9csgPkOJ8hkre3vwFx8uRzCxzudwrEkt1w5SKiPQVk2G7sNTv7Ckfb8pdeW5XkJqCpGYTuwPfkV6VSLo/P83JxtNT6IXuxAxC/irsSe6qoXSkLz8EluQkDsDLVxDNsQwuxlMWPZuHA3rZl5OyJJFFSd3FUqARkc07EACnep0/VCVVmRfU9g9+gmixo/bbGc8pxN/Lg==&u=U2FsdGVkX19f6QdZ6quy/4IzYIR3JOyKlfz967EV3wxBDwKbGqLvtYCKrRQRj87+&y=U2FsdGVkX1/a8eTKdA5twsN3IUHIVWq+VpAUulOT+HRzshGrzB+qSvYecY5kqwWP HTTP/1.1" 200 25
172.22.2.4 - - [19/Aug/2022:14:51:44 -0500] "GET /BLA/boletinlegal/consulta_normativa.php?tipo=Manual&sector=Aire&ano=2022&resuelve= HTTP/1.1" 200 454
186.102.44.231 - - [19/Aug/2022:14:51:44 -0500] "GET /kwssiamovil/sm/acme/a?s=U2FsdGVkX1/GrrYigxWXnybzcVRKMGBgEwMLA3SjX8rrqfvRyslfO1+e8O26XHBd0iRW27D72ZI9SobTbKkzwOoRnIXYbo24yK1+QIV7geiC3Oq75TaNZl/6VBbq/BhhZ477QEVe0ZxI2svgdm3zD3JRaNoSHjaGJLw9my/Zcnc5nP0JYIZkUk8Qv/zH5BSX&u=U2FsdGVkX19f6QdZ6quy/4IzYIR3JOyKlfz967EV3wxBDwKbGqLvtYCKrRQRj87+&y=U2FsdGVkX1/a8eTKdA5twsN3IUHIVWq+VpAUulOT+HRzshGrzB+qSvYecY5kqwWP HTTP/1.1" 200 25
186.102.44.231 - - [19/Aug/2022:14:51:44 -0500] "GET /kwssiamovil/sm/acme/a?s=U2FsdGVkX1+9EaZVYyde1v+CLpcXZmr45HdrVb45ot/ZQ3rjxzYxXBZyFnBZUWg3351weVRM4dLaL5esBsHZ9HgT8leH4+jqXes7mHwuBAaHUg4iMnj9eU7g0RWPPD+NgCRjLHCOoUD0Dv9/oV8hrdXHF0dE5a4xgXRERZKwiBAQwyMMF8mwCJqyGlH7axPsTA/nRtpwbPBjSBt5ZT49Kw==&u=U2FsdGVkX19f6QdZ6quy/4IzYIR3JOyKlfz967EV3wxBDwKbGqLvtYCKrRQRj87+&y=U2FsdGVkX1/a8eTKdA5twsN3IUHIVWq+VpAUulOT+HRzshGrzB+qSvYecY5kqwWP HTTP/1.1" 200 25
186.102.44.231 - - [19/Aug/2022:14:51:45 -0500] "GET /kwssiamovil/sm/acme/a?s=U2FsdGVkX1/AmDL8pkMGdR+QVGUSscKHxVJ0nJ1/adJ3BPcNXuYX7k7uA4frjevzobHNwcS9SDEfFtjwX5ajLl2/lJtPkqtR5hmnc/pgDI+QIxFW1fmyKfzAW2cf/D/joQo6vz2WBi/g6pGkJ2GDsoKNkZyuWL4Y2xhv/yDOTqOqTP9IPHTxkQF/99KpwaXh&u=U2FsdGVkX19f6QdZ6quy/4IzYIR3JOyKlfz967EV3wxBDwKbGqLvtYCKrRQRj87+&y=U2FsdGVkX1/a8eTKdA5twsN3IUHIVWq+VpAUulOT+HRzshGrzB+qSvYecY5kqwWP HTTP/1.1" 200 25
186.102.44.231 - - [19/Aug/2022:14:51:45 -0500] "GET /kwssiamovil/sm/acme/a?s=U2FsdGVkX1+pHcoTl0hoSHOKqlFrWIhXA2gB7xYhhild0cGDxfwjn83IK0WAcAae0w8WKBx1PTTqnK1R8yqh3O52Phx/on8eKY6wkj78P0pIewQT/uM2GxH5CFK9SPf0/jYw6+5n07VMgu/uFFyL7MXv5jEMpmwpUTP+tAk2P1pqrjnS4S1w9Kq5YqQKymkJ03Cuvwp6PABOdjJUCTGKzw==&u=U2FsdGVkX19f6QdZ6quy/4IzYIR3JOyKlfz967EV3wxBDwKbGqLvtYCKrRQRj87+&y=U2FsdGVkX1/a8eTKdA5twsN3IUHIVWq+VpAUulOT+HRzshGrzB+qSvYecY5kqwWP HTTP/1.1" 200 25
186.102.44.231 - - [19/Aug/2022:14:51:45 -0500] "GET /kwssiamovil/sm/acme/a?s=U2FsdGVkX1+3loZ4MrWi8XSA+opqxCsiJfc2NZVhau1jqAbFePslAsaL9Zp6LPQSSGpM/DuPtY5reXPSTwd8ikwX3BnGk79uRFz5YYXnpS/HUCEivdegQOvIuH8cEwHzMJ/kkGRz5JTLwci8oS11oKlFOvCzf+1TNiIjYNGROUg0CTmkfv5efSfXtNivW0AdJIliOMbdIpBjTvFPDI+aBA==&u=U2FsdGVkX19f6QdZ6quy/4IzYIR3JOyKlfz967EV3wxBDwKbGqLvtYCKrRQRj87+&y=U2FsdGVkX1/a8eTKdA5twsN3IUHIVWq+VpAUulOT+HRzshGrzB+qSvYecY5kqwWP HTTP/1.1" 200 25
172.22.2.4 - - [19/Aug/2022:14:51:46 -0500] "GET /BLA/boletinlegal/consulta_normativa.php?tipo=Manual&sector=competencia-estructura&ano=2022&resuelve= HTTP/1.1" 200 454
185.119.81.97 - - [19/Aug/2022:14:51:47 -0500] "GET /portaldeninos/wp-login.php HTTP/1.1" 200 2592
185.119.81.97 - - [19/Aug/2022:14:51:48 -0500] "POST /portaldeninos/wp-login.php HTTP/1.1" 200 3605
172.22.2.4 - - [19/Aug/2022:14:51:48 -0500] "GET /BLA/boletinlegal/consulta_normativa.php?tipo=Manual&sector=concesion&ano=2022&resuelve= HTTP/1.1" 200 454
172.22.2.4 - - [19/Aug/2022:14:51:50 -0500] "GET /BLA/boletinlegal/consulta_normativa.php?tipo=Manual&sector=emisiones&ano=2022&resuelve= HTTP/1.1" 200 454
172.22.2.4 - - [19/Aug/2022:14:51:52 -0500] "GET /BLA/boletinlegal/consulta_normativa.php?tipo=Manual&sector=fauna&ano=2022&resuelve= HTTP/1.1" 200 454
172.22.2.4 - - [19/Aug/2022:14:51:54 -0500] "GET /BLA/boletinlegal/consulta_normativa.php?tipo=Manual&sector=flora&ano=2022&resuelve= HTTP/1.1" 200 454
172.22.2.4 - - [19/Aug/2022:14:51:56 -0500] "GET /BLA/boletinlegal/consulta_normativa.php?tipo=Manual&sector=hidrocarburos&ano=2022&resuelve= HTTP/1.1" 200 454
172.22.2.4 - - [19/Aug/2022:14:51:58 -0500] "GET /BLA/boletinlegal/consulta_normativa.php?tipo=Manual&sector=humedales&ano=2022&resuelve= HTTP/1.1" 200 454
185.119.81.96 - - [19/Aug/2022:14:51:58 -0500] "GET /portaldeninos/wp-login.php HTTP/1.1" 200 2592
185.119.81.96 - - [19/Aug/2022:14:51:59 -0500] "POST /portaldeninos/wp-login.php HTTP/1.1" 200 3650
172.22.2.4 - - [19/Aug/2022:14:52:02 -0500] "GET /BLA/boletinlegal/consulta_normativa.php?tipo=Manual&sector=licencia&ano=2022&resuelve= HTTP/1.1" 200 454
216.245.221.92 - - [19/Aug/2022:14:52:03 -0500] "HEAD / HTTP/1.1" 200 -
172.22.2.4 - - [19/Aug/2022:14:52:04 -0500] "GET /BLA/boletinlegal/consulta_normativa.php?tipo=Manual&sector=mineria&ano=2022&resuelve= HTTP/1.1" 200 454
172.22.2.4 - - [19/Aug/2022:14:52:07 -0500] "GET /BLA/boletinlegal/consulta_normativa.php?tipo=Manual&sector=pma&ano=2022&resuelve= HTTP/1.1" 200 454
201.245.192.253 - - [19/Aug/2022:14:52:08 -0500] "GET /BLA/resoluciones/RESOLUCIONES%202018/2418.pdf HTTP/1.1" 200 249141
172.22.2.4 - - [19/Aug/2022:14:52:09 -0500] "GET /BLA/boletinlegal/consulta_normativa.php?tipo=Manual&sector=publicidad&ano=2022&resuelve= HTTP/1.1" 200 454
172.22.2.4 - - [19/Aug/2022:14:52:11 -0500] "GET /BLA/boletinlegal/consulta_normativa.php?tipo=Manual&sector=residuos&ano=2022&resuelve= HTTP/1.1" 200 454
172.22.2.4 - - [19/Aug/2022:14:52:13 -0500] "GET /BLA/boletinlegal/consulta_normativa.php?tipo=Manual&sector=ruido&ano=2022&resuelve= HTTP/1.1" 200 454
172.22.2.4 - - [19/Aug/2022:14:52:17 -0500] "GET /BLA/boletinlegal/consulta_normativa.php?tipo=Manual&sector=salvoconductos&ano=2022&resuelve= HTTP/1.1" 200 454
172.22.2.4 - - [19/Aug/2022:14:52:19 -0500] "GET /BLA/boletinlegal/consulta_normativa.php?tipo=Manual&sector=silvicultura&ano=2022&resuelve= HTTP/1.1" 200 454
172.22.2.4 - - [19/Aug/2022:14:52:21 -0500] "GET /BLA/boletinlegal/consulta_normativa.php?tipo=Manual&sector=vertimientos&ano=2022&resuelve= HTTP/1.1" 200 454
201.245.192.253 - - [19/Aug/2022:14:52:40 -0500] "GET /galeria/galeria/jquery.fancybox.css?v=2.1.5 HTTP/1.1" 200 4895
201.245.192.253 - - [19/Aug/2022:14:52:40 -0500] "GET /BLA/boletinlegal/js/jquery.scrollShow.js HTTP/1.1" 200 4586
201.245.192.253 - - [19/Aug/2022:14:52:40 -0500] "GET /galeria/galeria/jquery.fancybox.js?v=2.1.5 HTTP/1.1" 200 48706
201.245.192.253 - - [19/Aug/2022:14:52:40 -0500] "GET /galeria/carrusel/Carrusel/jquery.thumbnailScroller.css HTTP/1.1" 200 2066
201.245.192.253 - - [19/Aug/2022:14:52:40 -0500] "GET /galeria/carrusel/Carrusel/jquery-ui-1.8.13.custom.min.js HTTP/1.1" 200 10800
