216.245.221.92 - - [20/Aug/2022:07:27:00 -0500] "HEAD / HTTP/1.1" 200 -
172.22.2.4 - - [20/Aug/2022:07:25:44 -0500] "HEAD /BLA/boletinlegal/ HTTP/1.1" 200 -
172.22.2.4 - - [20/Aug/2022:07:26:34 -0500] "GET /BLA/boletinlegal/ HTTP/1.1" 200 59819
85.208.98.200 - - [20/Aug/2022:07:28:38 -0500] "-" 408 -
201.245.192.253 - - [20/Aug/2022:07:29:58 -0500] "POST /kwsrmcab/Wsrmcab HTTP/1.1" 200 43142
201.245.192.253 - - [20/Aug/2022:07:30:02 -0500] "POST /kwsrmcab/Wsrmcab HTTP/1.1" 200 44445
201.245.192.253 - - [20/Aug/2022:07:30:18 -0500] "POST /kwsrmcab/Wsrmcab  HTTP/1.1" 200 46805
186.102.74.225 - - [20/Aug/2022:07:31:08 -0500] "GET /kwssiamovil/sm/ldap/au?x=U2FsdGVkX1+UxwXGts5R7Jdj9uYZfxcKJd+Vb2Nse7RjmMRfc6VLAEcIIGqlkRfB&y=U2FsdGVkX1/eOHEM3q5mOoYriGvY5IiGOMJOD9kjVgJC/GzCA94vPme+xTh5iXAr HTTP/1.1" 200 30
186.102.74.225 - - [20/Aug/2022:07:31:09 -0500] "GET /kwssiamovil/sm/acme/s?s=U2FsdGVkX199BQqejzAFpP0IT73yAK+BK91zDdPJa+pAkJ+bP2Eogz1mXMXQGV+Iy8mjL3fLz8RWeuyufSWfq0d30hd9MwmQhY27GJzdKKE=&u=U2FsdGVkX18cP40cJriQZOZyRWBsw78QsWgNHxBZylWhc6/OlynRg/K462gOGOON&y=U2FsdGVkX1/eOHEM3q5mOoYriGvY5IiGOMJOD9kjVgJC/GzCA94vPme+xTh5iXAr HTTP/1.1" 200 97
186.102.74.225 - - [20/Aug/2022:07:31:09 -0500] "GET /kwssiamovil/sm/acme/s?s=U2FsdGVkX1/kWHvT8YmR9YPAQ+3OVeUnmo9/HlyK+53NOVMisifRXEQQWeYgXSZ5ZImDaYIXzwb5MCRfdzjZXgmSW0RLay5YRVGeTWcFbDsMSC6arY0FD2D/Kl/XQAhD5NjR9jYGI8zdIi2LNCQCJ3wyupARt2+zNTDgg6CXkEb4GQhLOtPBfrKmO5vmb4h9QxNaFkAoxT5riQ6WA30ogwqn20QiTSZFYiWiAB8J4lJNHOIZPcNrIdYmsNCrL3rq57zoov2jMzlRKMbH0ES3lRhTOTE6trSzK3QpvGJCV8eFItMvTwQhs8sj0dzFcGiBRfBJJ3lVouhc+YgiBLPT1kptAh/Dubf+6kaHAKywfOu4xWDoFU52jvC7BC4/T7chtulqK9P+0gWQzVeyESSgF9gU0s19B4YvWWTWPBrI3mN1PcrLO2xYV754FRuSdXWG7NpRW95MJOHNLKHytFUzGtvTxawOVzZOX/kZgIVsQIqxoMWafu3RcW3v7hBDsqL95XmaAO7XXQ48n7/PoKA5v5EMY7J8edAk0vXplgPDn3cjWNW2Hy6C+z5+PcpNK0BOHXDNXY8q4i4cvX7M0hfAlh1rbk9GanaJ5ZCvLJ7f9U1S09pA0ijGIZMNcnR6aoa/1CvO5tGfG0PjJ/0iwvpVBPEeATblT/ChIvsPKA4wiC90EbWzgwNZDdIdUvJH7DyiTd0dwv5fM5hM4Vz07yg4cVRfEOtua1mD2yGiJkCTfRfWS2r7lIZjUpD6lUWzz4SFtKNlr0wKotHF9lDmblfKTJH7Z+K0GlVl4PjbgRYC7+SOSbkf6s9J1hR/D/qBSPvIwLjrKixRVGttbsqCQtKfXaceykvCFm0lsjdDIvxqkfG3d5j9vdyFgKR3CEMC3vBY2G9WQ3/WeTBqYacVVpHszDkHmuLBXnI6hEZ7QFo96G6N9TVK0fJ6o8I7yGXe8sZz20nfctfV4cspPH3xaZEcn+HSKdIGcuPdygKT7GvNaIoA5H+Trjs8hvXtA2OCkkR5HeUCNM1v01ZkRwQPpwgDwvXEdgMLSRShhxH34e1blif+jvTi7ltGTGfGOdbQtwL2XhQ3nmgS+vm1ZgoMiqr4FZ3nHWIc0csTAzT1s+e/jZJv/EhzQ6hG1YWHY27Zzr22m7YwhUT4uG8O3476kMep29mpURhtsEwF/J+WtJ6yo2huYwxMsJY7GqLF59vJ+rsKZh6RRx3Wv2s6qnOXTWsDvhG/YRbqVtStRGVNKdlctVAuo2Ea4FHqSKYhVfIXaAWUKoFOG5M+p7Qtzczc5cu0eQZ2Xpo9iAKb83sMCHiVCSnCN0jFbl1sFnFwRdEXv1JwdE7P5t/7PVGsfZjiLIV+2lnRm32c3DSdDc05yQfkF7I=&u=U2FsdGVkX18cP40cJriQZOZyRWBsw78QsWgNHxBZylWhc6/OlynRg/K462gOGOON&y=U2FsdGVkX1/eOHEM3q5mOoYriGvY5IiGOMJOD9kjVgJC/GzCA94vPme+xTh5iXAr HTTP/1.1" 200 7901
186.102.74.225 - - [20/Aug/2022:07:31:09 -0500] "GET /kwssiamovil/sm/acme/s?s=U2FsdGVkX1+lvkE3YRVQHOij/gRch2utNHFwSiUrFOwUYuHbjgiJXOKQMkd+vE2TgVI0SWGoVjXnEvxOBy4z3RH7zIY34hEEb1dp15IkiN1JqOgdY6FREyj+aOrr3Pw49lDxpgZ+P1Q77u0Erboyx20Kc+VFdpC3SitPC2afop9m/Bcj/WxP5W0psZjtRDfS7pN5GTYOTGAIWYhQGfw056PNkKOeAiHjzXKE2yWNy/OekYDvQpHrjveWq1T18fLVGzRerpW9qaKKWu5deTG0XAec/BfRZolA1ZEd8B2d4WQ=&u=U2FsdGVkX18cP40cJriQZOZyRWBsw78QsWgNHxBZylWhc6/OlynRg/K462gOGOON&y=U2FsdGVkX1/eOHEM3q5mOoYriGvY5IiGOMJOD9kjVgJC/GzCA94vPme+xTh5iXAr HTTP/1.1" 200 176
186.102.74.225 - - [20/Aug/2022:07:31:09 -0500] "GET /kwssiamovil/sm/cjson/pre?f=1&x=U2FsdGVkX1+UxwXGts5R7Jdj9uYZfxcKJd+Vb2Nse7RjmMRfc6VLAEcIIGqlkRfB HTTP/1.1" 200 30992
216.245.221.92 - - [20/Aug/2022:07:32:00 -0500] "HEAD / HTTP/1.1" 200 -
172.22.2.4 - - [20/Aug/2022:07:31:34 -0500] "HEAD /BLA/boletinlegal/ HTTP/1.1" 200 -
172.22.2.4 - - [20/Aug/2022:07:32:00 -0500] "GET /BLA/boletinlegal/ HTTP/1.1" 200 47814
172.22.2.4 - - [20/Aug/2022:07:32:24 -0500] "GET /BLA/boletinlegal/ HTTP/1.1" 200 48724
201.245.192.253 - - [20/Aug/2022:07:35:17 -0500] "POST /kwsrmcab/Wsrmcab  HTTP/1.1" 200 46805
216.245.221.92 - - [20/Aug/2022:07:37:00 -0500] "HEAD / HTTP/1.1" 200 -
186.102.19.154 - - [20/Aug/2022:07:39:01 -0500] "GET /kwssiamovil/sm/acme/u?s=U2FsdGVkX1+bOTE/zBrhP7HnhNRhJjPN/VIWwzzWO9ubxJv7OiHB0/s4EKITkJspqv/cvZ5QtQjQd8YbE3wHi3v3sRGBrqh+xIBmhXglUYiUGwcQwgzWhbp3e62VYzlatHzlLuLKQvyUvC0LIoPWaA==&u=U2FsdGVkX1/3LckFcqYHx2NYKXJirl5023Fp5wD60sQX7lbPJlAWROV7TwLvQCqf&y=U2FsdGVkX18DDULLJqhvAde6NofZ9CfDD9IOisf8bg8p+TjoXkYqw+MBMY+Rm6Ak HTTP/1.1" 200 60
172.22.2.4 - - [20/Aug/2022:07:37:24 -0500] "HEAD /BLA/boletinlegal/ HTTP/1.1" 200 -
172.22.2.4 - - [20/Aug/2022:07:38:15 -0500] "GET /BLA/boletinlegal/ HTTP/1.1" 200 58154
201.245.192.253 - - [20/Aug/2022:07:39:58 -0500] "POST /kwsrmcab/Wsrmcab HTTP/1.1" 200 43142
201.245.192.253 - - [20/Aug/2022:07:40:02 -0500] "POST /kwsrmcab/Wsrmcab HTTP/1.1" 200 44445
186.102.19.154 - - [20/Aug/2022:07:40:12 -0500] "GET /kwssiamovil/sm/ldap/au?x=U2FsdGVkX1/VM42TrN1hnCYGTh+sw/8HsJDBZh4NBHZrXG+7gVkUAaaU2+zssPMk7QaVJ0QqUihsNrAjC/esjw==&y=U2FsdGVkX18luK2z8OtlrBMNog1EnOk2XiKVSgRdgT/5YeEq9mMl2AF5243FHr31 HTTP/1.1" 200 30
186.102.19.154 - - [20/Aug/2022:07:40:12 -0500] "GET /kwssiamovil/sm/acme/s?s=U2FsdGVkX1+qajof8I5t2isTEwLadUJ8kQ5Pb6/rPX4cauVZ5AyPcG7wuXnXuw7SJTvCUqOz4Vevd54Tl2v9SYrtkotfX+qL3wT2BcW7ww0=&u=U2FsdGVkX19yAS/KRhCPkbfA+mnxREhFHGXLIuoxhs/fbf8wT7Wgh/b85egwnXFl&y=U2FsdGVkX18luK2z8OtlrBMNog1EnOk2XiKVSgRdgT/5YeEq9mMl2AF5243FHr31 HTTP/1.1" 200 97
186.102.19.154 - - [20/Aug/2022:07:40:13 -0500] "GET /kwssiamovil/sm/acme/s?s=U2FsdGVkX1+Knx+VBkPfWueesP5Elp32wNlRfXkW0PAgH2bAZvmMIfOm+DgpvHzQFZjlYbMudmHBicTeyiLRDrwO9C9aMRZZgQMDZ+L+5fTNVFq2nx9E5y2wfPEMgR/zoNl1kaQJxAeSffzV3OF1+GMkhFakyI0AUAKVXGcQcpUFR6x2gAbfVYHfCidEyCUFQuhq7n9Ztghcar9P8KfKwFJ+SLmIGPIj43V6PQPv4j/aCRrS2aUXoax8jcXlQQzIO3+It3F4HNzMKokhiWzGsIDdF06ho94rrkn9LI5BZV2TW13XPWLajx6hdqjBdrHSo1PkdGKRMy+xETiltUtQL0mBa2i6+bPoEoeJBxPh6sjpyf+4pAvHJrMzM24pgtbF7Fkx+8UNlcBmk61NAKnnqOOULVjjrBoybRIg43UdAW+nXRP/cXvaz25JKdls/2oaBWxLXZ0JlODSgEscDdg2cuXC7lhFTX4N3baekmd28a9obcgbv2bsgQR5z/a4o87rvIdnAlH5Em7axWMQs9R4iK/eogbOMMk80reVLgjCnzU/22bqtq9JdYQA5I62FOH/sG8sglXuC7/O4sOy3Y9QxvYDle4Wn3wE0IW7xgBbtw8z3qECwr78i9/XJXsCxQO4CtJFIHgG71WVMKapmWYz8UW0pdZqHcqAEf3EpRgdtLtRD1nR/Ak8iipSXW6X3uC0qqihRAswY1dg4kdJB2zicfI8W90HltW68Hdp+MNO6cGdW797e9pkmgqsHy6xCzMoQQqVA5piY+zyyxJyqSnI3Ik5mlpoyZQmY3EGKNL8yOVpHBQmrBwfDWfUJWpSXxezoLl1rF6f7exdPPa6zJOs3oD1kbgRQ3SKAMePZchOTLRIy2bI+arumSR2nf/ry1T+DdKT/dVTwOjfewsUUDbrNRi2e1UwoaznlYXyIx8qBFSpe7fqD58HvAxy4bPjQfrB8U0aNc9wqSRNWdbVXbzRObG4mugiS8P7BQkhtaWvvLwzjUkQKsy8ZZBS5Y8VKvUXfRKZpK3F18wOwDx+XkdM+wYy8f46qrNTf1U/26d4R2sNNNaxaSlRLv/aihbpx2pkswjex03grO/fZiAQgyk00BEa6bKU6hiHHVBVTOGn2x+LJAgjxMHaip/Ik9YdKBwcSbGR7w9y/oQTaS6SS2HrNNnC9u7dT/NlcQyERepFazQn+LL6gXq6UALpfHyAPRrVGEVwQn5IqX0vKtK8dO5pTV3N1vFbP4U+aYq5nYESCZ1kORJjjvwjdYSYpwtCUim11th0isaye5ldh/1A9wuDE5BERCHfOFp6/BeTrYy+a05w/gZHUSMRZcMs910c9NWUNidcmSe/er/K7oCMrL6/+V2GgUmWOQs8oy3P5S7L1Y0=&u=U2FsdGVkX19yAS/KRhCPkbfA+mnxREhFHGXLIuoxhs/fbf8wT7Wgh/b85egwnXFl&y=U2FsdGVkX18luK2z8OtlrBMNog1EnOk2XiKVSgRdgT/5YeEq9mMl2AF5243FHr31 HTTP/1.1" 200 2883
186.102.19.154 - - [20/Aug/2022:07:40:13 -0500] "GET /kwssiamovil/sm/acme/s?s=U2FsdGVkX1+2eywQsMfS2lnt6UBhFrdj+NgN2ba5PDI1izHiaJur+oj6J0mKNHnZRgGjY/NTm3HMHsBP8lx+I6vgzwHPe5dbZ46QQsBKa9yZmKX1RhjfAE4TNXzxjCTzkh28TTp0wwp8RqxVw/KYOym0uZHbWcvxoe/Da2AUt31PzwtWY5VP/5Fe4Q00IjFDnjjcTkqK3T7VQSR6yy19FWyb1YRh4Q/SHjtzcwI2CMTzwNS9I8fzbgNxgZu+2dd/HLHT9DytTZruDODJBOGueLtwqfRJQPLqEGhEBiKl+RI=&u=U2FsdGVkX19yAS/KRhCPkbfA+mnxREhFHGXLIuoxhs/fbf8wT7Wgh/b85egwnXFl&y=U2FsdGVkX18luK2z8OtlrBMNog1EnOk2XiKVSgRdgT/5YeEq9mMl2AF5243FHr31 HTTP/1.1" 200 176
186.102.19.154 - - [20/Aug/2022:07:40:13 -0500] "GET /kwssiamovil/sm/cjson/pre?f=1&x=U2FsdGVkX1/VM42TrN1hnCYGTh+sw/8HsJDBZh4NBHZrXG+7gVkUAaaU2+zssPMk7QaVJ0QqUihsNrAjC/esjw== HTTP/1.1" 200 30992
2.57.122.98 - - [20/Aug/2022:07:40:16 -0500] "GET / HTTP/1.1" 200 319
201.245.192.253 - - [20/Aug/2022:07:40:16 -0500] "POST /kwsrmcab/Wsrmcab  HTTP/1.1" 200 46805
216.245.221.92 - - [20/Aug/2022:07:42:00 -0500] "HEAD / HTTP/1.1" 200 -
172.22.2.4 - - [20/Aug/2022:07:43:14 -0500] "HEAD /BLA/boletinlegal/ HTTP/1.1" 200 -
207.46.13.36 - - [20/Aug/2022:07:45:07 -0500] "GET /BLA/resoluciones/RESOLUCIONES%202000/2000%201350-1399.tif HTTP/1.1" 200 5177378
201.245.192.253 - - [20/Aug/2022:07:45:15 -0500] "POST /kwsrmcab/Wsrmcab  HTTP/1.1" 200 46805
172.22.2.4 - - [20/Aug/2022:07:44:04 -0500] "GET /BLA/boletinlegal/ HTTP/1.1" 200 59819
216.245.221.92 - - [20/Aug/2022:07:47:00 -0500] "HEAD / HTTP/1.1" 200 -
201.245.192.253 - - [20/Aug/2022:07:50:14 -0500] "POST /kwsrmcab/Wsrmcab  HTTP/1.1" 200 46805
172.22.2.4 - - [20/Aug/2022:07:49:04 -0500] "HEAD /BLA/boletinlegal/ HTTP/1.1" 200 -
172.22.2.4 - - [20/Aug/2022:07:49:54 -0500] "GET /BLA/boletinlegal/ HTTP/1.1" 200 55211
216.245.221.92 - - [20/Aug/2022:07:52:00 -0500] "HEAD / HTTP/1.1" 200 -
159.242.234.10 - - [20/Aug/2022:07:52:30 -0500] "GET /wp-content/themes/twenty/twenty.php HTTP/1.1" 404 1035
159.242.234.10 - - [20/Aug/2022:07:52:31 -0500] "GET /wp-class.php HTTP/1.1" 404 1035
159.242.234.10 - - [20/Aug/2022:07:52:31 -0500] "GET /wordpress/wp-class.php HTTP/1.1" 404 1035
159.242.234.10 - - [20/Aug/2022:07:52:32 -0500] "GET /wp-content/plugins/press/wp-class.php HTTP/1.1" 404 1035
159.242.234.10 - - [20/Aug/2022:07:52:32 -0500] "GET /site/wp-class.php HTTP/1.1" 404 1035
159.242.234.10 - - [20/Aug/2022:07:52:33 -0500] "GET /wp-content/index.php HTTP/1.1" 404 1035
159.242.234.10 - - [20/Aug/2022:07:52:33 -0500] "GET /wp-includes/wp-class.php HTTP/1.1" 404 1035
159.242.234.10 - - [20/Aug/2022:07:52:34 -0500] "GET /wp/wp-includes/wp-class.php HTTP/1.1" 404 1035
159.242.234.10 - - [20/Aug/2022:07:52:34 -0500] "GET /wordpress/wp-includes/wp-class.php HTTP/1.1" 404 1035
159.242.234.10 - - [20/Aug/2022:07:52:35 -0500] "GET /blog/wp-class.php HTTP/1.1" 404 1035
159.242.234.10 - - [20/Aug/2022:07:52:49 -0500] "GET /wp-content/themes/twenty/twenty.php HTTP/1.1" 404 1032
159.242.234.10 - - [20/Aug/2022:07:52:50 -0500] "GET /wp-class.php HTTP/1.1" 404 1032
159.242.234.10 - - [20/Aug/2022:07:52:50 -0500] "GET /wordpress/wp-class.php HTTP/1.1" 404 1032
159.242.234.10 - - [20/Aug/2022:07:52:51 -0500] "GET /wp-content/plugins/press/wp-class.php HTTP/1.1" 404 1032
159.242.234.10 - - [20/Aug/2022:07:52:52 -0500] "GET /site/wp-class.php HTTP/1.1" 404 1032
159.242.234.10 - - [20/Aug/2022:07:52:52 -0500] "GET /wp-content/index.php HTTP/1.1" 404 1032
159.242.234.10 - - [20/Aug/2022:07:52:53 -0500] "GET /wp-includes/wp-class.php HTTP/1.1" 404 1032
159.242.234.10 - - [20/Aug/2022:07:52:53 -0500] "GET /wp/wp-includes/wp-class.php HTTP/1.1" 404 1032
159.242.234.10 - - [20/Aug/2022:07:52:54 -0500] "GET /wordpress/wp-includes/wp-class.php HTTP/1.1" 404 1032
159.242.234.10 - - [20/Aug/2022:07:52:54 -0500] "GET /blog/wp-class.php HTTP/1.1" 404 1032
45.95.55.5 - - [20/Aug/2022:07:53:39 -0500] "GET / HTTP/1.1" 200 319
201.245.192.253 - - [20/Aug/2022:07:55:13 -0500] "POST /kwsrmcab/Wsrmcab  HTTP/1.1" 200 46805
172.22.2.4 - - [20/Aug/2022:07:54:54 -0500] "HEAD /BLA/boletinlegal/ HTTP/1.1" 200 -
216.245.221.92 - - [20/Aug/2022:07:57:00 -0500] "HEAD / HTTP/1.1" 200 -
172.22.2.4 - - [20/Aug/2022:07:55:44 -0500] "GET /BLA/boletinlegal/ HTTP/1.1" 200 58154
66.249.73.164 - - [20/Aug/2022:07:59:11 -0500] "-" 408 -
201.245.192.253 - - [20/Aug/2022:08:00:12 -0500] "POST /kwsrmcab/Wsrmcab  HTTP/1.1" 200 46805
172.22.2.4 - - [20/Aug/2022:08:02:00 -0500] "GET /BLA/boletinlegal/Directivas/2017/Directiva%20No.%2003%20del%2024%20de%20Febrero%20de%202017.pdf HTTP/1.1" 200 6911517
216.245.221.92 - - [20/Aug/2022:08:02:00 -0500] "HEAD / HTTP/1.1" 200 -
92.118.39.88 - - [20/Aug/2022:08:02:15 -0500] "GET / HTTP/1.1" 200 319
172.22.2.4 - - [20/Aug/2022:08:00:44 -0500] "HEAD /BLA/boletinlegal/ HTTP/1.1" 200 -
172.22.2.4 - - [20/Aug/2022:08:01:34 -0500] "GET /BLA/boletinlegal/ HTTP/1.1" 200 59819
201.245.192.253 - - [20/Aug/2022:08:05:11 -0500] "POST /kwsrmcab/Wsrmcab  HTTP/1.1" 200 46805
216.245.221.92 - - [20/Aug/2022:08:07:00 -0500] "HEAD / HTTP/1.1" 200 -
172.22.2.4 - - [20/Aug/2022:08:06:34 -0500] "HEAD /BLA/boletinlegal/ HTTP/1.1" 200 -
149.56.16.76 - - [20/Aug/2022:08:08:17 -0500] "GET /inventario-de-emisiones-2020-transporte-publico-sitp-redujo-emisiones-de-pm-2-5-en-un-37.html HTTP/1.1" 200 925
172.22.2.4 - - [20/Aug/2022:08:08:18 -0500] "GET /BLA/boletinlegal/actos.php HTTP/1.1" 200 9559
149.56.16.76 - - [20/Aug/2022:08:08:17 -0500] "GET /portaldeninos/ HTTP/1.1" 200 110281
172.22.2.4 - - [20/Aug/2022:08:07:24 -0500] "GET /BLA/boletinlegal/ HTTP/1.1" 200 56723
201.245.192.253 - - [20/Aug/2022:08:10:10 -0500] "POST /kwsrmcab/Wsrmcab  HTTP/1.1" 200 46805
185.7.214.117 - - [20/Aug/2022:08:11:38 -0500] "GET / HTTP/1.1" 200 319
216.245.221.92 - - [20/Aug/2022:08:12:00 -0500] "HEAD / HTTP/1.1" 200 -
141.98.11.33 - - [20/Aug/2022:08:12:15 -0500] "GET / HTTP/1.1" 200 319
157.55.39.98 - - [20/Aug/2022:08:13:22 -0500] "GET /sipse/faces/faces/autenticacion.xhtml HTTP/1.1" 200 12502
172.22.2.4 - - [20/Aug/2022:08:12:24 -0500] "HEAD /BLA/boletinlegal/ HTTP/1.1" 200 -
172.22.2.4 - - [20/Aug/2022:08:13:14 -0500] "GET /BLA/boletinlegal/ HTTP/1.1" 200 56005
201.245.192.253 - - [20/Aug/2022:08:15:09 -0500] "POST /kwsrmcab/Wsrmcab  HTTP/1.1" 200 46805
216.245.221.92 - - [20/Aug/2022:08:17:00 -0500] "HEAD / HTTP/1.1" 200 -
172.22.2.4 - - [20/Aug/2022:08:17:24 -0500] "GET /BLA/boletinlegal/ HTTP/1.1" 200 32715
172.22.2.4 - - [20/Aug/2022:08:17:24 -0500] "GET /BLA/boletinlegal/ HTTP/1.1" 200 32715
172.22.2.4 - - [20/Aug/2022:08:17:24 -0500] "GET /BLA/boletinlegal/ HTTP/1.1" 200 32715
172.22.2.4 - - [20/Aug/2022:08:18:14 -0500] "HEAD /BLA/boletinlegal/ HTTP/1.1" 200 -
201.245.192.253 - - [20/Aug/2022:08:19:58 -0500] "POST /kwsrmcab/Wsrmcab HTTP/1.1" 200 43155
201.245.192.253 - - [20/Aug/2022:08:20:02 -0500] "POST /kwsrmcab/Wsrmcab HTTP/1.1" 200 44283
201.245.192.253 - - [20/Aug/2022:08:20:08 -0500] "POST /kwsrmcab/Wsrmcab  HTTP/1.1" 200 46805
172.22.2.4 - - [20/Aug/2022:08:19:04 -0500] "GET /BLA/boletinlegal/ HTTP/1.1" 200 58154
216.245.221.92 - - [20/Aug/2022:08:22:00 -0500] "HEAD / HTTP/1.1" 200 -
64.124.8.43 - - [20/Aug/2022:08:25:05 -0500] "-" 408 -
201.245.192.253 - - [20/Aug/2022:08:25:07 -0500] "POST /kwsrmcab/Wsrmcab  HTTP/1.1" 200 46805
172.22.2.4 - - [20/Aug/2022:08:24:04 -0500] "HEAD /BLA/boletinlegal/ HTTP/1.1" 200 -
172.22.2.4 - - [20/Aug/2022:08:24:54 -0500] "GET /BLA/boletinlegal/ HTTP/1.1" 200 53994
185.119.81.97 - - [20/Aug/2022:08:26:56 -0500] "GET /portaldeninos/wp-login.php HTTP/1.1" 200 2592
185.119.81.97 - - [20/Aug/2022:08:26:57 -0500] "POST /portaldeninos/wp-login.php HTTP/1.1" 200 3605
216.245.221.92 - - [20/Aug/2022:08:27:00 -0500] "HEAD / HTTP/1.1" 200 -
201.245.192.253 - - [20/Aug/2022:08:29:58 -0500] "POST /kwsrmcab/Wsrmcab HTTP/1.1" 200 43155
201.245.192.253 - - [20/Aug/2022:08:30:02 -0500] "POST /kwsrmcab/Wsrmcab HTTP/1.1" 200 44283
201.245.192.253 - - [20/Aug/2022:08:30:05 -0500] "POST /kwsrmcab/Wsrmcab  HTTP/1.1" 200 46805
172.22.2.4 - - [20/Aug/2022:08:31:22 -0500] "GET /BLA/boletinlegal/jurisprudencia/analisis/Analisis%20Sentencia%20T-1077,%202%20corregida.doc HTTP/1.1" 200 47616
172.22.2.4 - - [20/Aug/2022:08:29:54 -0500] "HEAD /BLA/boletinlegal/ HTTP/1.1" 200 -
172.22.2.4 - - [20/Aug/2022:08:31:59 -0500] "GET /BLA/boletinlegal/Directivas/2018/Directiva%20No.%2026%20del%2028%20de%20diciembre%20de%202018.pdf HTTP/1.1" 304 -
216.245.221.92 - - [20/Aug/2022:08:32:00 -0500] "HEAD / HTTP/1.1" 200 -
172.22.2.4 - - [20/Aug/2022:08:30:44 -0500] "GET /BLA/boletinlegal/ HTTP/1.1" 200 60272
40.77.167.101 - - [20/Aug/2022:08:32:37 -0500] "-" 408 -
201.245.192.253 - - [20/Aug/2022:08:35:05 -0500] "POST /kwsrmcab/Wsrmcab  HTTP/1.1" 200 46805
66.249.65.22 - - [20/Aug/2022:08:35:54 -0500] "-" 408 -
216.245.221.92 - - [20/Aug/2022:08:37:00 -0500] "HEAD / HTTP/1.1" 200 -
172.22.2.4 - - [20/Aug/2022:08:35:44 -0500] "HEAD /BLA/boletinlegal/ HTTP/1.1" 200 -
172.22.2.4 - - [20/Aug/2022:08:36:34 -0500] "GET /BLA/boletinlegal/ HTTP/1.1" 200 58566
207.46.13.36 - - [20/Aug/2022:08:39:50 -0500] "GET /BLA/resoluciones/RESOLUCIONES%202022/0679.pdf HTTP/1.1" 200 477280
201.245.192.253 - - [20/Aug/2022:08:39:58 -0500] "POST /kwsrmcab/Wsrmcab HTTP/1.1" 200 43155
173.252.87.120 - - [20/Aug/2022:08:40:03 -0500] "GET /images/reunion-planta-termovalorizacion-11-mayo.jpg HTTP/1.1" 200 34782
201.245.192.253 - - [20/Aug/2022:08:40:03 -0500] "POST /kwsrmcab/Wsrmcab HTTP/1.1" 200 44283
201.245.192.253 - - [20/Aug/2022:08:40:04 -0500] "POST /kwsrmcab/Wsrmcab  HTTP/1.1" 200 46805
216.245.221.92 - - [20/Aug/2022:08:42:00 -0500] "HEAD / HTTP/1.1" 200 -
172.22.2.4 - - [20/Aug/2022:08:41:34 -0500] "HEAD /BLA/boletinlegal/ HTTP/1.1" 200 -
185.7.214.117 - - [20/Aug/2022:08:43:58 -0500] "GET /actuator/gateway/routes HTTP/1.1" 404 1018
172.22.2.4 - - [20/Aug/2022:08:42:24 -0500] "GET /BLA/boletinlegal/ HTTP/1.1" 200 60272
201.245.192.253 - - [20/Aug/2022:08:45:03 -0500] "POST /kwsrmcab/Wsrmcab  HTTP/1.1" 200 46805
216.245.221.92 - - [20/Aug/2022:08:47:00 -0500] "HEAD / HTTP/1.1" 200 -
172.22.2.4 - - [20/Aug/2022:08:47:19 -0500] "GET /BLA/boletinlegal/Circulares/2019/Circular%20No.%2012%20del%2014%20de%20Marzo%20de%202019.pdf HTTP/1.1" 200 344384
172.22.2.4 - - [20/Aug/2022:08:47:24 -0500] "HEAD /BLA/boletinlegal/ HTTP/1.1" 200 -
186.102.66.0 - - [20/Aug/2022:08:49:22 -0500] "GET /kwssiamovil/sm/ldap/au?x=U2FsdGVkX1/zUoq9Wz7XN7F+34m5V6y/IBG2xOr1qaq8cqz6Phyu5Y7C20gI+2wWN50vDo0xQatiKiBxnRQ4nA==&y=U2FsdGVkX19X9j60SMTJvbFP8nmj6vRNWHdUVY+fs6okuf+MEO87teYxTMocDhrE HTTP/1.1" 200 30
186.102.66.0 - - [20/Aug/2022:08:49:22 -0500] "GET /kwssiamovil/sm/acme/s?s=U2FsdGVkX19p6ODlfkFJwdZnKrDopBpFLlkxPeCn0BDl+LjYqyXBN2c+Ce7w81e3v8MGY3IX53A27hdczIie+yFFv9lN1IqatqQCmMoQj1w=&u=U2FsdGVkX19psfXu+6X15UnWc6Yo+h1Nf0IvJpW8ByV95e8BPXKJKOIXSw6VJcMM&y=U2FsdGVkX19X9j60SMTJvbFP8nmj6vRNWHdUVY+fs6okuf+MEO87teYxTMocDhrE HTTP/1.1" 200 97
186.102.66.0 - - [20/Aug/2022:08:49:22 -0500] "GET /kwssiamovil/sm/acme/s?s=U2FsdGVkX1/Fu6g3xZTebwfm9L00NF9JfOKD+BTT3EK7ywWzlAq1+CfYduIHQlqSMOZO5T5PaqtQFWbObjpnu5os2nFEKTBKXK7N8L73MMJOtxE+qXTGWEGlSYZZACH2RnCSeBgxcSCUjdqW6Xf/vYzzvXQ2g7RWXmyu54xsgNFl4PWZ59ufZj2f6jRYCCpFUR43D1HVAqW0YBM+2mnbzhzKEJX0EB8z03YrDY5i80kuIiWnwN5AVBX6VAQKcOeKhbAnyohsj8aFg5bdvNbEU0WUFUSPu+jYxUYYDkBgXmy7kMCmHy+pLV+1VZO8aRLYjPYU4vwXiShlnncRixGVjDjfboqfYryZyffbbE5UCNyo1SUXmHtg3o/Le5OyAsBunjAm0q5RLO5Ax1cWEy6TlH2KNcWflz5D5dJOOpU/zqlzY1JSImMCi1517jbCPyAJR4Z4segt0KoXU7f2/ur7TKefQ5pMA9mmrEE/u414Ukv6Sj7Onf6dbQiYm0O/NMTRT6ZTkQgfnm916mAfoRuKkkL/6ICAsEnTU4ioxnBvF0qm8qnrv9K/UJRPzBmdjadE32ZB/fQeWS5WhPT51HjpMsIYv5xfV32TNX5uBgKsdkfQL2X08SnEaQS200k2lvhuNqVqQd+pTEyL3ik8FsdK0ZixVnQHyIUKtAvEDneNAh5XGn1BAE4eFXsomfW0rE66oZpXrCkfXikoJTA1L8xFbxG5762+oXG8g3KMykrNuEwHP5Wg/XauQU1AwT+206ZOnpJQIsg5LrAf0mhRmKYNQb2uHRWixFF7UZW0V+gbaq8j9HWzinTOxn6GwR3GoymyofkjUBblUGfaT+sFRkTHgTKJPD3p4TiVArv1L+Qcxc6gn6aVD0tVZIF69C4p/co42coGF7QvTdP4n6NfqgEJVv3oDZucnexYi4pRyYI4i0BQcR9zwFReQO4Q/OaA44+Z2h4U8BJClXGYoXkjOugjZVxtTA7UwPvnNchM1GBKQ7Ir7VC7v8F7eUxDTIXY1ksfge/9Fyc8NHzsHSJe4AW9sNF0nicIzzlIyffr5XS89NN8/7cGs90izrUtOolUfwmh6BHQsZM0G1JipnuW1TgyQG9lCx2HcvD/FF9TT4YReo5PxVfl1vRjrXVgnnhCbgRXEfPGL2+fiGPVECpnPnfQt68PTzXSBp9/iaM0sV5M91Ax0wdijDXsiXZ0wnYUl1ZSu5bFEM2/4F6FSGrlGDGdLY/iWChc/8aRdsB766dDvCnJEUa+1GqOgVoByPuqVRUxZ5H5ExQd/qw8N6LgYDMttBDSNLv8gD579samkPm1fHwE1WdtED1VxsmwtvBECsk4UkqyaTGBKRON7xQUp85cWH70DIX2LyTTc+Fjy0gIV00=&u=U2FsdGVkX19psfXu+6X15UnWc6Yo+h1Nf0IvJpW8ByV95e8BPXKJKOIXSw6VJcMM&y=U2FsdGVkX19X9j60SMTJvbFP8nmj6vRNWHdUVY+fs6okuf+MEO87teYxTMocDhrE HTTP/1.1" 200 6770
186.102.66.0 - - [20/Aug/2022:08:49:23 -0500] "GET /kwssiamovil/sm/acme/s?s=U2FsdGVkX19QuDTaawHZQaz3g+li8P9LxILaIJlNI0Rjyg+ImWWK2TG1iXX33FSlnCKOC2M4NvPET3VjlJBlJmdSdsU50lDyz0u1VsK5ffx+S/P1rbeYNB1s4Ol39N3YQhgMYbxJpjho7l+pBMBTdg5id6GNfotWxaHP9BznWyBYu7119JVV75o1n0xcD6Un+Ey5YeVUnv5IoNwc8d6LusEGlN/BNFAh/rERXSdySBKoXxK3LQn0P6/B6piCqL6boFRZfHUA9Ldfqfws4TSG6jAk9yTjJO+lro2HC3OVVxk=&u=U2FsdGVkX19psfXu+6X15UnWc6Yo+h1Nf0IvJpW8ByV95e8BPXKJKOIXSw6VJcMM&y=U2FsdGVkX19X9j60SMTJvbFP8nmj6vRNWHdUVY+fs6okuf+MEO87teYxTMocDhrE HTTP/1.1" 200 176
186.102.66.0 - - [20/Aug/2022:08:49:23 -0500] "GET /kwssiamovil/sm/cjson/pre?f=1&x=U2FsdGVkX1/zUoq9Wz7XN7F+34m5V6y/IBG2xOr1qaq8cqz6Phyu5Y7C20gI+2wWN50vDo0xQatiKiBxnRQ4nA== HTTP/1.1" 200 30992
172.22.2.4 - - [20/Aug/2022:08:48:14 -0500] "GET /BLA/boletinlegal/ HTTP/1.1" 200 59819
201.245.192.253 - - [20/Aug/2022:08:50:02 -0500] "POST /kwsrmcab/Wsrmcab  HTTP/1.1" 200 46805
157.55.39.98 - - [20/Aug/2022:08:50:15 -0500] "GET /sipse/faces/faces/autenticacion.xhtml HTTP/1.1" 200 12502
207.46.13.188 - - [20/Aug/2022:08:50:31 -0500] "GET /sipse/css/custom_css_sg.css HTTP/1.1" 200 9694
207.46.13.45 - - [20/Aug/2022:08:50:32 -0500] "GET /sipse/css/custom_css_sg_prime_login.css HTTP/1.1" 200 443
207.46.13.36 - - [20/Aug/2022:08:50:31 -0500] "GET /sipse/faces/javax.faces.resource/jquery/jquery.js;jsessionid=AsfsOWdUm4pwkVD3Z4fxyeh9.undefined?ln=primefaces&v=4.0 HTTP/1.1" 200 105384
207.46.13.36 - - [20/Aug/2022:08:50:33 -0500] "GET /sipse/js/funciones.js HTTP/1.1" 200 12592
207.46.13.45 - - [20/Aug/2022:08:50:34 -0500] "GET /sipse/faces/javax.faces.resource/jquery/jquery-plugins.js;jsessionid=AsfsOWdUm4pwkVD3Z4fxyeh9.undefined?ln=primefaces&v=4.0 HTTP/1.1" 200 220526
207.46.13.115 - - [20/Aug/2022:08:50:36 -0500] "GET /sipse/faces/javax.faces.resource/theme.css?ln=primefaces-sipse HTTP/1.1" 200 50058
207.46.13.115 - - [20/Aug/2022:08:50:38 -0500] "GET /sipse/js/disable_browser_buttons.js HTTP/1.1" 200 3230
66.249.73.164 - - [20/Aug/2022:08:50:47 -0500] "-" 408 -
216.245.221.92 - - [20/Aug/2022:08:52:00 -0500] "HEAD / HTTP/1.1" 200 -
207.46.13.188 - - [20/Aug/2022:08:52:23 -0500] "GET /BLA/resoluciones/index.php?dir=AUTOS+2021%2F HTTP/1.1" 200 392023
207.46.13.45 - - [20/Aug/2022:08:54:52 -0500] "GET /BLA/resoluciones/RESOLUCIONES%202000/2000%201100-1149.tif HTTP/1.1" 200 4486144
172.22.2.4 - - [20/Aug/2022:08:53:14 -0500] "HEAD /BLA/boletinlegal/ HTTP/1.1" 200 -
201.245.192.253 - - [20/Aug/2022:08:54:59 -0500] "POST /kwsrmcab/Wsrmcab  HTTP/1.1" 200 46805
172.22.2.4 - - [20/Aug/2022:08:54:04 -0500] "GET /BLA/boletinlegal/ HTTP/1.1" 200 60272
181.61.205.151 - - [20/Aug/2022:08:55:52 -0500] "GET /appsia/controlador HTTP/1.1" 200 4799
181.61.205.151 - - [20/Aug/2022:08:55:53 -0500] "GET /appsia/css/estilos.css HTTP/1.1" 200 4804
181.61.205.151 - - [20/Aug/2022:08:55:53 -0500] "GET /appsia/scripts/validarIngreso.js HTTP/1.1" 200 851
181.61.205.151 - - [20/Aug/2022:08:55:53 -0500] "GET /appsia/images/logo_bogota_p.png HTTP/1.1" 200 14951
181.61.205.151 - - [20/Aug/2022:08:55:53 -0500] "GET /appsia/images/cabezoteHojaVida.png HTTP/1.1" 200 32493
181.61.205.151 - - [20/Aug/2022:08:55:53 -0500] "GET /favicon.ico HTTP/1.1" 200 7782
181.61.205.151 - - [20/Aug/2022:08:55:58 -0500] "POST /appsia/controlador HTTP/1.1" 200 3599
181.61.205.151 - - [20/Aug/2022:08:55:58 -0500] "GET /appsia/jscripts/validarSolicitud.js HTTP/1.1" 404 68
181.61.205.151 - - [20/Aug/2022:08:56:00 -0500] "POST /appsia/controlador HTTP/1.1" 200 4799
172.22.2.4 - - [20/Aug/2022:08:56:09 -0500] "GET /BLA/boletinlegal/robots.txt HTTP/1.1" 404 1038
172.22.2.4 - - [20/Aug/2022:08:56:14 -0500] "GET /BLA/boletinlegal/doctrina.php HTTP/1.1" 200 5604
172.22.2.4 - - [20/Aug/2022:08:56:27 -0500] "GET /BLA/boletinlegal/js/ajax_doctrina.js HTTP/1.1" 200 772
181.61.205.151 - - [20/Aug/2022:08:56:38 -0500] "POST /appsia/controlador HTTP/1.1" 200 3599
181.61.205.151 - - [20/Aug/2022:08:56:38 -0500] "GET /appsia/jscripts/validarSolicitud.js HTTP/1.1" 404 68
181.61.205.151 - - [20/Aug/2022:08:56:41 -0500] "POST /appsia/controlador HTTP/1.1" 200 4799
66.220.149.117 - - [20/Aug/2022:08:56:44 -0500] "GET /images/facebook-live-ivc-MAYO27.png HTTP/1.1" 200 480404
216.245.221.92 - - [20/Aug/2022:08:57:00 -0500] "HEAD / HTTP/1.1" 200 -
181.61.205.151 - - [20/Aug/2022:08:57:49 -0500] "POST /appsia/controlador HTTP/1.1" 200 4621
181.61.205.151 - - [20/Aug/2022:08:57:54 -0500] "POST /appsia/controlador HTTP/1.1" 200 10692
181.61.205.151 - - [20/Aug/2022:08:57:54 -0500] "GET /appsia/images/logo_escudo.png HTTP/1.1" 200 36965
201.245.192.253 - - [20/Aug/2022:08:59:59 -0500] "POST /kwsrmcab/Wsrmcab  HTTP/1.1" 200 46805
34.91.23.185 - - [20/Aug/2022:09:00:34 -0500] "GET / HTTP/1.1" 200 4720
34.91.23.185 - - [20/Aug/2022:09:00:35 -0500] "GET / HTTP/1.1" 200 319
172.22.2.4 - - [20/Aug/2022:08:59:04 -0500] "HEAD /BLA/boletinlegal/ HTTP/1.1" 200 -
172.22.2.4 - - [20/Aug/2022:08:59:55 -0500] "GET /BLA/boletinlegal/ HTTP/1.1" 200 57716
172.22.2.4 - - [20/Aug/2022:09:01:59 -0500] "GET /BLA/boletinlegal/Circulares/2010/Circular%2006%20de%208%20de%20septiembre%20de%202010.pdf HTTP/1.1" 304 -
216.245.221.92 - - [20/Aug/2022:09:02:00 -0500] "HEAD / HTTP/1.1" 200 -
207.46.13.36 - - [20/Aug/2022:09:02:13 -0500] "GET /BLA/resoluciones/AUTOS%202022/2563.pdf HTTP/1.1" 200 463538
201.245.192.253 - - [20/Aug/2022:09:04:59 -0500] "POST /kwsrmcab/Wsrmcab  HTTP/1.1" 200 46805
173.252.107.13 - - [20/Aug/2022:09:05:43 -0500] "GET /images/lluvias-arboles-4-junio.jpeg HTTP/1.1" 200 117524
173.252.107.120 - - [20/Aug/2022:09:05:44 -0500] "GET /images/empresas-industrias-forestales-1-junio.jpg HTTP/1.1" 200 44019
173.252.107.13 - - [20/Aug/2022:09:05:44 -0500] "GET /images/pieza-grafica-semana-ambiental-30.jpg HTTP/1.1" 200 38850
173.252.107.13 - - [20/Aug/2022:09:05:45 -0500] "GET /images/energia-eficiencia-26-mayo.jpg HTTP/1.1" 200 46417
173.252.107.120 - - [20/Aug/2022:09:05:45 -0500] "GET /images/facebook-live-ivc-MAYO27.png HTTP/1.1" 200 480404
173.252.107.13 - - [20/Aug/2022:09:05:45 -0500] "GET /images/jardines-verticales-plantas-24-mayo.jpg HTTP/1.1" 200 148288
173.252.107.120 - - [20/Aug/2022:09:05:45 -0500] "GET /images/jornadas-llantas-usadas-23-mayo.jpg HTTP/1.1" 200 148376
173.252.107.13 - - [20/Aug/2022:09:05:45 -0500] "GET /images/la-vieja-mayo-24.jpg HTTP/1.1" 200 58217
173.252.107.21 - - [20/Aug/2022:09:05:45 -0500] "GET /images/visita-suspension-humedal-techo-24-mayo.jpg HTTP/1.1" 200 57365
173.252.107.13 - - [20/Aug/2022:09:05:46 -0500] "GET /images/bogota-polvo-sahara-23-mayo.jpg HTTP/1.1" 200 35039
173.252.107.120 - - [20/Aug/2022:09:05:46 -0500] "GET /images/control-madera-ilegal-24-mayo.jpg HTTP/1.1" 200 48269
40.77.190.64 - - [20/Aug/2022:09:06:25 -0500] "GET /sipse/faces/javax.faces.resource/layout/layout.css;jsessionid=AsfsOWdUm4pwkVD3Z4fxyeh9.undefined?ln=primefaces&v=4.0 HTTP/1.1" 200 542
40.77.188.176 - - [20/Aug/2022:09:06:25 -0500] "GET /sipse/faces/javax.faces.resource/primefaces.css;jsessionid=AsfsOWdUm4pwkVD3Z4fxyeh9.undefined?ln=primefaces&v=4.0 HTTP/1.1" 200 53295
40.77.190.145 - - [20/Aug/2022:09:06:25 -0500] "GET /sipse/faces/javax.faces.resource/layout/layout.js;jsessionid=AsfsOWdUm4pwkVD3Z4fxyeh9.undefined?ln=primefaces&v=4.0 HTTP/1.1" 200 87560
40.77.189.241 - - [20/Aug/2022:09:06:25 -0500] "GET /sipse/faces/javax.faces.resource/primefaces.js;jsessionid=AsfsOWdUm4pwkVD3Z4fxyeh9.undefined?ln=primefaces&v=4.0 HTTP/1.1" 200 276924
40.77.190.126 - - [20/Aug/2022:09:06:27 -0500] "GET /sipse/faces/faces/index.xhtml HTTP/1.1" 200 677
172.22.2.4 - - [20/Aug/2022:09:04:54 -0500] "HEAD /BLA/boletinlegal/ HTTP/1.1" 200 -
216.245.221.92 - - [20/Aug/2022:09:07:00 -0500] "HEAD / HTTP/1.1" 200 -
172.22.2.4 - - [20/Aug/2022:09:05:44 -0500] "GET /BLA/boletinlegal/ HTTP/1.1" 200 56723
201.245.192.253 - - [20/Aug/2022:09:09:57 -0500] "POST /kwsrmcab/Wsrmcab  HTTP/1.1" 200 46805
157.55.39.98 - - [20/Aug/2022:09:11:17 -0500] "GET /BLA/resoluciones/AUTOS%202020/4406.pdf HTTP/1.1" 304 -
216.245.221.92 - - [20/Aug/2022:09:12:00 -0500] "HEAD / HTTP/1.1" 200 -
172.22.2.4 - - [20/Aug/2022:09:10:44 -0500] "HEAD /BLA/boletinlegal/ HTTP/1.1" 200 -
172.22.2.4 - - [20/Aug/2022:09:11:34 -0500] "GET /BLA/boletinlegal/ HTTP/1.1" 200 58154
173.252.95.15 - - [20/Aug/2022:09:14:36 -0500] "GET /images/facebook-live-ivc-MAYO27.png HTTP/1.1" 200 480404
201.245.192.253 - - [20/Aug/2022:09:14:57 -0500] "POST /kwsrmcab/Wsrmcab  HTTP/1.1" 200 46805
216.245.221.92 - - [20/Aug/2022:09:17:00 -0500] "HEAD / HTTP/1.1" 200 -
172.22.2.4 - - [20/Aug/2022:09:16:34 -0500] "HEAD /BLA/boletinlegal/ HTTP/1.1" 200 -
172.22.2.4 - - [20/Aug/2022:09:17:24 -0500] "GET /BLA/boletinlegal/ HTTP/1.1" 200 57716
201.245.192.253 - - [20/Aug/2022:09:19:55 -0500] "POST /kwsrmcab/Wsrmcab  HTTP/1.1" 200 46805
201.245.192.253 - - [20/Aug/2022:09:19:58 -0500] "POST /kwsrmcab/Wsrmcab HTTP/1.1" 200 40174
201.245.192.253 - - [20/Aug/2022:09:20:02 -0500] "POST /kwsrmcab/Wsrmcab HTTP/1.1" 200 44270
216.245.221.92 - - [20/Aug/2022:09:22:00 -0500] "HEAD / HTTP/1.1" 200 -
172.22.2.4 - - [20/Aug/2022:09:22:24 -0500] "HEAD /BLA/boletinlegal/ HTTP/1.1" 200 -
172.22.2.4 - - [20/Aug/2022:09:23:14 -0500] "GET /BLA/boletinlegal/ HTTP/1.1" 200 56005
201.245.192.253 - - [20/Aug/2022:09:24:54 -0500] "POST /kwsrmcab/Wsrmcab  HTTP/1.1" 200 46805
216.245.221.92 - - [20/Aug/2022:09:27:00 -0500] "HEAD / HTTP/1.1" 200 -
172.22.2.4 - - [20/Aug/2022:09:28:14 -0500] "HEAD /BLA/boletinlegal/ HTTP/1.1" 200 -
201.245.192.253 - - [20/Aug/2022:09:29:54 -0500] "POST /kwsrmcab/Wsrmcab  HTTP/1.1" 200 46805
201.245.192.253 - - [20/Aug/2022:09:29:58 -0500] "POST /kwsrmcab/Wsrmcab HTTP/1.1" 200 40174
201.245.192.253 - - [20/Aug/2022:09:30:02 -0500] "POST /kwsrmcab/Wsrmcab HTTP/1.1" 200 44270
172.22.2.4 - - [20/Aug/2022:09:29:04 -0500] "GET /BLA/boletinlegal/ HTTP/1.1" 200 57716
185.119.81.104 - - [20/Aug/2022:09:31:59 -0500] "GET /portaldeninos/wp-login.php HTTP/1.1" 200 2592
216.245.221.92 - - [20/Aug/2022:09:32:00 -0500] "HEAD / HTTP/1.1" 200 -
185.119.81.104 - - [20/Aug/2022:09:32:00 -0500] "POST /portaldeninos/wp-login.php HTTP/1.1" 200 3605
207.46.13.115 - - [20/Aug/2022:09:33:10 -0500] "GET /BLA/resoluciones/ HTTP/1.1" 200 13093
201.245.192.253 - - [20/Aug/2022:09:34:52 -0500] "POST /kwsrmcab/Wsrmcab  HTTP/1.1" 200 46805
172.22.2.4 - - [20/Aug/2022:09:34:23 -0500] "GET /BLA/boletinlegal/ HTTP/1.1" 200 36811
172.22.2.4 - - [20/Aug/2022:09:34:33 -0500] "GET /BLA/boletinlegal/ HTTP/1.1" 200 32715
172.22.2.4 - - [20/Aug/2022:09:34:04 -0500] "HEAD /BLA/boletinlegal/ HTTP/1.1" 200 -
172.22.2.4 - - [20/Aug/2022:09:34:54 -0500] "GET /BLA/boletinlegal/ HTTP/1.1" 200 52484
216.245.221.92 - - [20/Aug/2022:09:37:00 -0500] "HEAD / HTTP/1.1" 200 -
185.119.81.104 - - [20/Aug/2022:09:37:50 -0500] "GET /portaldeninos/wp-login.php HTTP/1.1" 200 2592
185.119.81.104 - - [20/Aug/2022:09:37:51 -0500] "POST /portaldeninos/wp-login.php HTTP/1.1" 200 3605
201.245.192.253 - - [20/Aug/2022:09:39:51 -0500] "POST /kwsrmcab/Wsrmcab  HTTP/1.1" 200 46805
201.245.192.253 - - [20/Aug/2022:09:39:58 -0500] "POST /kwsrmcab/Wsrmcab HTTP/1.1" 200 40174
201.245.192.253 - - [20/Aug/2022:09:40:02 -0500] "POST /kwsrmcab/Wsrmcab HTTP/1.1" 200 44270
172.22.2.4 - - [20/Aug/2022:09:39:54 -0500] "HEAD /BLA/boletinlegal/ HTTP/1.1" 200 -
216.245.221.92 - - [20/Aug/2022:09:42:00 -0500] "HEAD / HTTP/1.1" 200 -
172.22.2.4 - - [20/Aug/2022:09:40:44 -0500] "GET /BLA/boletinlegal/ HTTP/1.1" 200 59819
201.245.192.253 - - [20/Aug/2022:09:44:50 -0500] "POST /kwsrmcab/Wsrmcab  HTTP/1.1" 200 46805
207.46.13.188 - - [20/Aug/2022:09:45:07 -0500] "GET /BLA/resoluciones/index.php?dir=RESOLUCIONES+2006%2FRES+2006+851-900%2F HTTP/1.1" 200 12234
216.245.221.92 - - [20/Aug/2022:09:47:00 -0500] "HEAD / HTTP/1.1" 200 -
172.22.2.4 - - [20/Aug/2022:09:45:44 -0500] "HEAD /BLA/boletinlegal/ HTTP/1.1" 200 -
172.22.2.4 - - [20/Aug/2022:09:46:34 -0500] "GET /BLA/boletinlegal/ HTTP/1.1" 200 58154
201.245.192.253 - - [20/Aug/2022:09:49:50 -0500] "POST /kwsrmcab/Wsrmcab  HTTP/1.1" 200 46805
186.154.4.220 - - [20/Aug/2022:09:51:08 -0500] "GET /portaldeninos/ HTTP/1.1" 200 110281
186.154.4.220 - - [20/Aug/2022:09:51:08 -0500] "GET /portaldeninos/wp-content/uploads/useanyfont/uaf.css?ver=1589905315 HTTP/1.1" 200 408
186.154.4.220 - - [20/Aug/2022:09:51:08 -0500] "GET /portaldeninos/wp-content/themes/betheme/style.css?ver=20.9.6 HTTP/1.1" 200 287
186.154.4.220 - - [20/Aug/2022:09:51:08 -0500] "GET /portaldeninos/wp-content/plugins/gallery-videos/CSS/Total-Soft-Gallery-Video-Widget.css?ver=4.9.8 HTTP/1.1" 200 51554
186.154.4.220 - - [20/Aug/2022:09:51:08 -0500] "GET /portaldeninos/wp-content/themes/betheme/css/layout.css?ver=20.9.6 HTTP/1.1" 200 116639
186.154.4.220 - - [20/Aug/2022:09:51:08 -0500] "GET /portaldeninos/wp-content/themes/betheme/css/base.css?ver=20.9.6 HTTP/1.1" 200 57283
186.154.4.220 - - [20/Aug/2022:09:51:08 -0500] "GET /portaldeninos/wp-content/themes/betheme/assets/ui/jquery.ui.all.css?ver=20.9.6 HTTP/1.1" 200 18765
186.154.4.220 - - [20/Aug/2022:09:51:08 -0500] "GET /portaldeninos/wp-content/themes/betheme/assets/jplayer/css/jplayer.blue.monday.css?ver=20.9.6 HTTP/1.1" 200 9834
186.154.4.220 - - [20/Aug/2022:09:51:08 -0500] "GET /portaldeninos/wp-content/themes/betheme/css/shortcodes.css?ver=20.9.6 HTTP/1.1" 200 138889
186.154.4.220 - - [20/Aug/2022:09:51:08 -0500] "GET /portaldeninos/wp-content/plugins/popup-maker/assets/css/site.min.css?ver=1.8.14 HTTP/1.1" 200 8260
186.154.4.220 - - [20/Aug/2022:09:51:08 -0500] "GET /portaldeninos/wp-content/plugins/google-analytics-for-wordpress/assets/js/frontend-gtag.min.js?ver=8.5.0 HTTP/1.1" 200 11801
186.154.4.220 - - [20/Aug/2022:09:51:08 -0500] "GET /portaldeninos/wp-content/themes/betheme/css/responsive.css?ver=20.9.6 HTTP/1.1" 200 55740
186.154.4.220 - - [20/Aug/2022:09:51:08 -0500] "GET /portaldeninos/wp-includes/js/jquery/ui/core.min.js?ver=1.11.4 HTTP/1.1" 200 4000
186.154.4.220 - - [20/Aug/2022:09:51:08 -0500] "GET /portaldeninos/wp-includes/js/jquery/jquery-migrate.min.js?ver=1.4.1 HTTP/1.1" 200 10056
186.154.4.220 - - [20/Aug/2022:09:51:08 -0500] "GET /portaldeninos/wp-content/plugins/gallery-videos/JS/modernizr.custom.js?ver=4.9.8 HTTP/1.1" 200 9019
186.154.4.220 - - [20/Aug/2022:09:51:08 -0500] "GET /portaldeninos/wp-content/plugins/gallery-videos/CSS/totalsoft.css?ver=4.9.8 HTTP/1.1" 200 40622
186.154.4.220 - - [20/Aug/2022:09:51:08 -0500] "GET /portaldeninos/wp-content/plugins/gallery-videos/JS/Total-Soft-Gallery-Video-Widget.js?ver=4.9.8 HTTP/1.1" 200 80264
186.154.4.220 - - [20/Aug/2022:09:51:08 -0500] "GET /portaldeninos/wp-includes/js/jquery/jquery.js?ver=1.12.4 HTTP/1.1" 200 97184
186.154.4.220 - - [20/Aug/2022:09:51:08 -0500] "GET /portaldeninos/wp-content/themes/betheme/assets/animations/animations.min.css?ver=20.9.6 HTTP/1.1" 200 58508
186.154.4.220 - - [20/Aug/2022:09:51:08 -0500] "GET /portaldeninos/wp-includes/js/jquery/ui/widget.min.js?ver=1.11.4 HTTP/1.1" 200 6908
186.154.4.220 - - [20/Aug/2022:09:51:08 -0500] "GET /portaldeninos/wp-includes/js/jquery/ui/mouse.min.js?ver=1.11.4 HTTP/1.1" 200 3148
186.154.4.220 - - [20/Aug/2022:09:51:08 -0500] "GET /portaldeninos/wp-includes/js/jquery/ui/sortable.min.js?ver=1.11.4 HTTP/1.1" 200 24899
186.154.4.220 - - [20/Aug/2022:09:51:08 -0500] "GET /portaldeninos/wp-includes/js/jquery/ui/accordion.min.js?ver=1.11.4 HTTP/1.1" 200 8584
186.154.4.220 - - [20/Aug/2022:09:51:08 -0500] "GET /portaldeninos/wp-content/themes/betheme/js/menu.js?ver=20.9.6 HTTP/1.1" 200 2449
186.154.4.220 - - [20/Aug/2022:09:51:08 -0500] "GET /portaldeninos/wp-content/themes/betheme/assets/animations/animations.min.js?ver=20.9.6 HTTP/1.1" 200 1896
186.154.4.220 - - [20/Aug/2022:09:51:08 -0500] "GET /portaldeninos/wp-includes/js/jquery/ui/tabs.min.js?ver=1.11.4 HTTP/1.1" 200 12110
186.154.4.220 - - [20/Aug/2022:09:51:08 -0500] "GET /portaldeninos/wp-includes/js/wp-embed.min.js?ver=4.9.8 HTTP/1.1" 200 1398
186.154.4.220 - - [20/Aug/2022:09:51:08 -0500] "GET /portaldeninos/wp-includes/js/jquery/ui/position.min.js?ver=1.11.4 HTTP/1.1" 200 6527
186.154.4.220 - - [20/Aug/2022:09:51:08 -0500] "GET /portaldeninos/wp-includes/js/wp-emoji-release.min.js?ver=4.9.8 HTTP/1.1" 200 12026
186.154.4.220 - - [20/Aug/2022:09:51:08 -0500] "GET /portaldeninos/wp-content/plugins/popup-maker/assets/js/site.min.js?defer&ver=1.8.14 HTTP/1.1" 200 48457
186.154.4.220 - - [20/Aug/2022:09:51:08 -0500] "GET /portaldeninos/wp-content/themes/betheme/js/scripts.js?ver=20.9.6 HTTP/1.1" 200 77162
186.154.4.220 - - [20/Aug/2022:09:51:08 -0500] "GET /portaldeninos/wp-content/uploads/2019/08/Logo-Ambientic.png HTTP/1.1" 200 22941
186.154.4.220 - - [20/Aug/2022:09:51:08 -0500] "GET /portaldeninos/wp-content/uploads/2021/06/titulo-miambiente-ni%C3%B1os.png HTTP/1.1" 200 11944
186.154.4.220 - - [20/Aug/2022:09:51:08 -0500] "GET /portaldeninos/wp-content/uploads/2021/06/titulo-cabezote-ni%C3%B1os.png HTTP/1.1" 200 64425
186.154.4.220 - - [20/Aug/2022:09:51:08 -0500] "GET /portaldeninos/wp-content/themes/betheme/assets/jplayer/jplayer.min.js?ver=20.9.6 HTTP/1.1" 200 52702
186.154.4.220 - - [20/Aug/2022:09:51:08 -0500] "GET /portaldeninos/wp-content/themes/betheme/js/plugins.js?ver=20.9.6 HTTP/1.1" 200 197151
186.154.4.220 - - [20/Aug/2022:09:51:08 -0500] "GET /portaldeninos/wp-content/uploads/2020/01/Frailejon-escenario.jpg HTTP/1.1" 200 357472
186.154.4.220 - - [20/Aug/2022:09:51:09 -0500] "GET /portaldeninos/wp-content/uploads/2021/06/titulo-videos-ni%C3%B1os.png HTTP/1.1" 200 10502
186.154.4.220 - - [20/Aug/2022:09:51:08 -0500] "GET /portaldeninos/wp-content/uploads/2018/10/oso.jpg HTTP/1.1" 200 305180
186.154.4.220 - - [20/Aug/2022:09:51:09 -0500] "GET /portaldeninos/wp-content/uploads/2021/06/titulo-humedales-ni%C3%B1os.png HTTP/1.1" 200 13361
186.154.4.220 - - [20/Aug/2022:09:51:09 -0500] "GET /portaldeninos/wp-content/uploads/2020/05/fb.jpg HTTP/1.1" 200 9893
186.154.4.220 - - [20/Aug/2022:09:51:08 -0500] "GET /portaldeninos/wp-content/uploads/2018/11/caneca.jpg HTTP/1.1" 200 262661
186.154.4.220 - - [20/Aug/2022:09:51:09 -0500] "GET /portaldeninos/wp-content/uploads/2020/05/ig.jpg HTTP/1.1" 200 11470
186.154.4.220 - - [20/Aug/2022:09:51:09 -0500] "GET /portaldeninos/wp-content/uploads/2020/06/yt.jpg HTTP/1.1" 200 10577
186.154.4.220 - - [20/Aug/2022:09:51:09 -0500] "GET /portaldeninos/wp-content/uploads/2020/06/tw.jpg HTTP/1.1" 200 11056
186.154.4.220 - - [20/Aug/2022:09:51:09 -0500] "GET /portaldeninos/wp-content/themes/betheme/images/box_shadow.png HTTP/1.1" 200 108
186.154.4.220 - - [20/Aug/2022:09:51:08 -0500] "GET /portaldeninos/wp-content/uploads/2020/01/Tierra-escenario.jpg HTTP/1.1" 200 181491
186.154.4.220 - - [20/Aug/2022:09:51:09 -0500] "GET /portaldeninos/wp-content/themes/betheme/fonts/mfn-icons.woff?93978679 HTTP/1.1" 200 80932
186.154.4.220 - - [20/Aug/2022:09:51:09 -0500] "GET /portaldeninos/wp-content/themes/betheme/images/stripes/stripes_3_b.png HTTP/1.1" 200 974
186.154.4.220 - - [20/Aug/2022:09:51:09 -0500] "GET /portaldeninos/wp-content/uploads/2022/08/Infograf%C3%ADa-humedales-actualizada.png HTTP/1.1" 200 588022
186.154.4.220 - - [20/Aug/2022:09:51:08 -0500] "GET /portaldeninos/wp-content/uploads/2018/11/tigrillo.jpg HTTP/1.1" 200 402961
186.154.4.220 - - [20/Aug/2022:09:51:10 -0500] "GET /portaldeninos/wp-json/pum/v1/analytics/?event=open&pid=1126&_cache=1661006836241 HTTP/1.1" 204 -
186.154.4.220 - - [20/Aug/2022:09:51:09 -0500] "GET /portaldeninos/wp-content/uploads/2022/08/HUmedalConejera03-1.jpg HTTP/1.1" 200 12388495
207.46.13.11 - - [20/Aug/2022:09:51:14 -0500] "GET /BLA/resoluciones/RESOLUCIONES%202000/2000%201650-1699.tif HTTP/1.1" 200 5529401
186.154.4.220 - - [20/Aug/2022:09:51:09 -0500] "GET /portaldeninos/wp-content/uploads/2019/06/CabezoteAMBIENTIC.mp4 HTTP/1.1" 206 21677757
186.154.4.220 - - [20/Aug/2022:09:51:09 -0500] "GET /portaldeninos/wp-content/uploads/2022/01/Conoce-lo-que-hace-la-Secretar%C3%ADa-de-Ambiente.mp4 HTTP/1.1" 206 6121226
186.154.4.220 - - [20/Aug/2022:09:51:53 -0500] "GET /portaldeninos/wp-content/uploads/2019/06/CabezoteAMBIENTIC.mp4 HTTP/1.1" 206 706237
216.245.221.92 - - [20/Aug/2022:09:52:00 -0500] "HEAD / HTTP/1.1" 200 -
186.154.4.220 - - [20/Aug/2022:09:52:11 -0500] "GET /portaldeninos/wp-content/uploads/2022/01/Conoce-lo-que-hace-la-Secretar%C3%ADa-de-Ambiente.mp4 HTTP/1.1" 206 1085893
172.22.2.4 - - [20/Aug/2022:09:51:34 -0500] "HEAD /BLA/boletinlegal/ HTTP/1.1" 200 -
186.154.4.220 - - [20/Aug/2022:09:53:26 -0500] "GET /portaldeninos/aulas-ambientales-2/parque-ecologico-distrital-de-montana-entrenubes/ HTTP/1.1" 200 90406
186.154.4.220 - - [20/Aug/2022:09:53:26 -0500] "GET /portaldeninos/wp-content/uploads/2021/07/Banners-pa%CC%81gina-de-nin%CC%83os3.jpg HTTP/1.1" 200 33682
186.154.4.220 - - [20/Aug/2022:09:53:26 -0500] "GET /portaldeninos/wp-content/uploads/2021/07/imagenes-con-marcos-pa%CC%81gina-de-nin%CC%83os-parque-entrenubes-1.jpg HTTP/1.1" 200 38322
186.154.4.220 - - [20/Aug/2022:09:53:26 -0500] "GET /portaldeninos/wp-content/uploads/2021/07/Parque-entrenubes.mp4 HTTP/1.1" 206 9969490
186.154.4.220 - - [20/Aug/2022:09:53:41 -0500] "GET /portaldeninos/parque-mirador-de-los-nevados/ HTTP/1.1" 200 89855
186.154.4.220 - - [20/Aug/2022:09:53:42 -0500] "GET /portaldeninos/wp-content/uploads/2021/07/Banners-pa%CC%81gina-de-nin%CC%83os5.jpg HTTP/1.1" 200 33413
186.154.4.220 - - [20/Aug/2022:09:53:42 -0500] "GET /portaldeninos/wp-content/uploads/2021/07/imagenes-con-marcos-pa%CC%81gina-de-nin%CC%83os-parque-los-nevados.jpg HTTP/1.1" 200 48675
186.154.4.220 - - [20/Aug/2022:09:53:42 -0500] "GET /portaldeninos/wp-content/uploads/2021/07/Recorrido-Aula-Mirador-de-los-Nevados.mp4 HTTP/1.1" 206 9434540
172.22.2.4 - - [20/Aug/2022:09:52:24 -0500] "GET /BLA/boletinlegal/ HTTP/1.1" 200 59819
186.154.4.220 - - [20/Aug/2022:09:54:07 -0500] "GET /portaldeninos/corresponsal-ambiental/ HTTP/1.1" 200 93768
186.154.4.220 - - [20/Aug/2022:09:54:07 -0500] "GET /portaldeninos/wp-content/uploads/2021/07/Banners-pa%CC%81gina-de-nin%CC%83os15.jpg HTTP/1.1" 200 26763
186.154.4.220 - - [20/Aug/2022:09:54:07 -0500] "GET /portaldeninos/wp-content/uploads/2021/07/corresponsal-ambiental.jpg HTTP/1.1" 200 76114
186.154.4.220 - - [20/Aug/2022:09:54:07 -0500] "GET /portaldeninos/wp-content/uploads/2021/05/corresponsal-ambiental-10-mayo.jpg HTTP/1.1" 200 87975
201.245.192.253 - - [20/Aug/2022:09:54:49 -0500] "POST /kwsrmcab/Wsrmcab  HTTP/1.1" 200 46805
175.100.20.228 - - [20/Aug/2022:09:56:59 -0500] "GET /.env HTTP/1.1" 404 1018
216.245.221.92 - - [20/Aug/2022:09:57:00 -0500] "HEAD / HTTP/1.1" 200 -
175.100.20.228 - - [20/Aug/2022:09:57:00 -0500] "POST / HTTP/1.1" 200 319
186.154.4.220 - - [20/Aug/2022:09:57:09 -0500] "GET /portaldeninos/corresponsal-ambiental/ HTTP/1.1" 200 93768
186.154.4.220 - - [20/Aug/2022:09:57:09 -0500] "GET /portaldeninos/wp-content/plugins/gallery-videos/CSS/Total-Soft-Gallery-Video-Widget.css?ver=4.9.8 HTTP/1.1" 200 51554
186.154.4.220 - - [20/Aug/2022:09:57:09 -0500] "GET /portaldeninos/wp-content/uploads/useanyfont/uaf.css?ver=1589905315 HTTP/1.1" 200 408
186.154.4.220 - - [20/Aug/2022:09:57:09 -0500] "GET /portaldeninos/wp-content/themes/betheme/style.css?ver=20.9.6 HTTP/1.1" 200 287
186.154.4.220 - - [20/Aug/2022:09:57:09 -0500] "GET /portaldeninos/wp-content/plugins/gallery-videos/CSS/totalsoft.css?ver=4.9.8 HTTP/1.1" 200 40622
186.154.4.220 - - [20/Aug/2022:09:57:09 -0500] "GET /portaldeninos/wp-content/themes/betheme/css/base.css?ver=20.9.6 HTTP/1.1" 200 57283
186.154.4.220 - - [20/Aug/2022:09:57:09 -0500] "GET /portaldeninos/wp-content/themes/betheme/assets/ui/jquery.ui.all.css?ver=20.9.6 HTTP/1.1" 200 18765
186.154.4.220 - - [20/Aug/2022:09:57:09 -0500] "GET /portaldeninos/wp-content/themes/betheme/assets/jplayer/css/jplayer.blue.monday.css?ver=20.9.6 HTTP/1.1" 200 9834
186.154.4.220 - - [20/Aug/2022:09:57:09 -0500] "GET /portaldeninos/wp-content/themes/betheme/assets/animations/animations.min.css?ver=20.9.6 HTTP/1.1" 200 58508
186.154.4.220 - - [20/Aug/2022:09:57:09 -0500] "GET /portaldeninos/wp-content/themes/betheme/css/shortcodes.css?ver=20.9.6 HTTP/1.1" 200 138889
186.154.4.220 - - [20/Aug/2022:09:57:09 -0500] "GET /portaldeninos/wp-content/themes/betheme/css/responsive.css?ver=20.9.6 HTTP/1.1" 200 55740
186.154.4.220 - - [20/Aug/2022:09:57:09 -0500] "GET /portaldeninos/wp-content/plugins/google-analytics-for-wordpress/assets/js/frontend-gtag.min.js?ver=8.5.0 HTTP/1.1" 200 11801
186.154.4.220 - - [20/Aug/2022:09:57:09 -0500] "GET /portaldeninos/wp-includes/js/jquery/jquery-migrate.min.js?ver=1.4.1 HTTP/1.1" 200 10056
186.154.4.220 - - [20/Aug/2022:09:57:09 -0500] "GET /portaldeninos/wp-includes/js/jquery/ui/core.min.js?ver=1.11.4 HTTP/1.1" 200 4000
186.154.4.220 - - [20/Aug/2022:09:57:09 -0500] "GET /portaldeninos/wp-content/plugins/gallery-videos/JS/modernizr.custom.js?ver=4.9.8 HTTP/1.1" 200 9019
186.154.4.220 - - [20/Aug/2022:09:57:09 -0500] "GET /portaldeninos/wp-includes/js/jquery/jquery.js?ver=1.12.4 HTTP/1.1" 200 97184
186.154.4.220 - - [20/Aug/2022:09:57:09 -0500] "GET /portaldeninos/wp-content/themes/betheme/css/layout.css?ver=20.9.6 HTTP/1.1" 200 116639
186.154.4.220 - - [20/Aug/2022:09:57:09 -0500] "GET /portaldeninos/wp-content/plugins/gallery-videos/JS/Total-Soft-Gallery-Video-Widget.js?ver=4.9.8 HTTP/1.1" 200 80264
186.154.4.220 - - [20/Aug/2022:09:57:09 -0500] "GET /portaldeninos/wp-includes/js/jquery/ui/widget.min.js?ver=1.11.4 HTTP/1.1" 200 6908
186.154.4.220 - - [20/Aug/2022:09:57:09 -0500] "GET /portaldeninos/wp-includes/js/jquery/ui/mouse.min.js?ver=1.11.4 HTTP/1.1" 200 3148
186.154.4.220 - - [20/Aug/2022:09:57:09 -0500] "GET /portaldeninos/wp-includes/js/jquery/ui/sortable.min.js?ver=1.11.4 HTTP/1.1" 200 24899
185.119.81.104 - - [20/Aug/2022:09:57:09 -0500] "GET /portaldeninos/wp-login.php HTTP/1.1" 200 2592
186.154.4.220 - - [20/Aug/2022:09:57:10 -0500] "GET /portaldeninos/wp-content/themes/betheme/js/menu.js?ver=20.9.6 HTTP/1.1" 200 2449
186.154.4.220 - - [20/Aug/2022:09:57:10 -0500] "GET /portaldeninos/wp-includes/js/jquery/ui/accordion.min.js?ver=1.11.4 HTTP/1.1" 200 8584
186.154.4.220 - - [20/Aug/2022:09:57:10 -0500] "GET /portaldeninos/wp-includes/js/jquery/ui/tabs.min.js?ver=1.11.4 HTTP/1.1" 200 12110
186.154.4.220 - - [20/Aug/2022:09:57:10 -0500] "GET /portaldeninos/wp-content/themes/betheme/assets/animations/animations.min.js?ver=20.9.6 HTTP/1.1" 200 1896
186.154.4.220 - - [20/Aug/2022:09:57:10 -0500] "GET /portaldeninos/wp-content/themes/betheme/assets/jplayer/jplayer.min.js?ver=20.9.6 HTTP/1.1" 200 52702
186.154.4.220 - - [20/Aug/2022:09:57:10 -0500] "GET /portaldeninos/wp-includes/js/wp-embed.min.js?ver=4.9.8 HTTP/1.1" 200 1398
186.154.4.220 - - [20/Aug/2022:09:57:10 -0500] "GET /portaldeninos/wp-includes/js/wp-emoji-release.min.js?ver=4.9.8 HTTP/1.1" 200 12026
186.154.4.220 - - [20/Aug/2022:09:57:10 -0500] "GET /portaldeninos/wp-content/uploads/2019/08/Logo-Ambientic.png HTTP/1.1" 200 22941
186.154.4.220 - - [20/Aug/2022:09:57:10 -0500] "GET /portaldeninos/wp-content/uploads/2021/07/Banners-pa%CC%81gina-de-nin%CC%83os15.jpg HTTP/1.1" 200 26763
186.154.4.220 - - [20/Aug/2022:09:57:10 -0500] "GET /portaldeninos/wp-content/themes/betheme/images/box_shadow.png HTTP/1.1" 200 108
186.154.4.220 - - [20/Aug/2022:09:57:10 -0500] "GET /portaldeninos/wp-content/uploads/2021/07/corresponsal-ambiental.jpg HTTP/1.1" 200 76114
186.154.4.220 - - [20/Aug/2022:09:57:10 -0500] "GET /portaldeninos/wp-content/uploads/2021/05/corresponsal-ambiental-10-mayo.jpg HTTP/1.1" 200 87975
186.154.4.220 - - [20/Aug/2022:09:57:10 -0500] "GET /portaldeninos/wp-content/themes/betheme/js/scripts.js?ver=20.9.6 HTTP/1.1" 200 77162
186.154.4.220 - - [20/Aug/2022:09:57:10 -0500] "GET /portaldeninos/wp-content/themes/betheme/js/plugins.js?ver=20.9.6 HTTP/1.1" 200 197151
186.154.4.220 - - [20/Aug/2022:09:57:10 -0500] "GET /portaldeninos/wp-content/themes/betheme/fonts/mfn-icons.woff?93978679 HTTP/1.1" 200 80932
185.119.81.104 - - [20/Aug/2022:09:57:10 -0500] "POST /portaldeninos/wp-login.php HTTP/1.1" 200 3650
200.110.170.113 - - [20/Aug/2022:09:57:28 -0500] "GET /BLA/boletinlegal/js/jquery.scrollShow.js HTTP/1.1" 200 4586
200.110.170.113 - - [20/Aug/2022:09:57:28 -0500] "GET /galeria/galeria/jquery.fancybox.css?v=2.1.5 HTTP/1.1" 200 4895
200.110.170.113 - - [20/Aug/2022:09:57:28 -0500] "GET /galeria/galeria/jquery.fancybox.js?v=2.1.5 HTTP/1.1" 200 48706
66.249.73.161 - - [20/Aug/2022:09:57:40 -0500] "-" 408 -
172.22.2.4 - - [20/Aug/2022:09:57:24 -0500] "HEAD /BLA/boletinlegal/ HTTP/1.1" 200 -
172.22.2.4 - - [20/Aug/2022:09:59:08 -0500] "GET /BLA/boletinlegal/Directivas/2017/Directiva%20No.%2003%20del%2024%20de%20Febrero%20de%202017.pdf HTTP/1.1" 304 -
40.77.167.53 - - [20/Aug/2022:09:59:08 -0500] "GET /portaldeninos/2021/05/08/2032/ HTTP/1.1" 200 106197
157.55.39.51 - - [20/Aug/2022:09:59:24 -0500] "GET /portaldeninos/wp-content/themes/betheme/assets/animations/animations.min.css?ver=20.9.6 HTTP/1.1" 200 58508
157.55.39.102 - - [20/Aug/2022:09:59:24 -0500] "GET /portaldeninos/wp-content/themes/betheme/js/plugins.js?ver=20.9.6 HTTP/1.1" 200 197151
40.77.167.40 - - [20/Aug/2022:09:59:27 -0500] "GET /portaldeninos/wp-content/themes/betheme/js/menu.js?ver=20.9.6 HTTP/1.1" 200 2449
157.55.39.102 - - [20/Aug/2022:09:59:27 -0500] "GET /portaldeninos/wp-includes/js/wp-emoji-release.min.js?ver=4.9.8 HTTP/1.1" 200 12026
40.77.167.53 - - [20/Aug/2022:09:59:28 -0500] "GET /portaldeninos/wp-content/themes/betheme/css/layout.css?ver=20.9.6 HTTP/1.1" 200 116639
40.77.167.53 - - [20/Aug/2022:09:59:31 -0500] "GET /portaldeninos/wp-content/uploads/useanyfont/uaf.css?ver=1589905315 HTTP/1.1" 200 408
207.46.13.148 - - [20/Aug/2022:09:59:32 -0500] "GET /portaldeninos/wp-content/themes/betheme/css/base.css?ver=20.9.6 HTTP/1.1" 200 57283
207.46.13.148 - - [20/Aug/2022:09:59:35 -0500] "GET /portaldeninos/wp-includes/js/comment-reply.min.js?ver=4.9.8 HTTP/1.1" 200 1078
201.245.192.253 - - [20/Aug/2022:09:59:48 -0500] "POST /kwsrmcab/Wsrmcab  HTTP/1.1" 200 46805
172.22.2.4 - - [20/Aug/2022:09:58:14 -0500] "GET /BLA/boletinlegal/ HTTP/1.1" 200 54347
216.245.221.92 - - [20/Aug/2022:10:02:00 -0500] "HEAD / HTTP/1.1" 200 -
186.154.4.220 - - [20/Aug/2022:10:02:28 -0500] "GET /portaldeninos/wp-content/plugins/popup-maker/assets/css/site.min.css?ver=1.8.14 HTTP/1.1" 200 8260
186.154.4.220 - - [20/Aug/2022:10:02:28 -0500] "GET /portaldeninos/ HTTP/1.1" 200 110281
186.154.4.220 - - [20/Aug/2022:10:02:28 -0500] "GET /portaldeninos/wp-includes/js/jquery/ui/position.min.js?ver=1.11.4 HTTP/1.1" 200 6527
186.154.4.220 - - [20/Aug/2022:10:02:29 -0500] "GET /portaldeninos/wp-content/uploads/2021/06/titulo-miambiente-ni%C3%B1os.png HTTP/1.1" 200 11944
