186.102.58.131 - - [20/Aug/2022:13:53:01 -0500] "GET /kwssiamovil/sm/acme/a?s=U2FsdGVkX1+G8cnR+2tu5uaJYhtk2X9SjStqkj8o00WLfTRcLj5uLUbmGAObGu2VAY6bz7FjYhp2f5214jE9m4yfXS7l0WO9Zl0e55VSmtGS6AoihTKxy1CkvZGVq4koT0bzQGR/h7TNTxjKdA/WyedlJuS+ut9Ulv/qS7jdBf4eDBfnojfWlc0ukppAoa7b&u=U2FsdGVkX1+jo+r1oXC0JJnoEKTf3XRSdGLnqoEAYEA5/+bR4PT2mjUKC/kIaPem&y=U2FsdGVkX18bJ0RDMtqyv4Tjm5kYPqbhU/bC3ytO9FGLXVLiIFxtL0xfuRa44Az3 HTTP/1.1" 200 25
172.22.2.4 - - [20/Aug/2022:13:51:34 -0500] "GET /BLA/boletinlegal/ HTTP/1.1" 200 58154
172.22.2.4 - - [20/Aug/2022:13:53:38 -0500] "GET /BLA/boletinlegal/Circulares/2019/Circular%20No.%200015%20del%2003%20de%20Octubre%20de%202019.pdf HTTP/1.1" 200 165608
201.245.192.253 - - [20/Aug/2022:13:54:04 -0500] "POST /kwsrmcab/Wsrmcab  HTTP/1.1" 200 46805
172.22.2.4 - - [20/Aug/2022:13:53:37 -0500] "GET /BLA/boletinlegal/ HTTP/1.1" 200 36811
185.119.81.98 - - [20/Aug/2022:13:55:25 -0500] "GET /portaldeninos/wp-login.php HTTP/1.1" 200 2592
185.119.81.98 - - [20/Aug/2022:13:55:26 -0500] "POST /portaldeninos/wp-login.php HTTP/1.1" 200 3605
66.249.73.191 - - [20/Aug/2022:13:56:49 -0500] "-" 408 -
216.245.221.92 - - [20/Aug/2022:13:56:59 -0500] "HEAD / HTTP/1.1" 200 -
172.22.2.4 - - [20/Aug/2022:13:56:33 -0500] "HEAD /BLA/boletinlegal/ HTTP/1.1" 200 -
209.141.55.120 - - [20/Aug/2022:13:58:29 -0500] "GET /portaldeninos/ HTTP/1.1" 200 110281
172.22.2.4 - - [20/Aug/2022:13:57:23 -0500] "GET /BLA/boletinlegal/ HTTP/1.1" 200 58154
201.245.192.253 - - [20/Aug/2022:13:59:02 -0500] "POST /kwsrmcab/Wsrmcab  HTTP/1.1" 200 46805
207.46.13.11 - - [20/Aug/2022:13:59:48 -0500] "GET /galeria/galeria/fotos/juan-amarillo4G.jpg HTTP/1.1" 200 202445
181.53.13.165 - - [20/Aug/2022:14:00:52 -0500] "GET /BLA/resoluciones/ HTTP/1.1" 200 13093
181.53.13.165 - - [20/Aug/2022:14:00:53 -0500] "GET /favicon.ico HTTP/1.1" 200 7782
181.53.13.165 - - [20/Aug/2022:14:01:00 -0500] "GET /BLA/resoluciones/index.php?dir=AUTOS+2015%2F HTTP/1.1" 200 576996
181.53.13.165 - - [20/Aug/2022:14:01:00 -0500] "GET /BLA/resoluciones/dlf/unknown.png HTTP/1.1" 200 266
181.53.13.165 - - [20/Aug/2022:14:01:03 -0500] "GET /BLA/resoluciones/AUTOS%202015/2099.pdf HTTP/1.1" 200 722426
172.22.2.4 - - [20/Aug/2022:14:01:13 -0500] "GET /BLA/boletinlegal/consulta_actos.php?tipo=resoluciones&no=2541&usuario=&sector=&fecha=2018&resuelve= HTTP/1.1" 200 1140
190.24.58.105 - - [20/Aug/2022:14:01:22 -0500] "GET /BLA/resoluciones/RESOLUCIONES%202018/2541.pdf HTTP/1.1" 200 643346
172.22.2.4 - - [20/Aug/2022:14:01:41 -0500] "GET /BLA/boletinlegal/consulta_actos.php?tipo=resoluciones&no=2539&usuario=&sector=&fecha=2018&resuelve= HTTP/1.1" 200 1406
190.24.58.105 - - [20/Aug/2022:14:01:48 -0500] "GET /BLA/resoluciones/RESOLUCIONES%202018/2539.pdf HTTP/1.1" 200 557957
216.245.221.92 - - [20/Aug/2022:14:01:59 -0500] "HEAD / HTTP/1.1" 200 -
172.22.2.4 - - [20/Aug/2022:14:01:59 -0500] "GET /BLA/boletinlegal/consulta_actos.php?tipo=resoluciones&no=2542&usuario=&sector=&fecha=2018&resuelve= HTTP/1.1" 200 626
172.22.2.4 - - [20/Aug/2022:14:02:37 -0500] "GET /BLA/boletinlegal/consulta_actos.php?tipo=resoluciones&no=2542&usuario=&sector=&fecha=2018&resuelve= HTTP/1.1" 200 626
66.249.73.191 - - [20/Aug/2022:14:03:48 -0500] "-" 408 -
207.46.13.188 - - [20/Aug/2022:14:04:01 -0500] "GET /Publicaciones/2022EE188798.pdf HTTP/1.1" 404 228
172.22.2.4 - - [20/Aug/2022:14:02:23 -0500] "HEAD /BLA/boletinlegal/ HTTP/1.1" 200 -
201.245.192.253 - - [20/Aug/2022:14:04:01 -0500] "POST /kwsrmcab/Wsrmcab  HTTP/1.1" 200 46805
172.22.2.4 - - [20/Aug/2022:14:03:20 -0500] "GET /BLA/boletinlegal/?XDEBUG_SESSION_START=phpstorm HTTP/1.1" 200 32715
173.252.95.120 - - [20/Aug/2022:14:04:44 -0500] "GET /images/Junio%2002-experiencias-jardines-verticales-sda.jpeg HTTP/1.1" 200 31171
172.22.2.4 - - [20/Aug/2022:14:03:14 -0500] "GET /BLA/boletinlegal/ HTTP/1.1" 200 55211
172.22.2.4 - - [20/Aug/2022:14:06:09 -0500] "GET /BLA/boletinlegal/Directivas/2011/Directiva%20No.%209%20del%2023%20de%20Septiembre%20de%202011.pdf HTTP/1.1" 304 -
185.119.81.104 - - [20/Aug/2022:14:06:54 -0500] "GET /portaldeninos/wp-login.php HTTP/1.1" 200 2592
185.119.81.104 - - [20/Aug/2022:14:06:55 -0500] "POST /portaldeninos/wp-login.php HTTP/1.1" 200 3605
216.245.221.92 - - [20/Aug/2022:14:06:59 -0500] "HEAD / HTTP/1.1" 200 -
45.95.55.5 - - [20/Aug/2022:14:08:21 -0500] "GET / HTTP/1.1" 200 319
201.245.192.253 - - [20/Aug/2022:14:09:00 -0500] "POST /kwsrmcab/Wsrmcab  HTTP/1.1" 200 46805
66.249.73.191 - - [20/Aug/2022:14:09:30 -0500] "-" 408 -
172.22.2.4 - - [20/Aug/2022:14:08:13 -0500] "HEAD /BLA/boletinlegal/ HTTP/1.1" 200 -
40.77.167.101 - - [20/Aug/2022:14:10:11 -0500] "-" 408 -
172.22.2.4 - - [20/Aug/2022:14:09:03 -0500] "GET /BLA/boletinlegal/ HTTP/1.1" 200 56367
216.245.221.92 - - [20/Aug/2022:14:11:59 -0500] "HEAD / HTTP/1.1" 200 -
185.119.81.98 - - [20/Aug/2022:14:12:44 -0500] "GET /portaldeninos/wp-login.php HTTP/1.1" 200 2592
185.119.81.98 - - [20/Aug/2022:14:12:45 -0500] "POST /portaldeninos/wp-login.php HTTP/1.1" 200 3605
154.89.5.115 - - [20/Aug/2022:14:13:51 -0500] "GET / HTTP/1.0" 200 319
201.245.192.253 - - [20/Aug/2022:14:13:59 -0500] "POST /kwsrmcab/Wsrmcab  HTTP/1.1" 200 46805
34.90.14.185 - - [20/Aug/2022:14:15:29 -0500] "GET / HTTP/1.1" 200 319
34.90.14.185 - - [20/Aug/2022:14:15:29 -0500] "GET / HTTP/1.1" 200 4720
172.22.2.4 - - [20/Aug/2022:14:15:31 -0500] "GET /BLA/boletinlegal/Circulares/2012/Circular%20No.%207%20del%2008%20de%20Agosto%20de%202012.pdf HTTP/1.1" 304 -
172.22.2.4 - - [20/Aug/2022:14:14:03 -0500] "HEAD /BLA/boletinlegal/ HTTP/1.1" 200 -
66.249.73.191 - - [20/Aug/2022:14:15:57 -0500] "-" 408 -
172.22.2.4 - - [20/Aug/2022:14:14:53 -0500] "GET /BLA/boletinlegal/ HTTP/1.1" 200 58154
216.245.221.92 - - [20/Aug/2022:14:16:59 -0500] "HEAD / HTTP/1.1" 200 -
201.245.192.253 - - [20/Aug/2022:14:18:58 -0500] "POST /kwsrmcab/Wsrmcab  HTTP/1.1" 200 46805
201.245.192.253 - - [20/Aug/2022:14:19:57 -0500] "POST /kwsrmcab/Wsrmcab HTTP/1.1" 200 39230
201.245.192.253 - - [20/Aug/2022:14:20:01 -0500] "POST /kwsrmcab/Wsrmcab HTTP/1.1" 200 44538
172.22.2.4 - - [20/Aug/2022:14:19:53 -0500] "HEAD /BLA/boletinlegal/ HTTP/1.1" 200 -
66.249.73.191 - - [20/Aug/2022:14:21:54 -0500] "-" 408 -
216.245.221.92 - - [20/Aug/2022:14:21:59 -0500] "HEAD / HTTP/1.1" 200 -
172.22.2.4 - - [20/Aug/2022:14:20:43 -0500] "GET /BLA/boletinlegal/ HTTP/1.1" 200 57716
201.245.192.253 - - [20/Aug/2022:14:23:57 -0500] "POST /kwsrmcab/Wsrmcab  HTTP/1.1" 200 46805
185.119.81.98 - - [20/Aug/2022:14:25:04 -0500] "GET /portaldeninos/wp-login.php HTTP/1.1" 200 2592
185.119.81.98 - - [20/Aug/2022:14:25:05 -0500] "POST /portaldeninos/wp-login.php HTTP/1.1" 200 3670
172.22.2.4 - - [20/Aug/2022:14:26:01 -0500] "GET /BLA/boletinlegal/Circulares/2012/Circular%20No.%2010%20del%2022%20de%20Agosto%20de%202012.pdf HTTP/1.1" 304 -
20.191.45.212 - - [20/Aug/2022:14:26:11 -0500] "GET / HTTP/1.1" 200 319
20.191.45.212 - - [20/Aug/2022:14:26:11 -0500] "GET /favicon.ico HTTP/1.1" 200 7782
216.245.221.92 - - [20/Aug/2022:14:26:59 -0500] "HEAD / HTTP/1.1" 200 -
172.22.2.4 - - [20/Aug/2022:14:27:00 -0500] "GET /BLA/boletinlegal/consulta_actos.php?tipo=resoluciones&no=0879&usuario=&sector=&fecha=2009&resuelve= HTTP/1.1" 200 1082
190.24.58.105 - - [20/Aug/2022:14:27:07 -0500] "GET /BLA/resoluciones/RESOLUCIONES%202009/0879.pdf HTTP/1.1" 200 316880
172.22.2.4 - - [20/Aug/2022:14:25:43 -0500] "HEAD /BLA/boletinlegal/ HTTP/1.1" 200 -
66.249.73.191 - - [20/Aug/2022:14:27:44 -0500] "-" 408 -
172.22.2.4 - - [20/Aug/2022:14:26:33 -0500] "GET /BLA/boletinlegal/ HTTP/1.1" 200 56367
66.249.65.24 - - [20/Aug/2022:14:28:49 -0500] "-" 408 -
201.245.192.253 - - [20/Aug/2022:14:28:56 -0500] "POST /kwsrmcab/Wsrmcab  HTTP/1.1" 200 46805
172.22.2.4 - - [20/Aug/2022:14:29:00 -0500] "GET /BLA/boletinlegal/consulta_actos.php?tipo=resoluciones&no=6049&usuario=&sector=&fecha=2010&resuelve= HTTP/1.1" 200 1035
190.24.58.105 - - [20/Aug/2022:14:29:04 -0500] "GET /BLA/resoluciones/RESOLUCIONES%202010/6049.pdf HTTP/1.1" 200 3832483
185.119.81.98 - - [20/Aug/2022:14:29:58 -0500] "GET /portaldeninos/wp-login.php HTTP/1.1" 200 2592
185.119.81.98 - - [20/Aug/2022:14:29:59 -0500] "POST /portaldeninos/wp-login.php HTTP/1.1" 200 3605
201.245.192.253 - - [20/Aug/2022:14:29:56 -0500] "POST /kwsrmcab/Wsrmcab HTTP/1.1" 200 39230
201.245.192.253 - - [20/Aug/2022:14:30:00 -0500] "POST /kwsrmcab/Wsrmcab HTTP/1.1" 200 44538
216.245.221.92 - - [20/Aug/2022:14:31:59 -0500] "HEAD / HTTP/1.1" 200 -
172.22.2.4 - - [20/Aug/2022:14:31:33 -0500] "HEAD /BLA/boletinlegal/ HTTP/1.1" 200 -
45.125.236.14 - - [20/Aug/2022:14:33:43 -0500] "GET / HTTP/1.1" 200 319
45.125.236.14 - - [20/Aug/2022:14:33:45 -0500] "POST /HNAP1/ HTTP/1.1" 404 1018
201.245.192.253 - - [20/Aug/2022:14:33:55 -0500] "POST /kwsrmcab/Wsrmcab  HTTP/1.1" 200 46805
172.22.2.4 - - [20/Aug/2022:14:32:23 -0500] "GET /BLA/boletinlegal/ HTTP/1.1" 200 57716
66.249.73.191 - - [20/Aug/2022:14:34:19 -0500] "-" 408 -
172.22.2.4 - - [20/Aug/2022:14:34:40 -0500] "GET /BLA/boletinlegal/jurisprudencia/analisis/CUADRO%20ANALISIS%20SENTENCIA%20C-554%20DE%202007.doc HTTP/1.1" 304 -
109.206.241.219 - - [20/Aug/2022:14:36:44 -0500] "POST /boaform/admin/formLogin HTTP/1.1" 404 1186
216.245.221.92 - - [20/Aug/2022:14:36:59 -0500] "HEAD / HTTP/1.1" 200 -
201.245.192.253 - - [20/Aug/2022:14:38:54 -0500] "POST /kwsrmcab/Wsrmcab  HTTP/1.1" 200 46805
172.22.2.4 - - [20/Aug/2022:14:37:23 -0500] "HEAD /BLA/boletinlegal/ HTTP/1.1" 200 -
159.242.234.6 - - [20/Aug/2022:14:39:40 -0500] "GET /wp-system-cloud.php HTTP/1.1" 404 1035
159.242.234.6 - - [20/Aug/2022:14:39:41 -0500] "GET /wp-includes/wp-system-cloud.php HTTP/1.1" 404 1035
159.242.234.6 - - [20/Aug/2022:14:39:45 -0500] "GET /wp-system-cloud.php HTTP/1.1" 404 1032
159.242.234.6 - - [20/Aug/2022:14:39:47 -0500] "GET /wp-includes/wp-system-cloud.php HTTP/1.1" 404 1032
172.22.2.4 - - [20/Aug/2022:14:38:13 -0500] "GET /BLA/boletinlegal/ HTTP/1.1" 200 60272
172.22.2.4 - - [20/Aug/2022:14:39:58 -0500] "GET /BLA/boletinlegal/Circulares/2014/Circular%20No.%203%20del%2014%20de%20Noviembre%20de%202014.pdf HTTP/1.1" 304 -
201.245.192.253 - - [20/Aug/2022:14:39:56 -0500] "POST /kwsrmcab/Wsrmcab HTTP/1.1" 200 39230
201.245.192.253 - - [20/Aug/2022:14:40:01 -0500] "POST /kwsrmcab/Wsrmcab HTTP/1.1" 200 44538
216.245.221.92 - - [20/Aug/2022:14:41:59 -0500] "HEAD / HTTP/1.1" 200 -
66.249.73.191 - - [20/Aug/2022:14:43:02 -0500] "-" 408 -
201.245.192.253 - - [20/Aug/2022:14:43:52 -0500] "POST /kwsrmcab/Wsrmcab  HTTP/1.1" 200 46805
172.22.2.4 - - [20/Aug/2022:14:44:44 -0500] "POST /BLA/boletinlegal/mifs/.;/services/LogService HTTP/1.1" 404 1158
172.22.2.4 - - [20/Aug/2022:14:43:13 -0500] "HEAD /BLA/boletinlegal/ HTTP/1.1" 200 -
172.22.2.4 - - [20/Aug/2022:14:44:03 -0500] "GET /BLA/boletinlegal/ HTTP/1.1" 200 59819
216.245.221.92 - - [20/Aug/2022:14:46:59 -0500] "HEAD / HTTP/1.1" 200 -
66.249.73.191 - - [20/Aug/2022:14:48:48 -0500] "-" 408 -
201.245.192.253 - - [20/Aug/2022:14:48:51 -0500] "POST /kwsrmcab/Wsrmcab  HTTP/1.1" 200 46805
207.46.13.45 - - [20/Aug/2022:14:50:15 -0500] "GET /BLA/resoluciones/AUTOS%202022/3409.pdf HTTP/1.1" 200 1959933
172.22.2.4 - - [20/Aug/2022:14:49:03 -0500] "HEAD /BLA/boletinlegal/ HTTP/1.1" 200 -
157.55.39.98 - - [20/Aug/2022:14:50:49 -0500] "GET /appsia/controlador HTTP/1.1" 200 4799
172.22.2.4 - - [20/Aug/2022:14:49:53 -0500] "GET /BLA/boletinlegal/ HTTP/1.1" 200 52484
216.245.221.92 - - [20/Aug/2022:14:51:59 -0500] "HEAD / HTTP/1.1" 200 -
186.29.187.189 - - [20/Aug/2022:14:52:39 -0500] "GET /galeria/galeria/jquery.fancybox.css?v=2.1.5 HTTP/1.1" 200 4895
186.29.187.189 - - [20/Aug/2022:14:52:39 -0500] "GET /BLA/boletinlegal/js/jquery.scrollShow.js HTTP/1.1" 200 4586
186.29.187.189 - - [20/Aug/2022:14:52:39 -0500] "GET /galeria/galeria/jquery.fancybox.js?v=2.1.5 HTTP/1.1" 200 48706
201.245.192.253 - - [20/Aug/2022:14:53:50 -0500] "POST /kwsrmcab/Wsrmcab  HTTP/1.1" 200 46805
181.78.24.67 - - [20/Aug/2022:14:54:47 -0500] "GET /inventario-de-emisiones-2020-transporte-publico-sitp-redujo-emisiones-de-pm-2-5-en-un-37.html HTTP/1.1" 200 925
66.249.73.191 - - [20/Aug/2022:14:54:55 -0500] "-" 408 -
172.22.2.4 - - [20/Aug/2022:14:54:53 -0500] "HEAD /BLA/boletinlegal/ HTTP/1.1" 200 -
172.22.2.4 - - [20/Aug/2022:14:56:53 -0500] "GET /BLA/boletinlegal/Circulares/2011/Circular%20No.%202%20del%2031%20de%20Mayo%20de%202011.pdf HTTP/1.1" 304 -
172.22.2.4 - - [20/Aug/2022:14:56:53 -0500] "GET /BLA/boletinlegal/robots.txt HTTP/1.1" 404 1038
216.245.221.92 - - [20/Aug/2022:14:56:59 -0500] "HEAD / HTTP/1.1" 200 -
172.22.2.4 - - [20/Aug/2022:14:55:43 -0500] "GET /BLA/boletinlegal/ HTTP/1.1" 200 60272
207.46.13.115 - - [20/Aug/2022:14:58:21 -0500] "GET /galeria/carrusel/Carrusel/jquery.thumbnailScroller.js HTTP/1.1" 200 8157
207.46.13.11 - - [20/Aug/2022:14:58:22 -0500] "GET /galeria/carrusel/Carrusel/jquery-ui-1.8.13.custom.min.js HTTP/1.1" 200 10800
207.46.13.36 - - [20/Aug/2022:14:58:25 -0500] "GET /galeria/carrusel/Carrusel/jquery.thumbnailScroller.css HTTP/1.1" 200 2066
207.46.13.36 - - [20/Aug/2022:14:58:28 -0500] "GET /galeria/nivo-slider/demo/banner.html HTTP/1.1" 200 5446
201.245.192.253 - - [20/Aug/2022:14:58:48 -0500] "POST /kwsrmcab/Wsrmcab  HTTP/1.1" 200 46805
185.119.81.104 - - [20/Aug/2022:15:00:08 -0500] "GET /portaldeninos/wp-login.php HTTP/1.1" 200 2592
185.119.81.104 - - [20/Aug/2022:15:00:09 -0500] "POST /portaldeninos/wp-login.php HTTP/1.1" 200 3670
172.22.2.4 - - [20/Aug/2022:15:00:09 -0500] "GET /BLA/boletinlegal/ HTTP/1.1" 200 56723
66.249.73.191 - - [20/Aug/2022:15:01:56 -0500] "-" 408 -
216.245.221.92 - - [20/Aug/2022:15:01:59 -0500] "HEAD / HTTP/1.1" 200 -
172.22.2.4 - - [20/Aug/2022:15:02:18 -0500] "GET /BLA/boletinlegal/Circulares/2013/Circular%20No.%202%20del%2022%20de%20enero%20de%202013.pdf HTTP/1.1" 304 -
172.22.2.4 - - [20/Aug/2022:15:00:43 -0500] "HEAD /BLA/boletinlegal/ HTTP/1.1" 200 -
172.22.2.4 - - [20/Aug/2022:15:01:33 -0500] "GET /BLA/boletinlegal/ HTTP/1.1" 200 52868
185.119.81.98 - - [20/Aug/2022:15:03:38 -0500] "GET /portaldeninos/wp-login.php HTTP/1.1" 200 2592
185.119.81.98 - - [20/Aug/2022:15:03:39 -0500] "POST /portaldeninos/wp-login.php HTTP/1.1" 200 3670
201.245.192.253 - - [20/Aug/2022:15:03:48 -0500] "POST /kwsrmcab/Wsrmcab  HTTP/1.1" 200 46805
186.102.35.137 - - [20/Aug/2022:15:06:03 -0500] "GET /kwssiamovil/sm/ldap/au?x=U2FsdGVkX1+G0uZEOPw5AKobGDOkhlLNRiKYw2UPIyg/3gnP9QPnEYR280j3N9doN9NrQI8hNAEPqw8i3RzsGQ==&y=U2FsdGVkX1+W1jjsnfraPToGG8Zoj++9SVj7NgqzHCiHsNYFBFfSDO807KqCsoU4 HTTP/1.1" 200 30
186.102.35.137 - - [20/Aug/2022:15:06:03 -0500] "GET /kwssiamovil/sm/acme/s?s=U2FsdGVkX1+JflgeGR5Zn4ihsorqDyzYlb92HKlzYrvyeJfDhKjY1hwGKT21vW/iD6IK+ovqgylot+YX7XDn9DRWBVgisKe1uwZ8NMp6Q08=&u=U2FsdGVkX18oC6LXSnlrvObthFz8T5gVIDjMT0Z4FC/yfXsCq979KuzSkpQgxbKW&y=U2FsdGVkX1+W1jjsnfraPToGG8Zoj++9SVj7NgqzHCiHsNYFBFfSDO807KqCsoU4 HTTP/1.1" 200 97
186.102.35.137 - - [20/Aug/2022:15:06:03 -0500] "GET /kwssiamovil/sm/acme/s?s=U2FsdGVkX198CscA0gVUPxJBDA5aVL7xmLWhjH6xt9mRJ/+dEglJn8ryKdt7W9NZN6/GpGcPR2X8elOnRot8bAKzn7pwhHlGGNY5uGkuFnBWenBZ/+8fUTwALZudan1ZlHMLLSZdQPJ5b5dsVKerfQbLGKjyJcab/Uv2FqQ4ztJ/vbuW6HQxeQWO+81d1WOol62E6rybvhOp4VXpXmyExuPp6IEbyAh6W6Gs1ThPX8XBkEFMYEeKlz7JD/wwtoZjQUzZb4b7sU3hQy0DhzdHf8rH0rfQFai9wDRDcGcT6PMHQrHAtRqeRAOXxhO4V7WBDV2TK0oI4c7l+reEj4kMIJiWL7J9o70BTJASGiiw9FGPetQ3YlUWZGf8ku2/0EBksTEFlhdm9MYwszED+QbHXoqtkuDkUtxPuKuZ3Vo+aGRY0ZrCPKJe1k2f5s5OCwbC7RhP1j7jAMS2Mz8uOX/KOfj0mzE0nqCEuymRCwNHchI3xjiTKPL41OKA/d6ERie+PIOFCJBkFjHnqSh40jVxXvAetPrIxeWswodwQgWcQlGyUCJsuoF812DAYJlITdVHOK2u/+PIJ5gIF1VY+uvhdJhZLUjyfTXPQVJjsXbDWDllZhIcuK7cczOGb8kXhQQYrBD1M7fkhWBn1t1DcPovkO4X4BM/JOqIDwbnQpA/aiMMLN7W+teA2TLThksUbkqsvQzumicNUK9z+TYW/0j9WGiT9gTSuc6Cp0vwUfI+YRetae1HMZJZ3Rk/nYUZmcx7Pj4wZC/cdn5S4k7Zk2RQimXM3g1jcDKmzRsmrLfh1TcvoYBm2R4W41sS46P3R7JG8HLoZOnM/Gcc8+qI4o/dgfVfDK/PcpeAjxIjBFdbneKVPYC/wZAzHzFo/rFHajGMdioibewCYDbib7UfdbhvCd8S1QNvJ0UoFDPuMlxAh1Q526KFork+3gp/s3CDnxEdKYeK72w1vga0lGkU8NE7z8/IpltpkkubAuRFHNkAMXM7q00bdBpsKU5BXFvUx4WaudhtP+n0qLjz0nTz0pJqXtr+/4P6LQ7MZ+lmroYiNNLdspI5qCo5LbPJYG+GCEBQ4x0/1IlLYP8XcQ7VGYzGDcJvOEl0GwIybapMxhkvJBh37uAvHX0XrLFssv/eHSjhrlswZaFmhOPW9gbs2GuE9k9kffWQSgoV/IgTSuVQTIT6FqZAN6tNHwupeugxfaBlZMGizGSrgrOsmdSDIiJikT5ZCpp47HB5sR7i2I8tFvnHk0UYeP/rXTc6h4eEwgHCsBmIiGlqLgWIYHJ2N8v7wS75W8q8YifLapuNWFPYm02TOVzRs4iOX6IiJxhXT0J378c8eXSBqk9s5GQJ/6OvMtKRRFK7wRwvG9UH3lIpt3c=&u=U2FsdGVkX18oC6LXSnlrvObthFz8T5gVIDjMT0Z4FC/yfXsCq979KuzSkpQgxbKW&y=U2FsdGVkX1+W1jjsnfraPToGG8Zoj++9SVj7NgqzHCiHsNYFBFfSDO807KqCsoU4 HTTP/1.1" 200 7053
186.102.35.137 - - [20/Aug/2022:15:06:04 -0500] "GET /kwssiamovil/sm/acme/s?s=U2FsdGVkX188AgzvWUdR7pc5EPd5BYBpibtFDIio4J2dFGAPgI/0S40ZlRaoZyl3wCzOo/VB8jyjb9LyTSub0yRWXyWyRpN+/UmM9Hv4fmA0Txc1fj70uL0aExCBGvxLltckRt2c5nXZ7SWuTCjYj5npiGLMpcIdhKyNW+YewV3Mof8ropcBkk39379Fyi117y1ROgAR4Mr/ygQDS0rybnVSCYZIaNWbOgC0WC4zY3IJJhxjH5TaTHl0SctQ5H/uPk4Ktnhe/u4+IB61NYcNZx5UoiVlcCqPLHQr2IOn9Ug=&u=U2FsdGVkX18oC6LXSnlrvObthFz8T5gVIDjMT0Z4FC/yfXsCq979KuzSkpQgxbKW&y=U2FsdGVkX1+W1jjsnfraPToGG8Zoj++9SVj7NgqzHCiHsNYFBFfSDO807KqCsoU4 HTTP/1.1" 200 176
186.102.35.137 - - [20/Aug/2022:15:06:04 -0500] "GET /kwssiamovil/sm/cjson/pre?f=1&x=U2FsdGVkX1+G0uZEOPw5AKobGDOkhlLNRiKYw2UPIyg/3gnP9QPnEYR280j3N9doN9NrQI8hNAEPqw8i3RzsGQ== HTTP/1.1" 200 30992
172.22.2.4 - - [20/Aug/2022:15:05:58 -0500] "GET /BLA/boletinlegal/ HTTP/1.1" 200 32715
172.22.2.4 - - [20/Aug/2022:15:05:57 -0500] "GET /BLA/boletinlegal/ HTTP/1.1" 200 32715
216.245.221.92 - - [20/Aug/2022:15:06:59 -0500] "HEAD / HTTP/1.1" 200 -
172.22.2.4 - - [20/Aug/2022:15:05:57 -0500] "GET /BLA/boletinlegal/ HTTP/1.1" 200 36811
192.168.181.220 - - [20/Aug/2022:15:07:35 -0500] "GET /BLA/boletinlegal/admin/index.php HTTP/1.1" 200 7046
192.168.181.220 - - [20/Aug/2022:15:07:52 -0500] "GET /BLA/boletinlegal/admin/index_files/index_files/tback.gif HTTP/1.1" 404 1322
192.168.181.220 - - [20/Aug/2022:15:08:09 -0500] "GET /BLA/boletinlegal/admin/notificaciones/ingresar.php HTTP/1.1" 200 30188
192.168.181.220 - - [20/Aug/2022:15:08:09 -0500] "GET /css/global/buttons.css HTTP/1.1" 404 1312
192.168.181.220 - - [20/Aug/2022:15:08:09 -0500] "GET /BLA/boletinlegal/admin/images/calendario.png HTTP/1.1" 200 4380
172.22.2.4 - - [20/Aug/2022:15:06:33 -0500] "HEAD /BLA/boletinlegal/ HTTP/1.1" 200 -
207.46.13.11 - - [20/Aug/2022:15:08:15 -0500] "GET /BLA/resoluciones/RESOLUCIONES%202013/0491.pdf HTTP/1.1" 200 1648410
192.168.181.220 - - [20/Aug/2022:15:08:12 -0500] "GET /BLA/boletinlegal/admin/index.php HTTP/1.1" 200 7046
192.168.181.220 - - [20/Aug/2022:15:08:19 -0500] "GET /BLA/boletinlegal/admin/index.php HTTP/1.1" 200 7046
192.168.181.220 - - [20/Aug/2022:15:08:46 -0500] "GET /BLA/boletinlegal/admin/index_files/index_files/tback.gif HTTP/1.1" 404 1322
201.245.192.253 - - [20/Aug/2022:15:08:47 -0500] "POST /kwsrmcab/Wsrmcab  HTTP/1.1" 200 46805
192.168.181.220 - - [20/Aug/2022:15:09:00 -0500] "GET /BLA/boletinlegal/admin/usuarios/process.php HTTP/1.1" 302 -
192.168.181.220 - - [20/Aug/2022:15:09:00 -0500] "GET /BLA/boletinlegal/admin/index.php HTTP/1.1" 200 2324
172.22.2.4 - - [20/Aug/2022:15:07:23 -0500] "GET /BLA/boletinlegal/ HTTP/1.1" 200 59819
66.249.73.191 - - [20/Aug/2022:15:09:17 -0500] "-" 408 -
192.168.181.220 - - [20/Aug/2022:15:09:20 -0500] "POST /BLA/boletinlegal/admin/usuarios/process.php HTTP/1.1" 302 -
192.168.181.220 - - [20/Aug/2022:15:09:21 -0500] "GET /BLA/boletinlegal/admin/index.php HTTP/1.1" 200 7249
192.168.181.220 - - [20/Aug/2022:15:09:47 -0500] "GET /BLA/boletinlegal/admin/actos/ingresar.php HTTP/1.1" 200 7143
192.168.181.220 - - [20/Aug/2022:15:10:55 -0500] "POST /BLA/boletinlegal/admin/actos/ingresar.php HTTP/1.1" 200 7236
192.168.181.220 - - [20/Aug/2022:15:11:02 -0500] "GET /BLA/boletinlegal/consulta_actos.php?tipo=resoluciones&no=2053&usuario=&sector=&fecha=2021&resuelve= HTTP/1.1" 200 1083
216.245.221.92 - - [20/Aug/2022:15:11:59 -0500] "HEAD / HTTP/1.1" 200 -
172.22.2.4 - - [20/Aug/2022:15:13:48 -0500] "GET /BLA/boletinlegal/jurisprudencia/analisis/Analisis%20jurisprudencial%20Sentencia%20C-366-11.doc HTTP/1.1" 304 -
201.245.192.253 - - [20/Aug/2022:15:13:46 -0500] "POST /kwsrmcab/Wsrmcab  HTTP/1.1" 200 46805
172.22.2.4 - - [20/Aug/2022:15:12:23 -0500] "HEAD /BLA/boletinlegal/ HTTP/1.1" 200 -
40.77.139.102 - - [20/Aug/2022:15:14:23 -0500] "GET /galeria/nivo-slider/themes/default/default.css HTTP/1.1" 200 1569
40.77.139.85 - - [20/Aug/2022:15:14:23 -0500] "GET /galeria/nivo-slider/themes/pascal/pascal.css HTTP/1.1" 200 2258
40.77.139.81 - - [20/Aug/2022:15:14:23 -0500] "GET /galeria/nivo-slider/nivo-slider.css HTTP/1.1" 200 1507
40.77.139.111 - - [20/Aug/2022:15:14:23 -0500] "GET /galeria/nivo-slider/themes/orman/orman.css HTTP/1.1" 200 2152
40.77.191.237 - - [20/Aug/2022:15:14:23 -0500] "GET /galeria/nivo-slider/demo/style.css HTTP/1.1" 200 2222
40.77.191.255 - - [20/Aug/2022:15:14:24 -0500] "GET /galeria/nivo-slider/demo/scripts/jquery-1.7.1.min.js HTTP/1.1" 200 93868
40.77.191.237 - - [20/Aug/2022:15:14:24 -0500] "GET /galeria/nivo-slider/jquery.nivo.slider.pack.js HTTP/1.1" 200 11561
172.22.2.4 - - [20/Aug/2022:15:13:14 -0500] "GET /BLA/boletinlegal/ HTTP/1.1" 200 59819
216.245.221.92 - - [20/Aug/2022:15:16:59 -0500] "HEAD / HTTP/1.1" 200 -
66.249.73.191 - - [20/Aug/2022:15:17:29 -0500] "-" 408 -
201.245.192.253 - - [20/Aug/2022:15:18:45 -0500] "POST /kwsrmcab/Wsrmcab  HTTP/1.1" 200 46805
172.22.2.4 - - [20/Aug/2022:15:18:13 -0500] "HEAD /BLA/boletinlegal/ HTTP/1.1" 200 -
201.245.192.253 - - [20/Aug/2022:15:19:56 -0500] "POST /kwsrmcab/Wsrmcab HTTP/1.1" 200 39077
201.245.192.253 - - [20/Aug/2022:15:20:00 -0500] "POST /kwsrmcab/Wsrmcab HTTP/1.1" 200 44395
172.22.2.4 - - [20/Aug/2022:15:20:34 -0500] "GET /BLA/boletinlegal/console/ HTTP/1.1" 404 1018
172.22.2.4 - - [20/Aug/2022:15:19:03 -0500] "GET /BLA/boletinlegal/ HTTP/1.1" 200 59819
216.245.221.92 - - [20/Aug/2022:15:21:59 -0500] "HEAD / HTTP/1.1" 200 -
66.249.73.191 - - [20/Aug/2022:15:23:23 -0500] "-" 408 -
207.46.13.115 - - [20/Aug/2022:15:23:33 -0500] "GET /BLA/resoluciones/RESOLUCIONES%202000/2000%201400-1449.tif HTTP/1.1" 200 5424715
201.245.192.253 - - [20/Aug/2022:15:23:43 -0500] "POST /kwsrmcab/Wsrmcab  HTTP/1.1" 200 46805
185.119.81.97 - - [20/Aug/2022:15:25:10 -0500] "GET /portaldeninos/wp-login.php HTTP/1.1" 200 2592
185.119.81.97 - - [20/Aug/2022:15:25:11 -0500] "POST /portaldeninos/wp-login.php HTTP/1.1" 200 3670
172.22.2.4 - - [20/Aug/2022:15:24:03 -0500] "HEAD /BLA/boletinlegal/ HTTP/1.1" 200 -
172.22.2.4 - - [20/Aug/2022:15:24:54 -0500] "GET /BLA/boletinlegal/ HTTP/1.1" 200 60272
207.46.13.188 - - [20/Aug/2022:15:26:40 -0500] "GET /BLA/resoluciones/index.php?dir=AUTOS+2021%2F HTTP/1.1" 200 392023
216.245.221.92 - - [20/Aug/2022:15:26:59 -0500] "HEAD / HTTP/1.1" 200 -
172.22.2.4 - - [20/Aug/2022:15:27:32 -0500] "GET /BLA/boletinlegal/actos.php HTTP/1.1" 200 9559
172.22.2.4 - - [20/Aug/2022:15:27:32 -0500] "GET /BLA/boletinlegal/favicon.ico HTTP/1.1" 404 1326
172.22.2.4 - - [20/Aug/2022:15:27:34 -0500] "GET /BLA/boletinlegal/actos.php HTTP/1.1" 200 9559
190.0.241.186 - - [20/Aug/2022:15:27:41 -0500] "GET /BLA/resoluciones/ HTTP/1.1" 200 13093
190.0.241.186 - - [20/Aug/2022:15:27:41 -0500] "GET /favicon.ico HTTP/1.1" 200 7782
190.0.241.186 - - [20/Aug/2022:15:27:45 -0500] "GET /BLA/resoluciones/index.php?dir=RESOLUCIONES+2021%2F HTTP/1.1" 200 411744
201.245.192.253 - - [20/Aug/2022:15:28:42 -0500] "POST /kwsrmcab/Wsrmcab  HTTP/1.1" 200 46805
172.22.2.4 - - [20/Aug/2022:15:28:52 -0500] "GET /BLA/boletinlegal/consulta_actos.php?tipo=resoluciones&no=0682&usuario=&sector=&fecha=2022&resuelve= HTTP/1.1" 200 1153
190.24.58.105 - - [20/Aug/2022:15:28:56 -0500] "GET /BLA/resoluciones/RESOLUCIONES%202022/0682.pdf HTTP/1.1" 200 901118
186.102.44.61 - - [20/Aug/2022:15:29:01 -0500] "GET /tras-primer-ano-de-la-firma-del-pacto-por-altos-de-la-estancia-se-han-plantado-7000-arboles-en-ciudad-bolivar.html HTTP/1.1" 304 -
66.249.73.191 - - [20/Aug/2022:15:29:11 -0500] "-" 408 -
172.22.2.4 - - [20/Aug/2022:15:29:18 -0500] "GET /BLA/boletinlegal/consulta_actos.php?tipo=resoluciones&no=0684&usuario=&sector=&fecha=2022&resuelve= HTTP/1.1" 200 1110
201.245.192.253 - - [20/Aug/2022:15:29:57 -0500] "POST /kwsrmcab/Wsrmcab HTTP/1.1" 200 39077
201.245.192.253 - - [20/Aug/2022:15:30:01 -0500] "POST /kwsrmcab/Wsrmcab HTTP/1.1" 200 44395
191.156.56.50 - - [20/Aug/2022:15:30:17 -0500] "GET /inventario-de-emisiones-2020-transporte-publico-sitp-redujo-emisiones-de-pm-2-5-en-un-37.html HTTP/1.1" 200 925
172.22.2.4 - - [20/Aug/2022:15:30:43 -0500] "GET /BLA/boletinlegal/Directivas/2011/Directiva%20No.%2011%20del%2027%20de%20Diciembre%20de%202011.pdf HTTP/1.1" 304 -
172.22.2.4 - - [20/Aug/2022:15:29:53 -0500] "HEAD /BLA/boletinlegal/ HTTP/1.1" 200 -
216.245.221.92 - - [20/Aug/2022:15:31:59 -0500] "HEAD / HTTP/1.1" 200 -
172.22.2.4 - - [20/Aug/2022:15:30:43 -0500] "GET /BLA/boletinlegal/ HTTP/1.1" 200 57366
172.22.2.4 - - [20/Aug/2022:15:32:24 -0500] "GET /BLA/boletinlegal/consulta_actos.php?tipo=resoluciones&no=&usuario=&sector=&fecha=2022&resuelve= HTTP/1.1" 200 375557
172.22.2.4 - - [20/Aug/2022:15:32:24 -0500] "GET /BLA/boletinlegal/images/background.gif HTTP/1.1" 200 -
190.24.58.105 - - [20/Aug/2022:15:33:04 -0500] "GET /BLA/resoluciones/RESOLUCIONES%202022/1420.pdf HTTP/1.1" 200 746380
157.55.39.98 - - [20/Aug/2022:15:33:33 -0500] "GET /galeria/carrusel/carrusel/jquery-ui- HTTP/1.1" 404 1018
190.24.58.105 - - [20/Aug/2022:15:33:39 -0500] "GET /BLA/resoluciones/RESOLUCIONES%202022/1419.pdf HTTP/1.1" 200 688635
201.245.192.253 - - [20/Aug/2022:15:33:41 -0500] "POST /kwsrmcab/Wsrmcab  HTTP/1.1" 200 46805
190.24.58.105 - - [20/Aug/2022:15:34:08 -0500] "GET /BLA/resoluciones/RESOLUCIONES%202022/0683.pdf HTTP/1.1" 200 770023
190.24.58.105 - - [20/Aug/2022:15:34:40 -0500] "GET /BLA/resoluciones/RESOLUCIONES%202022/0681.pdf HTTP/1.1" 200 692730
190.24.58.105 - - [20/Aug/2022:15:35:09 -0500] "GET /BLA/resoluciones/RESOLUCIONES%202022/0680.pdf HTTP/1.1" 200 856220
190.24.58.105 - - [20/Aug/2022:15:35:40 -0500] "GET /BLA/resoluciones/RESOLUCIONES%202022/0641.pdf HTTP/1.1" 200 784122
190.24.58.105 - - [20/Aug/2022:15:36:21 -0500] "GET /BLA/resoluciones/RESOLUCIONES%202022/0602.pdf HTTP/1.1" 200 701011
172.22.2.4 - - [20/Aug/2022:15:34:50 -0500] "GET /BLA/boletinlegal/ HTTP/1.1" 200 60272
190.24.58.105 - - [20/Aug/2022:15:36:44 -0500] "GET /BLA/resoluciones/RESOLUCIONES%202022/0494.pdf HTTP/1.1" 200 483316
216.245.221.92 - - [20/Aug/2022:15:36:59 -0500] "HEAD / HTTP/1.1" 200 -
172.22.2.4 - - [20/Aug/2022:15:35:43 -0500] "HEAD /BLA/boletinlegal/ HTTP/1.1" 200 -
190.24.58.105 - - [20/Aug/2022:15:37:30 -0500] "GET /BLA/resoluciones/RESOLUCIONES%202022/0347.pdf HTTP/1.1" 200 618724
186.102.35.137 - - [20/Aug/2022:15:37:48 -0500] "GET /kwssiamovil/sm/ldap/au?x=U2FsdGVkX1+Qo4SnC3TMSA/CqcS2FFxJLZV1nbhY2iyXwJoPpmMQE9YjJkAUfF4wLr1xHL0NYgZxqYiw4gGlqQ==&y=U2FsdGVkX19RwDotnfLV6ByaC/T1HONif7vAlOfau7LFASxU2m+Yms4B0Pu5iG0d HTTP/1.1" 200 30
186.102.35.137 - - [20/Aug/2022:15:37:48 -0500] "GET /kwssiamovil/sm/acme/s?s=U2FsdGVkX18j0UCD+PnOItUrAOpaWqdAy/W5ShG9pUTwT2PVbdGm/PxUIV8AOz/ix4noHDugP+AF1VZSbbqB4eiayP5ljTjS+DPxz322cKw=&u=U2FsdGVkX18l2kzyYwaJXicJd8fE8/ozyVWQvw8456ef9I13trhLF9X1e1p8vWXt&y=U2FsdGVkX19RwDotnfLV6ByaC/T1HONif7vAlOfau7LFASxU2m+Yms4B0Pu5iG0d HTTP/1.1" 200 97
186.102.35.137 - - [20/Aug/2022:15:37:48 -0500] "GET /kwssiamovil/sm/acme/s?s=U2FsdGVkX19BXg7lbwPGSf0M+OrZjy6cgTpZBQGyXLiYisF7h75IigoEZyZ1YVUFwJBcuButDPsk2uczYMXA118pG3Kqi/TmvTG5hePvuNGAtKwJ55F/4kBDY27Z2Bck8KehRE5mGuv44cMGjhBLS32esdOf1a7iBiheQX9ukRCYe9gveuf6x+kRZxH/zAK6Chm5O7rtNlFwMwomg8itIoKWzc7D/Qq6BPcPUazZ8i1Ip+v4b/VN8LX9kbB31sTcL3bsXfUT2ZWPC/5Zwu5MgcZNArwUIN/c4O7NCFJQ6pJs+QTlJmHWYp7h8Jj7pznD0bSaDEA//5KofQPHBeSNYc3tP2BifhrWrjyq9J/b4z290pMEOS0NwiprfvS23hfNCS73E1Q9k/jljFGf9kWocsvvw8voJGFh2AVCkaxT8rDGRFQmUqlQdVxrMF3sD/e9Cn0b2KpgU0bTNTa96sv1CZTL7PVTM3FmDpyG1jxrMx0J7J7IuXasF4w8QHeY3Nr1tftFjROJHc/WHKvfwDDhIpl7PSODm3QC6ozGnfT+f/NuxYjo2VoxZIyv4WCAUQRrc/SdAIKjXXMwUkfap9KuO01g3xo+HnI+P6QwC1pomE6g4d0MMtZtIssV2NSmePcx0hMaDzylGwo8uMJHjHmVBg05r7VpHY1qkUEl130iWFAoR9mCr005V+p2ppIj7298UaOeFz8ye0Oiv5x+BuxvmTQ9tb8DCBWfSp2bajxT2RKFqO7RZIyh4k+J8+w17LBeKuvFAVPKCqnMe9b+KVb3x694yclLaOoM6RzhvTPRbxrMSMsL4UVddn0fMESS4WPrbokIni+sp/ZkOuBDSj4TA25GeIGSWFbZAFFxJWgT/JZKkNvB06aG8KnK/baoaAj6BCgFp87stzmDHGXl07MCwVZzTPuxQJ1bFUhOjkP3/PwReUzaGtx4KzMPovlDh05myZDNy1RHumTvcgtnuwQ0tiKmxCY9SOvYG2rSJdEcF+J1FtgXRkTRBXFz36gv752hXKryIuL8FLo2Wtb1D/E7dqCwuToZ3ChA7MGq+A+L0lM9JHfqL7jHGN3pahezEUj91CprNRlaZHin6Pjs56ZuwAWTCdaY22e0L/VHYLij+sNi13awz4kEn6YY74L6/0Nz5B6pHqeIrsambNtq9nociH6o/CodcSiopEN1kadAo2q/YQJGXjW7et0cNVO4cxC5e9bzMlgSF9/p+IjnJworYl/SmCZIHW27Bj7vypvvlEmd632amdv8NX2sfP9i8XyL0G6uzhMT931qU6naXSe685OrMUVoXsG3W4k0oDsLCghNaRGVQXBpRRacwY1xiZM3rQtzCAiVF4nN+T51BWN91mxOMADuxJUJt3UqyryvUe0=&u=U2FsdGVkX18l2kzyYwaJXicJd8fE8/ozyVWQvw8456ef9I13trhLF9X1e1p8vWXt&y=U2FsdGVkX19RwDotnfLV6ByaC/T1HONif7vAlOfau7LFASxU2m+Yms4B0Pu5iG0d HTTP/1.1" 200 7053
186.102.35.137 - - [20/Aug/2022:15:37:48 -0500] "GET /kwssiamovil/sm/acme/s?s=U2FsdGVkX18cy8gH2rcczao/9jGLh0/OIun1hD+0Eof9yTy/F2IXyd/LUH2uTjdRvz2CPpJMLo4wCQk95a0Ik0ENvKXE0ZC1fNfoLI2Zdu5loYAGLgDbEhilfOAzHK+jBWkYHH+CjtrnpUJcHI8lWFnmZYnJHzgRjZV3XV40PD5nvmCuCTpWQ29dpxNu8UW0cE+MPtpKsYlBWIdq6A1n0lTt/Gg37+NuDZ6pJ6q4FGSagLsHThh1AzwSTC6JtdP/oaN7NIrb3Dq7NN2QO8jcf8KXW64cHi/YiBwXve3c5D8=&u=U2FsdGVkX18l2kzyYwaJXicJd8fE8/ozyVWQvw8456ef9I13trhLF9X1e1p8vWXt&y=U2FsdGVkX19RwDotnfLV6ByaC/T1HONif7vAlOfau7LFASxU2m+Yms4B0Pu5iG0d HTTP/1.1" 200 176
186.102.35.137 - - [20/Aug/2022:15:37:48 -0500] "GET /kwssiamovil/sm/cjson/pre?f=1&x=U2FsdGVkX1+Qo4SnC3TMSA/CqcS2FFxJLZV1nbhY2iyXwJoPpmMQE9YjJkAUfF4wLr1xHL0NYgZxqYiw4gGlqQ== HTTP/1.1" 200 30992
190.24.58.105 - - [20/Aug/2022:15:37:55 -0500] "GET /BLA/resoluciones/RESOLUCIONES%202022/0344.pdf HTTP/1.1" 200 765748
172.22.2.4 - - [20/Aug/2022:15:36:33 -0500] "GET /BLA/boletinlegal/ HTTP/1.1" 200 57716
66.249.73.191 - - [20/Aug/2022:15:38:15 -0500] "-" 408 -
172.22.2.4 - - [20/Aug/2022:15:38:35 -0500] "GET /BLA/boletinlegal/consulta_actos.php?tipo=resoluciones&no=&usuario=&sector=&fecha=2021&resuelve= HTTP/1.1" 200 1429743
172.22.2.4 - - [20/Aug/2022:15:38:38 -0500] "GET /BLA/boletinlegal/Circulares/2022/CIRCULAR%20No.%2000005%20DEL%2030%20DE%20JUNIO%20DEL%202022.pdf HTTP/1.1" 404 1218
201.245.192.253 - - [20/Aug/2022:15:38:40 -0500] "POST /kwsrmcab/Wsrmcab  HTTP/1.1" 200 46805
172.22.2.4 - - [20/Aug/2022:15:38:44 -0500] "GET /BLA/boletinlegal/Circulares/2019/.pdf HTTP/1.1" 404 1218
172.22.2.4 - - [20/Aug/2022:15:38:53 -0500] "GET /BLA/boletinlegal/Circulares/2012/Circular%20No.%2010%20del%2026%20de%20Enero%20de%202012.pdf HTTP/1.1" 404 1218
190.24.58.105 - - [20/Aug/2022:15:39:00 -0500] "GET /BLA/resoluciones/RESOLUCIONES%202021/0443.pdf HTTP/1.1" 200 607997
185.119.81.98 - - [20/Aug/2022:15:39:28 -0500] "GET /portaldeninos/wp-login.php HTTP/1.1" 200 2592
185.119.81.98 - - [20/Aug/2022:15:39:29 -0500] "POST /portaldeninos/wp-login.php HTTP/1.1" 200 3670
190.24.58.105 - - [20/Aug/2022:15:39:34 -0500] "GET /BLA/resoluciones/RESOLUCIONES%202021/0471.pdf HTTP/1.1" 200 537393
186.102.35.137 - - [20/Aug/2022:15:39:35 -0500] "GET /kwssiamovil/sm/ldap/au?x=U2FsdGVkX1+MPKa7Fa13QT9BMcANrymf1Sco1wGd5csaIiuUvhwHHTj3MD0fcjqu7U0d3jFdPZ88118bJXDxaQ==&y=U2FsdGVkX1/XADEc2jodzplEdHgoLwifGL/ZUkzJb0PkW1o2EL1JW5CfP9VIfoPj HTTP/1.1" 200 30
186.102.35.137 - - [20/Aug/2022:15:39:36 -0500] "GET /kwssiamovil/sm/acme/s?s=U2FsdGVkX19WAyA1y0AQrzplj598VcnQBmttaqIhoohR82jGd0U5CoXGLTANUBVQFY4D/HDfN68MwXcJmQN68QDgnWSrELRLuve+9aopof8=&u=U2FsdGVkX1/g8m++aEQz1nzol/UbA/6Z5OITMxkR6eG/+K8I+3plujkPnlVF23oq&y=U2FsdGVkX1/XADEc2jodzplEdHgoLwifGL/ZUkzJb0PkW1o2EL1JW5CfP9VIfoPj HTTP/1.1" 200 97
186.102.35.137 - - [20/Aug/2022:15:39:36 -0500] "GET /kwssiamovil/sm/acme/s?s=U2FsdGVkX1+YrK37rpt73qcVvxE0729tjtHZ5oMhXxElYIVVXt+vxH9GUh2ZIeWRi780nN2GbgehtHT69P82Gde7CfXMAmN6ErMAGkb/naA5IetFP3BiJVqLAkRq373gMm5n8VrItpmTiqrGCigCZw2k4FY7dEI1SHxfTriV55CrdU18YVX3sd56Pf4kTlyZv5VZLmoASh6kXxFBIl4DqLFbscq3V5RJumWGRoPDCjKqxZ0sd1Vs0bI+Lw36GDdbkB4BFmy6k8QK5l3C3eX/k1zuuIR9hbQ1NILQsCa2y8atN8jYL/jozEqQtPdGYi3MSNSpkKx+ljaG1yvefgBrvGbDyGUfuhkWOD+s9cqi63TmyB+SZ5mPswMUqxZcOYVv/s4aqZTFWmEiGaVgacK0lzML7pKhuGDvALqWhLf+as5yKRMFkCv9S4R5blLn5HBKR5z17v1Rq3B74fu1VVtmwOGf6HqIe7JBKbHtu4TTEPl1jLcC4haB0nm4DMCactzoaGQv8xad+97dVEKwoodHrPXPhyqm7f/DIa6tY0finMKOJ58E5LQJyzEAZqVyE+lC3d8RxZ5aI5nM2w+By5F+b3kRqBVaBjI8UCKsi5hWh+xvkrStSoHp9hXimv4OY+hGN/pv8yBV6XsYyVfqHcc1b7HO6qK9WVonmsZ6fJztIoqzhJcfPIK+AF+r+GN6T0i84JE/EjQEgYA+BfR4JeflBwOjoW8NyyY+JFtWofc2NgCntG/rDhcuyNr4hpJu6E8781LnTnPaYyl/HZwAV52KWOU/6OegEl3KNjeZPxaG6ARGAZaazYbCLgmV0CWoyXRCEL0mhLJVdfqqgn2ujKgM+vsUT9rN8/yOMIRu4vCSMiu118lOsUV35QTwTcIg+QUTwtHz2drx9qevEHI+I+mN5yojMv4A6RGp2VKBWIkkejnTJ1+aGfYG+uGMDvH0sujOi2kJ+EVQi9k3D44GIKz9nlTL4ymEGHG9QTmoimCWxbnkp5b5AemhznKJxbIk3ElixyIWbC3r+YIhyK6yV7ZXDkB9TleH0B/XEZBfxlKLOetB6t/XSUx2HHcXzMWxE6omLZy1T5BLx6GhcxWFEn6jw+NT6mBMQ1j956j0wRdav7bCVRwq97Tzvr4qWVVodPNbkphh4LG9IEveDE3aX4iAgM0Zn8rljaY/ALGA9ZBI1s1UpcjRkpCEfQQJ0UG3JXbQCjMPQqaE7TM2F2y0vVN2E+Sg2a0PIJnHIlrbZBCKuc9EViWrQQem63GmaIJsqdVIHS/UYTsWnxHzXBPA0XloOTdQwjm4KXEi+8E4o4wAAxt+4wWAz93sqpaHTBjZfJeYQtTKclKsgQ8HZ9YrRrytLCrN/dj5yjxRjIVvgOlsZmU=&u=U2FsdGVkX1/g8m++aEQz1nzol/UbA/6Z5OITMxkR6eG/+K8I+3plujkPnlVF23oq&y=U2FsdGVkX1/XADEc2jodzplEdHgoLwifGL/ZUkzJb0PkW1o2EL1JW5CfP9VIfoPj HTTP/1.1" 200 7053
186.102.35.137 - - [20/Aug/2022:15:39:36 -0500] "GET /kwssiamovil/sm/acme/s?s=U2FsdGVkX1/QXOQSG4dHAzf7ktR++zJbZqNq14deJLwOfRwuFRcGoNzyr1Xuyw3DJ0TfxKob1as/yoFpa8spsYiuWeTjxVJic/NxzKulOSjBn954nsAuOHSbY0RZFp5SSW2UA9dC5flZx70/JNXa+/x2u33F1v3Dp247aZsb3Zd3YibhrEEsTs7jERh17nyyl4SdhdsDBAPtj2KI2MB1LJRtQuq6eo+Lh06ktt49A3Cblu66PZHkZZs12FPD/7nLeLyND7cOR0W24y3i2qNPUWmFvD/ghVVOQ85r8/hsb1M=&u=U2FsdGVkX1/g8m++aEQz1nzol/UbA/6Z5OITMxkR6eG/+K8I+3plujkPnlVF23oq&y=U2FsdGVkX1/XADEc2jodzplEdHgoLwifGL/ZUkzJb0PkW1o2EL1JW5CfP9VIfoPj HTTP/1.1" 200 176
186.102.35.137 - - [20/Aug/2022:15:39:36 -0500] "GET /kwssiamovil/sm/cjson/pre?f=1&x=U2FsdGVkX1+MPKa7Fa13QT9BMcANrymf1Sco1wGd5csaIiuUvhwHHTj3MD0fcjqu7U0d3jFdPZ88118bJXDxaQ== HTTP/1.1" 200 30992
201.245.192.253 - - [20/Aug/2022:15:39:56 -0500] "POST /kwsrmcab/Wsrmcab HTTP/1.1" 200 39077
201.245.192.253 - - [20/Aug/2022:15:40:01 -0500] "POST /kwsrmcab/Wsrmcab HTTP/1.1" 200 44395
190.24.58.105 - - [20/Aug/2022:15:40:03 -0500] "GET /BLA/resoluciones/RESOLUCIONES%202021/0488.pdf HTTP/1.1" 200 1032941
190.24.58.105 - - [20/Aug/2022:15:40:21 -0500] "GET /BLA/resoluciones/RESOLUCIONES%202021/0916.pdf HTTP/1.1" 200 768323
190.24.58.105 - - [20/Aug/2022:15:40:39 -0500] "GET /BLA/resoluciones/RESOLUCIONES%202021/1333.pdf HTTP/1.1" 200 495076
190.24.58.105 - - [20/Aug/2022:15:40:57 -0500] "GET /BLA/resoluciones/RESOLUCIONES%202021/1451.pdf HTTP/1.1" 200 777407
190.24.58.105 - - [20/Aug/2022:15:41:13 -0500] "GET /BLA/resoluciones/RESOLUCIONES%202021/1452.pdf HTTP/1.1" 200 839395
190.24.58.105 - - [20/Aug/2022:15:41:29 -0500] "GET /BLA/resoluciones/RESOLUCIONES%202021/1453.pdf HTTP/1.1" 200 820140
190.24.58.105 - - [20/Aug/2022:15:41:42 -0500] "GET /BLA/resoluciones/RESOLUCIONES%202021/1590.pdf HTTP/1.1" 200 470667
186.102.35.137 - - [20/Aug/2022:15:41:52 -0500] "GET /kwssiamovil/sm/ldap/au?x=U2FsdGVkX18MhbbBzPAfTIzj8JoT6MA1vptGL9c1qyA2TrHTa1eyXzOCww4djRMIphFDJ/u0csfMjeRFLCq+NA==&y=U2FsdGVkX1+tvNxnvw4+Oz8C1ttbCH8+i/OhXp6G1nzj6P2Ck41ZwubEwqWzOwoG HTTP/1.1" 200 30
186.102.35.137 - - [20/Aug/2022:15:41:52 -0500] "GET /kwssiamovil/sm/acme/s?s=U2FsdGVkX1+wv4eXSH2xQKydo56BBmwMLxGYXIC22JkmGk4GuSbnD/OXMMAPEB4HZO1reRt0ifv+rhG+B0f1WBfphzCbawzdqEqORLPHjUI=&u=U2FsdGVkX18JC0Ruf4jU6C59zO4p3/BnDyzBAxF+xQDOwaTpKV4/DX79AhUembRL&y=U2FsdGVkX1+tvNxnvw4+Oz8C1ttbCH8+i/OhXp6G1nzj6P2Ck41ZwubEwqWzOwoG HTTP/1.1" 200 97
186.102.35.137 - - [20/Aug/2022:15:41:52 -0500] "GET /kwssiamovil/sm/acme/s?s=U2FsdGVkX18glGvPetyJIKV/01PyPLWKy6O6h86ylo1nHkykSm0X31t8JqbDufWGQLEEe0Uw1emC1sZ/i+cL3ZqcD03qWEMvwnRRVTzyva64+fdSvaxcM8xesi3nJOjqsACA0MiKda1dnp9KY4N6jC9mREDdkEA06TVcU3RxxuMjeI3xZIaB7+k/pQ1TdsJ8Dz93KDDvGNyMx1kdKeahQbVRfcUhKuc30JkjVtpfjhpWdDM0LA4JRbHWUEmn8W5zFAf9JpnQXWElPaJgZCz8BzAnbdsXZpwfj7Q0p5/yrK5VFbCwWsBqIOYJ5Ej88VCL79JcbBD46KzVnBoNfJIy6cSBw1yfKdoCBhzkGpGOlNi+d4dU5FDHW0mcf8ImG0YGuGz1SE1EXP93tT8cKfnONoAiU2S6ZInKL5wmwPvCi/xfbuySS3E4AoreiMySpPS1gTtjx0sC2w7nQ4klGFfMumvZlLviiLMcPt4nhe39UP7GHIz5e7s+yo84kTGDvkHKEu7fC5/2DHoMVcKU5HE2fSqfgToAKUNSTkGAT8ph8TxNL59Lo/Ks+WczKZ+xeX4kiauKixbhQpBzpuymrnNKULX+Uzw6Nfs/jNFrNV48579+8Rw1CZczhxGnndmx5bIdTD6xJRIeIW3/UAKTLbnqtTQ4xTee5jw7/eobHStI94FfolZlIKIrjFcqIcYpOmt4iHW3NsjHos+ZQ5WXI23KTfa0ifV9XBlpEqGkW+u5Q2bKgNUqfkVHFOCOr/5mXOphlXpi/7VTIx9wANBUS8Zo1acaLfceIxhNAAPqR6ZTHlxyEUJsUGdxf5jIpiUMOBAoCX2q8Vutk2pGbuCKVIDYrA8zalFD3SombtkyZxKVNo3b25hpkZyjVn+d1dTn/yR5w/uOMipMVjQ+dH21lS9g73uUuLN7lql1Wh1zuoO4bcQ+MnLzxyp39ZxdnYJ7DrMZiBHA50DWCdd+DhfAXqKIleM5hque7HTkBDovCWXFDYgbLumaED8+eHljKZpCHeuvihDa0ePhMERap8OLUp+zK4mdsihUfqelOmfkO56CE/Fc04vX27TePtH1PU/2Ua/Ed3pyYEs8wGze8L7SJAKjOjWnSkRlnNtwd4dUn80Kd/WF3BwKC3Y0tfYPGp3LRiudR56tvBli+YDjs/sjJCGaNPI9AmaFeNyYbzrst7+O8tNw0BWYutRL+AVDyIImVrPemK0jwD8r8ny/K78JjPBopgw6/0/sapr9nBU4lqk+nMtkMdNSK7nUTs9sGiApV9i16gdA5qxSm4n/TyT8Cl6tX6utOzBRi8FvXMsbwvwYobL8suomgFx6O9J/SIQNgBDaK6SuDxbfV8hLeOQ5Elp/fO+xjF8vw40Sav+EGo2Dbac=&u=U2FsdGVkX18JC0Ruf4jU6C59zO4p3/BnDyzBAxF+xQDOwaTpKV4/DX79AhUembRL&y=U2FsdGVkX1+tvNxnvw4+Oz8C1ttbCH8+i/OhXp6G1nzj6P2Ck41ZwubEwqWzOwoG HTTP/1.1" 200 7341
186.102.35.137 - - [20/Aug/2022:15:41:52 -0500] "GET /kwssiamovil/sm/acme/s?s=U2FsdGVkX18B+JtXyzwTYRdFXB3xZzsY+7P+KfHfA8YvdtBFJpMMNnxpXW2VxstGnCyYpwdNvlED0i16sKzczqrWvcaRNXEwg76WXVXtaQ+SKhdQKjemVLbPOQo3k/JQpMpcaOrwwzxHIgQMeUmOx0UjQCE41hhMh/0vDIawMuTobQz+E2EPOy/K4E+xNcea5LgSAsOPDu7h31qddEN21hJniyLLsD9jJxxWLwklZdbVYyCfTDIr01aImUqI6R+o8QA7G43Ra8blPWsNBEQ8mi0ZHp1NjZFsu0+nLZ9Ngl8=&u=U2FsdGVkX18JC0Ruf4jU6C59zO4p3/BnDyzBAxF+xQDOwaTpKV4/DX79AhUembRL&y=U2FsdGVkX1+tvNxnvw4+Oz8C1ttbCH8+i/OhXp6G1nzj6P2Ck41ZwubEwqWzOwoG HTTP/1.1" 200 176
186.102.35.137 - - [20/Aug/2022:15:41:52 -0500] "GET /kwssiamovil/sm/cjson/pre?f=1&x=U2FsdGVkX18MhbbBzPAfTIzj8JoT6MA1vptGL9c1qyA2TrHTa1eyXzOCww4djRMIphFDJ/u0csfMjeRFLCq+NA== HTTP/1.1" 200 30992
190.24.58.105 - - [20/Aug/2022:15:41:54 -0500] "GET /BLA/resoluciones/RESOLUCIONES%202021/1826.pdf HTTP/1.1" 200 764921
216.245.221.92 - - [20/Aug/2022:15:41:59 -0500] "HEAD / HTTP/1.1" 200 -
190.24.58.105 - - [20/Aug/2022:15:42:03 -0500] "GET /BLA/resoluciones/RESOLUCIONES%202021/2648.pdf HTTP/1.1" 200 474378
190.24.58.105 - - [20/Aug/2022:15:42:14 -0500] "GET /BLA/resoluciones/RESOLUCIONES%202021/2651.pdf HTTP/1.1" 200 595236
190.24.58.105 - - [20/Aug/2022:15:42:32 -0500] "GET /BLA/resoluciones/RESOLUCIONES%202021/2738.pdf HTTP/1.1" 200 947355
190.24.58.105 - - [20/Aug/2022:15:42:49 -0500] "GET /BLA/resoluciones/RESOLUCIONES%202021/4409.pdf HTTP/1.1" 200 987419
172.22.2.4 - - [20/Aug/2022:15:41:33 -0500] "HEAD /BLA/boletinlegal/ HTTP/1.1" 200 -
190.24.58.105 - - [20/Aug/2022:15:43:23 -0500] "GET /BLA/resoluciones/RESOLUCIONES%202021/5244.pdf HTTP/1.1" 200 557425
201.245.192.253 - - [20/Aug/2022:15:43:39 -0500] "POST /kwsrmcab/Wsrmcab  HTTP/1.1" 200 46805
172.22.2.4 - - [20/Aug/2022:15:42:23 -0500] "GET /BLA/boletinlegal/ HTTP/1.1" 200 56723
172.22.2.4 - - [20/Aug/2022:15:44:13 -0500] "GET /BLA/boletinlegal/Circulares/2022/CIRCULAR%20No.%2000007%20DEL%2025%20DE%20JULIO%20DEL%202022.pdf HTTP/1.1" 200 277953
66.249.73.191 - - [20/Aug/2022:15:45:20 -0500] "-" 408 -
172.22.2.4 - - [20/Aug/2022:15:45:43 -0500] "GET /BLA/boletinlegal/robots.txt HTTP/1.1" 404 1038
172.22.2.4 - - [20/Aug/2022:15:45:44 -0500] "GET /BLA/boletinlegal/sitemap HTTP/1.1" 404 1038
172.22.2.4 - - [20/Aug/2022:15:45:48 -0500] "GET /BLA/boletinlegal/sitemap.txt HTTP/1.1" 404 1038
216.245.221.92 - - [20/Aug/2022:15:46:59 -0500] "HEAD / HTTP/1.1" 200 -
172.22.2.4 - - [20/Aug/2022:15:47:53 -0500] "GET /BLA/boletinlegal/actos.php HTTP/1.1" 200 9559
172.22.2.4 - - [20/Aug/2022:15:47:53 -0500] "GET /BLA/boletinlegal/js/ajax_actos.js HTTP/1.1" 200 1322
172.22.2.4 - - [20/Aug/2022:15:47:53 -0500] "GET /BLA/boletinlegal/styles2.css HTTP/1.1" 200 1838
172.22.2.4 - - [20/Aug/2022:15:47:53 -0500] "GET /BLA/boletinlegal/niceforms-default.css HTTP/1.1" 200 6694
172.22.2.4 - - [20/Aug/2022:15:47:53 -0500] "GET /BLA/boletinlegal/style.css HTTP/1.1" 200 9406
172.22.2.4 - - [20/Aug/2022:15:47:53 -0500] "GET /BLA/boletinlegal/niceforms.js HTTP/1.1" 200 22876
172.22.2.4 - - [20/Aug/2022:15:47:53 -0500] "GET /BLA/boletinlegal/js/lib.js HTTP/1.1" 200 6474
172.22.2.4 - - [20/Aug/2022:15:47:53 -0500] "GET /BLA/boletinlegal/js/popup.js HTTP/1.1" 200 1270
172.22.2.4 - - [20/Aug/2022:15:47:53 -0500] "GET /BLA/boletinlegal/js/jquery1.js HTTP/1.1" 200 29846
172.22.2.4 - - [20/Aug/2022:15:47:53 -0500] "GET /BLA/boletinlegal/images/cabezote%20BLEGAL.jpg HTTP/1.1" 200 118164
172.22.2.4 - - [20/Aug/2022:15:47:53 -0500] "GET /BLA/boletinlegal/images/subscribe-icon-big.png HTTP/1.1" 200 47702
172.22.2.4 - - [20/Aug/2022:15:47:53 -0500] "GET /BLA/boletinlegal/images/historia.png HTTP/1.1" 200 52775
172.22.2.4 - - [20/Aug/2022:15:47:53 -0500] "GET /BLA/boletinlegal/images/registro-usuarios.png HTTP/1.1" 200 8106
172.22.2.4 - - [20/Aug/2022:15:47:53 -0500] "GET /BLA/boletinlegal/images/green-yellow-blue-pink-th.png HTTP/1.1" 200 7394
172.22.2.4 - - [20/Aug/2022:15:47:53 -0500] "GET /BLA/boletinlegal/images/abajo.png HTTP/1.1" 200 96676
172.22.2.4 - - [20/Aug/2022:15:47:53 -0500] "GET /BLA/boletinlegal/images/tel.png HTTP/1.1" 200 14477
172.22.2.4 - - [20/Aug/2022:15:47:53 -0500] "GET /BLA/boletinlegal/images/icono-email.png HTTP/1.1" 200 5544
172.22.2.4 - - [20/Aug/2022:15:47:53 -0500] "GET /BLA/boletinlegal/images/menu_lft.gif HTTP/1.1" 200 1713
172.22.2.4 - - [20/Aug/2022:15:47:53 -0500] "GET /BLA/boletinlegal/images/bg_top.jpg HTTP/1.1" 200 522
172.22.2.4 - - [20/Aug/2022:15:47:53 -0500] "GET /BLA/boletinlegal/images/hover.jpg HTTP/1.1" 200 640
172.22.2.4 - - [20/Aug/2022:15:47:53 -0500] "GET /BLA/boletinlegal/images/footer_bg.jpg HTTP/1.1" 200 586
172.22.2.4 - - [20/Aug/2022:15:47:53 -0500] "GET /BLA/boletinlegal/images/body_bg.jpg HTTP/1.1" 200 1601
172.22.2.4 - - [20/Aug/2022:15:47:53 -0500] "GET /BLA/boletinlegal/images/menu_rght.gif HTTP/1.1" 200 1627
172.22.2.4 - - [20/Aug/2022:15:47:53 -0500] "GET /BLA/boletinlegal/images/text.jpg HTTP/1.1" 200 568
172.22.2.4 - - [20/Aug/2022:15:47:53 -0500] "GET /BLA/boletinlegal/images/footer_bg_l.jpg HTTP/1.1" 200 776
172.22.2.4 - - [20/Aug/2022:15:47:53 -0500] "GET /BLA/boletinlegal/images/menu_bg.jpg HTTP/1.1" 200 620
172.22.2.4 - - [20/Aug/2022:15:47:53 -0500] "GET /BLA/boletinlegal/img/0.png HTTP/1.1" 200 110
172.22.2.4 - - [20/Aug/2022:15:47:53 -0500] "GET /BLA/boletinlegal/img/select-left.png HTTP/1.1" 200 263
172.22.2.4 - - [20/Aug/2022:15:47:53 -0500] "GET /BLA/boletinlegal/img/select-right.png HTTP/1.1" 200 44019
172.22.2.4 - - [20/Aug/2022:15:47:53 -0500] "GET /BLA/boletinlegal/img/button-left.png HTTP/1.1" 200 57071
172.22.2.4 - - [20/Aug/2022:15:47:53 -0500] "GET /BLA/boletinlegal/img/button.png HTTP/1.1" 200 43241
172.22.2.4 - - [20/Aug/2022:15:47:53 -0500] "GET /BLA/boletinlegal/img/button-right.png HTTP/1.1" 200 57878
172.22.2.4 - - [20/Aug/2022:15:47:53 -0500] "GET /BLA/boletinlegal/favicon.ico HTTP/1.1" 404 1326
172.22.2.4 - - [20/Aug/2022:15:48:16 -0500] "GET /BLA/boletinlegal/consulta_actos.php?tipo=resoluciones&no=&usuario=&sector=&fecha=2018&resuelve= HTTP/1.1" 200 917185
172.22.2.4 - - [20/Aug/2022:15:48:20 -0500] "GET /BLA/boletinlegal/consulta_actos.php?tipo=resoluciones&no=0630&usuario=&sector=&fecha=2021&resuelve= HTTP/1.1" 200 1100
172.22.2.4 - - [20/Aug/2022:15:48:20 -0500] "GET /BLA/boletinlegal/images/pdf.gif HTTP/1.1" 200 567
186.86.33.185 - - [20/Aug/2022:15:48:24 -0500] "GET /BLA/resoluciones/RESOLUCIONES%202021/0630.pdf HTTP/1.1" 200 469915
186.86.33.185 - - [20/Aug/2022:15:48:24 -0500] "GET /favicon.ico HTTP/1.1" 200 7782
199.16.157.182 - - [20/Aug/2022:15:48:26 -0500] "GET /images/fachada-secretaria-ambiente-15-octubre.jpg HTTP/1.1" 200 148853
201.245.192.253 - - [20/Aug/2022:15:48:38 -0500] "POST /kwsrmcab/Wsrmcab  HTTP/1.1" 200 46805
172.22.2.4 - - [20/Aug/2022:15:47:23 -0500] "HEAD /BLA/boletinlegal/ HTTP/1.1" 200 -
172.22.2.4 - - [20/Aug/2022:15:48:14 -0500] "GET /BLA/boletinlegal/ HTTP/1.1" 200 52868
216.245.221.92 - - [20/Aug/2022:15:51:59 -0500] "HEAD / HTTP/1.1" 200 -
172.22.2.4 - - [20/Aug/2022:15:52:36 -0500] "GET /BLA/boletinlegal/consulta_actos.php?tipo=resoluciones&no=0702&usuario=&sector=&fecha=2021&resuelve= HTTP/1.1" 200 1215
172.22.2.4 - - [20/Aug/2022:15:52:51 -0500] "GET /BLA/boletinlegal/consulta_actos.php?tipo=resoluciones&no=0701&usuario=&sector=&fecha=2021&resuelve= HTTP/1.1" 200 1214
172.22.2.4 - - [20/Aug/2022:15:52:52 -0500] "GET /BLA/boletinlegal/jurisprudencia/analisis/Analisis%20Sentencia%20T-1077,%202%20corregida.doc HTTP/1.1" 304 -
172.22.2.4 - - [20/Aug/2022:15:52:56 -0500] "GET /BLA/boletinlegal/consulta_actos.php?tipo=resoluciones&no=0701&usuario=&sector=&fecha=2021&resuelve= HTTP/1.1" 200 1214
172.22.2.4 - - [20/Aug/2022:15:53:01 -0500] "GET /BLA/boletinlegal/consulta_actos.php?tipo=resoluciones&no=0701&usuario=&sector=&fecha=2021&resuelve= HTTP/1.1" 200 1214
172.22.2.4 - - [20/Aug/2022:15:53:13 -0500] "GET /BLA/boletinlegal/consulta_actos.php?tipo=resoluciones&no=0707&usuario=&sector=&fecha=2021&resuelve= HTTP/1.1" 200 1229
201.245.192.253 - - [20/Aug/2022:15:53:36 -0500] "POST /kwsrmcab/Wsrmcab  HTTP/1.1" 200 46805
172.22.2.4 - - [20/Aug/2022:15:53:13 -0500] "HEAD /BLA/boletinlegal/ HTTP/1.1" 200 -
66.249.73.191 - - [20/Aug/2022:15:55:12 -0500] "-" 408 -
172.22.2.4 - - [20/Aug/2022:15:54:03 -0500] "GET /BLA/boletinlegal/ HTTP/1.1" 200 57366
216.245.221.92 - - [20/Aug/2022:15:56:59 -0500] "HEAD / HTTP/1.1" 200 -
172.22.2.4 - - [20/Aug/2022:15:56:45 -0500] "GET /BLA/boletinlegal/ HTTP/1.1" 200 36811
172.22.2.4 - - [20/Aug/2022:15:56:46 -0500] "GET /BLA/boletinlegal/ HTTP/1.1" 200 36811
201.245.192.253 - - [20/Aug/2022:15:58:35 -0500] "POST /kwsrmcab/Wsrmcab  HTTP/1.1" 200 46805
172.22.2.4 - - [20/Aug/2022:15:59:03 -0500] "HEAD /BLA/boletinlegal/ HTTP/1.1" 200 -
66.249.73.191 - - [20/Aug/2022:16:01:14 -0500] "-" 408 -
172.22.2.4 - - [20/Aug/2022:15:59:53 -0500] "GET /BLA/boletinlegal/ HTTP/1.1" 200 59819
216.245.221.92 - - [20/Aug/2022:16:02:00 -0500] "HEAD / HTTP/1.1" 200 -
201.245.192.253 - - [20/Aug/2022:16:03:34 -0500] "POST /kwsrmcab/Wsrmcab  HTTP/1.1" 200 46805
185.119.81.104 - - [20/Aug/2022:16:05:53 -0500] "GET /portaldeninos/wp-login.php HTTP/1.1" 200 2592
185.119.81.104 - - [20/Aug/2022:16:05:54 -0500] "POST /portaldeninos/wp-login.php HTTP/1.1" 200 3650
172.22.2.4 - - [20/Aug/2022:16:04:53 -0500] "HEAD /BLA/boletinlegal/ HTTP/1.1" 200 -
172.22.2.4 - - [20/Aug/2022:16:06:49 -0500] "GET /BLA/boletinlegal/actos.php HTTP/1.1" 200 9559
172.22.2.4 - - [20/Aug/2022:16:06:49 -0500] "GET /BLA/boletinlegal/favicon.ico HTTP/1.1" 404 1326
190.27.13.0 - - [20/Aug/2022:16:06:51 -0500] "GET /BLA/resoluciones/ HTTP/1.1" 200 13093
216.245.221.92 - - [20/Aug/2022:16:06:59 -0500] "HEAD / HTTP/1.1" 200 -
190.27.13.0 - - [20/Aug/2022:16:07:00 -0500] "GET /BLA/resoluciones/index.php?dir=RESOLUCIONES+2019%2F HTTP/1.1" 200 243707
190.27.13.0 - - [20/Aug/2022:16:07:07 -0500] "GET /BLA/resoluciones/RESOLUCIONES%202019/0748.pdf HTTP/1.1" 200 403120
172.22.2.4 - - [20/Aug/2022:16:05:43 -0500] "GET /BLA/boletinlegal/ HTTP/1.1" 200 51174
172.22.2.4 - - [20/Aug/2022:16:06:41 -0500] "GET /BLA/boletinlegal/ HTTP/1.1" 200 36811
190.27.13.0 - - [20/Aug/2022:16:08:05 -0500] "GET /BLA/resoluciones/ HTTP/1.1" 200 13093
190.27.13.0 - - [20/Aug/2022:16:08:12 -0500] "GET /BLA/resoluciones/index.php?dir=AUTOS+2020%2F HTTP/1.1" 200 326166
201.245.192.253 - - [20/Aug/2022:16:08:34 -0500] "POST /kwsrmcab/Wsrmcab  HTTP/1.1" 200 46805
185.119.81.98 - - [20/Aug/2022:16:08:36 -0500] "GET /portaldeninos/wp-login.php HTTP/1.1" 200 2592
185.119.81.98 - - [20/Aug/2022:16:08:37 -0500] "POST /portaldeninos/wp-login.php HTTP/1.1" 200 3670
186.102.35.137 - - [20/Aug/2022:16:10:06 -0500] "GET /kwssiamovil/sm/acme/u?s=U2FsdGVkX1/Hb8Pz25KoLQQNvRipSFs/V2ZVHUYIPfaJKMnO6Qjg/emYRiBVgxf8KhzJfseqG4tjVBy5DxVGpeybADj0QeyGagyLDjq004WhwINJqmKOoVK6WZOXNzlPSKG8Z2aZCHHSNK+ULZaePBbfvdm3u4Lt4mB65+8AmRnoHeEWz9+bG/DDZ+B+bLtBnakXdvu75EXsC+R2mKl5pyA8/ksmm18ppyoLNW17xcuaI/cC1skUu+nlPZ0urhQK&u=U2FsdGVkX18JC0Ruf4jU6C59zO4p3/BnDyzBAxF+xQDOwaTpKV4/DX79AhUembRL&y=U2FsdGVkX1+tvNxnvw4+Oz8C1ttbCH8+i/OhXp6G1nzj6P2Ck41ZwubEwqWzOwoG HTTP/1.1" 200 60
173.252.95.1 - - [20/Aug/2022:16:11:04 -0500] "GET /images/reciclaton-mayo-3-mayo.jpg HTTP/1.1" 200 278453
216.245.221.92 - - [20/Aug/2022:16:11:59 -0500] "HEAD / HTTP/1.1" 200 -
172.22.2.4 - - [20/Aug/2022:16:10:43 -0500] "HEAD /BLA/boletinlegal/ HTTP/1.1" 200 -
172.22.2.4 - - [20/Aug/2022:16:11:33 -0500] "GET /BLA/boletinlegal/ HTTP/1.1" 200 57716
201.245.192.253 - - [20/Aug/2022:16:13:33 -0500] "POST /kwsrmcab/Wsrmcab  HTTP/1.1" 200 46805
185.119.81.97 - - [20/Aug/2022:16:14:46 -0500] "GET /portaldeninos/wp-login.php HTTP/1.1" 200 2592
185.119.81.97 - - [20/Aug/2022:16:14:47 -0500] "POST /portaldeninos/wp-login.php HTTP/1.1" 200 3605
216.245.221.92 - - [20/Aug/2022:16:16:59 -0500] "HEAD / HTTP/1.1" 200 -
172.22.2.4 - - [20/Aug/2022:16:16:33 -0500] "HEAD /BLA/boletinlegal/ HTTP/1.1" 200 -
201.245.192.253 - - [20/Aug/2022:16:18:31 -0500] "POST /kwsrmcab/Wsrmcab  HTTP/1.1" 200 46805
66.249.73.191 - - [20/Aug/2022:16:18:48 -0500] "-" 408 -
172.22.2.4 - - [20/Aug/2022:16:17:23 -0500] "GET /BLA/boletinlegal/ HTTP/1.1" 200 55621
172.22.2.4 - - [20/Aug/2022:16:18:39 -0500] "GET /BLA/boletinlegal/ HTTP/1.1" 200 20427
172.22.2.4 - - [20/Aug/2022:16:18:35 -0500] "GET /BLA/boletinlegal/ HTTP/1.1" 200 24523
201.245.192.253 - - [20/Aug/2022:16:19:56 -0500] "POST /kwsrmcab/Wsrmcab HTTP/1.1" 200 43524
201.245.192.253 - - [20/Aug/2022:16:20:01 -0500] "POST /kwsrmcab/Wsrmcab HTTP/1.1" 200 44389
185.119.81.97 - - [20/Aug/2022:16:20:07 -0500] "GET /portaldeninos/wp-login.php HTTP/1.1" 200 2592
185.119.81.97 - - [20/Aug/2022:16:20:08 -0500] "POST /portaldeninos/wp-login.php HTTP/1.1" 200 3670
172.22.2.4 - - [20/Aug/2022:16:20:39 -0500] "GET /BLA/boletinlegal/apple-touch-icon-precomposed.png HTTP/1.1" 404 1140
172.22.2.4 - - [20/Aug/2022:16:20:39 -0500] "GET /BLA/boletinlegal/apple-touch-icon.png HTTP/1.1" 404 1140
