172.22.2.4 - - [20/Aug/2022:16:20:39 -0500] "GET /BLA/boletinlegal/favicon.ico HTTP/1.1" 404 1140
172.22.2.4 - - [20/Aug/2022:16:20:09 -0500] "GET /BLA/boletinlegal/ HTTP/1.1" 200 24523
192.168.181.220 - - [20/Aug/2022:16:20:59 -0500] "GET /BLA/boletinlegal/admin/index.php HTTP/1.1" 200 7249
192.168.181.220 - - [20/Aug/2022:16:21:16 -0500] "GET /BLA/boletinlegal/admin/index_files/index_files/tback.gif HTTP/1.1" 404 1322
192.168.181.220 - - [20/Aug/2022:16:21:22 -0500] "GET /BLA/boletinlegal/admin/actos/ingresar.php HTTP/1.1" 200 7143
173.252.95.117 - - [20/Aug/2022:16:21:28 -0500] "GET /raton-de-campo-o-arrocero-nuevo-registro-en-el-humedal-torca-guaymaral.html HTTP/1.1" 206 727
172.22.2.4 - - [20/Aug/2022:16:20:10 -0500] "GET /BLA/boletinlegal/ HTTP/1.1" 200 45003
216.245.221.92 - - [20/Aug/2022:16:21:59 -0500] "HEAD / HTTP/1.1" 200 -
192.168.181.220 - - [20/Aug/2022:16:22:25 -0500] "GET /BLA/boletinlegal/consulta_actos.php?tipo=resoluciones&no=2034&usuario=&sector=&fecha=2021&resuelve= HTTP/1.1" 200 626
192.168.181.220 - - [20/Aug/2022:16:23:27 -0500] "POST /BLA/boletinlegal/admin/actos/ingresar.php HTTP/1.1" 200 7236
192.168.181.220 - - [20/Aug/2022:16:23:31 -0500] "GET /BLA/boletinlegal/consulta_actos.php?tipo=resoluciones&no=2034&usuario=&sector=&fecha=2021&resuelve= HTTP/1.1" 200 1164
201.245.192.253 - - [20/Aug/2022:16:23:30 -0500] "POST /kwsrmcab/Wsrmcab  HTTP/1.1" 200 46805
172.22.2.4 - - [20/Aug/2022:16:23:42 -0500] "GET /BLA/boletinlegal/actos.php HTTP/1.1" 200 9559
172.22.2.4 - - [20/Aug/2022:16:23:42 -0500] "GET /BLA/boletinlegal/favicon.ico HTTP/1.1" 404 1326
191.107.148.157 - - [20/Aug/2022:16:23:44 -0500] "GET /BLA/resoluciones/ HTTP/1.1" 200 13093
191.107.148.157 - - [20/Aug/2022:16:23:44 -0500] "GET /favicon.ico HTTP/1.1" 200 7782
191.107.148.157 - - [20/Aug/2022:16:23:47 -0500] "GET /BLA/resoluciones/index.php?dir=RESOLUCIONES+2019%2F HTTP/1.1" 200 243707
191.107.148.157 - - [20/Aug/2022:16:23:56 -0500] "GET /BLA/resoluciones/RESOLUCIONES%202019/0017.pdf HTTP/1.1" 200 576273
172.22.2.4 - - [20/Aug/2022:16:22:23 -0500] "HEAD /BLA/boletinlegal/ HTTP/1.1" 200 -
172.22.2.4 - - [20/Aug/2022:16:23:40 -0500] "GET /BLA/boletinlegal/ HTTP/1.1" 200 24523
172.22.2.4 - - [20/Aug/2022:16:23:13 -0500] "GET /BLA/boletinlegal/ HTTP/1.1" 200 54814
191.66.180.175 - - [20/Aug/2022:16:26:07 -0500] "GET /BLA/resoluciones/dlf/styles.css HTTP/1.1" 200 3049
191.66.180.175 - - [20/Aug/2022:16:26:07 -0500] "GET /BLA/resoluciones/dlf/dirup.png HTTP/1.1" 200 644
191.66.180.175 - - [20/Aug/2022:16:26:07 -0500] "GET /BLA/resoluciones/dlf/pdf.gif HTTP/1.1" 200 272
191.66.180.175 - - [20/Aug/2022:16:26:07 -0500] "GET /BLA/resoluciones/dlf/bg.gif HTTP/1.1" 200 54
191.66.180.175 - - [20/Aug/2022:16:26:05 -0500] "GET /BLA/resoluciones/index.php?dir=AUTOS+2022%2F HTTP/1.1" 200 208316
216.245.221.92 - - [20/Aug/2022:16:26:59 -0500] "HEAD / HTTP/1.1" 200 -
192.168.181.220 - - [20/Aug/2022:16:27:35 -0500] "POST /BLA/boletinlegal/admin/actos/ingresar.php HTTP/1.1" 200 7236
192.168.181.220 - - [20/Aug/2022:16:27:42 -0500] "GET /BLA/boletinlegal/consulta_actos.php?tipo=resoluciones&no=2033&usuario=&sector=&fecha=2021&resuelve= HTTP/1.1" 200 1106
201.245.192.253 - - [20/Aug/2022:16:28:29 -0500] "POST /kwsrmcab/Wsrmcab  HTTP/1.1" 200 46805
172.22.2.4 - - [20/Aug/2022:16:28:13 -0500] "HEAD /BLA/boletinlegal/ HTTP/1.1" 200 -
201.245.192.253 - - [20/Aug/2022:16:29:57 -0500] "POST /kwsrmcab/Wsrmcab HTTP/1.1" 200 43524
201.245.192.253 - - [20/Aug/2022:16:30:01 -0500] "POST /kwsrmcab/Wsrmcab HTTP/1.1" 200 44389
172.22.2.4 - - [20/Aug/2022:16:29:03 -0500] "GET /BLA/boletinlegal/ HTTP/1.1" 200 55621
207.46.13.115 - - [20/Aug/2022:16:31:41 -0500] "GET /BLA/resoluciones/AUTOS%202021/2742.pdf HTTP/1.1" 304 -
216.245.221.92 - - [20/Aug/2022:16:31:59 -0500] "HEAD / HTTP/1.1" 200 -
201.245.192.253 - - [20/Aug/2022:16:33:28 -0500] "POST /kwsrmcab/Wsrmcab  HTTP/1.1" 200 46805
207.46.13.188 - - [20/Aug/2022:16:33:55 -0500] "GET /bla/resoluciones/resoluciones%202021/1430.pdf HTTP/1.1" 200 380148
172.22.2.4 - - [20/Aug/2022:16:34:03 -0500] "HEAD /BLA/boletinlegal/ HTTP/1.1" 200 -
173.252.83.6 - - [20/Aug/2022:16:35:53 -0500] "GET /images/Junio%2002-experiencias-jardines-verticales-sda.jpeg HTTP/1.1" 200 31171
172.22.2.4 - - [20/Aug/2022:16:34:32 -0500] "GET /BLA/boletinlegal/ HTTP/1.1" 200 50790
173.252.79.117 - - [20/Aug/2022:16:36:14 -0500] "GET /images/pieza-calidad-aire-noche-4-febrero.jpg HTTP/1.1" 200 37476
172.22.2.4 - - [20/Aug/2022:16:34:53 -0500] "GET /BLA/boletinlegal/ HTTP/1.1" 200 48343
216.245.221.92 - - [20/Aug/2022:16:36:59 -0500] "HEAD / HTTP/1.1" 200 -
172.22.2.4 - - [20/Aug/2022:16:37:09 -0500] "GET /BLA/boletinlegal/Circulares/2013/Circular%20No.%204%20del%2005%20de%20junio%20de%202013.pdf HTTP/1.1" 200 130461
172.22.2.4 - - [20/Aug/2022:16:38:17 -0500] "GET /BLA/boletinlegal/Circulares/2022/CIRCULAR%20No.%2000005%20DEL%2030%20DE%20JUNIO%20DEL%202022.pdf HTTP/1.1" 404 1218
172.22.2.4 - - [20/Aug/2022:16:38:22 -0500] "GET /BLA/boletinlegal/Circulares/2019/.pdf HTTP/1.1" 404 1218
201.245.192.253 - - [20/Aug/2022:16:38:27 -0500] "POST /kwsrmcab/Wsrmcab  HTTP/1.1" 200 46805
201.245.192.253 - - [20/Aug/2022:16:39:57 -0500] "POST /kwsrmcab/Wsrmcab HTTP/1.1" 200 43524
201.245.192.253 - - [20/Aug/2022:16:40:01 -0500] "POST /kwsrmcab/Wsrmcab HTTP/1.1" 200 44389
69.63.189.118 - - [20/Aug/2022:16:40:15 -0500] "GET /calidad-del-aire-de-bogota-en-condiciones-moderadas-y-regulares.html HTTP/1.1" 206 898
172.22.2.4 - - [20/Aug/2022:16:39:53 -0500] "HEAD /BLA/boletinlegal/ HTTP/1.1" 200 -
216.245.221.92 - - [20/Aug/2022:16:41:59 -0500] "HEAD / HTTP/1.1" 200 -
172.22.2.4 - - [20/Aug/2022:16:40:43 -0500] "GET /BLA/boletinlegal/ HTTP/1.1" 200 58154
185.119.81.104 - - [20/Aug/2022:16:42:28 -0500] "GET /portaldeninos/wp-login.php HTTP/1.1" 200 2592
185.119.81.104 - - [20/Aug/2022:16:42:29 -0500] "POST /portaldeninos/wp-login.php HTTP/1.1" 200 3670
201.245.192.253 - - [20/Aug/2022:16:43:27 -0500] "POST /kwsrmcab/Wsrmcab  HTTP/1.1" 200 46805
66.249.73.191 - - [20/Aug/2022:16:44:23 -0500] "-" 408 -
157.55.39.98 - - [20/Aug/2022:16:46:50 -0500] "GET /sipse/faces/faces/autenticacion.xhtml HTTP/1.1" 200 12502
216.245.221.92 - - [20/Aug/2022:16:46:59 -0500] "HEAD / HTTP/1.1" 200 -
172.22.2.4 - - [20/Aug/2022:16:45:43 -0500] "HEAD /BLA/boletinlegal/ HTTP/1.1" 200 -
34.147.63.66 - - [20/Aug/2022:16:47:33 -0500] "GET / HTTP/1.1" 200 319
34.147.63.66 - - [20/Aug/2022:16:47:33 -0500] "GET / HTTP/1.1" 200 4720
172.22.2.4 - - [20/Aug/2022:16:46:33 -0500] "GET /BLA/boletinlegal/ HTTP/1.1" 200 57366
201.245.192.253 - - [20/Aug/2022:16:48:25 -0500] "POST /kwsrmcab/Wsrmcab  HTTP/1.1" 200 46805
172.22.2.4 - - [20/Aug/2022:16:51:17 -0500] "GET /BLA/boletinlegal/jurisprudencia/analisis/SENTENCIA%20C-703%20DE%202010.xls HTTP/1.1" 200 38912
216.245.221.92 - - [20/Aug/2022:16:51:59 -0500] "HEAD / HTTP/1.1" 200 -
172.22.2.4 - - [20/Aug/2022:16:51:33 -0500] "HEAD /BLA/boletinlegal/ HTTP/1.1" 200 -
201.245.192.253 - - [20/Aug/2022:16:53:23 -0500] "POST /kwsrmcab/Wsrmcab  HTTP/1.1" 200 46805
172.22.2.4 - - [20/Aug/2022:16:52:23 -0500] "GET /BLA/boletinlegal/ HTTP/1.1" 200 55621
216.245.221.92 - - [20/Aug/2022:16:56:59 -0500] "HEAD / HTTP/1.1" 200 -
172.22.2.4 - - [20/Aug/2022:16:57:06 -0500] "GET /BLA/boletinlegal/conceptos.php HTTP/1.1" 200 7443
201.245.192.253 - - [20/Aug/2022:16:58:22 -0500] "POST /kwsrmcab/Wsrmcab  HTTP/1.1" 200 46805
172.22.2.4 - - [20/Aug/2022:16:57:23 -0500] "HEAD /BLA/boletinlegal/ HTTP/1.1" 200 -
207.46.13.11 - - [20/Aug/2022:16:59:34 -0500] "GET /BLA/resoluciones/AUTOS%202022/2557.pdf HTTP/1.1" 200 382277
157.55.39.98 - - [20/Aug/2022:16:59:50 -0500] "GET /Autoliquidacion/ HTTP/1.1" 200 6629
207.46.13.45 - - [20/Aug/2022:16:59:51 -0500] "GET /BLA/boletinlegal/normativa.php HTTP/1.1" 200 8326
172.22.2.4 - - [20/Aug/2022:16:58:14 -0500] "GET /BLA/boletinlegal/ HTTP/1.1" 200 54347
185.119.81.97 - - [20/Aug/2022:17:01:51 -0500] "GET /portaldeninos/wp-login.php HTTP/1.1" 200 2592
185.119.81.97 - - [20/Aug/2022:17:01:51 -0500] "POST /portaldeninos/wp-login.php HTTP/1.1" 200 3670
216.245.221.92 - - [20/Aug/2022:17:01:59 -0500] "HEAD / HTTP/1.1" 200 -
201.245.192.253 - - [20/Aug/2022:17:03:22 -0500] "POST /kwsrmcab/Wsrmcab  HTTP/1.1" 200 46805
66.249.73.191 - - [20/Aug/2022:17:03:48 -0500] "-" 408 -
198.74.59.35 - - [20/Aug/2022:17:03:57 -0500] "GET /galeria/galeria/jquery.fancybox.css?v=2.1.5 HTTP/1.1" 200 4895
198.74.59.35 - - [20/Aug/2022:17:03:57 -0500] "GET /BLA/boletinlegal/js/jquery.scrollShow.js HTTP/1.1" 200 4586
198.74.59.35 - - [20/Aug/2022:17:03:57 -0500] "GET /galeria/galeria/jquery.fancybox.js?v=2.1.5 HTTP/1.1" 200 48706
157.55.39.98 - - [20/Aug/2022:17:04:00 -0500] "GET /BLA/resoluciones/AUTOS%202022/0433.pdf HTTP/1.1" 200 423317
172.22.2.4 - - [20/Aug/2022:17:03:13 -0500] "HEAD /BLA/boletinlegal/ HTTP/1.1" 200 -
172.22.2.4 - - [20/Aug/2022:17:04:03 -0500] "GET /BLA/boletinlegal/ HTTP/1.1" 200 54814
216.245.221.92 - - [20/Aug/2022:17:06:59 -0500] "HEAD / HTTP/1.1" 200 -
207.46.13.11 - - [20/Aug/2022:17:07:26 -0500] "GET /BLA/resoluciones/index.php?dir=AUTOS+2022%2F HTTP/1.1" 200 208316
201.245.192.253 - - [20/Aug/2022:17:08:21 -0500] "POST /kwsrmcab/Wsrmcab  HTTP/1.1" 200 46805
185.119.81.104 - - [20/Aug/2022:17:10:18 -0500] "GET /portaldeninos/wp-login.php HTTP/1.1" 200 2592
185.119.81.104 - - [20/Aug/2022:17:10:19 -0500] "POST /portaldeninos/wp-login.php HTTP/1.1" 200 3605
172.22.2.4 - - [20/Aug/2022:17:09:03 -0500] "HEAD /BLA/boletinlegal/ HTTP/1.1" 200 -
172.22.2.4 - - [20/Aug/2022:17:09:53 -0500] "GET /BLA/boletinlegal/ HTTP/1.1" 200 53281
168.197.68.201 - - [20/Aug/2022:17:11:47 -0500] "GET /catalogoisis/ HTTP/1.1" 200 8575
168.197.68.201 - - [20/Aug/2022:17:11:47 -0500] "GET /catalogoisis/Css/Busqueda.css HTTP/1.1" 200 1995
168.197.68.201 - - [20/Aug/2022:17:11:47 -0500] "GET /catalogoisis/Js/AceptarLimpiar.js HTTP/1.1" 200 331
168.197.68.201 - - [20/Aug/2022:17:11:47 -0500] "GET /catalogoisis/Js/CriterioCombinada.js HTTP/1.1" 200 1843
168.197.68.201 - - [20/Aug/2022:17:11:47 -0500] "GET /catalogoisis/Js/LimpiarCombinada.js HTTP/1.1" 200 207
168.197.68.201 - - [20/Aug/2022:17:11:47 -0500] "GET /catalogoisis/Js/Cookies.js HTTP/1.1" 200 1369
168.197.68.201 - - [20/Aug/2022:17:11:47 -0500] "GET /catalogoisis/Js/Remote.js HTTP/1.1" 200 436
168.197.68.201 - - [20/Aug/2022:17:11:47 -0500] "GET /catalogoisis/Js/Numero.js HTTP/1.1" 200 398
168.197.68.201 - - [20/Aug/2022:17:11:47 -0500] "GET /catalogoisis/Js/Go.js HTTP/1.1" 200 364
168.197.68.201 - - [20/Aug/2022:17:11:47 -0500] "GET /catalogoisis/Js/Enter.js HTTP/1.1" 200 1208
168.197.68.201 - - [20/Aug/2022:17:11:47 -0500] "GET /catalogoisis/imagenes/br1c1.gif HTTP/1.1" 200 172
168.197.68.201 - - [20/Aug/2022:17:11:47 -0500] "GET /catalogoisis/imagenes/Turnbo1.gif HTTP/1.1" 200 227
168.197.68.201 - - [20/Aug/2022:17:11:47 -0500] "GET /catalogoisis/imagenes/aceptar1.gif HTTP/1.1" 200 604
168.197.68.201 - - [20/Aug/2022:17:11:47 -0500] "GET /catalogoisis/imagenes/br1c3.gif HTTP/1.1" 200 302
168.197.68.201 - - [20/Aug/2022:17:11:47 -0500] "GET /catalogoisis/imagenes/limpiar1.gif HTTP/1.1" 200 606
168.197.68.201 - - [20/Aug/2022:17:11:47 -0500] "GET /catalogoisis/imagenes/br3c2.gif HTTP/1.1" 200 285
168.197.68.201 - - [20/Aug/2022:17:11:47 -0500] "GET /catalogoisis/imagenes/br1c2.gif HTTP/1.1" 200 297
168.197.68.201 - - [20/Aug/2022:17:11:47 -0500] "GET /catalogoisis/imagenes/br2c1.gif HTTP/1.1" 200 297
168.197.68.201 - - [20/Aug/2022:17:11:47 -0500] "GET /catalogoisis/imagenes/br3c3.gif HTTP/1.1" 200 186
168.197.68.201 - - [20/Aug/2022:17:11:47 -0500] "GET /catalogoisis/imagenes/br3c1.gif HTTP/1.1" 200 177
168.197.68.201 - - [20/Aug/2022:17:11:47 -0500] "GET /catalogoisis/imagenes/br2c2.gif HTTP/1.1" 200 302
168.197.68.201 - - [20/Aug/2022:17:11:47 -0500] "GET /catalogoisis/imagenes/Header.gif HTTP/1.1" 200 30313
168.197.68.201 - - [20/Aug/2022:17:11:47 -0500] "GET /catalogoisis/imagenes/br2c3.gif HTTP/1.1" 200 416
168.197.68.201 - - [20/Aug/2022:17:11:47 -0500] "GET /favicon.ico HTTP/1.1" 200 7782
216.245.221.92 - - [20/Aug/2022:17:11:59 -0500] "HEAD / HTTP/1.1" 200 -
168.197.68.201 - - [20/Aug/2022:17:12:13 -0500] "GET /catalogoisis/imagenes/aceptar2.gif HTTP/1.1" 200 586
168.197.68.201 - - [20/Aug/2022:17:12:17 -0500] "GET /catalogoisis/imagenes/aceptar2.gif HTTP/1.1" 200 586
168.197.68.201 - - [20/Aug/2022:17:12:26 -0500] "GET /catalogoisis/imagenes/aceptar2.gif HTTP/1.1" 200 586
168.197.68.201 - - [20/Aug/2022:17:12:44 -0500] "GET /catalogoisis/imagenes/click.gif HTTP/1.1" 200 398
190.147.12.57 - - [20/Aug/2022:17:12:55 -0500] "GET /galeria/galeria/jquery.fancybox.js?v=2.1.5 HTTP/1.1" 200 48706
190.147.12.57 - - [20/Aug/2022:17:12:55 -0500] "GET /galeria/galeria/jquery.fancybox.css?v=2.1.5 HTTP/1.1" 200 4895
190.147.12.57 - - [20/Aug/2022:17:12:55 -0500] "GET /BLA/boletinlegal/js/jquery.scrollShow.js HTTP/1.1" 200 4586
190.147.12.57 - - [20/Aug/2022:17:12:55 -0500] "GET /galeria/carrusel/Carrusel/jquery-ui-1.8.13.custom.min.js HTTP/1.1" 200 10800
190.147.12.57 - - [20/Aug/2022:17:12:55 -0500] "GET /galeria/carrusel/Carrusel/jquery.thumbnailScroller.js HTTP/1.1" 200 8157
190.147.12.57 - - [20/Aug/2022:17:12:55 -0500] "GET /galeria/carrusel/Carrusel/jquery.thumbnailScroller.css HTTP/1.1" 200 2066
190.147.12.57 - - [20/Aug/2022:17:12:57 -0500] "GET /galeria/nivo-slider/demo/banner.html HTTP/1.1" 200 5446
190.147.12.57 - - [20/Aug/2022:17:12:57 -0500] "GET /galeria/nivo-slider/themes/default/default.css HTTP/1.1" 200 1569
190.147.12.57 - - [20/Aug/2022:17:12:57 -0500] "GET /galeria/nivo-slider/themes/orman/orman.css HTTP/1.1" 200 2152
190.147.12.57 - - [20/Aug/2022:17:12:57 -0500] "GET /galeria/nivo-slider/themes/pascal/pascal.css HTTP/1.1" 200 2258
190.147.12.57 - - [20/Aug/2022:17:12:57 -0500] "GET /galeria/nivo-slider/demo/scripts/jquery-1.7.1.min.js HTTP/1.1" 200 93868
190.147.12.57 - - [20/Aug/2022:17:12:57 -0500] "GET /galeria/nivo-slider/nivo-slider.css HTTP/1.1" 200 1507
190.147.12.57 - - [20/Aug/2022:17:12:57 -0500] "GET /galeria/nivo-slider/demo/style.css HTTP/1.1" 200 2222
190.147.12.57 - - [20/Aug/2022:17:12:57 -0500] "GET /galeria/nivo-slider/jquery.nivo.slider.pack.js HTTP/1.1" 200 11561
190.147.12.57 - - [20/Aug/2022:17:12:57 -0500] "GET /galeria/nivo-slider/demo/images/bannertortuga_optimized.jpg HTTP/1.1" 200 39066
190.147.12.57 - - [20/Aug/2022:17:12:57 -0500] "GET /galeria/nivo-slider/demo/images/Bannermujeresquereverdecen.jpg HTTP/1.1" 200 46558
190.147.12.57 - - [20/Aug/2022:17:12:57 -0500] "GET /galeria/nivo-slider/demo/images/bannertrafico_optimized.jpg HTTP/1.1" 200 42578
190.147.12.57 - - [20/Aug/2022:17:12:57 -0500] "GET /galeria/nivo-slider/demo/images/Bannersedeelectronica.jpg HTTP/1.1" 200 40383
190.147.12.57 - - [20/Aug/2022:17:12:57 -0500] "GET /galeria/nivo-slider/demo/images/bannerrutaesperanza.jpg HTTP/1.1" 200 55560
190.147.12.57 - - [20/Aug/2022:17:12:58 -0500] "GET /galeria/nivo-slider/demo/images/banneraire2021.jpg HTTP/1.1" 200 265101
190.147.12.57 - - [20/Aug/2022:17:12:58 -0500] "GET /galeria/nivo-slider/demo/images/Bannerplasticosseptiembre.jpg HTTP/1.1" 200 45633
190.147.12.57 - - [20/Aug/2022:17:12:58 -0500] "GET /galeria/nivo-slider/demo/images/banneraccionpopularcrr68.jpg HTTP/1.1" 200 51887
190.147.12.57 - - [20/Aug/2022:17:12:58 -0500] "GET /galeria/nivo-slider/demo/images/bannerresiduoshospitalariosagosto.jpg HTTP/1.1" 200 36499
190.147.12.57 - - [20/Aug/2022:17:12:58 -0500] "GET /galeria/nivo-slider/demo/images/banneraccionpopular.jpeg HTTP/1.1" 200 41707
190.147.12.57 - - [20/Aug/2022:17:12:58 -0500] "GET /galeria/nivo-slider/demo/images/bannerclases2021.jpg HTTP/1.1" 200 68230
190.147.12.57 - - [20/Aug/2022:17:12:58 -0500] "GET /galeria/nivo-slider/demo/images/bannercapacitacionesbogota.jpg HTTP/1.1" 200 42416
190.147.12.57 - - [20/Aug/2022:17:12:58 -0500] "GET /galeria/nivo-slider/demo/images/Bannerenvases.jpg HTTP/1.1" 200 37316
190.147.12.57 - - [20/Aug/2022:17:12:58 -0500] "GET /galeria/nivo-slider/demo/images/Bannervirtualescanales.jpg HTTP/1.1" 200 174544
190.147.12.57 - - [20/Aug/2022:17:12:58 -0500] "GET /galeria/nivo-slider/demo/images/4Simple_Slider.png HTTP/1.1" 200 11722
190.147.12.57 - - [20/Aug/2022:17:12:58 -0500] "GET /galeria/nivo-slider/themes/default/loading.gif HTTP/1.1" 200 1737
190.147.12.57 - - [20/Aug/2022:17:12:58 -0500] "GET /galeria/nivo-slider/themes/default/arrows.png HTTP/1.1" 200 824
190.147.12.57 - - [20/Aug/2022:17:12:58 -0500] "GET /galeria/nivo-slider/themes/default/bullets.png HTTP/1.1" 200 1281
168.197.68.201 - - [20/Aug/2022:17:13:02 -0500] "POST /catalogoisis/comb.php HTTP/1.1" 200 4445
168.197.68.201 - - [20/Aug/2022:17:13:02 -0500] "GET /catalogoisis/Css/Pft.css HTTP/1.1" 200 3933
168.197.68.201 - - [20/Aug/2022:17:13:02 -0500] "GET /catalogoisis/Js/Marcados.js HTTP/1.1" 200 1327
168.197.68.201 - - [20/Aug/2022:17:13:02 -0500] "GET /catalogoisis/imagenes/back.gif HTTP/1.1" 200 666
168.197.68.201 - - [20/Aug/2022:17:13:02 -0500] "GET /catalogoisis/imagenes/up.gif HTTP/1.1" 200 669
168.197.68.201 - - [20/Aug/2022:17:13:02 -0500] "GET /catalogoisis/imagenes/home.gif HTTP/1.1" 200 923
168.197.68.201 - - [20/Aug/2022:17:13:02 -0500] "GET /catalogoisis/imagenes/correo.gif HTTP/1.1" 200 525
168.197.68.201 - - [20/Aug/2022:17:13:02 -0500] "GET /catalogoisis/imagenes/fonest4.gif HTTP/1.1" 404 1402
168.197.68.201 - - [20/Aug/2022:17:13:02 -0500] "GET /catalogoisis/imagenes/selecc.gif HTTP/1.1" 200 784
168.197.68.201 - - [20/Aug/2022:17:13:02 -0500] "GET /catalogoisis/imagenes/print.gif HTTP/1.1" 200 916
168.197.68.201 - - [20/Aug/2022:17:13:19 -0500] "GET /catalogoisis/index.php HTTP/1.1" 200 8575
201.245.192.253 - - [20/Aug/2022:17:13:20 -0500] "POST /kwsrmcab/Wsrmcab  HTTP/1.1" 200 46805
221.2.163.231 - - [20/Aug/2022:17:14:48 -0500] "GET / HTTP/1.1" 200 319
221.2.163.231 - - [20/Aug/2022:17:15:00 -0500] "GET / HTTP/1.1" 200 319
207.46.13.45 - - [20/Aug/2022:17:16:10 -0500] "GET /BLA/resoluciones/RESOLUCIONES%202000/2000%201250-1299.tif HTTP/1.1" 200 4609589
172.22.2.4 - - [20/Aug/2022:17:14:53 -0500] "HEAD /BLA/boletinlegal/ HTTP/1.1" 200 -
216.245.221.92 - - [20/Aug/2022:17:16:59 -0500] "HEAD / HTTP/1.1" 200 -
207.46.13.45 - - [20/Aug/2022:17:17:15 -0500] "GET /BLA/resoluciones/AUTOS%202022/2064.pdf HTTP/1.1" 200 422498
172.22.2.4 - - [20/Aug/2022:17:15:43 -0500] "GET /BLA/boletinlegal/ HTTP/1.1" 200 58154
92.118.39.88 - - [20/Aug/2022:17:17:45 -0500] "GET / HTTP/1.1" 200 319
201.245.192.253 - - [20/Aug/2022:17:18:19 -0500] "POST /kwsrmcab/Wsrmcab  HTTP/1.1" 200 46805
201.245.192.253 - - [20/Aug/2022:17:19:56 -0500] "POST /kwsrmcab/Wsrmcab HTTP/1.1" 200 44851
201.245.192.253 - - [20/Aug/2022:17:20:01 -0500] "POST /kwsrmcab/Wsrmcab HTTP/1.1" 200 44240
185.119.81.98 - - [20/Aug/2022:17:20:56 -0500] "GET /portaldeninos/wp-login.php HTTP/1.1" 200 2592
185.119.81.98 - - [20/Aug/2022:17:20:57 -0500] "POST /portaldeninos/wp-login.php HTTP/1.1" 200 3650
172.22.2.4 - - [20/Aug/2022:17:21:45 -0500] "GET /BLA/boletinlegal/conceptos.php/niceforms.js HTTP/1.1" 200 7443
207.46.13.144 - - [20/Aug/2022:17:21:53 -0500] "GET / HTTP/1.1" 200 319
216.245.221.92 - - [20/Aug/2022:17:21:59 -0500] "HEAD / HTTP/1.1" 200 -
172.22.2.4 - - [20/Aug/2022:17:20:43 -0500] "HEAD /BLA/boletinlegal/ HTTP/1.1" 200 -
172.22.2.4 - - [20/Aug/2022:17:21:33 -0500] "GET /BLA/boletinlegal/ HTTP/1.1" 200 58154
201.245.192.253 - - [20/Aug/2022:17:23:18 -0500] "POST /kwsrmcab/Wsrmcab  HTTP/1.1" 200 46805
172.22.2.4 - - [20/Aug/2022:17:24:37 -0500] "POST /BLA/boletinlegal/Autodiscover/Autodiscover.xml HTTP/1.1" 404 1018
66.249.73.164 - - [20/Aug/2022:17:25:17 -0500] "-" 408 -
185.119.81.98 - - [20/Aug/2022:17:25:54 -0500] "GET /portaldeninos/wp-login.php HTTP/1.1" 200 2592
185.119.81.98 - - [20/Aug/2022:17:25:54 -0500] "POST /portaldeninos/wp-login.php HTTP/1.1" 200 3670
216.245.221.92 - - [20/Aug/2022:17:26:59 -0500] "HEAD / HTTP/1.1" 200 -
172.22.2.4 - - [20/Aug/2022:17:27:56 -0500] "GET /BLA/boletinlegal/Circulares/2019/Circular%20No.%200005%20del%2020%20de%20Marzo%20de%202019.pdf HTTP/1.1" 200 159877
172.22.2.4 - - [20/Aug/2022:17:26:33 -0500] "HEAD /BLA/boletinlegal/ HTTP/1.1" 200 -
201.245.192.253 - - [20/Aug/2022:17:28:17 -0500] "POST /kwsrmcab/Wsrmcab  HTTP/1.1" 200 46805
199.16.157.182 - - [20/Aug/2022:17:28:22 -0500] "-" 408 -
172.22.2.4 - - [20/Aug/2022:17:27:24 -0500] "GET /BLA/boletinlegal/ HTTP/1.1" 200 58154
201.245.192.253 - - [20/Aug/2022:17:29:56 -0500] "POST /kwsrmcab/Wsrmcab HTTP/1.1" 200 44851
201.245.192.253 - - [20/Aug/2022:17:30:00 -0500] "POST /kwsrmcab/Wsrmcab HTTP/1.1" 200 44240
172.22.2.4 - - [20/Aug/2022:17:31:26 -0500] "GET /BLA/boletinlegal/Circulares/2020/Circular%2000010%20del%2027%20de%20julio%20de%202020.pdf HTTP/1.1" 200 422655
172.22.2.4 - - [20/Aug/2022:17:29:54 -0500] "GET /BLA/boletinlegal/ HTTP/1.1" 200 62763
216.245.221.92 - - [20/Aug/2022:17:31:59 -0500] "HEAD / HTTP/1.1" 200 -
172.22.2.4 - - [20/Aug/2022:17:32:13 -0500] "GET /BLA/boletinlegal/jurisprudencia/analisis/analisis%20sentencia%20C-596-10.doc HTTP/1.1" 200 36352
186.30.107.121 - - [20/Aug/2022:17:33:14 -0500] "GET /BLA/resoluciones/index.php?dir=AUTOS+2012%2F HTTP/1.1" 200 273218
201.245.192.253 - - [20/Aug/2022:17:33:16 -0500] "POST /kwsrmcab/Wsrmcab  HTTP/1.1" 200 46805
172.22.2.4 - - [20/Aug/2022:17:32:23 -0500] "HEAD /BLA/boletinlegal/ HTTP/1.1" 200 -
172.22.2.4 - - [20/Aug/2022:17:34:10 -0500] "GET /BLA/boletinlegal/actos.php HTTP/1.1" 200 9559
172.22.2.4 - - [20/Aug/2022:17:34:10 -0500] "GET /BLA/boletinlegal/js/ajax_actos.js HTTP/1.1" 200 1322
172.22.2.4 - - [20/Aug/2022:17:34:10 -0500] "GET /BLA/boletinlegal/niceforms-default.css HTTP/1.1" 200 6694
172.22.2.4 - - [20/Aug/2022:17:34:10 -0500] "GET /BLA/boletinlegal/niceforms.js HTTP/1.1" 200 22876
172.22.2.4 - - [20/Aug/2022:17:34:10 -0500] "GET /BLA/boletinlegal/js/lib.js HTTP/1.1" 200 6474
172.22.2.4 - - [20/Aug/2022:17:34:10 -0500] "GET /BLA/boletinlegal/js/popup.js HTTP/1.1" 200 1270
172.22.2.4 - - [20/Aug/2022:17:34:10 -0500] "GET /BLA/boletinlegal/js/jquery1.js HTTP/1.1" 200 29846
172.22.2.4 - - [20/Aug/2022:17:34:11 -0500] "GET /BLA/boletinlegal/images/green-yellow-blue-pink-th.png HTTP/1.1" 200 7394
172.22.2.4 - - [20/Aug/2022:17:34:11 -0500] "GET /BLA/boletinlegal/images/abajo.png HTTP/1.1" 200 96676
172.22.2.4 - - [20/Aug/2022:17:34:11 -0500] "GET /BLA/boletinlegal/images/tel.png HTTP/1.1" 200 14477
172.22.2.4 - - [20/Aug/2022:17:34:11 -0500] "GET /BLA/boletinlegal/images/icono-email.png HTTP/1.1" 200 5544
172.22.2.4 - - [20/Aug/2022:17:34:11 -0500] "GET /BLA/boletinlegal/images/footer_bg_l.jpg HTTP/1.1" 200 776
172.22.2.4 - - [20/Aug/2022:17:34:11 -0500] "GET /BLA/boletinlegal/img/0.png HTTP/1.1" 200 110
172.22.2.4 - - [20/Aug/2022:17:34:11 -0500] "GET /BLA/boletinlegal/img/select-left.png HTTP/1.1" 200 263
172.22.2.4 - - [20/Aug/2022:17:34:11 -0500] "GET /BLA/boletinlegal/img/select-right.png HTTP/1.1" 200 44019
172.22.2.4 - - [20/Aug/2022:17:34:11 -0500] "GET /BLA/boletinlegal/img/button-left.png HTTP/1.1" 200 57071
172.22.2.4 - - [20/Aug/2022:17:34:11 -0500] "GET /BLA/boletinlegal/favicon.ico HTTP/1.1" 404 1326
172.22.2.4 - - [20/Aug/2022:17:34:11 -0500] "GET /BLA/boletinlegal/img/button.png HTTP/1.1" 200 43241
172.22.2.4 - - [20/Aug/2022:17:34:11 -0500] "GET /BLA/boletinlegal/img/button-right.png HTTP/1.1" 200 57878
172.22.2.4 - - [20/Aug/2022:17:34:30 -0500] "GET /BLA/boletinlegal/consulta_actos.php?tipo=autos&no=4675&usuario=&sector=&fecha=2014&resuelve= HTTP/1.1" 200 1066
200.118.63.86 - - [20/Aug/2022:17:34:33 -0500] "GET /BLA/resoluciones/ HTTP/1.1" 200 13093
200.118.63.86 - - [20/Aug/2022:17:34:33 -0500] "GET /BLA/resoluciones/dlf/folder.png HTTP/1.1" 200 410
200.118.63.86 - - [20/Aug/2022:17:34:33 -0500] "GET /favicon.ico HTTP/1.1" 200 7782
200.118.63.86 - - [20/Aug/2022:17:34:35 -0500] "GET /BLA/resoluciones/index.php?dir=AUTOS+2014%2F HTTP/1.1" 200 876182
200.118.63.86 - - [20/Aug/2022:17:34:50 -0500] "GET /BLA/resoluciones/AUTOS%202014/4675.pdf HTTP/1.1" 200 498771
172.22.2.4 - - [20/Aug/2022:17:34:08 -0500] "GET /BLA/boletinlegal/ HTTP/1.1" 200 24523
172.22.2.4 - - [20/Aug/2022:17:33:13 -0500] "GET /BLA/boletinlegal/ HTTP/1.1" 200 54814
172.22.2.4 - - [20/Aug/2022:17:34:31 -0500] "GET /BLA/boletinlegal/ HTTP/1.1" 200 58946
216.245.221.92 - - [20/Aug/2022:17:36:59 -0500] "HEAD / HTTP/1.1" 200 -
157.55.39.108 - - [20/Aug/2022:17:37:43 -0500] "GET /portaldeninos/wp-content/uploads/2021/10/infografia-fauna-ni%C3%B1os-ambientic-22x75.jpg HTTP/1.1" 200 1480
201.245.192.253 - - [20/Aug/2022:17:38:15 -0500] "POST /kwsrmcab/Wsrmcab  HTTP/1.1" 200 46805
172.22.2.4 - - [20/Aug/2022:17:38:20 -0500] "GET /BLA/boletinlegal/Circulares/2022/CIRCULAR%20No.%2000005%20DEL%2030%20DE%20JUNIO%20DEL%202022.pdf HTTP/1.1" 404 1218
172.22.2.4 - - [20/Aug/2022:17:38:25 -0500] "GET /BLA/boletinlegal/Circulares/2019/.pdf HTTP/1.1" 404 1218
186.30.107.121 - - [20/Aug/2022:17:38:28 -0500] "GET /BLA/resoluciones/AUTOS%202012/0475.pdf HTTP/1.1" 200 593491
186.30.107.121 - - [20/Aug/2022:17:38:28 -0500] "GET /BLA/resoluciones/AUTOS%202012/0475.pdf HTTP/1.1" 206 1
172.22.2.4 - - [20/Aug/2022:17:38:34 -0500] "GET /BLA/boletinlegal/Circulares/2012/Circular%20No.%2010%20del%2026%20de%20Enero%20de%202012.pdf HTTP/1.1" 404 1218
186.30.107.121 - - [20/Aug/2022:17:38:41 -0500] "GET /BLA/resoluciones/AUTOS%202012/0475.pdf HTTP/1.1" 200 593491
191.107.148.157 - - [20/Aug/2022:17:39:41 -0500] "GET /BLA/resoluciones/index.php?dir= HTTP/1.1" 200 13093
191.107.148.157 - - [20/Aug/2022:17:39:52 -0500] "GET /BLA/resoluciones/index.php?dir=AUTOS+2018%2F HTTP/1.1" 200 436274
172.22.2.4 - - [20/Aug/2022:17:38:13 -0500] "HEAD /BLA/boletinlegal/ HTTP/1.1" 200 -
191.107.148.157 - - [20/Aug/2022:17:39:56 -0500] "GET /BLA/resoluciones/AUTOS%202018/3845.pdf HTTP/1.1" 200 272541
201.245.192.253 - - [20/Aug/2022:17:39:56 -0500] "POST /kwsrmcab/Wsrmcab HTTP/1.1" 200 44851
201.245.192.253 - - [20/Aug/2022:17:40:00 -0500] "POST /kwsrmcab/Wsrmcab HTTP/1.1" 200 44240
192.168.181.220 - - [20/Aug/2022:17:40:23 -0500] "GET /BLA/boletinlegal/admin/index.php HTTP/1.1" 200 7249
192.168.181.220 - - [20/Aug/2022:17:40:40 -0500] "GET /BLA/boletinlegal/admin/index_files/index_files/tback.gif HTTP/1.1" 404 1322
172.22.2.4 - - [20/Aug/2022:17:39:03 -0500] "GET /BLA/boletinlegal/ HTTP/1.1" 200 59819
192.168.181.220 - - [20/Aug/2022:17:40:51 -0500] "GET /BLA/boletinlegal/admin/actos/ingresar.php HTTP/1.1" 200 7143
192.168.181.220 - - [20/Aug/2022:17:41:55 -0500] "POST /BLA/boletinlegal/admin/actos/ingresar.php HTTP/1.1" 200 7236
216.245.221.92 - - [20/Aug/2022:17:41:59 -0500] "HEAD / HTTP/1.1" 200 -
192.168.181.220 - - [20/Aug/2022:17:42:05 -0500] "GET /BLA/boletinlegal/consulta_actos.php?tipo=resoluciones&no=2095&usuario=&sector=&fecha=2021&resuelve= HTTP/1.1" 200 1157
201.245.192.253 - - [20/Aug/2022:17:43:14 -0500] "POST /kwsrmcab/Wsrmcab  HTTP/1.1" 200 46805
69.171.249.3 - - [20/Aug/2022:17:43:27 -0500] "GET /images/pieza-mujeres-reverdecen-4-abril.jpg HTTP/1.1" 200 48916
172.22.2.4 - - [20/Aug/2022:17:44:03 -0500] "HEAD /BLA/boletinlegal/ HTTP/1.1" 200 -
172.22.2.4 - - [20/Aug/2022:17:44:53 -0500] "GET /BLA/boletinlegal/ HTTP/1.1" 200 58154
216.245.221.92 - - [20/Aug/2022:17:47:00 -0500] "HEAD / HTTP/1.1" 200 -
66.220.149.4 - - [20/Aug/2022:17:47:23 -0500] "GET /bogota-ya-cuenta-con-el-protocolo-para-el-manejo-y-control-de-la-langostilla-de-rio.html HTTP/1.1" 206 1088
201.245.192.253 - - [20/Aug/2022:17:48:13 -0500] "POST /kwsrmcab/Wsrmcab  HTTP/1.1" 200 46805
172.22.2.4 - - [20/Aug/2022:17:49:53 -0500] "HEAD /BLA/boletinlegal/ HTTP/1.1" 200 -
216.245.221.92 - - [20/Aug/2022:17:51:59 -0500] "HEAD / HTTP/1.1" 200 -
172.22.2.4 - - [20/Aug/2022:17:50:43 -0500] "GET /BLA/boletinlegal/ HTTP/1.1" 200 56005
201.245.192.253 - - [20/Aug/2022:17:53:12 -0500] "POST /kwsrmcab/Wsrmcab  HTTP/1.1" 200 46805
216.245.221.92 - - [20/Aug/2022:17:56:59 -0500] "HEAD / HTTP/1.1" 200 -
172.22.2.4 - - [20/Aug/2022:17:55:43 -0500] "HEAD /BLA/boletinlegal/ HTTP/1.1" 200 -
172.22.2.4 - - [20/Aug/2022:17:56:33 -0500] "GET /BLA/boletinlegal/ HTTP/1.1" 200 60272
201.245.192.253 - - [20/Aug/2022:17:58:10 -0500] "POST /kwsrmcab/Wsrmcab  HTTP/1.1" 200 46805
173.252.83.4 - - [20/Aug/2022:17:59:46 -0500] "GET /images/caminos-cerros-orientales-7-abril.jpg HTTP/1.1" 200 80138
200.118.62.203 - - [20/Aug/2022:18:00:34 -0500] "GET /abiertas-las-inscripciones-para-fortalecer-negocios-verdes-de-la-ciudad.html HTTP/1.1" 304 -
66.249.73.161 - - [20/Aug/2022:18:01:18 -0500] "-" 408 -
45.95.55.5 - - [20/Aug/2022:18:01:26 -0500] "GET / HTTP/1.1" 200 319
216.245.221.92 - - [20/Aug/2022:18:01:59 -0500] "HEAD / HTTP/1.1" 200 -
173.252.83.20 - - [20/Aug/2022:18:02:58 -0500] "GET /images/pieza-mujeres-reverdecen-4-abril.jpg HTTP/1.1" 200 48916
201.245.192.253 - - [20/Aug/2022:18:03:09 -0500] "POST /kwsrmcab/Wsrmcab  HTTP/1.1" 200 46805
172.22.2.4 - - [20/Aug/2022:18:01:33 -0500] "HEAD /BLA/boletinlegal/ HTTP/1.1" 200 -
172.22.2.4 - - [20/Aug/2022:18:02:23 -0500] "GET /BLA/boletinlegal/ HTTP/1.1" 200 59819
216.245.221.92 - - [20/Aug/2022:18:06:59 -0500] "HEAD / HTTP/1.1" 200 -
201.245.192.253 - - [20/Aug/2022:18:08:08 -0500] "POST /kwsrmcab/Wsrmcab  HTTP/1.1" 200 46805
172.22.2.4 - - [20/Aug/2022:18:07:23 -0500] "HEAD /BLA/boletinlegal/ HTTP/1.1" 200 -
172.22.2.4 - - [20/Aug/2022:18:08:13 -0500] "GET /BLA/boletinlegal/ HTTP/1.1" 200 58566
186.30.107.121 - - [20/Aug/2022:18:10:57 -0500] "GET /BLA/resoluciones/index.php?dir=AUTOS+2018%2F HTTP/1.1" 200 436274
186.30.107.121 - - [20/Aug/2022:18:11:19 -0500] "GET /BLA/resoluciones/index.php?dir=RESOLUCIONES+2018%2F HTTP/1.1" 200 270246
216.245.221.92 - - [20/Aug/2022:18:12:00 -0500] "HEAD / HTTP/1.1" 200 -
186.30.107.121 - - [20/Aug/2022:18:12:29 -0500] "GET /BLA/resoluciones/RESOLUCIONES%202018/2041.pdf HTTP/1.1" 200 305527
186.30.107.121 - - [20/Aug/2022:18:12:39 -0500] "GET /BLA/resoluciones/RESOLUCIONES%202018/2041.pdf HTTP/1.1" 206 1
186.30.107.121 - - [20/Aug/2022:18:12:39 -0500] "GET /BLA/resoluciones/RESOLUCIONES%202018/2041.pdf HTTP/1.1" 206 879
201.245.192.253 - - [20/Aug/2022:18:13:07 -0500] "POST /kwsrmcab/Wsrmcab  HTTP/1.1" 200 46805
172.22.2.4 - - [20/Aug/2022:18:13:13 -0500] "HEAD /BLA/boletinlegal/ HTTP/1.1" 200 -
172.22.2.4 - - [20/Aug/2022:18:14:03 -0500] "GET /BLA/boletinlegal/ HTTP/1.1" 200 60272
192.168.181.220 - - [20/Aug/2022:18:16:29 -0500] "GET /BLA/boletinlegal/admin/index.php HTTP/1.1" 200 7249
192.168.181.220 - - [20/Aug/2022:18:16:46 -0500] "GET /BLA/boletinlegal/admin/index_files/index_files/tback.gif HTTP/1.1" 404 1322
216.245.221.92 - - [20/Aug/2022:18:17:00 -0500] "HEAD / HTTP/1.1" 200 -
192.168.181.220 - - [20/Aug/2022:18:17:02 -0500] "GET /BLA/boletinlegal/admin/actos/ingresar.php HTTP/1.1" 200 7143
192.168.181.220 - - [20/Aug/2022:18:17:42 -0500] "POST /BLA/boletinlegal/admin/actos/ingresar.php HTTP/1.1" 200 7236
192.168.181.220 - - [20/Aug/2022:18:17:52 -0500] "GET /BLA/boletinlegal/consulta_actos.php?tipo=resoluciones&no=2054&usuario=&sector=&fecha=2021&resuelve= HTTP/1.1" 200 1118
201.245.192.253 - - [20/Aug/2022:18:18:06 -0500] "POST /kwsrmcab/Wsrmcab  HTTP/1.1" 200 46805
201.245.192.253 - - [20/Aug/2022:18:19:56 -0500] "POST /kwsrmcab/Wsrmcab HTTP/1.1" 200 45156
201.245.192.253 - - [20/Aug/2022:18:20:00 -0500] "POST /kwsrmcab/Wsrmcab HTTP/1.1" 200 44232
172.22.2.4 - - [20/Aug/2022:18:19:03 -0500] "HEAD /BLA/boletinlegal/ HTTP/1.1" 200 -
172.22.2.4 - - [20/Aug/2022:18:19:53 -0500] "GET /BLA/boletinlegal/ HTTP/1.1" 200 59819
216.245.221.92 - - [20/Aug/2022:18:21:59 -0500] "HEAD / HTTP/1.1" 200 -
192.129.253.42 - - [20/Aug/2022:18:22:51 -0500] "GET /pv/y000000000000.cfg HTTP/1.1" 404 1018
201.245.192.253 - - [20/Aug/2022:18:23:05 -0500] "POST /kwsrmcab/Wsrmcab  HTTP/1.1" 200 46805
185.119.81.97 - - [20/Aug/2022:18:25:14 -0500] "GET /portaldeninos/wp-login.php HTTP/1.1" 200 2592
185.119.81.97 - - [20/Aug/2022:18:25:15 -0500] "POST /portaldeninos/wp-login.php HTTP/1.1" 200 3670
191.107.148.157 - - [20/Aug/2022:18:25:44 -0500] "GET /BLA/resoluciones/index.php?dir= HTTP/1.1" 200 13093
191.107.148.157 - - [20/Aug/2022:18:25:46 -0500] "GET /BLA/resoluciones/index.php?dir=RESOLUCIONES+2018%2F HTTP/1.1" 200 270246
172.22.2.4 - - [20/Aug/2022:18:24:53 -0500] "HEAD /BLA/boletinlegal/ HTTP/1.1" 200 -
172.22.2.4 - - [20/Aug/2022:18:25:00 -0500] "GET /BLA/boletinlegal/ HTTP/1.1" 200 44034
216.245.221.92 - - [20/Aug/2022:18:26:59 -0500] "HEAD / HTTP/1.1" 200 -
207.46.13.11 - - [20/Aug/2022:18:27:03 -0500] "GET /BLA/resoluciones/RESOLUCIONES%202000/2000%20800-849.tif HTTP/1.1" 200 4545533
172.22.2.4 - - [20/Aug/2022:18:25:43 -0500] "GET /BLA/boletinlegal/ HTTP/1.1" 200 53281
201.245.192.253 - - [20/Aug/2022:18:28:04 -0500] "POST /kwsrmcab/Wsrmcab  HTTP/1.1" 200 46805
201.245.192.253 - - [20/Aug/2022:18:29:56 -0500] "POST /kwsrmcab/Wsrmcab HTTP/1.1" 200 45156
201.245.192.253 - - [20/Aug/2022:18:30:01 -0500] "POST /kwsrmcab/Wsrmcab HTTP/1.1" 200 44232
216.245.221.92 - - [20/Aug/2022:18:32:00 -0500] "HEAD / HTTP/1.1" 200 -
172.22.2.4 - - [20/Aug/2022:18:30:43 -0500] "HEAD /BLA/boletinlegal/ HTTP/1.1" 200 -
161.10.18.151 - - [20/Aug/2022:18:33:04 -0500] "GET /BLA/resoluciones/ HTTP/1.1" 200 13093
201.245.192.253 - - [20/Aug/2022:18:33:03 -0500] "POST /kwsrmcab/Wsrmcab  HTTP/1.1" 200 46805
172.22.2.4 - - [20/Aug/2022:18:31:33 -0500] "GET /BLA/boletinlegal/ HTTP/1.1" 200 59819
161.10.18.151 - - [20/Aug/2022:18:33:12 -0500] "GET /BLA/resoluciones/index.php?dir=AUTOS+2019%2F HTTP/1.1" 200 346567
161.10.18.151 - - [20/Aug/2022:18:33:32 -0500] "GET /BLA/resoluciones/AUTOS%202019/4931.pdf HTTP/1.1" 200 3588037
173.252.83.11 - - [20/Aug/2022:18:35:31 -0500] "GET /images/Curi%20SDA%2001.jpeg HTTP/1.1" 200 75230
172.22.2.4 - - [20/Aug/2022:18:34:34 -0500] "GET /BLA/boletinlegal/ HTTP/1.1" 200 62763
216.245.221.92 - - [20/Aug/2022:18:36:59 -0500] "HEAD / HTTP/1.1" 200 -
201.245.192.253 - - [20/Aug/2022:18:38:02 -0500] "POST /kwsrmcab/Wsrmcab  HTTP/1.1" 200 46805
172.22.2.4 - - [20/Aug/2022:18:36:33 -0500] "HEAD /BLA/boletinlegal/ HTTP/1.1" 200 -
172.22.2.4 - - [20/Aug/2022:18:38:25 -0500] "GET /BLA/boletinlegal/Circulares/2022/CIRCULAR%20No.%2000005%20DEL%2030%20DE%20JUNIO%20DEL%202022.pdf HTTP/1.1" 404 1218
172.22.2.4 - - [20/Aug/2022:18:38:30 -0500] "GET /BLA/boletinlegal/Circulares/2019/.pdf HTTP/1.1" 404 1218
172.22.2.4 - - [20/Aug/2022:18:38:39 -0500] "GET /BLA/boletinlegal/Circulares/2012/Circular%20No.%2010%20del%2026%20de%20Enero%20de%202012.pdf HTTP/1.1" 404 1218
172.22.2.4 - - [20/Aug/2022:18:37:23 -0500] "GET /BLA/boletinlegal/ HTTP/1.1" 200 58154
201.245.192.253 - - [20/Aug/2022:18:39:56 -0500] "POST /kwsrmcab/Wsrmcab HTTP/1.1" 200 45156
201.245.192.253 - - [20/Aug/2022:18:40:00 -0500] "POST /kwsrmcab/Wsrmcab HTTP/1.1" 200 44232
216.245.221.92 - - [20/Aug/2022:18:42:06 -0500] "HEAD / HTTP/1.1" 200 -
201.245.192.253 - - [20/Aug/2022:18:43:01 -0500] "POST /kwsrmcab/Wsrmcab  HTTP/1.1" 200 46805
172.22.2.4 - - [20/Aug/2022:18:42:23 -0500] "HEAD /BLA/boletinlegal/ HTTP/1.1" 200 -
172.22.2.4 - - [20/Aug/2022:18:42:47 -0500] "GET /BLA/boletinlegal/index.php HTTP/1.1" 200 45684
172.22.2.4 - - [20/Aug/2022:18:44:33 -0500] "GET /BLA/boletinlegal/js/jquery.scrollShow.js HTTP/1.1" 200 4586
172.22.2.4 - - [20/Aug/2022:18:43:13 -0500] "GET /BLA/boletinlegal/ HTTP/1.1" 200 48724
173.252.79.2 - - [20/Aug/2022:18:45:05 -0500] "GET /images/reunion-planta-termovalorizacion-11-mayo.jpg HTTP/1.1" 200 34782
207.46.13.45 - - [20/Aug/2022:18:45:47 -0500] "GET /BLA/boletinlegal/norma_menu.php HTTP/1.1" 200 6318
157.55.39.98 - - [20/Aug/2022:18:45:59 -0500] "GET /BLA/boletinlegal/js/jquery1.js HTTP/1.1" 200 29846
157.55.39.98 - - [20/Aug/2022:18:46:02 -0500] "GET /BLA/boletinlegal/js/popup.js HTTP/1.1" 200 1270
157.55.39.98 - - [20/Aug/2022:18:46:05 -0500] "GET /BLA/boletinlegal/style.css HTTP/1.1" 200 9406
207.46.13.188 - - [20/Aug/2022:18:46:06 -0500] "GET /BLA/boletinlegal/js/lib.js HTTP/1.1" 200 6474
207.46.13.115 - - [20/Aug/2022:18:46:12 -0500] "GET /BLA/boletinlegal/styles2.css HTTP/1.1" 200 1838
207.46.13.115 - - [20/Aug/2022:18:46:15 -0500] "GET /BLA/boletinlegal/swfobject.js HTTP/1.1" 200 9763
172.22.2.4 - - [20/Aug/2022:18:45:52 -0500] "GET /BLA/boletinlegal/ HTTP/1.1" 200 32715
216.245.221.92 - - [20/Aug/2022:18:46:59 -0500] "HEAD / HTTP/1.1" 200 -
201.245.192.253 - - [20/Aug/2022:18:48:00 -0500] "POST /kwsrmcab/Wsrmcab  HTTP/1.1" 200 46805
207.46.13.11 - - [20/Aug/2022:18:48:25 -0500] "GET / HTTP/1.1" 200 319
172.22.2.4 - - [20/Aug/2022:18:49:29 -0500] "GET /BLA/boletinlegal/norma_menu.php/js/popup.js HTTP/1.1" 200 6318
172.22.2.4 - - [20/Aug/2022:18:48:13 -0500] "HEAD /BLA/boletinlegal/ HTTP/1.1" 200 -
172.22.2.4 - - [20/Aug/2022:18:49:03 -0500] "GET /BLA/boletinlegal/ HTTP/1.1" 200 58154
216.245.221.92 - - [20/Aug/2022:18:51:59 -0500] "HEAD / HTTP/1.1" 200 -
201.245.192.253 - - [20/Aug/2022:18:53:00 -0500] "POST /kwsrmcab/Wsrmcab  HTTP/1.1" 200 46805
66.249.73.191 - - [20/Aug/2022:18:53:31 -0500] "-" 408 -
186.102.36.241 - - [20/Aug/2022:18:55:17 -0500] "GET /kwssiamovil/sm/acme/a?s=U2FsdGVkX19Nex6ijv6dJ8AetdEK4lUJ5GrqXjqTKe41a3Wz7cAszqXiame4P5tF5ZS37zxWQ5ZsQIdOKT7QUsGDpU64tNPF7EBuPi9hcApCKMt9WTHamipiom2zACwo7w59Gsi+3zdj6SnCSpk+4FXnAMbOxXugB6DlizcGjG0eACTIN60iPaFH5rZAypWxbAq7WSzZ2YLs4bxG1/Pg43PUs3zTBAhI+fdkcjLFmJWGV0E4zvFJjpFuEAil6zRy4SFBzzlZgcuuIZ4BNGS9lw==&u=U2FsdGVkX18MyuoAGbXyWnVcjWOtWxQBTG4MvTMueyY=&y=U2FsdGVkX19rnlU/uqcIPCZuI3oWZ7aiahTNgnf9TVDvsoctZmDYXE/K6raxrGN3 HTTP/1.1" 200 25
186.102.36.241 - - [20/Aug/2022:18:55:18 -0500] "GET /kwssiamovil/sm/acme/a?s=U2FsdGVkX19LAdjJgztu2hsopeQlJGm9mOEWudi+crtrS7wV1JZx2k1ycbVTywFyXpnmF58e3fD2JynV1FUsoCBetFLyUPPh95yuDOn6SGUqh7d3s/vT+uIa8W2pVc64f+qHKtpXFAP91R1v7v2yF2rWefYz4OxSt00OYNZd/NSIHOY/3X6edJAHXygcsr+gHAsF/eM+HHga79R1KB2Fs13LOWjakLGJtVcboj6DSA0r1Nu2GpCHYXjug+4x8BXGiLUHDh2J1ZKOYyo/nKbQIh0Aqz5nv1lBYzLzekqVtVm3M9kJD/ZCGOZ5sQ2mDidCURW8lpskKQcLlrBNeESrIfZc4BH4HsckumFX4OyVKdWof/0X76ixTIrJYytk9yMgT8oKSMDnbwIKfnBlUIOcuQJhyit1rutzLFWvyG+ghvPa9ydUuJOM8TItZj8IkDplzYLExR2J20klPEcUi1Mu3N8WajrtMfcOaOpfBz10LioQaSprhs83kmkt5xWtBxUid344ncraW963Qx5W/tunCOaYLzHcx6Gz+v0j3SYyMzdm2cl/WZmtn5G499W1+ojNd3Ozfuz2Iym2SMwOdXp2lQ/+z2sW0KTbDoqHK58xpdu2mRfN/R0kXkHx3pUkFGVotbncRB/jbZc5dbv8BCKAiGJiMJXl6kHb3Tgw+oP5sFAUF5c9Nc4GB4LYGZGb5NmWedXlXN5Vd52OXonQQsGcCruo+7G4nnFEdKK2B5UZ0Y0Hsaik5laeCeK5hDX21a27xCHcaVK+QEwdcIZ8krOgcUZet3n7YmXvxlg4tvxidXtOy8PcO7W6DqgErs9d8hp4Ei6WslmQ5/JTjMKscQarYsmetKaIIK/sq7docjylwgrkTJ55OGmnPL0GO5+wSz+BMkMzur36GurSxbVgGvLVziMV10XV34NuJ8mKyxZbJRNQQOAqnVKEFVKSGUX+osvCB3Kve9LoVxptN/pt6u5BWRN9WZOPfQLDFGehz4w41hPW2KjdlaW5FDJFMRgpeGbTpZHp4Uc7/RGzWhKbrJUERZyJ962WqMDXDDDUgQ48biWwz9YRU/9CbUXW3KTJO/7U10Smi7MiBfJgRlWqh9CWaci2QKO8VFZCcmDOH3fbbKDHAgJBIp1Sf01aP5eE21Y/rq5ElJdE4VOZaQiZVAKF4Ux78KyhyIHflW6u8DKEotJGB1HhDma9q7HuGuby1KMZp3o9hwnTFFO5fB3fQV+BzArOmcmgOfi3S69nIAzxWo3RmFBzYLd9OWv7QTR6cT56GHnHyqe6oF0mcxFMOhHd5gHYCi0JR6B2ASIsMYs9JMjieD3krZN/02tFfnoanc7iAEqDJKebzoRFIFyqAHSai0OTwst2KxDjpYpRWjEfU4D5IAMH4l59ggwvz31xdy48cntIk9eBwPOtnCGIgnguiIWSu75XuhEmf0/oHbPydIQgKtPCKH0VuRvD1jHgZzo2Vk+wP/EeagiuyqRQtIQUZSpn3F+5oAYHem619/V3Q7uIFyu9Y/5TBvnAeeoAwJh7po39mhw+BZdJPn5pdnXazAA8HTG3fSLaKJwVTF5NCrrx305wJM6SSjBwVtpKrWSgFOiq+Ruo9oIK6sQRpr2Mv24rHddVtJXVZvUHeQBL2oN1SCJ5kzXtLIBonYOp2sVTLIP/0N636mfZVSHxk3ZfbQ==&u=U2FsdGVkX18MyuoAGbXyWnVcjWOtWxQBTG4MvTMueyY=&y=U2FsdGVkX19rnlU/uqcIPCZuI3oWZ7aiahTNgnf9TVDvsoctZmDYXE/K6raxrGN3 HTTP/1.1" 200 25
186.102.36.241 - - [20/Aug/2022:18:55:18 -0500] "GET /kwssiamovil/sm/acme/a?s=U2FsdGVkX19xUNP3AYYg7MDCMhDbsFPm4ZwlI2lm2Bo83Y4sYsZrihCI6Yf5QulIkEOIMW1JNRtidr5FELwuZDMuTo/VYkQNWQT9UroVUC07qSJqgbrITtbKcufICFbOCQB1f4GIdtAWQLDNDM2qWK74jn9GxGbZRZwQ9bntvLk=&u=U2FsdGVkX18MyuoAGbXyWnVcjWOtWxQBTG4MvTMueyY=&y=U2FsdGVkX19rnlU/uqcIPCZuI3oWZ7aiahTNgnf9TVDvsoctZmDYXE/K6raxrGN3 HTTP/1.1" 200 25
186.102.36.241 - - [20/Aug/2022:18:55:18 -0500] "GET /kwssiamovil/sm/acme/a?s=U2FsdGVkX18+fBWSMu0JUiOv2N1vTdd2Hukvj3r+K5vB+RwGewIi9H488F8c3cArjZR9vRqJIkLr8VDT/WeIURahyj5hQYQyfKlL+2IsT/0lrpHEJfIhU2avkUga/e90ylkjfH+SIryEWzezx5o2/XRizklrjuozGCR4UhhDR+g=&u=U2FsdGVkX18MyuoAGbXyWnVcjWOtWxQBTG4MvTMueyY=&y=U2FsdGVkX19rnlU/uqcIPCZuI3oWZ7aiahTNgnf9TVDvsoctZmDYXE/K6raxrGN3 HTTP/1.1" 200 25
186.102.36.241 - - [20/Aug/2022:18:55:19 -0500] "GET /kwssiamovil/sm/acme/a?s=U2FsdGVkX1+EblJO+gNkBnsYG0Y7ysx8u2o0Q75Lqog3POMGCHCJq4xc9vOWqD82hdujC9Qqgxpd5F/tsxHg97b1JSNLUEJHkDDOUIeYwCZ/ZdTR96VJ2gvXc/VvRMoPDoUzAvUbwC65ZwLJyVGZRAd6A4BT5bLvPgaSOrWhjoU=&u=U2FsdGVkX18MyuoAGbXyWnVcjWOtWxQBTG4MvTMueyY=&y=U2FsdGVkX19rnlU/uqcIPCZuI3oWZ7aiahTNgnf9TVDvsoctZmDYXE/K6raxrGN3 HTTP/1.1" 200 25
186.102.36.241 - - [20/Aug/2022:18:55:19 -0500] "GET /kwssiamovil/sm/acme/a?s=U2FsdGVkX1+89fSlWhDkH2MLQF9G/Z3OAM8UEW+8zHXfXhcXfE3srNyYnx+JOwes628POG0E/vY1OjYiY5VPnx1RXYIlW3uSj9hoKZ6A0evQOnOQNIAiIMOr6VkI+ZpFNpZy/HVi1BwoVPyp7LrEE4h3zgHSD3FeJDFvunf4eZDS5LQbEbbzr2kkKu7Dm9o5&u=U2FsdGVkX18MyuoAGbXyWnVcjWOtWxQBTG4MvTMueyY=&y=U2FsdGVkX19rnlU/uqcIPCZuI3oWZ7aiahTNgnf9TVDvsoctZmDYXE/K6raxrGN3 HTTP/1.1" 200 25
172.22.2.4 - - [20/Aug/2022:18:54:03 -0500] "HEAD /BLA/boletinlegal/ HTTP/1.1" 200 -
172.22.2.4 - - [20/Aug/2022:18:54:53 -0500] "GET /BLA/boletinlegal/ HTTP/1.1" 200 57716
216.245.221.92 - - [20/Aug/2022:18:56:59 -0500] "HEAD / HTTP/1.1" 200 -
201.245.192.253 - - [20/Aug/2022:18:57:58 -0500] "POST /kwsrmcab/Wsrmcab  HTTP/1.1" 200 46805
186.31.23.66 - - [20/Aug/2022:18:58:42 -0500] "GET /galeria/galeria/jquery.fancybox.css?v=2.1.5 HTTP/1.1" 200 4895
186.31.23.66 - - [20/Aug/2022:18:58:42 -0500] "GET /BLA/boletinlegal/js/jquery.scrollShow.js HTTP/1.1" 200 4586
186.31.23.66 - - [20/Aug/2022:18:58:42 -0500] "GET /galeria/galeria/jquery.fancybox.js?v=2.1.5 HTTP/1.1" 200 48706
172.22.2.4 - - [20/Aug/2022:18:59:53 -0500] "HEAD /BLA/boletinlegal/ HTTP/1.1" 200 -
40.77.189.245 - - [20/Aug/2022:19:01:57 -0500] "GET /BLA/boletinlegal/js/ajax.js HTTP/1.1" 200 772
216.245.221.92 - - [20/Aug/2022:19:01:59 -0500] "HEAD / HTTP/1.1" 200 -
172.22.2.4 - - [20/Aug/2022:19:00:43 -0500] "GET /BLA/boletinlegal/ HTTP/1.1" 200 53994
201.245.192.253 - - [20/Aug/2022:19:02:58 -0500] "POST /kwsrmcab/Wsrmcab  HTTP/1.1" 200 46805
2.57.122.98 - - [20/Aug/2022:19:03:03 -0500] "GET / HTTP/1.1" 200 319
207.46.13.115 - - [20/Aug/2022:19:03:46 -0500] "GET /php/ProyectosInversion/Componente%20de%20gestion%20Jun-2011.pdf HTTP/1.1" 404 1018
186.102.36.241 - - [20/Aug/2022:19:04:29 -0500] "GET /kwssiamovil/sm/ldap/au?x=U2FsdGVkX1+TErtIP8L11YsjMIHjM0GDvd2vt9YgkEoeXukl32h+05ojZitteljx&y=U2FsdGVkX19xOJK6Ayj3398ayVnhOWCqe4ZVFSy2Q5chVEBuq6WXPOfK5FPno2kw HTTP/1.1" 200 30
186.102.36.241 - - [20/Aug/2022:19:04:29 -0500] "GET /kwssiamovil/sm/acme/s?s=U2FsdGVkX19QVqzfhAp6b6XOvsHQxJATIEKOgC+3JnuuQHhjIMqK4RBENXfUG/YctdggeJUHcxjZqOkrkZKp87cIryx8/RxnhSyI2mOETvU=&u=U2FsdGVkX1+PsuiB0APkhHqLK9sEnB0zQ3Uj4IsOp1c=&y=U2FsdGVkX19xOJK6Ayj3398ayVnhOWCqe4ZVFSy2Q5chVEBuq6WXPOfK5FPno2kw HTTP/1.1" 200 97
186.102.36.241 - - [20/Aug/2022:19:04:30 -0500] "GET /kwssiamovil/sm/acme/s?s=U2FsdGVkX1/l1pRYU8PgyQZ5jBEUFTbUVU8d+7K8MXZ8Jlhrc6L0Y6mdLbmiBXWS5VRKeX+5muSJDP4oXQTg5LD5qZSdap+HjZrVNZlFez1svoQoWyZYnLQs3JBBbDaua5M10cn31GxQlii2BBHxZjN3OdQJ59rLuxhEHqwuhsERVECFCGZMnPovqWQ6VGXLNBeKuHmw8PcEwi2TWrt+85jJu6hm6jhGGcu+NE2x5ZCrNecsNkTrrOlrf28AFJr0oSyNYC4UXMPotvW/u64TEjFy1eBm4BnfXsor8xPUcwtfrw7oSh8fCmCC/AtF52re8D/97cdc0m79oj6yuxQfzNSSqlo3/erufsTeGusbSmrP/PBX6gy+8kN1ZJ/2S0u8AlvNsK3Zr/uv7DtK6rJrqNkdAa0mbJAbWsN1k7DFEhJbn83nU4MbbqE1SCykBhgeAijL1M6RsBZgeSJ3Y4W3ioFn7f96Txn/LEkd2QHe9vEzFmQSzyW+STiWHDRT8yWqVfnlTgvUg89rAOVJxaBHzW0laSlDLFMgHu5VkpvHqzQRkDKFJwykzizeFEdu137esfm14FrnGfWTAhh6UP+1yB3qqRftbE4itLgWWb2UdWtLhlglHIYfu46Bjhb8wnWny6wnAvJD1zLVWqbooDlA3pDbNqhcO5ote1arP3ItZq1WgA/p9B6GL7Bt3ChY0kcdNZcgMxqJHRhol77FS2jSvWEQF/g0aMjpAK4uK9FbZh720T0OUpwu8q112anlW82L4alqLy2XPxHVF5zndJeXG37CwlyxCG3endsgLLM+cZQ77Imk2nuih79bnBAmo0FGv+9Ecvzujs3Ot6zTKE/QW+eVJg9llnaFLktF4op3YzYch7++npY92+0zRUom5JDIPU+bpNxYKelSutAAmpioAd1XZLqSPNX9O7Lc5+qRSylZIPCP7RId3WSNjhiuW006Mud/fy3wIHHOIArPhZgotMpMqnX60fsHGxO7TWCcM4PEh/7BKJAv+14BdwejxC6o97CMdiWjz7JER+FW51GcHlJqyavAs/4hp10kKF8PGhDAZxzwb2mIidU5ip6YzxfHtar5o0bYQjW+9QLv99rPJjsNqpN+bHjC9FvspSZBwMhvVBWJAEElhy7KGfIaAdhDm1SH/HSUsNQ5sPHJ9D+KXzqfYedLYcvoXp+rp5o2PuxvABdvVqz/vg7aK3wnGjJkWb+T88ZOsoEkcP+OdZs+32fr7e6s0EEtFScSBmHDaCHSe6Y1DOZB15EbXlGCYtPbFBFLmpRlkEL9gfVOjD5F0ZfXi26VQOOkCpBqWkpxPU9fnMps6E7BKeYIO/vH5INa3ec2L9ZPhywXs2+0d6W3atazE/xkbKUbQZXjfPTGI0k=&u=U2FsdGVkX1+PsuiB0APkhHqLK9sEnB0zQ3Uj4IsOp1c=&y=U2FsdGVkX19xOJK6Ayj3398ayVnhOWCqe4ZVFSy2Q5chVEBuq6WXPOfK5FPno2kw HTTP/1.1" 200 1534
186.102.36.241 - - [20/Aug/2022:19:04:30 -0500] "GET /kwssiamovil/sm/acme/s?s=U2FsdGVkX198YbHj8x5/PG98ukdiCueTMEdktMGOtu1/X8CZ47Wwr861wvH4AoPG/VfQiyPsQmDG0bMnp57BfjMjyZXo6tE/ZcNHn4X+dmuzDvKrl55+nl/jO9Eyy1aB/flmRKktBXv2B5oWmwhOSk5MLvQrPn2tzmd86zjyloAWZZzTmIrOH/EyxQVfWP/0q3zpImmuJUO2opb/+r0yNl8cVtLyQ/54enuFnd7Lc1vDtJyYSvCP5Tl1FN7rgKeWFwj26rq543Jq5A+gxTxGECDgG+HjZDAT1h9Ko1aqXn/7UdDH9j7Tg6MrLR7Yp68xEA5i78zsvnNnzMFTAm5YKWJf1H7Z62CVWTgtjEHg8Qk=&u=U2FsdGVkX1+PsuiB0APkhHqLK9sEnB0zQ3Uj4IsOp1c=&y=U2FsdGVkX19xOJK6Ayj3398ayVnhOWCqe4ZVFSy2Q5chVEBuq6WXPOfK5FPno2kw HTTP/1.1" 200 196
186.102.36.241 - - [20/Aug/2022:19:04:30 -0500] "GET /kwssiamovil/sm/cjson/pre?f=1&x=U2FsdGVkX1+TErtIP8L11YsjMIHjM0GDvd2vt9YgkEoeXukl32h+05ojZitteljx HTTP/1.1" 200 30992
186.102.36.241 - - [20/Aug/2022:19:05:03 -0500] "GET /kwssiamovil/sm/acme/a?s=U2FsdGVkX19AtCogGX0hGdOHqoLFiWJxme7s/wf47kZH5mGx3CgIqaURm6+t4oCB5Lkw+lKffJwC/04hWHkb7d0MJqLjTO/k7FPTJN8g6VvNcyWbg2HMQPBqllLlPf4Rw3F6aTp55ya2w8J5kQ2jwTyzXkjheNtBZ5VqrzlnonyuojMfmzdYA+zgJ6mKvXsgkFiE7zflDKhYs4QDj/nJm/Ds+EY16taq8IAujmInAq29p2y168INLvkQHu7mRteHG2G14ud/4Qee+Mo+D4z7pw==&u=U2FsdGVkX1+PsuiB0APkhHqLK9sEnB0zQ3Uj4IsOp1c=&y=U2FsdGVkX19xOJK6Ayj3398ayVnhOWCqe4ZVFSy2Q5chVEBuq6WXPOfK5FPno2kw HTTP/1.1" 200 25
186.102.36.241 - - [20/Aug/2022:19:06:02 -0500] "GET /kwssiamovil/sm/acme/a?s=U2FsdGVkX1+IeIrSYhiQK88swZZRMzJOlhinDqllIa3fdKeychvk/Imss8H0XGM9pD+dacdb7sUdUp/gjJ/mOGJ4wPPFHKAfkUvFl3tP7TUAJQtmv/lacRAJ7ZX/8A/WF+M+CADNAi6cn8p8lywuGJ9hG87quuv8N8cFjNCFWr0glEZwc1840f9GkRlXg3pKMYEVi1Pz1jdN6qYMlbPfVCtgsxc2xxDnYklkOUcu0GrlOx2ETQl/poXP5tHmLXmyl3qfEX63r+vzKqFcCmqiiA==&u=U2FsdGVkX1+PsuiB0APkhHqLK9sEnB0zQ3Uj4IsOp1c=&y=U2FsdGVkX19xOJK6Ayj3398ayVnhOWCqe4ZVFSy2Q5chVEBuq6WXPOfK5FPno2kw HTTP/1.1" 200 25
186.102.36.241 - - [20/Aug/2022:19:06:20 -0500] "GET /kwssiamovil/sm/acme/a?s=U2FsdGVkX1/pwGqeWAi2QwCauTAatjIat9LOlvjVQZeorfSootXrOQxqvMJaPfZtfAVMiQJVwrMdS7Fjve8UbBk09q++ztfuv+pu8frQtAFqshRIQRq/22y5t1aYb84qlJJ/cg/TG8otPMei5ucFoNSkr7Cei4pK9jiXUO4UNS2/IakM2HQJAfWXkPCepNm/4Hk/RHEuXbfUHvOkqztb89pJcBda2JpbZXpRUyB3GVc2RlpKOPRPJYwedxv/4Zyk8c7KwvG9cdYey40FIvNomA==&u=U2FsdGVkX1+PsuiB0APkhHqLK9sEnB0zQ3Uj4IsOp1c=&y=U2FsdGVkX19xOJK6Ayj3398ayVnhOWCqe4ZVFSy2Q5chVEBuq6WXPOfK5FPno2kw HTTP/1.1" 200 25
186.102.36.241 - - [20/Aug/2022:19:06:38 -0500] "GET /kwssiamovil/sm/acme/a?s=U2FsdGVkX1/kEHVg89K5nsQc8cu4Mgwzg6r8UF89F4JLjkNgfQ2w8qYT99GJqXIpJxxR/qPz+U2UeHpDThYIdIBcaJiTSdQ9pxioGLYhi4tPO5DsfiSoaVUEexfjhg3WapwTUQkHZfX4qC4f+R8Yz/Lppv5F9Vmi+ygN8U4KJ3eaFGPvkeEsn6x9r1x1JfF/9u4NJZ4fB5FbCVL96N9zLPgH8VLOvWAxIvJU2mQGEotVmeqB9XHZz+BeVAZmVwhZK3GlCl4e5sUixLRyUCYetg==&u=U2FsdGVkX1+PsuiB0APkhHqLK9sEnB0zQ3Uj4IsOp1c=&y=U2FsdGVkX19xOJK6Ayj3398ayVnhOWCqe4ZVFSy2Q5chVEBuq6WXPOfK5FPno2kw HTTP/1.1" 200 25
40.77.167.40 - - [20/Aug/2022:19:06:38 -0500] "GET /images/voluntariado-ambiental-reconocimientos-premiacion-6-diciembre.jpg HTTP/1.1" 200 36865
216.245.221.92 - - [20/Aug/2022:19:06:59 -0500] "HEAD / HTTP/1.1" 200 -
172.22.2.4 - - [20/Aug/2022:19:05:43 -0500] "HEAD /BLA/boletinlegal/ HTTP/1.1" 200 -
186.102.36.241 - - [20/Aug/2022:19:07:24 -0500] "GET /kwssiamovil/sm/acme/a?s=U2FsdGVkX1++cfB4PtkqPV/GyHlm42z5kVAvt1tAAOu3fBjkG5i69pQd3kxlo9GNL66jWKouG4Q0FRVFxBAgAOv0eBHBCLOlgS3cOBzBOMrRXY2PIrHQXXDYgdJ1PeBU1E1E/XSlKoWYQsz7z72FahYxvfDe0pbT3eb2hNb0prnFOQWGo+qgM3m5aBF/2YGTTHTJDy1KZW6YtvoBpFBSdNM9IvGJdWqVclyWzvC6dMWdhBVOCsKkoZEWOFxvaQLpAB7o98k6ee3jor5pibjHkw==&u=U2FsdGVkX1+PsuiB0APkhHqLK9sEnB0zQ3Uj4IsOp1c=&y=U2FsdGVkX19xOJK6Ayj3398ayVnhOWCqe4ZVFSy2Q5chVEBuq6WXPOfK5FPno2kw HTTP/1.1" 200 25
