186.154.4.220 - - [20/Aug/2022:10:02:28 -0500] "GET /portaldeninos/wp-content/plugins/popup-maker/assets/js/site.min.js?defer&ver=1.8.14 HTTP/1.1" 200 48457
186.154.4.220 - - [20/Aug/2022:10:02:29 -0500] "GET /portaldeninos/wp-content/uploads/2021/06/titulo-cabezote-ni%C3%B1os.png HTTP/1.1" 200 64425
186.154.4.220 - - [20/Aug/2022:10:02:29 -0500] "GET /portaldeninos/wp-content/uploads/2021/06/titulo-videos-ni%C3%B1os.png HTTP/1.1" 200 10502
186.154.4.220 - - [20/Aug/2022:10:02:29 -0500] "GET /portaldeninos/wp-content/uploads/2021/06/titulo-humedales-ni%C3%B1os.png HTTP/1.1" 200 13361
186.154.4.220 - - [20/Aug/2022:10:02:29 -0500] "GET /portaldeninos/wp-content/uploads/2018/10/oso.jpg HTTP/1.1" 200 305180
186.154.4.220 - - [20/Aug/2022:10:02:29 -0500] "GET /portaldeninos/wp-content/uploads/2018/11/caneca.jpg HTTP/1.1" 200 262661
186.154.4.220 - - [20/Aug/2022:10:02:29 -0500] "GET /portaldeninos/wp-content/uploads/2020/01/Frailejon-escenario.jpg HTTP/1.1" 200 357472
186.154.4.220 - - [20/Aug/2022:10:02:29 -0500] "GET /portaldeninos/wp-content/uploads/2020/05/fb.jpg HTTP/1.1" 200 9893
186.154.4.220 - - [20/Aug/2022:10:02:29 -0500] "GET /portaldeninos/wp-content/uploads/2020/01/Tierra-escenario.jpg HTTP/1.1" 200 181491
186.154.4.220 - - [20/Aug/2022:10:02:29 -0500] "GET /portaldeninos/wp-content/uploads/2020/05/ig.jpg HTTP/1.1" 200 11470
186.154.4.220 - - [20/Aug/2022:10:02:29 -0500] "GET /portaldeninos/wp-content/uploads/2020/06/tw.jpg HTTP/1.1" 200 11056
186.154.4.220 - - [20/Aug/2022:10:02:29 -0500] "GET /portaldeninos/wp-content/uploads/2020/06/yt.jpg HTTP/1.1" 200 10577
186.154.4.220 - - [20/Aug/2022:10:02:29 -0500] "GET /portaldeninos/wp-content/themes/betheme/images/stripes/stripes_3_b.png HTTP/1.1" 200 974
186.154.4.220 - - [20/Aug/2022:10:02:29 -0500] "GET /portaldeninos/wp-content/uploads/2018/11/tigrillo.jpg HTTP/1.1" 200 402961
186.154.4.220 - - [20/Aug/2022:10:02:29 -0500] "GET /portaldeninos/wp-content/uploads/2022/08/Infograf%C3%ADa-humedales-actualizada.png HTTP/1.1" 200 588022
186.154.4.220 - - [20/Aug/2022:10:02:29 -0500] "GET /portaldeninos/wp-content/uploads/2022/08/HUmedalConejera03-1.jpg HTTP/1.1" 200 12388495
186.154.4.220 - - [20/Aug/2022:10:02:29 -0500] "GET /portaldeninos/wp-content/uploads/2019/06/CabezoteAMBIENTIC.mp4 HTTP/1.1" 206 21408566
186.154.4.220 - - [20/Aug/2022:10:02:29 -0500] "GET /portaldeninos/wp-content/uploads/2022/01/Conoce-lo-que-hace-la-Secretar%C3%ADa-de-Ambiente.mp4 HTTP/1.1" 206 5908974
172.22.2.4 - - [20/Aug/2022:10:03:10 -0500] "GET /BLA/boletinlegal/jurisprudencia/analisis/analisis%20C-595-2010.doc HTTP/1.1" 200 39424
66.249.65.22 - - [20/Aug/2022:10:04:07 -0500] "-" 408 -
186.154.4.220 - - [20/Aug/2022:10:04:33 -0500] "GET /portaldeninos/wp-content/uploads/2019/06/CabezoteAMBIENTIC.mp4 HTTP/1.1" 206 706237
201.245.192.253 - - [20/Aug/2022:10:04:47 -0500] "POST /kwsrmcab/Wsrmcab  HTTP/1.1" 200 46805
172.22.2.4 - - [20/Aug/2022:10:03:14 -0500] "HEAD /BLA/boletinlegal/ HTTP/1.1" 200 -
186.154.4.220 - - [20/Aug/2022:10:05:04 -0500] "GET /portaldeninos/wp-content/uploads/2022/01/Conoce-lo-que-hace-la-Secretar%C3%ADa-de-Ambiente.mp4 HTTP/1.1" 206 1094433
186.102.60.0 - - [20/Aug/2022:10:05:12 -0500] "GET /kwssiamovil/sm/ldap/au?x=U2FsdGVkX19fB0aBSbyusfxqfhmRE7m12WFoAnfkJvu+YXbuT0u2p+22DTj2cxuN+6cjC6ove0JiE8S6C+gW7w==&y=U2FsdGVkX1/JSC9QCedNUcANhxjF16Ry6kchEfRYnjyxkLE4PM3do4BTp1RtCMVh HTTP/1.1" 200 30
186.102.60.0 - - [20/Aug/2022:10:05:12 -0500] "GET /kwssiamovil/sm/acme/s?s=U2FsdGVkX18BsT3mOymsF4iKI4jBkMiWOGGJUzVtQE0CAhoujRfFpQ83wZ8lnKOPon5N2TAr35eEPeihahZ1MhDDE6wgmREGvB2XEKf6qPs=&u=U2FsdGVkX1+Htoaz0KwUGVv0Iwe6mfVe4W3x3QvJ4Xzhf+URt/f771fA1UyChsZ0&y=U2FsdGVkX1/JSC9QCedNUcANhxjF16Ry6kchEfRYnjyxkLE4PM3do4BTp1RtCMVh HTTP/1.1" 200 97
186.102.60.0 - - [20/Aug/2022:10:05:12 -0500] "GET /kwssiamovil/sm/acme/s?s=U2FsdGVkX1/I/mKC5zMVAOOpF4oA023g0uwN175BwOI3FvNipSldo/UiiJ168MbstAZCLeEfP2Q9JADoyGj8fRw7kWGTlV+UzcljOjvlw2lvFruiB4Epdl2iJCRTbgfyGtGAok/inoM5yH9NsaMcu/+d/eJocwnomSTPpvKC425HBdgmAqVFK6kyFOIBTNUgZ0ABFIVLx2PBwGygKjGustGtr1vkrAqXWQDRr/qW9xSUvd5tOGeB1/1LUegv3z9N9Vse1H/RqsjZn/kaEc3KZjnai94NCGziFE/5qHZKB0qNkng0UCBB0GEOES21HxtXq89COXyddNCyt1nGHsxmkl1SEv+tz4uHL8grz84qBOnkUmhbq0GbRtU7kHdRm5mjz1WbflKvhMJJg3l87CPDny77P4WnPau8yiNRcp9Dju5inPpQitLhFv8Z4vic87gmOKFQO/cnx/+yd10R9YtFJTlKAYgOc0cBJP/0RYMud7XRXqfh4J9s/tj0YvrB+JEGHHdcpBZ1/m9p/1uIlF9wKvXMoEXV2XvuDG2LYc8narb5xlpINCt1CJVogoWTL8ahjAhkWJl1y75zEyuGbCJCzGtVouOx6wACbcvpLFRl/1WqkfeBFnZEt5CtsGcDDT51FPOItHmrmQ8jAHOdDTJsDXq/87d1pnp6jyrgQ8kkDNwGb6I2rl6jf9C7wrQSlyU20D6LBc5gcMXkeqAoEFLOqs6DqcwWsCefc8ebfsMc2N+V8QPwkgM6BsryLUVWz2geWAwXv0vSujW2Pq2rKAhPT/Rka/+0OCbmisBXy/p4lHiVYup6IciBNk6ZMgEHoJQGrl6mknCE03hEJOlAEmbXqGYs54BOYjarHlkY1fiE+nspREQXIbrVVwt9xcjk34TX7hufLvDiuZWBt3XZmXbeG/Bok1bgVevkE7jYXCCYa972d4H92rkZmmoSbqE3pXSPj349P+eQ9+VQWGi33TyXIGMPpz4jKLiEpl3/w0aVkcpTXQJCD6t7Az1xsPnUjd+6hg2g5/5OKxG6KH2aZPoC663SgbxmNAHLGbBqKljCSU7uMAnRSGECCjC2H/I+n1+ERQPIoTgSrbh8q0w8NXyMfC7zMejEp87i/K0LU4EQjaiRU9Hy+rhwGbJtTTZfEB2wRNB5PPJnNYqSc6+0EcTyKKmTyrTWmtT/DKKmTUQSeTBUkKwjns4N1zaFm0ryBlLwIDG4SNqpKUkkPSa9jme7Vv9tqfPWs5vepqCcHeW4hMZspik2rnXxx0W7YOz6AprRdPOa3LgYhR5B7RnvWaEYxUSIt3FsLcefJ8TWpMH7cBIcHR43i1nbjo8sU+AeabEGf2ZqI39BqJWChIRfWsVzcVDTnNkELI8CS8Ln3nB0s0c=&u=U2FsdGVkX1+Htoaz0KwUGVv0Iwe6mfVe4W3x3QvJ4Xzhf+URt/f771fA1UyChsZ0&y=U2FsdGVkX1/JSC9QCedNUcANhxjF16Ry6kchEfRYnjyxkLE4PM3do4BTp1RtCMVh HTTP/1.1" 200 6770
186.102.60.0 - - [20/Aug/2022:10:05:12 -0500] "GET /kwssiamovil/sm/acme/s?s=U2FsdGVkX19JIqFGvPQ/5hl6KcNuo1lMbNWWuHboO5pBPRpCoZQxTOpdFpeweTMziNpKuF0QSe40djWhIvoG/IyWJVuDZav4SfKMooumILoc4OxQNhZ6wyvYw4M2C3pGvpPcG8t4dAgo0Hml665W30R3kzZhPpcbPB5ag6RygeL6fd57jYUZw3NQO+pq5PONGHpktFzZqiHw3OBGIBeJy/l5RAyWmEc8acAJQSURkl5muHgQoKdbOMcI1UtVIzKIwcSdXw9tUvtUwUd5q/DpoLm83m4Kb55sEidtWmZECTg=&u=U2FsdGVkX1+Htoaz0KwUGVv0Iwe6mfVe4W3x3QvJ4Xzhf+URt/f771fA1UyChsZ0&y=U2FsdGVkX1/JSC9QCedNUcANhxjF16Ry6kchEfRYnjyxkLE4PM3do4BTp1RtCMVh HTTP/1.1" 200 176
186.102.60.0 - - [20/Aug/2022:10:05:13 -0500] "GET /kwssiamovil/sm/cjson/pre?f=1&x=U2FsdGVkX19fB0aBSbyusfxqfhmRE7m12WFoAnfkJvu+YXbuT0u2p+22DTj2cxuN+6cjC6ove0JiE8S6C+gW7w== HTTP/1.1" 200 30992
172.22.2.4 - - [20/Aug/2022:10:04:04 -0500] "GET /BLA/boletinlegal/ HTTP/1.1" 200 58154
207.46.13.11 - - [20/Aug/2022:10:05:45 -0500] "GET /AFLUENTESYEFUENTES/ HTTP/1.1" 304 -
216.245.221.92 - - [20/Aug/2022:10:07:00 -0500] "HEAD / HTTP/1.1" 200 -
172.22.2.4 - - [20/Aug/2022:10:08:31 -0500] "GET /BLA/boletinlegal/actos.php HTTP/1.1" 200 9559
172.22.2.4 - - [20/Aug/2022:10:09:01 -0500] "GET /BLA/boletinlegal/consulta_actos.php?tipo=resoluciones&no=1054&usuario=&sector=&fecha=2018&resuelve= HTTP/1.1" 200 1099
172.22.2.4 - - [20/Aug/2022:10:09:08 -0500] "GET /BLA/boletinlegal/consulta_actos.php?tipo=resoluciones&no=1054&usuario=&sector=&fecha=2018&resuelve= HTTP/1.1" 200 1099
190.24.58.105 - - [20/Aug/2022:10:09:12 -0500] "GET /BLA/resoluciones/RESOLUCIONES%202018/1054. HTTP/1.1" 404 1120
201.245.192.253 - - [20/Aug/2022:10:09:47 -0500] "POST /kwsrmcab/Wsrmcab  HTTP/1.1" 200 46805
191.156.137.121 - - [20/Aug/2022:10:09:56 -0500] "GET /catalogoisis/ HTTP/1.1" 200 8575
191.156.137.121 - - [20/Aug/2022:10:09:56 -0500] "GET /catalogoisis/Css/Busqueda.css HTTP/1.1" 200 1995
191.156.137.121 - - [20/Aug/2022:10:09:56 -0500] "GET /catalogoisis/Js/AceptarLimpiar.js HTTP/1.1" 200 331
191.156.137.121 - - [20/Aug/2022:10:09:56 -0500] "GET /catalogoisis/Js/Cookies.js HTTP/1.1" 200 1369
191.156.137.121 - - [20/Aug/2022:10:09:56 -0500] "GET /catalogoisis/Js/CriterioCombinada.js HTTP/1.1" 200 1843
191.156.137.121 - - [20/Aug/2022:10:09:56 -0500] "GET /catalogoisis/Js/LimpiarCombinada.js HTTP/1.1" 200 207
191.156.137.121 - - [20/Aug/2022:10:09:56 -0500] "GET /catalogoisis/Js/Go.js HTTP/1.1" 200 364
191.156.137.121 - - [20/Aug/2022:10:09:56 -0500] "GET /catalogoisis/Js/Remote.js HTTP/1.1" 200 436
191.156.137.121 - - [20/Aug/2022:10:09:56 -0500] "GET /catalogoisis/Js/Numero.js HTTP/1.1" 200 398
191.156.137.121 - - [20/Aug/2022:10:09:56 -0500] "GET /catalogoisis/Js/Enter.js HTTP/1.1" 200 1208
191.156.137.121 - - [20/Aug/2022:10:09:56 -0500] "GET /catalogoisis/imagenes/br1c3.gif HTTP/1.1" 200 302
191.156.137.121 - - [20/Aug/2022:10:09:56 -0500] "GET /catalogoisis/imagenes/br1c1.gif HTTP/1.1" 200 172
191.156.137.121 - - [20/Aug/2022:10:09:56 -0500] "GET /catalogoisis/imagenes/aceptar1.gif HTTP/1.1" 200 604
191.156.137.121 - - [20/Aug/2022:10:09:56 -0500] "GET /catalogoisis/imagenes/Turnbo1.gif HTTP/1.1" 200 227
191.156.137.121 - - [20/Aug/2022:10:09:56 -0500] "GET /catalogoisis/imagenes/limpiar1.gif HTTP/1.1" 200 606
191.156.137.121 - - [20/Aug/2022:10:09:56 -0500] "GET /catalogoisis/imagenes/br2c3.gif HTTP/1.1" 200 416
191.156.137.121 - - [20/Aug/2022:10:09:56 -0500] "GET /catalogoisis/imagenes/br3c2.gif HTTP/1.1" 200 285
191.156.137.121 - - [20/Aug/2022:10:09:56 -0500] "GET /catalogoisis/imagenes/br2c2.gif HTTP/1.1" 200 302
191.156.137.121 - - [20/Aug/2022:10:09:56 -0500] "GET /catalogoisis/imagenes/br1c2.gif HTTP/1.1" 200 297
191.156.137.121 - - [20/Aug/2022:10:09:56 -0500] "GET /catalogoisis/imagenes/br3c1.gif HTTP/1.1" 200 177
191.156.137.121 - - [20/Aug/2022:10:09:56 -0500] "GET /catalogoisis/imagenes/Header.gif HTTP/1.1" 200 30313
191.156.137.121 - - [20/Aug/2022:10:09:56 -0500] "GET /catalogoisis/imagenes/br3c3.gif HTTP/1.1" 200 186
191.156.137.121 - - [20/Aug/2022:10:09:56 -0500] "GET /catalogoisis/imagenes/br2c1.gif HTTP/1.1" 200 297
191.156.137.121 - - [20/Aug/2022:10:09:56 -0500] "GET /favicon.ico HTTP/1.1" 200 7782
159.242.234.6 - - [20/Aug/2022:10:10:06 -0500] "GET /wp-system-cloud.php HTTP/1.1" 404 1022
159.242.234.6 - - [20/Aug/2022:10:10:07 -0500] "GET /wp-includes/wp-system-cloud.php HTTP/1.1" 404 1022
172.22.2.4 - - [20/Aug/2022:10:09:04 -0500] "HEAD /BLA/boletinlegal/ HTTP/1.1" 200 -
172.22.2.4 - - [20/Aug/2022:10:09:54 -0500] "GET /BLA/boletinlegal/ HTTP/1.1" 200 57716
216.245.221.92 - - [20/Aug/2022:10:12:00 -0500] "HEAD / HTTP/1.1" 200 -
172.22.2.4 - - [20/Aug/2022:10:14:06 -0500] "GET /BLA/boletinlegal/ HTTP/1.1" 200 20427
201.245.192.253 - - [20/Aug/2022:10:14:47 -0500] "POST /kwsrmcab/Wsrmcab  HTTP/1.1" 200 46805
172.22.2.4 - - [20/Aug/2022:10:14:07 -0500] "GET /BLA/boletinlegal/ HTTP/1.1" 200 32715
172.22.2.4 - - [20/Aug/2022:10:14:54 -0500] "HEAD /BLA/boletinlegal/ HTTP/1.1" 200 -
216.245.221.92 - - [20/Aug/2022:10:17:00 -0500] "HEAD / HTTP/1.1" 200 -
172.22.2.4 - - [20/Aug/2022:10:15:44 -0500] "GET /BLA/boletinlegal/ HTTP/1.1" 200 58154
157.55.39.98 - - [20/Aug/2022:10:18:14 -0500] "GET /sipse/faces/javax.faces.resource/jquery/jquery-plugins.js;jsessionid=8kgfux8pupkmanh6nyhhpkvn.undefined?ln=primefaces&amp;v=4.0 HTTP/1.1" 200 220526
172.22.2.4 - - [20/Aug/2022:10:19:14 -0500] "GET /BLA/boletinlegal/images/abajo.png HTTP/1.1" 200 96676
172.22.2.4 - - [20/Aug/2022:10:19:14 -0500] "GET /BLA/boletinlegal/images/cabezote%20BLEGAL.jpg HTTP/1.1" 200 118164
172.22.2.4 - - [20/Aug/2022:10:19:15 -0500] "GET /BLA/boletinlegal/favicon.ico HTTP/1.1" 404 1326
186.154.4.220 - - [20/Aug/2022:10:19:15 -0500] "GET /portaldeninos/biodiversidad HTTP/1.1" 301 -
186.154.4.220 - - [20/Aug/2022:10:19:15 -0500] "GET /portaldeninos/biodiversidad/ HTTP/1.1" 200 86633
186.154.4.220 - - [20/Aug/2022:10:19:15 -0500] "GET /portaldeninos/wp-content/uploads/2020/01/Fauna-gif.gif HTTP/1.1" 200 3779027
172.22.2.4 - - [20/Aug/2022:10:19:32 -0500] "GET /BLA/boletinlegal/actos.php HTTP/1.1" 200 9559
172.22.2.4 - - [20/Aug/2022:10:19:32 -0500] "GET /BLA/boletinlegal/js/ajax_actos.js HTTP/1.1" 200 1322
172.22.2.4 - - [20/Aug/2022:10:19:32 -0500] "GET /BLA/boletinlegal/styles2.css HTTP/1.1" 200 1838
172.22.2.4 - - [20/Aug/2022:10:19:32 -0500] "GET /BLA/boletinlegal/niceforms-default.css HTTP/1.1" 200 6694
172.22.2.4 - - [20/Aug/2022:10:19:32 -0500] "GET /BLA/boletinlegal/style.css HTTP/1.1" 200 9406
172.22.2.4 - - [20/Aug/2022:10:19:32 -0500] "GET /BLA/boletinlegal/niceforms.js HTTP/1.1" 200 22876
172.22.2.4 - - [20/Aug/2022:10:19:32 -0500] "GET /BLA/boletinlegal/js/lib.js HTTP/1.1" 200 6474
172.22.2.4 - - [20/Aug/2022:10:19:32 -0500] "GET /BLA/boletinlegal/js/popup.js HTTP/1.1" 200 1270
172.22.2.4 - - [20/Aug/2022:10:19:32 -0500] "GET /BLA/boletinlegal/js/jquery1.js HTTP/1.1" 200 29846
172.22.2.4 - - [20/Aug/2022:10:19:32 -0500] "GET /BLA/boletinlegal/images/cabezote%20BLEGAL.jpg HTTP/1.1" 200 118164
172.22.2.4 - - [20/Aug/2022:10:19:32 -0500] "GET /BLA/boletinlegal/images/subscribe-icon-big.png HTTP/1.1" 200 47702
172.22.2.4 - - [20/Aug/2022:10:19:32 -0500] "GET /BLA/boletinlegal/images/historia.png HTTP/1.1" 200 52775
172.22.2.4 - - [20/Aug/2022:10:19:32 -0500] "GET /BLA/boletinlegal/images/registro-usuarios.png HTTP/1.1" 200 8106
172.22.2.4 - - [20/Aug/2022:10:19:32 -0500] "GET /BLA/boletinlegal/images/green-yellow-blue-pink-th.png HTTP/1.1" 200 7394
172.22.2.4 - - [20/Aug/2022:10:19:32 -0500] "GET /BLA/boletinlegal/images/abajo.png HTTP/1.1" 200 96676
172.22.2.4 - - [20/Aug/2022:10:19:32 -0500] "GET /BLA/boletinlegal/images/tel.png HTTP/1.1" 200 14477
172.22.2.4 - - [20/Aug/2022:10:19:32 -0500] "GET /BLA/boletinlegal/images/body_bg.jpg HTTP/1.1" 200 1601
172.22.2.4 - - [20/Aug/2022:10:19:32 -0500] "GET /BLA/boletinlegal/images/icono-email.png HTTP/1.1" 200 5544
172.22.2.4 - - [20/Aug/2022:10:19:32 -0500] "GET /BLA/boletinlegal/images/menu_lft.gif HTTP/1.1" 200 1713
172.22.2.4 - - [20/Aug/2022:10:19:32 -0500] "GET /BLA/boletinlegal/images/menu_rght.gif HTTP/1.1" 200 1627
172.22.2.4 - - [20/Aug/2022:10:19:32 -0500] "GET /BLA/boletinlegal/images/menu_bg.jpg HTTP/1.1" 200 620
172.22.2.4 - - [20/Aug/2022:10:19:32 -0500] "GET /BLA/boletinlegal/images/bg_top.jpg HTTP/1.1" 200 522
172.22.2.4 - - [20/Aug/2022:10:19:32 -0500] "GET /BLA/boletinlegal/images/hover.jpg HTTP/1.1" 200 640
172.22.2.4 - - [20/Aug/2022:10:19:32 -0500] "GET /BLA/boletinlegal/images/text.jpg HTTP/1.1" 200 568
172.22.2.4 - - [20/Aug/2022:10:19:32 -0500] "GET /BLA/boletinlegal/images/footer_bg.jpg HTTP/1.1" 200 586
172.22.2.4 - - [20/Aug/2022:10:19:32 -0500] "GET /BLA/boletinlegal/images/footer_bg_l.jpg HTTP/1.1" 200 776
172.22.2.4 - - [20/Aug/2022:10:19:33 -0500] "GET /BLA/boletinlegal/img/0.png HTTP/1.1" 200 110
172.22.2.4 - - [20/Aug/2022:10:19:33 -0500] "GET /BLA/boletinlegal/img/select-left.png HTTP/1.1" 200 263
172.22.2.4 - - [20/Aug/2022:10:19:33 -0500] "GET /BLA/boletinlegal/img/select-right.png HTTP/1.1" 200 44019
172.22.2.4 - - [20/Aug/2022:10:19:33 -0500] "GET /BLA/boletinlegal/img/button-left.png HTTP/1.1" 200 57071
172.22.2.4 - - [20/Aug/2022:10:19:33 -0500] "GET /BLA/boletinlegal/img/button-right.png HTTP/1.1" 200 57878
172.22.2.4 - - [20/Aug/2022:10:19:33 -0500] "GET /BLA/boletinlegal/img/button.png HTTP/1.1" 200 43241
172.22.2.4 - - [20/Aug/2022:10:19:33 -0500] "GET /BLA/boletinlegal/favicon.ico HTTP/1.1" 404 1326
186.102.63.33 - - [20/Aug/2022:10:19:35 -0500] "OPTIONS /kwssiamovil/sm/setfile/f? HTTP/1.1" 200 13
186.102.63.33 - - [20/Aug/2022:10:19:35 -0500] "POST /kwssiamovil/sm/setfile/f? HTTP/1.1" 200 381
186.102.63.33 - - [20/Aug/2022:10:19:42 -0500] "OPTIONS /kwssiamovil/sm/setfile/f? HTTP/1.1" 200 13
186.154.4.220 - - [20/Aug/2022:10:19:44 -0500] "GET /portaldeninos/contactanos/ HTTP/1.1" 200 88135
186.154.4.220 - - [20/Aug/2022:10:19:44 -0500] "GET /portaldeninos/wp-content/uploads/2021/07/Banners-pa%CC%81gina-de-nin%CC%83os-contactanos.jpg HTTP/1.1" 200 17211
186.102.63.33 - - [20/Aug/2022:10:19:42 -0500] "POST /kwssiamovil/sm/setfile/f? HTTP/1.1" 200 381
186.102.63.33 - - [20/Aug/2022:10:19:46 -0500] "OPTIONS /kwssiamovil/sm/setfile/f? HTTP/1.1" 200 13
201.245.192.253 - - [20/Aug/2022:10:19:46 -0500] "POST /kwsrmcab/Wsrmcab  HTTP/1.1" 200 46805
186.102.63.33 - - [20/Aug/2022:10:19:46 -0500] "POST /kwssiamovil/sm/setfile/f? HTTP/1.1" 200 381
172.22.2.4 - - [20/Aug/2022:10:19:51 -0500] "GET /BLA/boletinlegal/consulta_actos.php?tipo=resoluciones&no=2304&usuario=&sector=&fecha=2022&resuelve= HTTP/1.1" 200 626
186.154.4.220 - - [20/Aug/2022:10:19:56 -0500] "GET /portaldeninos/ HTTP/1.1" 200 110281
186.102.63.33 - - [20/Aug/2022:10:19:58 -0500] "GET /kwssiamovil/sm/acme/a?s=U2FsdGVkX1/1e48nDxeJqtZalr2DCNx1MhCfKj4p7X6c1j5L/+wXE/iNjyPVF2pht6gL7Ap2Z46wPUNkUghpqkFXx6Cgmmb5O2BGPP9FHpTPR/ONXlhqI1DILH8JUqR7pUVTXBty01aKQ2NL8WIJXZRmD5yaU9c6upCp951R+u8UpG+kAqGWWt1AAt7KgBh4b1MQKNhslNCFPjVtFi53eVc7cV/vs0b485nvXydF0kYYpagPWgOyvKkLn9LlCPNWAOi5Lx4Q2X3K7HJAtmL8qA==&u=U2FsdGVkX1+RbLJx5hwKIR490hQ5Y4fMs5Nztt9Khfg=&y=U2FsdGVkX18Hw7bRy7ekqQCOWDsMlgVJdD/BfEAKvFdV3410GXo03F3jW9jvXZIl HTTP/1.1" 200 25
186.102.63.33 - - [20/Aug/2022:10:19:58 -0500] "GET /kwssiamovil/sm/acme/a?s=U2FsdGVkX1+xML/6de0Qo/0pmoffUxDb5W5cN2jc1XilfYTI7E7UERcYILJLatrNL9lVYkzjbS3CrOInxO9DTBvQfeJRanD7qYu+1Px1VNjQqwfJWZHLykKusVlhWcV9rvQpx8prl2/8T6j7BsYLCL98UugYYxIY3sOkQCxG8wPtorhXavvX54rr/0A5S07kL7YW56i5/ar3zWvYIv0jfmRhuigeffjGGAeK6riK/BfLPmpjjMxDslCBrWomQvK046rQBZdVekQ8JCU6opJqP5DtrSoRj0EImeQSqhEkhpg3fONX0TkylmFcgHbSHCUJCIqPu5OYUGui/jwBq8yYOm22bhSqvBig/DdbNb61YqmmrP0iiXkhQ8tXImnfFc+mYCJeeC+/XW3tlS1cKrudm2Z57UYf6cljnXI4A7iB1uVsXNRmBzJ0sg3+G0qOIJ9RNLAzGGuuQtt0ogLBZTVYXIVMUBD4WafbQL1KpiUi9dZFVKyWzIner6Ue+Gqp+fbKKXzsz2TAeou5ZzIPV3EAXBbbiVHzocemYFGwa3LX4jYjD8Lpa27WhFRS7kTbM+/srzhilozSGGxrP1I2w867A59X0CQFqB9jm9eJAecxCHpMaYe6yO0ivB1j88n5jthQC894mPlXwWLQLX8+AacF9nEyz5EiaDOrqVRCe/XEB4bA7xwUo8AF+w063iPvJzZGeqK5vVokUYsux//7KzCNjngsjOo4o4nybygBk6hdcn5qnkQoCr4wtRMfxw/xiLGFPMkCZKYBT4/sTOSPNctYVWLjdKIOv10PhatkNToDruoJnhVhW3sS8gwhZSfFbB1PoTJDWSGKHmsJyUhw4cqqfIfgONEwOEP3PLan82J+lz3UZy9qu4k4PM6QYI1PrkYVaTIgAEYdW/1i9ftj0cvQh8YEjTkgKZ3hrq3vchsKR2DjNpcgYWxqWL4WhlkCWTIWJKLNc/mlJojqOfiDbaJXcJhVJ4aaeEF3uVHFXX1IzpP96T3f9YJjJk60HQd/BsSFlBWcPbK9A1xz6Kodef6EVKtb1+84TfRdQSSKrA8JDJJhlG7n4baUsHWgUlO/UGAqOh8UqQOo0//Wd/Tnox+rDzO7SZm733wNH/4fXKFQNcqqFmXE8gnwe0kzpBDWsuvhmANjCOi0vbyNYc+68D7fWCmHJya4GrRSJbGVcjiq8kxxJgk+fhBlpn2cQgQOJ3MXopLt1ayVpCJoywC35LPfhzzLC8w8p3vbekIYqzs6Emhg2b1cQujSCAmCwvZvvgoBEVNPpxcMteGx6qxgOJeM8tMxlj5itiNjuy4ovxJfGitEqITsh676aa2v+EcM+pplosqkV9DUJ+41oIMrNuXlVAj9jvNPLRsE5pzl6+ZF13IY7Y1iApI9bMetxjrNFU3QBWg1T/hlZqT1qyyHhWEIyBBtuc3Ugli56XI+nGoPJ3HcsBbza1xcWxaRY6l5wKDsV4aa+6JpK9d36McwVmHywvia/liIXJmLwibv3MX2McWLhifgz3CheDW4mui5KcK+AYHYGs1e/N3lgtjJnr+gCDeLpFhHbcg1Mg8/CVpwDahSleE8QqFkhI6fuFR1dOYwTfUB0EAR5MyV5Ezyhq/ehujht7mmoXas1prWU2vw2AVOkD1HjFeDknLE9iVXAQJlX+bp+cbBfjzyQzF7zuZMqL6BGx/220DiIoCOM+GwPzgpSU/E2xpCNxLY9qm7/u06BXcb8rF/z7uL24l0xgF4D56cR79K5h2cn8sZd0HNIfYIk9CYQ18C1admfrY6jLt9NoLUnEfX0QeFJ59pnNtjw34uAMGbGukNtJxqKXx1PPuah5csZM+vmJzdz7wGW4VxSviuiJZMCUZshpYxqQwF6Ss+B67z/IFj/Zi35Z35TuE2YKsgob0VuKg89S+RlAPEtCK9X3a+t4uBoyfR20hMB0B63NkohE+mBRcKoU3TIlScv2bGJXYdvlAOll719uLCMEJrmBWZkuLxmE+N6H7t/a0EHkZMHvEGS6rnTbSiH9c=&u=U2FsdGVkX1+RbLJx5hwKIR490hQ5Y4fMs5Nztt9Khfg=&y=U2FsdGVkX18Hw7bRy7ekqQCOWDsMlgVJdD/BfEAKvFdV3410GXo03F3jW9jvXZIl HTTP/1.1" 200 25
186.102.63.33 - - [20/Aug/2022:10:19:59 -0500] "GET /kwssiamovil/sm/acme/a?s=U2FsdGVkX19Cft6lmoT5t+GQ02BoILxxhQEVbc0sJBdvZLiKhYcxjd2AM4mPRgLJVoZBkcdMJOBt++FNiyv7eBTNVPwvBbTrcW4ivWx1zYqAuP4XhoazWvuZQF4FbrdiLKt4k+Tn2wQqprZJ5KtkcAo502SikG7a0iz/3D+mwAs=&u=U2FsdGVkX1+RbLJx5hwKIR490hQ5Y4fMs5Nztt9Khfg=&y=U2FsdGVkX18Hw7bRy7ekqQCOWDsMlgVJdD/BfEAKvFdV3410GXo03F3jW9jvXZIl HTTP/1.1" 200 25
186.102.63.33 - - [20/Aug/2022:10:19:59 -0500] "GET /kwssiamovil/sm/acme/a?s=U2FsdGVkX18sZM4JndWH2JHLnvZRIqlObMmhDwooWGuhTTg9JBC+c7QhciPbxK743zfPX606O5fqxZRRY08wr5kBxW5JiD0Es4in8QnIHtfHq9MIIGlRPkC/NByLqjS/9XMzH6NqTxt6TwTRViTnFJyJESrqwWwVWzetpuDEIFk=&u=U2FsdGVkX1+RbLJx5hwKIR490hQ5Y4fMs5Nztt9Khfg=&y=U2FsdGVkX18Hw7bRy7ekqQCOWDsMlgVJdD/BfEAKvFdV3410GXo03F3jW9jvXZIl HTTP/1.1" 200 25
186.102.63.33 - - [20/Aug/2022:10:19:59 -0500] "GET /kwssiamovil/sm/acme/a?s=U2FsdGVkX1/mqsq5Gzpw3ZxMJ6Ib71K28KqwYWj0i/+F+Wu/oazZ2pNr5VT7f60NVzYKArO4VKyn5QqLcSnwXOX7pK0rSdiDDCYiNh5j2TvPDgWU46t4t5uf1m0Ahs+3c+Gt82Xl0/fpcuAj8YBfoGEVNyEpJkeFj/nBfWwvvfk=&u=U2FsdGVkX1+RbLJx5hwKIR490hQ5Y4fMs5Nztt9Khfg=&y=U2FsdGVkX18Hw7bRy7ekqQCOWDsMlgVJdD/BfEAKvFdV3410GXo03F3jW9jvXZIl HTTP/1.1" 200 25
186.102.63.33 - - [20/Aug/2022:10:20:00 -0500] "GET /kwssiamovil/sm/acme/a?s=U2FsdGVkX18c84UTVV0sHPI3rqM0u/oIfTzj+C7oeYUBOzH3vx2gGL4hzle4n9yu3LMiur9a8PjVbhmzIXIG18ya2v1HAL8FY69q66AoZJQGMzSbB24tD4JrUtEMi5AJOIdZnys90kquM3A0DIHw02GvkuhV9/g+kLwwIcudwVOelSyfQGQwJf7PePUzQoS2&u=U2FsdGVkX1+RbLJx5hwKIR490hQ5Y4fMs5Nztt9Khfg=&y=U2FsdGVkX18Hw7bRy7ekqQCOWDsMlgVJdD/BfEAKvFdV3410GXo03F3jW9jvXZIl HTTP/1.1" 200 25
186.102.63.33 - - [20/Aug/2022:10:20:00 -0500] "GET /kwssiamovil/sm/acme/a?s=U2FsdGVkX1+PEMSkc2TBGXZJSlSk+r0sJ7QAZ14vec/iwGsYzc2wQeUUh5zFjr2V93dJf3hcWbK4NoYOBQwMppUtcBb77HSjL/xbtNBDVNANhES34Gr8sp0E4AdsMCVWFxpON4iHNbFOm4RqeuRQSd7He9bXWpnsaPmbIjlnykuOA+lvzy9+5sBho/zJRcEWKr6QJPgLiUF/6dv0LJmCiQ==&u=U2FsdGVkX1+RbLJx5hwKIR490hQ5Y4fMs5Nztt9Khfg=&y=U2FsdGVkX18Hw7bRy7ekqQCOWDsMlgVJdD/BfEAKvFdV3410GXo03F3jW9jvXZIl HTTP/1.1" 200 25
186.102.63.33 - - [20/Aug/2022:10:20:00 -0500] "GET /kwssiamovil/sm/acme/a?s=U2FsdGVkX193Tw7VSS4pBfSTkeAMqOBll/8puKr4qz9fqE/wT3ODHZKUjYKtw712Iz0Hvm30/4/4lxWNojkG8uaOlozpMRBWC2FMdMMuAkzFmtK2COmmy4hlRH21D/ST0wqK1ciHUqy18jkb5n7dT/fXKUwzgZ9EZ9t1yBVLA24cDiCUzVE21MsDjOjGQS9w&u=U2FsdGVkX1+RbLJx5hwKIR490hQ5Y4fMs5Nztt9Khfg=&y=U2FsdGVkX18Hw7bRy7ekqQCOWDsMlgVJdD/BfEAKvFdV3410GXo03F3jW9jvXZIl HTTP/1.1" 200 25
201.245.192.253 - - [20/Aug/2022:10:19:57 -0500] "POST /kwsrmcab/Wsrmcab HTTP/1.1" 200 39886
186.102.63.33 - - [20/Aug/2022:10:20:00 -0500] "GET /kwssiamovil/sm/acme/a?s=U2FsdGVkX1/Wk3AOkoz17FKP0QyD9OAKjZ8IlOBjvYt8EsW1hIeMRzUH4ntjkkFw8SmNk0uXOcOhXTPhTlqmS+pFA64Tls4UcJSBCRlWWiQKdiOxxb6Q1FiaDsUg5LjAgbSFiGDupo+62WTAQce80qouOjChQzCLx4VKESOer+TKCI46X7InBxzux7/ub4vhiwmr9lfECvrowzsCmU5gbQ==&u=U2FsdGVkX1+RbLJx5hwKIR490hQ5Y4fMs5Nztt9Khfg=&y=U2FsdGVkX18Hw7bRy7ekqQCOWDsMlgVJdD/BfEAKvFdV3410GXo03F3jW9jvXZIl HTTP/1.1" 200 25
186.102.63.33 - - [20/Aug/2022:10:20:00 -0500] "GET /kwssiamovil/sm/acme/a?s=U2FsdGVkX1/vGonY18zpS1dySD/Hc98iZEK4hsenICTWO8hNSb3nf0fbenGXBKCsb1vj65q9juItXuZcud7rFVbXOKc5SQ9F0Azax92eafi3MJL7PNjIqipTwjEmfonoOZp0NRXMSlx7ML0OZOzNhujAsTpQ0e75SWuSqBLplTQAnT6r0eVxJVZQ50RZFM7X&u=U2FsdGVkX1+RbLJx5hwKIR490hQ5Y4fMs5Nztt9Khfg=&y=U2FsdGVkX18Hw7bRy7ekqQCOWDsMlgVJdD/BfEAKvFdV3410GXo03F3jW9jvXZIl HTTP/1.1" 200 25
186.102.63.33 - - [20/Aug/2022:10:20:01 -0500] "GET /kwssiamovil/sm/acme/a?s=U2FsdGVkX19hMeHqA9ozajZ25SId/fapdQ3+tS19JY8tHdiHc7qRpRx9LgshQpumI4DYEJ8M+4x8frrYQHu22A7N5bfyF2hf1aOcIBujrLQwPocZsS2nK6UfFgU+s9lPTO7EcM/ov9XUGUMlJiPQ5NvgLKGxbVPBxoMO37Pn7l5yuldtDunqkfGIG0aGo0/zR6y1LPpWLF1seVC0te0RIQ==&u=U2FsdGVkX1+RbLJx5hwKIR490hQ5Y4fMs5Nztt9Khfg=&y=U2FsdGVkX18Hw7bRy7ekqQCOWDsMlgVJdD/BfEAKvFdV3410GXo03F3jW9jvXZIl HTTP/1.1" 200 25
186.102.63.33 - - [20/Aug/2022:10:20:01 -0500] "GET /kwssiamovil/sm/acme/a?s=U2FsdGVkX194JY7rjzSNbWsC4crANttyX4xaSr9jaASODJKo4k9fHDgQO483fVQQllZklLFgVLTKmbD83MhSEsu2oZbUbsS6KE8iWluswBUsM0hCodPGGZJsG23Ve5gXv7wFKVFI50RU06GzszVPn5f8Tr5vwT5x5SNPPldqVu3VZyNUAPxq9xq2tb0otNtQ&u=U2FsdGVkX1+RbLJx5hwKIR490hQ5Y4fMs5Nztt9Khfg=&y=U2FsdGVkX18Hw7bRy7ekqQCOWDsMlgVJdD/BfEAKvFdV3410GXo03F3jW9jvXZIl HTTP/1.1" 200 25
201.245.192.253 - - [20/Aug/2022:10:20:02 -0500] "POST /kwsrmcab/Wsrmcab HTTP/1.1" 200 44405
172.22.2.4 - - [20/Aug/2022:10:20:11 -0500] "GET /BLA/boletinlegal/consulta_actos.php?tipo=resoluciones&no=2304&usuario=&sector=&fecha=2004&resuelve= HTTP/1.1" 200 626
172.22.2.4 - - [20/Aug/2022:10:20:18 -0500] "GET /BLA/boletinlegal/consulta_actos.php?tipo=resoluciones&no=2304&usuario=&sector=&fecha=2004&resuelve= HTTP/1.1" 200 626
172.22.2.4 - - [20/Aug/2022:10:20:29 -0500] "GET /BLA/boletinlegal/consulta_actos.php?tipo=resoluciones&no=2304&usuario=&sector=&fecha=2019&resuelve= HTTP/1.1" 200 1155
172.22.2.4 - - [20/Aug/2022:10:20:30 -0500] "GET /BLA/boletinlegal/images/pdf.gif HTTP/1.1" 200 567
186.119.108.128 - - [20/Aug/2022:10:20:32 -0500] "GET /BLA/resoluciones/RESOLUCIONES%202019/2304.pdf HTTP/1.1" 200 4328597
186.119.108.128 - - [20/Aug/2022:10:20:32 -0500] "GET /favicon.ico HTTP/1.1" 200 7782
157.55.39.98 - - [20/Aug/2022:10:21:13 -0500] "GET /BLA/resoluciones/RESOLUCIONES%202000/2000%201500-1549.tif HTTP/1.1" 200 4831289
186.154.4.220 - - [20/Aug/2022:10:21:24 -0500] "GET /inventario-de-emisiones-2020-transporte-publico-sitp-redujo-emisiones-de-pm-2-5-en-un-37.html HTTP/1.1" 200 925
216.245.221.92 - - [20/Aug/2022:10:22:00 -0500] "HEAD / HTTP/1.1" 200 -
172.22.2.4 - - [20/Aug/2022:10:20:44 -0500] "HEAD /BLA/boletinlegal/ HTTP/1.1" 200 -
172.22.2.4 - - [20/Aug/2022:10:22:46 -0500] "GET /BLA/boletinlegal/jurisprudencia/analisis/AnalisisT-095-16.docx HTTP/1.1" 200 20284
172.22.2.4 - - [20/Aug/2022:10:21:34 -0500] "GET /BLA/boletinlegal/ HTTP/1.1" 200 59819
201.245.192.253 - - [20/Aug/2022:10:24:45 -0500] "POST /kwsrmcab/Wsrmcab  HTTP/1.1" 200 46805
207.46.13.36 - - [20/Aug/2022:10:25:12 -0500] "GET /sipse/faces/javax.faces.resource/layout/layout.js;jsessionid=9fceyx+zj-+syjwcjd66+ifu.undefined?ln=primefaces&amp;v=4.0 HTTP/1.1" 200 87560
216.245.221.92 - - [20/Aug/2022:10:27:00 -0500] "HEAD / HTTP/1.1" 200 -
172.22.2.4 - - [20/Aug/2022:10:26:34 -0500] "HEAD /BLA/boletinlegal/ HTTP/1.1" 200 -
172.22.2.4 - - [20/Aug/2022:10:27:24 -0500] "GET /BLA/boletinlegal/ HTTP/1.1" 200 57366
172.22.2.4 - - [20/Aug/2022:10:29:28 -0500] "GET /BLA/boletinlegal/jurisprudencia/analisis/analisis%20C-595-2010.doc HTTP/1.1" 200 39424
201.245.192.253 - - [20/Aug/2022:10:29:44 -0500] "POST /kwsrmcab/Wsrmcab  HTTP/1.1" 200 46805
201.245.192.253 - - [20/Aug/2022:10:29:58 -0500] "POST /kwsrmcab/Wsrmcab HTTP/1.1" 200 39886
201.245.192.253 - - [20/Aug/2022:10:30:02 -0500] "POST /kwsrmcab/Wsrmcab HTTP/1.1" 200 44405
172.22.2.4 - - [20/Aug/2022:10:29:02 -0500] "GET /BLA/boletinlegal/ HTTP/1.1" 200 32715
172.22.2.4 - - [20/Aug/2022:10:30:19 -0500] "GET /BLA/boletinlegal/robots.txt HTTP/1.1" 404 1018
172.22.2.4 - - [20/Aug/2022:10:30:20 -0500] "GET /BLA/boletinlegal/sitemap.xml HTTP/1.1" 404 1018
172.22.2.4 - - [20/Aug/2022:10:30:23 -0500] "GET /BLA/boletinlegal/.well-known/security.txt HTTP/1.1" 404 1018
172.22.2.4 - - [20/Aug/2022:10:29:16 -0500] "GET /BLA/boletinlegal/ HTTP/1.1" 200 52868
172.22.2.4 - - [20/Aug/2022:10:30:57 -0500] "GET /BLA/boletinlegal/favicon.ico HTTP/1.1" 404 1308
216.245.221.92 - - [20/Aug/2022:10:32:00 -0500] "HEAD / HTTP/1.1" 200 -
185.119.81.97 - - [20/Aug/2022:10:32:25 -0500] "GET /portaldeninos/wp-login.php HTTP/1.1" 200 2592
185.119.81.97 - - [20/Aug/2022:10:32:26 -0500] "POST /portaldeninos/wp-login.php HTTP/1.1" 200 3650
3.225.159.64 - - [20/Aug/2022:10:33:47 -0500] "GET /galeria/galeria/fotos/1GuaymaralTorcaG1.jpg HTTP/1.1" 200 36592
207.46.13.11 - - [20/Aug/2022:10:34:00 -0500] "GET /BLA/resoluciones/index.php?dir=AUTOS+2022%2F HTTP/1.1" 200 208316
172.22.2.4 - - [20/Aug/2022:10:32:24 -0500] "HEAD /BLA/boletinlegal/ HTTP/1.1" 200 -
201.245.192.253 - - [20/Aug/2022:10:34:43 -0500] "POST /kwsrmcab/Wsrmcab  HTTP/1.1" 200 46805
172.22.2.4 - - [20/Aug/2022:10:33:14 -0500] "GET /BLA/boletinlegal/ HTTP/1.1" 200 58154
188.0.131.200 - - [20/Aug/2022:10:35:06 -0500] "GET / HTTP/1.1" 200 319
216.245.221.92 - - [20/Aug/2022:10:37:00 -0500] "HEAD / HTTP/1.1" 200 -
181.61.205.151 - - [20/Aug/2022:10:37:49 -0500] "-" 408 -
207.46.13.115 - - [20/Aug/2022:10:36:26 -0500] "GET /BLA/boletinlegal/index.php HTTP/1.1" 200 62763
172.22.2.4 - - [20/Aug/2022:10:38:52 -0500] "GET /BLA/boletinlegal/Circulares/2019/Circular%20No.%200015%20del%2003%20de%20Octubre%20de%202019.pdf HTTP/1.1" 200 165608
172.22.2.4 - - [20/Aug/2022:10:38:52 -0500] "GET /BLA/boletinlegal/favicon.ico HTTP/1.1" 404 1498
207.46.13.115 - - [20/Aug/2022:10:39:17 -0500] "GET /BLA/resoluciones/AUTOS%202021/2173.pdf HTTP/1.1" 304 -
201.245.192.253 - - [20/Aug/2022:10:39:42 -0500] "POST /kwsrmcab/Wsrmcab  HTTP/1.1" 200 46805
172.22.2.4 - - [20/Aug/2022:10:38:14 -0500] "HEAD /BLA/boletinlegal/ HTTP/1.1" 200 -
201.245.192.253 - - [20/Aug/2022:10:39:58 -0500] "POST /kwsrmcab/Wsrmcab HTTP/1.1" 200 39886
201.245.192.253 - - [20/Aug/2022:10:40:02 -0500] "GET /kwsrmcab/Wsrmcab?wsdl HTTP/1.1" 200 6948
201.245.192.253 - - [20/Aug/2022:10:40:02 -0500] "POST /kwsrmcab/Wsrmcab HTTP/1.1" 200 44405
172.22.2.4 - - [20/Aug/2022:10:39:04 -0500] "GET /BLA/boletinlegal/ HTTP/1.1" 200 60272
172.22.2.4 - - [20/Aug/2022:10:41:19 -0500] "GET /BLA/boletinlegal/style.css HTTP/1.1" 200 9406
172.22.2.4 - - [20/Aug/2022:10:41:19 -0500] "GET /BLA/boletinlegal/styles2.css HTTP/1.1" 200 1838
172.22.2.4 - - [20/Aug/2022:10:41:19 -0500] "GET /BLA/boletinlegal/js/jquery.js HTTP/1.1" 200 57254
172.22.2.4 - - [20/Aug/2022:10:41:19 -0500] "GET /BLA/boletinlegal/js/jquery.scrollTo-min.js HTTP/1.1" 200 1150
172.22.2.4 - - [20/Aug/2022:10:41:19 -0500] "GET /BLA/boletinlegal/js/jquery.scrollShow.js HTTP/1.1" 200 4586
172.22.2.4 - - [20/Aug/2022:10:41:20 -0500] "GET /BLA/boletinlegal/images/cabezote%20BLEGAL.jpg HTTP/1.1" 200 118164
172.22.2.4 - - [20/Aug/2022:10:41:20 -0500] "GET /BLA/boletinlegal/images/arr_l.jpg HTTP/1.1" 200 1979
172.22.2.4 - - [20/Aug/2022:10:41:20 -0500] "GET /BLA/boletinlegal/images/subscribe-icon-big.png HTTP/1.1" 200 47702
172.22.2.4 - - [20/Aug/2022:10:41:20 -0500] "GET /BLA/boletinlegal/images/registro-usuarios.png HTTP/1.1" 200 8106
172.22.2.4 - - [20/Aug/2022:10:41:20 -0500] "GET /BLA/boletinlegal/images/historia.png HTTP/1.1" 200 52775
172.22.2.4 - - [20/Aug/2022:10:41:21 -0500] "GET /BLA/boletinlegal/images/menu_lft.gif HTTP/1.1" 200 1713
172.22.2.4 - - [20/Aug/2022:10:41:21 -0500] "GET /BLA/boletinlegal/images/body_bg.jpg HTTP/1.1" 200 1601
172.22.2.4 - - [20/Aug/2022:10:41:21 -0500] "GET /BLA/boletinlegal/images/menu_rght.gif HTTP/1.1" 200 1627
172.22.2.4 - - [20/Aug/2022:10:41:21 -0500] "GET /BLA/boletinlegal/images/bg_top.jpg HTTP/1.1" 200 522
172.22.2.4 - - [20/Aug/2022:10:41:22 -0500] "GET /BLA/boletinlegal/images/menu_bg.jpg HTTP/1.1" 200 620
172.22.2.4 - - [20/Aug/2022:10:41:22 -0500] "GET /BLA/boletinlegal/images/text.jpg HTTP/1.1" 200 568
172.22.2.4 - - [20/Aug/2022:10:41:22 -0500] "GET /BLA/boletinlegal/images/launch.jpg HTTP/1.1" 200 14577
172.22.2.4 - - [20/Aug/2022:10:41:23 -0500] "GET /BLA/boletinlegal/images/hover.jpg HTTP/1.1" 200 640
172.22.2.4 - - [20/Aug/2022:10:41:23 -0500] "GET /BLA/boletinlegal/images/screen_1.png HTTP/1.1" 200 202547
172.22.2.4 - - [20/Aug/2022:10:41:26 -0500] "GET /BLA/boletinlegal/images/screen_2.png HTTP/1.1" 200 362502
172.22.2.4 - - [20/Aug/2022:10:41:28 -0500] "GET /BLA/boletinlegal/images/screen_5.png HTTP/1.1" 200 368876
172.22.2.4 - - [20/Aug/2022:10:41:29 -0500] "GET /BLA/boletinlegal/images/arr_r.jpg HTTP/1.1" 200 1998
172.22.2.4 - - [20/Aug/2022:10:41:29 -0500] "GET /BLA/boletinlegal/images/footer_bg.jpg HTTP/1.1" 200 586
172.22.2.4 - - [20/Aug/2022:10:41:30 -0500] "GET /BLA/boletinlegal/images/screen_3.png HTTP/1.1" 200 210620
172.22.2.4 - - [20/Aug/2022:10:41:18 -0500] "GET /BLA/boletinlegal/ HTTP/1.1" 200 32715
216.245.221.92 - - [20/Aug/2022:10:42:00 -0500] "HEAD / HTTP/1.1" 200 -
172.22.2.4 - - [20/Aug/2022:10:43:27 -0500] "GET /BLA/boletinlegal/actos.php HTTP/1.1" 200 9559
172.22.2.4 - - [20/Aug/2022:10:43:27 -0500] "GET /BLA/boletinlegal/favicon.ico HTTP/1.1" 404 1326
186.99.154.108 - - [20/Aug/2022:10:43:29 -0500] "GET /BLA/resoluciones/ HTTP/1.1" 200 13093
186.99.154.108 - - [20/Aug/2022:10:43:31 -0500] "GET /BLA/resoluciones/index.php?dir=AUTOS+2012%2F HTTP/1.1" 200 273218
172.22.2.4 - - [20/Aug/2022:10:43:24 -0500] "GET /BLA/boletinlegal/ HTTP/1.1" 200 24523
114.119.133.249 - - [20/Aug/2022:10:44:16 -0500] "-" 408 -
143.92.32.170 - - [20/Aug/2022:10:44:37 -0500] "GET / HTTP/1.1" 200 319
201.245.192.253 - - [20/Aug/2022:10:44:41 -0500] "POST /kwsrmcab/Wsrmcab  HTTP/1.1" 200 46805
172.22.2.4 - - [20/Aug/2022:10:44:04 -0500] "HEAD /BLA/boletinlegal/ HTTP/1.1" 200 -
172.22.2.4 - - [20/Aug/2022:10:44:54 -0500] "GET /BLA/boletinlegal/ HTTP/1.1" 200 59819
216.245.221.92 - - [20/Aug/2022:10:47:00 -0500] "HEAD / HTTP/1.1" 200 -
201.245.192.253 - - [20/Aug/2022:10:49:40 -0500] "POST /kwsrmcab/Wsrmcab  HTTP/1.1" 200 46805
172.22.2.4 - - [20/Aug/2022:10:49:54 -0500] "HEAD /BLA/boletinlegal/ HTTP/1.1" 200 -
216.245.221.92 - - [20/Aug/2022:10:52:00 -0500] "HEAD / HTTP/1.1" 200 -
172.22.2.4 - - [20/Aug/2022:10:50:44 -0500] "GET /BLA/boletinlegal/ HTTP/1.1" 200 57366
172.22.2.4 - - [20/Aug/2022:10:52:26 -0500] "GET /BLA/boletinlegal/ HTTP/1.1" 200 61436
23.251.102.74 - - [20/Aug/2022:10:54:10 -0500] "GET / HTTP/1.1" 200 319
201.245.192.253 - - [20/Aug/2022:10:54:39 -0500] "POST /kwsrmcab/Wsrmcab  HTTP/1.1" 200 46805
216.245.221.92 - - [20/Aug/2022:10:57:00 -0500] "HEAD / HTTP/1.1" 200 -
172.22.2.4 - - [20/Aug/2022:10:55:44 -0500] "HEAD /BLA/boletinlegal/ HTTP/1.1" 200 -
172.22.2.4 - - [20/Aug/2022:10:56:34 -0500] "GET /BLA/boletinlegal/ HTTP/1.1" 200 60272
201.245.192.253 - - [20/Aug/2022:10:59:38 -0500] "POST /kwsrmcab/Wsrmcab  HTTP/1.1" 200 46805
172.22.2.4 - - [20/Aug/2022:11:00:44 -0500] "GET /BLA/boletinlegal/normativa.php HTTP/1.1" 200 8326
216.245.221.92 - - [20/Aug/2022:11:02:00 -0500] "HEAD / HTTP/1.1" 200 -
172.22.2.4 - - [20/Aug/2022:11:01:34 -0500] "HEAD /BLA/boletinlegal/ HTTP/1.1" 200 -
207.46.13.11 - - [20/Aug/2022:11:03:42 -0500] "GET /BLA/resoluciones/RESOLUCIONES%202000/2000%20300-349.tif HTTP/1.1" 200 3930622
186.84.89.42 - - [20/Aug/2022:11:04:00 -0500] "GET /tras-primer-ano-de-la-firma-del-pacto-por-altos-de-la-estancia-se-han-plantado-7000-arboles-en-ciudad-bolivar.html HTTP/1.1" 200 930
172.22.2.4 - - [20/Aug/2022:11:02:24 -0500] "GET /BLA/boletinlegal/ HTTP/1.1" 200 59819
186.31.82.83 - - [20/Aug/2022:11:04:05 -0500] "GET /catalogoisis/ HTTP/1.1" 200 8575
186.31.82.83 - - [20/Aug/2022:11:04:06 -0500] "GET /catalogoisis/Js/AceptarLimpiar.js HTTP/1.1" 200 331
186.31.82.83 - - [20/Aug/2022:11:04:06 -0500] "GET /catalogoisis/Css/Busqueda.css HTTP/1.1" 200 1995
186.31.82.83 - - [20/Aug/2022:11:04:06 -0500] "GET /catalogoisis/Js/Cookies.js HTTP/1.1" 200 1369
186.31.82.83 - - [20/Aug/2022:11:04:06 -0500] "GET /catalogoisis/Js/CriterioCombinada.js HTTP/1.1" 200 1843
186.31.82.83 - - [20/Aug/2022:11:04:06 -0500] "GET /catalogoisis/Js/LimpiarCombinada.js HTTP/1.1" 200 207
186.31.82.83 - - [20/Aug/2022:11:04:06 -0500] "GET /catalogoisis/Js/Remote.js HTTP/1.1" 200 436
186.31.82.83 - - [20/Aug/2022:11:04:06 -0500] "GET /catalogoisis/Js/Go.js HTTP/1.1" 200 364
186.31.82.83 - - [20/Aug/2022:11:04:06 -0500] "GET /catalogoisis/Js/Enter.js HTTP/1.1" 200 1208
186.31.82.83 - - [20/Aug/2022:11:04:06 -0500] "GET /catalogoisis/Js/Numero.js HTTP/1.1" 200 398
186.31.82.83 - - [20/Aug/2022:11:04:06 -0500] "GET /catalogoisis/imagenes/br1c3.gif HTTP/1.1" 200 302
186.31.82.83 - - [20/Aug/2022:11:04:06 -0500] "GET /catalogoisis/imagenes/br1c1.gif HTTP/1.1" 200 172
186.31.82.83 - - [20/Aug/2022:11:04:06 -0500] "GET /catalogoisis/imagenes/Header.gif HTTP/1.1" 200 30313
186.31.82.83 - - [20/Aug/2022:11:04:06 -0500] "GET /catalogoisis/imagenes/Turnbo1.gif HTTP/1.1" 200 227
186.31.82.83 - - [20/Aug/2022:11:04:06 -0500] "GET /catalogoisis/imagenes/limpiar1.gif HTTP/1.1" 200 606
186.31.82.83 - - [20/Aug/2022:11:04:06 -0500] "GET /catalogoisis/imagenes/aceptar1.gif HTTP/1.1" 200 604
186.31.82.83 - - [20/Aug/2022:11:04:06 -0500] "GET /catalogoisis/imagenes/br1c2.gif HTTP/1.1" 200 297
186.31.82.83 - - [20/Aug/2022:11:04:06 -0500] "GET /catalogoisis/imagenes/br2c3.gif HTTP/1.1" 200 416
186.31.82.83 - - [20/Aug/2022:11:04:06 -0500] "GET /catalogoisis/imagenes/br2c2.gif HTTP/1.1" 200 302
186.31.82.83 - - [20/Aug/2022:11:04:06 -0500] "GET /catalogoisis/imagenes/br3c2.gif HTTP/1.1" 200 285
186.31.82.83 - - [20/Aug/2022:11:04:06 -0500] "GET /catalogoisis/imagenes/br3c1.gif HTTP/1.1" 200 177
186.31.82.83 - - [20/Aug/2022:11:04:06 -0500] "GET /catalogoisis/imagenes/br2c1.gif HTTP/1.1" 200 297
186.31.82.83 - - [20/Aug/2022:11:04:06 -0500] "GET /catalogoisis/imagenes/br3c3.gif HTTP/1.1" 200 186
186.31.82.83 - - [20/Aug/2022:11:04:07 -0500] "GET /favicon.ico HTTP/1.1" 200 7782
201.245.192.253 - - [20/Aug/2022:11:04:37 -0500] "POST /kwsrmcab/Wsrmcab  HTTP/1.1" 200 46805
186.31.82.83 - - [20/Aug/2022:11:04:43 -0500] "GET /catalogoisis/Diccionario.php?i=0&form=0&element=2&prefix=au-&first=yes HTTP/1.1" 200 4197
186.31.82.83 - - [20/Aug/2022:11:04:43 -0500] "GET /catalogoisis/Css/Diccionario.css HTTP/1.1" 200 1478
186.31.82.83 - - [20/Aug/2022:11:04:43 -0500] "GET /catalogoisis/Js/CriterioDiccionario.js HTTP/1.1" 200 608
186.31.82.83 - - [20/Aug/2022:11:04:43 -0500] "GET /catalogoisis/Js/Diccionario.js HTTP/1.1" 200 999
186.31.82.83 - - [20/Aug/2022:11:04:43 -0500] "GET /catalogoisis/Js/LimpiarDiccionario.js HTTP/1.1" 200 98
186.31.82.83 - - [20/Aug/2022:11:04:54 -0500] "GET /catalogoisis/imagenes/limpiar2.gif HTTP/1.1" 200 589
172.22.2.4 - - [20/Aug/2022:11:05:15 -0500] "GET /BLA/boletinlegal/jurisprudencia/analisis/analisis%20C-595-2010.doc HTTP/1.1" 200 39424
157.55.39.98 - - [20/Aug/2022:11:06:57 -0500] "GET /BLA/resoluciones/RESOLUCIONES%202000/2000%202750-2799.tif HTTP/1.1" 200 3331582
216.245.221.92 - - [20/Aug/2022:11:07:00 -0500] "HEAD / HTTP/1.1" 200 -
172.22.2.4 - - [20/Aug/2022:11:07:24 -0500] "HEAD /BLA/boletinlegal/ HTTP/1.1" 200 -
201.245.192.253 - - [20/Aug/2022:11:09:36 -0500] "POST /kwsrmcab/Wsrmcab  HTTP/1.1" 200 46805
172.22.2.4 - - [20/Aug/2022:11:08:14 -0500] "GET /BLA/boletinlegal/ HTTP/1.1" 200 59819
94.102.61.10 - - [20/Aug/2022:11:11:32 -0500] "GET /portaldeninos/ HTTP/1.1" 200 81920
216.245.221.92 - - [20/Aug/2022:11:12:00 -0500] "HEAD / HTTP/1.1" 200 -
172.22.2.4 - - [20/Aug/2022:11:12:32 -0500] "POST /BLA/boletinlegal/vendor/phpunit/phpunit/src/Util/PHP/eval-stdin.php HTTP/1.1" 404 1018
172.22.2.4 - - [20/Aug/2022:11:13:55 -0500] "GET /BLA/boletinlegal/actos.php/js/lib.js HTTP/1.1" 200 9559
201.245.192.253 - - [20/Aug/2022:11:14:35 -0500] "POST /kwsrmcab/Wsrmcab  HTTP/1.1" 200 46805
172.22.2.4 - - [20/Aug/2022:11:13:14 -0500] "HEAD /BLA/boletinlegal/ HTTP/1.1" 200 -
192.129.253.42 - - [20/Aug/2022:11:15:29 -0500] "-" 408 -
172.22.2.4 - - [20/Aug/2022:11:14:04 -0500] "GET /BLA/boletinlegal/ HTTP/1.1" 200 55620
216.245.221.92 - - [20/Aug/2022:11:17:00 -0500] "HEAD / HTTP/1.1" 200 -
201.245.192.253 - - [20/Aug/2022:11:19:34 -0500] "POST /kwsrmcab/Wsrmcab  HTTP/1.1" 200 46805
201.245.192.253 - - [20/Aug/2022:11:19:57 -0500] "POST /kwsrmcab/Wsrmcab HTTP/1.1" 200 39818
201.245.192.253 - - [20/Aug/2022:11:20:02 -0500] "POST /kwsrmcab/Wsrmcab HTTP/1.1" 200 44565
172.22.2.4 - - [20/Aug/2022:11:19:04 -0500] "HEAD /BLA/boletinlegal/ HTTP/1.1" 200 -
172.22.2.4 - - [20/Aug/2022:11:19:54 -0500] "GET /BLA/boletinlegal/ HTTP/1.1" 200 59819
216.245.221.92 - - [20/Aug/2022:11:22:00 -0500] "HEAD / HTTP/1.1" 200 -
157.55.39.98 - - [20/Aug/2022:11:23:20 -0500] "GET /BLA/resoluciones/RESOLUCIONES%202018/4259.pdf HTTP/1.1" 304 -
201.245.192.253 - - [20/Aug/2022:11:24:33 -0500] "POST /kwsrmcab/Wsrmcab  HTTP/1.1" 200 46805
191.156.188.159 - - [20/Aug/2022:11:26:32 -0500] "GET /la-secretaria-de-ambiente-celebrara-el-mes-del-espacio-publico-con-una-gran-jornada-de-%C3%82%C2%A8reciclaton%C3%82%C2%A8-residencial.html HTTP/1.1" 206 890
172.22.2.4 - - [20/Aug/2022:11:24:54 -0500] "HEAD /BLA/boletinlegal/ HTTP/1.1" 200 -
216.245.221.92 - - [20/Aug/2022:11:27:00 -0500] "HEAD / HTTP/1.1" 200 -
172.22.2.4 - - [20/Aug/2022:11:25:44 -0500] "GET /BLA/boletinlegal/ HTTP/1.1" 200 58154
172.22.2.4 - - [20/Aug/2022:11:27:06 -0500] "GET /BLA/boletinlegal/ HTTP/1.1" 200 36811
172.22.2.4 - - [20/Aug/2022:11:28:04 -0500] "GET /BLA/boletinlegal/Circulares/2019/Circular%20No.%200003%20del%2031%20de%20Enero%20de%202019.pdf HTTP/1.1" 200 164676
201.245.192.253 - - [20/Aug/2022:11:29:32 -0500] "POST /kwsrmcab/Wsrmcab  HTTP/1.1" 200 46805
172.22.2.4 - - [20/Aug/2022:11:29:49 -0500] "GET /BLA/boletinlegal/styles2.css HTTP/1.1" 200 1838
172.22.2.4 - - [20/Aug/2022:11:29:49 -0500] "GET /BLA/boletinlegal/style.css HTTP/1.1" 200 9406
172.22.2.4 - - [20/Aug/2022:11:29:49 -0500] "GET /BLA/boletinlegal/js/jquery.scrollTo-min.js HTTP/1.1" 200 1150
172.22.2.4 - - [20/Aug/2022:11:29:49 -0500] "GET /BLA/boletinlegal/js/jquery.js HTTP/1.1" 200 57254
172.22.2.4 - - [20/Aug/2022:11:29:49 -0500] "GET /BLA/boletinlegal/js/jquery.scrollShow.js HTTP/1.1" 200 4586
172.22.2.4 - - [20/Aug/2022:11:29:49 -0500] "GET /BLA/boletinlegal/images/subscribe-icon-big.png HTTP/1.1" 200 47702
172.22.2.4 - - [20/Aug/2022:11:29:49 -0500] "GET /BLA/boletinlegal/images/historia.png HTTP/1.1" 200 52775
172.22.2.4 - - [20/Aug/2022:11:29:49 -0500] "GET /BLA/boletinlegal/images/cabezote%20BLEGAL.jpg HTTP/1.1" 200 118164
172.22.2.4 - - [20/Aug/2022:11:29:49 -0500] "GET /BLA/boletinlegal/images/registro-usuarios.png HTTP/1.1" 200 8106
172.22.2.4 - - [20/Aug/2022:11:29:49 -0500] "GET /BLA/boletinlegal/images/arr_l.jpg HTTP/1.1" 200 1979
172.22.2.4 - - [20/Aug/2022:11:29:49 -0500] "GET /BLA/boletinlegal/images/screen_1.png HTTP/1.1" 200 202547
172.22.2.4 - - [20/Aug/2022:11:29:49 -0500] "GET /BLA/boletinlegal/images/launch.jpg HTTP/1.1" 200 14577
172.22.2.4 - - [20/Aug/2022:11:29:50 -0500] "GET /BLA/boletinlegal/images/body_bg.jpg HTTP/1.1" 200 1601
172.22.2.4 - - [20/Aug/2022:11:29:50 -0500] "GET /BLA/boletinlegal/images/menu_lft.gif HTTP/1.1" 200 1713
172.22.2.4 - - [20/Aug/2022:11:29:50 -0500] "GET /BLA/boletinlegal/images/menu_bg.jpg HTTP/1.1" 200 620
172.22.2.4 - - [20/Aug/2022:11:29:50 -0500] "GET /BLA/boletinlegal/images/bg_top.jpg HTTP/1.1" 200 522
172.22.2.4 - - [20/Aug/2022:11:29:50 -0500] "GET /BLA/boletinlegal/images/hover.jpg HTTP/1.1" 200 640
172.22.2.4 - - [20/Aug/2022:11:29:50 -0500] "GET /BLA/boletinlegal/images/menu_rght.gif HTTP/1.1" 200 1627
172.22.2.4 - - [20/Aug/2022:11:29:50 -0500] "GET /BLA/boletinlegal/images/text.jpg HTTP/1.1" 200 568
172.22.2.4 - - [20/Aug/2022:11:29:53 -0500] "GET /BLA/boletinlegal/actos.php HTTP/1.1" 200 9559
172.22.2.4 - - [20/Aug/2022:11:29:53 -0500] "GET /BLA/boletinlegal/js/ajax_actos.js HTTP/1.1" 200 1322
172.22.2.4 - - [20/Aug/2022:11:29:53 -0500] "GET /BLA/boletinlegal/niceforms.js HTTP/1.1" 200 22876
172.22.2.4 - - [20/Aug/2022:11:29:53 -0500] "GET /BLA/boletinlegal/niceforms-default.css HTTP/1.1" 200 6694
172.22.2.4 - - [20/Aug/2022:11:29:53 -0500] "GET /BLA/boletinlegal/js/popup.js HTTP/1.1" 200 1270
172.22.2.4 - - [20/Aug/2022:11:29:53 -0500] "GET /BLA/boletinlegal/js/lib.js HTTP/1.1" 200 6474
172.22.2.4 - - [20/Aug/2022:11:29:53 -0500] "GET /BLA/boletinlegal/js/jquery1.js HTTP/1.1" 200 29846
172.22.2.4 - - [20/Aug/2022:11:29:53 -0500] "GET /BLA/boletinlegal/images/green-yellow-blue-pink-th.png HTTP/1.1" 200 7394
172.22.2.4 - - [20/Aug/2022:11:29:53 -0500] "GET /BLA/boletinlegal/images/icono-email.png HTTP/1.1" 200 5544
172.22.2.4 - - [20/Aug/2022:11:29:53 -0500] "GET /BLA/boletinlegal/images/abajo.png HTTP/1.1" 200 96676
172.22.2.4 - - [20/Aug/2022:11:29:53 -0500] "GET /BLA/boletinlegal/images/footer_bg.jpg HTTP/1.1" 200 586
172.22.2.4 - - [20/Aug/2022:11:29:53 -0500] "GET /BLA/boletinlegal/images/tel.png HTTP/1.1" 200 14477
172.22.2.4 - - [20/Aug/2022:11:29:53 -0500] "GET /BLA/boletinlegal/images/footer_bg_l.jpg HTTP/1.1" 200 776
172.22.2.4 - - [20/Aug/2022:11:29:54 -0500] "GET /BLA/boletinlegal/img/button-left.png HTTP/1.1" 200 57071
172.22.2.4 - - [20/Aug/2022:11:29:54 -0500] "GET /BLA/boletinlegal/img/select-left.png HTTP/1.1" 200 263
172.22.2.4 - - [20/Aug/2022:11:29:54 -0500] "GET /BLA/boletinlegal/img/select-right.png HTTP/1.1" 200 44019
172.22.2.4 - - [20/Aug/2022:11:29:54 -0500] "GET /BLA/boletinlegal/img/button.png HTTP/1.1" 200 43241
172.22.2.4 - - [20/Aug/2022:11:29:54 -0500] "GET /BLA/boletinlegal/img/0.png HTTP/1.1" 200 110
172.22.2.4 - - [20/Aug/2022:11:29:54 -0500] "GET /BLA/boletinlegal/img/button-right.png HTTP/1.1" 200 57878
172.22.2.4 - - [20/Aug/2022:11:29:54 -0500] "GET /BLA/boletinlegal/favicon.ico HTTP/1.1" 404 1326
172.22.2.4 - - [20/Aug/2022:11:29:56 -0500] "GET /BLA/boletinlegal/images/screen_2.png HTTP/1.1" 200 362502
172.22.2.4 - - [20/Aug/2022:11:29:56 -0500] "GET /BLA/boletinlegal/images/arr_r.jpg HTTP/1.1" 200 1998
172.22.2.4 - - [20/Aug/2022:11:29:56 -0500] "GET /BLA/boletinlegal/images/screen_3.png HTTP/1.1" 200 210620
172.22.2.4 - - [20/Aug/2022:11:29:56 -0500] "GET /BLA/boletinlegal/images/screen_5.png HTTP/1.1" 200 368876
186.155.18.35 - - [20/Aug/2022:11:29:57 -0500] "GET /BLA/resoluciones/ HTTP/1.1" 200 13093
186.155.18.35 - - [20/Aug/2022:11:29:57 -0500] "GET /BLA/resoluciones/dlf/folder.png HTTP/1.1" 200 410
186.155.18.35 - - [20/Aug/2022:11:29:57 -0500] "GET /BLA/resoluciones/dlf/styles.css HTTP/1.1" 200 3049
186.155.18.35 - - [20/Aug/2022:11:29:57 -0500] "GET /BLA/resoluciones/dlf/bg.gif HTTP/1.1" 200 54
186.155.18.35 - - [20/Aug/2022:11:30:00 -0500] "GET /BLA/resoluciones/dlf/dirup.png HTTP/1.1" 200 644
186.155.18.35 - - [20/Aug/2022:11:30:00 -0500] "GET /BLA/resoluciones/dlf/pdf.gif HTTP/1.1" 200 272
186.155.18.35 - - [20/Aug/2022:11:30:00 -0500] "GET /BLA/resoluciones/index.php?dir=RESOLUCIONES+2018%2F HTTP/1.1" 200 270246
201.245.192.253 - - [20/Aug/2022:11:29:58 -0500] "POST /kwsrmcab/Wsrmcab HTTP/1.1" 200 39818
172.22.2.4 - - [20/Aug/2022:11:30:04 -0500] "GET /BLA/boletinlegal/images/pdf.gif HTTP/1.1" 200 567
201.245.192.253 - - [20/Aug/2022:11:30:02 -0500] "POST /kwsrmcab/Wsrmcab HTTP/1.1" 200 44565
172.22.2.4 - - [20/Aug/2022:11:29:48 -0500] "GET /BLA/boletinlegal/ HTTP/1.1" 200 58566
216.245.221.92 - - [20/Aug/2022:11:31:59 -0500] "HEAD / HTTP/1.1" 200 -
66.249.65.20 - - [20/Aug/2022:11:32:21 -0500] "-" 408 -
172.22.2.4 - - [20/Aug/2022:11:30:44 -0500] "HEAD /BLA/boletinlegal/ HTTP/1.1" 200 -
172.22.2.4 - - [20/Aug/2022:11:31:34 -0500] "GET /BLA/boletinlegal/ HTTP/1.1" 200 56723
186.154.4.220 - - [20/Aug/2022:11:34:08 -0500] "-" 408 -
201.245.192.253 - - [20/Aug/2022:11:34:31 -0500] "POST /kwsrmcab/Wsrmcab  HTTP/1.1" 200 46805
172.22.2.4 - - [20/Aug/2022:11:34:39 -0500] "GET /BLA/boletinlegal/vendor/phpunit/phpunit/src/Util/PHP/eval-stdin.php HTTP/1.1" 404 1018
173.252.127.14 - - [20/Aug/2022:11:34:42 -0500] "GET /images/reunion-planta-termovalorizacion-11-mayo.jpg HTTP/1.1" 200 34782
216.245.221.92 - - [20/Aug/2022:11:37:00 -0500] "HEAD / HTTP/1.1" 200 -
172.22.2.4 - - [20/Aug/2022:11:36:34 -0500] "HEAD /BLA/boletinlegal/ HTTP/1.1" 200 -
34.141.219.176 - - [20/Aug/2022:11:38:25 -0500] "GET / HTTP/1.1" 200 319
34.141.219.176 - - [20/Aug/2022:11:38:25 -0500] "GET / HTTP/1.1" 200 4720
172.22.2.4 - - [20/Aug/2022:11:37:24 -0500] "GET /BLA/boletinlegal/ HTTP/1.1" 200 53281
201.245.192.253 - - [20/Aug/2022:11:39:30 -0500] "POST /kwsrmcab/Wsrmcab  HTTP/1.1" 200 46805
201.245.192.253 - - [20/Aug/2022:11:39:58 -0500] "POST /kwsrmcab/Wsrmcab HTTP/1.1" 200 39818
201.245.192.253 - - [20/Aug/2022:11:40:02 -0500] "POST /kwsrmcab/Wsrmcab HTTP/1.1" 200 44565
186.102.56.236 - - [20/Aug/2022:11:40:37 -0500] "GET /kwssiamovil/sm/ldap/au?x=U2FsdGVkX19ilYtDRbjP2AdulLnGFud8E7gyn008hYYJVYHmXUTB0ef/enMH8sGU&y=U2FsdGVkX18HOJQcwEzvuaOEs2hbJplfJlytohzQ2h2OflbrtiuhExHcJMYYTpW1 HTTP/1.1" 200 30
186.102.56.236 - - [20/Aug/2022:11:40:37 -0500] "GET /kwssiamovil/sm/acme/s?s=U2FsdGVkX19efaF41AosoFd5pt21YVeVThDPE88Tru1c6RJFVd6iAOyEXm2eAvd1uyZ/hqDeIvxfeQdoz60rbmAxdQZsBrqPx57zHbUdVxw=&u=U2FsdGVkX19mWlQmJtqH5ghQA+a0hE1VtkLM8ctVYQ4=&y=U2FsdGVkX18HOJQcwEzvuaOEs2hbJplfJlytohzQ2h2OflbrtiuhExHcJMYYTpW1 HTTP/1.1" 200 97
186.102.56.236 - - [20/Aug/2022:11:40:37 -0500] "GET /kwssiamovil/sm/acme/s?s=U2FsdGVkX184ONQP5pIFwyvLd7SCVUSnAZbXPFB/HQ31QQQ4MR78LooJgpIWRfhpnrSIWv/seO+uu8vo9KchJyees4K96WClkg0Y2r160GXjTvN7pyQTHP1XOX+VEfXZepEOZrzxd8H0692WaUqlmsxxGkkiaqS043fl059UQ8vE7pzbZYlc+OVN4TXiqrQZySet8KV2LJ4MTJQi28j7Ni/Fr+dlGpQO9uKV68+Bp03R3IOJlwbuVhZoiqOYmZKcDyTyqe01nuH9XKIKTbMXpAHpt4w2i6X20tJxAzvPvUeMyBUIANCTm7qBfubaZcqhSfB8UONLGXqAW77GDmpvYJjTCZP1Wf9HTXMoaG6oJQaFHX/jUb8QJlr0t8KZrVB5XoSTKmWc1Q9aAkqBlvCQWb4y5JyvtBH1sRYlNbUt6+1Okys/K2Jz59ReocqGP81Dt3t2GaX7TAA3H+mkuELTfmYk+4CQzhZ1M6aNwOBO8f2HmLu+hl5FK4yeCt2s2MaVV7bfD0L1P+P3IwAQKMnYGFu/hbQKGmFJz8GQO6eJB0gJavcVaBLlqdRxXUSpdrTYJXu6g2KsXojy+QgvHmSePTBHNWFIf5Omc7BaVeAXFPdjoMPQNlYIT+Ys16sz/cu7ytdX2vSRK12tdzQ75pKLFTn2VarR66KRnLKZVK6lcZPPbYdqhldWNUAdud5S03wyvZIK3eiAg/OqXiP/sWmIhOPOA2eojJn1hVR+QEIv4j9Fmng5cQteye5Pu20Ohg2gkUtqk3nyoCYLljdr6sc4YckrbcIVZvcN8SHUwvFpnUGBxEE716mn0s/tcoB0V7DGQmFzfjW0T6q+BqyHsIvLGhP1MGQx5kXnLh/jnK8g5LTNfZ+MqR8X0KACGtMrPx8KPIXkEKamLwmUFkIxMzhnpFZmuvz3Od9ICVp8wBViamjyNm8SdC+jb4eunObMKTTMLPlf7WYlUfG3rZaIBly7OImxUnpchnAWkHZ824OS9QCdm1rKjRIsCSgt1VPfIbwawzjYpfU/eBD+G5wlWpfRPfune/M8++HEN4TRIN6vCpcfM6r/z5/P7CoiAoB+fjsXuUtAYahitdnKthLc+TnBxlZbDn/u4AK9BH5hP1gFWsituWC+ER5nVfrDJF8RXCg4EuRPIeNkRojgujsWpWk9RWX29eofQLhiV1QvA66GZroc6KCPTM4iqMS0/oHXVI/hgwAZ5JBVq9DFC0dUwsgxIefK79KWg8Url6xs+3IXdhkVo8BvEoKU9qBiZagNwEy6XSaXRqPOePKGob5MjwkTKMMtR2kda4TRXoaQm5YjLpvzlU3QKKEupu7LI+fvMxb8WlygoHbtAZ6qkldFkGqHayrCln2rFLG8gNVxjwnLyIU=&u=U2FsdGVkX19mWlQmJtqH5ghQA+a0hE1VtkLM8ctVYQ4=&y=U2FsdGVkX18HOJQcwEzvuaOEs2hbJplfJlytohzQ2h2OflbrtiuhExHcJMYYTpW1 HTTP/1.1" 200 2315
186.102.56.236 - - [20/Aug/2022:11:40:37 -0500] "GET /kwssiamovil/sm/acme/s?s=U2FsdGVkX19moSre6fevRPovPHYNkfNa4DMj0JhUsgnUi7ALajsC97aC0wGe5MvB/l3Dj3UM+XUVtOBFfY7psMXBYUWS5m7kRe7YeKsvKdoRC0bmQ+YJ8X+uqwZ70WUNSn1Wz354iL9DP0N9QLCk6VFqyRk40d+tn0Ag33S4a43ZXOOcmZBozf2nYsrUuOW/7YiJ4PFM2+Xz+SBYKIMDpQWMHIV7XjvMGOBS3hsTbVD0jKd4NrmMm7g01gy7ozn+SplX8zlovo0eFeGkOBmic220mo/C2WrZpFbYz36GzfM=&u=U2FsdGVkX19mWlQmJtqH5ghQA+a0hE1VtkLM8ctVYQ4=&y=U2FsdGVkX18HOJQcwEzvuaOEs2hbJplfJlytohzQ2h2OflbrtiuhExHcJMYYTpW1 HTTP/1.1" 200 176
186.102.56.236 - - [20/Aug/2022:11:40:38 -0500] "GET /kwssiamovil/sm/cjson/pre?f=1&x=U2FsdGVkX19ilYtDRbjP2AdulLnGFud8E7gyn008hYYJVYHmXUTB0ef/enMH8sGU HTTP/1.1" 200 30992
216.245.221.92 - - [20/Aug/2022:11:42:00 -0500] "HEAD / HTTP/1.1" 200 -
172.22.2.4 - - [20/Aug/2022:11:42:24 -0500] "HEAD /BLA/boletinlegal/ HTTP/1.1" 200 -
201.245.192.253 - - [20/Aug/2022:11:44:29 -0500] "POST /kwsrmcab/Wsrmcab  HTTP/1.1" 200 46805
172.22.2.4 - - [20/Aug/2022:11:43:14 -0500] "GET /BLA/boletinlegal/ HTTP/1.1" 200 58566
172.22.2.4 - - [20/Aug/2022:11:46:51 -0500] "GET /BLA/boletinlegal/style.css HTTP/1.1" 200 9406
172.22.2.4 - - [20/Aug/2022:11:46:51 -0500] "GET /BLA/boletinlegal/styles2.css HTTP/1.1" 200 1838
172.22.2.4 - - [20/Aug/2022:11:46:51 -0500] "GET /BLA/boletinlegal/js/jquery.js HTTP/1.1" 200 57254
172.22.2.4 - - [20/Aug/2022:11:46:51 -0500] "GET /BLA/boletinlegal/js/jquery.scrollTo-min.js HTTP/1.1" 200 1150
172.22.2.4 - - [20/Aug/2022:11:46:51 -0500] "GET /BLA/boletinlegal/js/jquery.scrollShow.js HTTP/1.1" 200 4586
