!C99Shell v. 1.0 pre-release build #13!

Software: Apache. PHP/5.5.15 

uname -a: Windows NT SVR-DMZ 6.1 build 7600 (Windows Server 2008 R2 Enterprise Edition) i586 

SYSTEM 

Safe-mode: OFF (not secure)

E:\nuevo\apache\logs\   drwxrwxrwx
Free 9.41 GB of 239.26 GB (3.93%)
Detected drives: [ a ] [ c ] [ d ] [ e ] [ f ]
Home    Back    Forward    UPDIR    Refresh    Search    Buffer    Encoder    Tools    Proc.    FTP brute    Sec.    SQL    PHP-code    Update    Feedback    Self remove    Logout    


Viewing file:     access.2022.08.20.log (485.11 KB)      -rw-rw-rw-
Select action/file-type:
(+) | (+) | (+) | Code (+) | Session (+) | (+) | SDB (+) | (+) | (+) | (+) | (+) | (+) |
173.252.107.17 - - [20/Aug/2022:00:00:08 -0500] "GET /barrios-unidos-tendra-su-jornada-de-reciclaton.html HTTP/1.1" 206 1039
69.171.231.116 - - [20/Aug/2022:00:00:18 -0500] "GET /images/pieza-reciclaton-findesemana-febrero-15.jpg HTTP/1.1" 200 35558
205.210.31.168 - - [20/Aug/2022:00:00:35 -0500] "\x16\x03\x01" 400 226
207.46.13.36 - - [20/Aug/2022:00:00:55 -0500] "GET /BLA/resoluciones/AUTOS%202022/2080.pdf HTTP/1.1" 200 3456914
173.252.107.119 - - [20/Aug/2022:00:01:10 -0500] "GET /en-fontibon-se-realizara-recoleccion-de-residuos-especiales-y-peligrosos-y-actividades-de-educacion-ambiental.html HTTP/1.1" 206 1131
173.252.107.117 - - [20/Aug/2022:00:01:12 -0500] "GET /mas-de-21-kilogramos-de-residuos-especiales-y-peligrosos-fueron-entregados-en-bosa.html HTTP/1.1" 206 979
173.252.107.10 - - [20/Aug/2022:00:01:12 -0500] "GET /secretaria-de-ambiente-invita-a-comunidad-de-bosa-a-entregar-residuos-especiales-y-peligrosos.html HTTP/1.1" 206 992
173.252.107.12 - - [20/Aug/2022:00:01:15 -0500] "GET /bosa-se-prepara-para-jornada-de-recoleccion-de-llantas-este-miercoles.html HTTP/1.1" 206 942
69.171.231.3 - - [20/Aug/2022:00:01:37 -0500] "GET /mas-de-570-llantas-fueron-recolectadas-en-la-llantaton-de-bosa.html HTTP/1.1" 206 907
69.171.231.5 - - [20/Aug/2022:00:01:37 -0500] "GET /mas-de-570-llantas-fueron-recolectadas-en-la-llantaton-de-bosa.html HTTP/1.1" 206 907
201.245.192.253 - - [20/Aug/2022:00:01:46 -0500] "POST /kwsrmcab/Wsrmcab  HTTP/1.1" 200 46805
216.245.221.92 - - [20/Aug/2022:00:02:01 -0500] "HEAD / HTTP/1.1" 200 -
173.252.127.20 - - [20/Aug/2022:00:02:34 -0500] "GET /images/nueva-jornada-reciclaton-ambiente-cajas-12-noviembre.jpg HTTP/1.1" 200 479427
173.252.107.15 - - [20/Aug/2022:00:02:53 -0500] "GET /mas-de-14-000-llantas-fueron-recolectadas-durante-2021-en-actividades-de-llantaton.html HTTP/1.1" 206 1084
172.22.2.4 - - [20/Aug/2022:00:02:25 -0500] "HEAD /BLA/boletinlegal/ HTTP/1.1" 200 -
172.22.2.4 - - [20/Aug/2022:00:03:16 -0500] "GET /BLA/boletinlegal/ HTTP/1.1" 200 52484
201.245.192.253 - - [20/Aug/2022:00:06:45 -0500] "POST /kwsrmcab/Wsrmcab  HTTP/1.1" 200 46805
216.245.221.92 - - [20/Aug/2022:00:07:01 -0500] "HEAD / HTTP/1.1" 200 -
172.22.2.4 - - [20/Aug/2022:00:08:13 -0500] "GET /BLA/boletinlegal/actos.php HTTP/1.1" 200 9559
172.22.2.4 - - [20/Aug/2022:00:08:15 -0500] "HEAD /BLA/boletinlegal/ HTTP/1.1" 200 -
172.22.2.4 - - [20/Aug/2022:00:09:06 -0500] "GET /BLA/boletinlegal/ HTTP/1.1" 200 60272
201.245.192.253 - - [20/Aug/2022:00:11:44 -0500] "POST /kwsrmcab/Wsrmcab  HTTP/1.1" 200 46805
216.245.221.92 - - [20/Aug/2022:00:12:01 -0500] "HEAD / HTTP/1.1" 200 -
152.61.192.232 - - [20/Aug/2022:00:13:36 -0500] "GET / HTTP/1.1" 200 319
172.22.2.4 - - [20/Aug/2022:00:14:05 -0500] "HEAD /BLA/boletinlegal/ HTTP/1.1" 200 -
172.22.2.4 - - [20/Aug/2022:00:14:56 -0500] "GET /BLA/boletinlegal/ HTTP/1.1" 200 58154
139.177.190.19 - - [20/Aug/2022:00:16:42 -0500] "GET / HTTP/1.0" 200 319
201.245.192.253 - - [20/Aug/2022:00:16:43 -0500] "POST /kwsrmcab/Wsrmcab  HTTP/1.1" 200 46805
216.245.221.92 - - [20/Aug/2022:00:17:01 -0500] "HEAD / HTTP/1.1" 200 -
64.124.8.52 - - [20/Aug/2022:00:17:01 -0500] "-" 408 -
188.166.45.50 - - [20/Aug/2022:00:17:13 -0500] "GET / HTTP/1.0" 200 319
188.166.45.50 - - [20/Aug/2022:00:17:15 -0500] "Gh0st\xad" 400 226
188.166.45.50 - - [20/Aug/2022:00:17:19 -0500] "HELP" 501 953
188.166.45.50 - - [20/Aug/2022:00:17:20 -0500] "\x1b\x84\xd5\xb0]\xf4\xc4\x93\xc50\xc2X\x8c\xda\xb1\xd7\xac\xafn\x1d\xe1\x1e\x1a3*\x85\xb7\x1d'\xb1\xc9k\xbf\xf0\xbc" 501 953
188.166.45.50 - - [20/Aug/2022:00:17:22 -0500] "\x16\x03\x01" 400 226
188.166.45.50 - - [20/Aug/2022:00:17:24 -0500] "\xbd\xff\x9e\xffE\xff\x9e\xff\xbd\xff\x9e\xff\xa4\xff\x86\xff\xc4\xff\xbe\xff\xc7\xff\xdb\xff\xee\xffx\\d9\xff\xed\xff\xa4\xff\x9d\xff\xcf\xff\xd8\xff\xe5\xff\x04\xff\x12\xff0\xff\xb1\xff\xbd\xff\xe7\xff\xe2\xff\xdd\xff\xdc\xff\xde\xff\xc8\xff\xcc\xff\xbe\xff\xf8\xff&\xff\x01\xff\x0f\xff\xf5\xff\x06\xff\xff\xff\xf7\xff!\xff\xde\xff\x02\xff&\xff\x0c\xff\x01\xff\xf5\xff" 400 946
152.61.128.50 - - [20/Aug/2022:00:18:25 -0500] "GET / HTTP/1.1" 200 319
157.55.39.51 - - [20/Aug/2022:00:19:49 -0500] "GET /andrea-murcia-la-creadora-del-primer-hogar-de-paso-para-perros-y-gatos-en-un-colegio.html HTTP/1.1" 304 -
201.245.192.253 - - [20/Aug/2022:00:19:59 -0500] "POST /kwsrmcab/Wsrmcab HTTP/1.1" 200 47657
207.46.13.188 - - [20/Aug/2022:00:20:03 -0500] "GET /BLA/resoluciones/RESOLUCIONES%202015/0932.pdf HTTP/1.1" 200 1281773
201.245.192.253 - - [20/Aug/2022:00:20:04 -0500] "POST /kwsrmcab/Wsrmcab HTTP/1.1" 200 44126
207.46.13.188 - - [20/Aug/2022:00:20:23 -0500] "GET /BLA/resoluciones/RESOLUCIONES%202008/1489.pdf HTTP/1.1" 200 442879
172.22.2.4 - - [20/Aug/2022:00:19:55 -0500] "HEAD /BLA/boletinlegal/ HTTP/1.1" 200 -
201.245.192.253 - - [20/Aug/2022:00:21:42 -0500] "POST /kwsrmcab/Wsrmcab  HTTP/1.1" 200 46805
216.245.221.92 - - [20/Aug/2022:00:22:01 -0500] "HEAD / HTTP/1.1" 200 -
172.22.2.4 - - [20/Aug/2022:00:20:46 -0500] "GET /BLA/boletinlegal/ HTTP/1.1" 200 58154
186.31.119.72 - - [20/Aug/2022:00:25:40 -0500] "-" 408 -
3.88.143.15 - - [20/Aug/2022:00:26:10 -0500] "HEAD /se-abre-convocatoria-a-organizaciones-ambientales-para-generar-1-070-empleos-verdes-dirigidos-a-mujeres.html HTTP/1.1" 200 -
201.245.192.253 - - [20/Aug/2022:00:26:41 -0500] "POST /kwsrmcab/Wsrmcab  HTTP/1.1" 200 46805
216.245.221.92 - - [20/Aug/2022:00:27:01 -0500] "HEAD / HTTP/1.1" 200 -
172.22.2.4 - - [20/Aug/2022:00:25:45 -0500] "HEAD /BLA/boletinlegal/ HTTP/1.1" 200 -
172.22.2.4 - - [20/Aug/2022:00:26:36 -0500] "GET /BLA/boletinlegal/ HTTP/1.1" 200 54347
69.67.150.36 - - [20/Aug/2022:00:28:33 -0500] "GET / HTTP/1.1" 200 319
66.249.73.164 - - [20/Aug/2022:00:29:36 -0500] "-" 408 -
201.245.192.253 - - [20/Aug/2022:00:29:59 -0500] "POST /kwsrmcab/Wsrmcab HTTP/1.1" 200 47657
201.245.192.253 - - [20/Aug/2022:00:30:04 -0500] "POST /kwsrmcab/Wsrmcab HTTP/1.1" 200 44126
201.245.192.253 - - [20/Aug/2022:00:31:40 -0500] "POST /kwsrmcab/Wsrmcab  HTTP/1.1" 200 46805
216.245.221.92 - - [20/Aug/2022:00:32:01 -0500] "HEAD / HTTP/1.1" 200 -
172.22.2.4 - - [20/Aug/2022:00:31:35 -0500] "HEAD /BLA/boletinlegal/ HTTP/1.1" 200 -
172.22.2.4 - - [20/Aug/2022:00:32:26 -0500] "GET /BLA/boletinlegal/ HTTP/1.1" 200 56005
2.57.122.98 - - [20/Aug/2022:00:36:11 -0500] "GET / HTTP/1.1" 200 319
201.245.192.253 - - [20/Aug/2022:00:36:39 -0500] "POST /kwsrmcab/Wsrmcab  HTTP/1.1" 200 46805
216.245.221.92 - - [20/Aug/2022:00:37:01 -0500] "HEAD / HTTP/1.1" 200 -
69.171.251.19 - - [20/Aug/2022:00:37:16 -0500] "GET /images/eficiencia-energetica-11-marzo.jpg HTTP/1.1" 200 46478
66.249.73.191 - - [20/Aug/2022:00:38:35 -0500] "-" 408 -
185.119.81.104 - - [20/Aug/2022:00:38:51 -0500] "GET /portaldeninos/wp-login.php HTTP/1.1" 200 2592
185.119.81.104 - - [20/Aug/2022:00:38:52 -0500] "POST /portaldeninos/wp-login.php HTTP/1.1" 200 3650
172.22.2.4 - - [20/Aug/2022:00:37:25 -0500] "HEAD /BLA/boletinlegal/ HTTP/1.1" 200 -
172.22.2.4 - - [20/Aug/2022:00:38:16 -0500] "GET /BLA/boletinlegal/ HTTP/1.1" 200 58154
207.46.13.36 - - [20/Aug/2022:00:39:58 -0500] "GET /sipse/faces/javax.faces.resource/primefaces.js;jsessionid=9fceyx+zj-+syjwcjd66+ifu.undefined?ln=primefaces&v=4.0 HTTP/1.1" 200 276924
201.245.192.253 - - [20/Aug/2022:00:39:59 -0500] "POST /kwsrmcab/Wsrmcab HTTP/1.1" 200 47657
201.245.192.253 - - [20/Aug/2022:00:40:04 -0500] "POST /kwsrmcab/Wsrmcab HTTP/1.1" 200 44126
201.245.192.253 - - [20/Aug/2022:00:41:38 -0500] "POST /kwsrmcab/Wsrmcab  HTTP/1.1" 200 46805
216.245.221.92 - - [20/Aug/2022:00:42:01 -0500] "HEAD / HTTP/1.1" 200 -
66.249.73.191 - - [20/Aug/2022:00:44:12 -0500] "-" 408 -
172.22.2.4 - - [20/Aug/2022:00:43:15 -0500] "HEAD /BLA/boletinlegal/ HTTP/1.1" 200 -
40.77.167.40 - - [20/Aug/2022:00:45:05 -0500] "GET /portaldeninos/aulas-ambientales/aula-ambiental-sorotama/ HTTP/1.1" 200 89596
172.22.2.4 - - [20/Aug/2022:00:44:05 -0500] "GET /BLA/boletinlegal/ HTTP/1.1" 200 53994
201.245.192.253 - - [20/Aug/2022:00:46:37 -0500] "POST /kwsrmcab/Wsrmcab  HTTP/1.1" 200 46805
216.245.221.92 - - [20/Aug/2022:00:47:01 -0500] "HEAD / HTTP/1.1" 200 -
172.22.2.4 - - [20/Aug/2022:00:47:55 -0500] "GET /BLA/boletinlegal/images/cabezote%20BLEGAL.jpg HTTP/1.1" 200 118164
190.156.185.197 - - [20/Aug/2022:00:50:04 -0500] "GET /BLA/resoluciones/AUTOS%202022/0433.pdf HTTP/1.1" 200 423317
207.46.13.188 - - [20/Aug/2022:00:50:07 -0500] "GET /sipse/faces/autenticacion.xhtml HTTP/1.1" 200 12502
172.22.2.4 - - [20/Aug/2022:00:49:05 -0500] "HEAD /BLA/boletinlegal/ HTTP/1.1" 200 -
172.22.2.4 - - [20/Aug/2022:00:49:55 -0500] "GET /BLA/boletinlegal/ HTTP/1.1" 200 58154
201.245.192.253 - - [20/Aug/2022:00:51:35 -0500] "POST /kwsrmcab/Wsrmcab  HTTP/1.1" 200 46805
216.245.221.92 - - [20/Aug/2022:00:52:01 -0500] "HEAD / HTTP/1.1" 200 -
173.252.79.116 - - [20/Aug/2022:00:52:45 -0500] "GET /images/jornadas-llantas-usadas-23-mayo.jpg HTTP/1.1" 200 148376
173.252.95.21 - - [20/Aug/2022:00:52:45 -0500] "GET /images/jardines-verticales-plantas-24-mayo.jpg HTTP/1.1" 200 148288
179.1.4.197 - - [20/Aug/2022:00:53:01 -0500] "-" 408 -
172.22.2.4 - - [20/Aug/2022:00:54:55 -0500] "HEAD /BLA/boletinlegal/ HTTP/1.1" 200 -
201.245.192.253 - - [20/Aug/2022:00:56:35 -0500] "POST /kwsrmcab/Wsrmcab  HTTP/1.1" 200 46805
207.46.13.45 - - [20/Aug/2022:00:56:38 -0500] "GET /forest/ HTTP/1.1" 200 12041
216.245.221.92 - - [20/Aug/2022:00:57:01 -0500] "HEAD / HTTP/1.1" 200 -
172.22.2.4 - - [20/Aug/2022:00:55:45 -0500] "GET /BLA/boletinlegal/ HTTP/1.1" 200 59819
152.61.192.232 - - [20/Aug/2022:00:58:26 -0500] "GET /arcgis/services/Calidad_del_Agua_WQI/MapServer/WMSServer?request=GetCapabilities&service=WMS HTTP/1.1" 503 1020
152.61.192.232 - - [20/Aug/2022:00:58:27 -0500] "GET /arcgis/services/Calidad_del_Agua_WQI/MapServer/WMSServer?SERVICE=WMS&REQUEST=GetCapabilities HTTP/1.1" 503 1020
152.61.192.232 - - [20/Aug/2022:00:58:27 -0500] "GET /arcgis/services/Calidad_del_Agua_WQI/MapServer/WMSServer?WMTVER=1.0.0&REQUEST=capabilities HTTP/1.1" 503 1020
201.245.192.253 - - [20/Aug/2022:01:01:34 -0500] "POST /kwsrmcab/Wsrmcab  HTTP/1.1" 200 46805
216.245.221.92 - - [20/Aug/2022:01:02:01 -0500] "HEAD / HTTP/1.1" 200 -
172.22.2.4 - - [20/Aug/2022:01:00:45 -0500] "HEAD /BLA/boletinlegal/ HTTP/1.1" 200 -
172.22.2.4 - - [20/Aug/2022:01:01:35 -0500] "GET /BLA/boletinlegal/ HTTP/1.1" 200 54347
157.55.39.98 - - [20/Aug/2022:01:04:21 -0500] "GET /BLA/resoluciones/AUTOS%202022/0433.pdf HTTP/1.1" 200 423317
201.245.192.253 - - [20/Aug/2022:01:06:33 -0500] "POST /kwsrmcab/Wsrmcab  HTTP/1.1" 200 46805
152.61.128.50 - - [20/Aug/2022:01:06:39 -0500] "GET /arcgis/services/Calidad_del_Agua_WQI/MapServer/WMSServer?request=GetCapabilities&service=WMS HTTP/1.1" 503 1020
152.61.128.50 - - [20/Aug/2022:01:06:40 -0500] "GET /arcgis/services/Calidad_del_Agua_WQI/MapServer/WMSServer?SERVICE=WMS&REQUEST=GetCapabilities HTTP/1.1" 503 1020
152.61.128.50 - - [20/Aug/2022:01:06:41 -0500] "GET /arcgis/services/Calidad_del_Agua_WQI/MapServer/WMSServer?WMTVER=1.0.0&REQUEST=capabilities HTTP/1.1" 503 1020
216.245.221.92 - - [20/Aug/2022:01:07:01 -0500] "HEAD / HTTP/1.1" 200 -
207.46.13.115 - - [20/Aug/2022:01:07:42 -0500] "GET /BLA/resoluciones/RESOLUCIONES%202000/2000%20700-749.tif HTTP/1.1" 200 4710687
172.22.2.4 - - [20/Aug/2022:01:06:35 -0500] "HEAD /BLA/boletinlegal/ HTTP/1.1" 200 -
172.22.2.4 - - [20/Aug/2022:01:07:26 -0500] "GET /BLA/boletinlegal/ HTTP/1.1" 200 57716
66.249.65.20 - - [20/Aug/2022:01:09:07 -0500] "-" 408 -
201.245.192.253 - - [20/Aug/2022:01:11:33 -0500] "POST /kwsrmcab/Wsrmcab  HTTP/1.1" 200 46805
216.245.221.92 - - [20/Aug/2022:01:12:01 -0500] "HEAD / HTTP/1.1" 200 -
185.7.214.117 - - [20/Aug/2022:01:12:33 -0500] "GET /vendor/phpunit/phpunit/src/Util/PHP/eval-stdin.php HTTP/1.1" 404 1018
190.240.2.133 - - [20/Aug/2022:01:12:45 -0500] "-" 408 -
172.22.2.4 - - [20/Aug/2022:01:12:25 -0500] "HEAD /BLA/boletinlegal/ HTTP/1.1" 200 -
172.22.2.4 - - [20/Aug/2022:01:13:16 -0500] "GET /BLA/boletinlegal/ HTTP/1.1" 200 55621
35.204.67.89 - - [20/Aug/2022:01:15:04 -0500] "GET / HTTP/1.1" 200 319
35.204.67.89 - - [20/Aug/2022:01:15:04 -0500] "GET / HTTP/1.1" 200 4720
157.55.39.98 - - [20/Aug/2022:01:16:33 -0500] "GET /BLA/resoluciones/RESOLUCIONES%202000/2000%201850-1899.tif HTTP/1.1" 200 4512718
201.245.192.253 - - [20/Aug/2022:01:16:32 -0500] "POST /kwsrmcab/Wsrmcab  HTTP/1.1" 200 46805
216.245.221.92 - - [20/Aug/2022:01:17:01 -0500] "HEAD / HTTP/1.1" 200 -
89.215.188.163 - - [20/Aug/2022:01:19:13 -0500] "GET / HTTP/1.1" 200 319
172.22.2.4 - - [20/Aug/2022:01:18:15 -0500] "HEAD /BLA/boletinlegal/ HTTP/1.1" 200 -
201.245.192.253 - - [20/Aug/2022:01:20:00 -0500] "POST /kwsrmcab/Wsrmcab HTTP/1.1" 200 47791
201.245.192.253 - - [20/Aug/2022:01:20:08 -0500] "POST /kwsrmcab/Wsrmcab HTTP/1.1" 200 44282
172.22.2.4 - - [20/Aug/2022:01:19:05 -0500] "GET /BLA/boletinlegal/ HTTP/1.1" 200 60272
157.55.39.102 - - [20/Aug/2022:01:21:27 -0500] "GET /portaldeninos/ HTTP/1.1" 200 110281
201.245.192.253 - - [20/Aug/2022:01:21:30 -0500] "POST /kwsrmcab/Wsrmcab  HTTP/1.1" 200 46805
207.46.13.148 - - [20/Aug/2022:01:21:44 -0500] "GET /portaldeninos/wp-content/plugins/popup-maker/assets/css/site.min.css?ver=1.8.14 HTTP/1.1" 200 8260
157.55.39.51 - - [20/Aug/2022:01:21:45 -0500] "GET /portaldeninos/wp-content/plugins/gallery-videos/JS/Total-Soft-Gallery-Video-Widget.js?ver=4.9.8 HTTP/1.1" 200 80264
207.46.13.148 - - [20/Aug/2022:01:21:46 -0500] "GET /portaldeninos/wp-includes/js/jquery/ui/position.min.js?ver=1.11.4 HTTP/1.1" 200 6527
157.55.39.51 - - [20/Aug/2022:01:21:47 -0500] "GET /portaldeninos/wp-content/themes/betheme/assets/animations/animations.min.css?ver=20.9.6 HTTP/1.1" 200 58508
157.55.39.102 - - [20/Aug/2022:01:21:47 -0500] "GET /portaldeninos/wp-content/themes/betheme/fonts/mfn-icons.ttf?93978679 HTTP/1.1" 200 124684
207.46.13.50 - - [20/Aug/2022:01:21:47 -0500] "GET /portaldeninos/wp-content/themes/betheme/css/layout.css?ver=20.9.6 HTTP/1.1" 200 116639
40.77.167.40 - - [20/Aug/2022:01:21:50 -0500] "GET /portaldeninos/wp-content/plugins/popup-maker/assets/js/site.min.js?defer&ver=1.8.14 HTTP/1.1" 200 48457
40.77.167.40 - - [20/Aug/2022:01:21:53 -0500] "GET /portaldeninos/wp-content/themes/betheme/js/menu.js?ver=20.9.6 HTTP/1.1" 200 2449
216.245.221.92 - - [20/Aug/2022:01:22:01 -0500] "HEAD / HTTP/1.1" 200 -
40.77.167.40 - - [20/Aug/2022:01:21:56 -0500] "GET /portaldeninos/wp-content/uploads/2022/01/Conoce-lo-que-hace-la-Secretar%C3%ADa-de-Ambiente.mp4 HTTP/1.1" 200 6599959
157.55.39.108 - - [20/Aug/2022:01:21:51 -0500] "GET /portaldeninos/wp-content/uploads/2019/06/CabezoteAMBIENTIC.mp4 HTTP/1.1" 200 10793865
172.22.2.4 - - [20/Aug/2022:01:24:05 -0500] "HEAD /BLA/boletinlegal/ HTTP/1.1" 200 -
201.245.192.253 - - [20/Aug/2022:01:26:29 -0500] "POST /kwsrmcab/Wsrmcab  HTTP/1.1" 200 46805
172.22.2.4 - - [20/Aug/2022:01:24:55 -0500] "GET /BLA/boletinlegal/ HTTP/1.1" 200 55621
216.245.221.92 - - [20/Aug/2022:01:27:01 -0500] "HEAD / HTTP/1.1" 200 -
95.217.144.248 - - [20/Aug/2022:01:27:52 -0500] "-" 408 -
201.245.192.253 - - [20/Aug/2022:01:29:59 -0500] "POST /kwsrmcab/Wsrmcab HTTP/1.1" 200 47791
201.245.192.253 - - [20/Aug/2022:01:30:04 -0500] "POST /kwsrmcab/Wsrmcab HTTP/1.1" 200 44282
172.22.2.4 - - [20/Aug/2022:01:30:16 -0500] "GET /BLA/boletinlegal/jurisprudencia/analisis/AnalisisT-606-15.docx HTTP/1.1" 200 26698
172.22.2.4 - - [20/Aug/2022:01:30:17 -0500] "GET /BLA/boletinlegal/apple-touch-icon-120x120-precomposed.png HTTP/1.1" 404 1140
172.22.2.4 - - [20/Aug/2022:01:30:17 -0500] "GET /BLA/boletinlegal/apple-touch-icon-120x120.png HTTP/1.1" 404 1140
172.22.2.4 - - [20/Aug/2022:01:30:17 -0500] "GET /BLA/boletinlegal/apple-touch-icon-precomposed.png HTTP/1.1" 404 1140
172.22.2.4 - - [20/Aug/2022:01:30:17 -0500] "GET /BLA/boletinlegal/apple-touch-icon.png HTTP/1.1" 404 1140
172.22.2.4 - - [20/Aug/2022:01:30:17 -0500] "GET /BLA/boletinlegal/favicon.ico HTTP/1.1" 404 1140
172.22.2.4 - - [20/Aug/2022:01:30:17 -0500] "GET /BLA/boletinlegal/apple-touch-icon-120x120-precomposed.png HTTP/1.1" 404 1140
172.22.2.4 - - [20/Aug/2022:01:30:17 -0500] "GET /BLA/boletinlegal/apple-touch-icon-120x120.png HTTP/1.1" 404 1140
172.22.2.4 - - [20/Aug/2022:01:30:17 -0500] "GET /BLA/boletinlegal/apple-touch-icon-precomposed.png HTTP/1.1" 404 1140
172.22.2.4 - - [20/Aug/2022:01:30:17 -0500] "GET /BLA/boletinlegal/apple-touch-icon.png HTTP/1.1" 404 1140
172.22.2.4 - - [20/Aug/2022:01:30:17 -0500] "GET /BLA/boletinlegal/favicon.ico HTTP/1.1" 404 1140
207.46.13.188 - - [20/Aug/2022:01:30:20 -0500] "GET /BLA/resoluciones/RESOLUCIONES%202000/2000%202000-2049.tif HTTP/1.1" 200 5003528
173.252.107.12 - - [20/Aug/2022:01:30:59 -0500] "GET /negocios-verdes-verificados-por-la-secretaria-de-ambiente-participaran-en-bioexpo-2021.html HTTP/1.1" 206 978
201.245.192.253 - - [20/Aug/2022:01:31:28 -0500] "POST /kwsrmcab/Wsrmcab  HTTP/1.1" 200 46805
172.22.2.4 - - [20/Aug/2022:01:29:55 -0500] "HEAD /BLA/boletinlegal/ HTTP/1.1" 200 -
216.245.221.92 - - [20/Aug/2022:01:32:01 -0500] "HEAD / HTTP/1.1" 200 -
172.22.2.4 - - [20/Aug/2022:01:30:45 -0500] "GET /BLA/boletinlegal/ HTTP/1.1" 200 59819
66.249.73.191 - - [20/Aug/2022:01:35:04 -0500] "-" 408 -
207.46.13.188 - - [20/Aug/2022:01:36:11 -0500] "GET /BLA/resoluciones/RESOLUCIONES%202000/2000%20950-999.tif HTTP/1.1" 200 4451157
201.245.192.253 - - [20/Aug/2022:01:36:27 -0500] "POST /kwsrmcab/Wsrmcab  HTTP/1.1" 200 46805
216.245.221.92 - - [20/Aug/2022:01:37:01 -0500] "HEAD / HTTP/1.1" 200 -
172.22.2.4 - - [20/Aug/2022:01:35:45 -0500] "HEAD /BLA/boletinlegal/ HTTP/1.1" 200 -
40.77.188.115 - - [20/Aug/2022:01:37:45 -0500] "GET /portaldeninos/wp-json/pum/v1/analytics/?event=open&pid=1126&_cache=1660977327523 HTTP/1.1" 204 -
172.22.2.4 - - [20/Aug/2022:01:36:35 -0500] "GET /BLA/boletinlegal/ HTTP/1.1" 200 45684
172.22.2.4 - - [20/Aug/2022:01:36:44 -0500] "GET /BLA/boletinlegal/ HTTP/1.1" 200 45684
201.245.192.253 - - [20/Aug/2022:01:39:59 -0500] "POST /kwsrmcab/Wsrmcab HTTP/1.1" 200 47791
201.245.192.253 - - [20/Aug/2022:01:40:05 -0500] "POST /kwsrmcab/Wsrmcab HTTP/1.1" 200 44282
201.245.192.253 - - [20/Aug/2022:01:41:27 -0500] "POST /kwsrmcab/Wsrmcab  HTTP/1.1" 200 46805
216.245.221.92 - - [20/Aug/2022:01:42:01 -0500] "HEAD / HTTP/1.1" 200 -
66.249.73.191 - - [20/Aug/2022:01:43:12 -0500] "-" 408 -
172.22.2.4 - - [20/Aug/2022:01:41:35 -0500] "HEAD /BLA/boletinlegal/ HTTP/1.1" 200 -
172.22.2.4 - - [20/Aug/2022:01:42:25 -0500] "GET /BLA/boletinlegal/ HTTP/1.1" 200 58154
172.22.2.4 - - [20/Aug/2022:01:44:45 -0500] "GET /BLA/boletinlegal/robots.txt HTTP/1.1" 404 1118
172.22.2.4 - - [20/Aug/2022:01:44:49 -0500] "GET /BLA/boletinlegal/Circulares/2019/Circular%20No.%20006%20del%2008%20de%20Febrero%20de%202019.pdf HTTP/1.1" 200 674401
201.245.192.253 - - [20/Aug/2022:01:46:24 -0500] "POST /kwsrmcab/Wsrmcab  HTTP/1.1" 200 46805
216.245.221.92 - - [20/Aug/2022:01:47:01 -0500] "HEAD / HTTP/1.1" 200 -
172.22.2.4 - - [20/Aug/2022:01:47:25 -0500] "HEAD /BLA/boletinlegal/ HTTP/1.1" 200 -
185.119.81.104 - - [20/Aug/2022:01:49:34 -0500] "GET /portaldeninos/wp-login.php HTTP/1.1" 200 2592
185.119.81.104 - - [20/Aug/2022:01:49:35 -0500] "POST /portaldeninos/wp-login.php HTTP/1.1" 200 3605
207.46.13.115 - - [20/Aug/2022:01:49:36 -0500] "GET /BLA/resoluciones/AUTOS%202022/1321.pdf HTTP/1.1" 200 396091
172.22.2.4 - - [20/Aug/2022:01:48:15 -0500] "GET /BLA/boletinlegal/ HTTP/1.1" 200 58946
66.249.73.191 - - [20/Aug/2022:01:50:23 -0500] "-" 408 -
201.245.192.253 - - [20/Aug/2022:01:51:23 -0500] "POST /kwsrmcab/Wsrmcab  HTTP/1.1" 200 46805
216.245.221.92 - - [20/Aug/2022:01:52:01 -0500] "HEAD / HTTP/1.1" 200 -
172.22.2.4 - - [20/Aug/2022:01:53:15 -0500] "HEAD /BLA/boletinlegal/ HTTP/1.1" 200 -
172.22.2.4 - - [20/Aug/2022:01:54:05 -0500] "GET /BLA/boletinlegal/ HTTP/1.1" 200 60272
201.245.192.253 - - [20/Aug/2022:01:56:22 -0500] "POST /kwsrmcab/Wsrmcab  HTTP/1.1" 200 46805
216.245.221.92 - - [20/Aug/2022:01:57:01 -0500] "HEAD / HTTP/1.1" 200 -
66.249.73.191 - - [20/Aug/2022:01:57:23 -0500] "-" 408 -
40.77.167.101 - - [20/Aug/2022:01:59:31 -0500] "-" 408 -
172.22.2.4 - - [20/Aug/2022:01:59:05 -0500] "HEAD /BLA/boletinlegal/ HTTP/1.1" 200 -
201.245.192.253 - - [20/Aug/2022:02:01:21 -0500] "POST /kwsrmcab/Wsrmcab  HTTP/1.1" 200 46805
172.22.2.4 - - [20/Aug/2022:01:59:55 -0500] "GET /BLA/boletinlegal/ HTTP/1.1" 200 57716
216.245.221.92 - - [20/Aug/2022:02:02:01 -0500] "HEAD / HTTP/1.1" 200 -
172.22.2.4 - - [20/Aug/2022:02:03:07 -0500] "GET /BLA/boletinlegal/robots.txt HTTP/1.1" 404 1038
172.22.2.4 - - [20/Aug/2022:02:03:10 -0500] "GET /BLA/boletinlegal/Circulares/2011/Circular%20No.%202%20del%2026%20de%20Mayo%20de%202011.pdf HTTP/1.1" 200 644194
201.245.192.253 - - [20/Aug/2022:02:06:21 -0500] "POST /kwsrmcab/Wsrmcab  HTTP/1.1" 200 46805
172.22.2.4 - - [20/Aug/2022:02:04:55 -0500] "HEAD /BLA/boletinlegal/ HTTP/1.1" 200 -
216.245.221.92 - - [20/Aug/2022:02:07:01 -0500] "HEAD / HTTP/1.1" 200 -
172.22.2.4 - - [20/Aug/2022:02:05:45 -0500] "GET /BLA/boletinlegal/ HTTP/1.1" 200 58154
66.249.65.20 - - [20/Aug/2022:02:07:31 -0500] "-" 408 -
66.249.73.191 - - [20/Aug/2022:02:08:07 -0500] "-" 408 -
185.7.214.117 - - [20/Aug/2022:02:08:30 -0500] "GET /solr/admin/info/system?wt=json HTTP/1.1" 404 1018
185.119.81.97 - - [20/Aug/2022:02:08:34 -0500] "GET /portaldeninos/wp-login.php HTTP/1.1" 200 2592
185.119.81.97 - - [20/Aug/2022:02:08:35 -0500] "POST /portaldeninos/wp-login.php HTTP/1.1" 200 3605
207.46.13.188 - - [20/Aug/2022:02:11:14 -0500] "GET /autoliquidacion2020 HTTP/1.1" 301 250
201.245.192.253 - - [20/Aug/2022:02:11:21 -0500] "POST /kwsrmcab/Wsrmcab  HTTP/1.1" 200 46805
207.46.13.188 - - [20/Aug/2022:02:11:24 -0500] "GET /autoliquidacion2020/ HTTP/1.1" 200 6146
216.245.221.92 - - [20/Aug/2022:02:12:01 -0500] "HEAD / HTTP/1.1" 200 -
172.22.2.4 - - [20/Aug/2022:02:10:45 -0500] "HEAD /BLA/boletinlegal/ HTTP/1.1" 200 -
172.22.2.4 - - [20/Aug/2022:02:11:35 -0500] "GET /BLA/boletinlegal/ HTTP/1.1" 200 55621
185.7.214.117 - - [20/Aug/2022:02:13:38 -0500] "-" 408 -
201.245.192.253 - - [20/Aug/2022:02:16:19 -0500] "POST /kwsrmcab/Wsrmcab  HTTP/1.1" 200 46805
216.245.221.92 - - [20/Aug/2022:02:17:01 -0500] "HEAD / HTTP/1.1" 200 -
66.249.73.191 - - [20/Aug/2022:02:17:04 -0500] "-" 408 -
207.46.13.188 - - [20/Aug/2022:02:17:36 -0500] "GET /BLA/resoluciones/index.php?dir=AUTOS+2021%2F HTTP/1.1" 200 392023
207.46.13.188 - - [20/Aug/2022:02:18:14 -0500] "GET /sipse/faces/autenticacion.xhtml HTTP/1.1" 200 12502
172.22.2.4 - - [20/Aug/2022:02:16:35 -0500] "HEAD /BLA/boletinlegal/ HTTP/1.1" 200 -
172.22.2.4 - - [20/Aug/2022:02:17:25 -0500] "GET /BLA/boletinlegal/ HTTP/1.1" 200 60272
207.46.13.36 - - [20/Aug/2022:02:19:36 -0500] "GET /catalogoisis/ HTTP/1.1" 200 8575
207.46.13.115 - - [20/Aug/2022:02:19:49 -0500] "GET /catalogoisis/Js/CriterioCombinada.js HTTP/1.1" 200 1843
207.46.13.115 - - [20/Aug/2022:02:19:52 -0500] "GET /catalogoisis/Js/Numero.js HTTP/1.1" 200 398
207.46.13.45 - - [20/Aug/2022:02:19:52 -0500] "GET /catalogoisis/Js/AceptarLimpiar.js HTTP/1.1" 200 331
207.46.13.11 - - [20/Aug/2022:02:19:53 -0500] "GET /catalogoisis/Js/Go.js HTTP/1.1" 200 364
207.46.13.115 - - [20/Aug/2022:02:19:55 -0500] "GET /catalogoisis/Js/Remote.js HTTP/1.1" 200 436
207.46.13.36 - - [20/Aug/2022:02:19:55 -0500] "GET /catalogoisis/Css/Busqueda.css HTTP/1.1" 200 1995
207.46.13.45 - - [20/Aug/2022:02:19:55 -0500] "GET /catalogoisis/Js/LimpiarCombinada.js HTTP/1.1" 200 207
207.46.13.188 - - [20/Aug/2022:02:19:57 -0500] "GET /catalogoisis/Js/Enter.js HTTP/1.1" 200 1208
207.46.13.36 - - [20/Aug/2022:02:19:57 -0500] "GET /catalogoisis/Js/Cookies.js HTTP/1.1" 200 1369
201.245.192.253 - - [20/Aug/2022:02:19:59 -0500] "POST /kwsrmcab/Wsrmcab HTTP/1.1" 200 47824
201.245.192.253 - - [20/Aug/2022:02:20:03 -0500] "POST /kwsrmcab/Wsrmcab HTTP/1.1" 200 40798
201.245.192.253 - - [20/Aug/2022:02:21:18 -0500] "POST /kwsrmcab/Wsrmcab  HTTP/1.1" 200 46805
216.245.221.92 - - [20/Aug/2022:02:22:01 -0500] "HEAD / HTTP/1.1" 200 -
172.22.2.4 - - [20/Aug/2022:02:22:25 -0500] "HEAD /BLA/boletinlegal/ HTTP/1.1" 200 -
172.22.2.4 - - [20/Aug/2022:02:23:15 -0500] "GET /BLA/boletinlegal/ HTTP/1.1" 200 51174
172.22.2.4 - - [20/Aug/2022:02:23:20 -0500] "GET /BLA/boletinlegal/ HTTP/1.1" 200 51621
201.245.192.253 - - [20/Aug/2022:02:26:17 -0500] "POST /kwsrmcab/Wsrmcab  HTTP/1.1" 200 46805
216.245.221.92 - - [20/Aug/2022:02:27:01 -0500] "HEAD / HTTP/1.1" 200 -
40.77.202.57 - - [20/Aug/2022:02:27:11 -0500] "GET /dlf/styles.css HTTP/1.1" 404 1188
128.14.134.134 - - [20/Aug/2022:02:27:53 -0500] "GET / HTTP/1.1" 200 319
66.249.73.191 - - [20/Aug/2022:02:28:38 -0500] "-" 408 -
172.22.2.4 - - [20/Aug/2022:02:28:15 -0500] "HEAD /BLA/boletinlegal/ HTTP/1.1" 200 -
201.245.192.253 - - [20/Aug/2022:02:29:59 -0500] "POST /kwsrmcab/Wsrmcab HTTP/1.1" 200 47824
201.245.192.253 - - [20/Aug/2022:02:30:04 -0500] "POST /kwsrmcab/Wsrmcab HTTP/1.1" 200 41393
172.22.2.4 - - [20/Aug/2022:02:29:05 -0500] "GET /BLA/boletinlegal/ HTTP/1.1" 200 58154
201.245.192.253 - - [20/Aug/2022:02:31:16 -0500] "POST /kwsrmcab/Wsrmcab  HTTP/1.1" 200 46805
216.245.221.92 - - [20/Aug/2022:02:32:01 -0500] "HEAD / HTTP/1.1" 200 -
173.231.60.194 - - [20/Aug/2022:02:32:35 -0500] "GET /BLA/resoluciones/index.php?dir=RESOLUCIONES%202004%2FRES%202004%20851-900%2F&sort=size&order=asc HTTP/1.1" 200 12040
173.231.60.194 - - [20/Aug/2022:02:32:43 -0500] "GET /BLA/resoluciones/index.php?dir=RESOLUCIONES%202004%2FRES%202004%20901-950%2F&sort=date&order=asc HTTP/1.1" 200 12049
173.231.60.194 - - [20/Aug/2022:02:32:50 -0500] "GET /BLA/resoluciones/index.php?dir=RESOLUCIONES%202004%2FRES%202004%20901-950%2F&sort=size&order=asc HTTP/1.1" 200 12049
173.231.60.194 - - [20/Aug/2022:02:32:57 -0500] "GET /BLA/resoluciones/index.php?dir=RESOLUCIONES%202005%2FRES%202005%20151-200%2F&sort=date&order=asc HTTP/1.1" 200 12230
173.231.60.194 - - [20/Aug/2022:02:33:06 -0500] "GET /BLA/resoluciones/index.php?dir=RESOLUCIONES%202005%2FRES%202005%20151-200%2F&sort=size&order=asc HTTP/1.1" 200 12230
173.231.60.194 - - [20/Aug/2022:02:33:14 -0500] "GET /BLA/resoluciones/index.php?dir=RESOLUCIONES%202005%2FRES%202005%20201-250%2F&sort=date&order=asc HTTP/1.1" 200 12248
173.231.60.194 - - [20/Aug/2022:02:33:23 -0500] "GET /BLA/resoluciones/index.php?dir=RESOLUCIONES%202005%2FRES%202005%20201-250%2F&sort=size&order=asc HTTP/1.1" 200 12248
173.231.60.194 - - [20/Aug/2022:02:33:32 -0500] "GET /BLA/resoluciones/index.php?dir=RESOLUCIONES%202005%2FRES%202005%20251-300%2F&sort=date&order=asc HTTP/1.1" 200 12254
173.231.60.194 - - [20/Aug/2022:02:33:41 -0500] "GET /BLA/resoluciones/index.php?dir=RESOLUCIONES%202005%2FRES%202005%20251-300%2F&sort=size&order=asc HTTP/1.1" 200 12254
173.231.60.194 - - [20/Aug/2022:02:33:49 -0500] "GET /BLA/resoluciones/index.php?dir=RESOLUCIONES%202005%2FRES%202005%20301-351%2F&sort=date&order=asc HTTP/1.1" 200 12252
173.231.60.194 - - [20/Aug/2022:02:33:56 -0500] "GET /BLA/resoluciones/index.php?dir=RESOLUCIONES%202005%2FRES%202005%20301-351%2F&sort=size&order=asc HTTP/1.1" 200 12252
173.231.60.194 - - [20/Aug/2022:02:34:06 -0500] "GET /BLA/resoluciones/index.php?dir=RESOLUCIONES%202005%2FRES%202005%20351-400%2F&sort=date&order=asc HTTP/1.1" 200 12243
173.231.60.194 - - [20/Aug/2022:02:34:13 -0500] "GET /BLA/resoluciones/index.php?dir=RESOLUCIONES%202005%2FRES%202005%20351-400%2F&sort=size&order=asc HTTP/1.1" 200 12243
173.231.60.194 - - [20/Aug/2022:02:34:22 -0500] "GET /BLA/resoluciones/index.php?dir=RESOLUCIONES%202005%2FRES%202005%20401-450%2F&sort=date&order=asc HTTP/1.1" 200 12254
173.231.60.194 - - [20/Aug/2022:02:34:30 -0500] "GET /BLA/resoluciones/index.php?dir=RESOLUCIONES%202005%2FRES%202005%20401-450%2F&sort=size&order=asc HTTP/1.1" 200 12254
173.231.60.194 - - [20/Aug/2022:02:34:40 -0500] "GET /BLA/resoluciones/index.php?dir=RESOLUCIONES%202005%2FRES%202005%20451-500%2F&sort=date&order=asc HTTP/1.1" 200 12244
173.231.60.194 - - [20/Aug/2022:02:34:47 -0500] "GET /BLA/resoluciones/index.php?dir=RESOLUCIONES%202005%2FRES%202005%20451-500%2F&sort=size&order=asc HTTP/1.1" 200 12244
173.231.60.194 - - [20/Aug/2022:02:34:55 -0500] "GET /BLA/resoluciones/index.php?dir=RESOLUCIONES%202005%2FRES%202005%20501-550%2F&sort=date&order=asc HTTP/1.1" 200 12244
173.231.60.194 - - [20/Aug/2022:02:35:01 -0500] "GET /BLA/resoluciones/index.php?dir=RESOLUCIONES%202005%2FRES%202005%20501-550%2F&sort=size&order=asc HTTP/1.1" 200 12244
173.231.60.194 - - [20/Aug/2022:02:35:11 -0500] "GET /BLA/resoluciones/index.php?dir=RESOLUCIONES%202005%2FRES%202005%20551-600%2F&sort=date&order=asc HTTP/1.1" 200 12249
173.231.60.194 - - [20/Aug/2022:02:35:20 -0500] "GET /BLA/resoluciones/index.php?dir=RESOLUCIONES%202005%2FRES%202005%20551-600%2F&sort=size&order=asc HTTP/1.1" 200 12249
173.231.60.194 - - [20/Aug/2022:02:35:26 -0500] "GET /BLA/resoluciones/index.php?dir=RESOLUCIONES%202005%2FRES%202005%20601-650%2F&sort=date&order=asc HTTP/1.1" 200 12246
173.231.60.194 - - [20/Aug/2022:02:35:39 -0500] "GET /BLA/resoluciones/index.php?dir=RESOLUCIONES%202005%2FRES%202005%20601-650%2F&sort=size&order=asc HTTP/1.1" 200 12246
172.22.2.4 - - [20/Aug/2022:02:34:05 -0500] "HEAD /BLA/boletinlegal/ HTTP/1.1" 200 -
173.231.60.194 - - [20/Aug/2022:02:35:49 -0500] "GET /BLA/resoluciones/index.php?dir=RESOLUCIONES%202005%2FRES%202005%20651-700%2F&sort=date&order=asc HTTP/1.1" 200 12232
173.231.60.194 - - [20/Aug/2022:02:35:55 -0500] "GET /BLA/resoluciones/index.php?dir=RESOLUCIONES%202005%2FRES%202005%20651-700%2F&sort=size&order=asc HTTP/1.1" 200 12232
173.231.60.194 - - [20/Aug/2022:02:36:05 -0500] "GET /BLA/resoluciones/index.php?dir=RESOLUCIONES%202005%2FRES%202005%20701-750%2F&sort=date&order=asc HTTP/1.1" 200 12247
173.231.60.194 - - [20/Aug/2022:02:36:13 -0500] "GET /BLA/resoluciones/index.php?dir=RESOLUCIONES%202005%2FRES%202005%20701-750%2F&sort=size&order=asc HTTP/1.1" 200 12247
201.245.192.253 - - [20/Aug/2022:02:36:15 -0500] "POST /kwsrmcab/Wsrmcab  HTTP/1.1" 200 46805
173.231.60.194 - - [20/Aug/2022:02:36:24 -0500] "GET /BLA/resoluciones/index.php?dir=RESOLUCIONES%202005%2FRES%202005%20751-800%2F&sort=date&order=asc HTTP/1.1" 200 12254
173.231.60.194 - - [20/Aug/2022:02:36:31 -0500] "GET /BLA/resoluciones/index.php?dir=RESOLUCIONES%202005%2FRES%202005%20751-800%2F&sort=size&order=asc HTTP/1.1" 200 12254
172.22.2.4 - - [20/Aug/2022:02:34:55 -0500] "GET /BLA/boletinlegal/ HTTP/1.1" 200 58946
66.249.73.191 - - [20/Aug/2022:02:36:39 -0500] "-" 408 -
173.231.60.194 - - [20/Aug/2022:02:36:40 -0500] "GET /BLA/resoluciones/index.php?dir=RESOLUCIONES%202005%2FRES%202005%20801-850%2F&sort=date&order=asc HTTP/1.1" 200 12246
173.231.60.194 - - [20/Aug/2022:02:36:48 -0500] "GET /BLA/resoluciones/index.php?dir=RESOLUCIONES%202005%2FRES%202005%20801-850%2F&sort=size&order=asc HTTP/1.1" 200 12246
173.231.60.194 - - [20/Aug/2022:02:36:55 -0500] "GET /BLA/resoluciones/index.php?dir=RESOLUCIONES%202005%2FRES%202005%20851-900%2F&sort=date&order=asc HTTP/1.1" 200 12242
216.245.221.92 - - [20/Aug/2022:02:37:01 -0500] "HEAD / HTTP/1.1" 200 -
173.231.60.194 - - [20/Aug/2022:02:37:04 -0500] "GET /BLA/resoluciones/index.php?dir=RESOLUCIONES%202005%2FRES%202005%20851-900%2F&sort=size&order=asc HTTP/1.1" 200 12242
173.231.60.194 - - [20/Aug/2022:02:37:12 -0500] "GET /BLA/resoluciones/index.php?dir=RESOLUCIONES%202005%2FRES%202005%20901-950%2F&sort=date&order=asc HTTP/1.1" 200 12245
173.231.60.194 - - [20/Aug/2022:02:37:21 -0500] "GET /BLA/resoluciones/index.php?dir=RESOLUCIONES%202005%2FRES%202005%20901-950%2F&sort=size&order=asc HTTP/1.1" 200 12245
173.231.60.194 - - [20/Aug/2022:02:37:29 -0500] "GET /BLA/resoluciones/index.php?dir=RESOLUCIONES%202002%2FRES%202002%20951-1000%2F&sort=date&order=asc HTTP/1.1" 200 12521
173.231.60.194 - - [20/Aug/2022:02:37:38 -0500] "GET /BLA/resoluciones/index.php?dir=RESOLUCIONES%202002%2FRES%202002%20951-1000%2F&sort=size&order=asc HTTP/1.1" 200 12521
173.231.60.194 - - [20/Aug/2022:02:37:45 -0500] "GET /BLA/resoluciones/index.php?dir=RESOLUCIONES%202003%2FRES%202003%20951-1000%2F&sort=date&order=asc HTTP/1.1" 200 11179
173.231.60.194 - - [20/Aug/2022:02:37:52 -0500] "GET /BLA/resoluciones/index.php?dir=RESOLUCIONES%202003%2FRES%202003%20951-1000%2F&sort=size&order=asc HTTP/1.1" 200 11179
173.231.60.194 - - [20/Aug/2022:02:37:59 -0500] "GET /BLA/resoluciones/index.php?dir=RESOLUCIONES%202004%2FRES%202004%20301-350%2F&sort=name&order=desc HTTP/1.1" 200 12061
173.231.60.194 - - [20/Aug/2022:02:38:12 -0500] "GET /BLA/resoluciones/index.php?dir=RESOLUCIONES%202004%2FRES%202004%20351-400%2F&sort=name&order=desc HTTP/1.1" 200 12049
173.231.60.194 - - [20/Aug/2022:02:38:19 -0500] "GET /BLA/resoluciones/index.php?dir=RESOLUCIONES%202004%2FRES%202004%20401-450%2F&sort=name&order=desc HTTP/1.1" 200 12038
173.231.60.194 - - [20/Aug/2022:02:38:25 -0500] "GET /BLA/resoluciones/index.php?dir=RESOLUCIONES%202004%2FRES%202004%20451-500%2F&sort=name&order=desc HTTP/1.1" 200 12036
173.231.60.194 - - [20/Aug/2022:02:38:33 -0500] "GET /BLA/resoluciones/index.php?dir=RESOLUCIONES%202004%2FRES%202004%20501-550%2F&sort=name&order=desc HTTP/1.1" 200 12047
173.231.60.194 - - [20/Aug/2022:02:38:43 -0500] "GET /BLA/resoluciones/index.php?dir=RESOLUCIONES%202004%2FRES%202004%20551-600%2F&sort=name&order=desc HTTP/1.1" 200 12046
173.231.60.194 - - [20/Aug/2022:02:38:52 -0500] "GET /BLA/resoluciones/index.php?dir=RESOLUCIONES%202004%2FRES%202004%20601-650%2F&sort=name&order=desc HTTP/1.1" 200 12059
173.231.60.194 - - [20/Aug/2022:02:39:00 -0500] "GET /BLA/resoluciones/index.php?dir=RESOLUCIONES%202004%2FRES%202004%20651-700%2F&sort=name&order=desc HTTP/1.1" 200 12048
173.231.60.194 - - [20/Aug/2022:02:39:09 -0500] "GET /BLA/resoluciones/index.php?dir=RESOLUCIONES%202004%2FRES%202004%20701-750%2F&sort=name&order=desc HTTP/1.1" 200 12058
173.231.60.194 - - [20/Aug/2022:02:39:15 -0500] "GET /BLA/resoluciones/index.php?dir=RESOLUCIONES%202004%2FRES%202004%20751-800%2F&sort=name&order=desc HTTP/1.1" 200 12052
173.231.60.194 - - [20/Aug/2022:02:39:23 -0500] "GET /BLA/resoluciones/index.php?dir=RESOLUCIONES%202004%2FRES%202004%20801-850%2F&sort=name&order=desc HTTP/1.1" 200 12047
185.119.81.104 - - [20/Aug/2022:02:39:42 -0500] "GET /portaldeninos/wp-login.php HTTP/1.1" 200 2592
185.119.81.104 - - [20/Aug/2022:02:39:43 -0500] "POST /portaldeninos/wp-login.php HTTP/1.1" 200 3670
201.245.192.253 - - [20/Aug/2022:02:39:59 -0500] "POST /kwsrmcab/Wsrmcab HTTP/1.1" 200 47824
201.245.192.253 - - [20/Aug/2022:02:40:04 -0500] "POST /kwsrmcab/Wsrmcab HTTP/1.1" 200 41393
23.251.102.74 - - [20/Aug/2022:02:40:15 -0500] "GET /portaldeninos/ HTTP/1.1" 200 110281
185.119.81.97 - - [20/Aug/2022:02:40:58 -0500] "GET /portaldeninos/wp-login.php HTTP/1.1" 200 2592
185.119.81.97 - - [20/Aug/2022:02:40:59 -0500] "POST /portaldeninos/wp-login.php HTTP/1.1" 200 3605
201.245.192.253 - - [20/Aug/2022:02:41:14 -0500] "POST /kwsrmcab/Wsrmcab  HTTP/1.1" 200 46805
172.22.2.4 - - [20/Aug/2022:02:39:55 -0500] "HEAD /BLA/boletinlegal/ HTTP/1.1" 200 -
157.55.39.98 - - [20/Aug/2022:02:41:40 -0500] "GET /BLA/resoluciones/RESOLUCIONES%202000/2000%202550-2599.tif HTTP/1.1" 200 3979120
216.245.221.92 - - [20/Aug/2022:02:42:01 -0500] "HEAD / HTTP/1.1" 200 -
66.249.73.191 - - [20/Aug/2022:02:42:20 -0500] "-" 408 -
172.22.2.4 - - [20/Aug/2022:02:40:45 -0500] "GET /BLA/boletinlegal/ HTTP/1.1" 200 59819
66.249.65.22 - - [20/Aug/2022:02:42:58 -0500] "-" 408 -
172.22.2.4 - - [20/Aug/2022:02:43:36 -0500] "GET /BLA/boletinlegal/a2billing/customer/templates/default/footer.tpl HTTP/1.1" 404 1018
201.245.192.253 - - [20/Aug/2022:02:46:13 -0500] "POST /kwsrmcab/Wsrmcab  HTTP/1.1" 200 46805
216.245.221.92 - - [20/Aug/2022:02:47:01 -0500] "HEAD / HTTP/1.1" 200 -
69.67.150.36 - - [20/Aug/2022:02:47:10 -0500] "GET /config/getuser?index=0 HTTP/1.1" 404 1018
172.22.2.4 - - [20/Aug/2022:02:45:45 -0500] "HEAD /BLA/boletinlegal/ HTTP/1.1" 200 -
172.22.2.4 - - [20/Aug/2022:02:46:35 -0500] "GET /BLA/boletinlegal/ HTTP/1.1" 200 57716
66.249.73.161 - - [20/Aug/2022:02:49:21 -0500] "-" 408 -
201.245.192.253 - - [20/Aug/2022:02:51:12 -0500] "POST /kwsrmcab/Wsrmcab  HTTP/1.1" 200 46805
216.245.221.92 - - [20/Aug/2022:02:52:01 -0500] "HEAD / HTTP/1.1" 200 -
185.119.81.104 - - [20/Aug/2022:02:52:40 -0500] "GET /portaldeninos/wp-login.php HTTP/1.1" 200 2592
185.119.81.104 - - [20/Aug/2022:02:52:41 -0500] "POST /portaldeninos/wp-login.php HTTP/1.1" 200 3605
172.22.2.4 - - [20/Aug/2022:02:51:35 -0500] "HEAD /BLA/boletinlegal/ HTTP/1.1" 200 -
172.22.2.4 - - [20/Aug/2022:02:52:25 -0500] "GET /BLA/boletinlegal/ HTTP/1.1" 200 58154
172.22.2.4 - - [20/Aug/2022:02:54:31 -0500] "GET /BLA/boletinlegal/robots.txt HTTP/1.1" 404 1038
172.22.2.4 - - [20/Aug/2022:02:54:31 -0500] "GET /BLA/boletinlegal/Directivas/2016/Directiva%20No.%2003%20del%2026%20de%20Julio%20de%202016.pdf HTTP/1.1" 304 -
185.7.214.117 - - [20/Aug/2022:02:54:55 -0500] "GET /index.php?s=/Index/\\think\\app/invokefunction&function=call_user_func_array&vars[0]=md5&vars[1][]=HelloThinkPHP21 HTTP/1.1" 404 1018
66.249.73.191 - - [20/Aug/2022:02:55:29 -0500] "-" 408 -
201.245.192.253 - - [20/Aug/2022:02:56:11 -0500] "POST /kwsrmcab/Wsrmcab  HTTP/1.1" 200 46805
216.245.221.92 - - [20/Aug/2022:02:57:01 -0500] "HEAD / HTTP/1.1" 200 -
172.22.2.4 - - [20/Aug/2022:02:58:49 -0500] "GET /BLA/boletinlegal/actos.php HTTP/1.1" 200 9559
172.22.2.4 - - [20/Aug/2022:02:59:04 -0500] "GET /BLA/boletinlegal/js/jquery1.js HTTP/1.1" 200 29846
172.22.2.4 - - [20/Aug/2022:02:57:25 -0500] "HEAD /BLA/boletinlegal/ HTTP/1.1" 200 -
172.22.2.4 - - [20/Aug/2022:02:59:06 -0500] "GET /BLA/boletinlegal/js/lib.js HTTP/1.1" 200 6474
172.22.2.4 - - [20/Aug/2022:02:59:07 -0500] "GET /BLA/boletinlegal/js/popup.js HTTP/1.1" 200 1270
172.22.2.4 - - [20/Aug/2022:02:59:08 -0500] "GET /BLA/boletinlegal/js/ajax_actos.js HTTP/1.1" 200 1322
185.119.81.104 - - [20/Aug/2022:02:59:44 -0500] "GET /portaldeninos/wp-login.php HTTP/1.1" 200 2592
185.119.81.104 - - [20/Aug/2022:02:59:45 -0500] "POST /portaldeninos/wp-login.php HTTP/1.1" 200 3605
172.22.2.4 - - [20/Aug/2022:02:58:15 -0500] "GET /BLA/boletinlegal/ HTTP/1.1" 200 52868
201.245.192.253 - - [20/Aug/2022:03:01:11 -0500] "POST /kwsrmcab/Wsrmcab  HTTP/1.1" 200 46805
66.249.73.191 - - [20/Aug/2022:03:01:36 -0500] "-" 408 -
216.245.221.92 - - [20/Aug/2022:03:02:01 -0500] "HEAD / HTTP/1.1" 200 -
172.22.2.4 - - [20/Aug/2022:03:03:15 -0500] "HEAD /BLA/boletinlegal/ HTTP/1.1" 200 -
172.22.2.4 - - [20/Aug/2022:03:04:05 -0500] "GET /BLA/boletinlegal/ HTTP/1.1" 200 57716
201.245.192.253 - - [20/Aug/2022:03:06:10 -0500] "POST /kwsrmcab/Wsrmcab  HTTP/1.1" 200 46805
216.245.221.92 - - [20/Aug/2022:03:07:01 -0500] "HEAD / HTTP/1.1" 200 -
66.249.73.161 - - [20/Aug/2022:03:07:19 -0500] "-" 408 -
159.242.234.10 - - [20/Aug/2022:03:08:10 -0500] "GET /wp-content/themes/twentyfive/include.php HTTP/1.1" 404 1035
207.46.13.188 - - [20/Aug/2022:03:08:10 -0500] "GET /BLA/resoluciones/RESOLUCIONES%202021/1554.pdf HTTP/1.1" 304 -
159.242.234.10 - - [20/Aug/2022:03:08:11 -0500] "GET /wp-content/themes/sketch/404.php HTTP/1.1" 404 1035
159.242.234.10 - - [20/Aug/2022:03:08:11 -0500] "GET /wp/wp-content/themes/sketch/404.php HTTP/1.1" 404 1035
159.242.234.10 - - [20/Aug/2022:03:08:12 -0500] "GET /wordpress/wp-content/themes/sketch/404.php HTTP/1.1" 404 1035
159.242.234.10 - - [20/Aug/2022:03:08:14 -0500] "GET /blog/wp-content/themes/sketch/404.php HTTP/1.1" 404 1035
159.242.234.10 - - [20/Aug/2022:03:08:14 -0500] "GET /site/wp-content/themes/sketch/404.php HTTP/1.1" 404 1035
172.105.89.161 - - [20/Aug/2022:03:08:27 -0500] "-" 408 -
159.242.234.10 - - [20/Aug/2022:03:08:32 -0500] "GET /wp-content/themes/twentyfive/include.php HTTP/1.1" 404 1032
159.242.234.10 - - [20/Aug/2022:03:08:33 -0500] "GET /wp-content/themes/sketch/404.php HTTP/1.1" 404 1032
159.242.234.10 - - [20/Aug/2022:03:08:33 -0500] "GET /wp/wp-content/themes/sketch/404.php HTTP/1.1" 404 1032
159.242.234.10 - - [20/Aug/2022:03:08:33 -0500] "GET /wordpress/wp-content/themes/sketch/404.php HTTP/1.1" 404 1032
159.242.234.10 - - [20/Aug/2022:03:08:34 -0500] "GET /blog/wp-content/themes/sketch/404.php HTTP/1.1" 404 1032
159.242.234.10 - - [20/Aug/2022:03:08:34 -0500] "GET /site/wp-content/themes/sketch/404.php HTTP/1.1" 404 1032
31.13.103.16 - - [20/Aug/2022:03:10:23 -0500] "GET /secretaria-de-ambiente-abre-espacio-de-formacion-para-comunicadores-sociales-y-periodistas.html HTTP/1.1" 206 860
172.22.2.4 - - [20/Aug/2022:03:09:05 -0500] "HEAD /BLA/boletinlegal/ HTTP/1.1" 200 -
201.245.192.253 - - [20/Aug/2022:03:11:09 -0500] "POST /kwsrmcab/Wsrmcab  HTTP/1.1" 200 46805
172.22.2.4 - - [20/Aug/2022:03:09:55 -0500] "GET /BLA/boletinlegal/ HTTP/1.1" 200 58154
216.245.221.92 - - [20/Aug/2022:03:12:01 -0500] "HEAD / HTTP/1.1" 200 -
185.7.214.117 - - [20/Aug/2022:03:12:50 -0500] "GET /?a=fetch&content=<php>die(@md5(HelloThinkCMF))</php> HTTP/1.1" 200 319
66.249.73.191 - - [20/Aug/2022:03:12:57 -0500] "-" 408 -
45.148.10.193 - - [20/Aug/2022:03:14:25 -0500] "GET / HTTP/1.1" 200 319
185.119.81.104 - - [20/Aug/2022:03:15:47 -0500] "GET /portaldeninos/wp-login.php HTTP/1.1" 200 2592
185.119.81.104 - - [20/Aug/2022:03:15:48 -0500] "POST /portaldeninos/wp-login.php HTTP/1.1" 200 3670
185.119.81.104 - - [20/Aug/2022:03:15:55 -0500] "GET /portaldeninos/wp-login.php HTTP/1.1" 200 2592
185.119.81.104 - - [20/Aug/2022:03:15:56 -0500] "POST /portaldeninos/wp-login.php HTTP/1.1" 200 3670
201.245.192.253 - - [20/Aug/2022:03:16:08 -0500] "POST /kwsrmcab/Wsrmcab  HTTP/1.1" 200 46805
172.22.2.4 - - [20/Aug/2022:03:14:55 -0500] "HEAD /BLA/boletinlegal/ HTTP/1.1" 200 -
172.22.2.4 - - [20/Aug/2022:03:17:00 -0500] "GET /BLA/boletinlegal/jurisprudencia/analisis/ANALISIST-672-14.docx HTTP/1.1" 304 -
216.245.221.92 - - [20/Aug/2022:03:17:01 -0500] "HEAD / HTTP/1.1" 200 -
172.22.2.4 - - [20/Aug/2022:03:15:45 -0500] "GET /BLA/boletinlegal/ HTTP/1.1" 200 59819
201.245.192.253 - - [20/Aug/2022:03:19:59 -0500] "POST /kwsrmcab/Wsrmcab HTTP/1.1" 200 47377
201.245.192.253 - - [20/Aug/2022:03:20:03 -0500] "POST /kwsrmcab/Wsrmcab HTTP/1.1" 200 43953
185.119.81.97 - - [20/Aug/2022:03:20:31 -0500] "GET /portaldeninos/wp-login.php HTTP/1.1" 200 2592
185.119.81.97 - - [20/Aug/2022:03:20:32 -0500] "POST /portaldeninos/wp-login.php HTTP/1.1" 200 3650
201.245.192.253 - - [20/Aug/2022:03:21:07 -0500] "POST /kwsrmcab/Wsrmcab  HTTP/1.1" 200 46805
216.245.221.92 - - [20/Aug/2022:03:22:01 -0500] "HEAD / HTTP/1.1" 200 -
172.22.2.4 - - [20/Aug/2022:03:20:45 -0500] "HEAD /BLA/boletinlegal/ HTTP/1.1" 200 -
172.22.2.4 - - [20/Aug/2022:03:21:35 -0500] "GET /BLA/boletinlegal/ HTTP/1.1" 200 59819
157.55.39.98 - - [20/Aug/2022:03:23:55 -0500] "GET /bla/resoluciones/autos%202022/2195.pdf HTTP/1.1" 200 397951
66.249.73.191 - - [20/Aug/2022:03:25:34 -0500] "-" 408 -
201.245.192.253 - - [20/Aug/2022:03:26:05 -0500] "POST /kwsrmcab/Wsrmcab  HTTP/1.1" 200 46805
216.245.221.92 - - [20/Aug/2022:03:27:01 -0500] "HEAD / HTTP/1.1" 200 -
172.22.2.4 - - [20/Aug/2022:03:26:35 -0500] "HEAD /BLA/boletinlegal/ HTTP/1.1" 200 -
172.22.2.4 - - [20/Aug/2022:03:27:25 -0500] "GET /BLA/boletinlegal/ HTTP/1.1" 200 59819
201.245.192.253 - - [20/Aug/2022:03:29:59 -0500] "POST /kwsrmcab/Wsrmcab HTTP/1.1" 200 47377
201.245.192.253 - - [20/Aug/2022:03:30:04 -0500] "POST /kwsrmcab/Wsrmcab HTTP/1.1" 200 43953
201.245.192.253 - - [20/Aug/2022:03:31:04 -0500] "POST /kwsrmcab/Wsrmcab  HTTP/1.1" 200 46805
207.46.13.115 - - [20/Aug/2022:03:31:46 -0500] "GET /siipev/Diseno%20de%20Elementos%20de%20Mobiliario%20Urbano/Parte2.html? HTTP/1.1" 200 21566
216.245.221.92 - - [20/Aug/2022:03:32:01 -0500] "HEAD / HTTP/1.1" 200 -
66.249.73.191 - - [20/Aug/2022:03:33:40 -0500] "-" 408 -
172.22.2.4 - - [20/Aug/2022:03:32:25 -0500] "HEAD /BLA/boletinlegal/ HTTP/1.1" 200 -
172.22.2.4 - - [20/Aug/2022:03:33:15 -0500] "GET /BLA/boletinlegal/ HTTP/1.1" 200 60272
201.245.192.253 - - [20/Aug/2022:03:36:04 -0500] "POST /kwsrmcab/Wsrmcab  HTTP/1.1" 200 46805
216.245.221.92 - - [20/Aug/2022:03:37:01 -0500] "HEAD / HTTP/1.1" 200 -
185.119.81.104 - - [20/Aug/2022:03:37:46 -0500] "GET /portaldeninos/wp-login.php HTTP/1.1" 200 2592
185.119.81.104 - - [20/Aug/2022:03:37:47 -0500] "POST /portaldeninos/wp-login.php HTTP/1.1" 200 3650
172.22.2.4 - - [20/Aug/2022:03:38:15 -0500] "HEAD /BLA/boletinlegal/ HTTP/1.1" 200 -
201.245.192.253 - - [20/Aug/2022:03:39:59 -0500] "POST /kwsrmcab/Wsrmcab HTTP/1.1" 200 47377
201.245.192.253 - - [20/Aug/2022:03:40:04 -0500] "POST /kwsrmcab/Wsrmcab HTTP/1.1" 200 43953
69.171.251.18 - - [20/Aug/2022:03:40:10 -0500] "GET /bogota-esta-incorporando-energias-limpias-en-su-sistema-electrico.html HTTP/1.1" 206 1032
172.22.2.4 - - [20/Aug/2022:03:39:05 -0500] "GET /BLA/boletinlegal/ HTTP/1.1" 200 59310
201.245.192.253 - - [20/Aug/2022:03:41:03 -0500] "POST /kwsrmcab/Wsrmcab  HTTP/1.1" 200 46805
66.249.73.191 - - [20/Aug/2022:03:41:15 -0500] "-" 408 -
216.245.221.92 - - [20/Aug/2022:03:42:01 -0500] "HEAD / HTTP/1.1" 200 -
104.199.70.88 - - [20/Aug/2022:03:43:31 -0500] "GET /POT-2013/Cartografia/Anexo01_Sistema_Hidrico.pdf HTTP/1.1" 200 5860035
207.46.13.45 - - [20/Aug/2022:03:44:39 -0500] "GET /BLA/resoluciones/AUTOS%202022/3409.pdf HTTP/1.1" 200 1959933
38.242.230.226 - - [20/Aug/2022:03:45:26 -0500] "\x16\x03\x01\x02" 400 226
172.22.2.4 - - [20/Aug/2022:03:44:05 -0500] "HEAD /BLA/boletinlegal/ HTTP/1.1" 200 -
201.245.192.253 - - [20/Aug/2022:03:46:01 -0500] "POST /kwsrmcab/Wsrmcab  HTTP/1.1" 200 46805
172.22.2.4 - - [20/Aug/2022:03:44:55 -0500] "GET /BLA/boletinlegal/ HTTP/1.1" 200 54347
216.245.221.92 - - [20/Aug/2022:03:47:01 -0500] "HEAD / HTTP/1.1" 200 -
46.98.118.236 - - [20/Aug/2022:03:47:51 -0500] "GET / HTTP/1.1" 200 319
46.98.118.236 - - [20/Aug/2022:03:47:51 -0500] "GET http://www.msftncsi.com/ncsi.txt HTTP/1.1" 404 1152
66.249.73.191 - - [20/Aug/2022:03:48:34 -0500] "-" 408 -
207.46.13.45 - - [20/Aug/2022:03:49:20 -0500] "GET /bla/boletinlegal/conceptos.php/niceforms.js HTTP/1.1" 200 7443
201.245.192.253 - - [20/Aug/2022:03:51:00 -0500] "POST /kwsrmcab/Wsrmcab  HTTP/1.1" 200 46805
34.90.230.182 - - [20/Aug/2022:03:51:07 -0500] "GET / HTTP/1.1" 200 319
34.90.230.182 - - [20/Aug/2022:03:51:07 -0500] "GET / HTTP/1.1" 200 4720
172.22.2.4 - - [20/Aug/2022:03:49:55 -0500] "HEAD /BLA/boletinlegal/ HTTP/1.1" 200 -
216.245.221.92 - - [20/Aug/2022:03:52:01 -0500] "HEAD / HTTP/1.1" 200 -
172.22.2.4 - - [20/Aug/2022:03:50:45 -0500] "GET /BLA/boletinlegal/ HTTP/1.1" 200 58946
207.46.13.188 - - [20/Aug/2022:03:53:33 -0500] "GET /BLA/resoluciones/RESOLUCIONES%202021/2903.pdf HTTP/1.1" 304 -
201.245.192.253 - - [20/Aug/2022:03:55:59 -0500] "POST /kwsrmcab/Wsrmcab  HTTP/1.1" 200 46805
216.245.221.92 - - [20/Aug/2022:03:57:01 -0500] "HEAD / HTTP/1.1" 200 -
172.22.2.4 - - [20/Aug/2022:03:55:45 -0500] "HEAD /BLA/boletinlegal/ HTTP/1.1" 200 -
207.46.13.36 - - [20/Aug/2022:03:57:25 -0500] "GET /BLA/resoluciones/RESOLUCIONES%202000/2000%201150-1199.tif HTTP/1.1" 200 4191097
207.46.13.45 - - [20/Aug/2022:03:58:04 -0500] "GET /sipse/faces/javax.faces.resource/jquery/jquery.js;jsessionid=8kgfux8pupkmanh6nyhhpkvn.undefined?ln=primefaces&amp;v=4.0 HTTP/1.1" 200 105384
207.46.13.11 - - [20/Aug/2022:03:58:14 -0500] "GET /BLA/resoluciones/index.php?dir=AUTOS+2022%2F HTTP/1.1" 200 208316
172.22.2.4 - - [20/Aug/2022:03:56:35 -0500] "GET /BLA/boletinlegal/ HTTP/1.1" 200 56005
40.77.167.101 - - [20/Aug/2022:03:59:52 -0500] "-" 408 -
172.22.2.4 - - [20/Aug/2022:04:00:57 -0500] "GET /BLA/boletinlegal/Circulares/2012/Circular%20No.%204%20del%2019%20de%20abril%20de%202012.pdf HTTP/1.1" 304 -
201.245.192.253 - - [20/Aug/2022:04:00:58 -0500] "POST /kwsrmcab/Wsrmcab  HTTP/1.1" 200 46805
216.245.221.92 - - [20/Aug/2022:04:02:01 -0500] "HEAD / HTTP/1.1" 200 -
172.22.2.4 - - [20/Aug/2022:04:01:35 -0500] "HEAD /BLA/boletinlegal/ HTTP/1.1" 200 -
172.22.2.4 - - [20/Aug/2022:04:02:25 -0500] "GET /BLA/boletinlegal/ HTTP/1.1" 200 58946
172.22.2.4 - - [20/Aug/2022:04:04:36 -0500] "GET /BLA/boletinlegal/Circulares/2010/Circular%2005%20de%208%20de%20septiembre%20de%202010.pdf HTTP/1.1" 304 -
201.245.192.253 - - [20/Aug/2022:04:05:56 -0500] "POST /kwsrmcab/Wsrmcab  HTTP/1.1" 200 46805
216.245.221.92 - - [20/Aug/2022:04:07:01 -0500] "HEAD / HTTP/1.1" 200 -
172.22.2.4 - - [20/Aug/2022:04:07:31 -0500] "GET /BLA/boletinlegal/robots.txt HTTP/1.1" 404 1038
172.22.2.4 - - [20/Aug/2022:04:07:34 -0500] "GET /BLA/boletinlegal/Directivas/2013/Directiva%20No.%201%20del%2004%20de%20Abril%20de%202013.pdf HTTP/1.1" 200 472003
35.208.187.63 - - [20/Aug/2022:04:08:31 -0500] "HEAD /BLA/resoluciones/RESOLUCIONES%202017/0520.pdf HTTP/1.1" 200 -
172.22.2.4 - - [20/Aug/2022:04:07:25 -0500] "HEAD /BLA/boletinlegal/ HTTP/1.1" 200 -
157.55.39.102 - - [20/Aug/2022:04:09:24 -0500] "GET /portaldeninos/wp-content/uploads/2021/10/infografia-fauna-ni%C3%B1os-ambientic-89x300.jpg HTTP/1.1" 200 9609
157.55.39.98 - - [20/Aug/2022:04:09:38 -0500] "GET /BLA/resoluciones/RESOLUCIONES%202000/2000%20500-549.tif HTTP/1.1" 200 4589773
172.22.2.4 - - [20/Aug/2022:04:08:15 -0500] "GET /BLA/boletinlegal/ HTTP/1.1" 200 60272
201.245.192.253 - - [20/Aug/2022:04:10:55 -0500] "POST /kwsrmcab/Wsrmcab  HTTP/1.1" 200 46805
66.249.65.20 - - [20/Aug/2022:04:11:12 -0500] "-" 408 -
69.67.150.36 - - [20/Aug/2022:04:11:37 -0500] "POST /boaform/admin/formLogin HTTP/1.1" 404 1186
216.245.221.92 - - [20/Aug/2022:04:12:01 -0500] "HEAD / HTTP/1.1" 200 -
172.22.2.4 - - [20/Aug/2022:04:13:15 -0500] "HEAD /BLA/boletinlegal/ HTTP/1.1" 200 -
