190.156.185.197 - - [21/Aug/2022:21:03:38 -0500] "GET /BLA/resoluciones/index.php?dir=AUTOS+2022%2F HTTP/1.1" 200 208316
190.156.185.197 - - [21/Aug/2022:21:03:44 -0500] "GET /BLA/resoluciones/index.php?dir=AUTOS+2021%2F HTTP/1.1" 200 392023
172.22.2.4 - - [21/Aug/2022:21:03:12 -0500] "HEAD /BLA/boletinlegal/ HTTP/1.1" 200 -
201.245.192.253 - - [21/Aug/2022:21:04:51 -0500] "POST /kwsrmcab/Wsrmcab  HTTP/1.1" 200 46805
190.156.185.197 - - [21/Aug/2022:21:05:36 -0500] "GET /BLA/resoluciones/AUTOS%202021/6247.pdf HTTP/1.1" 200 355152
190.156.185.197 - - [21/Aug/2022:21:05:37 -0500] "GET /BLA/resoluciones/ HTTP/1.1" 200 13093
190.156.185.197 - - [21/Aug/2022:21:05:36 -0500] "GET /BLA/resoluciones/index.php?dir=AUTOS+2021%2F HTTP/1.1" 200 392023
172.22.2.4 - - [21/Aug/2022:21:04:02 -0500] "GET /BLA/boletinlegal/ HTTP/1.1" 200 59819
190.156.185.197 - - [21/Aug/2022:21:06:01 -0500] "GET /BLA/resoluciones/AUTOS%202022/1326.pdf HTTP/1.1" 200 1110440
190.156.185.197 - - [21/Aug/2022:21:06:02 -0500] "GET /BLA/resoluciones/index.php?dir=AUTOS+2022%2F HTTP/1.1" 200 208316
190.156.185.197 - - [21/Aug/2022:21:06:12 -0500] "GET /BLA/resoluciones/AUTOS%202022/1333.pdf HTTP/1.1" 200 546864
190.156.185.197 - - [21/Aug/2022:21:06:12 -0500] "GET /BLA/resoluciones/index.php?dir=AUTOS+2022%2F HTTP/1.1" 200 208316
190.156.185.197 - - [21/Aug/2022:21:06:13 -0500] "GET /BLA/resoluciones/ HTTP/1.1" 200 13093
216.245.221.92 - - [21/Aug/2022:21:06:55 -0500] "HEAD / HTTP/1.1" 200 -
207.46.13.186 - - [21/Aug/2022:21:07:37 -0500] "GET /BLA/resoluciones/RESOLUCIONES%202013/0471.pdf HTTP/1.1" 200 2712207
190.156.185.197 - - [21/Aug/2022:21:09:30 -0500] "GET /BLA/resoluciones/AUTOS%202021/6247.pdf HTTP/1.1" 206 1
190.156.185.197 - - [21/Aug/2022:21:09:30 -0500] "GET /BLA/resoluciones/AUTOS%202021/6247.pdf HTTP/1.1" 206 13784
190.156.185.197 - - [21/Aug/2022:21:09:30 -0500] "GET /BLA/resoluciones/index.php?dir=AUTOS+2021%2F HTTP/1.1" 200 392023
190.156.185.197 - - [21/Aug/2022:21:09:31 -0500] "GET /favicon.ico HTTP/1.1" 200 7782
201.245.192.253 - - [21/Aug/2022:21:09:50 -0500] "POST /kwsrmcab/Wsrmcab  HTTP/1.1" 200 46805
207.46.13.45 - - [21/Aug/2022:21:10:25 -0500] "GET /forest/ HTTP/1.1" 200 12041
172.22.2.4 - - [21/Aug/2022:21:09:02 -0500] "HEAD /BLA/boletinlegal/ HTTP/1.1" 200 -
172.22.2.4 - - [21/Aug/2022:21:09:52 -0500] "GET /BLA/boletinlegal/ HTTP/1.1" 200 57366
216.245.221.92 - - [21/Aug/2022:21:11:55 -0500] "HEAD / HTTP/1.1" 200 -
172.22.2.4 - - [21/Aug/2022:21:13:32 -0500] "GET /BLA/boletinlegal/apple-touch-icon-precomposed.png HTTP/1.1" 404 1140
172.22.2.4 - - [21/Aug/2022:21:13:32 -0500] "GET /BLA/boletinlegal/apple-touch-icon.png HTTP/1.1" 404 1140
172.22.2.4 - - [21/Aug/2022:21:13:32 -0500] "GET /BLA/boletinlegal/favicon.ico HTTP/1.1" 404 1140
172.22.2.4 - - [21/Aug/2022:21:13:02 -0500] "GET /BLA/boletinlegal/ HTTP/1.1" 200 49099
201.245.192.253 - - [21/Aug/2022:21:14:49 -0500] "POST /kwsrmcab/Wsrmcab  HTTP/1.1" 200 46805
172.22.2.4 - - [21/Aug/2022:21:14:52 -0500] "HEAD /BLA/boletinlegal/ HTTP/1.1" 200 -
216.245.221.92 - - [21/Aug/2022:21:16:55 -0500] "HEAD / HTTP/1.1" 200 -
172.22.2.4 - - [21/Aug/2022:21:15:42 -0500] "GET /BLA/boletinlegal/ HTTP/1.1" 200 58154
173.231.60.194 - - [21/Aug/2022:21:19:34 -0500] "GET /BLA/resoluciones/index.php?dir=RESOLUCIONES%202006%2FRES%202006%202201-2250%2F&sort=date&order=asc HTTP/1.1" 200 12366
173.231.60.194 - - [21/Aug/2022:21:19:45 -0500] "GET /BLA/resoluciones/index.php?dir=RESOLUCIONES%202006%2FRES%202006%202201-2250%2F&sort=size&order=asc HTTP/1.1" 200 12366
201.245.192.253 - - [21/Aug/2022:21:19:48 -0500] "POST /kwsrmcab/Wsrmcab  HTTP/1.1" 200 46805
201.245.192.253 - - [21/Aug/2022:21:19:50 -0500] "POST /kwsrmcab/Wsrmcab HTTP/1.1" 200 44640
173.231.60.194 - - [21/Aug/2022:21:19:56 -0500] "GET /BLA/resoluciones/index.php?dir=RESOLUCIONES%202006%2FRES%202006%202251-2300%2F&sort=date&order=asc HTTP/1.1" 200 12361
201.245.192.253 - - [21/Aug/2022:21:19:54 -0500] "POST /kwsrmcab/Wsrmcab HTTP/1.1" 200 43548
173.231.60.194 - - [21/Aug/2022:21:20:04 -0500] "GET /BLA/resoluciones/index.php?dir=RESOLUCIONES%202006%2FRES%202006%202251-2300%2F&sort=size&order=asc HTTP/1.1" 200 12361
173.231.60.194 - - [21/Aug/2022:21:20:15 -0500] "GET /BLA/resoluciones/index.php?dir=RESOLUCIONES%202006%2FRES%202006%202301-2350%2F&sort=date&order=asc HTTP/1.1" 200 12364
173.231.60.194 - - [21/Aug/2022:21:20:30 -0500] "GET /BLA/resoluciones/index.php?dir=RESOLUCIONES%202006%2FRES%202006%202301-2350%2F&sort=size&order=asc HTTP/1.1" 200 12364
173.231.60.194 - - [21/Aug/2022:21:20:41 -0500] "GET /BLA/resoluciones/index.php?dir=RESOLUCIONES%202006%2FRES%202006%202351-2400%2F&sort=date&order=asc HTTP/1.1" 200 12357
173.231.60.194 - - [21/Aug/2022:21:20:49 -0500] "GET /BLA/resoluciones/index.php?dir=RESOLUCIONES%202006%2FRES%202006%202351-2400%2F&sort=size&order=asc HTTP/1.1" 200 12357
173.231.60.194 - - [21/Aug/2022:21:20:59 -0500] "GET /BLA/resoluciones/index.php?dir=RESOLUCIONES%202006%2FRES%202006%202401-2450%2F&sort=date&order=asc HTTP/1.1" 200 12370
172.22.2.4 - - [21/Aug/2022:21:19:20 -0500] "GET /BLA/boletinlegal/ HTTP/1.1" 200 53281
173.231.60.194 - - [21/Aug/2022:21:21:10 -0500] "GET /BLA/resoluciones/index.php?dir=RESOLUCIONES%202006%2FRES%202006%202401-2450%2F&sort=size&order=asc HTTP/1.1" 200 12370
173.231.60.194 - - [21/Aug/2022:21:21:24 -0500] "GET /BLA/resoluciones/index.php?dir=RESOLUCIONES%202006%2FRES%202006%202451-2500%2F&sort=date&order=asc HTTP/1.1" 200 12154
173.231.60.194 - - [21/Aug/2022:21:21:37 -0500] "GET /BLA/resoluciones/index.php?dir=RESOLUCIONES%202006%2FRES%202006%202451-2500%2F&sort=size&order=asc HTTP/1.1" 200 12154
173.231.60.194 - - [21/Aug/2022:21:21:45 -0500] "GET /BLA/resoluciones/index.php?dir=RESOLUCIONES%202006%2FRES%202006%202501-2550%2F&sort=date&order=asc HTTP/1.1" 200 12358
216.245.221.92 - - [21/Aug/2022:21:21:56 -0500] "HEAD / HTTP/1.1" 200 -
173.231.60.194 - - [21/Aug/2022:21:21:56 -0500] "GET /BLA/resoluciones/index.php?dir=RESOLUCIONES%202006%2FRES%202006%202501-2550%2F&sort=size&order=asc HTTP/1.1" 200 12358
173.231.60.194 - - [21/Aug/2022:21:22:06 -0500] "GET /BLA/resoluciones/index.php?dir=RESOLUCIONES%202006%2FRES%202006%202551-2600%2F&sort=date&order=asc HTTP/1.1" 200 12354
173.231.60.194 - - [21/Aug/2022:21:22:14 -0500] "GET /BLA/resoluciones/index.php?dir=RESOLUCIONES%202006%2FRES%202006%202551-2600%2F&sort=size&order=asc HTTP/1.1" 200 12354
172.22.2.4 - - [21/Aug/2022:21:20:42 -0500] "HEAD /BLA/boletinlegal/ HTTP/1.1" 200 -
173.231.60.194 - - [21/Aug/2022:21:22:28 -0500] "GET /BLA/resoluciones/index.php?dir=RESOLUCIONES%202006%2FRES%202006%202601-2650%2F&sort=date&order=asc HTTP/1.1" 200 11939
173.231.60.194 - - [21/Aug/2022:21:22:39 -0500] "GET /BLA/resoluciones/index.php?dir=RESOLUCIONES%202006%2FRES%202006%202601-2650%2F&sort=size&order=asc HTTP/1.1" 200 11939
173.231.60.194 - - [21/Aug/2022:21:22:48 -0500] "GET /BLA/resoluciones/index.php?dir=RESOLUCIONES%202006%2FRES%202006%202651-2700%2F&sort=date&order=asc HTTP/1.1" 200 12365
173.231.60.194 - - [21/Aug/2022:21:22:57 -0500] "GET /BLA/resoluciones/index.php?dir=RESOLUCIONES%202006%2FRES%202006%202651-2700%2F&sort=size&order=asc HTTP/1.1" 200 12365
173.231.60.194 - - [21/Aug/2022:21:23:06 -0500] "GET /BLA/resoluciones/index.php?dir=RESOLUCIONES%202006%2FRES%202006%202701-2750%2F&sort=date&order=asc HTTP/1.1" 200 12367
172.22.2.4 - - [21/Aug/2022:21:21:32 -0500] "GET /BLA/boletinlegal/ HTTP/1.1" 200 59819
173.231.60.194 - - [21/Aug/2022:21:23:19 -0500] "GET /BLA/resoluciones/index.php?dir=RESOLUCIONES%202006%2FRES%202006%202701-2750%2F&sort=size&order=asc HTTP/1.1" 200 12367
173.231.60.194 - - [21/Aug/2022:21:23:35 -0500] "GET /BLA/resoluciones/index.php?dir=RESOLUCIONES%202006%2FRES%202006%202751-2800%2F&sort=date&order=asc HTTP/1.1" 200 12358
173.231.60.194 - - [21/Aug/2022:21:23:42 -0500] "GET /BLA/resoluciones/index.php?dir=RESOLUCIONES%202006%2FRES%202006%202751-2800%2F&sort=size&order=asc HTTP/1.1" 200 12358
173.231.60.194 - - [21/Aug/2022:21:23:49 -0500] "GET /BLA/resoluciones/index.php?dir=RESOLUCIONES%202006%2FRES%202006%202801-2850%2F&sort=date&order=asc HTTP/1.1" 200 13377
173.231.60.194 - - [21/Aug/2022:21:24:05 -0500] "GET /BLA/resoluciones/index.php?dir=RESOLUCIONES%202006%2FRES%202006%202801-2850%2F&sort=size&order=asc HTTP/1.1" 200 13377
191.156.184.219 - - [21/Aug/2022:21:24:09 -0500] "GET /appsia/controlador HTTP/1.1" 200 4621
185.119.81.97 - - [21/Aug/2022:21:24:11 -0500] "GET /portaldeninos/wp-login.php HTTP/1.1" 200 2592
185.119.81.97 - - [21/Aug/2022:21:24:12 -0500] "POST /portaldeninos/wp-login.php HTTP/1.1" 200 3605
191.156.184.219 - - [21/Aug/2022:21:24:13 -0500] "POST /appsia/controlador HTTP/1.1" 200 16165
173.231.60.194 - - [21/Aug/2022:21:24:18 -0500] "GET /BLA/resoluciones/index.php?dir=RESOLUCIONES%202006%2FRES%202006%202851-2900%2F&sort=date&order=asc HTTP/1.1" 200 13377
173.231.60.194 - - [21/Aug/2022:21:24:25 -0500] "GET /BLA/resoluciones/index.php?dir=RESOLUCIONES%202006%2FRES%202006%202851-2900%2F&sort=size&order=asc HTTP/1.1" 200 13377
173.231.60.194 - - [21/Aug/2022:21:24:35 -0500] "GET /BLA/resoluciones/index.php?dir=RESOLUCIONES%202006%2FRES%202006%202901-2950%2F&sort=date&order=asc HTTP/1.1" 200 13377
201.245.192.253 - - [21/Aug/2022:21:24:47 -0500] "POST /kwsrmcab/Wsrmcab  HTTP/1.1" 200 46805
173.231.60.194 - - [21/Aug/2022:21:24:50 -0500] "GET /BLA/resoluciones/index.php?dir=RESOLUCIONES%202006%2FRES%202006%202901-2950%2F&sort=size&order=asc HTTP/1.1" 200 13377
173.231.60.194 - - [21/Aug/2022:21:25:01 -0500] "GET /BLA/resoluciones/index.php?dir=RESOLUCIONES%202006%2FRES%202006%202951-3000%2F&sort=date&order=asc HTTP/1.1" 200 13377
173.231.60.194 - - [21/Aug/2022:21:25:12 -0500] "GET /BLA/resoluciones/index.php?dir=RESOLUCIONES%202006%2FRES%202006%202951-3000%2F&sort=size&order=asc HTTP/1.1" 200 13377
173.231.60.194 - - [21/Aug/2022:21:25:21 -0500] "GET /BLA/resoluciones/index.php?dir=RESOLUCIONES%202006%2FRES%202006%203001-3054%2F&sort=date&order=asc HTTP/1.1" 200 13377
173.231.60.194 - - [21/Aug/2022:21:25:36 -0500] "GET /BLA/resoluciones/index.php?dir=RESOLUCIONES%202006%2FRES%202006%203001-3054%2F&sort=size&order=asc HTTP/1.1" 200 13377
173.231.60.194 - - [21/Aug/2022:21:25:43 -0500] "GET /BLA/resoluciones/index.php?dir=RESOLUCIONES%202007%2FRES%202007%201%20AL%20100%2F&sort=name&order=desc HTTP/1.1" 200 26174
173.231.60.194 - - [21/Aug/2022:21:25:55 -0500] "GET /BLA/resoluciones/index.php?dir=RESOLUCIONES%202006%2FRES%202006%201001-1050%2F&sort=name&order=desc HTTP/1.1" 200 12340
172.22.2.4 - - [21/Aug/2022:21:26:00 -0500] "GET /BLA/boletinlegal/actos.php HTTP/1.1" 200 9559
172.22.2.4 - - [21/Aug/2022:21:26:00 -0500] "GET /BLA/boletinlegal/images/icono-email.png HTTP/1.1" 200 5544
172.22.2.4 - - [21/Aug/2022:21:26:00 -0500] "GET /BLA/boletinlegal/apple-touch-icon-precomposed.png HTTP/1.1" 404 1140
172.22.2.4 - - [21/Aug/2022:21:26:01 -0500] "GET /BLA/boletinlegal/apple-touch-icon.png HTTP/1.1" 404 1140
190.27.13.0 - - [21/Aug/2022:21:26:02 -0500] "GET /BLA/resoluciones/ HTTP/1.1" 200 13093
190.27.13.0 - - [21/Aug/2022:21:26:02 -0500] "GET /apple-touch-icon-precomposed.png HTTP/1.1" 404 1120
190.27.13.0 - - [21/Aug/2022:21:26:02 -0500] "GET /apple-touch-icon.png HTTP/1.1" 404 1120
173.231.60.194 - - [21/Aug/2022:21:26:03 -0500] "GET /BLA/resoluciones/index.php?dir=RESOLUCIONES%202006%2FRES%202006%201051-1100%2F&sort=name&order=desc HTTP/1.1" 200 12368
190.27.13.0 - - [21/Aug/2022:21:26:11 -0500] "GET /BLA/resoluciones/index.php?dir=AUTOS+2022%2F HTTP/1.1" 200 208316
173.231.60.194 - - [21/Aug/2022:21:26:18 -0500] "GET /BLA/resoluciones/index.php?dir=RESOLUCIONES%202006%2FRES%202006%201101-1150%2F&sort=name&order=desc HTTP/1.1" 200 12367
173.231.60.194 - - [21/Aug/2022:21:26:31 -0500] "GET /BLA/resoluciones/index.php?dir=RESOLUCIONES%202006%2FRES%202006%201151-1200%2F&sort=name&order=desc HTTP/1.1" 200 12364
173.231.60.194 - - [21/Aug/2022:21:26:44 -0500] "GET /BLA/resoluciones/index.php?dir=RESOLUCIONES%202006%2FRES%202006%201201-1250%2F&sort=name&order=desc HTTP/1.1" 200 12345
172.22.2.4 - - [21/Aug/2022:21:25:53 -0500] "GET /BLA/boletinlegal/ HTTP/1.1" 200 36811
216.245.221.92 - - [21/Aug/2022:21:26:55 -0500] "HEAD / HTTP/1.1" 200 -
173.231.60.194 - - [21/Aug/2022:21:27:01 -0500] "GET /BLA/resoluciones/index.php?dir=RESOLUCIONES%202006%2FRES%202006%201251-1300%2F&sort=name&order=desc HTTP/1.1" 200 12367
173.231.60.194 - - [21/Aug/2022:21:27:16 -0500] "GET /BLA/resoluciones/index.php?dir=RESOLUCIONES%202006%2FRES%202006%201301-1350%2F&sort=name&order=desc HTTP/1.1" 200 12364
199.16.157.182 - - [21/Aug/2022:21:27:27 -0500] "-" 408 -
199.16.157.183 - - [21/Aug/2022:21:27:27 -0500] "-" 408 -
199.16.157.181 - - [21/Aug/2022:21:27:27 -0500] "-" 408 -
173.231.60.194 - - [21/Aug/2022:21:27:32 -0500] "GET /BLA/resoluciones/index.php?dir=RESOLUCIONES%202006%2FRES%202006%201351-1400%2F&sort=name&order=desc HTTP/1.1" 200 12366
173.231.60.194 - - [21/Aug/2022:21:27:48 -0500] "GET /BLA/resoluciones/index.php?dir=RESOLUCIONES%202006%2FRES%202006%201401-1450%2F&sort=name&order=desc HTTP/1.1" 200 12366
173.252.107.120 - - [21/Aug/2022:21:27:49 -0500] "GET /secretaria-de-ambiente-abre-las-votaciones-para-definir-las-mejores-practicas-ambientales-en-las-entidades-publicas.html HTTP/1.1" 206 996
173.252.107.120 - - [21/Aug/2022:21:27:49 -0500] "GET /images/buenas-practicas-ambientales21-octubre.jpg HTTP/1.1" 200 77514
173.252.83.2 - - [21/Aug/2022:21:27:50 -0500] "GET /images/buenas-practicas-ambientales21-octubre.jpg HTTP/1.1" 200 77514
172.22.2.4 - - [21/Aug/2022:21:27:51 -0500] "GET /BLA/boletinlegal/Circulares/2019/Circular%20No.%200015%20del%2003%20de%20Octubre%20de%202019.pdf HTTP/1.1" 304 -
173.231.60.194 - - [21/Aug/2022:21:27:56 -0500] "GET /BLA/resoluciones/index.php?dir=RESOLUCIONES%202006%2FRES%202006%201451-1500%2F&sort=name&order=desc HTTP/1.1" 200 12369
173.231.60.194 - - [21/Aug/2022:21:28:05 -0500] "GET /BLA/resoluciones/index.php?dir=RESOLUCIONES%202006%2FRES%202006%201501-1550%2F&sort=name&order=desc HTTP/1.1" 200 12369
172.22.2.4 - - [21/Aug/2022:21:26:32 -0500] "HEAD /BLA/boletinlegal/ HTTP/1.1" 200 -
173.231.60.194 - - [21/Aug/2022:21:28:19 -0500] "GET /BLA/resoluciones/index.php?dir=RESOLUCIONES%202006%2FRES%202006%201551-1600%2F&sort=name&order=desc HTTP/1.1" 200 12368
173.231.60.194 - - [21/Aug/2022:21:28:30 -0500] "GET /BLA/resoluciones/index.php?dir=RESOLUCIONES%202006%2FRES%202006%201601-1650%2F&sort=name&order=desc HTTP/1.1" 200 12365
173.252.107.120 - - [21/Aug/2022:21:28:33 -0500] "GET /tres-entidades-distritales-ganadoras-del-concurso-al-trabajo-en-bici.html HTTP/1.1" 206 945
173.231.60.194 - - [21/Aug/2022:21:28:39 -0500] "GET /BLA/resoluciones/index.php?dir=RESOLUCIONES%202006%2FRES%202006%201651-1700%2F&sort=name&order=desc HTTP/1.1" 200 12353
173.231.60.194 - - [21/Aug/2022:21:28:50 -0500] "GET /BLA/resoluciones/index.php?dir=RESOLUCIONES%202006%2FRES%202006%201701-1751%2F&sort=name&order=desc HTTP/1.1" 200 12368
172.22.2.4 - - [21/Aug/2022:21:27:22 -0500] "GET /BLA/boletinlegal/ HTTP/1.1" 200 60272
201.245.192.253 - - [21/Aug/2022:21:29:45 -0500] "POST /kwsrmcab/Wsrmcab  HTTP/1.1" 200 46805
201.245.192.253 - - [21/Aug/2022:21:29:51 -0500] "POST /kwsrmcab/Wsrmcab HTTP/1.1" 200 44640
201.245.192.253 - - [21/Aug/2022:21:29:55 -0500] "POST /kwsrmcab/Wsrmcab HTTP/1.1" 200 43548
216.245.221.92 - - [21/Aug/2022:21:31:55 -0500] "HEAD / HTTP/1.1" 200 -
13.95.118.150 - - [21/Aug/2022:21:33:26 -0500] "-" 408 -
172.22.2.4 - - [21/Aug/2022:21:32:22 -0500] "HEAD /BLA/boletinlegal/ HTTP/1.1" 200 -
201.245.192.253 - - [21/Aug/2022:21:34:44 -0500] "POST /kwsrmcab/Wsrmcab  HTTP/1.1" 200 46805
172.22.2.4 - - [21/Aug/2022:21:33:12 -0500] "GET /BLA/boletinlegal/ HTTP/1.1" 200 59819
186.102.43.63 - - [21/Aug/2022:21:36:50 -0500] "OPTIONS /kwssiamovil/sm/setfile/f? HTTP/1.1" 200 13
172.22.2.4 - - [21/Aug/2022:21:35:11 -0500] "GET /BLA/boletinlegal/ HTTP/1.1" 200 63198
186.102.43.63 - - [21/Aug/2022:21:36:50 -0500] "POST /kwssiamovil/sm/setfile/f? HTTP/1.1" 200 381
186.102.43.63 - - [21/Aug/2022:21:36:53 -0500] "OPTIONS /kwssiamovil/sm/setfile/f? HTTP/1.1" 200 13
216.245.221.92 - - [21/Aug/2022:21:36:55 -0500] "HEAD / HTTP/1.1" 200 -
186.102.43.63 - - [21/Aug/2022:21:36:53 -0500] "POST /kwssiamovil/sm/setfile/f? HTTP/1.1" 200 381
186.102.43.63 - - [21/Aug/2022:21:37:07 -0500] "GET /kwssiamovil/sm/acme/a?s=U2FsdGVkX184PMdt7y6k2lJDNxfpwc8iHlsRXLy8HOZAVkP4Fs7BtsphpRqby6QNuDk8tSNwlFH8c5RqjE0uRbZHRqwhUQe9ix0/7gwvY7C5U48QMY/G1kWi7hudsRDzUT9OAh26RRbJ9ZI7/5YDXtjWd/zDR4rdqvZHjg/34sJ8nNUi+XNruSgappxG2UJaGLa01iIrtWWe02aAKqXSQRWN6C/aZ6YFzAaendUZLSeYA8Z7gQM65ZEttDno5fUgcMCbiVA8nDvdP92VewrTrw==&u=U2FsdGVkX18QBjSYLCQkx7CNNvtdvRv154/1cfGIKzo=&y=U2FsdGVkX1/WQp+iS0xxfw7B339ckCFYSZYcou3d8+U= HTTP/1.1" 200 25
186.102.43.63 - - [21/Aug/2022:21:37:07 -0500] "GET /kwssiamovil/sm/acme/a?s=U2FsdGVkX1+7BZFwgY5GbZ/l/Ur1malWg11kjcjZRymxY0Wz6xliphzcMJtP9S6Rpx3vU6i9W/LtS2crxubot2TuTmI47+DeePhnHU+3TPraEBBi7wyXHuK8qbWQDTdrEH/p7eCNdiNXaKhb1SHkfsZeQLzqhsZkfyh+DLzWLLZA2Y7l7Pa7IZ+nZ9rrD8S3Ocs2t3kvLSuiD0GCw1fZArl8eOPNUzfq2DpcIs4yGn4eA+LQwj7QV4ge205c95KBRiFmNv1BBGoC7JVwVKN2mkv6eGhMTLdn5vqLgXHC366p1j027MeT2MRgS3VZZF/knOTqlw4zwjWcC07fXbzISaF2TBsQfQBamkmDVw9BTeYakgmwOQJzlrXmjlDclcsb3yFlLZ+EGozrFDz2PlPoqQScsPcl4fmn5ep1rnkxZTUPii4IHD4jThGdbv67e9m1f6HSxZaEXL3da1bO7x55cHqjzLWYBg7HkUZwTvn2gBdKTdPyoRXr1HBIRAMOGrJFOZsqq7uQZLJWrDYBKEebiVvGk6urRvJR/W4NU0/r2dbHpp/2g937eTeLZbBAjM5COIY+RievEDmp6GyliIPY2BGoKwy4zkTm/XXhDMjcEvwaG8WDkqp07B4ZJuFO62Uj6y1wE+uogychq80HBisH+C89ghh8JYrqG/ff7WD7K/hCeKYC4qtbX11oFvI72yRgsgj5D4icbS4bcFpR8WnpH021F3KkXAsPZq08yr9VitCfz6idYImx0hoocOB6fba0b7mjtXXI26Fu7z2/8NDCzHkOPohBL7CrRDqJaSNu6S6Z3qd7vsj1iXd2ucD5+YdUhtVIoRpAj2yKVPwG3WegfXmTjKZQ5kGxmZBsSEt+w+jRV0HtsGBCa2XTu+zf/cbtgc+GeZpye37VYcPuHICHcAT8G5XYswivOewttTphAPYdgFNsFS9rfF31UX8oh8m5XJkLqhALrkY1nytqFBNB6iEjEOmMujxNSpqWH06XHpw4gpaqlwSevArN9GRfA1gxJLxoRsxPdR3uCW9/mokls0x0StHJ/o/khVpIRq8WGqxRMcOjjPsTQlNlfGvMPkQKufDNxFcQjn/JOhUY2AaAQEcYh4q3Q/qX7h81Uwo8DV3L8shS2cN6u+x5W+Hz+WZYrmR5oxXs2MzQPZD5vq83ECWMgOCVzQgzLpyRR5estgxjM+SvO41h/EsPILPzaSDxyTUMQSHyj01vKr+XK3quS5KLqckwxy3c60vn6sCoG3ADJ24AZI8vzck2BIZ+AHXwqwUM5JvKySMwjUHBOKFZVpxHUqIbdw7YCIi9KYHvkmjaVFRWI/gpxq/B6VI7oWEnw3YgXQTNBtF18HtyrbCg/2N8UbH6/TkDIg0eE+AmznO2PJjcVLXSdAoM7t8feTf3KG1KeluEwC7NM74yX12YbJHrQ18q9YsUv2PT3wMnmKlYsSuZCDv8Kgdb9VIkvTNTmNceWKRBU3F2CmzFr32kSe8Tt3EojmcvABMhTmBD4BX17YCxyYHbyALRnt4+YMSfjvS/6tEz6UXK13hB+AmkZHMSMw64Cu2Hw7sgrQb9zIWbntOlH3TFvD0yrUdZeKxZr1NHhx8kz9tQTan/8LPbD18UGiKH/ZNmZgJij2aHsh/D2eIROyPLXuI6SibJW0MuxKrVqxPd8H1OuUBOzVj0IzD3N/2rGtQHPJb57MU7MYTXloH3aq91zOcbNkySOYMrgUmqVpjpVADssFaHBArsmnTD43l4liXTF0hW6fCLip3dmpLvD5LBYDg8IAdL+MEGV+a3Iklyfur5fzvAMfnYIw==&u=U2FsdGVkX18QBjSYLCQkx7CNNvtdvRv154/1cfGIKzo=&y=U2FsdGVkX1/WQp+iS0xxfw7B339ckCFYSZYcou3d8+U= HTTP/1.1" 200 25
186.102.43.63 - - [21/Aug/2022:21:37:07 -0500] "GET /kwssiamovil/sm/acme/a?s=U2FsdGVkX18sgLXnIRNwuOPwgxT28fvkTmiT80FaPTPxJjt/7tmWGaQZHIE1VziqIWzeJL7EiR2n9EfOKOyhuSrEcIqsyPmTYUhlHpa8Og3cS6d0esqjO6EB4qQDus0iv9h0NC8cmCXUM2+QOkKUYPymJRVMlf/g507TagvPjgQ=&u=U2FsdGVkX18QBjSYLCQkx7CNNvtdvRv154/1cfGIKzo=&y=U2FsdGVkX1/WQp+iS0xxfw7B339ckCFYSZYcou3d8+U= HTTP/1.1" 200 25
186.102.43.63 - - [21/Aug/2022:21:37:08 -0500] "GET /kwssiamovil/sm/acme/a?s=U2FsdGVkX19psHOyJ3rodJo4maCLC4zVl/5uLi9cz0C+E1IaBRf91A6Zz+sONw3kqlySV8Ws27F9LMskBqysuAv5xJ0zfoxbnESrwFIpXEnRu6cq4kX72c5TVGcbQV2Nm0sI/xwrjfzDXH/kFkIqCA9uAZKk1k5cOQNe9ASr2aA=&u=U2FsdGVkX18QBjSYLCQkx7CNNvtdvRv154/1cfGIKzo=&y=U2FsdGVkX1/WQp+iS0xxfw7B339ckCFYSZYcou3d8+U= HTTP/1.1" 200 25
186.102.43.63 - - [21/Aug/2022:21:37:08 -0500] "GET /kwssiamovil/sm/acme/a?s=U2FsdGVkX18H40hKoHlHRqnOZ7Qfw/w9rJ2+Gsqalw8RL7rFEi6Jn8OqqJGhOVkv1YZKsH0r/N9IvMddfYmDD6KAz6dZiAiUhL1T0TyipW2+AZDsegDRX1VUflVYmw6ucBcdogjqk1I3JftMHnHmCgKGqHETESKZ4Ng4t5C/oMk=&u=U2FsdGVkX18QBjSYLCQkx7CNNvtdvRv154/1cfGIKzo=&y=U2FsdGVkX1/WQp+iS0xxfw7B339ckCFYSZYcou3d8+U= HTTP/1.1" 200 25
186.102.43.63 - - [21/Aug/2022:21:37:08 -0500] "GET /kwssiamovil/sm/acme/a?s=U2FsdGVkX19dgstDpVONbzn+LU8w8SbGEOl5uWX1SCJe1NtHG7bzlOX6SHi5UG3URp2RB9nSTdZntiU1DV/5SuWAQ187beNr1Mh0KroujRItFDbe38MARvKaz9I67KWjq+5wTVbkdrq53CKOMb8c3yjFUMpK+I7k8vpd0ASKQY86ETma3Xghij1gITsNISul&u=U2FsdGVkX18QBjSYLCQkx7CNNvtdvRv154/1cfGIKzo=&y=U2FsdGVkX1/WQp+iS0xxfw7B339ckCFYSZYcou3d8+U= HTTP/1.1" 200 25
186.102.43.63 - - [21/Aug/2022:21:37:08 -0500] "GET /kwssiamovil/sm/acme/a?s=U2FsdGVkX19mNs/NT220swjAYgZ8qo8hiBix1B+f4xLWJdvfpp7lqaCgG0mRwbEMiOBCiUSVYptxPLbnX7cC7iW0xN1EJHzkX884x4W5eDNXwZQNOSTC1y00p08BUt/H3O1kFU8p4cDG3xHT7lvqk5ojp2n6dYKkS6KAzFt/zq/Zy5VgJykPrsReUGOCNZ+k9wkCNB1qBOl+md4O2e32NA==&u=U2FsdGVkX18QBjSYLCQkx7CNNvtdvRv154/1cfGIKzo=&y=U2FsdGVkX1/WQp+iS0xxfw7B339ckCFYSZYcou3d8+U= HTTP/1.1" 200 25
186.102.43.63 - - [21/Aug/2022:21:37:08 -0500] "GET /kwssiamovil/sm/acme/a?s=U2FsdGVkX19RbsrZ0JDDLuTtEHh5Iql9Y2FtTqJ+FErUBlcx1Hnv3qCeo1YgEbW+AEFO0jYm4dXPt3mis1aDMl6xbReeEIPLMc0mm12zFywzZ4xBG8VpsjgLLn6WIYJ100VCQTHZ5owCANOg0SUIon5L+GyoHyrnLT90T4lXA55yM9+/JeBpXDGj0OvpUr8O&u=U2FsdGVkX18QBjSYLCQkx7CNNvtdvRv154/1cfGIKzo=&y=U2FsdGVkX1/WQp+iS0xxfw7B339ckCFYSZYcou3d8+U= HTTP/1.1" 200 25
186.102.43.63 - - [21/Aug/2022:21:37:09 -0500] "GET /kwssiamovil/sm/acme/a?s=U2FsdGVkX18KEJtIr3yO0nL/zEvbjGLKeWJN+p/qCNIcHcHfH8E3ULHDPLP6VsX1h2cqQEIMQdF3BFy6NIXtXTA8L2WBrHGAflggcI8p+N2CS6V6TCRGIJRdr8twMNSQydx2uwf2ADIMfOW+9I0a71yjFgWJhzO8qBODmkCpVfZGvAH5y09L1v5UY6nvLEwcG/QejKCknqej/+lxVMsm9Q==&u=U2FsdGVkX18QBjSYLCQkx7CNNvtdvRv154/1cfGIKzo=&y=U2FsdGVkX1/WQp+iS0xxfw7B339ckCFYSZYcou3d8+U= HTTP/1.1" 200 25
186.102.43.63 - - [21/Aug/2022:21:37:09 -0500] "GET /kwssiamovil/sm/acme/a?s=U2FsdGVkX18AOcfv5O3yqcPQ9XsCISTJYOzBswlpGsNTSQDn0/3Vsrh1eYl/9r6gapb4VUVF0THYf6cGHYS/pUW+g3GV7vPAGKaRKmKUBbwPgyXXuKjyBjFod7PTdrfDMKWe864z6xT1PtsW1Ok+xqTSCuyT+86NMnGeGV/lba4LD3Eg8C9x0vaTbkBEtd7Z&u=U2FsdGVkX18QBjSYLCQkx7CNNvtdvRv154/1cfGIKzo=&y=U2FsdGVkX1/WQp+iS0xxfw7B339ckCFYSZYcou3d8+U= HTTP/1.1" 200 25
172.22.2.4 - - [21/Aug/2022:21:39:15 -0500] "GET /BLA/boletinlegal/Circulares/2022/CIRCULAR%20No.%2000005%20DEL%2030%20DE%20JUNIO%20DEL%202022.pdf HTTP/1.1" 404 1218
172.22.2.4 - - [21/Aug/2022:21:39:20 -0500] "GET /BLA/boletinlegal/Circulares/2019/.pdf HTTP/1.1" 404 1218
172.22.2.4 - - [21/Aug/2022:21:39:30 -0500] "GET /BLA/boletinlegal/Circulares/2012/Circular%20No.%2010%20del%2026%20de%20Enero%20de%202012.pdf HTTP/1.1" 404 1218
201.245.192.253 - - [21/Aug/2022:21:39:42 -0500] "POST /kwsrmcab/Wsrmcab  HTTP/1.1" 200 46805
172.22.2.4 - - [21/Aug/2022:21:38:12 -0500] "HEAD /BLA/boletinlegal/ HTTP/1.1" 200 -
201.245.192.253 - - [21/Aug/2022:21:39:51 -0500] "POST /kwsrmcab/Wsrmcab HTTP/1.1" 200 44640
201.245.192.253 - - [21/Aug/2022:21:39:55 -0500] "POST /kwsrmcab/Wsrmcab HTTP/1.1" 200 43548
172.22.2.4 - - [21/Aug/2022:21:39:02 -0500] "GET /BLA/boletinlegal/ HTTP/1.1" 200 56005
207.46.13.11 - - [21/Aug/2022:21:41:24 -0500] "GET /BLA/boletinlegal/Circulares/2011/Circular%20No.%205%20del%2014%20de%20Julio%20de%202011.pdf HTTP/1.1" 304 -
216.245.221.92 - - [21/Aug/2022:21:41:55 -0500] "HEAD / HTTP/1.1" 200 -
201.245.192.253 - - [21/Aug/2022:21:44:41 -0500] "POST /kwsrmcab/Wsrmcab  HTTP/1.1" 200 46805
201.245.192.253 - - [21/Aug/2022:21:45:37 -0500] "GET /sipse/faces/index.xhtml HTTP/1.1" 200 677
201.245.192.253 - - [21/Aug/2022:21:45:37 -0500] "GET /sipse/faces/javax.faces.resource/theme.css?ln=primefaces-sipse HTTP/1.1" 304 -
201.245.192.253 - - [21/Aug/2022:21:45:37 -0500] "GET /sipse/faces/faces/autenticacion.xhtml HTTP/1.1" 200 12180
201.245.192.253 - - [21/Aug/2022:21:45:37 -0500] "GET /sipse/js/disable_browser_buttons.js HTTP/1.1" 200 3230
201.245.192.253 - - [21/Aug/2022:21:45:37 -0500] "GET /sipse/css/custom_css_sg.css HTTP/1.1" 200 9694
201.245.192.253 - - [21/Aug/2022:21:45:37 -0500] "GET /sipse/js/funciones.js HTTP/1.1" 200 12592
201.245.192.253 - - [21/Aug/2022:21:45:37 -0500] "GET /sipse/faces/javax.faces.resource/layout/layout.css?ln=primefaces&v=4.0 HTTP/1.1" 304 -
201.245.192.253 - - [21/Aug/2022:21:45:37 -0500] "GET /sipse/css/custom_css_sg_prime_login.css HTTP/1.1" 200 443
201.245.192.253 - - [21/Aug/2022:21:45:37 -0500] "GET /sipse/faces/javax.faces.resource/theme.css?ln=primefaces-sipse HTTP/1.1" 304 -
201.245.192.253 - - [21/Aug/2022:21:45:37 -0500] "GET /sipse/faces/javax.faces.resource/primefaces.css?ln=primefaces&v=4.0 HTTP/1.1" 304 -
201.245.192.253 - - [21/Aug/2022:21:45:37 -0500] "GET /sipse/faces/javax.faces.resource/jquery/jquery.js?ln=primefaces&v=4.0 HTTP/1.1" 304 -
201.245.192.253 - - [21/Aug/2022:21:45:37 -0500] "GET /sipse/faces/javax.faces.resource/jquery/jquery-plugins.js?ln=primefaces&v=4.0 HTTP/1.1" 304 -
201.245.192.253 - - [21/Aug/2022:21:45:37 -0500] "GET /sipse/faces/javax.faces.resource/primefaces.js?ln=primefaces&v=4.0 HTTP/1.1" 304 -
201.245.192.253 - - [21/Aug/2022:21:45:37 -0500] "GET /sipse/faces/javax.faces.resource/layout/layout.js?ln=primefaces&v=4.0 HTTP/1.1" 304 -
201.245.192.253 - - [21/Aug/2022:21:45:37 -0500] "GET /sipse/css/imagen/logoSDG.png HTTP/1.1" 200 53064
201.245.192.253 - - [21/Aug/2022:21:45:37 -0500] "GET /sipse/faces/javax.faces.resource/images/ui-icons_898989_256x240.png?ln=primefaces-aristo HTTP/1.1" 304 -
201.245.192.253 - - [21/Aug/2022:21:45:37 -0500] "GET /sipse/css/imagen/loginimg.png HTTP/1.1" 200 71635
172.22.2.4 - - [21/Aug/2022:21:44:02 -0500] "HEAD /BLA/boletinlegal/ HTTP/1.1" 200 -
201.245.192.253 - - [21/Aug/2022:21:45:46 -0500] "POST /sipse/faces/autenticacion.xhtml HTTP/1.1" 200 11233
201.245.192.253 - - [21/Aug/2022:21:45:46 -0500] "GET /sipse/css/custom_css_sg_prime.css HTTP/1.1" 200 5201
201.245.192.253 - - [21/Aug/2022:21:45:46 -0500] "GET /sipse/faces/javax.faces.resource/theme.css?ln=primefaces-sipse HTTP/1.1" 304 -
201.245.192.253 - - [21/Aug/2022:21:45:46 -0500] "GET /sipse/faces/javax.faces.resource/layout/layout.css?ln=primefaces&v=4.0 HTTP/1.1" 304 -
201.245.192.253 - - [21/Aug/2022:21:45:46 -0500] "GET /sipse/faces/javax.faces.resource/primefaces.css?ln=primefaces&v=4.0 HTTP/1.1" 304 -
201.245.192.253 - - [21/Aug/2022:21:45:46 -0500] "GET /sipse/faces/javax.faces.resource/jquery/jquery.js?ln=primefaces&v=4.0 HTTP/1.1" 304 -
201.245.192.253 - - [21/Aug/2022:21:45:46 -0500] "GET /sipse/faces/javax.faces.resource/jquery/jquery-plugins.js?ln=primefaces&v=4.0 HTTP/1.1" 304 -
201.245.192.253 - - [21/Aug/2022:21:45:46 -0500] "GET /sipse/faces/javax.faces.resource/primefaces.js?ln=primefaces&v=4.0 HTTP/1.1" 304 -
201.245.192.253 - - [21/Aug/2022:21:45:46 -0500] "GET /sipse/faces/javax.faces.resource/layout/layout.js?ln=primefaces&v=4.0 HTTP/1.1" 304 -
201.245.192.253 - - [21/Aug/2022:21:45:46 -0500] "GET /sipse/faces/javax.faces.resource/messages/messages.png?ln=primefaces&v=4.0 HTTP/1.1" 304 -
201.245.192.253 - - [21/Aug/2022:21:45:49 -0500] "POST /sipse/faces/presentacion/sistema/seguridad/seleccionRol.xhtml HTTP/1.1" 200 5600
201.245.192.253 - - [21/Aug/2022:21:45:50 -0500] "POST /sipse/faces/presentacion/sistema/seguridad/seleccionRol.xhtml HTTP/1.1" 200 17578
201.245.192.253 - - [21/Aug/2022:21:45:50 -0500] "GET /sipse/faces/javax.faces.resource/theme.css?ln=primefaces-sipse HTTP/1.1" 304 -
201.245.192.253 - - [21/Aug/2022:21:45:50 -0500] "GET /sipse/faces/javax.faces.resource/layout/layout.css?ln=primefaces&v=4.0 HTTP/1.1" 304 -
201.245.192.253 - - [21/Aug/2022:21:45:50 -0500] "GET /sipse/faces/javax.faces.resource/primefaces.css?ln=primefaces&v=4.0 HTTP/1.1" 304 -
201.245.192.253 - - [21/Aug/2022:21:45:50 -0500] "GET /sipse/js/jquery.min.js HTTP/1.1" 200 85582
201.245.192.253 - - [21/Aug/2022:21:45:50 -0500] "GET /sipse/faces/javax.faces.resource/jquery/jquery.js?ln=primefaces&v=4.0 HTTP/1.1" 304 -
201.245.192.253 - - [21/Aug/2022:21:45:50 -0500] "GET /sipse/faces/javax.faces.resource/jquery/jquery-plugins.js?ln=primefaces&v=4.0 HTTP/1.1" 304 -
201.245.192.253 - - [21/Aug/2022:21:45:50 -0500] "GET /sipse/faces/javax.faces.resource/primefaces.js?ln=primefaces&v=4.0 HTTP/1.1" 304 -
201.245.192.253 - - [21/Aug/2022:21:45:50 -0500] "GET /sipse/faces/javax.faces.resource/layout/layout.js?ln=primefaces&v=4.0 HTTP/1.1" 304 -
201.245.192.253 - - [21/Aug/2022:21:45:50 -0500] "GET /sipse/css/imagen/contrasena.png HTTP/1.1" 404 383
201.245.192.253 - - [21/Aug/2022:21:45:50 -0500] "GET /sipse/imagenes/cargando.gif HTTP/1.1" 200 36959
201.245.192.253 - - [21/Aug/2022:21:45:50 -0500] "GET /sipse/imagenes/logoAplicacion.jpg HTTP/1.1" 200 155084
201.245.192.253 - - [21/Aug/2022:21:45:52 -0500] "GET /sipse/faces/javax.faces.resource/images/ui-bg_flat_0_2d5972_40x100.png?ln=primefaces-aristo HTTP/1.1" 304 -
201.245.192.253 - - [21/Aug/2022:21:45:52 -0500] "POST /sipse/faces/bienvenido.xhtml HTTP/1.1" 200 3843
201.245.192.253 - - [21/Aug/2022:21:45:53 -0500] "POST /sipse/faces/bienvenido.xhtml HTTP/1.1" 200 38474
201.245.192.253 - - [21/Aug/2022:21:45:54 -0500] "GET /sipse/faces/javax.faces.resource/theme.css?ln=primefaces-sipse HTTP/1.1" 304 -
201.245.192.253 - - [21/Aug/2022:21:45:54 -0500] "GET /sipse/faces/javax.faces.resource/layout/layout.css?ln=primefaces&v=4.0 HTTP/1.1" 304 -
201.245.192.253 - - [21/Aug/2022:21:45:54 -0500] "GET /sipse/faces/javax.faces.resource/primefaces.css?ln=primefaces&v=4.0 HTTP/1.1" 304 -
201.245.192.253 - - [21/Aug/2022:21:45:54 -0500] "GET /sipse/faces/javax.faces.resource/jquery/jquery.js?ln=primefaces&v=4.0 HTTP/1.1" 304 -
201.245.192.253 - - [21/Aug/2022:21:45:54 -0500] "GET /sipse/faces/javax.faces.resource/jquery/jquery-plugins.js?ln=primefaces&v=4.0 HTTP/1.1" 304 -
201.245.192.253 - - [21/Aug/2022:21:45:54 -0500] "GET /sipse/faces/javax.faces.resource/primefaces.js?ln=primefaces&v=4.0 HTTP/1.1" 304 -
201.245.192.253 - - [21/Aug/2022:21:45:54 -0500] "GET /sipse/faces/javax.faces.resource/layout/layout.js?ln=primefaces&v=4.0 HTTP/1.1" 304 -
201.245.192.253 - - [21/Aug/2022:21:45:54 -0500] "POST /sipse/faces/presentacion/financiero/solicitudProceso/listarSolicitudProceso.xhtml HTTP/1.1" 200 1400
201.245.192.253 - - [21/Aug/2022:21:46:30 -0500] "POST /sipse/faces/presentacion/financiero/solicitudProceso/listarSolicitudProceso.xhtml HTTP/1.1" 200 135246
201.245.192.253 - - [21/Aug/2022:21:46:30 -0500] "GET /sipse/faces/javax.faces.resource/theme.css?ln=primefaces-sipse HTTP/1.1" 304 -
201.245.192.253 - - [21/Aug/2022:21:46:30 -0500] "GET /sipse/faces/javax.faces.resource/primefaces.css?ln=primefaces&v=4.0 HTTP/1.1" 304 -
201.245.192.253 - - [21/Aug/2022:21:46:30 -0500] "GET /sipse/faces/javax.faces.resource/layout/layout.css?ln=primefaces&v=4.0 HTTP/1.1" 304 -
201.245.192.253 - - [21/Aug/2022:21:46:30 -0500] "GET /sipse/faces/javax.faces.resource/jquery/jquery.js?ln=primefaces&v=4.0 HTTP/1.1" 304 -
201.245.192.253 - - [21/Aug/2022:21:46:30 -0500] "GET /sipse/faces/javax.faces.resource/jquery/jquery-plugins.js?ln=primefaces&v=4.0 HTTP/1.1" 304 -
201.245.192.253 - - [21/Aug/2022:21:46:30 -0500] "GET /sipse/faces/javax.faces.resource/primefaces.js?ln=primefaces&v=4.0 HTTP/1.1" 304 -
201.245.192.253 - - [21/Aug/2022:21:46:30 -0500] "GET /sipse/faces/javax.faces.resource/layout/layout.js?ln=primefaces&v=4.0 HTTP/1.1" 304 -
172.22.2.4 - - [21/Aug/2022:21:44:52 -0500] "GET /BLA/boletinlegal/ HTTP/1.1" 200 57716
201.245.192.253 - - [21/Aug/2022:21:46:41 -0500] "POST /sipse/faces/presentacion/financiero/solicitudProceso/consultarSolicitudProceso.xhtml HTTP/1.1" 200 771492
216.245.221.92 - - [21/Aug/2022:21:46:55 -0500] "HEAD / HTTP/1.1" 200 -
185.119.81.97 - - [21/Aug/2022:21:47:10 -0500] "GET /portaldeninos/wp-login.php HTTP/1.1" 200 2592
185.119.81.97 - - [21/Aug/2022:21:47:11 -0500] "POST /portaldeninos/wp-login.php HTTP/1.1" 200 3605
201.245.192.253 - - [21/Aug/2022:21:48:40 -0500] "POST /sipse/faces/presentacion/financiero/solicitudProceso/consultarSolicitudProceso.xhtml HTTP/1.1" 200 5493
201.245.192.253 - - [21/Aug/2022:21:48:40 -0500] "GET /sipse/faces/javax.faces.resource/dynamiccontent.properties?ln=primefaces&pfdrid=XjOR5%2F%2FfPAZAuY9TpWQeCiM0BhlXxYRBGKi%2FQcXXfeA%3D&pfdrid_c=false HTTP/1.1" 200 120591
201.245.192.253 - - [21/Aug/2022:21:48:53 -0500] "POST /sipse/faces/presentacion/financiero/solicitudProceso/consultarSolicitudProceso.xhtml HTTP/1.1" 200 5467
201.245.192.253 - - [21/Aug/2022:21:49:16 -0500] "POST /sipse/faces/presentacion/financiero/solicitudProceso/consultarSolicitudProceso.xhtml HTTP/1.1" 200 27241
201.245.192.253 - - [21/Aug/2022:21:49:16 -0500] "GET /sipse/faces/javax.faces.resource/theme.css?ln=primefaces-sipse HTTP/1.1" 304 -
201.245.192.253 - - [21/Aug/2022:21:49:16 -0500] "GET /sipse/faces/javax.faces.resource/primefaces.css?ln=primefaces&v=4.0 HTTP/1.1" 304 -
201.245.192.253 - - [21/Aug/2022:21:49:16 -0500] "GET /sipse/faces/javax.faces.resource/layout/layout.css?ln=primefaces&v=4.0 HTTP/1.1" 304 -
201.245.192.253 - - [21/Aug/2022:21:49:16 -0500] "GET /sipse/faces/javax.faces.resource/jquery/jquery.js?ln=primefaces&v=4.0 HTTP/1.1" 304 -
201.245.192.253 - - [21/Aug/2022:21:49:16 -0500] "GET /sipse/faces/javax.faces.resource/jquery/jquery-plugins.js?ln=primefaces&v=4.0 HTTP/1.1" 304 -
201.245.192.253 - - [21/Aug/2022:21:49:16 -0500] "GET /sipse/faces/javax.faces.resource/primefaces.js?ln=primefaces&v=4.0 HTTP/1.1" 304 -
201.245.192.253 - - [21/Aug/2022:21:49:16 -0500] "GET /sipse/faces/javax.faces.resource/layout/layout.js?ln=primefaces&v=4.0 HTTP/1.1" 304 -
201.245.192.253 - - [21/Aug/2022:21:49:30 -0500] "POST /sipse/faces/presentacion/financiero/solicitudProceso/registrarAnotacion.xhtml HTTP/1.1" 200 135239
201.245.192.253 - - [21/Aug/2022:21:49:30 -0500] "GET /sipse/faces/javax.faces.resource/layout/layout.css?ln=primefaces&v=4.0 HTTP/1.1" 304 -
201.245.192.253 - - [21/Aug/2022:21:49:30 -0500] "GET /sipse/faces/javax.faces.resource/theme.css?ln=primefaces-sipse HTTP/1.1" 304 -
201.245.192.253 - - [21/Aug/2022:21:49:30 -0500] "GET /sipse/faces/javax.faces.resource/primefaces.css?ln=primefaces&v=4.0 HTTP/1.1" 304 -
201.245.192.253 - - [21/Aug/2022:21:49:30 -0500] "GET /sipse/faces/javax.faces.resource/jquery/jquery.js?ln=primefaces&v=4.0 HTTP/1.1" 304 -
201.245.192.253 - - [21/Aug/2022:21:49:30 -0500] "GET /sipse/faces/javax.faces.resource/jquery/jquery-plugins.js?ln=primefaces&v=4.0 HTTP/1.1" 304 -
201.245.192.253 - - [21/Aug/2022:21:49:30 -0500] "GET /sipse/faces/javax.faces.resource/primefaces.js?ln=primefaces&v=4.0 HTTP/1.1" 304 -
201.245.192.253 - - [21/Aug/2022:21:49:30 -0500] "GET /sipse/faces/javax.faces.resource/layout/layout.js?ln=primefaces&v=4.0 HTTP/1.1" 304 -
201.245.192.253 - - [21/Aug/2022:21:49:41 -0500] "POST /kwsrmcab/Wsrmcab  HTTP/1.1" 200 46805
201.245.192.253 - - [21/Aug/2022:21:49:49 -0500] "POST /sipse/faces/presentacion/financiero/solicitudProceso/consultarSolicitudProceso.xhtml HTTP/1.1" 200 36050
201.245.192.253 - - [21/Aug/2022:21:49:52 -0500] "GET /sipse/faces/javax.faces.resource/theme.css?ln=primefaces-sipse HTTP/1.1" 304 -
201.245.192.253 - - [21/Aug/2022:21:49:52 -0500] "GET /sipse/faces/javax.faces.resource/primefaces.css?ln=primefaces&v=4.0 HTTP/1.1" 304 -
201.245.192.253 - - [21/Aug/2022:21:49:52 -0500] "GET /sipse/faces/javax.faces.resource/layout/layout.css?ln=primefaces&v=4.0 HTTP/1.1" 304 -
201.245.192.253 - - [21/Aug/2022:21:49:52 -0500] "GET /sipse/faces/javax.faces.resource/jquery/jquery.js?ln=primefaces&v=4.0 HTTP/1.1" 304 -
201.245.192.253 - - [21/Aug/2022:21:49:52 -0500] "GET /sipse/faces/javax.faces.resource/jquery/jquery-plugins.js?ln=primefaces&v=4.0 HTTP/1.1" 304 -
201.245.192.253 - - [21/Aug/2022:21:49:52 -0500] "GET /sipse/faces/javax.faces.resource/primefaces.js?ln=primefaces&v=4.0 HTTP/1.1" 304 -
201.245.192.253 - - [21/Aug/2022:21:49:52 -0500] "GET /sipse/faces/javax.faces.resource/layout/layout.js?ln=primefaces&v=4.0 HTTP/1.1" 304 -
201.245.192.253 - - [21/Aug/2022:21:49:52 -0500] "POST /sipse/faces/presentacion/financiero/solicitudProceso/listarSolicitudProceso.xhtml HTTP/1.1" 200 1368
201.245.192.253 - - [21/Aug/2022:21:49:56 -0500] "POST /sipse/faces/presentacion/financiero/solicitudProceso/listarSolicitudProceso.xhtml HTTP/1.1" 200 184
201.245.192.253 - - [21/Aug/2022:21:49:56 -0500] "POST /sipse/faces/presentacion/financiero/solicitudProceso/listarSolicitudProceso.xhtml HTTP/1.1" 200 184
201.245.192.253 - - [21/Aug/2022:21:49:56 -0500] "POST /sipse/faces/presentacion/financiero/solicitudProceso/listarSolicitudProceso.xhtml HTTP/1.1" 200 184
201.245.192.253 - - [21/Aug/2022:21:49:56 -0500] "GET /sipse/faces/presentacion/financiero/solicitudAnulacion/solicitudAnulacion.xhtml HTTP/1.1" 200 16805
201.245.192.253 - - [21/Aug/2022:21:49:56 -0500] "GET /sipse/faces/javax.faces.resource/theme.css?ln=primefaces-sipse HTTP/1.1" 304 -
201.245.192.253 - - [21/Aug/2022:21:49:56 -0500] "GET /sipse/faces/javax.faces.resource/jquery/jquery-plugins.js?ln=primefaces&v=4.0 HTTP/1.1" 304 -
201.245.192.253 - - [21/Aug/2022:21:49:56 -0500] "GET /sipse/faces/javax.faces.resource/layout/layout.css?ln=primefaces&v=4.0 HTTP/1.1" 304 -
201.245.192.253 - - [21/Aug/2022:21:49:56 -0500] "GET /sipse/faces/javax.faces.resource/primefaces.css?ln=primefaces&v=4.0 HTTP/1.1" 304 -
201.245.192.253 - - [21/Aug/2022:21:49:56 -0500] "GET /sipse/faces/javax.faces.resource/jquery/jquery.js?ln=primefaces&v=4.0 HTTP/1.1" 304 -
201.245.192.253 - - [21/Aug/2022:21:49:56 -0500] "GET /sipse/faces/javax.faces.resource/layout/layout.js?ln=primefaces&v=4.0 HTTP/1.1" 304 -
201.245.192.253 - - [21/Aug/2022:21:49:56 -0500] "GET /sipse/faces/javax.faces.resource/primefaces.js?ln=primefaces&v=4.0 HTTP/1.1" 304 -
201.245.192.253 - - [21/Aug/2022:21:49:56 -0500] "GET /sipse/faces/presentacion/financiero/solicitudAnulacion/solicitudAnulacion.xhtml HTTP/1.1" 200 16384
201.245.192.253 - - [21/Aug/2022:21:49:56 -0500] "GET /sipse/faces/presentacion/financiero/solicitudAnulacion/solicitudAnulacion.xhtml HTTP/1.1" 200 54947
201.245.192.253 - - [21/Aug/2022:21:49:56 -0500] "POST /sipse/faces/presentacion/financiero/solicitudAnulacion/solicitudAnulacion.xhtml HTTP/1.1" 200 30737
201.245.192.253 - - [21/Aug/2022:21:50:25 -0500] "POST /sipse/faces/presentacion/financiero/solicitudAnulacion/solicitudAnulacion.xhtml HTTP/1.1" 200 55062
201.245.192.253 - - [21/Aug/2022:21:50:25 -0500] "GET /sipse/faces/javax.faces.resource/theme.css?ln=primefaces-sipse HTTP/1.1" 304 -
201.245.192.253 - - [21/Aug/2022:21:50:25 -0500] "GET /sipse/faces/javax.faces.resource/layout/layout.css?ln=primefaces&v=4.0 HTTP/1.1" 304 -
201.245.192.253 - - [21/Aug/2022:21:50:25 -0500] "GET /sipse/faces/javax.faces.resource/primefaces.css?ln=primefaces&v=4.0 HTTP/1.1" 304 -
201.245.192.253 - - [21/Aug/2022:21:50:25 -0500] "GET /sipse/faces/javax.faces.resource/fileupload/fileupload.css?ln=primefaces&v=4.0 HTTP/1.1" 304 -
201.245.192.253 - - [21/Aug/2022:21:50:25 -0500] "GET /sipse/faces/javax.faces.resource/jquery/jquery.js?ln=primefaces&v=4.0 HTTP/1.1" 304 -
201.245.192.253 - - [21/Aug/2022:21:50:25 -0500] "GET /sipse/faces/javax.faces.resource/jquery/jquery-plugins.js?ln=primefaces&v=4.0 HTTP/1.1" 304 -
201.245.192.253 - - [21/Aug/2022:21:50:25 -0500] "GET /sipse/faces/javax.faces.resource/primefaces.js?ln=primefaces&v=4.0 HTTP/1.1" 304 -
201.245.192.253 - - [21/Aug/2022:21:50:25 -0500] "GET /sipse/faces/javax.faces.resource/layout/layout.js?ln=primefaces&v=4.0 HTTP/1.1" 304 -
201.245.192.253 - - [21/Aug/2022:21:50:25 -0500] "GET /sipse/faces/javax.faces.resource/fileupload/fileupload.js?ln=primefaces&v=4.0 HTTP/1.1" 304 -
157.55.39.51 - - [21/Aug/2022:21:50:43 -0500] "GET /portaldeninos/wp-content/uploads/2021/10/infografia-fauna-ni%C3%B1os-ambientic-43x146.jpg HTTP/1.1" 200 3183
172.22.2.4 - - [21/Aug/2022:21:49:52 -0500] "HEAD /BLA/boletinlegal/ HTTP/1.1" 200 -
216.245.221.92 - - [21/Aug/2022:21:51:55 -0500] "HEAD / HTTP/1.1" 200 -
172.22.2.4 - - [21/Aug/2022:21:50:42 -0500] "GET /BLA/boletinlegal/ HTTP/1.1" 200 52868
186.102.1.131 - - [21/Aug/2022:21:53:41 -0500] "GET /kwssiamovil/sm/acme/a?s=U2FsdGVkX19KA80LuiaXW3jWCYH+qAe8bcBw92UI6ViB6WKe232xHCUepYLP44tbf2K+G35aYGnLhFY3V6iPj2VPDQeepR56XVJRS6DVPygduZLk4VxFoDvm/aiDp/SUI6G6k527C8PO+nLAWhwlR2iTPWUP5mRdAJZTBKyd26YmG5ds0SiIR9SPpOyMQkuLQwkOmswOujymxQD5jFtzbx+la6/zg4GUlOj2OerEpBYbTn79URgjZd/PGoDWjsQvyxU6BcsA/z9011H6j6EZ8w==&u=U2FsdGVkX1+jo+r1oXC0JJnoEKTf3XRSdGLnqoEAYEA5/+bR4PT2mjUKC/kIaPem&y=U2FsdGVkX18bJ0RDMtqyv4Tjm5kYPqbhU/bC3ytO9FGLXVLiIFxtL0xfuRa44Az3 HTTP/1.1" 200 25
186.102.1.131 - - [21/Aug/2022:21:53:42 -0500] "GET /kwssiamovil/sm/acme/a?s=U2FsdGVkX19Tksb+adn7+AjLogWk+OReSuw/ILKXzBzFeW278j9Gbo84IYmFI/OhZfc+Z77hp6f1UV5DubmvWcBjXS668jCaQOv3rmExqA+T0EYLcs70q8kG/nPnX+oioD8DLVD0aqfZ6fo0qpL4vntQH41cLtWE8Q1Evk6ytMmyh8FO4SxEy9bB48tL9GalS8M6Uigp+dQBs92ylW+VlT9uOSsqGlD7ABUGsp3oIGI4CK9NYuflRUtjklovh6wcdsd9OpwepH+m5idoVJjvPpbDZlsSsmZ/6SgeRO0nBxEiCFNf8In3cP+unkVdoSnW1jz76T/qEoNEJnboIqnof3ymP48r1w/RxfYHo/nzrzzDk2GeKAZLXu7ijlDJU7AczpJ1IBOgPvCbazm0lp9clR3EdLuy0xfjL/ADZNlP1Ly66FydNkb1wVs3EyVbIcnBFJIhXiNoi3PrJGMiKolB+sTaSG/jzTj+uZhdqdRHmAxV6XMVtckFpHJ3WYbwZih5rYXSY4PhNr01oXKQ/bH4/R6Wtz4zw1wu05f3eCk2kvX39xymcu/qE8tDSV4lLIK+Md/dNNH/LaCJZ/qipvsj3qD6VssFji+S0eeeCVOFKMcSnptQbE0nrxrDDWWvZMnw0fx4/7EPRGUvnc9WPtbVd3Ma9OFUZ+eSSRTFwetdqIQDFEsT2d/5+vIc5W5zoeCSxcPsVNfUTYu7Efsuwr7JMtkb3g7VL/VPk9dtt30WiSxCOsyAHA+mxtgN0xcmnTR5xsoXzgq/haYBUkgAmmOYmErx1TW2xQWzsP/q/1u4vGAugqH04N1qLVkI0IePBB6zQ8xv3lRHwtr7inTQ80kXEosXt7xyu14aTaDPtzbjjPyL4OHwGjU//G9JaN5vBHqSmO+9cvvDn5i9c1RRjaHtrSi3jJ0A4Gqxu/d/BXksJWV/HuToMKU688dnRaDZllLlo1TbGagCAbbkr3PUHeZtuXjQ4Z27TxcE97a/JdIQAIuz9U8eZN+HB2asRZ2qhXeF+M8TieKJlEpL9HkWHlDL1VyNkQY+WtPuT7WHobpB/KaqMj0KCy1aRoulbGTJv9ApKst8E4hYK9bvW6Gle4bjOsdgOKd4H7bThe6gc0wr6I2JS0bpHeQV7Ioko56a2z95IzosmQRBtsczyyGiNzCFXHrRHTwRsMsnQSpD7PDc365pd6xAmu71Y0OqyG+kpqD1YHHbmjsuxFhsmytsDkvWfhJivAWeKEWuV7JN/pFMv5oZaMmfVSxam2e7z0XW2BZiIae8EYYjmw+IyTt03uu+mfjFiqbnA7dvtRPmhqIUom7V+9DKRdL4pwfXOL/077crGIsg5XfknzbfzfZ4M2AidIptpQdoaMg4d7/EX3t+THpqUwqdpjh1+lec0w4qWEimOAV4tZcF7mWWcSnFOmalBxIQkTwbeda1905nWehEViG/epm92uybpEQovprX2/tw+TraywnySbfVimdGZy2Ab+Kojf/Fq2a/c/WtZ0VakrO1mxvcXmWfiDe5Q5Oar6H7PgriLZIm+DV+BKfpNb6DbD72Qlhpr0Je5ThXkygaXo/1zxzgFCjScWyehZg4jQwrYdZwl3qwPCccJEKPYm5CrouwmN+WZnduXqeZGP+n2u37KKBFosrmnzOmmIuddohKcwzkbVm13Riodgh2fQ3egLbV6zOXrzqvRXpT8zeqLxziSqCKh+GAYgrr5JJlQZ0bx7S7QhNjvnJ3lReP2CsFT739HGpwGie4dTAiM5RGr7oYK6hrEE9NcngZbruLpHiyG29xGCTKR374f3VfXM2RByWD87HNnUrssiPzhaHiSN7pcfmGbIDe9jYLBvkOzhOxish+UX4PTFqHpH+Hl0XWU3iql1qmw/E0MLnL+Kzomh88hxDA6H+BKuh8K3HoY7wAaFp4wwOGXtr6t3RPdLja+WvPT5OeCX4EEsTvqWi+hgs3L9lGM0BP9W3NygUACT3W7N4TXH9A7OJ2nbvjNRpe5SATn7MCJS7OKsH4KDjvpTM=&u=U2FsdGVkX1+jo+r1oXC0JJnoEKTf3XRSdGLnqoEAYEA5/+bR4PT2mjUKC/kIaPem&y=U2FsdGVkX18bJ0RDMtqyv4Tjm5kYPqbhU/bC3ytO9FGLXVLiIFxtL0xfuRa44Az3 HTTP/1.1" 200 25
186.102.1.131 - - [21/Aug/2022:21:53:42 -0500] "GET /kwssiamovil/sm/acme/a?s=U2FsdGVkX18Mg5S519jowV6bg0DxHqPpxwvf1F5UvXzj4rW9I2jqoamUoUuuDEfbM5GPXJwdpTuopF2Pdlypx/0pHvLEaodmKvvNXOMYGPrvPi3E63BwPlXC5Lq6v3a1gMQtvgxlrYiagswT8Opnx5Vjnb+dD5O1jBP2Hvgy/iA=&u=U2FsdGVkX1+jo+r1oXC0JJnoEKTf3XRSdGLnqoEAYEA5/+bR4PT2mjUKC/kIaPem&y=U2FsdGVkX18bJ0RDMtqyv4Tjm5kYPqbhU/bC3ytO9FGLXVLiIFxtL0xfuRa44Az3 HTTP/1.1" 200 25
186.102.1.131 - - [21/Aug/2022:21:53:42 -0500] "GET /kwssiamovil/sm/acme/a?s=U2FsdGVkX19HLnbMcaXD856gjehiY8g7XAglnzkyxKviOC02xrDoQu/vV2HXz/3NeXAgmyWpAIZ+ibdq7SymlboKfipQ1LSvzYkubyVpC2QACSSdojnEbZwwSJtNYmGPmvP84DL0vtp52qgTmMtEd9e7J4U92N+0izzZ86Y6WPE=&u=U2FsdGVkX1+jo+r1oXC0JJnoEKTf3XRSdGLnqoEAYEA5/+bR4PT2mjUKC/kIaPem&y=U2FsdGVkX18bJ0RDMtqyv4Tjm5kYPqbhU/bC3ytO9FGLXVLiIFxtL0xfuRa44Az3 HTTP/1.1" 200 25
186.102.1.131 - - [21/Aug/2022:21:53:42 -0500] "GET /kwssiamovil/sm/acme/a?s=U2FsdGVkX19jr+iMZVFJaaBjLUuX+Mr2QpvKOhsmV7IOTkoImhQKeHU72qUteuH4lffUJo5idvlQ2keyB+kC05F7h5wyt8+ysAe4vX5yBW99efwn+XHVx8CeGqSFK0rCaA/bKX8ZqXPQb05cknnH+oJ+cr/MRiV3Q2gnMBkANy4=&u=U2FsdGVkX1+jo+r1oXC0JJnoEKTf3XRSdGLnqoEAYEA5/+bR4PT2mjUKC/kIaPem&y=U2FsdGVkX18bJ0RDMtqyv4Tjm5kYPqbhU/bC3ytO9FGLXVLiIFxtL0xfuRa44Az3 HTTP/1.1" 200 25
186.102.1.131 - - [21/Aug/2022:21:53:42 -0500] "GET /kwssiamovil/sm/acme/a?s=U2FsdGVkX1/6Pf8WvWA+6+GnVyhZLN/GEAbpZJNB9LD0UIg2YmQ5Tu0dtNrtHYlCb2f1cSA/Y8EDxMhzzpBeewkGRkKBQ2xVG8LfeGWmZvTpi5yCbEEHH7Otv9cRBY49w+Z/XvfEQcdbn7awmOmxzP0S6+vvJNbq/fJghJDmRTI04pZ5YejHB8tDqb4qOHQg&u=U2FsdGVkX1+jo+r1oXC0JJnoEKTf3XRSdGLnqoEAYEA5/+bR4PT2mjUKC/kIaPem&y=U2FsdGVkX18bJ0RDMtqyv4Tjm5kYPqbhU/bC3ytO9FGLXVLiIFxtL0xfuRa44Az3 HTTP/1.1" 200 25
201.245.192.253 - - [21/Aug/2022:21:54:37 -0500] "POST /sipse/faces/presentacion/financiero/solicitudAnulacion/registrarSolicitudAnulacion.xhtml HTTP/1.1" 200 27427
201.245.192.253 - - [21/Aug/2022:21:54:37 -0500] "GET /sipse/faces/javax.faces.resource/theme.css?ln=primefaces-sipse HTTP/1.1" 304 -
201.245.192.253 - - [21/Aug/2022:21:54:37 -0500] "GET /sipse/faces/javax.faces.resource/primefaces.css?ln=primefaces&v=4.0 HTTP/1.1" 304 -
201.245.192.253 - - [21/Aug/2022:21:54:37 -0500] "GET /sipse/faces/javax.faces.resource/layout/layout.css?ln=primefaces&v=4.0 HTTP/1.1" 304 -
201.245.192.253 - - [21/Aug/2022:21:54:37 -0500] "GET /sipse/faces/javax.faces.resource/jquery/jquery.js?ln=primefaces&v=4.0 HTTP/1.1" 304 -
201.245.192.253 - - [21/Aug/2022:21:54:37 -0500] "GET /sipse/faces/javax.faces.resource/jquery/jquery-plugins.js?ln=primefaces&v=4.0 HTTP/1.1" 304 -
201.245.192.253 - - [21/Aug/2022:21:54:37 -0500] "GET /sipse/faces/javax.faces.resource/primefaces.js?ln=primefaces&v=4.0 HTTP/1.1" 304 -
201.245.192.253 - - [21/Aug/2022:21:54:37 -0500] "GET /sipse/faces/javax.faces.resource/layout/layout.js?ln=primefaces&v=4.0 HTTP/1.1" 304 -
201.245.192.253 - - [21/Aug/2022:21:54:40 -0500] "POST /kwsrmcab/Wsrmcab  HTTP/1.1" 200 46805
201.245.192.253 - - [21/Aug/2022:21:55:05 -0500] "POST /sipse/faces/presentacion/financiero/solicitudProceso/consultarHistorialSolProceso.xhtml HTTP/1.1" 200 60554
201.245.192.253 - - [21/Aug/2022:21:55:05 -0500] "GET /sipse/faces/javax.faces.resource/theme.css?ln=primefaces-sipse HTTP/1.1" 304 -
201.245.192.253 - - [21/Aug/2022:21:55:05 -0500] "GET /sipse/faces/javax.faces.resource/primefaces.css?ln=primefaces&v=4.0 HTTP/1.1" 304 -
201.245.192.253 - - [21/Aug/2022:21:55:05 -0500] "GET /sipse/faces/javax.faces.resource/layout/layout.css?ln=primefaces&v=4.0 HTTP/1.1" 304 -
201.245.192.253 - - [21/Aug/2022:21:55:05 -0500] "GET /sipse/faces/javax.faces.resource/fileupload/fileupload.css?ln=primefaces&v=4.0 HTTP/1.1" 304 -
201.245.192.253 - - [21/Aug/2022:21:55:05 -0500] "GET /sipse/faces/javax.faces.resource/jquery/jquery.js?ln=primefaces&v=4.0 HTTP/1.1" 304 -
201.245.192.253 - - [21/Aug/2022:21:55:05 -0500] "GET /sipse/faces/javax.faces.resource/jquery/jquery-plugins.js?ln=primefaces&v=4.0 HTTP/1.1" 304 -
201.245.192.253 - - [21/Aug/2022:21:55:05 -0500] "GET /sipse/faces/javax.faces.resource/primefaces.js?ln=primefaces&v=4.0 HTTP/1.1" 304 -
201.245.192.253 - - [21/Aug/2022:21:55:05 -0500] "GET /sipse/faces/javax.faces.resource/layout/layout.js?ln=primefaces&v=4.0 HTTP/1.1" 304 -
201.245.192.253 - - [21/Aug/2022:21:55:05 -0500] "GET /sipse/faces/javax.faces.resource/fileupload/fileupload.js?ln=primefaces&v=4.0 HTTP/1.1" 304 -
201.245.192.253 - - [21/Aug/2022:21:55:09 -0500] "POST /sipse/faces/presentacion/financiero/solicitudAnulacion/registrarSolicitudAnulacion.xhtml HTTP/1.1" 200 386441
216.245.221.92 - - [21/Aug/2022:21:56:55 -0500] "HEAD / HTTP/1.1" 200 -
172.22.2.4 - - [21/Aug/2022:21:55:42 -0500] "HEAD /BLA/boletinlegal/ HTTP/1.1" 200 -
172.22.2.4 - - [21/Aug/2022:21:56:32 -0500] "GET /BLA/boletinlegal/ HTTP/1.1" 200 53631
201.245.192.253 - - [21/Aug/2022:21:59:39 -0500] "POST /kwsrmcab/Wsrmcab  HTTP/1.1" 200 46805
157.55.39.98 - - [21/Aug/2022:22:00:41 -0500] "GET /BLA/resoluciones/RESOLUCIONES%202015/1042.pdf HTTP/1.1" 304 -
216.245.221.92 - - [21/Aug/2022:22:01:55 -0500] "HEAD / HTTP/1.1" 200 -
207.46.13.45 - - [21/Aug/2022:22:03:02 -0500] "GET /Publicaciones/2022EE133536.pdf HTTP/1.1" 404 228
172.22.2.4 - - [21/Aug/2022:22:01:32 -0500] "HEAD /BLA/boletinlegal/ HTTP/1.1" 200 -
207.46.13.186 - - [21/Aug/2022:22:03:55 -0500] "GET /bla/resoluciones/autos%202022/1110.pdf HTTP/1.1" 200 367768
172.22.2.4 - - [21/Aug/2022:22:02:22 -0500] "GET /BLA/boletinlegal/ HTTP/1.1" 200 58154
201.245.192.253 - - [21/Aug/2022:22:04:39 -0500] "POST /kwsrmcab/Wsrmcab  HTTP/1.1" 200 46805
69.171.231.120 - - [21/Aug/2022:22:05:44 -0500] "GET /images/lluvias-arboles-4-junio.jpeg HTTP/1.1" 200 117524
69.171.231.5 - - [21/Aug/2022:22:05:52 -0500] "GET /images/jardines-verticales-plantas-24-mayo.jpg HTTP/1.1" 200 148288
216.245.221.92 - - [21/Aug/2022:22:06:55 -0500] "HEAD / HTTP/1.1" 200 -
172.22.2.4 - - [21/Aug/2022:22:07:21 -0500] "HEAD /BLA/boletinlegal/ HTTP/1.1" 200 -
201.245.192.253 - - [21/Aug/2022:22:09:09 -0500] "POST /sipse/faces/presentacion/financiero/solicitudAnulacion/registrarSolicitudAnulacion.xhtml HTTP/1.1" 200 3120
201.245.192.253 - - [21/Aug/2022:22:09:14 -0500] "POST /sipse/faces/presentacion/financiero/solicitudAnulacion/registrarSolicitudAnulacion.xhtml HTTP/1.1" 200 26733
201.245.192.253 - - [21/Aug/2022:22:09:14 -0500] "GET /sipse/faces/javax.faces.resource/theme.css?ln=primefaces-sipse HTTP/1.1" 304 -
201.245.192.253 - - [21/Aug/2022:22:09:14 -0500] "GET /sipse/faces/javax.faces.resource/primefaces.css?ln=primefaces&v=4.0 HTTP/1.1" 304 -
201.245.192.253 - - [21/Aug/2022:22:09:14 -0500] "GET /sipse/faces/javax.faces.resource/layout/layout.css?ln=primefaces&v=4.0 HTTP/1.1" 304 -
201.245.192.253 - - [21/Aug/2022:22:09:14 -0500] "GET /sipse/faces/javax.faces.resource/primefaces.js?ln=primefaces&v=4.0 HTTP/1.1" 304 -
201.245.192.253 - - [21/Aug/2022:22:09:14 -0500] "GET /sipse/faces/javax.faces.resource/jquery/jquery-plugins.js?ln=primefaces&v=4.0 HTTP/1.1" 304 -
201.245.192.253 - - [21/Aug/2022:22:09:14 -0500] "GET /sipse/faces/javax.faces.resource/jquery/jquery.js?ln=primefaces&v=4.0 HTTP/1.1" 304 -
201.245.192.253 - - [21/Aug/2022:22:09:14 -0500] "GET /sipse/faces/javax.faces.resource/layout/layout.js?ln=primefaces&v=4.0 HTTP/1.1" 304 -
201.245.192.253 - - [21/Aug/2022:22:09:14 -0500] "GET /sipse/css/imagen/contrasena.png HTTP/1.1" 404 383
201.245.192.253 - - [21/Aug/2022:22:09:14 -0500] "GET /sipse/faces/javax.faces.resource/images/ui-icons_898989_256x240.png?ln=primefaces-aristo HTTP/1.1" 304 -
201.245.192.253 - - [21/Aug/2022:22:09:38 -0500] "POST /kwsrmcab/Wsrmcab  HTTP/1.1" 200 46805
157.55.39.98 - - [21/Aug/2022:22:09:43 -0500] "GET /bla/resoluciones/autos%202022/2181.pdf HTTP/1.1" 200 2592378
