186.102.33.31 - - [21/Aug/2022:13:41:41 -0500] "GET /kwssiamovil/sm/acme/s?s=U2FsdGVkX1/cCMbJtZ1TvsHp5uX4WSRFr2MMUH/6VH36hC5LykTRJZHGXk3EaEASTHODGcBOPm0SEj8zuPEJKfHe6aGF96TOl7zqx8uc9DTRQZxCG/236udc0QkJU254NZTbRGB1H2/x5l8o9Lze6LAlU1S+FODgJaoS3J9aOQCNrO+dLTJeukf2tpL6nLoATxDxe7gD6a8ZDtjaAF029+/SJjFSpilWWze7F/mDeYpJUr/Rykp8JyTCz9cb5cVAV21Apz7ow9ICb8edHULO2antOyzNwAkeakS3Xiw8FLeuaiSX2C3TMBBLmasAi4G+i0LYw5bel1UHMr8ZnSG+iulG3W/OmvT/r2aJKTzOh7Vpx0EfY7gpMebpF08eNYC6FM8D2TZQ1fHI7a6B8URfmnD5D2JLlXMPrW/DxMEvsvKFTEsL7zEjanMvJONm+p3skke5kpuag/MQlmRs4Tag5no9zurqsmqxwBscW47SD+V24XtsIZwwVUzZAKeeVYhpAOMuOZb96+KEs3/yuDIBIhGtox2T9Vzb9LVfsveHq7/zauTcI8QyhFC7OfJH7SVYC7GAc9X+Kjm3A9FFEEbWGCOJcmjfZ+VNehB8CqEr36jhVVinJ3k8dho3y94hmkDjuDbmCweGdsLF/dBsKkYzjpCrIz7rNH0MLLA8jPsE9UocJBMrDO++gli1VdkLMlYzT8ysu04EQZB3ztULI97SxcF3iru+Q7b9tXWI5Zk6F6vWe3ZiXIiqeNQVJm43WbRfVw0iDX1C+Pqa7np4zyWuyoP9YMqhz7aF9YgPVsPiGelx1rz+EDNa8/koBHxJmqKKyuQDTbSlEIRUznx3ek+/akJLxMMnki6MeVdVLtDRoIE8gDPU62lWRUDhGHzjjIYxHvYxzN4UGfRR1YNeSlwAQzopiv1rOeAVVzBmQqljqXOIka+FFFyt5QJb3H0se4colYeTxX8eAcM48M+dCPVwi2GJO0zwjJQK0we/GUtd+C0uwWMVJZdFfhfXZdsL3TerrZosZI/IcJalT5YYxI8Dlu7O9gAw1NGFsw3POeG/71HOrUuE8ld/CDH6xKfLBgU+v0TcBcGIuUMDEaTvBTKMdsgYTAJxgOM1FDluE5xJf330reKdbdCU7UJ7MIshWSpYMgIF2D55gLdiZF/+W+KN/k3aH3PSdPUvKvJpsWFFofelHiK6T47CnxsLlhgwaaTzI6/XO2TYAtypJgZ8UNJZpHMOdJyARzsKaQ+Te18OGqzVUrsMWucb3AJyla9DFAWkVCJo0n09Z8UyfGaMIEIBfJCM4kReclFHE9fSgm31tfHL6A7B0s3l7Q4CMS8uRVJ1Sn3csnViGSkfFfdGFWKsltTnFeJjYlpHFpKPMgtfWbU=&u=U2FsdGVkX1/EbCIe/li7dxJ0O1AaVLntZ9rtU6nWEDc=&y=U2FsdGVkX1885LD8HkYlAPXAjiK0fDCLh/sF0kWJ15+VEHvVOVWRCrZ8vjxxJdvF HTTP/1.1" 200 1278
186.102.33.31 - - [21/Aug/2022:13:41:41 -0500] "GET /kwssiamovil/sm/acme/s?s=U2FsdGVkX1+c63YO8H1K6PyX1NUJahOn6IyHik8vPRAZzz97dCsHvKR2WaMl2G6UA8QN2GPuK3a3syxzOKK3pJFMxUIZqOV+ZCygrhsiTtZ4rI89y4Zb+bByvBnM/6T+xHgW3HSvU3U+v96H4GVqOKwurPbUXtrWjWF/gvkhcVFXr2Kj6ZauJMgSAHJ6jQ3LYaxhnbPamZ80tthZqimZ2XZ/sKxUhjeUolFOhMwe8M96EDpmQsgxQuFFGRGTofPVE0nDnKqAnjPPGwuO9x8N43pTjuMSevhT/EY7vSh7N2M=&u=U2FsdGVkX1/EbCIe/li7dxJ0O1AaVLntZ9rtU6nWEDc=&y=U2FsdGVkX1885LD8HkYlAPXAjiK0fDCLh/sF0kWJ15+VEHvVOVWRCrZ8vjxxJdvF HTTP/1.1" 200 176
186.102.33.31 - - [21/Aug/2022:13:41:41 -0500] "GET /kwssiamovil/sm/cjson/pre?f=1&x=U2FsdGVkX190UnxofZvDGePe3SFQxuay14X5KRfVXSOeOHFHYeTVJ8YogcYtpcUT HTTP/1.1" 200 30992
216.245.221.92 - - [21/Aug/2022:13:41:56 -0500] "HEAD / HTTP/1.1" 200 -
172.22.2.4 - - [21/Aug/2022:13:40:42 -0500] "GET /BLA/boletinlegal/ HTTP/1.1" 200 56005
185.225.73.224 - - [21/Aug/2022:13:43:02 -0500] "GET / HTTP/1.1" 200 319
185.119.81.98 - - [21/Aug/2022:13:43:18 -0500] "GET /portaldeninos/wp-login.php HTTP/1.1" 200 2592
185.119.81.98 - - [21/Aug/2022:13:43:19 -0500] "POST /portaldeninos/wp-login.php HTTP/1.1" 200 3605
185.225.73.224 - - [21/Aug/2022:13:43:18 -0500] "GET / HTTP/1.1" 200 319
185.225.73.224 - - [21/Aug/2022:13:43:27 -0500] "GET / HTTP/1.1" 200 319
185.225.73.224 - - [21/Aug/2022:13:43:34 -0500] "GET /wp-includes/wlwmanifest.xml HTTP/1.1" 404 1018
190.84.216.36 - - [21/Aug/2022:13:43:56 -0500] "GET /catalogoisis/ HTTP/1.1" 200 8575
190.84.216.36 - - [21/Aug/2022:13:43:56 -0500] "GET /catalogoisis/Css/Busqueda.css HTTP/1.1" 200 1995
190.84.216.36 - - [21/Aug/2022:13:43:56 -0500] "GET /catalogoisis/Js/AceptarLimpiar.js HTTP/1.1" 200 331
190.84.216.36 - - [21/Aug/2022:13:43:56 -0500] "GET /catalogoisis/Js/Cookies.js HTTP/1.1" 200 1369
190.84.216.36 - - [21/Aug/2022:13:43:56 -0500] "GET /catalogoisis/Js/CriterioCombinada.js HTTP/1.1" 200 1843
190.84.216.36 - - [21/Aug/2022:13:43:56 -0500] "GET /catalogoisis/Js/Remote.js HTTP/1.1" 200 436
190.84.216.36 - - [21/Aug/2022:13:43:56 -0500] "GET /catalogoisis/Js/Go.js HTTP/1.1" 200 364
190.84.216.36 - - [21/Aug/2022:13:43:56 -0500] "GET /catalogoisis/Js/LimpiarCombinada.js HTTP/1.1" 200 207
190.84.216.36 - - [21/Aug/2022:13:43:56 -0500] "GET /catalogoisis/Js/Numero.js HTTP/1.1" 200 398
190.84.216.36 - - [21/Aug/2022:13:43:56 -0500] "GET /catalogoisis/Js/Enter.js HTTP/1.1" 200 1208
190.84.216.36 - - [21/Aug/2022:13:43:56 -0500] "GET /catalogoisis/imagenes/br1c1.gif HTTP/1.1" 200 172
190.84.216.36 - - [21/Aug/2022:13:43:56 -0500] "GET /catalogoisis/imagenes/aceptar1.gif HTTP/1.1" 200 604
190.84.216.36 - - [21/Aug/2022:13:43:56 -0500] "GET /catalogoisis/imagenes/br1c3.gif HTTP/1.1" 200 302
190.84.216.36 - - [21/Aug/2022:13:43:56 -0500] "GET /catalogoisis/imagenes/Turnbo1.gif HTTP/1.1" 200 227
190.84.216.36 - - [21/Aug/2022:13:43:56 -0500] "GET /catalogoisis/imagenes/limpiar1.gif HTTP/1.1" 200 606
190.84.216.36 - - [21/Aug/2022:13:43:56 -0500] "GET /catalogoisis/imagenes/br3c1.gif HTTP/1.1" 200 177
190.84.216.36 - - [21/Aug/2022:13:43:56 -0500] "GET /catalogoisis/imagenes/br2c1.gif HTTP/1.1" 200 297
190.84.216.36 - - [21/Aug/2022:13:43:56 -0500] "GET /catalogoisis/imagenes/br1c2.gif HTTP/1.1" 200 297
190.84.216.36 - - [21/Aug/2022:13:43:56 -0500] "GET /catalogoisis/imagenes/br3c3.gif HTTP/1.1" 200 186
190.84.216.36 - - [21/Aug/2022:13:43:56 -0500] "GET /catalogoisis/imagenes/br3c2.gif HTTP/1.1" 200 285
190.84.216.36 - - [21/Aug/2022:13:43:56 -0500] "GET /catalogoisis/imagenes/br2c2.gif HTTP/1.1" 200 302
190.84.216.36 - - [21/Aug/2022:13:43:56 -0500] "GET /catalogoisis/imagenes/br2c3.gif HTTP/1.1" 200 416
190.84.216.36 - - [21/Aug/2022:13:43:56 -0500] "GET /catalogoisis/imagenes/Header.gif HTTP/1.1" 200 30313
190.84.216.36 - - [21/Aug/2022:13:43:56 -0500] "GET /favicon.ico HTTP/1.1" 200 7782
185.225.73.224 - - [21/Aug/2022:13:43:42 -0500] "GET / HTTP/1.1" 200 319
185.225.73.224 - - [21/Aug/2022:13:43:50 -0500] "GET /xmlrpc.php?rsd HTTP/1.1" 404 1018
190.84.216.36 - - [21/Aug/2022:13:44:08 -0500] "GET /catalogoisis/imagenes/limpiar2.gif HTTP/1.1" 200 589
190.84.216.36 - - [21/Aug/2022:13:44:09 -0500] "GET /catalogoisis/imagenes/aceptar2.gif HTTP/1.1" 200 586
190.84.216.36 - - [21/Aug/2022:13:44:12 -0500] "GET /catalogoisis/imagenes/aceptar2.gif HTTP/1.1" 200 586
185.225.73.224 - - [21/Aug/2022:13:43:58 -0500] "GET /wp-includes/wlwmanifest.xml HTTP/1.1" 404 1018
201.245.192.253 - - [21/Aug/2022:13:44:12 -0500] "POST /kwsrmcab/Wsrmcab  HTTP/1.1" 200 46805
185.225.73.224 - - [21/Aug/2022:13:44:06 -0500] "GET / HTTP/1.1" 200 319
185.225.73.224 - - [21/Aug/2022:13:44:14 -0500] "GET /xmlrpc.php?rsd HTTP/1.1" 404 1018
190.84.216.36 - - [21/Aug/2022:13:44:30 -0500] "GET /catalogoisis/Diccionario.php?i=5&form=0&element=9&prefix=&first=yes HTTP/1.1" 200 4194
190.84.216.36 - - [21/Aug/2022:13:44:30 -0500] "GET /catalogoisis/Css/Diccionario.css HTTP/1.1" 200 1478
190.84.216.36 - - [21/Aug/2022:13:44:30 -0500] "GET /catalogoisis/Js/CriterioDiccionario.js HTTP/1.1" 200 608
190.84.216.36 - - [21/Aug/2022:13:44:30 -0500] "GET /catalogoisis/Js/LimpiarDiccionario.js HTTP/1.1" 200 98
190.84.216.36 - - [21/Aug/2022:13:44:30 -0500] "GET /catalogoisis/Js/Diccionario.js HTTP/1.1" 200 999
185.225.73.224 - - [21/Aug/2022:13:44:22 -0500] "GET /blog/wp-includes/wlwmanifest.xml HTTP/1.1" 404 1018
185.225.73.224 - - [21/Aug/2022:13:44:30 -0500] "GET / HTTP/1.1" 200 319
185.225.73.224 - - [21/Aug/2022:13:44:37 -0500] "GET /web/wp-includes/wlwmanifest.xml HTTP/1.1" 404 1018
185.225.73.224 - - [21/Aug/2022:13:44:46 -0500] "GET /blog/wp-includes/wlwmanifest.xml HTTP/1.1" 404 1018
185.225.73.224 - - [21/Aug/2022:13:44:53 -0500] "GET /wordpress/wp-includes/wlwmanifest.xml HTTP/1.1" 404 1018
185.225.73.224 - - [21/Aug/2022:13:45:02 -0500] "GET /web/wp-includes/wlwmanifest.xml HTTP/1.1" 404 1018
185.225.73.224 - - [21/Aug/2022:13:45:09 -0500] "GET /website/wp-includes/wlwmanifest.xml HTTP/1.1" 404 1018
185.225.73.224 - - [21/Aug/2022:13:45:18 -0500] "GET /wordpress/wp-includes/wlwmanifest.xml HTTP/1.1" 404 1018
185.225.73.224 - - [21/Aug/2022:13:45:25 -0500] "GET /wp/wp-includes/wlwmanifest.xml HTTP/1.1" 404 1018
185.225.73.224 - - [21/Aug/2022:13:45:34 -0500] "GET /website/wp-includes/wlwmanifest.xml HTTP/1.1" 404 1018
185.225.73.224 - - [21/Aug/2022:13:45:41 -0500] "GET /news/wp-includes/wlwmanifest.xml HTTP/1.1" 404 1018
185.225.73.224 - - [21/Aug/2022:13:45:50 -0500] "GET /wp/wp-includes/wlwmanifest.xml HTTP/1.1" 404 1018
185.225.73.224 - - [21/Aug/2022:13:45:57 -0500] "GET /2018/wp-includes/wlwmanifest.xml HTTP/1.1" 404 1018
185.225.73.224 - - [21/Aug/2022:13:46:05 -0500] "GET /news/wp-includes/wlwmanifest.xml HTTP/1.1" 404 1018
172.22.2.4 - - [21/Aug/2022:13:44:45 -0500] "GET /BLA/boletinlegal/ HTTP/1.1" 200 55621
185.225.73.224 - - [21/Aug/2022:13:46:13 -0500] "GET /2019/wp-includes/wlwmanifest.xml HTTP/1.1" 404 1018
185.225.73.224 - - [21/Aug/2022:13:46:21 -0500] "GET /2018/wp-includes/wlwmanifest.xml HTTP/1.1" 404 1018
185.225.73.224 - - [21/Aug/2022:13:46:29 -0500] "GET /shop/wp-includes/wlwmanifest.xml HTTP/1.1" 404 1018
185.225.73.224 - - [21/Aug/2022:13:46:37 -0500] "GET /2019/wp-includes/wlwmanifest.xml HTTP/1.1" 404 1018
216.245.221.92 - - [21/Aug/2022:13:46:56 -0500] "HEAD / HTTP/1.1" 200 -
185.225.73.224 - - [21/Aug/2022:13:46:44 -0500] "GET /wp1/wp-includes/wlwmanifest.xml HTTP/1.1" 404 1018
185.225.73.224 - - [21/Aug/2022:13:46:53 -0500] "GET /shop/wp-includes/wlwmanifest.xml HTTP/1.1" 404 1018
185.225.73.224 - - [21/Aug/2022:13:47:00 -0500] "GET /test/wp-includes/wlwmanifest.xml HTTP/1.1" 404 1018
172.22.2.4 - - [21/Aug/2022:13:45:42 -0500] "HEAD /BLA/boletinlegal/ HTTP/1.1" 200 -
185.225.73.224 - - [21/Aug/2022:13:47:09 -0500] "GET /wp1/wp-includes/wlwmanifest.xml HTTP/1.1" 404 1018
185.225.73.224 - - [21/Aug/2022:13:47:16 -0500] "GET /media/wp-includes/wlwmanifest.xml HTTP/1.1" 404 1018
185.225.73.224 - - [21/Aug/2022:13:47:25 -0500] "GET /test/wp-includes/wlwmanifest.xml HTTP/1.1" 404 1018
185.225.73.224 - - [21/Aug/2022:13:47:32 -0500] "GET /wp2/wp-includes/wlwmanifest.xml HTTP/1.1" 404 1018
185.225.73.224 - - [21/Aug/2022:13:47:41 -0500] "GET /media/wp-includes/wlwmanifest.xml HTTP/1.1" 404 1018
185.225.73.224 - - [21/Aug/2022:13:47:48 -0500] "GET /site/wp-includes/wlwmanifest.xml HTTP/1.1" 404 1018
172.22.2.4 - - [21/Aug/2022:13:46:32 -0500] "GET /BLA/boletinlegal/ HTTP/1.1" 200 53631
185.225.73.224 - - [21/Aug/2022:13:47:57 -0500] "GET /wp2/wp-includes/wlwmanifest.xml HTTP/1.1" 404 1018
185.225.73.224 - - [21/Aug/2022:13:48:04 -0500] "GET /cms/wp-includes/wlwmanifest.xml HTTP/1.1" 404 1018
185.225.73.224 - - [21/Aug/2022:13:48:13 -0500] "GET /site/wp-includes/wlwmanifest.xml HTTP/1.1" 404 1018
185.225.73.224 - - [21/Aug/2022:13:48:20 -0500] "GET /sito/wp-includes/wlwmanifest.xml HTTP/1.1" 404 1018
185.225.73.224 - - [21/Aug/2022:13:48:28 -0500] "GET /cms/wp-includes/wlwmanifest.xml HTTP/1.1" 404 1018
76.132.61.30 - - [21/Aug/2022:13:48:55 -0500] "GET / HTTP/1.1" 200 319
185.225.73.224 - - [21/Aug/2022:13:48:44 -0500] "GET /sito/wp-includes/wlwmanifest.xml HTTP/1.1" 404 1018
109.206.241.219 - - [21/Aug/2022:13:48:52 -0500] "POST /boaform/admin/formLogin HTTP/1.1" 404 1186
201.245.192.253 - - [21/Aug/2022:13:49:10 -0500] "POST /kwsrmcab/Wsrmcab  HTTP/1.1" 200 46805
216.245.221.92 - - [21/Aug/2022:13:51:56 -0500] "HEAD / HTTP/1.1" 200 -
172.22.2.4 - - [21/Aug/2022:13:51:32 -0500] "HEAD /BLA/boletinlegal/ HTTP/1.1" 200 -
190.24.189.110 - - [21/Aug/2022:13:53:31 -0500] "GET /portaldeninos/wp-content/uploads/useanyfont/uaf.css?ver=1589905315 HTTP/1.1" 200 408
190.24.189.110 - - [21/Aug/2022:13:53:31 -0500] "GET /portaldeninos/wp-content/themes/betheme/style.css?ver=20.9.6 HTTP/1.1" 200 287
190.24.189.110 - - [21/Aug/2022:13:53:31 -0500] "GET /portaldeninos/wp-content/plugins/gallery-videos/CSS/totalsoft.css?ver=4.9.8 HTTP/1.1" 200 40622
190.24.189.110 - - [21/Aug/2022:13:53:31 -0500] "GET /portaldeninos/wp-content/plugins/gallery-videos/CSS/Total-Soft-Gallery-Video-Widget.css?ver=4.9.8 HTTP/1.1" 200 51554
190.24.189.110 - - [21/Aug/2022:13:53:31 -0500] "GET /portaldeninos/wp-content/themes/betheme/css/layout.css?ver=20.9.6 HTTP/1.1" 200 116639
190.24.189.110 - - [21/Aug/2022:13:53:31 -0500] "GET /portaldeninos/wp-content/themes/betheme/css/base.css?ver=20.9.6 HTTP/1.1" 200 57283
190.24.189.110 - - [21/Aug/2022:13:53:31 -0500] "GET /portaldeninos/wp-content/themes/betheme/assets/ui/jquery.ui.all.css?ver=20.9.6 HTTP/1.1" 200 18765
190.24.189.110 - - [21/Aug/2022:13:53:31 -0500] "GET /portaldeninos/wp-content/themes/betheme/assets/jplayer/css/jplayer.blue.monday.css?ver=20.9.6 HTTP/1.1" 200 9834
190.24.189.110 - - [21/Aug/2022:13:53:31 -0500] "GET /portaldeninos/wp-content/themes/betheme/assets/animations/animations.min.css?ver=20.9.6 HTTP/1.1" 200 58508
190.24.189.110 - - [21/Aug/2022:13:53:31 -0500] "GET /portaldeninos/wp-content/themes/betheme/css/shortcodes.css?ver=20.9.6 HTTP/1.1" 200 138889
190.24.189.110 - - [21/Aug/2022:13:53:31 -0500] "GET /portaldeninos/wp-content/themes/betheme/css/responsive.css?ver=20.9.6 HTTP/1.1" 200 55740
190.24.189.110 - - [21/Aug/2022:13:53:31 -0500] "GET /portaldeninos/wp-content/plugins/google-analytics-for-wordpress/assets/js/frontend-gtag.min.js?ver=8.5.0 HTTP/1.1" 200 11801
190.24.189.110 - - [21/Aug/2022:13:53:31 -0500] "GET /portaldeninos/wp-includes/js/jquery/ui/core.min.js?ver=1.11.4 HTTP/1.1" 200 4000
190.24.189.110 - - [21/Aug/2022:13:53:31 -0500] "GET /portaldeninos/wp-includes/js/jquery/jquery-migrate.min.js?ver=1.4.1 HTTP/1.1" 200 10056
190.24.189.110 - - [21/Aug/2022:13:53:31 -0500] "GET /portaldeninos/wp-content/plugins/popup-maker/assets/css/site.min.css?ver=1.8.14 HTTP/1.1" 200 8260
190.24.189.110 - - [21/Aug/2022:13:53:31 -0500] "GET /portaldeninos/wp-content/plugins/gallery-videos/JS/modernizr.custom.js?ver=4.9.8 HTTP/1.1" 200 9019
190.24.189.110 - - [21/Aug/2022:13:53:31 -0500] "GET /portaldeninos/wp-includes/js/jquery/jquery.js?ver=1.12.4 HTTP/1.1" 200 97184
190.24.189.110 - - [21/Aug/2022:13:53:31 -0500] "GET /portaldeninos/wp-content/plugins/gallery-videos/JS/Total-Soft-Gallery-Video-Widget.js?ver=4.9.8 HTTP/1.1" 200 80264
190.24.189.110 - - [21/Aug/2022:13:53:31 -0500] "GET /portaldeninos/wp-includes/js/jquery/ui/widget.min.js?ver=1.11.4 HTTP/1.1" 200 6908
190.24.189.110 - - [21/Aug/2022:13:53:31 -0500] "GET /portaldeninos/wp-includes/js/jquery/ui/mouse.min.js?ver=1.11.4 HTTP/1.1" 200 3148
190.24.189.110 - - [21/Aug/2022:13:53:32 -0500] "GET /portaldeninos/wp-includes/js/jquery/ui/accordion.min.js?ver=1.11.4 HTTP/1.1" 200 8584
190.24.189.110 - - [21/Aug/2022:13:53:32 -0500] "GET /portaldeninos/wp-includes/js/jquery/ui/tabs.min.js?ver=1.11.4 HTTP/1.1" 200 12110
190.24.189.110 - - [21/Aug/2022:13:53:32 -0500] "GET /portaldeninos/wp-includes/js/jquery/ui/sortable.min.js?ver=1.11.4 HTTP/1.1" 200 24899
190.24.189.110 - - [21/Aug/2022:13:53:32 -0500] "GET /portaldeninos/wp-includes/js/jquery/ui/position.min.js?ver=1.11.4 HTTP/1.1" 200 6527
190.24.189.110 - - [21/Aug/2022:13:53:32 -0500] "GET /portaldeninos/wp-content/themes/betheme/js/menu.js?ver=20.9.6 HTTP/1.1" 200 2449
190.24.189.110 - - [21/Aug/2022:13:53:32 -0500] "GET /portaldeninos/wp-content/themes/betheme/assets/animations/animations.min.js?ver=20.9.6 HTTP/1.1" 200 1896
190.24.189.110 - - [21/Aug/2022:13:53:32 -0500] "GET /portaldeninos/wp-content/themes/betheme/assets/jplayer/jplayer.min.js?ver=20.9.6 HTTP/1.1" 200 52702
190.24.189.110 - - [21/Aug/2022:13:53:32 -0500] "GET /portaldeninos/wp-content/themes/betheme/js/plugins.js?ver=20.9.6 HTTP/1.1" 200 197151
190.24.189.110 - - [21/Aug/2022:13:53:32 -0500] "GET /portaldeninos/wp-content/themes/betheme/js/scripts.js?ver=20.9.6 HTTP/1.1" 200 77162
190.24.189.110 - - [21/Aug/2022:13:53:32 -0500] "GET /portaldeninos/wp-includes/js/wp-embed.min.js?ver=4.9.8 HTTP/1.1" 200 1398
190.24.189.110 - - [21/Aug/2022:13:53:32 -0500] "GET /portaldeninos/wp-content/plugins/popup-maker/assets/js/site.min.js?defer&ver=1.8.14 HTTP/1.1" 200 48457
190.24.189.110 - - [21/Aug/2022:13:53:32 -0500] "GET /portaldeninos/wp-includes/js/wp-emoji-release.min.js?ver=4.9.8 HTTP/1.1" 200 12026
190.24.189.110 - - [21/Aug/2022:13:53:32 -0500] "GET /portaldeninos/wp-content/uploads/2021/06/titulo-miambiente-ni%C3%B1os.png HTTP/1.1" 200 11944
190.24.189.110 - - [21/Aug/2022:13:53:32 -0500] "GET /portaldeninos/wp-content/uploads/2021/06/titulo-cabezote-ni%C3%B1os.png HTTP/1.1" 200 64425
190.24.189.110 - - [21/Aug/2022:13:53:32 -0500] "GET /portaldeninos/wp-content/uploads/2019/08/Logo-Ambientic.png HTTP/1.1" 200 22941
190.24.189.110 - - [21/Aug/2022:13:53:32 -0500] "GET /portaldeninos/wp-content/themes/betheme/fonts/mfn-icons.woff?93978679 HTTP/1.1" 200 80932
190.24.189.110 - - [21/Aug/2022:13:53:32 -0500] "GET /portaldeninos/wp-content/uploads/2021/06/titulo-videos-ni%C3%B1os.png HTTP/1.1" 200 10502
190.24.189.110 - - [21/Aug/2022:13:53:32 -0500] "GET /portaldeninos/wp-content/uploads/2020/01/Tierra-escenario.jpg HTTP/1.1" 200 181491
190.24.189.110 - - [21/Aug/2022:13:53:32 -0500] "GET /portaldeninos/wp-content/uploads/2018/10/oso.jpg HTTP/1.1" 200 305180
190.24.189.110 - - [21/Aug/2022:13:53:32 -0500] "GET /portaldeninos/wp-content/uploads/2021/06/titulo-humedales-ni%C3%B1os.png HTTP/1.1" 200 13361
190.24.189.110 - - [21/Aug/2022:13:53:32 -0500] "GET /portaldeninos/wp-content/uploads/2020/01/Frailejon-escenario.jpg HTTP/1.1" 200 357472
190.24.189.110 - - [21/Aug/2022:13:53:32 -0500] "GET /portaldeninos/wp-content/uploads/2018/11/caneca.jpg HTTP/1.1" 200 262661
190.24.189.110 - - [21/Aug/2022:13:53:32 -0500] "GET /portaldeninos/wp-content/uploads/2018/11/tigrillo.jpg HTTP/1.1" 200 402961
190.24.189.110 - - [21/Aug/2022:13:53:32 -0500] "GET /portaldeninos/wp-content/uploads/2020/05/fb.jpg HTTP/1.1" 200 9893
190.24.189.110 - - [21/Aug/2022:13:53:32 -0500] "GET /portaldeninos/wp-content/uploads/2020/05/ig.jpg HTTP/1.1" 200 11470
190.24.189.110 - - [21/Aug/2022:13:53:32 -0500] "GET /portaldeninos/wp-content/uploads/2020/06/yt.jpg HTTP/1.1" 200 10577
190.24.189.110 - - [21/Aug/2022:13:53:33 -0500] "GET /portaldeninos/wp-content/uploads/2020/06/tw.jpg HTTP/1.1" 200 11056
190.24.189.110 - - [21/Aug/2022:13:53:33 -0500] "GET /portaldeninos/wp-content/themes/betheme/images/box_shadow.png HTTP/1.1" 200 108
190.24.189.110 - - [21/Aug/2022:13:53:33 -0500] "GET /portaldeninos/wp-content/themes/betheme/fonts/mfn-icons.ttf?93978679 HTTP/1.1" 200 124684
190.24.189.110 - - [21/Aug/2022:13:53:33 -0500] "GET /portaldeninos/wp-content/themes/betheme/images/stripes/stripes_3_b.png HTTP/1.1" 200 974
190.24.189.110 - - [21/Aug/2022:13:53:32 -0500] "GET /portaldeninos/wp-content/uploads/2022/08/Infograf%C3%ADa-humedales-actualizada.png HTTP/1.1" 200 588022
190.24.189.110 - - [21/Aug/2022:13:53:33 -0500] "GET /portaldeninos/wp-json/pum/v1/analytics/?event=open&pid=1126&_cache=1661107881610 HTTP/1.1" 204 -
190.24.189.110 - - [21/Aug/2022:13:53:33 -0500] "GET /portaldeninos/wp-content/uploads/2019/06/CabezoteAMBIENTIC.mp4 HTTP/1.1" 206 3553510
190.24.189.110 - - [21/Aug/2022:13:53:33 -0500] "GET /portaldeninos/wp-content/uploads/2022/01/Conoce-lo-que-hace-la-Secretar%C3%ADa-de-Ambiente.mp4 HTTP/1.1" 206 2832618
190.24.189.110 - - [21/Aug/2022:13:53:32 -0500] "GET /portaldeninos/wp-content/uploads/2022/08/HUmedalConejera03-1.jpg HTTP/1.1" 200 3569244
172.22.2.4 - - [21/Aug/2022:13:52:22 -0500] "GET /BLA/boletinlegal/ HTTP/1.1" 200 60272
207.46.13.36 - - [21/Aug/2022:13:54:03 -0500] "GET /catalogoisis/ HTTP/1.1" 200 8575
172.22.2.4 - - [21/Aug/2022:13:54:10 -0500] "GET /BLA/boletinlegal/Directivas/2014/Directiva%20No.%203%20del%2020%20de%20Mayo%20de%202014.pdf HTTP/1.1" 200 504420
201.245.192.253 - - [21/Aug/2022:13:54:09 -0500] "POST /kwsrmcab/Wsrmcab  HTTP/1.1" 200 46805
216.245.221.92 - - [21/Aug/2022:13:56:56 -0500] "HEAD / HTTP/1.1" 200 -
172.22.2.4 - - [21/Aug/2022:13:57:22 -0500] "HEAD /BLA/boletinlegal/ HTTP/1.1" 200 -
201.245.192.253 - - [21/Aug/2022:13:59:08 -0500] "POST /kwsrmcab/Wsrmcab  HTTP/1.1" 200 46805
172.22.2.4 - - [21/Aug/2022:13:58:12 -0500] "GET /BLA/boletinlegal/ HTTP/1.1" 200 60272
128.14.209.162 - - [21/Aug/2022:14:00:33 -0500] "GET / HTTP/1.1" 200 319
66.249.65.24 - - [21/Aug/2022:14:00:55 -0500] "-" 408 -
216.245.221.92 - - [21/Aug/2022:14:01:56 -0500] "HEAD / HTTP/1.1" 200 -
66.249.73.191 - - [21/Aug/2022:14:02:38 -0500] "-" 408 -
201.245.192.253 - - [21/Aug/2022:14:04:07 -0500] "POST /kwsrmcab/Wsrmcab  HTTP/1.1" 200 46805
172.22.2.4 - - [21/Aug/2022:14:03:12 -0500] "HEAD /BLA/boletinlegal/ HTTP/1.1" 200 -
172.22.2.4 - - [21/Aug/2022:14:04:02 -0500] "GET /BLA/boletinlegal/ HTTP/1.1" 200 58154
69.171.231.119 - - [21/Aug/2022:14:06:30 -0500] "GET /images/Junio%2002-experiencias-jardines-verticales-sda.jpeg HTTP/1.1" 200 31171
216.245.221.92 - - [21/Aug/2022:14:06:56 -0500] "HEAD / HTTP/1.1" 200 -
172.22.2.4 - - [21/Aug/2022:14:09:02 -0500] "GET /BLA/boletinlegal/jurisprudencia/analisis/analisis%20sentencia%20C-1007-2011-1.doc HTTP/1.1" 200 35328
201.245.192.253 - - [21/Aug/2022:14:09:06 -0500] "POST /kwsrmcab/Wsrmcab  HTTP/1.1" 200 46805
172.22.2.4 - - [21/Aug/2022:14:09:02 -0500] "HEAD /BLA/boletinlegal/ HTTP/1.1" 200 -
172.22.2.4 - - [21/Aug/2022:14:09:52 -0500] "GET /BLA/boletinlegal/ HTTP/1.1" 200 57716
216.245.221.92 - - [21/Aug/2022:14:11:56 -0500] "HEAD / HTTP/1.1" 200 -
172.22.2.4 - - [21/Aug/2022:14:14:01 -0500] "GET /BLA/boletinlegal/Directivas/2013/Directiva%20No.%201%20del%2004%20de%20Abril%20de%202013.pdf HTTP/1.1" 304 -
201.245.192.253 - - [21/Aug/2022:14:14:05 -0500] "POST /kwsrmcab/Wsrmcab  HTTP/1.1" 200 46805
107.182.129.239 - - [21/Aug/2022:14:14:45 -0500] "POST /boaform/admin/formLogin HTTP/1.1" 404 1186
172.22.2.4 - - [21/Aug/2022:14:14:52 -0500] "HEAD /BLA/boletinlegal/ HTTP/1.1" 200 -
216.245.221.92 - - [21/Aug/2022:14:16:56 -0500] "HEAD / HTTP/1.1" 200 -
172.22.2.4 - - [21/Aug/2022:14:15:42 -0500] "GET /BLA/boletinlegal/ HTTP/1.1" 200 60272
173.252.79.17 - - [21/Aug/2022:14:19:07 -0500] "GET /images/mujeres-reverdecen-humedales-2-febrero.jpg HTTP/1.1" 200 47327
201.245.192.253 - - [21/Aug/2022:14:19:04 -0500] "POST /kwsrmcab/Wsrmcab  HTTP/1.1" 200 46805
157.55.39.98 - - [21/Aug/2022:14:19:50 -0500] "GET /BLA/boletinlegal/Circulares/2020/Circular%20No.%2000018%20del%2002%20de%20diciembre%20del%202020.pdf HTTP/1.1" 304 -
201.245.192.253 - - [21/Aug/2022:14:19:52 -0500] "POST /kwsrmcab/Wsrmcab HTTP/1.1" 200 43853
201.245.192.253 - - [21/Aug/2022:14:19:56 -0500] "POST /kwsrmcab/Wsrmcab HTTP/1.1" 200 44221
106.75.177.238 - - [21/Aug/2022:14:21:29 -0500] "GET / HTTP/1.1" 200 319
106.75.177.238 - - [21/Aug/2022:14:21:30 -0500] "GET /favicon.ico HTTP/1.1" 200 7782
216.245.221.92 - - [21/Aug/2022:14:21:56 -0500] "HEAD / HTTP/1.1" 200 -
172.22.2.4 - - [21/Aug/2022:14:20:42 -0500] "HEAD /BLA/boletinlegal/ HTTP/1.1" 200 -
106.75.181.117 - - [21/Aug/2022:14:22:49 -0500] "GET / HTTP/1.1" 200 4720
106.75.181.117 - - [21/Aug/2022:14:23:06 -0500] "GET /js/url.js HTTP/1.1" 404 1034
106.75.181.117 - - [21/Aug/2022:14:23:08 -0500] "GET /js/jquery-3.3.1.min.js HTTP/1.1" 404 1034
106.75.181.117 - - [21/Aug/2022:14:23:09 -0500] "GET /js/bootstrap.min.js HTTP/1.1" 404 1034
172.22.2.4 - - [21/Aug/2022:14:21:32 -0500] "GET /BLA/boletinlegal/ HTTP/1.1" 200 53631
106.75.172.167 - - [21/Aug/2022:14:23:46 -0500] "GET / HTTP/1.1" 200 319
106.75.172.167 - - [21/Aug/2022:14:23:47 -0500] "GET /favicon.ico HTTP/1.1" 200 7782
201.245.192.253 - - [21/Aug/2022:14:24:03 -0500] "POST /kwsrmcab/Wsrmcab  HTTP/1.1" 200 46805
172.22.2.4 - - [21/Aug/2022:14:24:14 -0500] "GET /BLA/boletinlegal/favicon.ico HTTP/1.1" 404 1038
172.22.2.4 - - [21/Aug/2022:14:23:44 -0500] "GET /BLA/boletinlegal/ HTTP/1.1" 200 32715
172.22.2.4 - - [21/Aug/2022:14:23:59 -0500] "GET /BLA/boletinlegal/ HTTP/1.1" 200 32715
40.77.167.101 - - [21/Aug/2022:14:26:29 -0500] "-" 408 -
185.119.81.97 - - [21/Aug/2022:14:26:49 -0500] "GET /portaldeninos/wp-login.php HTTP/1.1" 200 2592
185.119.81.97 - - [21/Aug/2022:14:26:50 -0500] "POST /portaldeninos/wp-login.php HTTP/1.1" 200 3605
216.245.221.92 - - [21/Aug/2022:14:26:56 -0500] "HEAD / HTTP/1.1" 200 -
172.22.2.4 - - [21/Aug/2022:14:26:32 -0500] "HEAD /BLA/boletinlegal/ HTTP/1.1" 200 -
157.55.39.102 - - [21/Aug/2022:14:28:46 -0500] "GET /portaldeninos/parque-mirador-de-los-nevados/ HTTP/1.1" 200 89855
172.22.2.4 - - [21/Aug/2022:14:27:22 -0500] "GET /BLA/boletinlegal/ HTTP/1.1" 200 58154
201.245.192.253 - - [21/Aug/2022:14:29:02 -0500] "POST /kwsrmcab/Wsrmcab  HTTP/1.1" 200 46805
201.245.192.253 - - [21/Aug/2022:14:29:52 -0500] "POST /kwsrmcab/Wsrmcab HTTP/1.1" 200 43853
201.245.192.253 - - [21/Aug/2022:14:29:56 -0500] "POST /kwsrmcab/Wsrmcab HTTP/1.1" 200 44221
216.245.221.92 - - [21/Aug/2022:14:31:55 -0500] "HEAD / HTTP/1.1" 200 -
172.22.2.4 - - [21/Aug/2022:14:32:22 -0500] "HEAD /BLA/boletinlegal/ HTTP/1.1" 200 -
201.245.192.253 - - [21/Aug/2022:14:34:01 -0500] "POST /kwsrmcab/Wsrmcab  HTTP/1.1" 200 46805
172.22.2.4 - - [21/Aug/2022:14:33:12 -0500] "GET /BLA/boletinlegal/ HTTP/1.1" 200 53281
216.245.221.92 - - [21/Aug/2022:14:36:56 -0500] "HEAD / HTTP/1.1" 200 -
172.22.2.4 - - [21/Aug/2022:14:37:18 -0500] "GET /BLA/boletinlegal/jurisprudencia/analisis/Analisis%20jurisprudencial%20Sentencia%20C-366-11.doc HTTP/1.1" 304 -
201.245.192.253 - - [21/Aug/2022:14:39:00 -0500] "POST /kwsrmcab/Wsrmcab  HTTP/1.1" 200 46805
172.22.2.4 - - [21/Aug/2022:14:39:09 -0500] "GET /BLA/boletinlegal/jurisprudencia/analisis/CUADRO%20ANALISIS%20SENTENCIA%20T-411%20DE%201992.doc HTTP/1.1" 304 -
172.22.2.4 - - [21/Aug/2022:14:38:12 -0500] "HEAD /BLA/boletinlegal/ HTTP/1.1" 200 -
201.245.192.253 - - [21/Aug/2022:14:39:52 -0500] "POST /kwsrmcab/Wsrmcab HTTP/1.1" 200 43853
201.245.192.253 - - [21/Aug/2022:14:39:56 -0500] "POST /kwsrmcab/Wsrmcab HTTP/1.1" 200 44221
172.22.2.4 - - [21/Aug/2022:14:39:02 -0500] "GET /BLA/boletinlegal/ HTTP/1.1" 200 58154
216.245.221.92 - - [21/Aug/2022:14:41:56 -0500] "HEAD / HTTP/1.1" 200 -
172.22.2.4 - - [21/Aug/2022:14:42:12 -0500] "GET /BLA/boletinlegal/Circulares/2011/Circular%20No.%207%20del%2023%20de%20Diciembre%20de%202011.pdf HTTP/1.1" 304 -
201.245.192.253 - - [21/Aug/2022:14:43:59 -0500] "POST /kwsrmcab/Wsrmcab  HTTP/1.1" 200 46805
172.22.2.4 - - [21/Aug/2022:14:44:03 -0500] "GET /BLA/boletinlegal/actos.php HTTP/1.1" 200 9559
172.22.2.4 - - [21/Aug/2022:14:44:04 -0500] "GET /BLA/boletinlegal/favicon.ico HTTP/1.1" 404 1326
167.0.129.142 - - [21/Aug/2022:14:44:12 -0500] "GET /BLA/resoluciones/ HTTP/1.1" 200 13093
167.0.129.142 - - [21/Aug/2022:14:44:15 -0500] "GET /BLA/resoluciones/index.php?dir=AUTOS+2014%2F HTTP/1.1" 200 876182
66.249.73.164 - - [21/Aug/2022:14:44:29 -0500] "-" 408 -
172.22.2.4 - - [21/Aug/2022:14:44:01 -0500] "GET /BLA/boletinlegal/ HTTP/1.1" 200 24523
167.0.129.142 - - [21/Aug/2022:14:44:46 -0500] "GET /BLA/resoluciones/AUTOS%202014/5474.pdf HTTP/1.1" 200 565372
172.22.2.4 - - [21/Aug/2022:14:44:02 -0500] "HEAD /BLA/boletinlegal/ HTTP/1.1" 200 -
172.22.2.4 - - [21/Aug/2022:14:44:52 -0500] "GET /BLA/boletinlegal/ HTTP/1.1" 200 58566
216.245.221.92 - - [21/Aug/2022:14:46:55 -0500] "HEAD / HTTP/1.1" 200 -
172.22.2.4 - - [21/Aug/2022:14:47:19 -0500] "GET /BLA/boletinlegal/actos.php HTTP/1.1" 200 9559
167.0.129.142 - - [21/Aug/2022:14:47:23 -0500] "GET /BLA/resoluciones/ HTTP/1.1" 200 13093
167.0.129.142 - - [21/Aug/2022:14:47:25 -0500] "GET /BLA/resoluciones/index.php?dir=AUTOS+2015%2F HTTP/1.1" 200 576996
167.0.129.142 - - [21/Aug/2022:14:47:42 -0500] "GET /BLA/resoluciones/AUTOS%202015/4266.pdf HTTP/1.1" 200 498752
172.22.2.4 - - [21/Aug/2022:14:47:17 -0500] "GET /BLA/boletinlegal/ HTTP/1.1" 200 24523
167.0.129.142 - - [21/Aug/2022:14:48:04 -0500] "GET /BLA/resoluciones/ HTTP/1.1" 200 13093
167.0.129.142 - - [21/Aug/2022:14:48:06 -0500] "GET /BLA/resoluciones/index.php?dir=AUTOS+2015%2F HTTP/1.1" 200 576996
167.0.129.142 - - [21/Aug/2022:14:48:52 -0500] "GET /BLA/resoluciones/ HTTP/1.1" 200 13093
167.0.129.142 - - [21/Aug/2022:14:48:54 -0500] "GET /BLA/resoluciones/index.php?dir=AUTOS+2016%2F HTTP/1.1" 200 324939
201.245.192.253 - - [21/Aug/2022:14:48:58 -0500] "POST /kwsrmcab/Wsrmcab  HTTP/1.1" 200 46805
167.0.129.142 - - [21/Aug/2022:14:49:35 -0500] "GET /BLA/resoluciones/ HTTP/1.1" 200 13093
167.0.129.142 - - [21/Aug/2022:14:49:40 -0500] "GET /BLA/resoluciones/index.php?dir=AUTOS+2016%2F HTTP/1.1" 200 324939
167.0.129.142 - - [21/Aug/2022:14:50:03 -0500] "GET /BLA/resoluciones/ HTTP/1.1" 200 13093
167.0.129.142 - - [21/Aug/2022:14:50:07 -0500] "GET /BLA/resoluciones/index.php?dir=AUTOS+2018%2F HTTP/1.1" 200 436274
172.22.2.4 - - [21/Aug/2022:14:49:49 -0500] "GET /BLA/boletinlegal/ HTTP/1.1" 200 24523
207.46.13.45 - - [21/Aug/2022:14:50:34 -0500] "GET /BLA/resoluciones/AUTOS%202022/3409.pdf HTTP/1.1" 200 1959933
172.22.2.4 - - [21/Aug/2022:14:49:52 -0500] "HEAD /BLA/boletinlegal/ HTTP/1.1" 200 -
216.245.221.92 - - [21/Aug/2022:14:51:56 -0500] "HEAD / HTTP/1.1" 200 -
207.46.13.115 - - [21/Aug/2022:14:52:18 -0500] "GET /BLA/resoluciones/RESOLUCIONES%202021/1933.pdf HTTP/1.1" 304 -
172.22.2.4 - - [21/Aug/2022:14:50:42 -0500] "GET /BLA/boletinlegal/ HTTP/1.1" 200 59819
201.245.192.253 - - [21/Aug/2022:14:53:57 -0500] "POST /kwsrmcab/Wsrmcab  HTTP/1.1" 200 46805
216.245.221.92 - - [21/Aug/2022:14:56:56 -0500] "HEAD / HTTP/1.1" 200 -
172.22.2.4 - - [21/Aug/2022:14:55:42 -0500] "HEAD /BLA/boletinlegal/ HTTP/1.1" 200 -
185.119.81.97 - - [21/Aug/2022:14:57:38 -0500] "GET /portaldeninos/wp-login.php HTTP/1.1" 200 2592
185.119.81.97 - - [21/Aug/2022:14:57:39 -0500] "POST /portaldeninos/wp-login.php HTTP/1.1" 200 3605
172.22.2.4 - - [21/Aug/2022:14:56:32 -0500] "GET /BLA/boletinlegal/ HTTP/1.1" 200 58154
185.119.81.97 - - [21/Aug/2022:14:58:54 -0500] "GET /portaldeninos/wp-login.php HTTP/1.1" 200 2592
185.119.81.97 - - [21/Aug/2022:14:58:55 -0500] "POST /portaldeninos/wp-login.php HTTP/1.1" 200 3670
201.245.192.253 - - [21/Aug/2022:14:58:55 -0500] "POST /kwsrmcab/Wsrmcab  HTTP/1.1" 200 46805
172.22.2.4 - - [21/Aug/2022:15:01:39 -0500] "GET /BLA/boletinlegal/robots.txt HTTP/1.1" 404 1038
172.22.2.4 - - [21/Aug/2022:15:01:39 -0500] "GET /BLA/boletinlegal/Directivas/2011/Directiva%20No.%208%20del%2020%20de%20Septiembre%20de%202011.pdf HTTP/1.1" 200 727150
216.245.221.92 - - [21/Aug/2022:15:01:55 -0500] "HEAD / HTTP/1.1" 200 -
172.22.2.4 - - [21/Aug/2022:15:01:32 -0500] "HEAD /BLA/boletinlegal/ HTTP/1.1" 200 -
157.55.39.102 - - [21/Aug/2022:15:03:18 -0500] "GET /portaldeninos/parque-mirador-de-los-nevados/ HTTP/1.1" 200 89855
201.245.192.253 - - [21/Aug/2022:15:03:55 -0500] "POST /kwsrmcab/Wsrmcab  HTTP/1.1" 200 46805
172.22.2.4 - - [21/Aug/2022:15:02:22 -0500] "GET /BLA/boletinlegal/ HTTP/1.1" 200 53631
190.146.243.71 - - [21/Aug/2022:15:05:42 -0500] "GET / HTTP/1.1" 200 319
190.146.243.71 - - [21/Aug/2022:15:05:42 -0500] "GET /favicon.ico HTTP/1.1" 200 7782
216.245.221.92 - - [21/Aug/2022:15:06:56 -0500] "HEAD / HTTP/1.1" 200 -
201.245.192.253 - - [21/Aug/2022:15:08:54 -0500] "POST /kwsrmcab/Wsrmcab  HTTP/1.1" 200 46805
172.22.2.4 - - [21/Aug/2022:15:07:22 -0500] "HEAD /BLA/boletinlegal/ HTTP/1.1" 200 -
172.22.2.4 - - [21/Aug/2022:15:08:12 -0500] "GET /BLA/boletinlegal/ HTTP/1.1" 200 58154
23.100.232.233 - - [21/Aug/2022:15:10:03 -0500] "GET /bla/resoluciones/resoluciones%202021/3049.pdf HTTP/1.1" 200 449309
216.245.221.92 - - [21/Aug/2022:15:11:55 -0500] "HEAD / HTTP/1.1" 200 -
201.245.192.253 - - [21/Aug/2022:15:13:53 -0500] "POST /kwsrmcab/Wsrmcab  HTTP/1.1" 200 46805
172.22.2.4 - - [21/Aug/2022:15:13:12 -0500] "HEAD /BLA/boletinlegal/ HTTP/1.1" 200 -
172.22.2.4 - - [21/Aug/2022:15:14:02 -0500] "GET /BLA/boletinlegal/ HTTP/1.1" 200 57716
216.245.221.92 - - [21/Aug/2022:15:16:55 -0500] "HEAD / HTTP/1.1" 200 -
207.46.13.11 - - [21/Aug/2022:15:17:18 -0500] "GET /BLA/resoluciones/RESOLUCIONES%202018/3771.pdf HTTP/1.1" 304 -
201.245.192.253 - - [21/Aug/2022:15:18:52 -0500] "POST /kwsrmcab/Wsrmcab  HTTP/1.1" 200 46805
201.245.192.253 - - [21/Aug/2022:15:19:51 -0500] "POST /kwsrmcab/Wsrmcab HTTP/1.1" 200 45150
201.245.192.253 - - [21/Aug/2022:15:19:56 -0500] "POST /kwsrmcab/Wsrmcab HTTP/1.1" 200 43736
173.252.95.1 - - [21/Aug/2022:15:20:09 -0500] "GET /silvicultura/1.pdf HTTP/1.1" 206 334952
172.22.2.4 - - [21/Aug/2022:15:19:02 -0500] "HEAD /BLA/boletinlegal/ HTTP/1.1" 200 -
172.22.2.4 - - [21/Aug/2022:15:19:52 -0500] "GET /BLA/boletinlegal/ HTTP/1.1" 200 56005
216.245.221.92 - - [21/Aug/2022:15:21:56 -0500] "HEAD / HTTP/1.1" 200 -
201.245.192.253 - - [21/Aug/2022:15:23:51 -0500] "POST /kwsrmcab/Wsrmcab  HTTP/1.1" 200 46805
157.55.39.108 - - [21/Aug/2022:15:24:17 -0500] "GET /portaldeninos/wp-content/uploads/2021/11/arbol-bogota-capacitacion-29-abril-260x144.jpg HTTP/1.1" 200 11351
191.156.158.247 - - [21/Aug/2022:15:24:25 -0500] "GET /galeria/galeria/jquery.fancybox.css?v=2.1.5 HTTP/1.1" 200 4895
191.156.154.219 - - [21/Aug/2022:15:24:25 -0500] "GET /BLA/boletinlegal/js/jquery.scrollShow.js HTTP/1.1" 200 4586
191.156.147.73 - - [21/Aug/2022:15:24:25 -0500] "GET /galeria/galeria/jquery.fancybox.js?v=2.1.5 HTTP/1.1" 200 48706
172.22.2.4 - - [21/Aug/2022:15:24:51 -0500] "HEAD /BLA/boletinlegal/ HTTP/1.1" 200 -
216.245.221.92 - - [21/Aug/2022:15:26:55 -0500] "HEAD / HTTP/1.1" 200 -
172.22.2.4 - - [21/Aug/2022:15:25:42 -0500] "GET /BLA/boletinlegal/ HTTP/1.1" 200 58154
201.245.192.253 - - [21/Aug/2022:15:28:51 -0500] "POST /kwsrmcab/Wsrmcab  HTTP/1.1" 200 46805
201.245.192.253 - - [21/Aug/2022:15:29:52 -0500] "POST /kwsrmcab/Wsrmcab HTTP/1.1" 200 45150
201.245.192.253 - - [21/Aug/2022:15:29:56 -0500] "POST /kwsrmcab/Wsrmcab HTTP/1.1" 200 43736
83.137.158.14 - - [21/Aug/2022:15:31:46 -0500] "GET /portaldeninos/ HTTP/1.1" 200 110281
216.245.221.92 - - [21/Aug/2022:15:31:55 -0500] "HEAD / HTTP/1.1" 200 -
172.22.2.4 - - [21/Aug/2022:15:30:42 -0500] "HEAD /BLA/boletinlegal/ HTTP/1.1" 200 -
172.22.2.4 - - [21/Aug/2022:15:31:32 -0500] "GET /BLA/boletinlegal/ HTTP/1.1" 200 53994
201.245.192.253 - - [21/Aug/2022:15:33:50 -0500] "POST /kwsrmcab/Wsrmcab  HTTP/1.1" 200 46805
216.245.221.92 - - [21/Aug/2022:15:36:55 -0500] "HEAD / HTTP/1.1" 200 -
172.22.2.4 - - [21/Aug/2022:15:35:21 -0500] "GET /BLA/boletinlegal/ HTTP/1.1" 200 57716
172.22.2.4 - - [21/Aug/2022:15:36:31 -0500] "HEAD /BLA/boletinlegal/ HTTP/1.1" 200 -
185.225.73.224 - - [21/Aug/2022:15:38:23 -0500] "GET / HTTP/1.1" 200 319
201.245.192.253 - - [21/Aug/2022:15:38:49 -0500] "POST /kwsrmcab/Wsrmcab  HTTP/1.1" 200 46805
185.225.73.224 - - [21/Aug/2022:15:38:39 -0500] "GET / HTTP/1.1" 200 319
185.225.73.224 - - [21/Aug/2022:15:38:44 -0500] "GET / HTTP/1.1" 200 319
172.22.2.4 - - [21/Aug/2022:15:37:22 -0500] "GET /BLA/boletinlegal/ HTTP/1.1" 200 58154
185.225.73.224 - - [21/Aug/2022:15:38:55 -0500] "GET /wp-includes/wlwmanifest.xml HTTP/1.1" 404 1018
185.225.73.224 - - [21/Aug/2022:15:39:00 -0500] "GET / HTTP/1.1" 200 319
172.22.2.4 - - [21/Aug/2022:15:39:19 -0500] "GET /BLA/boletinlegal/Circulares/2022/CIRCULAR%20No.%2000005%20DEL%2030%20DE%20JUNIO%20DEL%202022.pdf HTTP/1.1" 404 1218
172.22.2.4 - - [21/Aug/2022:15:39:26 -0500] "GET /BLA/boletinlegal/Circulares/2019/.pdf HTTP/1.1" 404 1218
185.225.73.224 - - [21/Aug/2022:15:39:11 -0500] "GET /xmlrpc.php?rsd HTTP/1.1" 404 1018
185.225.73.224 - - [21/Aug/2022:15:39:16 -0500] "GET /wp-includes/wlwmanifest.xml HTTP/1.1" 404 1018
172.22.2.4 - - [21/Aug/2022:15:39:35 -0500] "GET /BLA/boletinlegal/Circulares/2012/Circular%20No.%2010%20del%2026%20de%20Enero%20de%202012.pdf HTTP/1.1" 404 1218
185.225.73.224 - - [21/Aug/2022:15:39:27 -0500] "GET / HTTP/1.1" 200 319
185.225.73.224 - - [21/Aug/2022:15:39:32 -0500] "GET /xmlrpc.php?rsd HTTP/1.1" 404 1018
201.245.192.253 - - [21/Aug/2022:15:39:52 -0500] "POST /kwsrmcab/Wsrmcab HTTP/1.1" 200 45150
185.225.73.224 - - [21/Aug/2022:15:39:43 -0500] "GET /blog/wp-includes/wlwmanifest.xml HTTP/1.1" 404 1018
201.245.192.253 - - [21/Aug/2022:15:39:56 -0500] "POST /kwsrmcab/Wsrmcab HTTP/1.1" 200 43736
185.225.73.224 - - [21/Aug/2022:15:39:47 -0500] "GET / HTTP/1.1" 200 319
185.225.73.224 - - [21/Aug/2022:15:39:58 -0500] "GET /web/wp-includes/wlwmanifest.xml HTTP/1.1" 404 1018
185.225.73.224 - - [21/Aug/2022:15:40:03 -0500] "GET /blog/wp-includes/wlwmanifest.xml HTTP/1.1" 404 1018
185.225.73.224 - - [21/Aug/2022:15:40:14 -0500] "GET /wordpress/wp-includes/wlwmanifest.xml HTTP/1.1" 404 1018
185.225.73.224 - - [21/Aug/2022:15:40:19 -0500] "GET /web/wp-includes/wlwmanifest.xml HTTP/1.1" 404 1018
185.225.73.224 - - [21/Aug/2022:15:40:30 -0500] "GET /website/wp-includes/wlwmanifest.xml HTTP/1.1" 404 1018
185.225.73.224 - - [21/Aug/2022:15:40:35 -0500] "GET /wordpress/wp-includes/wlwmanifest.xml HTTP/1.1" 404 1018
185.225.73.224 - - [21/Aug/2022:15:40:46 -0500] "GET /wp/wp-includes/wlwmanifest.xml HTTP/1.1" 404 1018
185.225.73.224 - - [21/Aug/2022:15:40:51 -0500] "GET /website/wp-includes/wlwmanifest.xml HTTP/1.1" 404 1018
185.225.73.224 - - [21/Aug/2022:15:41:02 -0500] "GET /news/wp-includes/wlwmanifest.xml HTTP/1.1" 404 1018
185.225.73.224 - - [21/Aug/2022:15:41:07 -0500] "GET /wp/wp-includes/wlwmanifest.xml HTTP/1.1" 404 1018
185.225.73.224 - - [21/Aug/2022:15:41:18 -0500] "GET /wp1/wp-includes/wlwmanifest.xml HTTP/1.1" 404 1018
185.225.73.224 - - [21/Aug/2022:15:41:23 -0500] "GET /news/wp-includes/wlwmanifest.xml HTTP/1.1" 404 1018
185.225.73.224 - - [21/Aug/2022:15:41:34 -0500] "GET /test/wp-includes/wlwmanifest.xml HTTP/1.1" 404 1018
185.225.73.224 - - [21/Aug/2022:15:41:39 -0500] "GET /wp1/wp-includes/wlwmanifest.xml HTTP/1.1" 404 1018
216.245.221.92 - - [21/Aug/2022:15:41:55 -0500] "HEAD / HTTP/1.1" 200 -
185.225.73.224 - - [21/Aug/2022:15:41:50 -0500] "GET /wp2/wp-includes/wlwmanifest.xml HTTP/1.1" 404 1018
185.225.73.224 - - [21/Aug/2022:15:41:55 -0500] "GET /test/wp-includes/wlwmanifest.xml HTTP/1.1" 404 1018
185.225.73.224 - - [21/Aug/2022:15:42:06 -0500] "GET /site/wp-includes/wlwmanifest.xml HTTP/1.1" 404 1018
185.225.73.224 - - [21/Aug/2022:15:42:10 -0500] "GET /wp2/wp-includes/wlwmanifest.xml HTTP/1.1" 404 1018
185.225.73.224 - - [21/Aug/2022:15:42:21 -0500] "GET /cms/wp-includes/wlwmanifest.xml HTTP/1.1" 404 1018
185.225.73.224 - - [21/Aug/2022:15:42:26 -0500] "GET /site/wp-includes/wlwmanifest.xml HTTP/1.1" 404 1018
185.225.73.224 - - [21/Aug/2022:15:42:37 -0500] "GET /sito/wp-includes/wlwmanifest.xml HTTP/1.1" 404 1018
185.225.73.224 - - [21/Aug/2022:15:42:42 -0500] "GET /cms/wp-includes/wlwmanifest.xml HTTP/1.1" 404 1018
185.225.73.224 - - [21/Aug/2022:15:42:58 -0500] "GET /sito/wp-includes/wlwmanifest.xml HTTP/1.1" 404 1018
201.245.192.253 - - [21/Aug/2022:15:43:47 -0500] "POST /kwsrmcab/Wsrmcab  HTTP/1.1" 200 46805
172.22.2.4 - - [21/Aug/2022:15:42:22 -0500] "HEAD /BLA/boletinlegal/ HTTP/1.1" 200 -
66.220.149.18 - - [21/Aug/2022:15:44:07 -0500] "GET /images/actividades-dia-tierra-22-abril.jpg HTTP/1.1" 200 77276
69.171.249.10 - - [21/Aug/2022:15:44:27 -0500] "GET /images/pieza-residuos-31-enero.jpg HTTP/1.1" 200 47280
172.22.2.4 - - [21/Aug/2022:15:43:12 -0500] "GET /BLA/boletinlegal/ HTTP/1.1" 200 59819
173.252.95.18 - - [21/Aug/2022:15:45:05 -0500] "GET /secretaria-de-ambiente-y-sena-abren-curso-de-jardines-verticales.html HTTP/1.1" 206 734
216.245.221.92 - - [21/Aug/2022:15:46:55 -0500] "HEAD / HTTP/1.1" 200 -
66.249.73.161 - - [21/Aug/2022:15:48:07 -0500] "-" 408 -
201.245.192.253 - - [21/Aug/2022:15:48:47 -0500] "POST /kwsrmcab/Wsrmcab  HTTP/1.1" 200 46805
23.100.232.233 - - [21/Aug/2022:15:49:25 -0500] "GET /silvicultura/9.pdf HTTP/1.1" 200 189358
172.22.2.4 - - [21/Aug/2022:15:48:11 -0500] "HEAD /BLA/boletinlegal/ HTTP/1.1" 200 -
34.90.237.0 - - [21/Aug/2022:15:50:35 -0500] "GET / HTTP/1.1" 200 319
34.90.237.0 - - [21/Aug/2022:15:50:36 -0500] "GET / HTTP/1.1" 200 4720
172.22.2.4 - - [21/Aug/2022:15:49:02 -0500] "GET /BLA/boletinlegal/ HTTP/1.1" 200 60272
216.245.221.92 - - [21/Aug/2022:15:51:55 -0500] "HEAD / HTTP/1.1" 200 -
201.245.192.253 - - [21/Aug/2022:15:53:46 -0500] "POST /kwsrmcab/Wsrmcab  HTTP/1.1" 200 46805
172.22.2.4 - - [21/Aug/2022:15:54:01 -0500] "HEAD /BLA/boletinlegal/ HTTP/1.1" 200 -
172.22.2.4 - - [21/Aug/2022:15:54:52 -0500] "GET /BLA/boletinlegal/ HTTP/1.1" 200 58154
216.245.221.92 - - [21/Aug/2022:15:56:55 -0500] "HEAD / HTTP/1.1" 200 -
207.46.13.186 - - [21/Aug/2022:15:56:58 -0500] "GET /BLA/boletinlegal/Directivas/2022/DIRECTIVA%20No.%2000001%20DEL%2015%20DE%20JUNIO%20DEL%202022.pdf HTTP/1.1" 200 290944
201.245.192.253 - - [21/Aug/2022:15:58:44 -0500] "POST /kwsrmcab/Wsrmcab  HTTP/1.1" 200 46805
108.174.5.112 - - [21/Aug/2022:15:59:07 -0500] "GET /mas-de-400-animales-silvestres-fueron-liberados-y-reubicados-en-el-caribe.html HTTP/1.1" 206 730
207.46.13.11 - - [21/Aug/2022:15:59:52 -0500] "GET /BLA/resoluciones/RESOLUCIONES%202022/0383.pdf HTTP/1.1" 304 -
172.22.2.4 - - [21/Aug/2022:15:59:52 -0500] "HEAD /BLA/boletinlegal/ HTTP/1.1" 200 -
216.245.221.92 - - [21/Aug/2022:16:01:55 -0500] "HEAD / HTTP/1.1" 200 -
172.22.2.4 - - [21/Aug/2022:16:00:42 -0500] "GET /BLA/boletinlegal/ HTTP/1.1" 200 59819
201.245.192.253 - - [21/Aug/2022:16:03:43 -0500] "POST /kwsrmcab/Wsrmcab  HTTP/1.1" 200 46805
216.245.221.92 - - [21/Aug/2022:16:06:55 -0500] "HEAD / HTTP/1.1" 200 -
172.22.2.4 - - [21/Aug/2022:16:05:41 -0500] "HEAD /BLA/boletinlegal/ HTTP/1.1" 200 -
172.22.2.4 - - [21/Aug/2022:16:06:32 -0500] "GET /BLA/boletinlegal/ HTTP/1.1" 200 52868
207.46.13.144 - - [21/Aug/2022:16:08:29 -0500] "GET / HTTP/1.1" 200 319
201.245.192.253 - - [21/Aug/2022:16:08:42 -0500] "POST /kwsrmcab/Wsrmcab  HTTP/1.1" 200 46805
172.22.2.4 - - [21/Aug/2022:16:09:09 -0500] "GET /BLA/boletinlegal/jurisprudencia/analisis/AnalisisT-095-16.docx HTTP/1.1" 304 -
172.22.2.4 - - [21/Aug/2022:16:09:26 -0500] "GET /BLA/boletinlegal/robots.txt HTTP/1.1" 404 1140
216.245.221.92 - - [21/Aug/2022:16:11:55 -0500] "HEAD / HTTP/1.1" 200 -
172.22.2.4 - - [21/Aug/2022:16:11:31 -0500] "HEAD /BLA/boletinlegal/ HTTP/1.1" 200 -
201.245.192.253 - - [21/Aug/2022:16:13:42 -0500] "POST /kwsrmcab/Wsrmcab  HTTP/1.1" 200 46805
172.22.2.4 - - [21/Aug/2022:16:12:22 -0500] "GET /BLA/boletinlegal/ HTTP/1.1" 200 60272
186.102.62.67 - - [21/Aug/2022:16:16:03 -0500] "OPTIONS /kwssiamovil/sm/setfile/f? HTTP/1.1" 200 13
186.102.62.67 - - [21/Aug/2022:16:16:03 -0500] "POST /kwssiamovil/sm/setfile/f? HTTP/1.1" 200 381
186.102.62.67 - - [21/Aug/2022:16:16:15 -0500] "GET /kwssiamovil/sm/acme/a?s=U2FsdGVkX19bmzDtirb2iYQg9Pxl3ywdMdHd3gmsnVs+GgCvFMzPwEuk37qMJhLUtTI5AHvPdH3yYIFIAmSHdTxwy9blUxh/75iAriyRIHPXg4kknjXvWd9FY4AitspgmpwCpGsikBBCIioTtOzVoj2lofo/2UegxgGnn2fZlqARhgVSKTiClaXStdpawG6OOt9Df4f9qj18x6SBRl8czZYs16uig6vnXtGf3C77SzM9n/mCpQCIWVjirnF8jzGrifZ2rAxhmb+/yUD6XobHcA==&u=U2FsdGVkX1/CpirTSVNYa4ljhzGa3PfUykzgFaH/5thAMnqZB8mKXjGHlvbUdGeD&y=U2FsdGVkX1+UXj0ymksNUyegub5cXzRYD/BocyUfq9rgaxalEHgEUGjhksr4bIdw HTTP/1.1" 200 25
186.102.62.67 - - [21/Aug/2022:16:16:15 -0500] "GET /kwssiamovil/sm/acme/a?s=U2FsdGVkX193z78kjM4HFMSjvw+Q1D3y0NZ7qfAdaOOsEmsO/+XAltvgnE9OLqlLj7jdWh+GN/smCEI6IC+qLX+X9JwCEJEbApFL9K02lyd5jyK8/Y4YGi/L8nsB92ki5RbGSNbSRO1Ne241A2S6bnGfsJXXLNcBUD061BL+5VCCocM2DydCD3lDjn8GYamNkHGm7fOfabsvG8pOwDJX72e2WU9L41gaEdSMJeONls/m1q16L8T6ZtZZrCvfQnUTo07wXAiYxDeSHZ8xCBS7zBjDfyiV/mFZf0Dzl9TyLx16s7iJ6IqMh2X+KkxJYxg73dw0apzxxU2GCAb+CVx/2jUmnOwYFMyiFlGT3KyQ3r3iqaQuAQRUpJFgkRz6oSz0Bg9sqICxO+lvI/uwbnSV/dKYdTGjVR7twu72VU8CcoQtQbYpuJ5bik5EgbmNMN+TpybTBlqXVJxTIT/ZIL1ORcxQNiFYmo2H68ACXAmX+yPoUr6HLcW0jlOXY9Nw2Nv5CyheN7KhAThpTlV0/1k+5mR4YPpQm47Sh2eu4qy2vLGZx0mkmROgypNX+hu2cdZcNosUBVB84blH9JLR8W9dDJmKelzlEirXxvwsL79iW1Mgqe9N8CklSRRfLJj41KWhFzSidcJ8HEye/fsh6mX6EgYrFGc6X9nlRNjY5w8rZwcxsYkXWEewXcU6J3Zy0P2E+ITCJfLb6fs1Gz1huIwrno884orFAXWJa3ctgm/tF9oKUHMKuuH8Bdo5CgASc7G53TIl9n8niXCvV0NnbJEfzZ6Gy+SNU5PUgS9iffoNHn+oMeRYZQ2j36ZDBdUjk42mzjDSTqB3ld+R9dbjXMSBnybGGnUXEkOWJl9/ABfnuk3JThxA4H205AuQVEFrjeNQSvitsVJ5SKC7qpzLVQuYVyFhweOV9iZk58loaE+tslnyrRAcM4X+ZGMXWcRl+zlCrH3/L6laCERYGCn36vf/ixRTS7iMxxghxs+2d+blSY+QRbklPRXDRd3F43jFQD05uZZNQFGw7b4jXN90/yi+c5ql5+DjwqGBxgmczgj5bQdGOmENDYJF35T1mwsZgDjcf0nwBQzEIvZt5c+HqH3Zl+GaGqkvOXpe/RHnmbEE9TeReHDCNsogR8AJTiubSP3e94HuGM/YfHl8dJzJL01p26DarSYnomVUkbZH2ggkzHsUVLygkttaYUCt4TXqz75TLGvWmgIhy2vo4/GnTqrtwwSQeQD9ZdskClo57AF+Ke03pD9eeeEzIFX8yK6cG5BbTAhx2zBk/Y49uGW9p/C8zwM8dOaS47iaq07N5CqVJXM5iDRLHBOlokkYIgu9NLhBX/oSHbcehZZWj/mCR91je/s2/T6+SLitk05pN6Y4IndfaF0UxYNOvHMmzkkGE5zJz20btMzTTMvGJR0XdMVH0dWqWbEsz7/mRn/XiQ3FuvPuTtHHB/ZeYdckDR64pp0HWE5Y89uk5ki6CaZqOFpsi0w0J1qkKRNjMZ6NRySgvjjGTPAmT2AQ2cMSXCL+SHkgcTeEXC4Gg/CUFRZ9QoMdjblPzXwUZBqdfAO1fpXYUCEV/P+gAwC3ndOCzEI34EJ5W23Jih1bo5lNL17oj+OnNbv/0ljoKpEUr1MMEKHwa1xuTMj9/3qRvJ3aKjK5LSeKaV7bTLaod3WagNfWW4G3/FpVJx6kWXhmjzchRNjr39AJc4/veBOFCLoMqcSNviB652xH0+aQzLl9Bo9U4cxDMnimIgsIMcdpV9YZ8uNyfrcmK+HqXosk/drO8CJy/y6mR5IlmiDmY8Z7W5OgPLE45TyCFLzuLCOrIx6iauD0fExrxgCJobcrX9lETjS1NINNmg+XJeb4ypKgUGxdVc/sxYNgDZoG+vhbXSrZvmhTKzrbV7fecHh1yKtkHqJpwlzcXFLrtZ9Eguy8VfW7bFb2xDcs5aSlspFS3QjOuiocoSuNX7y2e63iT1zlhIuocti2A3WDW4L5F2Tt9MdLil5q6alVk6dwspy3q7OLnZeXbbhLge2NP8/WTBUj40t/i6bxdgVQTL93lYeYlMnKIbsDXArVbeE5oPiK1NGuc2BGYbl5xlmICqQys00CvA6yrxH/L5ORA6oSci+FeGNo4dI0qhN60EPgy7yphWWoZswcgpKbtDppeSQHkJ0UYeurYEgmR8sQ7sipQLXgAqjFMN3qkaebLpzm9USUaijq24m+hfYWwm7SulexEOVH6KvyDO43VXckLScoPYP14o4QNrsJzsBxCQCyVpafVYaqLYM/4HCyNEA8a+sl+CjDaeqMKTSQL6nm/vFM4KhuA5pXDk+MGRN20owqxJOXUO5P7PCaeLUxldkV4Bco71rKTcyWGBCrmFUjEiWeUcmxdGJf7OVuphYpm+BGNn0hFS/76XUpqoSPgpjIUA1ZesDj/a7AzU4Ve32r1mxHt/dI5Xyk/Wi16ncjK8YBlSNrr/HcJfgGUEu0B55PYxJLperqAeTFnlSAq7yrXXpccXNbJchbBBk5BEuHcfbyKIuuOJECsR3tJ582J2RHt1AY7lmmrFCtMXyOv589ew31TZhvUulxuQTTN9WqgGpqeu7et0wppZTfbVeh95M4s+bz3nufhWzlQNnRkPrLPZcO1YEfPkWuIdaoBGlncKYJJTLA09uvMiWwoxs6/jPBRhW+4V3/1j030Kv5FM+XaFikwJlWxJYqxa/4bbEtn+Z4Z5731CHLCVPuTY6dpC2umcc46KodpYfrKvrCR781b1xk0McfBJAqayHPWGWpZK+knW80jvgVvCN2ve6qUkSxPJxuP+qCsszSJK6Uo6tphlGzcGIxQ6y5pL9gH5BubkqCpDLMyV9jnbNKZq1ijgkl/AIrhPHKLGCCUtkKmCf2vGyejGG/aD+Dpa6SYdPjPSLBMIRPIG64lFb5kozdESu1bRhDTTT2oXDuOBEtO3JTX6Ah8gHKxNqGtTTMEbNHUZvSjTJkKa/Fuw+xhUCQLvnF7jhiiIiByDlsher9kVjRDhS7JGMUKQWi0fgwFaF54HOwhpkiuPrAeUeSrCvQdvbSrgW45pxzg8F/tkF1M6p5AeYzn1tYg2h9wziOSJInal+f0aVPNhChHVFt05nD/jGNe6DIuRGTyc/L9A4NMHA9bVszvXUqc7XV64KmmpkHlz8P4Y0Fszm3Z2A/yG3pM+kL21rC1qSycM2U7idUeU2FFbzjmDsQ6x2PDCtvc88T2DLC5CGPh1VqbmzQ2/aHVmRRjaPY3BO3DCyUfZD6CYYpeP6nb/f30Lcsee0xQLgIFiXebfkBI7EdTJCCAJhwg+cJYoMEtZj5GPqmb6YEQw/DOj7fmTuW7g21nznd/E8wlL3ycZDlAN5n4jmTViLq6QikeUTMBHRUEORgcvRrxzDIC29bXLXdNXg29UtOvnQnODFMn7vjZdsOMju0S57RDEf65yLPzn/u0/dhgl7qO/qW+g3JK9T58jNfFYrBHhDqcGLRvvrZ/vI4l8z51xBoMQe6+SyUgnUWR6gLdQCK&u=U2FsdGVkX1/CpirTSVNYa4ljhzGa3PfUykzgFaH/5thAMnqZB8mKXjGHlvbUdGeD&y=U2FsdGVkX1+UXj0ymksNUyegub5cXzRYD/BocyUfq9rgaxalEHgEUGjhksr4bIdw HTTP/1.1" 200 25
186.102.62.67 - - [21/Aug/2022:16:16:15 -0500] "GET /kwssiamovil/sm/acme/a?s=U2FsdGVkX18w9Z9IqiLdZxgKVsECI76+LGoqRxcjlhaBqJqTwbRcgFkY0V+A/s+BHvT/Qqcdt9zYEFg7EyREcFmeIcRJIHtTaOYlQOOBn0ePDa3wq9PNqU17MVIWfIyLBK7sIHzr3FrW0fxcKkUfeiVvhK+OqiOyjntGiijV5Ns=&u=U2FsdGVkX1/CpirTSVNYa4ljhzGa3PfUykzgFaH/5thAMnqZB8mKXjGHlvbUdGeD&y=U2FsdGVkX1+UXj0ymksNUyegub5cXzRYD/BocyUfq9rgaxalEHgEUGjhksr4bIdw HTTP/1.1" 200 25
186.102.62.67 - - [21/Aug/2022:16:16:16 -0500] "GET /kwssiamovil/sm/acme/a?s=U2FsdGVkX18RqvwlGsl+ut7Ur0Tz/njVcfsBYg459bOGMtDvP607mvGbZoCXDS+frWsDuLSoTwBHbwqcA2v/GDKLwszTL9Hv8nr8xwR61wnh0Ojrbj/KEYFW6rMy4ZRhCjcqsco3uMjWtdo7Ny1/9KtNWbMx640/xmJjghdUhgE=&u=U2FsdGVkX1/CpirTSVNYa4ljhzGa3PfUykzgFaH/5thAMnqZB8mKXjGHlvbUdGeD&y=U2FsdGVkX1+UXj0ymksNUyegub5cXzRYD/BocyUfq9rgaxalEHgEUGjhksr4bIdw HTTP/1.1" 200 25
186.102.62.67 - - [21/Aug/2022:16:16:16 -0500] "GET /kwssiamovil/sm/acme/a?s=U2FsdGVkX1/EMMoTVMq9XGAGe+fyX0dAbvzR9mG7zITFbXuWLU0OVuLBMyoteQaublgOeP8mTVjViIj5NwvNDE7DUnfGp0PgSX5tutG197T9y1CXo667Q7liOZHXavL4eG4cpE+z1K+4WtUvIB24kx2ovjv6uyeV3Y1qZA9OQu0=&u=U2FsdGVkX1/CpirTSVNYa4ljhzGa3PfUykzgFaH/5thAMnqZB8mKXjGHlvbUdGeD&y=U2FsdGVkX1+UXj0ymksNUyegub5cXzRYD/BocyUfq9rgaxalEHgEUGjhksr4bIdw HTTP/1.1" 200 25
186.102.62.67 - - [21/Aug/2022:16:16:16 -0500] "GET /kwssiamovil/sm/acme/a?s=U2FsdGVkX18K39x5zYeEdQKawCnJzt3VqQ2QNtzwnmVE2m+iRw6V9DpTJFcwed3l8YO50AjAORUoYckTQxcCTGYHmhZm3lqLozc7+XvjWFidQ6arKo3nr+4WW1DAySQmdsRWjWCMPaG6UwWi5L5NU4tDgfnWhGiiLTLBltejORuYN1RLHMkY+bYbkGy2J9wEjwtcHKahnKEnxdGPsn1/Vg==&u=U2FsdGVkX1/CpirTSVNYa4ljhzGa3PfUykzgFaH/5thAMnqZB8mKXjGHlvbUdGeD&y=U2FsdGVkX1+UXj0ymksNUyegub5cXzRYD/BocyUfq9rgaxalEHgEUGjhksr4bIdw HTTP/1.1" 200 25
186.102.62.67 - - [21/Aug/2022:16:16:16 -0500] "GET /kwssiamovil/sm/acme/a?s=U2FsdGVkX1+mW9AbfOdoDEDYyJNv5k9A6ZbPZ/Kt2SLamPg1o80Pftvi3eflLo1p6fw4RQmMaGjB5il0KRszNjfVmHhBC19aAmnwCw9pmSyvjcYjqQcrIHuC3giDAj4v09aYWsDcNLtE8V1tIaXQoqDBCiY3jH0NyH3F5PwjdsWihP+kKM09cubiDeyJfQBVEUVOh1XBgmm+OXPV/vUqPJpOGvKN1SGwv9Rb/fDOTzLl+iqCiIDkV85wGXMHTetEqKtdpAd2jS9JBjP0dDUJWKW/t663OOJJWjzmYAvoCN9u+VRXm5PEvEvwEpxMyDipEdD+aZZwy/FTV5Pqs18UeqcrwYeyAeFUUxxRNNJRjfQEmu0+IqXp9n0zYqKe0x+VHdF076Mk8I9+ReP4giZqJ3tUNEquVh7pKjmEztkZSZYeeRphPTjqRllAh++U0vP85ZzeOzCTrYCScZyNjjJcrnOSNLSiS15WQlVmZzKEqbRknZxq4fFhstic1WKPmseX&u=U2FsdGVkX1/CpirTSVNYa4ljhzGa3PfUykzgFaH/5thAMnqZB8mKXjGHlvbUdGeD&y=U2FsdGVkX1+UXj0ymksNUyegub5cXzRYD/BocyUfq9rgaxalEHgEUGjhksr4bIdw HTTP/1.1" 200 25
186.102.62.67 - - [21/Aug/2022:16:16:17 -0500] "GET /kwssiamovil/sm/acme/a?s=U2FsdGVkX1+uYfLKRaCpsZwlr7ZcDrn12y76ykIDXEQgJVHkmdEzSQi3LF8qd4kFay25JpYZ3vO82I2ewyeioetQUVd10RrWePu7N3LeVzOa3l75S0idw9bLyPxxX2f1X0ZZi69sYlivmxmQVWGNS71FpCVTle7+6xlLJniF1FMQQxsVxEovUW8jiU4zTQ+XxAe25sKjcTC5eQmZfFo5zD0F9u6dq88tWF/Nbu8jDUA63fWFsQ+WuVBHgsmrbmzA3pHW0Ym4ZSvSZell2hAKLYb8aVJjJnfCx+lTQMGC0feWgrL7bftvkHdkNuXDhFLvhmmfJZW24FTI0nUolz/FqqOl6deT4cP4ql/FUAdvzb+uc655ma4LFjU+lB10IFOA9va03PRVJYLx+ipd/alDptIXCoyS74wCS/rakOXClES0pev2uYzxDA0ea132wzP3jiWWgpWhjC6yqJC7nu26qw==&u=U2FsdGVkX1/CpirTSVNYa4ljhzGa3PfUykzgFaH/5thAMnqZB8mKXjGHlvbUdGeD&y=U2FsdGVkX1+UXj0ymksNUyegub5cXzRYD/BocyUfq9rgaxalEHgEUGjhksr4bIdw HTTP/1.1" 200 25
186.102.62.67 - - [21/Aug/2022:16:16:31 -0500] "GET /kwssiamovil/sm/acme/u?s=U2FsdGVkX1+kOxpl1OvYl5wbfkcN+ujyn2V1yNU+FuGdek9pO9Ilqzs0Cc57gkViJ5KJ9j6wHcI1HsBUkk7DPSmyrGqZZ6eqrueRSalMKvBXoVLfXCxTzGvl9y2KxsHTeh4mdiDNiPLvLSO61LJnLg==&u=U2FsdGVkX1/CpirTSVNYa4ljhzGa3PfUykzgFaH/5thAMnqZB8mKXjGHlvbUdGeD&y=U2FsdGVkX1+UXj0ymksNUyegub5cXzRYD/BocyUfq9rgaxalEHgEUGjhksr4bIdw HTTP/1.1" 200 60
216.245.221.92 - - [21/Aug/2022:16:16:55 -0500] "HEAD / HTTP/1.1" 200 -
172.22.2.4 - - [21/Aug/2022:16:16:30 -0500] "GET /BLA/boletinlegal/ HTTP/1.1" 200 58566
201.245.192.253 - - [21/Aug/2022:16:18:41 -0500] "POST /kwsrmcab/Wsrmcab  HTTP/1.1" 200 46805
172.22.2.4 - - [21/Aug/2022:16:17:21 -0500] "HEAD /BLA/boletinlegal/ HTTP/1.1" 200 -
172.22.2.4 - - [21/Aug/2022:16:18:12 -0500] "GET /BLA/boletinlegal/ HTTP/1.1" 200 58154
201.245.192.253 - - [21/Aug/2022:16:19:52 -0500] "POST /kwsrmcab/Wsrmcab HTTP/1.1" 200 45145
