201.245.192.253 - - [21/Aug/2022:16:19:56 -0500] "POST /kwsrmcab/Wsrmcab HTTP/1.1" 200 43578
216.245.221.92 - - [21/Aug/2022:16:21:55 -0500] "HEAD / HTTP/1.1" 200 -
201.245.192.253 - - [21/Aug/2022:16:23:40 -0500] "POST /kwsrmcab/Wsrmcab  HTTP/1.1" 200 46805
207.46.13.11 - - [21/Aug/2022:16:24:03 -0500] "GET /BLA/resoluciones/RESOLUCIONES%202013/1197.pdf HTTP/1.1" 304 -
40.77.167.101 - - [21/Aug/2022:16:24:28 -0500] "-" 408 -
172.22.2.4 - - [21/Aug/2022:16:23:11 -0500] "HEAD /BLA/boletinlegal/ HTTP/1.1" 200 -
172.22.2.4 - - [21/Aug/2022:16:24:02 -0500] "GET /BLA/boletinlegal/ HTTP/1.1" 200 59819
216.245.221.92 - - [21/Aug/2022:16:26:58 -0500] "HEAD / HTTP/1.1" 200 -
201.245.192.253 - - [21/Aug/2022:16:28:39 -0500] "POST /kwsrmcab/Wsrmcab  HTTP/1.1" 200 46805
201.245.192.253 - - [21/Aug/2022:16:29:51 -0500] "POST /kwsrmcab/Wsrmcab HTTP/1.1" 200 45145
201.245.192.253 - - [21/Aug/2022:16:29:55 -0500] "POST /kwsrmcab/Wsrmcab HTTP/1.1" 200 43578
172.22.2.4 - - [21/Aug/2022:16:29:01 -0500] "HEAD /BLA/boletinlegal/ HTTP/1.1" 200 -
190.27.129.240 - - [21/Aug/2022:16:30:56 -0500] "GET /BLA/resoluciones/ HTTP/1.1" 200 13093
190.27.129.240 - - [21/Aug/2022:16:31:02 -0500] "GET /BLA/resoluciones/index.php?dir=RESOLUCIONES+2009%2F HTTP/1.1" 200 1694101
190.27.129.240 - - [21/Aug/2022:16:31:31 -0500] "GET /BLA/resoluciones/RESOLUCIONES%202009/3272.pdf HTTP/1.1" 200 603561
172.22.2.4 - - [21/Aug/2022:16:29:52 -0500] "GET /BLA/boletinlegal/ HTTP/1.1" 200 59310
172.22.2.4 - - [21/Aug/2022:16:31:39 -0500] "GET /BLA/boletinlegal/jurisprudencia/analisis/analisis%20sentencia%20C-596-10.doc HTTP/1.1" 200 36352
216.245.221.92 - - [21/Aug/2022:16:31:55 -0500] "HEAD / HTTP/1.1" 200 -
201.245.192.253 - - [21/Aug/2022:16:33:38 -0500] "POST /kwsrmcab/Wsrmcab  HTTP/1.1" 200 46805
190.27.129.240 - - [21/Aug/2022:16:34:56 -0500] "GET /BLA/resoluciones/ HTTP/1.1" 200 13093
190.27.129.240 - - [21/Aug/2022:16:35:00 -0500] "GET /BLA/resoluciones/index.php?dir=RESOLUCIONES+2010%2F HTTP/1.1" 200 1307967
190.27.129.240 - - [21/Aug/2022:16:35:19 -0500] "GET /BLA/resoluciones/RESOLUCIONES%202010/4710.pdf HTTP/1.1" 200 187126
190.27.129.240 - - [21/Aug/2022:16:35:51 -0500] "GET /BLA/resoluciones/RESOLUCIONES%202010/4722.pdf HTTP/1.1" 200 335425
190.27.129.240 - - [21/Aug/2022:16:36:04 -0500] "GET /BLA/resoluciones/RESOLUCIONES%202010/4708.pdf HTTP/1.1" 200 345344
172.22.2.4 - - [21/Aug/2022:16:34:51 -0500] "HEAD /BLA/boletinlegal/ HTTP/1.1" 200 -
216.245.221.92 - - [21/Aug/2022:16:36:55 -0500] "HEAD / HTTP/1.1" 200 -
190.27.129.240 - - [21/Aug/2022:16:36:55 -0500] "GET /BLA/resoluciones/ HTTP/1.1" 200 13093
190.27.129.240 - - [21/Aug/2022:16:36:59 -0500] "GET /BLA/resoluciones/index.php?dir=RESOLUCIONES+2013%2F HTTP/1.1" 200 237598
172.22.2.4 - - [21/Aug/2022:16:35:39 -0500] "GET /BLA/boletinlegal/ HTTP/1.1" 200 50037
190.27.129.240 - - [21/Aug/2022:16:37:20 -0500] "GET /BLA/resoluciones/RESOLUCIONES%202013/2644.pdf HTTP/1.1" 200 846184
172.22.2.4 - - [21/Aug/2022:16:35:42 -0500] "GET /BLA/boletinlegal/ HTTP/1.1" 200 50037
201.245.192.253 - - [21/Aug/2022:16:38:37 -0500] "POST /kwsrmcab/Wsrmcab  HTTP/1.1" 200 46805
172.22.2.4 - - [21/Aug/2022:16:39:35 -0500] "GET /BLA/boletinlegal/Circulares/2022/CIRCULAR%20No.%2000005%20DEL%2030%20DE%20JUNIO%20DEL%202022.pdf HTTP/1.1" 404 1218
172.22.2.4 - - [21/Aug/2022:16:39:40 -0500] "GET /BLA/boletinlegal/Circulares/2019/.pdf HTTP/1.1" 404 1218
201.245.192.253 - - [21/Aug/2022:16:39:52 -0500] "POST /kwsrmcab/Wsrmcab HTTP/1.1" 200 45145
201.245.192.253 - - [21/Aug/2022:16:39:56 -0500] "POST /kwsrmcab/Wsrmcab HTTP/1.1" 200 43578
209.182.103.18 - - [21/Aug/2022:16:40:29 -0500] "GET / HTTP/1.1" 200 319
209.182.103.18 - - [21/Aug/2022:16:40:45 -0500] "GET / HTTP/1.1" 200 319
209.182.103.18 - - [21/Aug/2022:16:41:01 -0500] "GET /wp-includes/wlwmanifest.xml HTTP/1.1" 404 1018
209.182.103.18 - - [21/Aug/2022:16:41:17 -0500] "GET /xmlrpc.php?rsd HTTP/1.1" 404 1018
209.182.103.18 - - [21/Aug/2022:16:41:33 -0500] "GET / HTTP/1.1" 200 319
216.245.221.92 - - [21/Aug/2022:16:41:55 -0500] "HEAD / HTTP/1.1" 200 -
209.182.103.18 - - [21/Aug/2022:16:41:48 -0500] "GET /blog/wp-includes/wlwmanifest.xml HTTP/1.1" 404 1018
209.182.103.18 - - [21/Aug/2022:16:42:04 -0500] "GET /web/wp-includes/wlwmanifest.xml HTTP/1.1" 404 1018
172.22.2.4 - - [21/Aug/2022:16:40:41 -0500] "HEAD /BLA/boletinlegal/ HTTP/1.1" 200 -
190.27.129.240 - - [21/Aug/2022:16:42:29 -0500] "GET /BLA/resoluciones/ HTTP/1.1" 200 13093
190.27.129.240 - - [21/Aug/2022:16:42:34 -0500] "GET /BLA/resoluciones/index.php?dir=RESOLUCIONES+2011%2F HTTP/1.1" 200 746823
209.182.103.18 - - [21/Aug/2022:16:42:20 -0500] "GET /wordpress/wp-includes/wlwmanifest.xml HTTP/1.1" 404 1018
209.182.103.18 - - [21/Aug/2022:16:42:36 -0500] "GET /website/wp-includes/wlwmanifest.xml HTTP/1.1" 404 1018
212.102.41.36 - - [21/Aug/2022:16:43:06 -0500] "GET /wp-login.php HTTP/1.1" 404 1018
209.182.103.18 - - [21/Aug/2022:16:42:51 -0500] "GET /wp/wp-includes/wlwmanifest.xml HTTP/1.1" 404 1018
172.22.2.4 - - [21/Aug/2022:16:41:32 -0500] "GET /BLA/boletinlegal/ HTTP/1.1" 200 57716
209.182.103.18 - - [21/Aug/2022:16:43:07 -0500] "GET /news/wp-includes/wlwmanifest.xml HTTP/1.1" 404 1018
201.245.192.253 - - [21/Aug/2022:16:43:35 -0500] "POST /kwsrmcab/Wsrmcab  HTTP/1.1" 200 46805
209.182.103.18 - - [21/Aug/2022:16:43:23 -0500] "GET /2018/wp-includes/wlwmanifest.xml HTTP/1.1" 404 1018
209.182.103.18 - - [21/Aug/2022:16:43:39 -0500] "GET /2019/wp-includes/wlwmanifest.xml HTTP/1.1" 404 1018
209.182.103.18 - - [21/Aug/2022:16:43:55 -0500] "GET /shop/wp-includes/wlwmanifest.xml HTTP/1.1" 404 1018
209.182.103.18 - - [21/Aug/2022:16:44:10 -0500] "GET /wp1/wp-includes/wlwmanifest.xml HTTP/1.1" 404 1018
209.182.103.18 - - [21/Aug/2022:16:44:26 -0500] "GET /test/wp-includes/wlwmanifest.xml HTTP/1.1" 404 1018
209.182.103.18 - - [21/Aug/2022:16:44:42 -0500] "GET /media/wp-includes/wlwmanifest.xml HTTP/1.1" 404 1018
209.182.103.18 - - [21/Aug/2022:16:44:58 -0500] "GET /wp2/wp-includes/wlwmanifest.xml HTTP/1.1" 404 1018
209.182.103.18 - - [21/Aug/2022:16:45:14 -0500] "GET /site/wp-includes/wlwmanifest.xml HTTP/1.1" 404 1018
209.182.103.18 - - [21/Aug/2022:16:45:29 -0500] "GET /cms/wp-includes/wlwmanifest.xml HTTP/1.1" 404 1018
209.182.103.18 - - [21/Aug/2022:16:45:45 -0500] "GET /sito/wp-includes/wlwmanifest.xml HTTP/1.1" 404 1018
216.245.221.92 - - [21/Aug/2022:16:46:56 -0500] "HEAD / HTTP/1.1" 200 -
186.102.5.26 - - [21/Aug/2022:16:47:26 -0500] "GET /kwssiamovil/sm/acme/a?s=U2FsdGVkX18Dzucqk5Hz5rxLvxlCGB53FNKRuBaVR+FQx3pSmMKzIixncogUlT+B05mO50V+tADBeRc+pzI/33qEXeKfnsCTThgcvdkNOxwQ8+W9xCLDZ1S/q/eORdvRYoI1ASCOSPvPO64DVQcaWZO6y2aDeih9TLh9uoj/wtJHSKOgcFTg6tl5wpy9JDD/V8KZeFQoiFhK+vmHXH7ZBFuoFJNSOneGwrf95VmPgi1ZSWg2+8seQs2WCDzfaSzde0aap/zEJwHebZWCeRU3IPIEmLZu3f1Fkvd6sw5ZzNs=&u=U2FsdGVkX1+VVFPw3aeb1yO0yGG8zLAsaB0gIyatPLooOeIEwQ96ebgqhUjBUFVe&y=U2FsdGVkX1/vfVer0URB0+YY/V+KBVEsiQT4P7urcjzrnzSqwfFi3M+6TsDp0ZcA HTTP/1.1" 200 25
186.102.5.26 - - [21/Aug/2022:16:47:27 -0500] "GET /kwssiamovil/sm/acme/a?s=U2FsdGVkX1/bwlabTwEEV3JgpciWE/aDFTuhyumd4hsu7WiO2OHcKSyjXI7XkxGARYsp7szQx5nJK8jEH5YaaMjdFufUu9Daxn5oWXixz181dCR3kXlzLoQVTgTIVqCQilzuu01Q5szJmG675xCUS2PcZPuHUasgiMS/phcy0s3onCEPjhSI9KJWG5Qv1v15FRVMrK5X80OddeqLWVyboHdEnR7bQ6VAlI0XEddgZUFrXBVmavaww25DOJCqbzKXVta/YaTjttHq7720jiXkOMRyC8mI9ovXrf0RSXuTGHUXRoZuHmwkfdb/dFoWSFudJask7BsNErxh2b3kD5RI8gd6HOenZ972IKlnx3Qgowl3xiYAPeQhEw0fGxUxia31DfjUIYE3ZLxdWcH7n737moEsEBs3r69tc2Acq5fFt5qY6jqV95hZ2RwaU5UIifiAAT1t8UOuRE5UMOeT7tcE3okvy2hSouNQeWaVWuTZP1fbDki7EY+fitOMLJbXidWQV5SXsgPPENBWd2/uFG6a+Gkfc3ZrU0Pn/CEWFYmfEA8h4hysOssWvuNrstkF9MKZAvg8qtGCISXED9GISgGZS7pWpz3TQ7b1atDUhfmiluFahB4TblOumPWeNwzj9jxPolA1/CxtlPE86UP9PE7LBlx0S5XvDixRmHig3jeXU3+YUeZoyjlgXbyOZk7Y2ZO//lGVkPCrcaG2R3RiaNzwf9PfgyTY5GYhIQPh/lRVPA701BOzm49xUlQ+OOW8Js4VljDlCsuvd6Hgsvo/qLGcO/FV2TNKoeQ1KhBnQp0qQ7e6SXLA9vjhCyQc4CpYD86Xvn+l6D9AgMm6lTs50uWf0iq3strcYlJyoF3HC79w01H4ciYG1Zqt3G50iXN35rpjEhF2O6GBV3EdRI7yJa+HItfinaDrgwS8MhoYEM50TWfJ92MK4yQJwvUEDoobiCvcoNVshHSfjePQv9OIuguTrpzv09EL9tjnZQ093IPWVwN9WjpA9orx3zpX82OcUIAnCWKw/Bnrvec8iJ9Z5b038DlMxFMKYyxvAJsAmT8xSoBMFsOh2p2H5jzsqlu44kyfuFgeuO4+hnJQkWp1S5Qs/UZrO3c403M33HvQS5qgglR3AP7bxRxKSmByaPKsTd4yS1WbCYu0+edYKXZNV53OeLmdAHmlKZrJ66GK+B9Tt7+qiJpTaxMl/K/tLsRzxMtjS95umJMLadamKGQ9Rhzhf7e+F39CJCt0pwqxqMObsDvezelxOih12yEtI5UL9TJE+B/prajSbuNEpMzjUs3N4ng0fKppO44UA1pBRIGr4vmviCeiBTy78TQJTC/+2LB10hC5XstBr+q9ns6x2wsqlBUlMnT92HEs/jd8f56IlOL0aB7uvXaOeL/29OGopFJEVPPLPNbhyuQMEWz3HLCyf9Oie1YCDbcf1N/g7xD4aXGkRHe4oAQCNDR6lxkODk9Rpq0pyZqZmb1mMNaJyp+KEnuU8GqvsoRYNegoiQbXJYpFRcNBQ5b5D00wWb7gzHtqWG+mToP357ZlEDIF7JUepS1ZugntzVfclRvvqYPxX6RCwqevNxePkkkL7XmKPvlMOopjJpbMDcyzta6PBaqhA6Nn/ZX9HPBOjmvjDPuRvf2GNQ58qZrfG0a8f87Kz6GvtosTSnWEvdWXEbsJpYNDyF1ceK6fxhQ9R/pzI8IOFUqiIQyyCZ1bWMQWlz/9PIC+BIs/54otfanDGc86jMrODxBpEicviEqh9QiJL52WOE75EMvFx0pO5QVgfFutBg01rYF/M9SZcBQLSjLugcy6XnIrKlb27WoLdOn8UxCrXCzH6I5RQoWGLCnAZ0vtnjJfb4mNBa3wiBfj9mZ6CXPmzFFZkyEbZw7NVM110i92DkG/ELvNJLshcbV1+3fQb0v5G4hJuGvxr2ea+uHBlLcOZiKs5hYGhtVxJEqbNtWKNyZzdjEKRYcFdjoQqkGODiIXYJI3R21LXMPyvmbntqSQZ30r+ivSnzRASkHf0RFQPIs7JWDF0xd4AGbisG9Km/WkX0SSbnqctzgDV9KyOXTYe01zEc6BXJZ92ts3hT4xw/ej9SE7J3jiEWKNsmn/eWjqVNQ1eN7/n/9FTjy3XWjACvfiIHWNELzpa8FWOC8GMe0=&u=U2FsdGVkX1+VVFPw3aeb1yO0yGG8zLAsaB0gIyatPLooOeIEwQ96ebgqhUjBUFVe&y=U2FsdGVkX1/vfVer0URB0+YY/V+KBVEsiQT4P7urcjzrnzSqwfFi3M+6TsDp0ZcA HTTP/1.1" 200 25
186.102.5.26 - - [21/Aug/2022:16:47:27 -0500] "GET /kwssiamovil/sm/acme/a?s=U2FsdGVkX1+ahSRBKRho8ouB87MMSP1qfxTOLskqAS3WGlt6lo9vKS1TQvIjpQRsVo2YmQrY2sz/hopWEniPxod7aD76LxtltSawRNbL2Bi1vLvy2ZNwA85xGy8tQ0MgEySdk9+n3lV8+s4EJEN+XZeQ4k6bi7e3UuywDN3e1fQ=&u=U2FsdGVkX1+VVFPw3aeb1yO0yGG8zLAsaB0gIyatPLooOeIEwQ96ebgqhUjBUFVe&y=U2FsdGVkX1/vfVer0URB0+YY/V+KBVEsiQT4P7urcjzrnzSqwfFi3M+6TsDp0ZcA HTTP/1.1" 200 25
186.102.5.26 - - [21/Aug/2022:16:47:27 -0500] "GET /kwssiamovil/sm/acme/a?s=U2FsdGVkX19Avfx+2SSF5uEVhFLFAJ7WWG5qZP6SilXoedAMirzXkEUWhhBenjzZEVrXxYn+muAdGiFcLg8WQtVxqm2H75FdkeDSSG9u2Mj6iGBqcxe/ql5cjY8kvm1BEEaNx6f6il6pow2992PatiCarL4KB2gxC6f1KshsEoE=&u=U2FsdGVkX1+VVFPw3aeb1yO0yGG8zLAsaB0gIyatPLooOeIEwQ96ebgqhUjBUFVe&y=U2FsdGVkX1/vfVer0URB0+YY/V+KBVEsiQT4P7urcjzrnzSqwfFi3M+6TsDp0ZcA HTTP/1.1" 200 25
186.102.5.26 - - [21/Aug/2022:16:47:28 -0500] "GET /kwssiamovil/sm/acme/a?s=U2FsdGVkX1+/Qgt5DlkarSXU50q4Ld3r+LPCYdBFXGttMbbZ7BDuR/96VhOqSZpHZaghHvXn5gafpqoXWf8ngI40shWUk9K7385x6KvUtvpVgJmyQUFiyBqlQQi9B5TUOtbLTf3zsGpUVmvEnA9/0gtjLojbTH9kR8oZpfRkwXM=&u=U2FsdGVkX1+VVFPw3aeb1yO0yGG8zLAsaB0gIyatPLooOeIEwQ96ebgqhUjBUFVe&y=U2FsdGVkX1/vfVer0URB0+YY/V+KBVEsiQT4P7urcjzrnzSqwfFi3M+6TsDp0ZcA HTTP/1.1" 200 25
186.102.5.26 - - [21/Aug/2022:16:47:28 -0500] "GET /kwssiamovil/sm/acme/a?s=U2FsdGVkX1+VfgRyZ6Qacb8mbOYTPjv83ue5SfWBbI7Od5vZp33r+OVuj5NSpVjsT72FW+faEMbQaUD+pChtzeCyjKvk15BzhBSeSrp3dEiDSaTvbR+w9FQkhh8UNhbu72aqdmAvQen+tHfrSgimqwcypx0cktptKjpkyAlkSq+fVgwqpqWhSLffZOCk4XgzvwW+0KgUQwjlQ0CsIiVKRA==&u=U2FsdGVkX1+VVFPw3aeb1yO0yGG8zLAsaB0gIyatPLooOeIEwQ96ebgqhUjBUFVe&y=U2FsdGVkX1/vfVer0URB0+YY/V+KBVEsiQT4P7urcjzrnzSqwfFi3M+6TsDp0ZcA HTTP/1.1" 200 25
172.22.2.4 - - [21/Aug/2022:16:46:31 -0500] "HEAD /BLA/boletinlegal/ HTTP/1.1" 200 -
201.245.192.253 - - [21/Aug/2022:16:48:34 -0500] "POST /kwsrmcab/Wsrmcab  HTTP/1.1" 200 46805
172.22.2.4 - - [21/Aug/2022:16:47:22 -0500] "GET /BLA/boletinlegal/ HTTP/1.1" 200 58154
216.245.221.92 - - [21/Aug/2022:16:51:55 -0500] "HEAD / HTTP/1.1" 200 -
201.245.192.253 - - [21/Aug/2022:16:53:33 -0500] "POST /kwsrmcab/Wsrmcab  HTTP/1.1" 200 46805
172.22.2.4 - - [21/Aug/2022:16:52:21 -0500] "HEAD /BLA/boletinlegal/ HTTP/1.1" 200 -
42.236.10.75 - - [21/Aug/2022:16:54:14 -0500] "GET / HTTP/1.1" 200 319
42.236.10.84 - - [21/Aug/2022:16:54:19 -0500] "GET / HTTP/1.1" 200 319
172.22.2.4 - - [21/Aug/2022:16:53:12 -0500] "GET /BLA/boletinlegal/ HTTP/1.1" 200 53281
216.245.221.92 - - [21/Aug/2022:16:56:55 -0500] "HEAD / HTTP/1.1" 200 -
201.245.192.253 - - [21/Aug/2022:16:58:32 -0500] "POST /kwsrmcab/Wsrmcab  HTTP/1.1" 200 46805
173.252.95.22 - - [21/Aug/2022:16:59:48 -0500] "GET /distrito-declara-alerta-ambiental-por-calidad-del-aire-y-apoyara-extincion-de-incendios-en-la-amazonia.html HTTP/1.1" 206 928
172.22.2.4 - - [21/Aug/2022:16:58:11 -0500] "HEAD /BLA/boletinlegal/ HTTP/1.1" 200 -
207.46.13.11 - - [21/Aug/2022:17:00:17 -0500] "GET /BLA/resoluciones/AUTOS%202022/2557.pdf HTTP/1.1" 200 382277
172.22.2.4 - - [21/Aug/2022:16:59:02 -0500] "GET /BLA/boletinlegal/ HTTP/1.1" 200 57716
186.86.32.100 - - [21/Aug/2022:17:00:58 -0500] "GET /galeria/galeria/jquery.fancybox.css?v=2.1.5 HTTP/1.1" 200 4895
186.86.32.100 - - [21/Aug/2022:17:00:58 -0500] "GET /BLA/boletinlegal/js/jquery.scrollShow.js HTTP/1.1" 200 4586
186.86.32.100 - - [21/Aug/2022:17:00:58 -0500] "GET /galeria/galeria/jquery.fancybox.js?v=2.1.5 HTTP/1.1" 200 48706
216.245.221.92 - - [21/Aug/2022:17:01:55 -0500] "HEAD / HTTP/1.1" 200 -
201.245.192.253 - - [21/Aug/2022:17:03:31 -0500] "POST /kwsrmcab/Wsrmcab  HTTP/1.1" 200 46805
172.22.2.4 - - [21/Aug/2022:17:04:01 -0500] "HEAD /BLA/boletinlegal/ HTTP/1.1" 200 -
112.46.68.25 - - [21/Aug/2022:17:06:02 -0500] "GET / HTTP/1.1" 400 946
172.22.2.4 - - [21/Aug/2022:17:04:52 -0500] "GET /BLA/boletinlegal/ HTTP/1.1" 200 51621
216.245.221.92 - - [21/Aug/2022:17:06:55 -0500] "HEAD / HTTP/1.1" 200 -
66.220.149.17 - - [21/Aug/2022:17:07:18 -0500] "GET /images/semana-ecoempresarial-atencion-bogota-ciudad-27-nov.jpg HTTP/1.1" 200 37494
149.56.16.76 - - [21/Aug/2022:17:07:25 -0500] "GET /inventario-de-emisiones-2020-transporte-publico-sitp-redujo-emisiones-de-pm-2-5-en-un-37.html HTTP/1.1" 200 925
172.22.2.4 - - [21/Aug/2022:17:07:26 -0500] "GET /BLA/boletinlegal/actos.php HTTP/1.1" 200 9559
149.56.16.76 - - [21/Aug/2022:17:07:25 -0500] "GET /portaldeninos/ HTTP/1.1" 200 110281
201.245.192.253 - - [21/Aug/2022:17:08:30 -0500] "POST /kwsrmcab/Wsrmcab  HTTP/1.1" 200 46805
173.252.95.12 - - [21/Aug/2022:17:08:53 -0500] "GET /images/pieza-grafica-semana-ambiental-30.jpg HTTP/1.1" 200 38850
172.22.2.4 - - [21/Aug/2022:17:09:11 -0500] "GET /BLA/boletinlegal/conceptos.php HTTP/1.1" 200 7443
172.22.2.4 - - [21/Aug/2022:17:09:25 -0500] "GET /BLA/boletinlegal/js/ajax_conceptos.js HTTP/1.1" 200 1326
66.249.73.164 - - [21/Aug/2022:17:10:24 -0500] "-" 408 -
172.22.2.4 - - [21/Aug/2022:17:09:51 -0500] "HEAD /BLA/boletinlegal/ HTTP/1.1" 200 -
216.245.221.92 - - [21/Aug/2022:17:11:55 -0500] "HEAD / HTTP/1.1" 200 -
172.22.2.4 - - [21/Aug/2022:17:10:43 -0500] "GET /BLA/boletinlegal/ HTTP/1.1" 200 56723
201.245.192.253 - - [21/Aug/2022:17:13:29 -0500] "POST /kwsrmcab/Wsrmcab  HTTP/1.1" 200 46805
172.22.2.4 - - [21/Aug/2022:17:16:39 -0500] "GET /BLA/boletinlegal/Circulares/2017/Circular%20No.%201%20del%2030%20de%20Marzo%20de%202017.pdf HTTP/1.1" 200 668532
216.245.221.92 - - [21/Aug/2022:17:16:55 -0500] "HEAD / HTTP/1.1" 200 -
157.55.39.98 - - [21/Aug/2022:17:17:06 -0500] "GET /sipse/faces/faces/autenticacion.xhtml HTTP/1.1" 200 12502
172.22.2.4 - - [21/Aug/2022:17:15:41 -0500] "HEAD /BLA/boletinlegal/ HTTP/1.1" 200 -
172.22.2.4 - - [21/Aug/2022:17:16:32 -0500] "GET /BLA/boletinlegal/ HTTP/1.1" 200 60272
201.245.192.253 - - [21/Aug/2022:17:18:28 -0500] "POST /kwsrmcab/Wsrmcab  HTTP/1.1" 200 46805
201.245.192.253 - - [21/Aug/2022:17:19:52 -0500] "POST /kwsrmcab/Wsrmcab HTTP/1.1" 200 45152
201.245.192.253 - - [21/Aug/2022:17:19:56 -0500] "POST /kwsrmcab/Wsrmcab HTTP/1.1" 200 43572
216.245.221.92 - - [21/Aug/2022:17:21:55 -0500] "HEAD / HTTP/1.1" 200 -
185.119.81.97 - - [21/Aug/2022:17:22:13 -0500] "GET /portaldeninos/wp-login.php HTTP/1.1" 200 2592
185.119.81.97 - - [21/Aug/2022:17:22:14 -0500] "POST /portaldeninos/wp-login.php HTTP/1.1" 200 3605
172.22.2.4 - - [21/Aug/2022:17:21:31 -0500] "HEAD /BLA/boletinlegal/ HTTP/1.1" 200 -
201.245.192.253 - - [21/Aug/2022:17:23:26 -0500] "POST /kwsrmcab/Wsrmcab  HTTP/1.1" 200 46805
172.22.2.4 - - [21/Aug/2022:17:22:21 -0500] "GET /BLA/boletinlegal/ HTTP/1.1" 200 58154
216.245.221.92 - - [21/Aug/2022:17:26:55 -0500] "HEAD / HTTP/1.1" 200 -
201.245.192.253 - - [21/Aug/2022:17:28:25 -0500] "POST /kwsrmcab/Wsrmcab  HTTP/1.1" 200 46805
172.22.2.4 - - [21/Aug/2022:17:27:21 -0500] "HEAD /BLA/boletinlegal/ HTTP/1.1" 200 -
172.22.2.4 - - [21/Aug/2022:17:28:12 -0500] "GET /BLA/boletinlegal/ HTTP/1.1" 200 58566
201.245.192.253 - - [21/Aug/2022:17:29:51 -0500] "POST /kwsrmcab/Wsrmcab HTTP/1.1" 200 45152
201.245.192.253 - - [21/Aug/2022:17:29:57 -0500] "POST /kwsrmcab/Wsrmcab HTTP/1.1" 200 43572
216.245.221.92 - - [21/Aug/2022:17:31:55 -0500] "HEAD / HTTP/1.1" 200 -
183.146.30.163 - - [21/Aug/2022:17:32:18 -0500] "GET http://190.27.245.106:80/mysql/scripts/setup.php HTTP/1.0" 404 1018
183.146.30.163 - - [21/Aug/2022:17:32:18 -0500] "GET http://190.27.245.106:80/phpMyAdmin/scripts/setup.php HTTP/1.0" 403 1165
183.146.30.163 - - [21/Aug/2022:17:32:18 -0500] "GET http://190.27.245.106:80/pma/scripts/setup.php HTTP/1.0" 404 1018
207.46.13.186 - - [21/Aug/2022:17:33:08 -0500] "GET /BLA/resoluciones/RESOLUCIONES%202000/2000%201300-1349.tif HTTP/1.1" 200 5095471
185.119.81.97 - - [21/Aug/2022:17:33:26 -0500] "GET /portaldeninos/wp-login.php HTTP/1.1" 200 2592
185.119.81.97 - - [21/Aug/2022:17:33:27 -0500] "POST /portaldeninos/wp-login.php HTTP/1.1" 200 3670
201.245.192.253 - - [21/Aug/2022:17:33:24 -0500] "POST /kwsrmcab/Wsrmcab  HTTP/1.1" 200 46805
186.102.35.215 - - [21/Aug/2022:17:34:27 -0500] "GET /kwssiamovil/sm/acme/a?s=U2FsdGVkX18t8ZBw3aZog1im73gHfCisI2dkzPKhHM5Leqg6uEZU511zXVdXH8BWUTpufQyFL8oIfD5o0aH7pnF0l2Hc5nCZHYZYmBo+XOZvzlsN4EXTZpuODMcc69vpFAk5OQVLgopHjTQd1XtCYsQ+8RDHopEpiPx/ilPKE3YZzuu2my5yWOQUCOYCTVzWuRk5DqcGq+VrIFfiITT4Lh/bdaquiH4pvIfkQ8f8OHrPfXCXrTAiKNPSJqlJneQlaQ7L7JHJpipPbpEwggyujioL3N9ZK0yCyonnh5Ahtmg=&u=U2FsdGVkX1+VVFPw3aeb1yO0yGG8zLAsaB0gIyatPLooOeIEwQ96ebgqhUjBUFVe&y=U2FsdGVkX1/vfVer0URB0+YY/V+KBVEsiQT4P7urcjzrnzSqwfFi3M+6TsDp0ZcA HTTP/1.1" 200 25
186.102.35.215 - - [21/Aug/2022:17:34:27 -0500] "GET /kwssiamovil/sm/acme/a?s=U2FsdGVkX19TzyYuSUqfEoIOKxkLzg4Fn5YoR+2pxYhmkm9GADgjYiHgQ0k7/inWCLvgMIFrdpU2w3nqeRmfsdQ0PAurauAlXqQ0g0kcBAbDKcQvlvcj53j/CfTQuMUhf6kf8I7/C6cNAwC3RYd2Ub4IkB0/gD9E3+MXKdAAHfRs7M2Gvn8eMUaFSFdjzEdfeoQk62esXGhkHkRafgAd5bhAS628NXorqtl1zU8pIMdDdKwOHyS1XIIUyxHlBxpKtV2RATRclB/lwbDeLOoz7s5CWLMh+3irMxHDpCjvnV4x0p0NIQLOXbKCwI4qzuoDkLGYhFaYJbzCQsH667Gyz9uyne3dtjGVeBMLyVDbIvfLVE/2RXMGMNNGidZYmR6qSJK6ts9TgL1q1O2ObGHWKQ1Oaoc50JevtbIN4qnwwojFjDTUkq3R/cQvIHqd/dqVqHwz+yL91PQoZEq/7hV8RB0PqfxO1Esa+gEiDBIn4jaaNStgbMpypwbOWnQhFYfSriJPRczz67PtgTmgITdLaqCa+I2s0icOO0N8P8H3YuPnqLFU0WCKautGlBC6fKzRLj9jlSfJ6OzGhDlEfd3NNMrxhwlIilN98ORHy9wqDxug9z1gmlj1fObvz5sOKxbXWtwLLdkefxES/NYNxlJkOUXN7LZLt4XmknHhO5fEW4Ab9KHoSR5fZ+6BX2HU70qbVB/dxe2M4HJ0WcELHNEdZi//y8I6Pxd9tLjg6Mxk8ox5v3E6c3pzQAr9c9rPcxV7xx5ZOllluscMLGiZfoJsrpwnzgR5AHkmuoaHrRAFtUMrOW/6ocbGxVrwn4CPb63wTdVs8jkIm+ZMqlK1Sx7Jd/Gu4sxZi9U+HcItgOwzkt7usK9wdOhpGOMGESP2c6gYzrXdxvFOIcyeXVMg/QFWKaMqTfQ6AGqbbI4gR0yD/M1EhmJ4zVr7noEf+CcuCUkns92j7U/JbJnqQIVwpzZfw6fkwDxW69T5SRu5j/06kgv4a26fwyVifzcCZfCrqUdW7K/aWhlQQN79PRBSz17YRkYDoPEgx1r7QLKDJUVnFPu3vc9IMnOmHcE0oTmpPrmdWsp/kWxaBo50IsMZDUl7nWpXJTTQ/DZheH98RsP73wtN7d32WtqFz9DlkscnNZhT6wO8/qqxyayghtLkNtDzE1WRTeGefsbrRi9lxiQIqH+LiKGYxAfoiEmUqeEjapWduNtCSEjKaVDKgwBLrs5kWBdGFMkrPwSsM6ZbeiY+dDZulX1T0+rIf7rUuCxVv5QPb4KQMCmeokxjLLrKfiQTXlWoRLuMJZWeGW/iWqYfjNFS5mhiAzY9Sxr2Ntf//UzDg9zuLspUTzY1WXgazxx4il7VFCj3C+qz+7F+pVsk1TJlDLBBmOyiIFgyx/bJhoi678aDETc8DNC+GH1fgOG6kLtWOSu6BBld7wd/TiLru7clF/RvTZzz4qBRIGLqLmv5sXLytMtA6AxgCKjO/tajVTI2eYjUZsa2CRMbGBO6/qqfEqiVOYK+ZkJpkaQCcuxj/bkQFWN3gmBmy6/dGTQ1rHTRlNip9keRTHJM4O6j5bNBsQqe1fVYJlqcPrXssZ79NCbUwX0eojWcvULVMZl6G00mYbP9g6UNS0fv1HIN3OvbQlcGU+i4PkkquGxmcMn7R/W+tEKL0gTLKMtvx5QABBwSaN45EqObX0admGLZ2uPUrKSXtpJQOTSwutYu817Gq8kFOZd0/qBhD7edWPjmuza7Uj/VCb2FsUb8LeCIxsjmOGHAq/Dm6ZtYxWo1QgePykw29IVlomH/mEXlFmUUOBolfmpp/ar+pf5V4rYWVgo=&u=U2FsdGVkX1+VVFPw3aeb1yO0yGG8zLAsaB0gIyatPLooOeIEwQ96ebgqhUjBUFVe&y=U2FsdGVkX1/vfVer0URB0+YY/V+KBVEsiQT4P7urcjzrnzSqwfFi3M+6TsDp0ZcA HTTP/1.1" 200 25
186.102.35.215 - - [21/Aug/2022:17:34:28 -0500] "GET /kwssiamovil/sm/acme/a?s=U2FsdGVkX1+J3Mfvyy6s72CDpYF0QuFfeyMYbz5snNd8ElaRfYxKklvP1SDYfFWoSim9MkQBbzbIKcYHnXnNZiKIPPbV5CqRydysCWrZTmc9mg+88Sz4KC7TPbxpSvL5m8sl9pF7ze/Z3bHTCXncNr8ShY+RiDPmiKwVZ05MQnY=&u=U2FsdGVkX1+VVFPw3aeb1yO0yGG8zLAsaB0gIyatPLooOeIEwQ96ebgqhUjBUFVe&y=U2FsdGVkX1/vfVer0URB0+YY/V+KBVEsiQT4P7urcjzrnzSqwfFi3M+6TsDp0ZcA HTTP/1.1" 200 25
186.102.35.215 - - [21/Aug/2022:17:34:28 -0500] "GET /kwssiamovil/sm/acme/a?s=U2FsdGVkX18WnJIX7se1JyganAHS0JJsIS3igqmErh7jSgvdXgrTL5frI+SJJy2Hfasiuq6sB+RdMA2wwzVZaTJIXEW8RczHZX7I3Egb5B1U2xwQSeOgEz+6GywQtQGNL/zqaUx6NvJw5/KgLXxTQOx+AnHqPB7QXXIMDTOzFFY=&u=U2FsdGVkX1+VVFPw3aeb1yO0yGG8zLAsaB0gIyatPLooOeIEwQ96ebgqhUjBUFVe&y=U2FsdGVkX1/vfVer0URB0+YY/V+KBVEsiQT4P7urcjzrnzSqwfFi3M+6TsDp0ZcA HTTP/1.1" 200 25
186.102.35.215 - - [21/Aug/2022:17:34:28 -0500] "GET /kwssiamovil/sm/acme/a?s=U2FsdGVkX1+uVpWsaFvq6BaPASCf1hH4NXwr0dXq9Qa8TACsS58sov2aNvbGuyQNhilZNlq6/LCLB3UvKTQzX8VJtyqFrHM3ds4foyeEcHjjbjET+u47zj5VNf/B7kGoz0f69SNUkH/tHwLsb2yCMyH0RP1eFm5Lub2sEKtOE/4=&u=U2FsdGVkX1+VVFPw3aeb1yO0yGG8zLAsaB0gIyatPLooOeIEwQ96ebgqhUjBUFVe&y=U2FsdGVkX1/vfVer0URB0+YY/V+KBVEsiQT4P7urcjzrnzSqwfFi3M+6TsDp0ZcA HTTP/1.1" 200 25
186.102.35.215 - - [21/Aug/2022:17:34:28 -0500] "GET /kwssiamovil/sm/acme/a?s=U2FsdGVkX18K8sACcwH2avJihhyyNfgq93a+SEgxjC2iVFeQCV8KcvqXGKhh1dcSrMw5n5Iuqsqc4p6KZGpCLt2Vl1AeG8hg84C68cVxU1PbSZsAaqxvgj4/S0TvCTC/IRzD7Zl9JEewuj5/6OY+/NUQHyofaQYX5Oy3t3ItvR5lTssG3ilsPxSFWCNc7FjU8O5ffY6J9Aagm0NRKT/V/A==&u=U2FsdGVkX1+VVFPw3aeb1yO0yGG8zLAsaB0gIyatPLooOeIEwQ96ebgqhUjBUFVe&y=U2FsdGVkX1/vfVer0URB0+YY/V+KBVEsiQT4P7urcjzrnzSqwfFi3M+6TsDp0ZcA HTTP/1.1" 200 25
172.22.2.4 - - [21/Aug/2022:17:33:11 -0500] "HEAD /BLA/boletinlegal/ HTTP/1.1" 200 -
172.22.2.4 - - [21/Aug/2022:17:34:01 -0500] "GET /BLA/boletinlegal/ HTTP/1.1" 200 53994
216.245.221.92 - - [21/Aug/2022:17:36:56 -0500] "HEAD / HTTP/1.1" 200 -
201.245.192.253 - - [21/Aug/2022:17:38:27 -0500] "POST /kwsrmcab/Wsrmcab  HTTP/1.1" 200 46805
185.119.81.97 - - [21/Aug/2022:17:38:49 -0500] "GET /portaldeninos/wp-login.php HTTP/1.1" 200 2592
185.119.81.97 - - [21/Aug/2022:17:38:50 -0500] "POST /portaldeninos/wp-login.php HTTP/1.1" 200 3605
207.46.13.11 - - [21/Aug/2022:17:38:52 -0500] "GET / HTTP/1.1" 200 319
201.245.192.253 - - [21/Aug/2022:17:39:33 -0500] "POST /kwsrmcab/Wsrmcab  HTTP/1.1" 200 46805
201.245.192.253 - - [21/Aug/2022:17:39:52 -0500] "POST /kwsrmcab/Wsrmcab HTTP/1.1" 200 45152
201.245.192.253 - - [21/Aug/2022:17:40:06 -0500] "POST /kwsrmcab/Wsrmcab HTTP/1.1" 200 43572
201.245.192.253 - - [21/Aug/2022:17:40:34 -0500] "POST /kwsrmcab/Wsrmcab  HTTP/1.1" 200 46805
172.22.2.4 - - [21/Aug/2022:17:39:01 -0500] "HEAD /BLA/boletinlegal/ HTTP/1.1" 200 -
172.22.2.4 - - [21/Aug/2022:17:39:52 -0500] "GET /BLA/boletinlegal/ HTTP/1.1" 200 56723
216.245.221.92 - - [21/Aug/2022:17:41:55 -0500] "HEAD / HTTP/1.1" 200 -
185.119.81.98 - - [21/Aug/2022:17:41:57 -0500] "GET /portaldeninos/wp-login.php HTTP/1.1" 200 2592
185.119.81.98 - - [21/Aug/2022:17:41:58 -0500] "POST /portaldeninos/wp-login.php HTTP/1.1" 200 3605
172.22.2.4 - - [21/Aug/2022:17:40:58 -0500] "GET /BLA/boletinlegal/ HTTP/1.1" 200 59310
172.22.2.4 - - [21/Aug/2022:17:44:59 -0500] "GET /BLA/boletinlegal/Circulares/2022/CIRCULAR%20No.%2000005%20DEL%2030%20DE%20JUNIO%20DEL%202022.pdf HTTP/1.1" 404 1218
172.22.2.4 - - [21/Aug/2022:17:45:05 -0500] "GET /BLA/boletinlegal/Circulares/2019/.pdf HTTP/1.1" 404 1218
172.22.2.4 - - [21/Aug/2022:17:45:14 -0500] "GET /BLA/boletinlegal/Circulares/2012/Circular%20No.%2010%20del%2026%20de%20Enero%20de%202012.pdf HTTP/1.1" 404 1218
201.245.192.253 - - [21/Aug/2022:17:45:33 -0500] "POST /kwsrmcab/Wsrmcab  HTTP/1.1" 200 46805
172.22.2.4 - - [21/Aug/2022:17:44:52 -0500] "HEAD /BLA/boletinlegal/ HTTP/1.1" 200 -
216.245.221.92 - - [21/Aug/2022:17:46:55 -0500] "HEAD / HTTP/1.1" 200 -
172.22.2.4 - - [21/Aug/2022:17:45:42 -0500] "GET /BLA/boletinlegal/ HTTP/1.1" 200 59819
172.22.2.4 - - [21/Aug/2022:17:48:22 -0500] "GET /BLA/boletinlegal/Circulares/2019/Circular%20No.%2012%20del%2014%20de%20Marzo%20de%202019.pdf HTTP/1.1" 200 344384
201.245.192.253 - - [21/Aug/2022:17:50:32 -0500] "POST /kwsrmcab/Wsrmcab  HTTP/1.1" 200 46805
216.245.221.92 - - [21/Aug/2022:17:51:55 -0500] "HEAD / HTTP/1.1" 200 -
172.22.2.4 - - [21/Aug/2022:17:50:41 -0500] "HEAD /BLA/boletinlegal/ HTTP/1.1" 200 -
172.22.2.4 - - [21/Aug/2022:17:51:31 -0500] "GET /BLA/boletinlegal/ HTTP/1.1" 200 60272
157.55.39.51 - - [21/Aug/2022:17:53:21 -0500] "GET /portaldeninos/2021/05/21/2070/ HTTP/1.1" 200 109949
207.46.13.144 - - [21/Aug/2022:17:53:38 -0500] "GET /portaldeninos/wp-content/plugins/gallery-videos/CSS/Total-Soft-Gallery-Video-Widget.css?ver=4.9.8 HTTP/1.1" 200 51554
157.55.39.51 - - [21/Aug/2022:17:53:40 -0500] "GET /portaldeninos/wp-content/plugins/gallery-videos/JS/Total-Soft-Gallery-Video-Widget.js?ver=4.9.8 HTTP/1.1" 200 80264
157.55.39.108 - - [21/Aug/2022:17:53:41 -0500] "GET /portaldeninos/wp-content/themes/betheme/assets/animations/animations.min.js?ver=20.9.6 HTTP/1.1" 200 1896
207.46.13.144 - - [21/Aug/2022:17:53:41 -0500] "GET /portaldeninos/wp-content/plugins/gallery-videos/JS/modernizr.custom.js?ver=4.9.8 HTTP/1.1" 200 9019
157.55.39.51 - - [21/Aug/2022:17:53:42 -0500] "GET /portaldeninos/wp-content/themes/betheme/assets/animations/animations.min.css?ver=20.9.6 HTTP/1.1" 200 58508
157.55.39.102 - - [21/Aug/2022:17:53:43 -0500] "GET /portaldeninos/wp-content/themes/betheme/assets/jplayer/jplayer.min.js?ver=20.9.6 HTTP/1.1" 200 52702
207.46.13.144 - - [21/Aug/2022:17:53:44 -0500] "GET /portaldeninos/wp-content/themes/betheme/assets/jplayer/css/jplayer.blue.monday.css?ver=20.9.6 HTTP/1.1" 200 9834
157.55.39.108 - - [21/Aug/2022:17:53:44 -0500] "GET /portaldeninos/wp-content/themes/betheme/css/shortcodes.css?ver=20.9.6 HTTP/1.1" 200 138889
157.55.39.51 - - [21/Aug/2022:17:53:45 -0500] "GET /portaldeninos/wp-includes/js/jquery/ui/accordion.min.js?ver=1.11.4 HTTP/1.1" 200 8584
157.55.39.102 - - [21/Aug/2022:17:53:45 -0500] "GET /portaldeninos/wp-content/themes/betheme/js/plugins.js?ver=20.9.6 HTTP/1.1" 200 197151
157.55.39.108 - - [21/Aug/2022:17:53:47 -0500] "GET /portaldeninos/wp-content/themes/betheme/style.css?ver=20.9.6 HTTP/1.1" 200 287
207.46.13.144 - - [21/Aug/2022:17:53:47 -0500] "GET /portaldeninos/wp-content/themes/betheme/css/base.css?ver=20.9.6 HTTP/1.1" 200 57283
157.55.39.51 - - [21/Aug/2022:17:53:48 -0500] "GET /portaldeninos/wp-includes/js/wp-embed.min.js?ver=4.9.8 HTTP/1.1" 200 1398
157.55.39.102 - - [21/Aug/2022:17:53:48 -0500] "GET /portaldeninos/wp-includes/js/jquery/ui/sortable.min.js?ver=1.11.4 HTTP/1.1" 200 24899
157.55.39.108 - - [21/Aug/2022:17:53:50 -0500] "GET /portaldeninos/wp-includes/js/jquery/ui/core.min.js?ver=1.11.4 HTTP/1.1" 200 4000
207.46.13.144 - - [21/Aug/2022:17:53:50 -0500] "GET /portaldeninos/wp-content/themes/betheme/css/responsive.css?ver=20.9.6 HTTP/1.1" 200 55740
157.55.39.102 - - [21/Aug/2022:17:53:51 -0500] "GET /portaldeninos/wp-includes/js/wp-emoji-release.min.js?ver=4.9.8 HTTP/1.1" 200 12026
40.77.167.40 - - [21/Aug/2022:17:53:51 -0500] "GET /portaldeninos/wp-content/themes/betheme/js/menu.js?ver=20.9.6 HTTP/1.1" 200 2449
207.46.13.144 - - [21/Aug/2022:17:53:53 -0500] "GET /portaldeninos/wp-includes/js/comment-reply.min.js?ver=4.9.8 HTTP/1.1" 200 1078
40.77.167.40 - - [21/Aug/2022:17:53:54 -0500] "GET /portaldeninos/wp-includes/js/jquery/ui/mouse.min.js?ver=1.11.4 HTTP/1.1" 200 3148
207.46.13.144 - - [21/Aug/2022:17:53:56 -0500] "GET /portaldeninos/wp-includes/js/jquery/jquery-migrate.min.js?ver=1.4.1 HTTP/1.1" 200 10056
40.77.167.40 - - [21/Aug/2022:17:53:57 -0500] "GET /portaldeninos/wp-includes/js/jquery/ui/tabs.min.js?ver=1.11.4 HTTP/1.1" 200 12110
40.77.167.52 - - [21/Aug/2022:17:53:56 -0500] "GET /portaldeninos/wp-content/plugins/gallery-videos/CSS/totalsoft.css?ver=4.9.8 HTTP/1.1" 200 40622
40.77.167.52 - - [21/Aug/2022:17:53:59 -0500] "GET /portaldeninos/wp-content/themes/betheme/assets/ui/jquery.ui.all.css?ver=20.9.6 HTTP/1.1" 200 18765
40.77.167.40 - - [21/Aug/2022:17:54:00 -0500] "GET /portaldeninos/wp-includes/js/jquery/ui/widget.min.js?ver=1.11.4 HTTP/1.1" 200 6908
40.77.167.52 - - [21/Aug/2022:17:54:02 -0500] "GET /portaldeninos/wp-content/themes/betheme/css/layout.css?ver=20.9.6 HTTP/1.1" 200 116639
40.77.167.52 - - [21/Aug/2022:17:54:05 -0500] "GET /portaldeninos/wp-content/themes/betheme/js/scripts.js?ver=20.9.6 HTTP/1.1" 200 77162
40.77.167.52 - - [21/Aug/2022:17:54:08 -0500] "GET /portaldeninos/wp-content/uploads/useanyfont/uaf.css?ver=1589905315 HTTP/1.1" 200 408
40.77.167.52 - - [21/Aug/2022:17:54:11 -0500] "GET /portaldeninos/wp-includes/js/jquery/jquery.js?ver=1.12.4 HTTP/1.1" 200 97184
201.245.192.253 - - [21/Aug/2022:17:55:30 -0500] "POST /kwsrmcab/Wsrmcab  HTTP/1.1" 200 46805
172.22.2.4 - - [21/Aug/2022:17:55:53 -0500] "GET /BLA/boletinlegal/ HTTP/1.1" 200 32715
216.245.221.92 - - [21/Aug/2022:17:56:55 -0500] "HEAD / HTTP/1.1" 200 -
186.102.35.215 - - [21/Aug/2022:17:58:10 -0500] "GET /kwssiamovil/sm/acme/a?s=U2FsdGVkX18+c5DKViYaNm0naTC7SovG1O/H4kobCzARQcQWgVOKv6nMLxvavobInr6Qc63+XxwHzlqsWR9aVrHxhZAclZDg1CJGUAe+IK/u+3q8q9YCQ15eOSj2LVfZzuNPdHgIORMOzz/jj5SDJu3ctfF4m4T0/cQ9mcr4Xqw7CWRazP8TVqO74P1UBtqz872AdpcdZHtDm6pDRuPEFSGgHDUQOSxU4wVvmeb4pWx74/tzDarvl9jbskly6vRCfDRGDNYIA6oxDAliHVFs1jGWzWMHTPIc9etv8Hdk8XM=&u=U2FsdGVkX1+VVFPw3aeb1yO0yGG8zLAsaB0gIyatPLooOeIEwQ96ebgqhUjBUFVe&y=U2FsdGVkX1/vfVer0URB0+YY/V+KBVEsiQT4P7urcjzrnzSqwfFi3M+6TsDp0ZcA HTTP/1.1" 200 25
186.102.35.215 - - [21/Aug/2022:17:58:10 -0500] "GET /kwssiamovil/sm/acme/a?s=U2FsdGVkX18Hjk6na7fxcvjfS79aV56eP1jj4jzRsi/jD0uIn/loUIMgEpC+sjiFV+ufwyEaOvF/ekZ7FO/Oq8NxSwnrSnoKt/tzUDvRIv51YycUoymu7aEPuBCalZGvQLaLqS1cJ/jskh+UffEYSZ3wH+R7BFtmbuwQ9X9EiwY2dke6JzV70uspq6bKdaJn00c6de+szFgiNC6fozsj1em9gvQFb8mnbb2e64j2l1BJpg2PxLcN8xDV9YfQ0ELZsfbber9iMNib6tJB/H2cCyLnakHg8iH+G+CIg7Z+uigS58g3rUl4w0JY17NXh0LSW5c9zNJBvLEjC0NL2H4xgGQzc8E+DaR8egEyadkHmx7EBqFxWobDhkIFukv09SkoP4sPis7U83rjuC7jd9Rs2Oe8nSjTVR+XCCjwo/svEVqvWIp18Gd94zJRJiC1IzawtZ3tsM8ED6kI/hLDZgTOE3PdwwrycMEHprzi10wOZajl4qGSa6SdG2HOylCCKLt8UvYgs5Emd4G/yvad4BpLhCVJR4JG/XsHiL+Bln2qbeoFS3NPDNJHo+j5y/ZLrSfOz54zkMdX6+WRQHn6Y7cF6qxFUqsl3d+TmU5VJa+C1XIFf0g1bDueyvSWGl71kR14Hg+EkvGDY2fupIx6E+PQLY6ggzBazzIBeUo8qtoykSNwtaPIiZRulzIPuDj5FEc7Q75YbqP0k/+873FOe08TMaU6OvCLQpsxoAkJe5s/CR10yNT6VIYuLYXPrh/Km/iH2MUrP0P4Bgbb+DkeqP8p6TjG7DVkxRjhRUI+/p0LasL4vZo+sw6wJtzdavedSH6ei5ca/yURoo87Ly9/dYhevMgCfOBev+U7CLI+Q93u3Mq8TtNDpT14r3oeTBXgU5BIoVrrGEzXqWvVKA7N42LM/oeaac7GTYsngtXMcUEovhC7+6Wno3Kbwhkf0hP7tVGhpNyvsrLzvf2SCLUrnxxQ+Y5yOYncNDjAVLvZi2Fa+Xy4xGRaxZy3U3Pk6tPGHlTUvzr+gVpplUU5FFzA+0xxsZwciaAuAhm23v3tB2uPV7k1t2TAavtm0OpifrznjVpnrRTKWdQ9zMHJcqjTSg7SH754YKN3R07sNSJz0cvU8YvMp6XMw3TCGOflXYy6xfLSEQUncmJsCpVFMqoG2F8BZMiU8U3kJvXuLUHC8R9Lh3Is+ortDLIhMDlFworMdB+MSskMqLlnNKYHMqIS/oDZXihV2t4qgXKFTide4Yg77/z9Y+KxLnl1la+uXrXKJ+heVdqyrNu+TtcQNLqYifXmdOgHWNTm4a42EykPX+eEChqPs49bDFC+O3stTaZKuKKmRhzeOr6Q27aIIkl9sa4O7GZsr7UcuOyZld/v25bQwZkrOJhPwd0FSziSX6J5Ryp+dlYhGS40C+8QhM0kBS9oCRUt9CnrtqhRMv2b2+X6UCirWSjcCpakw2BL4vjFs9E5iMY3vvqvREDpD3iwbn1CvqckRxPvtgDCkbtXRt4fhB2j6tfMJsnQusxe6e9uJd5HxfnDam9Y/uQ75ndVkw7UXfyy/AdKVGY1vDck2K+NDAjVo44nIaaz/9wYFPA/gjlcESLn7X1StiDQGqmyw49sSEha+SY0lO+Eq8cMUoMwKLfdFd63UdnsN7nHgHitdHJViRGgzr7wJ9vHwMJ7fg8ZFMimiSdyCst2eoCtDyRrw01EsDDgBXFusPcXrmFUgyIq&u=U2FsdGVkX1+VVFPw3aeb1yO0yGG8zLAsaB0gIyatPLooOeIEwQ96ebgqhUjBUFVe&y=U2FsdGVkX1/vfVer0URB0+YY/V+KBVEsiQT4P7urcjzrnzSqwfFi3M+6TsDp0ZcA HTTP/1.1" 200 25
186.102.35.215 - - [21/Aug/2022:17:58:11 -0500] "GET /kwssiamovil/sm/acme/a?s=U2FsdGVkX1+hpAY9Fejk8VeHFv/x5o3jHeJJb37B8ZaXQg/3oSoANmvI//N49e4ePFzSZmPJaVzoUChfO/Dz0+oelsD4HPCGNPcM3qghIHSBprEvJ8GyW05yG+W/83MR3j8mrdDTmY8AA4p1slaPQx3uILUxQTRvCk4A7xryBE0=&u=U2FsdGVkX1+VVFPw3aeb1yO0yGG8zLAsaB0gIyatPLooOeIEwQ96ebgqhUjBUFVe&y=U2FsdGVkX1/vfVer0URB0+YY/V+KBVEsiQT4P7urcjzrnzSqwfFi3M+6TsDp0ZcA HTTP/1.1" 200 25
186.102.35.215 - - [21/Aug/2022:17:58:11 -0500] "GET /kwssiamovil/sm/acme/a?s=U2FsdGVkX19SJugD+GixNq0zAT6lV36Fc3mX441fa12gYNoNi6nH2XkexnSYK/pt4XwulbJ6SUYSgaRldwLFt59SkCVM7RlF4ixKmZ+PalW0KB+aP59yFkRI3R6rfT9qBeFDbDnGJIXmXO5kJ/0z5cy/a1aMPNIyTBeiWoUjJfQ=&u=U2FsdGVkX1+VVFPw3aeb1yO0yGG8zLAsaB0gIyatPLooOeIEwQ96ebgqhUjBUFVe&y=U2FsdGVkX1/vfVer0URB0+YY/V+KBVEsiQT4P7urcjzrnzSqwfFi3M+6TsDp0ZcA HTTP/1.1" 200 25
186.102.35.215 - - [21/Aug/2022:17:58:11 -0500] "GET /kwssiamovil/sm/acme/a?s=U2FsdGVkX1+qlAxEZC4p64nz/5WBJ6J2rl+wJ6TYY1VcyrU6L73BPDiHASBB+4EVVe7Q90X7+wdKeUdjI0dw5ihjtkblnnUA5BRaWHcORRbrZyeGH28sn1mTaWU8v7Cdd0cxPA3hZDZinMTzXiTCVo69WouCknPmE6sqfARky3g=&u=U2FsdGVkX1+VVFPw3aeb1yO0yGG8zLAsaB0gIyatPLooOeIEwQ96ebgqhUjBUFVe&y=U2FsdGVkX1/vfVer0URB0+YY/V+KBVEsiQT4P7urcjzrnzSqwfFi3M+6TsDp0ZcA HTTP/1.1" 200 25
186.102.35.215 - - [21/Aug/2022:17:58:11 -0500] "GET /kwssiamovil/sm/acme/a?s=U2FsdGVkX19E2/qRBBLS4HtNqzV8d3eaLmDlt0mvO8G4NxiHPHhhmLMvDGO+SMbCtfR+MfUifmU6+1rwAEEUwhyPXgJVfDQ8dufoVDAMswFVbffdsOkFR4d6kMZpdYAIH55tlbyJlgedqNe7Kd/T5ieimW8jnwTYNV/Awi2PY1QzD2bZOcBRk7T4LdCnI5Yxiqa+FiP20PcjxOj76kzn+w==&u=U2FsdGVkX1+VVFPw3aeb1yO0yGG8zLAsaB0gIyatPLooOeIEwQ96ebgqhUjBUFVe&y=U2FsdGVkX1/vfVer0URB0+YY/V+KBVEsiQT4P7urcjzrnzSqwfFi3M+6TsDp0ZcA HTTP/1.1" 200 25
172.22.2.4 - - [21/Aug/2022:17:56:31 -0500] "HEAD /BLA/boletinlegal/ HTTP/1.1" 200 -
185.119.81.97 - - [21/Aug/2022:17:58:15 -0500] "GET /portaldeninos/wp-login.php HTTP/1.1" 200 2592
185.119.81.97 - - [21/Aug/2022:17:58:16 -0500] "POST /portaldeninos/wp-login.php HTTP/1.1" 200 3670
172.22.2.4 - - [21/Aug/2022:17:57:21 -0500] "GET /BLA/boletinlegal/ HTTP/1.1" 200 54814
201.245.192.253 - - [21/Aug/2022:18:00:29 -0500] "POST /kwsrmcab/Wsrmcab  HTTP/1.1" 200 46805
216.245.221.92 - - [21/Aug/2022:18:01:55 -0500] "HEAD / HTTP/1.1" 200 -
186.102.35.215 - - [21/Aug/2022:18:03:22 -0500] "GET /kwssiamovil/sm/acme/u?s=U2FsdGVkX185VSwgET8yDJYwkdkibWi5m4IpbiErzAHet0bKdv7RrGeihGRE1STab3zzZ4pTvGeIcmgkQ9uUI11ht3GDMwNqbcxoqUCHljI0KvZE7xx0oiZmxT50JZvCdQBR36d2mdZn5eaH6qqg2g==&u=U2FsdGVkX1+VVFPw3aeb1yO0yGG8zLAsaB0gIyatPLooOeIEwQ96ebgqhUjBUFVe&y=U2FsdGVkX1/vfVer0URB0+YY/V+KBVEsiQT4P7urcjzrnzSqwfFi3M+6TsDp0ZcA HTTP/1.1" 200 60
186.102.35.215 - - [21/Aug/2022:18:03:51 -0500] "GET /kwssiamovil/sm/acme/u?s=U2FsdGVkX1+cFegIxcsu+lnp/ZyYbyzn2UziA/MzVIXIlKobqIXiQyJVaFFQOcABUkOzHmvKLHM0erdZzAXsj0US8ozh7IeVA5eykHZ/Enx7SPCAhDF9rNM1hg3zumGIhM0gu+MncFzEqvfsDcrrCA==&u=U2FsdGVkX1+VVFPw3aeb1yO0yGG8zLAsaB0gIyatPLooOeIEwQ96ebgqhUjBUFVe&y=U2FsdGVkX1/vfVer0URB0+YY/V+KBVEsiQT4P7urcjzrnzSqwfFi3M+6TsDp0ZcA HTTP/1.1" 200 60
172.22.2.4 - - [21/Aug/2022:18:02:21 -0500] "HEAD /BLA/boletinlegal/ HTTP/1.1" 200 -
172.22.2.4 - - [21/Aug/2022:18:04:14 -0500] "GET /BLA/boletinlegal/Circulares/2012/Circular%20No.%205%20del%2027%20de%20Abril%20de%202012.pdf HTTP/1.1" 200 216613
186.102.35.215 - - [21/Aug/2022:18:04:39 -0500] "GET /kwssiamovil/sm/acme/u?s=U2FsdGVkX1/LK/gOhUwI5qL41RxfLoD9QBKVC0DhMFIebml4Mqyj88os1iOqapc64D5sexoFdVJZk5MmP6Y5TmQmeVogjvBwpOVkK3LK1vMJS0U0HTOwpaLRj7lwvVnR7XJY96yZdzWCQMJToo6G0g==&u=U2FsdGVkX1+VVFPw3aeb1yO0yGG8zLAsaB0gIyatPLooOeIEwQ96ebgqhUjBUFVe&y=U2FsdGVkX1/vfVer0URB0+YY/V+KBVEsiQT4P7urcjzrnzSqwfFi3M+6TsDp0ZcA HTTP/1.1" 200 60
172.22.2.4 - - [21/Aug/2022:18:03:11 -0500] "GET /BLA/boletinlegal/ HTTP/1.1" 200 59819
186.102.35.215 - - [21/Aug/2022:18:05:06 -0500] "GET /kwssiamovil/sm/acme/u?s=U2FsdGVkX18wMnNp42z9BwEenhf3E7ObkAdwqfzatrrxzCOka4wlwE38oIzkCVbyJuel62lp3JayQV5imcgcVh/Ne4VAODaARGrysdeSrD2krYL52mTGUtekfLPgVydrr1+0GZ8RVLxW3mUYhSgY6Q==&u=U2FsdGVkX1+VVFPw3aeb1yO0yGG8zLAsaB0gIyatPLooOeIEwQ96ebgqhUjBUFVe&y=U2FsdGVkX1/vfVer0URB0+YY/V+KBVEsiQT4P7urcjzrnzSqwfFi3M+6TsDp0ZcA HTTP/1.1" 200 60
201.245.192.253 - - [21/Aug/2022:18:05:28 -0500] "POST /kwsrmcab/Wsrmcab  HTTP/1.1" 200 46805
201.244.255.43 - - [21/Aug/2022:18:06:37 -0500] "GET /forest/ HTTP/1.1" 200 12041
201.244.255.43 - - [21/Aug/2022:18:06:55 -0500] "POST /forest/index.php HTTP/1.1" 200 12268
216.245.221.92 - - [21/Aug/2022:18:06:55 -0500] "HEAD / HTTP/1.1" 200 -
95.161.131.237 - - [21/Aug/2022:18:07:13 -0500] "GET http://query.cleaning/v4/checker.php HTTP/1.1" 404 1018
185.119.81.98 - - [21/Aug/2022:18:07:17 -0500] "GET /portaldeninos/wp-login.php HTTP/1.1" 200 2592
185.119.81.98 - - [21/Aug/2022:18:07:18 -0500] "POST /portaldeninos/wp-login.php HTTP/1.1" 200 3605
185.119.81.98 - - [21/Aug/2022:18:07:48 -0500] "GET /portaldeninos/wp-login.php HTTP/1.1" 200 2592
185.119.81.98 - - [21/Aug/2022:18:07:49 -0500] "POST /portaldeninos/wp-login.php HTTP/1.1" 200 3605
40.77.188.104 - - [21/Aug/2022:18:09:39 -0500] "GET /portaldeninos/wp-content/themes/betheme/fonts/mfn-icons.woff?93978679 HTTP/1.1" 200 80932
172.22.2.4 - - [21/Aug/2022:18:08:11 -0500] "HEAD /BLA/boletinlegal/ HTTP/1.1" 200 -
201.245.192.253 - - [21/Aug/2022:18:10:27 -0500] "POST /kwsrmcab/Wsrmcab  HTTP/1.1" 200 46805
172.22.2.4 - - [21/Aug/2022:18:09:01 -0500] "GET /BLA/boletinlegal/ HTTP/1.1" 200 57716
216.245.221.92 - - [21/Aug/2022:18:11:55 -0500] "HEAD / HTTP/1.1" 200 -
173.252.95.5 - - [21/Aug/2022:18:12:17 -0500] "GET /images/visita-suspension-humedal-techo-24-mayo.jpg HTTP/1.1" 200 57365
207.46.13.186 - - [21/Aug/2022:18:12:34 -0500] "GET /BLA/resoluciones/index.php?dir=AUTOS+2021%2F HTTP/1.1" 200 392023
172.22.2.4 - - [21/Aug/2022:18:15:21 -0500] "GET /BLA/boletinlegal/jurisprudencia/analisis/AnalisisT-606-15.docx HTTP/1.1" 200 26698
201.245.192.253 - - [21/Aug/2022:18:15:25 -0500] "POST /kwsrmcab/Wsrmcab  HTTP/1.1" 200 46805
172.22.2.4 - - [21/Aug/2022:18:14:01 -0500] "HEAD /BLA/boletinlegal/ HTTP/1.1" 200 -
172.22.2.4 - - [21/Aug/2022:18:14:51 -0500] "GET /BLA/boletinlegal/ HTTP/1.1" 200 60272
216.245.221.92 - - [21/Aug/2022:18:16:55 -0500] "HEAD / HTTP/1.1" 200 -
191.96.106.20 - - [21/Aug/2022:18:19:02 -0500] "GET / HTTP/1.1" 200 319
34.147.80.250 - - [21/Aug/2022:18:19:33 -0500] "GET / HTTP/1.1" 200 319
34.147.80.250 - - [21/Aug/2022:18:19:35 -0500] "GET / HTTP/1.1" 200 4720
201.245.192.253 - - [21/Aug/2022:18:19:51 -0500] "POST /kwsrmcab/Wsrmcab HTTP/1.1" 200 45154
201.245.192.253 - - [21/Aug/2022:18:19:56 -0500] "POST /kwsrmcab/Wsrmcab HTTP/1.1" 200 43575
191.156.176.119 - - [21/Aug/2022:18:20:05 -0500] "GET /galeria/galeria/jquery.fancybox.css?v=2.1.5 HTTP/1.1" 200 4895
191.156.176.206 - - [21/Aug/2022:18:20:05 -0500] "GET /BLA/boletinlegal/js/jquery.scrollShow.js HTTP/1.1" 200 4586
191.156.180.228 - - [21/Aug/2022:18:20:05 -0500] "GET /galeria/galeria/jquery.fancybox.js?v=2.1.5 HTTP/1.1" 200 48706
201.245.192.253 - - [21/Aug/2022:18:20:24 -0500] "POST /kwsrmcab/Wsrmcab  HTTP/1.1" 200 46805
172.22.2.4 - - [21/Aug/2022:18:19:51 -0500] "HEAD /BLA/boletinlegal/ HTTP/1.1" 200 -
216.245.221.92 - - [21/Aug/2022:18:21:55 -0500] "HEAD / HTTP/1.1" 200 -
172.22.2.4 - - [21/Aug/2022:18:20:41 -0500] "GET /BLA/boletinlegal/ HTTP/1.1" 200 58154
103.149.192.15 - - [21/Aug/2022:18:24:01 -0500] "GET / HTTP/1.1" 200 319
201.245.192.253 - - [21/Aug/2022:18:25:23 -0500] "POST /kwsrmcab/Wsrmcab  HTTP/1.1" 200 46805
216.245.221.92 - - [21/Aug/2022:18:26:55 -0500] "HEAD / HTTP/1.1" 200 -
185.119.81.97 - - [21/Aug/2022:18:27:02 -0500] "GET /portaldeninos/wp-login.php HTTP/1.1" 200 2592
185.119.81.97 - - [21/Aug/2022:18:27:03 -0500] "POST /portaldeninos/wp-login.php HTTP/1.1" 200 3670
173.252.79.18 - - [21/Aug/2022:18:27:12 -0500] "GET /images/mercados-campesinos-5-mayo.jpg HTTP/1.1" 200 95848
172.22.2.4 - - [21/Aug/2022:18:25:41 -0500] "HEAD /BLA/boletinlegal/ HTTP/1.1" 200 -
172.22.2.4 - - [21/Aug/2022:18:26:32 -0500] "GET /BLA/boletinlegal/ HTTP/1.1" 200 57716
201.245.192.253 - - [21/Aug/2022:18:29:51 -0500] "POST /kwsrmcab/Wsrmcab HTTP/1.1" 200 45154
201.245.192.253 - - [21/Aug/2022:18:29:55 -0500] "POST /kwsrmcab/Wsrmcab HTTP/1.1" 200 43575
201.245.192.253 - - [21/Aug/2022:18:30:22 -0500] "POST /kwsrmcab/Wsrmcab  HTTP/1.1" 200 46805
216.245.221.92 - - [21/Aug/2022:18:31:56 -0500] "HEAD / HTTP/1.1" 200 -
172.22.2.4 - - [21/Aug/2022:18:31:31 -0500] "HEAD /BLA/boletinlegal/ HTTP/1.1" 200 -
172.22.2.4 - - [21/Aug/2022:18:32:21 -0500] "GET /BLA/boletinlegal/ HTTP/1.1" 200 58566
207.46.13.115 - - [21/Aug/2022:18:34:37 -0500] "GET /galeria/carrusel/Carrusel/jquery.thumbnailScroller.js HTTP/1.1" 200 8157
207.46.13.36 - - [21/Aug/2022:18:34:40 -0500] "GET /galeria/carrusel/Carrusel/jquery.thumbnailScroller.css HTTP/1.1" 200 2066
207.46.13.36 - - [21/Aug/2022:18:34:43 -0500] "GET /galeria/nivo-slider/demo/banner.html HTTP/1.1" 200 5446
207.46.13.11 - - [21/Aug/2022:18:34:46 -0500] "GET /galeria/carrusel/Carrusel/jquery-ui-1.8.13.custom.min.js HTTP/1.1" 200 10800
207.46.13.115 - - [21/Aug/2022:18:34:48 -0500] "GET /BLA/resoluciones/RESOLUCIONES%202022/0109.pdf HTTP/1.1" 200 413941
40.77.167.40 - - [21/Aug/2022:18:35:20 -0500] "GET / HTTP/1.1" 200 4720
201.245.192.253 - - [21/Aug/2022:18:35:21 -0500] "POST /kwsrmcab/Wsrmcab  HTTP/1.1" 200 46805
173.231.60.194 - - [21/Aug/2022:18:35:54 -0500] "GET /BLA/resoluciones/index.php?dir=RESOLUCIONES%202005%2FRES%202005%202401-2450%2F&sort=name&order=desc HTTP/1.1" 200 12360
157.55.39.51 - - [21/Aug/2022:18:36:04 -0500] "GET /portaldeninos/wp-content/uploads/2020/11/La-Vaca-B-260x146.jpg HTTP/1.1" 200 10481
173.231.60.194 - - [21/Aug/2022:18:36:10 -0500] "GET /BLA/resoluciones/index.php?dir=RESOLUCIONES%202005%2FRES%202005%202451-2500%2F&sort=name&order=desc HTTP/1.1" 200 12369
173.231.60.194 - - [21/Aug/2022:18:36:23 -0500] "GET /BLA/resoluciones/index.php?dir=RESOLUCIONES%202005%2FRES%202005%202501-2550%2F&sort=name&order=desc HTTP/1.1" 200 12364
173.231.60.194 - - [21/Aug/2022:18:36:40 -0500] "GET /BLA/resoluciones/index.php?dir=RESOLUCIONES%202005%2FRES%202005%202551-2600%2F&sort=name&order=desc HTTP/1.1" 200 12366
216.245.221.92 - - [21/Aug/2022:18:36:55 -0500] "HEAD / HTTP/1.1" 200 -
173.231.60.194 - - [21/Aug/2022:18:36:58 -0500] "GET /BLA/resoluciones/index.php?dir=RESOLUCIONES%202005%2FRES%202005%202601-2650%2F&sort=name&order=desc HTTP/1.1" 200 12160
172.22.2.4 - - [21/Aug/2022:18:35:24 -0500] "GET /BLA/boletinlegal/ HTTP/1.1" 200 62763
173.231.60.194 - - [21/Aug/2022:18:37:14 -0500] "GET /BLA/resoluciones/index.php?dir=RESOLUCIONES%202005%2FRES%202005%202651-2700%2F&sort=name&order=desc HTTP/1.1" 200 12368
173.231.60.194 - - [21/Aug/2022:18:37:24 -0500] "GET /BLA/resoluciones/index.php?dir=RESOLUCIONES%202005%2FRES%202005%202701%20-2750%2F&sort=date&order=asc HTTP/1.1" 200 12404
173.231.60.194 - - [21/Aug/2022:18:37:38 -0500] "GET /BLA/resoluciones/index.php?dir=RESOLUCIONES%202005%2FRES%202005%202701%20-2750%2F&sort=size&order=asc HTTP/1.1" 200 12404
173.231.60.194 - - [21/Aug/2022:18:37:50 -0500] "GET /BLA/resoluciones/index.php?dir=RESOLUCIONES%202005%2FRES%202005%202751-2800%2F&sort=name&order=desc HTTP/1.1" 200 12344
173.231.60.194 - - [21/Aug/2022:18:38:08 -0500] "GET /BLA/resoluciones/index.php?dir=RESOLUCIONES%202005%2FRES%202005%202801-2850%2F&sort=name&order=desc HTTP/1.1" 200 11938
173.231.60.194 - - [21/Aug/2022:18:38:22 -0500] "GET /BLA/resoluciones/index.php?dir=RESOLUCIONES%202005%2FRES%202005%202851-2900%2F&sort=name&order=desc HTTP/1.1" 200 12155
172.22.2.4 - - [21/Aug/2022:18:38:32 -0500] "GET /BLA/boletinlegal/Circulares/2014/Circular%20No.%202%20del%2021%20de%20septiembre%20de%202014.pdf HTTP/1.1" 304 -
173.231.60.194 - - [21/Aug/2022:18:38:42 -0500] "GET /BLA/resoluciones/index.php?dir=RESOLUCIONES%202005%2FRES%202005%202901-2950%2F&sort=name&order=desc HTTP/1.1" 200 12330
173.231.60.194 - - [21/Aug/2022:18:38:58 -0500] "GET /BLA/resoluciones/index.php?dir=RESOLUCIONES%202005%2FRES%202005%202951-3000%2F&sort=name&order=desc HTTP/1.1" 200 11936
172.22.2.4 - - [21/Aug/2022:18:37:21 -0500] "HEAD /BLA/boletinlegal/ HTTP/1.1" 200 -
173.231.60.194 - - [21/Aug/2022:18:39:15 -0500] "GET /BLA/resoluciones/index.php?dir=RESOLUCIONES%202005%2FRES%202005%203001-3050%2F&sort=name&order=desc HTTP/1.1" 200 12363
172.22.2.4 - - [21/Aug/2022:18:39:18 -0500] "GET /BLA/boletinlegal/Circulares/2022/CIRCULAR%20No.%2000005%20DEL%2030%20DE%20JUNIO%20DEL%202022.pdf HTTP/1.1" 404 1218
172.22.2.4 - - [21/Aug/2022:18:39:22 -0500] "GET /BLA/boletinlegal/Circulares/2019/.pdf HTTP/1.1" 404 1218
173.231.60.194 - - [21/Aug/2022:18:39:31 -0500] "GET /BLA/resoluciones/index.php?dir=RESOLUCIONES%202005%2FRES%202005%203051-3100%2F&sort=name&order=desc HTTP/1.1" 200 12359
172.22.2.4 - - [21/Aug/2022:18:39:32 -0500] "GET /BLA/boletinlegal/Circulares/2012/Circular%20No.%2010%20del%2026%20de%20Enero%20de%202012.pdf HTTP/1.1" 404 1218
173.231.60.194 - - [21/Aug/2022:18:39:47 -0500] "GET /BLA/resoluciones/index.php?dir=RESOLUCIONES%202005%2FRES%202005%203101-3150%2F&sort=name&order=desc HTTP/1.1" 200 12366
172.22.2.4 - - [21/Aug/2022:18:38:12 -0500] "GET /BLA/boletinlegal/ HTTP/1.1" 200 59819
201.245.192.253 - - [21/Aug/2022:18:39:51 -0500] "POST /kwsrmcab/Wsrmcab HTTP/1.1" 200 45154
173.231.60.194 - - [21/Aug/2022:18:39:57 -0500] "GET /BLA/resoluciones/index.php?dir=RESOLUCIONES%202005%2FRES%202005%203151-3180%2F&sort=name&order=desc HTTP/1.1" 200 8262
201.245.192.253 - - [21/Aug/2022:18:39:55 -0500] "POST /kwsrmcab/Wsrmcab HTTP/1.1" 200 43575
173.231.60.194 - - [21/Aug/2022:18:40:08 -0500] "GET /BLA/resoluciones/index.php?dir=RESOLUCIONES%202003%2FRES%202003%201851--1900%2F&sort=name&order=desc HTTP/1.1" 200 12205
173.231.60.194 - - [21/Aug/2022:18:40:15 -0500] "GET /BLA/resoluciones/index.php?dir=RESOLUCIONES%202005%2FANEXO%20RES%202643-2005%2F&sort=name&order=desc HTTP/1.1" 200 2445
201.245.192.253 - - [21/Aug/2022:18:40:20 -0500] "POST /kwsrmcab/Wsrmcab  HTTP/1.1" 200 46805
173.231.60.194 - - [21/Aug/2022:18:40:32 -0500] "GET /BLA/resoluciones/index.php?dir=RESOLUCIONES%202005%2FRES%202005%202701%20-2750%2F&sort=name&order=desc HTTP/1.1" 200 12403
173.231.60.194 - - [21/Aug/2022:18:40:46 -0500] "GET /BLA/resoluciones/index.php?dir=RESOLUCIONES%202006%2F&sort=name&order=asc HTTP/1.1" 200 38542
173.231.60.194 - - [21/Aug/2022:18:41:06 -0500] "GET /BLA/resoluciones/index.php?dir=RESOLUCIONES%202007%2F&sort=name&order=asc HTTP/1.1" 200 35450
173.231.60.194 - - [21/Aug/2022:18:41:18 -0500] "GET /BLA/resoluciones/index.php?dir=RESOLUCIONES%202008%2F&sort=name&order=asc HTTP/1.1" 200 976272
173.231.60.194 - - [21/Aug/2022:18:41:33 -0500] "GET /BLA/resoluciones/index.php?dir=RESOLUCIONES%202009%2F&sort=name&order=asc HTTP/1.1" 200 1694101
173.231.60.194 - - [21/Aug/2022:18:41:50 -0500] "GET /BLA/resoluciones/index.php?dir=RESOLUCIONES%202010%2F&sort=name&order=asc HTTP/1.1" 200 1307967
216.245.221.92 - - [21/Aug/2022:18:41:55 -0500] "HEAD / HTTP/1.1" 200 -
173.231.60.194 - - [21/Aug/2022:18:42:11 -0500] "GET /BLA/resoluciones/index.php?dir=RESOLUCIONES%202011%2F&sort=name&order=asc HTTP/1.1" 200 746823
173.231.60.194 - - [21/Aug/2022:18:42:22 -0500] "GET /BLA/resoluciones/index.php?dir=RESOLUCIONES%202012%2F&sort=name&order=asc HTTP/1.1" 200 140066
173.231.60.194 - - [21/Aug/2022:18:42:36 -0500] "GET /BLA/resoluciones/index.php?dir=RESOLUCIONES%202013%2F&sort=name&order=asc HTTP/1.1" 200 237598
173.231.60.194 - - [21/Aug/2022:18:42:49 -0500] "GET /BLA/resoluciones/index.php?dir=RESOLUCIONES%202014%2F&sort=name&order=asc HTTP/1.1" 200 333508
173.231.60.194 - - [21/Aug/2022:18:43:04 -0500] "GET /BLA/resoluciones/index.php?dir=RESOLUCIONES%202015%2F&sort=name&order=asc HTTP/1.1" 200 130385
173.231.60.194 - - [21/Aug/2022:18:43:20 -0500] "GET /BLA/resoluciones/index.php?dir=RESOLUCIONES%202006%2F&sort=date&order=desc HTTP/1.1" 200 38541
173.231.60.194 - - [21/Aug/2022:18:43:37 -0500] "GET /BLA/resoluciones/index.php?dir=RESOLUCIONES%202006%2F&sort=size&order=desc HTTP/1.1" 200 38541
173.231.60.194 - - [21/Aug/2022:18:43:44 -0500] "GET /BLA/resoluciones/index.php?dir=RESOLUCIONES%202007%2F&sort=date&order=desc HTTP/1.1" 200 35449
173.231.60.194 - - [21/Aug/2022:18:44:00 -0500] "GET /BLA/resoluciones/index.php?dir=RESOLUCIONES%202007%2F&sort=size&order=desc HTTP/1.1" 200 35449
173.231.60.194 - - [21/Aug/2022:18:44:14 -0500] "GET /BLA/resoluciones/index.php?dir=RESOLUCIONES%202008%2F&sort=date&order=desc HTTP/1.1" 200 976271
173.231.60.194 - - [21/Aug/2022:18:44:32 -0500] "GET /BLA/resoluciones/index.php?dir=RESOLUCIONES%202008%2F&sort=size&order=desc HTTP/1.1" 200 976271
173.231.60.194 - - [21/Aug/2022:18:44:44 -0500] "GET /BLA/resoluciones/index.php?dir=RESOLUCIONES%202009%2F&sort=date&order=desc HTTP/1.1" 200 1694100
172.22.2.4 - - [21/Aug/2022:18:43:11 -0500] "HEAD /BLA/boletinlegal/ HTTP/1.1" 200 -
173.231.60.194 - - [21/Aug/2022:18:45:11 -0500] "GET /BLA/resoluciones/index.php?dir=RESOLUCIONES%202009%2F&sort=size&order=desc HTTP/1.1" 200 1694100
201.245.192.253 - - [21/Aug/2022:18:45:19 -0500] "POST /kwsrmcab/Wsrmcab  HTTP/1.1" 200 46805
172.22.2.4 - - [21/Aug/2022:18:44:01 -0500] "GET /BLA/boletinlegal/ HTTP/1.1" 200 59819
173.231.60.194 - - [21/Aug/2022:18:45:39 -0500] "GET /BLA/resoluciones/index.php?dir=RESOLUCIONES%202010%2F&sort=date&order=desc HTTP/1.1" 200 1307966
173.231.60.194 - - [21/Aug/2022:18:45:53 -0500] "GET /BLA/resoluciones/index.php?dir=RESOLUCIONES%202010%2F&sort=size&order=desc HTTP/1.1" 200 1307966
173.231.60.194 - - [21/Aug/2022:18:46:07 -0500] "GET /BLA/resoluciones/index.php?dir=RESOLUCIONES%202011%2F&sort=date&order=desc HTTP/1.1" 200 746822
173.231.60.194 - - [21/Aug/2022:18:46:22 -0500] "GET /BLA/resoluciones/index.php?dir=RESOLUCIONES%202011%2F&sort=size&order=desc HTTP/1.1" 200 746822
216.245.221.92 - - [21/Aug/2022:18:46:55 -0500] "HEAD / HTTP/1.1" 200 -
173.231.60.194 - - [21/Aug/2022:18:46:55 -0500] "GET /BLA/resoluciones/index.php?dir=RESOLUCIONES%202012%2F&sort=date&order=desc HTTP/1.1" 200 140065
173.231.60.194 - - [21/Aug/2022:18:47:11 -0500] "GET /BLA/resoluciones/index.php?dir=RESOLUCIONES%202012%2F&sort=size&order=desc HTTP/1.1" 200 140065
173.231.60.194 - - [21/Aug/2022:18:47:21 -0500] "GET /BLA/resoluciones/index.php?dir=RESOLUCIONES%202013%2F&sort=date&order=desc HTTP/1.1" 200 237597
173.231.60.194 - - [21/Aug/2022:18:47:37 -0500] "GET /BLA/resoluciones/index.php?dir=RESOLUCIONES%202013%2F&sort=size&order=desc HTTP/1.1" 200 237597
173.231.60.194 - - [21/Aug/2022:18:47:53 -0500] "GET /BLA/resoluciones/index.php?dir=RESOLUCIONES%202014%2F&sort=date&order=desc HTTP/1.1" 200 333507
173.231.60.194 - - [21/Aug/2022:18:48:14 -0500] "GET /BLA/resoluciones/index.php?dir=RESOLUCIONES%202014%2F&sort=size&order=desc HTTP/1.1" 200 333507
