200.118.16.79 - - [22/Aug/2022:07:02:33 -0500] "GET /kwssiamovil/sm/acme/a?s=U2FsdGVkX1+xTHDpC1q9EW0OjNAPG2gjNwezM7mShXjn3ES8oKxX8qR9KBGlmiy94qyp9be4Pbapw4fvcMrvNPAtPJzBrb3N2CUGftE5luRV7Vg+gOrz2JUT73P4j0MmdaUMZhJGHDe+KlMKot5xBoFyDcsveh4U//RIKvRc5mFZ0ZfuvW1nWaabMJR/fo1gXCdOHFh9PjrX0A7xv/utyyQw1meQdLt9+qBjIUEr10mxbFCe59MQEd7oxgtrlmq+0hhaL58dpkGggH+XtYHItQ==&u=U2FsdGVkX18elG6A8vwp0no5X9+twbzEzsdfqyXzgCk=&y=U2FsdGVkX1+Dl2rrhXY84t6KeiHJuCZtHb1SAzKUMtqSuRneQDj0MRwRJ3FmnNKq HTTP/1.1" 200 25
200.118.16.79 - - [22/Aug/2022:07:02:33 -0500] "GET /kwssiamovil/sm/acme/a?s=U2FsdGVkX18vC1hhAnR2Zau/5PDUvvSaTLCTzvIe7b1AJF+H+d1TfjtZsjorrAiVPvJ9ZcSXx0oKWCeYsoxS9ajJNkNhyUqixrCzjM30X82Ka/+j09FZA9u3/mRBY3MBJ/1rqb1R65ryRkOgUAY4WdeUvnsYteE99g+gnoaUrZNbYmUn3/EE9s4ddr7ARMlji7Wqa9B5AsRwaIZBM1dk/mCeogJx9vUaPHyn0LpMaNBDgY9qezIjGGqySZIRji4YWxfMpeNJqXmy+jnRZaax6RbrXkIfrciXUxAZDQCHzOiAiRdXQ3EP/3hzVDGiW9ft0a4rRT7/Rdp3UJyyCkuH5VwrLQCUiKudqXRSQ3+FhP9TjO7cPh2UU4nva4g8xSewdgYpFN3MxCMN+q2OC/qbhBRcJbRjR5vgR7KM+lkLxDnjn2BhFpYQPmsBW4SmG2QMsncpFieleQ4rmiqoBFKMORRJGcoltaPlrbCYQWjp8U7OhXXnGo6P0B1Cr5yIWL3HZs//dsa9586WwW8BDqCKK1AyMmTKCiI0CAlBhp/z/ymz4bcv0TG5vXhbyCzg2nvj6H0WVz90O6UQLwjWW0Zd2wfutIczSFmFyxjcf+ZQ5+abJ5CEi/b84ae+prd9G7QmW5XiB+pZHUwJVpO7BaCKPi6FyOf7AtTk92yASZ2LD3YfpGcXM543bekv9z444ARqev5i15mIlgwoD/GpJroFkA0Co8FWyaG+uo2qg+S0ssDVEwHy5/4yfp9CVGJoOkrtXGDFmjC8A4GpGdyAWlJf/Yke1PyqSGQxs3tZ8lct0SCAbfK8cSUoz3ixjj2ZnCOiB/KmzwyaOALAQs5/Bk4EyXPmHqdM61DFQbaGexP7sXvOcEegk03/fQSmbCSalx574wsNN4HFYB8FoFouquS+yms/Nf9OJiz51WpMFOLu690sBudrLvh2e22PMVRffks4vvRcz8K657xzRfRkpDW5dTOpHfRqjRwj9Sa2/al5cd8hiWdXp7jv8MnhmMECMeq0kMlQT7AnxqZ3AEuW/Aun07GBoV09CC0U5po5duvUpojzk24a53qMW8RTy8GdfDr0p0D1+kMAikqs9RvmsNGd3v86nHPAbv4UXfHXydXzvNPRiNZbVFlz00IqRgatPWWqYX1860uXGqtIa2RtK7Axf+jERw+RAY00ZjfKCkeBP2vZh90yEFcYzeWBF5wzU2w7tfM20Hlo/ySh48/ZhkaJjatMCc0f1SRuQU2ibK3aYblg3rAW/tzdK6l2DuhQNnJW+E1YwijV2SmUPwRMh2ZLkZ0BOLNa+1iVNVUZZz0ElXVZwYufs+q+a/kQOFPXB3bItWHHUnLpXbRdoLpjsJa7xkT6CZ7ERYx8LqkZxfSawTaMnqV64qHnQnA60+u3jnsGt9qquWNZRT6zOarpxz3iVoYvMRhnCA/0VX72aqaAyGiGu8ERaidALC8HxIxA7QLZR7tstB+H2niMS8SN1SQcFIlkl4q5hov8YnBA1DAa+mK6xutLmjGwO2DHODy5koqZJtWV91y0KliBMnE6RsSDx85ywQDdF0xNw4vzrAUclL1heShGKs8Fh6R4GbhxUP445arjG/OlWHXBrb5bTRpcjN2hW3OzE+v1zkbPFijlfiWsis3BLMaW8C1PIXaCpAyGDBXLK8peZm0hoad1i6MJmk1bon/rHDv2sLrv+1qEY6ZNeNnwp0LDdtpp0kJGOZYddjT+WJfbgFBKrs89aGoD9x+bRzKwjGlLHvw3QdmMms+RnA9fdiyqzrEnkRDiiTkeT1VEbuTxhHaarqfWQ7fBJtTnzk6u+YEc8l2xe19gwiQlbBkQ1VdMgz6HQbvay8FkOgZ1oLzPWLGfQpTkna+y/FxuIATkTgvxYHoVu6B4Bt6Ar0Ofm95uMrl6sbVXuuUezCVjGpB1gsVXUbyUrf8FmAlv7hz9T5yrfLRd3KbchSk=&u=U2FsdGVkX18elG6A8vwp0no5X9+twbzEzsdfqyXzgCk=&y=U2FsdGVkX1+Dl2rrhXY84t6KeiHJuCZtHb1SAzKUMtqSuRneQDj0MRwRJ3FmnNKq HTTP/1.1" 200 25
200.118.16.79 - - [22/Aug/2022:07:02:34 -0500] "GET /kwssiamovil/sm/acme/a?s=U2FsdGVkX1+4jUCy/v1k7laQUrWQNAo4CXP9DejEs3XdmAGvHwYyq0fCLMt/unN8phay8F28Ad5BqLdNe9RftzzopIuGUgB3rkt8Eev4kmHb0UKiVKNL7cmoloDhigd3mNj5YuH4qxMW0re23SwCntvIIw1Btq3nKxuiQWDWhSY=&u=U2FsdGVkX18elG6A8vwp0no5X9+twbzEzsdfqyXzgCk=&y=U2FsdGVkX1+Dl2rrhXY84t6KeiHJuCZtHb1SAzKUMtqSuRneQDj0MRwRJ3FmnNKq HTTP/1.1" 200 25
200.118.16.79 - - [22/Aug/2022:07:02:34 -0500] "GET /kwssiamovil/sm/acme/a?s=U2FsdGVkX19//Y+8rHVwqT8ymOU7Xn2e/RRmkxHrb5YZtRr1Y4eXSPa4XYtkGzYC7aeK05iYxCt9Neja95lGa4Lk/PdrmhyYXp5KJlJMroWOtsMNDrcFcRggk0OROghXQxLkSNk08awOhqjPYeHGoHl4k+4quzlrKWeZYny4W1w=&u=U2FsdGVkX18elG6A8vwp0no5X9+twbzEzsdfqyXzgCk=&y=U2FsdGVkX1+Dl2rrhXY84t6KeiHJuCZtHb1SAzKUMtqSuRneQDj0MRwRJ3FmnNKq HTTP/1.1" 200 25
200.118.16.79 - - [22/Aug/2022:07:02:34 -0500] "GET /kwssiamovil/sm/acme/a?s=U2FsdGVkX1+Byub44egMxXlxGYW9nM03MiT6RokxEaCcwDe0zgk59WnVXjw1UHAs1ISGm1OJ0VppFsSXNsXtIiIplMoQ3PArWmyjgnFnXs6w59pa8vLI9vRnoQt4aAYWOR+ejyldsp5BSyJn9tbq7C7QNP/8f1oLYyI7zBgnaag=&u=U2FsdGVkX18elG6A8vwp0no5X9+twbzEzsdfqyXzgCk=&y=U2FsdGVkX1+Dl2rrhXY84t6KeiHJuCZtHb1SAzKUMtqSuRneQDj0MRwRJ3FmnNKq HTTP/1.1" 200 25
200.118.16.79 - - [22/Aug/2022:07:02:34 -0500] "GET /kwssiamovil/sm/acme/a?s=U2FsdGVkX1+quBaq10JdHouvS5Q1AgUxgpcW+85j8JMow3qzkVckS/nxAt2S7JjTWq95Fc/PNuSpvz1VforuciuTRp8KxdgDI+iVm8VQxOPvRuetplNDrVjeVPq5hOwuFJmb3i+nfBrKk/W9qlzkZZeAlrpUzVuLIhYjn4BCgorZtgLtHRGUUKXckP8GMnI4&u=U2FsdGVkX18elG6A8vwp0no5X9+twbzEzsdfqyXzgCk=&y=U2FsdGVkX1+Dl2rrhXY84t6KeiHJuCZtHb1SAzKUMtqSuRneQDj0MRwRJ3FmnNKq HTTP/1.1" 200 25
200.118.16.79 - - [22/Aug/2022:07:02:34 -0500] "GET /kwssiamovil/sm/acme/a?s=U2FsdGVkX19jB35RhSbB3FvbxjS0AMEMEve+fAi9biBa/vGVncS/g8Ncs5JVB5McKfrAESnrOcD+d5w8frlZstEHh0oCp6hjGYWt7tUbeyW0zcLvJcQaZRmVX9NZfGZKHJfLGgwxiinqqwkJBuZ+5D2Mkx/ApUwqsjkKnPi9py45k6KN/ufey4fHjY3KVBUqnC/RJEcDUCldcIojeLKwesQuTfAT5dXxIcfRfqv7BoFX68UKIyEsNPLVzMdnGHjHdSAAs7M3PzKv91AjIbz7xtHRy3OV227OOyCnfDFaQiHV9j6xpefX5k/TpiJVOh3xDdU5MvlZ+2ox8iGqKJAwUmLLZU5O2/S4obG7Zbgebm62sVVR+vHCm4P7i4ftRzqwmUm/Bf9K8O5WJw5LJ7/K4A==&u=U2FsdGVkX18elG6A8vwp0no5X9+twbzEzsdfqyXzgCk=&y=U2FsdGVkX1+Dl2rrhXY84t6KeiHJuCZtHb1SAzKUMtqSuRneQDj0MRwRJ3FmnNKq HTTP/1.1" 200 25
200.118.16.79 - - [22/Aug/2022:07:02:34 -0500] "GET /kwssiamovil/sm/acme/a?s=U2FsdGVkX181cwh6O3hgnVKSCbJiF5bpNWoDBHUyXNdEfPYHUYOZ4l85BSDlw12Ga6UmHOPsjnnxu9qxk7eEhxI0p+mU8JAymj7BHDBXA2F2LZYF109lIbz9xclxyP1X/mb9ysAgK1LddpcfdV0ydiLQ2YTi8LKHuZJJo5lLe5OS57Mg7VQXDDNXkaVFflw3pE55MpX2eXiuCw1K00vUtgfYKAsAkk9HEW396vqVQdM14ScKEKqshxd573tBN10S93NyzDK715JWJWi4ho2PaVEIPxmFjI0aZTlcR+yXcL/bfp6Pwil9v06jKOeu35vd1x/gvD4IfcA7KVrqXPZpnuEgIDR2c+7/OA1UqXej2NhL33xpeWQe1wj7lnBT34Gu&u=U2FsdGVkX18elG6A8vwp0no5X9+twbzEzsdfqyXzgCk=&y=U2FsdGVkX1+Dl2rrhXY84t6KeiHJuCZtHb1SAzKUMtqSuRneQDj0MRwRJ3FmnNKq HTTP/1.1" 200 25
201.245.192.253 - - [22/Aug/2022:07:02:45 -0500] "POST /kwsrmcab/Wsrmcab  HTTP/1.1" 200 46805
172.22.2.4 - - [22/Aug/2022:07:03:09 -0500] "GET /BLA/boletinlegal/Circulares/2013/Circular%20No.%201%20del%2014%20de%20enero%20de%202013.pdf HTTP/1.1" 200 1298384
173.231.60.194 - - [22/Aug/2022:07:03:29 -0500] "-" 408 -
173.231.60.194 - - [22/Aug/2022:07:05:29 -0500] "-" 408 -
172.22.2.4 - - [22/Aug/2022:07:04:00 -0500] "HEAD /BLA/boletinlegal/ HTTP/1.1" 200 -
200.118.16.79 - - [22/Aug/2022:07:05:44 -0500] "GET /kwssiamovil/sm/acme/u?s=U2FsdGVkX1/KciPTQB+uc2ssT3eCVksjjs4UG8Ggy1/XIXacmfEKbcjyh/PfC3lal6LbQgeZwN7hEYQkQaCIDtTFp36kB2WEX5QkdTUAnG6h9cO0+yHyQi6h6TupgLnGHmdR3xtyTYt8Rw26+ke7dQ==&u=U2FsdGVkX18elG6A8vwp0no5X9+twbzEzsdfqyXzgCk=&y=U2FsdGVkX1+Dl2rrhXY84t6KeiHJuCZtHb1SAzKUMtqSuRneQDj0MRwRJ3FmnNKq HTTP/1.1" 200 60
172.22.2.4 - - [22/Aug/2022:07:04:50 -0500] "GET /BLA/boletinlegal/ HTTP/1.1" 200 58154
216.245.221.92 - - [22/Aug/2022:07:06:53 -0500] "HEAD / HTTP/1.1" 200 -
201.245.192.253 - - [22/Aug/2022:07:07:44 -0500] "POST /kwsrmcab/Wsrmcab  HTTP/1.1" 200 46805
104.248.2.250 - - [22/Aug/2022:07:09:22 -0500] "GET / HTTP/1.0" 200 319
172.22.2.4 - - [22/Aug/2022:07:10:06 -0500] "GET /BLA/boletinlegal/consulta_actos.php?tipo=resoluciones&no=&usuario=&sector=&fecha=2013&resuelve=3326 HTTP/1.1" 200 626
172.22.2.4 - - [22/Aug/2022:07:10:09 -0500] "GET /BLA/boletinlegal/consulta_actos.php?tipo=resoluciones&no=&usuario=&sector=&fecha=2013&resuelve=3326 HTTP/1.1" 200 626
172.22.2.4 - - [22/Aug/2022:07:10:15 -0500] "GET /BLA/boletinlegal/consulta_actos.php?tipo=resoluciones&no=3326&usuario=&sector=&fecha=2013&resuelve= HTTP/1.1" 200 626
172.22.2.4 - - [22/Aug/2022:07:10:18 -0500] "GET /BLA/boletinlegal/consulta_actos.php?tipo=resoluciones&no=3326&usuario=&sector=&fecha=2013&resuelve= HTTP/1.1" 200 626
172.22.2.4 - - [22/Aug/2022:07:10:26 -0500] "GET /BLA/boletinlegal/consulta_actos.php?tipo=resoluciones&no=3326&usuario=&sector=&fecha=2013&resuelve= HTTP/1.1" 200 626
172.22.2.4 - - [22/Aug/2022:07:10:34 -0500] "GET /BLA/boletinlegal/actos.php HTTP/1.1" 200 9559
172.22.2.4 - - [22/Aug/2022:07:10:46 -0500] "GET /BLA/boletinlegal/consulta_actos.php?tipo=resoluciones&no=3326&usuario=&sector=&fecha=2013&resuelve= HTTP/1.1" 200 626
172.22.2.4 - - [22/Aug/2022:07:09:50 -0500] "HEAD /BLA/boletinlegal/ HTTP/1.1" 200 -
216.245.221.92 - - [22/Aug/2022:07:11:53 -0500] "HEAD / HTTP/1.1" 200 -
172.22.2.4 - - [22/Aug/2022:07:10:40 -0500] "GET /BLA/boletinlegal/ HTTP/1.1" 200 58154
201.245.192.253 - - [22/Aug/2022:07:12:43 -0500] "POST /kwsrmcab/Wsrmcab  HTTP/1.1" 200 46805
185.119.81.98 - - [22/Aug/2022:07:13:09 -0500] "GET /portaldeninos/wp-login.php HTTP/1.1" 200 2592
185.119.81.98 - - [22/Aug/2022:07:13:10 -0500] "POST /portaldeninos/wp-login.php HTTP/1.1" 200 3650
172.22.2.4 - - [22/Aug/2022:07:13:28 -0500] "GET /BLA/boletinlegal/Directivas/2019/Directiva%20No.%200001%20del%2011%20de%20junio%20de%202019.pdf HTTP/1.1" 304 -
216.245.221.92 - - [22/Aug/2022:07:16:53 -0500] "HEAD / HTTP/1.1" 200 -
172.22.2.4 - - [22/Aug/2022:07:15:40 -0500] "HEAD /BLA/boletinlegal/ HTTP/1.1" 200 -
201.245.192.253 - - [22/Aug/2022:07:17:42 -0500] "POST /kwsrmcab/Wsrmcab  HTTP/1.1" 200 46805
172.22.2.4 - - [22/Aug/2022:07:16:30 -0500] "GET /BLA/boletinlegal/ HTTP/1.1" 200 57716
173.252.95.2 - - [22/Aug/2022:07:18:42 -0500] "GET /images/negocios-verdes-mayo-2022.jpg HTTP/1.1" 200 48000
201.245.192.253 - - [22/Aug/2022:07:19:48 -0500] "POST /kwsrmcab/Wsrmcab HTTP/1.1" 200 43553
201.245.192.253 - - [22/Aug/2022:07:19:52 -0500] "POST /kwsrmcab/Wsrmcab HTTP/1.1" 200 43476
216.245.221.92 - - [22/Aug/2022:07:21:53 -0500] "HEAD / HTTP/1.1" 200 -
207.46.13.186 - - [22/Aug/2022:07:22:37 -0500] "GET /BLA/resoluciones/index.php?dir=AUTOS+2021%2F HTTP/1.1" 200 392023
201.245.192.253 - - [22/Aug/2022:07:22:41 -0500] "POST /kwsrmcab/Wsrmcab  HTTP/1.1" 200 46805
172.22.2.4 - - [22/Aug/2022:07:21:30 -0500] "HEAD /BLA/boletinlegal/ HTTP/1.1" 200 -
200.118.16.79 - - [22/Aug/2022:07:23:14 -0500] "GET /kwssiamovil/sm/ldap/au?x=U2FsdGVkX1/ARwTQ7T+AsDL8r2EPNxaby4f94zS59BwKQo+/FsXfR2Whrs68yWLo&y=U2FsdGVkX19zgm2K7hU4kHnouPpHYfaTLmKwmkFSujYU7pWk5oYQR0NeFYYEPtwy HTTP/1.1" 200 30
200.118.16.79 - - [22/Aug/2022:07:23:14 -0500] "GET /kwssiamovil/sm/acme/s?s=U2FsdGVkX1/6wy07gcnZHyjOOqNLfbE4hBjoliA5aqirmu414qRIr7MetFnsCr7dNBPyug34OibMyGgWANN2m2MqungIqSCgeoArKTdW7Fk=&u=U2FsdGVkX1/PAE9FTOCufxQqW86ihiVqN2EZAtAh6yw=&y=U2FsdGVkX19zgm2K7hU4kHnouPpHYfaTLmKwmkFSujYU7pWk5oYQR0NeFYYEPtwy HTTP/1.1" 200 97
200.118.16.79 - - [22/Aug/2022:07:23:14 -0500] "GET /kwssiamovil/sm/acme/s?s=U2FsdGVkX1+UW2sH6OMLj+8Z1A7V40vrhNHICgB5JLUWlSdORjkJfGF8VH4NBKR8sGAS+iFtSmnVu6KpdIJGtdIKy4ka9ox1JjO3xv4TDo+YLau+dsXl1ra9HlUc9PmDlHdJuu1BKnhJ7warpdOusSGGjGjh5LWmEJ9qxI80G/OiCNRNCnhQn5TQ1ynzbqXLjfYypycKnNNxyFgyEobviDHvLbgbrK8x7ZZcjd73GKj56vnc2+9ZClaRCktwu+OUrypwN/6KYxkPjQzo2lq2zc2eFvoXj1zJA5rTRHHMYpF32g6Y93GhBIib1zfSDY5GoPN3iuHfyRJcKVnNkYumeS7Z8lj3VpaxtG6ouD2sLRhh5XZP3EpQiohc82mjFJBEXAx2Go93yPJlXtHld0Uvtc6vRpsJQFqt4co+kKFCMFPpp4/RhZPtN2hcEtcJW71OeE/Vm202Ko9HXThoKsV3rH7yTDruDzeSlqEnJdu/aC/2gY/mByRNVHSf6DqDNNDUoVRIeRuonoeEEPA2blIpQPeEF6ti8L03iyCFVFl4HbSTO7+Y7/S1ilE3aXN4OUnfw7foCVzReNlRfV0vKcFLeZUbTxd01gD73LVeHL2WGGpF+qEHZVzAGgzR1OAsJfm5lUSKpvPt86SrgRYuLZ6aFEkrnkb3Jz+eLIhgYRE/631nekpD3yJF1KPZFJZEbphBBg4mUPk+tbYsssWIbW0qOlNPCwSFGonjD7P4XpOCEXHJHfsEJg9qjQ3qw3gDvB5k6LB2lHWeY34ucDqBlKxB6TcjC+1+eJ7Z0u9IbxfscwGQYw3Mrm4GVxwXSj3AjZjseo049xv36h7lFRATVD1hjpvwGeuklNbhE8giOytl70FitBw9rjwQDJkVn7pu+oQwg70un2T8+OUKU7GnUdtXUmwQoTmja/ER/XdBNFIFEeatG3GC9YghfCyx4xQYrq3psZgHTGhIt6387KApfBPtDGPvU3J8Ya+vBp4Pyx8t1UFgQNkeHSvZ9UcbJNSxh1S0mI9vbjX3ej5u5mrugWP/xLaH5tfbSH37e2Ht7yR7Kj37uRHYoI4FWXvh/PNLdiM+i1uRKOV/fdsP3D5ZtS1cFC511tttDtvNNwcdU9lVQYHhrESr+HY9TpGpmBOZ+V/UdfVqERCnuosUQZ5UpucneLtqgh1Plnh1zPm0oIPBZx/dBZwhzsrwIN8BiCFtZqYIwEeUmvGrIEC1Fbo4ddy0v4wSSa33nWk8Z/wABi7l6sreeK8Gk6exmG/3jWebdvrlYGgUWv2RO/t6ITOXGAL9c19+Z+Mfr9U4gyZQ5d8LuEdNP1vDm4pxJ9e50BEQrFnTRpfc2mKgbvUjoI7J//VXHpZorjiqQdo9yo4muzO94YQ=&u=U2FsdGVkX1/PAE9FTOCufxQqW86ihiVqN2EZAtAh6yw=&y=U2FsdGVkX19zgm2K7hU4kHnouPpHYfaTLmKwmkFSujYU7pWk5oYQR0NeFYYEPtwy HTTP/1.1" 200 354
200.118.16.79 - - [22/Aug/2022:07:23:14 -0500] "GET /kwssiamovil/sm/acme/s?s=U2FsdGVkX19FTh4KK9A/i0V9PZ+BgtWABNoXcwUnwNU0JOhMuTWtT4woHnB3NdbsGKA7YYRnMzEKDDG0L5AVV8EpZBoVW5SGG4cxEahJ3G4GRfD4SfhW0mR3BJOfN6w90YkQ/XP8lPDui69bRZcwMVoJLrJ1DGG04+f8C4bwPO7NJ/OudFDv0BP0Vmuep7mmy2AJ64itXZfTmd7islirBTR48wUCt+9TW+VBeYrlhZBBfipHBE8WPlKi+F3QnP7odyeibmTjee+JzJUNfwKEU/dU75FVzTWdlLk/EnV/9WE=&u=U2FsdGVkX1/PAE9FTOCufxQqW86ihiVqN2EZAtAh6yw=&y=U2FsdGVkX19zgm2K7hU4kHnouPpHYfaTLmKwmkFSujYU7pWk5oYQR0NeFYYEPtwy HTTP/1.1" 200 176
200.118.16.79 - - [22/Aug/2022:07:23:14 -0500] "GET /kwssiamovil/sm/cjson/pre?f=1&x=U2FsdGVkX1/ARwTQ7T+AsDL8r2EPNxaby4f94zS59BwKQo+/FsXfR2Whrs68yWLo HTTP/1.1" 200 30992
172.22.2.4 - - [22/Aug/2022:07:22:21 -0500] "GET /BLA/boletinlegal/ HTTP/1.1" 200 56367
112.46.68.15 - - [22/Aug/2022:07:26:21 -0500] "GET / HTTP/1.1" 400 946
216.245.221.92 - - [22/Aug/2022:07:26:53 -0500] "HEAD / HTTP/1.1" 200 -
201.245.192.253 - - [22/Aug/2022:07:27:41 -0500] "POST /kwsrmcab/Wsrmcab  HTTP/1.1" 200 46805
173.231.60.194 - - [22/Aug/2022:07:28:14 -0500] "GET /BLA/resoluciones/index.php?dir=Notificaciones%2FRESOLUCIONES%202020%2F&sort=date&order=desc HTTP/1.1" 200 52805
173.231.60.194 - - [22/Aug/2022:07:28:24 -0500] "GET /BLA/resoluciones/index.php?dir=Notificaciones%2FRESOLUCIONES%202020%2F&sort=size&order=desc HTTP/1.1" 200 52805
173.231.60.194 - - [22/Aug/2022:07:28:37 -0500] "GET /BLA/resoluciones/index.php?dir=Notificaciones%2FRESOLUCIONES%202021%2F&sort=date&order=desc HTTP/1.1" 200 115238
173.231.60.194 - - [22/Aug/2022:07:28:46 -0500] "GET /BLA/resoluciones/index.php?dir=Notificaciones%2FRESOLUCIONES%202021%2F&sort=size&order=desc HTTP/1.1" 200 115238
173.231.60.194 - - [22/Aug/2022:07:28:55 -0500] "GET /BLA/resoluciones/index.php?dir=Notificaciones%2FRESOLUCIONES%202022%2F&sort=date&order=desc HTTP/1.1" 200 20399
172.22.2.4 - - [22/Aug/2022:07:27:20 -0500] "HEAD /BLA/boletinlegal/ HTTP/1.1" 200 -
173.231.60.194 - - [22/Aug/2022:07:29:16 -0500] "GET /BLA/resoluciones/index.php?dir=Notificaciones%2FRESOLUCIONES%202022%2F&sort=size&order=desc HTTP/1.1" 200 20399
172.22.2.4 - - [22/Aug/2022:07:29:18 -0500] "GET /BLA/boletinlegal/favicon.ico HTTP/1.1" 404 1018
173.231.60.194 - - [22/Aug/2022:07:29:26 -0500] "GET /BLA/resoluciones/index.php?dir=RESOLUCIONES%202002%2FRES%202002%2001-50%2F&sort=date&order=desc HTTP/1.1" 200 13728
173.231.60.194 - - [22/Aug/2022:07:29:38 -0500] "GET /BLA/resoluciones/index.php?dir=RESOLUCIONES%202002%2FRES%202002%2001-50%2F&sort=size&order=desc HTTP/1.1" 200 13728
173.231.60.194 - - [22/Aug/2022:07:29:47 -0500] "GET /BLA/resoluciones/index.php?dir=RESOLUCIONES%202002%2FRES%202002%2051-100%2F&sort=name&order=asc HTTP/1.1" 200 12120
172.22.2.4 - - [22/Aug/2022:07:28:10 -0500] "GET /BLA/boletinlegal/ HTTP/1.1" 200 52868
172.22.2.4 - - [22/Aug/2022:07:29:06 -0500] "GET /BLA/boletinlegal/ HTTP/1.1" 200 24523
201.245.192.253 - - [22/Aug/2022:07:29:49 -0500] "POST /kwsrmcab/Wsrmcab HTTP/1.1" 200 43553
173.231.60.194 - - [22/Aug/2022:07:29:55 -0500] "GET /BLA/resoluciones/index.php?dir=RESOLUCIONES%202003%2FANEXOS%20RES%202048%2F&sort=name&order=asc HTTP/1.1" 200 7160
201.245.192.253 - - [22/Aug/2022:07:29:53 -0500] "POST /kwsrmcab/Wsrmcab HTTP/1.1" 200 43476
173.231.60.194 - - [22/Aug/2022:07:30:04 -0500] "GET /BLA/resoluciones/index.php?dir=RESOLUCIONES%202004%2FRES%202004%2001-%2050%2F&sort=name&order=asc HTTP/1.1" 200 11966
173.231.60.194 - - [22/Aug/2022:07:30:12 -0500] "GET /BLA/resoluciones/index.php?dir=RESOLUCIONES%202004%2FRES%202004%2051-100%2F&sort=name&order=asc HTTP/1.1" 200 11980
173.231.60.194 - - [22/Aug/2022:07:30:20 -0500] "GET /BLA/resoluciones/index.php?dir=RESOLUCIONES%202005%2FRES%202005%2051-100%2F&sort=name&order=asc HTTP/1.1" 200 12192
173.231.60.194 - - [22/Aug/2022:07:30:34 -0500] "GET /BLA/resoluciones/index.php?dir=Notificaciones%2FDISCIPLINARIOS%202019%2F&sort=name&order=asc HTTP/1.1" 200 3553
172.22.2.4 - - [22/Aug/2022:07:30:34 -0500] "GET /BLA/boletinlegal/actos.php HTTP/1.1" 200 9559
172.22.2.4 - - [22/Aug/2022:07:30:35 -0500] "GET /BLA/boletinlegal/favicon.ico HTTP/1.1" 404 1326
190.145.240.42 - - [22/Aug/2022:07:30:37 -0500] "GET /BLA/resoluciones/ HTTP/1.1" 200 13093
190.145.240.42 - - [22/Aug/2022:07:30:40 -0500] "GET /BLA/resoluciones/index.php?dir=AUTOS+2020%2F HTTP/1.1" 200 326166
173.231.60.194 - - [22/Aug/2022:07:30:46 -0500] "GET /BLA/resoluciones/index.php?dir=RESOLUCIONES%202002%2FRES%202002%20101-150%2F&sort=name&order=asc HTTP/1.1" 200 12339
190.145.240.42 - - [22/Aug/2022:07:30:47 -0500] "GET /BLA/resoluciones/AUTOS%202020/4357.pdf HTTP/1.1" 200 395411
173.231.60.194 - - [22/Aug/2022:07:30:55 -0500] "GET /BLA/resoluciones/index.php?dir=RESOLUCIONES%202002%2FRES%202002%20151-200%2F&sort=name&order=asc HTTP/1.1" 200 12570
173.231.60.194 - - [22/Aug/2022:07:31:03 -0500] "GET /BLA/resoluciones/index.php?dir=RESOLUCIONES%202002%2FRES%202002%20201-250%2F&sort=name&order=asc HTTP/1.1" 200 12325
172.22.2.4 - - [22/Aug/2022:07:30:32 -0500] "GET /BLA/boletinlegal/ HTTP/1.1" 200 24523
173.231.60.194 - - [22/Aug/2022:07:31:15 -0500] "GET /BLA/resoluciones/index.php?dir=RESOLUCIONES%202002%2FRES%202002%20251-300%2F&sort=name&order=asc HTTP/1.1" 200 12034
173.231.60.194 - - [22/Aug/2022:07:31:25 -0500] "GET /BLA/resoluciones/index.php?dir=RESOLUCIONES%202002%2FRES%202002%20301-350%2F&sort=name&order=asc HTTP/1.1" 200 12274
173.252.79.19 - - [22/Aug/2022:07:31:35 -0500] "GET /images/pieza-calidad-aire-noche-4-febrero.jpg HTTP/1.1" 200 37476
173.231.60.194 - - [22/Aug/2022:07:31:34 -0500] "GET /BLA/resoluciones/index.php?dir=RESOLUCIONES%202002%2FRES%202002%20351-400%2F&sort=name&order=asc HTTP/1.1" 200 12209
173.231.60.194 - - [22/Aug/2022:07:31:45 -0500] "GET /BLA/resoluciones/index.php?dir=RESOLUCIONES%202002%2FRES%202002%20401-450%2F&sort=name&order=asc HTTP/1.1" 200 12024
216.245.221.92 - - [22/Aug/2022:07:31:53 -0500] "HEAD / HTTP/1.1" 200 -
173.231.60.194 - - [22/Aug/2022:07:31:54 -0500] "GET /BLA/resoluciones/index.php?dir=RESOLUCIONES%202002%2FRES%202002%20451-500%2F&sort=name&order=asc HTTP/1.1" 200 12051
173.231.60.194 - - [22/Aug/2022:07:32:02 -0500] "GET /BLA/resoluciones/index.php?dir=RESOLUCIONES%202002%2FRES%202002%20501-550%2F&sort=name&order=asc HTTP/1.1" 200 12510
173.231.60.194 - - [22/Aug/2022:07:32:10 -0500] "GET /BLA/resoluciones/index.php?dir=RESOLUCIONES%202002%2FRES%202002%2051-100%2F&sort=date&order=desc HTTP/1.1" 200 12119
173.231.60.194 - - [22/Aug/2022:07:32:22 -0500] "GET /BLA/resoluciones/index.php?dir=RESOLUCIONES%202002%2FRES%202002%2051-100%2F&sort=size&order=desc HTTP/1.1" 200 12119
173.231.60.194 - - [22/Aug/2022:07:32:33 -0500] "GET /BLA/resoluciones/index.php?dir=RESOLUCIONES%202002%2FRES%202002%20551-600%2F&sort=name&order=asc HTTP/1.1" 200 12948
201.245.192.253 - - [22/Aug/2022:07:32:40 -0500] "POST /kwsrmcab/Wsrmcab  HTTP/1.1" 200 46805
173.231.60.194 - - [22/Aug/2022:07:32:43 -0500] "GET /BLA/resoluciones/index.php?dir=RESOLUCIONES%202002%2FRES%202002%20601-650%2F&sort=name&order=asc HTTP/1.1" 200 12037
173.231.60.194 - - [22/Aug/2022:07:32:52 -0500] "GET /BLA/resoluciones/index.php?dir=RESOLUCIONES%202002%2FRES%202002%20651-700%2F&sort=name&order=asc HTTP/1.1" 200 12213
173.231.60.194 - - [22/Aug/2022:07:33:03 -0500] "GET /BLA/resoluciones/index.php?dir=RESOLUCIONES%202002%2FRES%202002%20701-750%2F&sort=name&order=asc HTTP/1.1" 200 12223
173.231.60.194 - - [22/Aug/2022:07:33:11 -0500] "GET /BLA/resoluciones/index.php?dir=RESOLUCIONES%202002%2FRES%202002%20751-800%2F&sort=name&order=asc HTTP/1.1" 200 12567
173.231.60.194 - - [22/Aug/2022:07:33:20 -0500] "GET /BLA/resoluciones/index.php?dir=RESOLUCIONES%202002%2FRES%202002%20801-850%2F&sort=name&order=asc HTTP/1.1" 200 12225
173.231.60.194 - - [22/Aug/2022:07:33:31 -0500] "GET /BLA/resoluciones/index.php?dir=RESOLUCIONES%202002%2FRES%202002%20851-900%2F&sort=name&order=asc HTTP/1.1" 200 12703
173.231.60.194 - - [22/Aug/2022:07:33:44 -0500] "GET /BLA/resoluciones/index.php?dir=RESOLUCIONES%202002%2FRES%202002%20901-950%2F&sort=name&order=asc HTTP/1.1" 200 12468
173.231.60.194 - - [22/Aug/2022:07:33:53 -0500] "GET /BLA/resoluciones/index.php?dir=RESOLUCIONES%202003%2FANEXOS%20RES%202048%2F&sort=date&order=desc HTTP/1.1" 200 7159
173.231.60.194 - - [22/Aug/2022:07:34:00 -0500] "GET /BLA/resoluciones/index.php?dir=RESOLUCIONES%202003%2FANEXOS%20RES%202048%2F&sort=size&order=desc HTTP/1.1" 200 7159
173.231.60.194 - - [22/Aug/2022:07:34:10 -0500] "GET /BLA/resoluciones/index.php?dir=RESOLUCIONES%202004%2FRES%202004%2001-%2050%2F&sort=date&order=desc HTTP/1.1" 200 11965
173.231.60.194 - - [22/Aug/2022:07:34:19 -0500] "GET /BLA/resoluciones/index.php?dir=RESOLUCIONES%202004%2FRES%202004%2001-%2050%2F&sort=size&order=desc HTTP/1.1" 200 11965
173.231.60.194 - - [22/Aug/2022:07:34:28 -0500] "GET /BLA/resoluciones/index.php?dir=RESOLUCIONES%202004%2FRES%202004%2051-100%2F&sort=date&order=desc HTTP/1.1" 200 11979
173.231.60.194 - - [22/Aug/2022:07:34:41 -0500] "GET /BLA/resoluciones/index.php?dir=RESOLUCIONES%202004%2FRES%202004%2051-100%2F&sort=size&order=desc HTTP/1.1" 200 11979
172.22.2.4 - - [22/Aug/2022:07:33:10 -0500] "HEAD /BLA/boletinlegal/ HTTP/1.1" 200 -
173.231.60.194 - - [22/Aug/2022:07:34:52 -0500] "GET /BLA/resoluciones/index.php?dir=RESOLUCIONES%202005%2FRES%202005%2051-100%2F&sort=date&order=desc HTTP/1.1" 200 12191
173.231.60.194 - - [22/Aug/2022:07:35:02 -0500] "GET /BLA/resoluciones/index.php?dir=RESOLUCIONES%202005%2FRES%202005%2051-100%2F&sort=size&order=desc HTTP/1.1" 200 12191
173.231.60.194 - - [22/Aug/2022:07:35:09 -0500] "GET /BLA/resoluciones/index.php?dir=Notificaciones%2FDISCIPLINARIOS%202019%2F&sort=date&order=desc HTTP/1.1" 200 3552
173.231.60.194 - - [22/Aug/2022:07:35:22 -0500] "GET /BLA/resoluciones/index.php?dir=Notificaciones%2FDISCIPLINARIOS%202019%2F&sort=size&order=desc HTTP/1.1" 200 3552
172.22.2.4 - - [22/Aug/2022:07:34:00 -0500] "GET /BLA/boletinlegal/ HTTP/1.1" 200 57716
173.231.60.194 - - [22/Aug/2022:07:35:46 -0500] "GET /BLA/resoluciones/index.php?dir=RESOLUCIONES%202002%2FRES%202002%20101-150%2F&sort=date&order=desc HTTP/1.1" 200 12338
201.245.192.253 - - [22/Aug/2022:07:35:49 -0500] "GET /BLA/boletinlegal/admin/ HTTP/1.1" 200 2324
201.245.192.253 - - [22/Aug/2022:07:35:49 -0500] "GET /BLA/boletinlegal/admin/index_files/style.css HTTP/1.1" 200 6223
201.245.192.253 - - [22/Aug/2022:07:35:49 -0500] "GET /BLA/boletinlegal/admin/images/bg.png HTTP/1.1" 200 332965
201.245.192.253 - - [22/Aug/2022:07:35:49 -0500] "GET /favicon.ico HTTP/1.1" 200 7782
173.231.60.194 - - [22/Aug/2022:07:35:55 -0500] "GET /BLA/resoluciones/index.php?dir=RESOLUCIONES%202002%2FRES%202002%20101-150%2F&sort=size&order=desc HTTP/1.1" 200 12338
173.231.60.194 - - [22/Aug/2022:07:36:12 -0500] "GET /BLA/resoluciones/index.php?dir=RESOLUCIONES%202002%2FRES%202002%20151-200%2F&sort=date&order=desc HTTP/1.1" 200 12569
173.231.60.194 - - [22/Aug/2022:07:36:24 -0500] "GET /BLA/resoluciones/index.php?dir=RESOLUCIONES%202002%2FRES%202002%20151-200%2F&sort=size&order=desc HTTP/1.1" 200 12569
201.245.192.253 - - [22/Aug/2022:07:36:26 -0500] "GET /BLA/boletinlegal/admin/ HTTP/1.1" 200 2324
173.231.60.194 - - [22/Aug/2022:07:36:33 -0500] "GET /BLA/resoluciones/index.php?dir=RESOLUCIONES%202002%2FRES%202002%20201-250%2F&sort=date&order=desc HTTP/1.1" 200 12324
201.245.192.253 - - [22/Aug/2022:07:36:36 -0500] "POST /BLA/boletinlegal/admin/usuarios/process.php HTTP/1.1" 302 -
207.46.13.11 - - [22/Aug/2022:07:36:49 -0500] "GET /galeria/galeria/fotos/Humedal-la-Isla2G.jpg HTTP/1.1" 200 207490
173.231.60.194 - - [22/Aug/2022:07:36:49 -0500] "GET /BLA/resoluciones/index.php?dir=RESOLUCIONES%202002%2FRES%202002%20201-250%2F&sort=size&order=desc HTTP/1.1" 200 12324
201.245.192.253 - - [22/Aug/2022:07:36:36 -0500] "GET /BLA/boletinlegal/admin/index.php HTTP/1.1" 200 7244
201.245.192.253 - - [22/Aug/2022:07:36:53 -0500] "GET /BLA/boletinlegal/images/can.png HTTP/1.1" 200 37574
201.245.192.253 - - [22/Aug/2022:07:36:53 -0500] "GET /BLA/boletinlegal/admin/index_files/3_5.gif HTTP/1.1" 200 1633
201.245.192.253 - - [22/Aug/2022:07:36:53 -0500] "GET /BLA/boletinlegal/admin/index_files/7_1.gif HTTP/1.1" 200 1455
201.245.192.253 - - [22/Aug/2022:07:36:53 -0500] "GET /BLA/boletinlegal/admin/index_files/2_4.gif HTTP/1.1" 200 1763
201.245.192.253 - - [22/Aug/2022:07:36:53 -0500] "GET /BLA/boletinlegal/admin/index_files/2_2.gif HTTP/1.1" 200 1728
201.245.192.253 - - [22/Aug/2022:07:36:53 -0500] "GET /BLA/boletinlegal/admin/index_files/7_5.gif HTTP/1.1" 200 1565
201.245.192.253 - - [22/Aug/2022:07:36:53 -0500] "GET /BLA/boletinlegal/admin/index_files/5_1.gif HTTP/1.1" 200 1623
201.245.192.253 - - [22/Aug/2022:07:36:53 -0500] "GET /BLA/boletinlegal/admin/index_files/index_files/tback.gif HTTP/1.1" 404 1334
201.245.192.253 - - [22/Aug/2022:07:36:53 -0500] "GET /BLA/boletinlegal/admin/index_files/header.png HTTP/1.1" 200 240212
216.245.221.92 - - [22/Aug/2022:07:36:53 -0500] "HEAD / HTTP/1.1" 200 -
186.148.168.245 - - [22/Aug/2022:07:36:53 -0500] "GET /sipse/faces/index.xhtml HTTP/1.1" 200 677
186.148.168.245 - - [22/Aug/2022:07:36:53 -0500] "GET /sipse/faces/javax.faces.resource/theme.css?ln=primefaces-sipse HTTP/1.1" 304 -
186.148.168.245 - - [22/Aug/2022:07:36:53 -0500] "GET /sipse/faces/faces/autenticacion.xhtml HTTP/1.1" 200 12178
186.148.168.245 - - [22/Aug/2022:07:36:53 -0500] "GET /sipse/js/disable_browser_buttons.js HTTP/1.1" 200 3230
186.148.168.245 - - [22/Aug/2022:07:36:54 -0500] "GET /sipse/css/custom_css_sg.css HTTP/1.1" 200 9694
186.148.168.245 - - [22/Aug/2022:07:36:54 -0500] "GET /sipse/css/custom_css_sg_prime_login.css HTTP/1.1" 200 443
186.148.168.245 - - [22/Aug/2022:07:36:54 -0500] "GET /sipse/faces/javax.faces.resource/theme.css?ln=primefaces-sipse HTTP/1.1" 304 -
186.148.168.245 - - [22/Aug/2022:07:36:54 -0500] "GET /sipse/faces/javax.faces.resource/primefaces.css?ln=primefaces&v=4.0 HTTP/1.1" 304 -
186.148.168.245 - - [22/Aug/2022:07:36:54 -0500] "GET /sipse/js/funciones.js HTTP/1.1" 200 12592
186.148.168.245 - - [22/Aug/2022:07:36:54 -0500] "GET /sipse/faces/javax.faces.resource/layout/layout.css?ln=primefaces&v=4.0 HTTP/1.1" 304 -
186.148.168.245 - - [22/Aug/2022:07:36:54 -0500] "GET /sipse/faces/javax.faces.resource/jquery/jquery.js?ln=primefaces&v=4.0 HTTP/1.1" 304 -
186.148.168.245 - - [22/Aug/2022:07:36:54 -0500] "GET /sipse/faces/javax.faces.resource/jquery/jquery-plugins.js?ln=primefaces&v=4.0 HTTP/1.1" 304 -
186.148.168.245 - - [22/Aug/2022:07:36:54 -0500] "GET /sipse/faces/javax.faces.resource/primefaces.js?ln=primefaces&v=4.0 HTTP/1.1" 304 -
186.148.168.245 - - [22/Aug/2022:07:36:54 -0500] "GET /sipse/faces/javax.faces.resource/layout/layout.js?ln=primefaces&v=4.0 HTTP/1.1" 304 -
186.148.168.245 - - [22/Aug/2022:07:36:54 -0500] "GET /sipse/faces/javax.faces.resource/images/ui-icons_898989_256x240.png?ln=primefaces-aristo HTTP/1.1" 304 -
186.148.168.245 - - [22/Aug/2022:07:36:54 -0500] "GET /sipse/css/imagen/loginimg.png HTTP/1.1" 200 71635
186.148.168.245 - - [22/Aug/2022:07:36:54 -0500] "GET /sipse/css/imagen/logoSDG.png HTTP/1.1" 200 53064
186.148.168.245 - - [22/Aug/2022:07:36:56 -0500] "POST /sipse/faces/autenticacion.xhtml HTTP/1.1" 200 12324
186.148.168.245 - - [22/Aug/2022:07:36:56 -0500] "GET /sipse/faces/javax.faces.resource/jquery/jquery.js?ln=primefaces&v=4.0 HTTP/1.1" 304 -
186.148.168.245 - - [22/Aug/2022:07:36:56 -0500] "GET /sipse/css/custom_css_sg_prime.css HTTP/1.1" 304 -
186.148.168.245 - - [22/Aug/2022:07:36:56 -0500] "GET /sipse/faces/javax.faces.resource/theme.css?ln=primefaces-sipse HTTP/1.1" 304 -
186.148.168.245 - - [22/Aug/2022:07:36:56 -0500] "GET /sipse/faces/javax.faces.resource/primefaces.css?ln=primefaces&v=4.0 HTTP/1.1" 304 -
186.148.168.245 - - [22/Aug/2022:07:36:56 -0500] "GET /sipse/faces/javax.faces.resource/layout/layout.css?ln=primefaces&v=4.0 HTTP/1.1" 304 -
186.148.168.245 - - [22/Aug/2022:07:36:56 -0500] "GET /sipse/faces/javax.faces.resource/jquery/jquery-plugins.js?ln=primefaces&v=4.0 HTTP/1.1" 304 -
186.148.168.245 - - [22/Aug/2022:07:36:56 -0500] "GET /sipse/faces/javax.faces.resource/primefaces.js?ln=primefaces&v=4.0 HTTP/1.1" 304 -
186.148.168.245 - - [22/Aug/2022:07:36:56 -0500] "GET /sipse/faces/javax.faces.resource/layout/layout.js?ln=primefaces&v=4.0 HTTP/1.1" 304 -
186.148.168.245 - - [22/Aug/2022:07:36:57 -0500] "GET /sipse/faces/javax.faces.resource/messages/messages.png?ln=primefaces&v=4.0 HTTP/1.1" 304 -
173.231.60.194 - - [22/Aug/2022:07:37:01 -0500] "GET /BLA/resoluciones/index.php?dir=RESOLUCIONES%202002%2FRES%202002%20251-300%2F&sort=date&order=desc HTTP/1.1" 200 12033
186.148.168.245 - - [22/Aug/2022:07:37:01 -0500] "POST /sipse/faces/presentacion/sistema/seguridad/seleccionRol.xhtml HTTP/1.1" 200 6694
201.245.192.253 - - [22/Aug/2022:07:37:01 -0500] "GET /BLA/boletinlegal/admin/actos/ingresar.php HTTP/1.1" 200 7143
201.245.192.253 - - [22/Aug/2022:07:37:02 -0500] "GET /BLA/boletinlegal/admin/js/jquery-1.3.1.min.js HTTP/1.1" 200 55272
201.245.192.253 - - [22/Aug/2022:07:37:02 -0500] "GET /BLA/boletinlegal/admin/js/nicEdit-latest.js HTTP/1.1" 200 38373
201.245.192.253 - - [22/Aug/2022:07:37:02 -0500] "GET /BLA/boletinlegal/admin/js/jquery.functions.js HTTP/1.1" 200 2317
201.245.192.253 - - [22/Aug/2022:07:37:02 -0500] "GET /BLA/boletinlegal/admin/css/default.css HTTP/1.1" 200 4379
201.245.192.253 - - [22/Aug/2022:07:37:02 -0500] "GET /BLA/boletinlegal/admin/img/h1.png HTTP/1.1" 200 3227
201.245.192.253 - - [22/Aug/2022:07:37:02 -0500] "GET /BLA/boletinlegal/admin/img/overlay.png HTTP/1.1" 200 984
201.245.192.253 - - [22/Aug/2022:07:37:02 -0500] "GET /BLA/boletinlegal/images/favicon.ico HTTP/1.1" 404 1328
186.148.168.245 - - [22/Aug/2022:07:37:02 -0500] "POST /sipse/faces/presentacion/sistema/seguridad/seleccionRol.xhtml HTTP/1.1" 200 17578
186.148.168.245 - - [22/Aug/2022:07:37:02 -0500] "GET /sipse/js/jquery.min.js HTTP/1.1" 304 -
186.148.168.245 - - [22/Aug/2022:07:37:02 -0500] "GET /sipse/faces/javax.faces.resource/theme.css?ln=primefaces-sipse HTTP/1.1" 304 -
186.148.168.245 - - [22/Aug/2022:07:37:02 -0500] "GET /sipse/faces/javax.faces.resource/layout/layout.css?ln=primefaces&v=4.0 HTTP/1.1" 304 -
186.148.168.245 - - [22/Aug/2022:07:37:02 -0500] "GET /sipse/faces/javax.faces.resource/primefaces.css?ln=primefaces&v=4.0 HTTP/1.1" 304 -
186.148.168.245 - - [22/Aug/2022:07:37:02 -0500] "GET /sipse/faces/javax.faces.resource/jquery/jquery.js?ln=primefaces&v=4.0 HTTP/1.1" 304 -
186.148.168.245 - - [22/Aug/2022:07:37:02 -0500] "GET /sipse/faces/javax.faces.resource/jquery/jquery-plugins.js?ln=primefaces&v=4.0 HTTP/1.1" 304 -
186.148.168.245 - - [22/Aug/2022:07:37:03 -0500] "GET /sipse/faces/javax.faces.resource/primefaces.js?ln=primefaces&v=4.0 HTTP/1.1" 304 -
186.148.168.245 - - [22/Aug/2022:07:37:03 -0500] "GET /sipse/faces/javax.faces.resource/layout/layout.js?ln=primefaces&v=4.0 HTTP/1.1" 304 -
186.148.168.245 - - [22/Aug/2022:07:37:03 -0500] "GET /sipse/imagenes/cargando.gif HTTP/1.1" 304 -
186.148.168.245 - - [22/Aug/2022:07:37:03 -0500] "GET /sipse/imagenes/logoAplicacion.jpg HTTP/1.1" 304 -
186.148.168.245 - - [22/Aug/2022:07:37:03 -0500] "GET /sipse/css/imagen/contrasena.png HTTP/1.1" 404 383
186.148.168.245 - - [22/Aug/2022:07:37:05 -0500] "GET /sipse/faces/javax.faces.resource/images/ui-bg_flat_0_2d5972_40x100.png?ln=primefaces-aristo HTTP/1.1" 304 -
186.148.168.245 - - [22/Aug/2022:07:37:05 -0500] "POST /sipse/faces/bienvenido.xhtml HTTP/1.1" 200 2055
186.102.42.189 - - [22/Aug/2022:07:37:14 -0500] "GET /kwssiamovil/sm/ldap/au?x=U2FsdGVkX1+99Erre1wZGAFrvngl/YY3i6mviLMhNKlOJN3t7k4YFRM1giRz6+c+&y=U2FsdGVkX1+kiR4tU0gma4iq++T0rd2POP+UuNTSckSXBK07exUXE81aauoJCIwf HTTP/1.1" 200 30
186.102.42.189 - - [22/Aug/2022:07:37:14 -0500] "GET /kwssiamovil/sm/acme/s?s=U2FsdGVkX19V9mR27gf644vvhI6C8prIhaIiCrVRVHskqbH8ScjIqoBCLz/4xUOwjaMVt8fMKJyuHrV4xH+ugvGRBxCQh9kMP2BJSogJC30=&u=U2FsdGVkX18rPb7wNmYtmkd3lzikYhGRq2zRq3d8obeID57SnBpNw4IAsEiuqHbL&y=U2FsdGVkX1+kiR4tU0gma4iq++T0rd2POP+UuNTSckSXBK07exUXE81aauoJCIwf HTTP/1.1" 200 97
186.102.42.189 - - [22/Aug/2022:07:37:14 -0500] "GET /kwssiamovil/sm/acme/s?s=U2FsdGVkX19tMCJaJ68KwO5VQASk8JOgCxFuXvgIgOJpK8N/A0gyrvA57Sr6C1e89YqVkly9Mb7wWsGv26wV4stUNaAv0Q+50LhWBfYKx37KWn65YVmbKke06xs2OvJhawKPGBr5zfrWQ5GNHIluw4bvSasxSVfbtndUTAEVQbY2eaF6Ve0P9cINH1x6lSJWC/4serpmR5MaQ1UDKmttVQzhqrw9n56kVZJTIoxndqwhmJgYiAr7cSCj0dkw3pYJf5NSBJWUzYPbo4qU4cUQnzLgE9pNddOmPQzQ27lAvn70I00Z24PzbQ8+0YuRm4OCVHy6GeawWA0N+5IPpZ0mVxmjisOculWipnUPIoNMUd6T81iUhVcxuFduHHRyCtIEN02tcrqt+qct1fN5/ogGMvAr4gTU2ddLf6xJY8hqVdDAdQoYnWaJUla2JyzKM+l/91fSwN76W+fLAvpjXFHyfRVtU8eXOMGWv/iWrdNZBvcShonwYFaxk/yUGJKxi78kehKPxL5HeksvSBt+gXvkfmZBQ7H8UceYbjnDMnS5WHFOrTEvgMwSVg+9rXjqTukf3mhgBTiG8/g3qUWxw4xy0/lhxaIRWRZ6dzlt3eWb/2cThS3JjOt5p5n/F0UUezULTQmz99mJgvalNG8jTr+oTFMXYr2z/5/DBmgTGm9pY0qUTzDKDGmA0BciR5PdIQpoD7K37Sdc3rJjTGklyG0YEDi+D2tkK31eoWQehpIiUufw/H/+G6N7aWedLKA7h7pCnuSZyqusjSyc/jfRNC8gynPHMpbz853iFUGb0jmtWhWS0OTW+3cYCaDAJmXlJIhPuQyVSkHEfSyopyzzb7JyMuKhCZR2nidWTS2Bne2pLQXTUGWIWZEtYUff3tKwXzOl7y6V/qnvTbxLxWWT9ibpdy5+/JMYsdcLkvFBsDg7KUyA4Yl52IZrFlEa9JN+Izoptx4K5Be1gKYpQ8jbborMVNMTi7Y1M/TrlNmDF9YyM4DK90k8A/RJZF4EV2I8FMbF5FL9kS2rpZLTEaFWYV4un9Irz8aTvFxe8CQ7YIutDpGGTfi8shrRNpyKIVv2gVt9RNBdfivYzuLe1eU3Fmq9E4GwHWV1D7YxqyPS7UMMh/Q98Y9pHXp4kX37WmayQp0hzJoeWYG5rBFab69tFgk0AYr0rzovW2RPWUHzUePvVqOBUMCrzP2IfO+BpC4ZI4CwgACgegWpDd+QQK51C/aTwjqbpULYwo/Z98DBEjKz/2HTv4qShJeN2W9/W8yKohJ4ArJ/6AG4EamEgnC29UGEAnQLt8lqxfGxN0V2PO0a+0ltFq2x9ng3rW0TwpcGjUTnyrm92Cg5qE2k8hHSaZIyWuG/JXbfmNMn3JCCNbfJxUI=&u=U2FsdGVkX18rPb7wNmYtmkd3lzikYhGRq2zRq3d8obeID57SnBpNw4IAsEiuqHbL&y=U2FsdGVkX1+kiR4tU0gma4iq++T0rd2POP+UuNTSckSXBK07exUXE81aauoJCIwf HTTP/1.1" 200 4623
186.102.42.189 - - [22/Aug/2022:07:37:14 -0500] "GET /kwssiamovil/sm/acme/s?s=U2FsdGVkX1/sPZC81Ixofe/9nOmRbovyxjeIeXkbNMntvdSwqseU0LdrmfVrPLIfdZtG3zWpDbIRqvnOVzULbjzcp3KP83S5MQpl3UjPLbRIU8fU0Vz0IwSjg9O3H42kiImdE7fc9cW82gdTiTQjwMwVIm9ycKxb+RJt94HytvGDtEUhDknqYFYXQ6bVfxWwBkqzw37VhNXleFYBZ4/EKjVw6oLoQfMIJf2qlPtWctbmLPCIFtW7b70CerEOtRU9GHPW+2nEJrOf+yNGvgF/hFhkzLJJQuzAyXWUGTzinnE=&u=U2FsdGVkX18rPb7wNmYtmkd3lzikYhGRq2zRq3d8obeID57SnBpNw4IAsEiuqHbL&y=U2FsdGVkX1+kiR4tU0gma4iq++T0rd2POP+UuNTSckSXBK07exUXE81aauoJCIwf HTTP/1.1" 200 176
186.102.42.189 - - [22/Aug/2022:07:37:14 -0500] "GET /kwssiamovil/sm/cjson/pre?f=1&x=U2FsdGVkX1+99Erre1wZGAFrvngl/YY3i6mviLMhNKlOJN3t7k4YFRM1giRz6+c+ HTTP/1.1" 200 30992
185.119.81.98 - - [22/Aug/2022:07:37:22 -0500] "GET /portaldeninos/wp-login.php HTTP/1.1" 200 2592
185.119.81.98 - - [22/Aug/2022:07:37:23 -0500] "POST /portaldeninos/wp-login.php HTTP/1.1" 200 3605
186.148.168.245 - - [22/Aug/2022:07:37:05 -0500] "POST /sipse/faces/bienvenido.xhtml HTTP/1.1" 200 81716
186.148.168.245 - - [22/Aug/2022:07:37:32 -0500] "GET /sipse/faces/javax.faces.resource/theme.css?ln=primefaces-sipse HTTP/1.1" 304 -
186.148.168.245 - - [22/Aug/2022:07:37:32 -0500] "GET /sipse/faces/javax.faces.resource/primefaces.css?ln=primefaces&v=4.0 HTTP/1.1" 304 -
186.148.168.245 - - [22/Aug/2022:07:37:32 -0500] "GET /sipse/faces/javax.faces.resource/layout/layout.css?ln=primefaces&v=4.0 HTTP/1.1" 304 -
186.148.168.245 - - [22/Aug/2022:07:37:32 -0500] "GET /sipse/faces/javax.faces.resource/jquery/jquery.js?ln=primefaces&v=4.0 HTTP/1.1" 304 -
186.148.168.245 - - [22/Aug/2022:07:37:32 -0500] "GET /sipse/faces/javax.faces.resource/jquery/jquery-plugins.js?ln=primefaces&v=4.0 HTTP/1.1" 304 -
186.148.168.245 - - [22/Aug/2022:07:37:32 -0500] "GET /sipse/faces/javax.faces.resource/primefaces.js?ln=primefaces&v=4.0 HTTP/1.1" 304 -
186.148.168.245 - - [22/Aug/2022:07:37:32 -0500] "GET /sipse/faces/javax.faces.resource/layout/layout.js?ln=primefaces&v=4.0 HTTP/1.1" 304 -
186.148.168.245 - - [22/Aug/2022:07:37:39 -0500] "POST /sipse/faces/presentacion/proyectos/proyecto/listarProyecto.xhtml HTTP/1.1" 200 4916
201.245.192.253 - - [22/Aug/2022:07:37:39 -0500] "POST /kwsrmcab/Wsrmcab  HTTP/1.1" 200 46805
186.148.168.245 - - [22/Aug/2022:07:37:41 -0500] "POST /sipse/faces/presentacion/proyectos/proyecto/listarProyecto.xhtml HTTP/1.1" 200 163
186.148.168.245 - - [22/Aug/2022:07:37:50 -0500] "GET /sipse/faces/javax.faces.resource/theme.css?ln=primefaces-sipse HTTP/1.1" 304 -
186.148.168.245 - - [22/Aug/2022:07:37:50 -0500] "GET /sipse/faces/javax.faces.resource/jquery/jquery.js?ln=primefaces&v=4.0 HTTP/1.1" 304 -
186.148.168.245 - - [22/Aug/2022:07:37:50 -0500] "GET /sipse/faces/javax.faces.resource/primefaces.css?ln=primefaces&v=4.0 HTTP/1.1" 304 -
186.148.168.245 - - [22/Aug/2022:07:37:50 -0500] "GET /sipse/faces/javax.faces.resource/layout/layout.css?ln=primefaces&v=4.0 HTTP/1.1" 304 -
186.148.168.245 - - [22/Aug/2022:07:37:50 -0500] "GET /sipse/faces/javax.faces.resource/jquery/jquery-plugins.js?ln=primefaces&v=4.0 HTTP/1.1" 304 -
186.148.168.245 - - [22/Aug/2022:07:37:50 -0500] "GET /sipse/faces/javax.faces.resource/primefaces.js?ln=primefaces&v=4.0 HTTP/1.1" 304 -
186.148.168.245 - - [22/Aug/2022:07:37:50 -0500] "GET /sipse/faces/javax.faces.resource/layout/layout.js?ln=primefaces&v=4.0 HTTP/1.1" 304 -
186.148.168.245 - - [22/Aug/2022:07:37:44 -0500] "GET /sipse/faces/presentacion/proyectos/proyecto/proyecto.xhtml HTTP/1.1" 200 90816
186.148.168.245 - - [22/Aug/2022:07:37:50 -0500] "POST /sipse/faces/presentacion/proyectos/proyecto/proyecto.xhtml HTTP/1.1" 200 3265
186.148.168.245 - - [22/Aug/2022:07:37:47 -0500] "POST /sipse/faces/presentacion/proyectos/proyecto/listarProyecto.xhtml HTTP/1.1" 200 163
186.148.168.245 - - [22/Aug/2022:07:37:55 -0500] "POST /sipse/faces/presentacion/proyectos/proyecto/proyecto.xhtml HTTP/1.1" 200 43876
186.148.168.245 - - [22/Aug/2022:07:38:03 -0500] "GET /sipse/faces/javax.faces.resource/spacer/dot_clear.gif?ln=primefaces&v=4.0 HTTP/1.1" 304 -
186.148.168.245 - - [22/Aug/2022:07:38:03 -0500] "POST /sipse/faces/presentacion/proyectos/proyecto/proyecto.xhtml HTTP/1.1" 200 3969
201.245.192.253 - - [22/Aug/2022:07:39:49 -0500] "POST /kwsrmcab/Wsrmcab HTTP/1.1" 200 43553
201.245.192.253 - - [22/Aug/2022:07:39:53 -0500] "POST /kwsrmcab/Wsrmcab HTTP/1.1" 200 43476
186.148.168.245 - - [22/Aug/2022:07:39:58 -0500] "POST /sipse/faces/presentacion/proyectos/proyecto/proyecto.xhtml HTTP/1.1" 200 6838
186.148.168.245 - - [22/Aug/2022:07:40:07 -0500] "POST /sipse/faces/presentacion/proyectos/proyecto/proyecto.xhtml HTTP/1.1" 200 37961
172.22.2.4 - - [22/Aug/2022:07:39:00 -0500] "HEAD /BLA/boletinlegal/ HTTP/1.1" 200 -
172.22.2.4 - - [22/Aug/2022:07:39:50 -0500] "GET /BLA/boletinlegal/ HTTP/1.1" 200 54347
172.22.2.4 - - [22/Aug/2022:07:40:55 -0500] "GET /BLA/boletinlegal/ HTTP/1.1" 200 32715
216.245.221.92 - - [22/Aug/2022:07:41:53 -0500] "HEAD / HTTP/1.1" 200 -
201.245.192.253 - - [22/Aug/2022:07:42:38 -0500] "POST /kwsrmcab/Wsrmcab  HTTP/1.1" 200 46805
172.22.2.4 - - [22/Aug/2022:07:43:04 -0500] "GET /BLA/boletinlegal/.env HTTP/1.1" 404 1018
191.95.174.205 - - [22/Aug/2022:07:46:13 -0500] "GET /BLA/boletinlegal/js/jquery.scrollShow.js HTTP/1.1" 200 4586
191.95.174.205 - - [22/Aug/2022:07:46:13 -0500] "GET /galeria/galeria/jquery.fancybox.css?v=2.1.5 HTTP/1.1" 200 4895
191.95.174.205 - - [22/Aug/2022:07:46:13 -0500] "GET /galeria/galeria/jquery.fancybox.js?v=2.1.5 HTTP/1.1" 200 48706
172.22.2.4 - - [22/Aug/2022:07:44:50 -0500] "HEAD /BLA/boletinlegal/ HTTP/1.1" 200 -
216.245.221.92 - - [22/Aug/2022:07:46:53 -0500] "HEAD / HTTP/1.1" 200 -
172.22.2.4 - - [22/Aug/2022:07:45:40 -0500] "GET /BLA/boletinlegal/ HTTP/1.1" 200 58946
201.245.192.253 - - [22/Aug/2022:07:47:36 -0500] "POST /kwsrmcab/Wsrmcab  HTTP/1.1" 200 46805
181.32.178.60 - - [22/Aug/2022:07:47:55 -0500] "GET /forest/login.do HTTP/1.1" 404 1120
181.32.178.60 - - [22/Aug/2022:07:48:02 -0500] "GET /forest/login.do HTTP/1.1" 404 1120
216.245.221.92 - - [22/Aug/2022:07:51:53 -0500] "HEAD / HTTP/1.1" 200 -
172.22.2.4 - - [22/Aug/2022:07:50:40 -0500] "HEAD /BLA/boletinlegal/ HTTP/1.1" 200 -
201.245.192.253 - - [22/Aug/2022:07:52:35 -0500] "POST /kwsrmcab/Wsrmcab  HTTP/1.1" 200 46805
172.22.2.4 - - [22/Aug/2022:07:51:30 -0500] "GET /BLA/boletinlegal/ HTTP/1.1" 200 58154
172.22.2.4 - - [22/Aug/2022:07:53:32 -0500] "GET /BLA/boletinlegal/ HTTP/1.1" 200 45003
82.117.197.102 - - [22/Aug/2022:07:55:46 -0500] "GET / HTTP/1.1" 200 319
216.245.221.92 - - [22/Aug/2022:07:56:53 -0500] "HEAD / HTTP/1.1" 200 -
172.22.2.4 - - [22/Aug/2022:07:57:06 -0500] "GET /BLA/boletinlegal/.well-known/traffic-advice HTTP/1.1" 404 1038
172.22.2.4 - - [22/Aug/2022:07:57:09 -0500] "GET /BLA/boletinlegal/style.css HTTP/1.1" 200 9406
172.22.2.4 - - [22/Aug/2022:07:57:09 -0500] "GET /BLA/boletinlegal/styles2.css HTTP/1.1" 200 1838
172.22.2.4 - - [22/Aug/2022:07:57:09 -0500] "GET /BLA/boletinlegal/js/jquery.scrollTo-min.js HTTP/1.1" 200 1150
172.22.2.4 - - [22/Aug/2022:07:57:09 -0500] "GET /BLA/boletinlegal/js/jquery.js HTTP/1.1" 200 57254
172.22.2.4 - - [22/Aug/2022:07:57:09 -0500] "GET /BLA/boletinlegal/js/jquery.scrollShow.js HTTP/1.1" 200 4586
172.22.2.4 - - [22/Aug/2022:07:57:09 -0500] "GET /BLA/boletinlegal/images/cabezote%20BLEGAL.jpg HTTP/1.1" 200 118164
172.22.2.4 - - [22/Aug/2022:07:57:09 -0500] "GET /BLA/boletinlegal/images/subscribe-icon-big.png HTTP/1.1" 200 47702
172.22.2.4 - - [22/Aug/2022:07:57:09 -0500] "GET /BLA/boletinlegal/images/historia.png HTTP/1.1" 200 52775
172.22.2.4 - - [22/Aug/2022:07:57:09 -0500] "GET /BLA/boletinlegal/images/registro-usuarios.png HTTP/1.1" 200 8106
172.22.2.4 - - [22/Aug/2022:07:57:09 -0500] "GET /BLA/boletinlegal/images/arr_l.jpg HTTP/1.1" 200 1979
172.22.2.4 - - [22/Aug/2022:07:57:09 -0500] "GET /BLA/boletinlegal/images/menu_lft.gif HTTP/1.1" 200 1713
172.22.2.4 - - [22/Aug/2022:07:57:09 -0500] "GET /BLA/boletinlegal/images/screen_1.png HTTP/1.1" 200 202547
172.22.2.4 - - [22/Aug/2022:07:57:09 -0500] "GET /BLA/boletinlegal/images/launch.jpg HTTP/1.1" 200 14577
172.22.2.4 - - [22/Aug/2022:07:57:09 -0500] "GET /BLA/boletinlegal/images/body_bg.jpg HTTP/1.1" 200 1601
172.22.2.4 - - [22/Aug/2022:07:57:09 -0500] "GET /BLA/boletinlegal/images/menu_rght.gif HTTP/1.1" 200 1627
172.22.2.4 - - [22/Aug/2022:07:57:09 -0500] "GET /BLA/boletinlegal/images/bg_top.jpg HTTP/1.1" 200 522
172.22.2.4 - - [22/Aug/2022:07:57:09 -0500] "GET /BLA/boletinlegal/images/menu_bg.jpg HTTP/1.1" 200 620
172.22.2.4 - - [22/Aug/2022:07:57:09 -0500] "GET /BLA/boletinlegal/images/text.jpg HTTP/1.1" 200 568
172.22.2.4 - - [22/Aug/2022:07:57:09 -0500] "GET /BLA/boletinlegal/images/hover.jpg HTTP/1.1" 200 640
172.22.2.4 - - [22/Aug/2022:07:57:13 -0500] "GET /BLA/boletinlegal/actos.php HTTP/1.1" 200 9559
172.22.2.4 - - [22/Aug/2022:07:57:13 -0500] "GET /BLA/boletinlegal/niceforms-default.css HTTP/1.1" 200 6694
172.22.2.4 - - [22/Aug/2022:07:57:13 -0500] "GET /BLA/boletinlegal/js/ajax_actos.js HTTP/1.1" 200 1322
172.22.2.4 - - [22/Aug/2022:07:57:13 -0500] "GET /BLA/boletinlegal/js/lib.js HTTP/1.1" 200 6474
172.22.2.4 - - [22/Aug/2022:07:57:13 -0500] "GET /BLA/boletinlegal/niceforms.js HTTP/1.1" 200 22876
172.22.2.4 - - [22/Aug/2022:07:57:13 -0500] "GET /BLA/boletinlegal/js/popup.js HTTP/1.1" 200 1270
172.22.2.4 - - [22/Aug/2022:07:57:13 -0500] "GET /BLA/boletinlegal/js/jquery1.js HTTP/1.1" 200 29846
172.22.2.4 - - [22/Aug/2022:07:57:13 -0500] "GET /BLA/boletinlegal/images/green-yellow-blue-pink-th.png HTTP/1.1" 200 7394
172.22.2.4 - - [22/Aug/2022:07:57:13 -0500] "GET /BLA/boletinlegal/images/abajo.png HTTP/1.1" 200 96676
172.22.2.4 - - [22/Aug/2022:07:57:13 -0500] "GET /BLA/boletinlegal/images/tel.png HTTP/1.1" 200 14477
172.22.2.4 - - [22/Aug/2022:07:57:13 -0500] "GET /BLA/boletinlegal/images/icono-email.png HTTP/1.1" 200 5544
172.22.2.4 - - [22/Aug/2022:07:57:13 -0500] "GET /BLA/boletinlegal/images/footer_bg.jpg HTTP/1.1" 200 586
172.22.2.4 - - [22/Aug/2022:07:57:13 -0500] "GET /BLA/boletinlegal/images/footer_bg_l.jpg HTTP/1.1" 200 776
172.22.2.4 - - [22/Aug/2022:07:57:13 -0500] "GET /BLA/boletinlegal/img/0.png HTTP/1.1" 200 110
172.22.2.4 - - [22/Aug/2022:07:57:13 -0500] "GET /BLA/boletinlegal/img/button.png HTTP/1.1" 200 43241
172.22.2.4 - - [22/Aug/2022:07:57:13 -0500] "GET /BLA/boletinlegal/img/button-left.png HTTP/1.1" 200 57071
172.22.2.4 - - [22/Aug/2022:07:57:13 -0500] "GET /BLA/boletinlegal/img/select-left.png HTTP/1.1" 200 263
172.22.2.4 - - [22/Aug/2022:07:57:13 -0500] "GET /BLA/boletinlegal/img/button-right.png HTTP/1.1" 200 57878
172.22.2.4 - - [22/Aug/2022:07:57:13 -0500] "GET /BLA/boletinlegal/img/select-right.png HTTP/1.1" 200 44019
172.22.2.4 - - [22/Aug/2022:07:57:14 -0500] "GET /BLA/boletinlegal/favicon.ico HTTP/1.1" 404 1326
172.22.2.4 - - [22/Aug/2022:07:57:16 -0500] "GET /BLA/boletinlegal/consulta_actos.php?tipo=autos&no=&usuario=&sector=&fecha=2022&resuelve= HTTP/1.1" 200 670371
172.22.2.4 - - [22/Aug/2022:07:57:17 -0500] "GET /BLA/boletinlegal/images/pdf.gif HTTP/1.1" 200 567
172.22.2.4 - - [22/Aug/2022:07:57:17 -0500] "GET /BLA/boletinlegal/images/background.gif HTTP/1.1" 200 -
201.245.192.253 - - [22/Aug/2022:07:57:34 -0500] "POST /kwsrmcab/Wsrmcab  HTTP/1.1" 200 46805
172.22.2.4 - - [22/Aug/2022:07:57:06 -0500] "GET /BLA/boletinlegal/ HTTP/1.1" 200 24523
186.28.217.91 - - [22/Aug/2022:07:57:55 -0500] "GET /sipse/faces/autenticacion.xhtml HTTP/1.1" 200 12500
186.28.217.91 - - [22/Aug/2022:07:57:56 -0500] "GET /sipse/faces/javax.faces.resource/layout/layout.css;jsessionid=fsFlEeBCiOij0x-bfsOEXr3B.undefined?ln=primefaces&v=4.0 HTTP/1.1" 200 542
186.28.217.91 - - [22/Aug/2022:07:57:56 -0500] "GET /sipse/js/disable_browser_buttons.js HTTP/1.1" 200 3230
186.28.217.91 - - [22/Aug/2022:07:57:56 -0500] "GET /sipse/faces/javax.faces.resource/primefaces.css;jsessionid=fsFlEeBCiOij0x-bfsOEXr3B.undefined?ln=primefaces&v=4.0 HTTP/1.1" 200 53295
186.28.217.91 - - [22/Aug/2022:07:57:56 -0500] "GET /sipse/faces/javax.faces.resource/jquery/jquery.js;jsessionid=fsFlEeBCiOij0x-bfsOEXr3B.undefined?ln=primefaces&v=4.0 HTTP/1.1" 200 105384
186.28.217.91 - - [22/Aug/2022:07:57:56 -0500] "GET /sipse/faces/javax.faces.resource/layout/layout.js;jsessionid=fsFlEeBCiOij0x-bfsOEXr3B.undefined?ln=primefaces&v=4.0 HTTP/1.1" 200 87560
186.28.217.91 - - [22/Aug/2022:07:57:56 -0500] "GET /sipse/faces/javax.faces.resource/primefaces.js;jsessionid=fsFlEeBCiOij0x-bfsOEXr3B.undefined?ln=primefaces&v=4.0 HTTP/1.1" 200 276924
186.28.217.91 - - [22/Aug/2022:07:57:56 -0500] "GET /sipse/faces/javax.faces.resource/jquery/jquery-plugins.js;jsessionid=fsFlEeBCiOij0x-bfsOEXr3B.undefined?ln=primefaces&v=4.0 HTTP/1.1" 200 220526
186.28.217.91 - - [22/Aug/2022:07:57:56 -0500] "GET /sipse/js/funciones.js HTTP/1.1" 200 12592
186.28.217.91 - - [22/Aug/2022:07:57:56 -0500] "GET /sipse/css/custom_css_sg.css HTTP/1.1" 304 -
186.28.217.91 - - [22/Aug/2022:07:57:56 -0500] "GET /sipse/css/custom_css_sg_prime_login.css HTTP/1.1" 304 -
186.28.217.91 - - [22/Aug/2022:07:57:56 -0500] "GET /sipse/faces/javax.faces.resource/theme.css?ln=primefaces-sipse HTTP/1.1" 304 -
186.28.217.91 - - [22/Aug/2022:07:57:56 -0500] "GET /sipse/css/imagen/logoSDG.png HTTP/1.1" 304 -
186.28.217.91 - - [22/Aug/2022:07:57:56 -0500] "GET /sipse/css/imagen/loginimg.png HTTP/1.1" 304 -
186.28.217.91 - - [22/Aug/2022:07:57:56 -0500] "GET /sipse/faces/javax.faces.resource/images/ui-icons_898989_256x240.png?ln=primefaces-aristo HTTP/1.1" 304 -
186.28.217.91 - - [22/Aug/2022:07:57:56 -0500] "GET /sipse/faces/index.xhtml HTTP/1.1" 200 677
186.28.217.91 - - [22/Aug/2022:07:57:56 -0500] "GET /sipse/faces/javax.faces.resource/theme.css?ln=primefaces-sipse HTTP/1.1" 304 -
186.28.217.91 - - [22/Aug/2022:07:57:57 -0500] "GET /sipse/faces/faces/autenticacion.xhtml HTTP/1.1" 200 12178
186.28.217.91 - - [22/Aug/2022:07:57:57 -0500] "GET /sipse/faces/javax.faces.resource/theme.css?ln=primefaces-sipse HTTP/1.1" 304 -
186.28.217.91 - - [22/Aug/2022:07:57:57 -0500] "GET /sipse/faces/javax.faces.resource/primefaces.css?ln=primefaces&v=4.0 HTTP/1.1" 304 -
186.28.217.91 - - [22/Aug/2022:07:57:57 -0500] "GET /sipse/faces/javax.faces.resource/layout/layout.css?ln=primefaces&v=4.0 HTTP/1.1" 304 -
186.28.217.91 - - [22/Aug/2022:07:57:57 -0500] "GET /sipse/faces/javax.faces.resource/jquery/jquery.js?ln=primefaces&v=4.0 HTTP/1.1" 304 -
186.28.217.91 - - [22/Aug/2022:07:57:57 -0500] "GET /sipse/faces/javax.faces.resource/jquery/jquery-plugins.js?ln=primefaces&v=4.0 HTTP/1.1" 304 -
186.28.217.91 - - [22/Aug/2022:07:57:57 -0500] "GET /sipse/faces/javax.faces.resource/primefaces.js?ln=primefaces&v=4.0 HTTP/1.1" 304 -
186.28.217.91 - - [22/Aug/2022:07:57:57 -0500] "GET /sipse/faces/javax.faces.resource/layout/layout.js?ln=primefaces&v=4.0 HTTP/1.1" 304 -
186.28.217.91 - - [22/Aug/2022:07:57:57 -0500] "GET /sipse/faces/javax.faces.resource/images/ui-icons_898989_256x240.png?ln=primefaces-aristo HTTP/1.1" 304 -
172.22.2.4 - - [22/Aug/2022:07:57:09 -0500] "GET /BLA/boletinlegal/ HTTP/1.1" 200 24523
186.28.217.91 - - [22/Aug/2022:07:57:59 -0500] "POST /sipse/faces/autenticacion.xhtml HTTP/1.1" 200 11717
186.28.217.91 - - [22/Aug/2022:07:58:00 -0500] "GET /sipse/faces/javax.faces.resource/jquery/jquery.js?ln=primefaces&v=4.0 HTTP/1.1" 304 -
186.28.217.91 - - [22/Aug/2022:07:58:00 -0500] "GET /sipse/css/custom_css_sg_prime.css HTTP/1.1" 304 -
186.28.217.91 - - [22/Aug/2022:07:58:00 -0500] "GET /sipse/faces/javax.faces.resource/jquery/jquery-plugins.js?ln=primefaces&v=4.0 HTTP/1.1" 304 -
186.28.217.91 - - [22/Aug/2022:07:58:00 -0500] "GET /sipse/faces/javax.faces.resource/primefaces.js?ln=primefaces&v=4.0 HTTP/1.1" 304 -
186.28.217.91 - - [22/Aug/2022:07:58:00 -0500] "GET /sipse/faces/javax.faces.resource/layout/layout.js?ln=primefaces&v=4.0 HTTP/1.1" 304 -
186.28.217.91 - - [22/Aug/2022:07:58:00 -0500] "GET /sipse/faces/javax.faces.resource/messages/messages.png?ln=primefaces&v=4.0 HTTP/1.1" 304 -
186.28.217.91 - - [22/Aug/2022:07:58:02 -0500] "POST /sipse/faces/presentacion/sistema/seguridad/seleccionRol.xhtml HTTP/1.1" 200 6085
186.28.217.91 - - [22/Aug/2022:07:58:03 -0500] "POST /sipse/faces/presentacion/sistema/seguridad/seleccionRol.xhtml HTTP/1.1" 200 18793
186.28.217.91 - - [22/Aug/2022:07:58:07 -0500] "GET /sipse/js/jquery.min.js HTTP/1.1" 304 -
186.28.217.91 - - [22/Aug/2022:07:58:07 -0500] "GET /sipse/faces/javax.faces.resource/jquery/jquery.js?ln=primefaces&v=4.0 HTTP/1.1" 304 -
186.28.217.91 - - [22/Aug/2022:07:58:07 -0500] "GET /sipse/faces/javax.faces.resource/jquery/jquery-plugins.js?ln=primefaces&v=4.0 HTTP/1.1" 304 -
186.28.217.91 - - [22/Aug/2022:07:58:07 -0500] "GET /sipse/faces/javax.faces.resource/primefaces.js?ln=primefaces&v=4.0 HTTP/1.1" 304 -
186.28.217.91 - - [22/Aug/2022:07:58:07 -0500] "GET /sipse/faces/javax.faces.resource/layout/layout.js?ln=primefaces&v=4.0 HTTP/1.1" 304 -
