186.30.153.164 - - [24/Aug/2022:06:15:21 -0500] "GET /sipse/faces/javax.faces.resource/theme.css?ln=primefaces-sipse HTTP/1.1" 304 -
186.30.153.164 - - [24/Aug/2022:06:15:21 -0500] "GET /sipse/faces/javax.faces.resource/layout/layout.css?ln=primefaces&v=4.0 HTTP/1.1" 304 -
186.30.153.164 - - [24/Aug/2022:06:15:21 -0500] "GET /sipse/faces/javax.faces.resource/primefaces.css?ln=primefaces&v=4.0 HTTP/1.1" 304 -
186.30.153.164 - - [24/Aug/2022:06:15:21 -0500] "GET /sipse/faces/javax.faces.resource/jquery/jquery.js?ln=primefaces&v=4.0 HTTP/1.1" 304 -
186.30.153.164 - - [24/Aug/2022:06:15:21 -0500] "GET /sipse/faces/javax.faces.resource/jquery/jquery-plugins.js?ln=primefaces&v=4.0 HTTP/1.1" 304 -
186.30.153.164 - - [24/Aug/2022:06:15:21 -0500] "GET /sipse/faces/javax.faces.resource/primefaces.js?ln=primefaces&v=4.0 HTTP/1.1" 304 -
186.30.153.164 - - [24/Aug/2022:06:15:21 -0500] "GET /sipse/faces/javax.faces.resource/layout/layout.js?ln=primefaces&v=4.0 HTTP/1.1" 304 -
186.30.153.164 - - [24/Aug/2022:06:15:21 -0500] "GET /sipse/faces/javax.faces.resource/images/ui-icons_898989_256x240.png?ln=primefaces-aristo HTTP/1.1" 304 -
186.30.153.164 - - [24/Aug/2022:06:15:25 -0500] "POST /sipse/faces/presentacion/financiero/solicitudProceso/consultarSolicitudProceso.xhtml HTTP/1.1" 200 21248
186.30.153.164 - - [24/Aug/2022:06:15:25 -0500] "GET /sipse/faces/javax.faces.resource/theme.css?ln=primefaces-sipse HTTP/1.1" 304 -
186.30.153.164 - - [24/Aug/2022:06:15:25 -0500] "GET /sipse/faces/javax.faces.resource/primefaces.css?ln=primefaces&v=4.0 HTTP/1.1" 304 -
186.30.153.164 - - [24/Aug/2022:06:15:25 -0500] "GET /sipse/faces/javax.faces.resource/layout/layout.css?ln=primefaces&v=4.0 HTTP/1.1" 304 -
186.30.153.164 - - [24/Aug/2022:06:15:25 -0500] "GET /sipse/faces/javax.faces.resource/jquery/jquery.js?ln=primefaces&v=4.0 HTTP/1.1" 304 -
186.30.153.164 - - [24/Aug/2022:06:15:25 -0500] "GET /sipse/faces/javax.faces.resource/jquery/jquery-plugins.js?ln=primefaces&v=4.0 HTTP/1.1" 304 -
186.30.153.164 - - [24/Aug/2022:06:15:25 -0500] "GET /sipse/faces/javax.faces.resource/primefaces.js?ln=primefaces&v=4.0 HTTP/1.1" 304 -
186.30.153.164 - - [24/Aug/2022:06:15:25 -0500] "GET /sipse/faces/javax.faces.resource/layout/layout.js?ln=primefaces&v=4.0 HTTP/1.1" 304 -
186.30.153.164 - - [24/Aug/2022:06:15:25 -0500] "GET /sipse/faces/javax.faces.resource/fileupload/fileupload.css?ln=primefaces&v=4.0 HTTP/1.1" 304 -
186.30.153.164 - - [24/Aug/2022:06:15:25 -0500] "GET /sipse/faces/javax.faces.resource/fileupload/fileupload.js?ln=primefaces&v=4.0 HTTP/1.1" 304 -
186.30.153.164 - - [24/Aug/2022:06:15:25 -0500] "GET /sipse/faces/javax.faces.resource/images/ui-icons_898989_256x240.png?ln=primefaces-aristo HTTP/1.1" 304 -
186.30.153.164 - - [24/Aug/2022:06:15:34 -0500] "POST /sipse/faces/presentacion/sistema/anexos/cargarAnexoSolicitudProceso.xhtml HTTP/1.1" 200 160362
186.30.153.164 - - [24/Aug/2022:06:15:36 -0500] "GET /sipse/faces/javax.faces.resource/theme.css?ln=primefaces-sipse HTTP/1.1" 304 -
186.30.153.164 - - [24/Aug/2022:06:15:36 -0500] "GET /sipse/faces/javax.faces.resource/primefaces.css?ln=primefaces&v=4.0 HTTP/1.1" 304 -
186.30.153.164 - - [24/Aug/2022:06:15:36 -0500] "GET /sipse/faces/javax.faces.resource/layout/layout.css?ln=primefaces&v=4.0 HTTP/1.1" 304 -
186.30.153.164 - - [24/Aug/2022:06:15:36 -0500] "GET /sipse/faces/javax.faces.resource/jquery/jquery.js?ln=primefaces&v=4.0 HTTP/1.1" 304 -
186.30.153.164 - - [24/Aug/2022:06:15:36 -0500] "GET /sipse/faces/javax.faces.resource/jquery/jquery-plugins.js?ln=primefaces&v=4.0 HTTP/1.1" 304 -
186.30.153.164 - - [24/Aug/2022:06:15:36 -0500] "GET /sipse/faces/javax.faces.resource/primefaces.js?ln=primefaces&v=4.0 HTTP/1.1" 304 -
186.30.153.164 - - [24/Aug/2022:06:15:36 -0500] "GET /sipse/faces/javax.faces.resource/layout/layout.js?ln=primefaces&v=4.0 HTTP/1.1" 304 -
186.30.153.164 - - [24/Aug/2022:06:15:36 -0500] "GET /sipse/faces/javax.faces.resource/images/ui-icons_898989_256x240.png?ln=primefaces-aristo HTTP/1.1" 304 -
185.119.81.109 - - [24/Aug/2022:06:16:38 -0500] "GET /portaldeninos/wp-login.php HTTP/1.1" 200 2592
185.119.81.109 - - [24/Aug/2022:06:16:39 -0500] "POST /portaldeninos/wp-login.php HTTP/1.1" 200 3670
201.245.192.253 - - [24/Aug/2022:06:16:39 -0500] "POST /kwsrmcab/Wsrmcab  HTTP/1.1" 200 46805
216.245.221.92 - - [24/Aug/2022:06:17:02 -0500] "HEAD / HTTP/1.1" 200 -
181.234.23.5 - - [24/Aug/2022:06:18:29 -0500] "-" 408 -
217.196.161.115 - - [24/Aug/2022:06:18:42 -0500] "-" 408 -
103.115.129.223 - - [24/Aug/2022:06:18:59 -0500] "-" 408 -
66.249.69.193 - - [24/Aug/2022:06:19:09 -0500] "-" 408 -
89.113.136.70 - - [24/Aug/2022:06:19:13 -0500] "-" 408 -
103.91.160.228 - - [24/Aug/2022:06:19:28 -0500] "-" 408 -
201.245.192.253 - - [24/Aug/2022:06:19:40 -0500] "POST /kwsrmcab/Wsrmcab HTTP/1.1" 200 44117
201.245.192.253 - - [24/Aug/2022:06:19:44 -0500] "POST /kwsrmcab/Wsrmcab HTTP/1.1" 200 43297
172.22.2.4 - - [24/Aug/2022:06:18:15 -0500] "HEAD /BLA/boletinlegal/ HTTP/1.1" 200 -
172.22.2.4 - - [24/Aug/2022:06:19:06 -0500] "GET /BLA/boletinlegal/ HTTP/1.1" 200 58154
201.245.192.253 - - [24/Aug/2022:06:21:39 -0500] "POST /kwsrmcab/Wsrmcab  HTTP/1.1" 200 46805
216.245.221.92 - - [24/Aug/2022:06:22:02 -0500] "HEAD / HTTP/1.1" 200 -
185.119.81.101 - - [24/Aug/2022:06:25:07 -0500] "GET /portaldeninos/wp-login.php HTTP/1.1" 200 2592
185.119.81.101 - - [24/Aug/2022:06:25:08 -0500] "POST /portaldeninos/wp-login.php HTTP/1.1" 200 3605
172.22.2.4 - - [24/Aug/2022:06:24:05 -0500] "HEAD /BLA/boletinlegal/ HTTP/1.1" 200 -
172.22.2.4 - - [24/Aug/2022:06:24:55 -0500] "GET /BLA/boletinlegal/ HTTP/1.1" 200 53631
201.245.192.253 - - [24/Aug/2022:06:26:37 -0500] "POST /kwsrmcab/Wsrmcab  HTTP/1.1" 200 46805
216.245.221.92 - - [24/Aug/2022:06:27:02 -0500] "HEAD / HTTP/1.1" 200 -
201.245.192.253 - - [24/Aug/2022:06:29:40 -0500] "POST /kwsrmcab/Wsrmcab HTTP/1.1" 200 44117
201.245.192.253 - - [24/Aug/2022:06:29:43 -0500] "POST /kwsrmcab/Wsrmcab HTTP/1.1" 200 43297
172.22.2.4 - - [24/Aug/2022:06:29:55 -0500] "HEAD /BLA/boletinlegal/ HTTP/1.1" 200 -
201.245.192.253 - - [24/Aug/2022:06:31:36 -0500] "POST /kwsrmcab/Wsrmcab  HTTP/1.1" 200 46805
216.245.221.92 - - [24/Aug/2022:06:32:02 -0500] "HEAD / HTTP/1.1" 200 -
207.46.13.36 - - [24/Aug/2022:06:32:11 -0500] "GET /BLA/resoluciones/886.tif HTTP/1.1" 404 1018
172.22.2.4 - - [24/Aug/2022:06:30:45 -0500] "GET /BLA/boletinlegal/ HTTP/1.1" 200 54814
74.82.47.4 - - [24/Aug/2022:06:33:08 -0500] "GET / HTTP/1.1" 200 319
201.245.192.253 - - [24/Aug/2022:06:36:35 -0500] "POST /kwsrmcab/Wsrmcab  HTTP/1.1" 200 46805
216.245.221.92 - - [24/Aug/2022:06:37:02 -0500] "HEAD / HTTP/1.1" 200 -
172.22.2.4 - - [24/Aug/2022:06:35:45 -0500] "HEAD /BLA/boletinlegal/ HTTP/1.1" 200 -
74.82.47.48 - - [24/Aug/2022:06:37:50 -0500] "GET /favicon.ico HTTP/1.1" 200 7782
172.22.2.4 - - [24/Aug/2022:06:36:35 -0500] "GET /BLA/boletinlegal/ HTTP/1.1" 200 56367
185.119.81.103 - - [24/Aug/2022:06:38:21 -0500] "GET /portaldeninos/wp-login.php HTTP/1.1" 200 2592
185.119.81.103 - - [24/Aug/2022:06:38:22 -0500] "POST /portaldeninos/wp-login.php HTTP/1.1" 200 3605
172.22.2.4 - - [24/Aug/2022:06:38:29 -0500] "GET /BLA/boletinlegal/.git/config HTTP/1.1" 404 1018
201.245.192.253 - - [24/Aug/2022:06:39:39 -0500] "POST /kwsrmcab/Wsrmcab HTTP/1.1" 200 44117
172.22.2.4 - - [24/Aug/2022:06:39:45 -0500] "POST /BLA/boletinlegal/vendor/phpunit/phpunit/src/Util/PHP/eval-stdin.php HTTP/1.1" 404 1018
201.245.192.253 - - [24/Aug/2022:06:39:43 -0500] "POST /kwsrmcab/Wsrmcab HTTP/1.1" 200 43297
172.22.2.4 - - [24/Aug/2022:06:39:21 -0500] "GET /BLA/boletinlegal/ HTTP/1.1" 200 54814
207.46.13.11 - - [24/Aug/2022:06:41:31 -0500] "GET /galeria/galeria/fotos/boa10G.jpg HTTP/1.1" 200 163260
201.245.192.253 - - [24/Aug/2022:06:41:34 -0500] "POST /kwsrmcab/Wsrmcab  HTTP/1.1" 200 46805
216.245.221.92 - - [24/Aug/2022:06:42:02 -0500] "HEAD / HTTP/1.1" 200 -
207.46.13.45 - - [24/Aug/2022:06:42:25 -0500] "GET /BLA/resoluciones/RESOLUCIONES%202003/RES%202003%20851-900/851.tif HTTP/1.1" 200 829528
172.22.2.4 - - [24/Aug/2022:06:41:35 -0500] "HEAD /BLA/boletinlegal/ HTTP/1.1" 200 -
103.113.106.167 - - [24/Aug/2022:06:43:56 -0500] "GET / HTTP/1.1" 200 319
172.22.2.4 - - [24/Aug/2022:06:42:25 -0500] "GET /BLA/boletinlegal/ HTTP/1.1" 200 53281
201.245.192.253 - - [24/Aug/2022:06:46:33 -0500] "POST /kwsrmcab/Wsrmcab  HTTP/1.1" 200 46805
216.245.221.92 - - [24/Aug/2022:06:47:02 -0500] "HEAD / HTTP/1.1" 200 -
172.22.2.4 - - [24/Aug/2022:06:47:25 -0500] "HEAD /BLA/boletinlegal/ HTTP/1.1" 200 -
172.22.2.4 - - [24/Aug/2022:06:48:15 -0500] "GET /BLA/boletinlegal/ HTTP/1.1" 200 58154
157.55.39.98 - - [24/Aug/2022:06:50:25 -0500] "GET /BLA/resoluciones/RESOLUCIONES%202003/RES%202003%20851-900/874.tif HTTP/1.1" 200 73632
172.22.2.4 - - [24/Aug/2022:06:50:38 -0500] "GET /BLA/boletinlegal/.env HTTP/1.1" 404 1018
172.22.2.4 - - [24/Aug/2022:06:50:38 -0500] "POST /BLA/boletinlegal/ HTTP/1.1" 200 24523
201.245.192.253 - - [24/Aug/2022:06:51:32 -0500] "POST /kwsrmcab/Wsrmcab  HTTP/1.1" 200 46805
216.245.221.92 - - [24/Aug/2022:06:52:02 -0500] "HEAD / HTTP/1.1" 200 -
172.22.2.4 - - [24/Aug/2022:06:53:39 -0500] "GET /BLA/boletinlegal/Circulares/2013/Circular%20No.%204%20del%2005%20de%20junio%20de%202013.pdf HTTP/1.1" 304 -
185.119.81.105 - - [24/Aug/2022:06:54:03 -0500] "GET /portaldeninos/wp-login.php HTTP/1.1" 200 2592
185.119.81.105 - - [24/Aug/2022:06:54:04 -0500] "POST /portaldeninos/wp-login.php HTTP/1.1" 200 3605
186.80.52.63 - - [24/Aug/2022:06:54:22 -0500] "POST /sipse/faces/presentacion/financiero/solicitudProceso/consultarSolicitudProceso.xhtml HTTP/1.1" 200 64358
186.80.52.63 - - [24/Aug/2022:06:54:23 -0500] "GET /sipse/faces/javax.faces.resource/layout/layout.css?ln=primefaces&v=4.0 HTTP/1.1" 304 -
186.80.52.63 - - [24/Aug/2022:06:54:23 -0500] "GET /sipse/faces/javax.faces.resource/primefaces.css?ln=primefaces&v=4.0 HTTP/1.1" 304 -
186.80.52.63 - - [24/Aug/2022:06:54:23 -0500] "GET /sipse/faces/javax.faces.resource/theme.css?ln=primefaces-sipse HTTP/1.1" 304 -
186.80.52.63 - - [24/Aug/2022:06:54:23 -0500] "GET /sipse/faces/javax.faces.resource/jquery/jquery.js?ln=primefaces&v=4.0 HTTP/1.1" 304 -
186.80.52.63 - - [24/Aug/2022:06:54:23 -0500] "GET /sipse/faces/javax.faces.resource/jquery/jquery-plugins.js?ln=primefaces&v=4.0 HTTP/1.1" 304 -
186.80.52.63 - - [24/Aug/2022:06:54:23 -0500] "GET /sipse/faces/javax.faces.resource/primefaces.js?ln=primefaces&v=4.0 HTTP/1.1" 304 -
186.80.52.63 - - [24/Aug/2022:06:54:23 -0500] "GET /sipse/faces/javax.faces.resource/layout/layout.js?ln=primefaces&v=4.0 HTTP/1.1" 304 -
186.80.52.63 - - [24/Aug/2022:06:54:24 -0500] "POST /sipse/faces/presentacion/financiero/solicitudProceso/listarSolicitudProceso.xhtml HTTP/1.1" 200 57633
186.80.52.63 - - [24/Aug/2022:06:54:24 -0500] "POST /sipse/faces/presentacion/financiero/solicitudProceso/listarSolicitudProceso.xhtml HTTP/1.1" 200 57633
186.80.52.63 - - [24/Aug/2022:06:54:25 -0500] "POST /sipse/faces/presentacion/financiero/solicitudProceso/listarSolicitudProceso.xhtml HTTP/1.1" 200 1552
186.80.52.63 - - [24/Aug/2022:06:54:25 -0500] "POST /sipse/faces/presentacion/financiero/solicitudProceso/listarSolicitudProceso.xhtml HTTP/1.1" 200 1544
186.80.52.63 - - [24/Aug/2022:06:54:26 -0500] "POST /sipse/faces/presentacion/financiero/solicitudProceso/listarSolicitudProceso.xhtml HTTP/1.1" 200 1556
186.80.52.63 - - [24/Aug/2022:06:54:31 -0500] "POST /sipse/faces/presentacion/financiero/solicitudProceso/listarSolicitudProceso.xhtml HTTP/1.1" 200 57633
186.80.52.63 - - [24/Aug/2022:06:54:31 -0500] "POST /sipse/faces/presentacion/financiero/solicitudProceso/listarSolicitudProceso.xhtml HTTP/1.1" 200 57633
186.80.52.63 - - [24/Aug/2022:06:54:32 -0500] "POST /sipse/faces/presentacion/financiero/solicitudProceso/listarSolicitudProceso.xhtml HTTP/1.1" 200 57633
186.80.52.63 - - [24/Aug/2022:06:54:32 -0500] "POST /sipse/faces/presentacion/financiero/solicitudProceso/listarSolicitudProceso.xhtml HTTP/1.1" 200 57633
186.80.52.63 - - [24/Aug/2022:06:54:33 -0500] "POST /sipse/faces/presentacion/financiero/solicitudProceso/listarSolicitudProceso.xhtml HTTP/1.1" 200 1552
186.80.52.63 - - [24/Aug/2022:06:54:33 -0500] "POST /sipse/faces/presentacion/financiero/solicitudProceso/listarSolicitudProceso.xhtml HTTP/1.1" 200 1544
186.80.52.63 - - [24/Aug/2022:06:54:34 -0500] "POST /sipse/faces/presentacion/financiero/solicitudProceso/listarSolicitudProceso.xhtml HTTP/1.1" 200 1556
186.80.52.63 - - [24/Aug/2022:06:54:35 -0500] "POST /sipse/faces/presentacion/financiero/solicitudProceso/listarSolicitudProceso.xhtml HTTP/1.1" 200 1544
186.80.52.63 - - [24/Aug/2022:06:54:45 -0500] "POST /sipse/faces/presentacion/financiero/solicitudProceso/listarSolicitudProceso.xhtml HTTP/1.1" 200 137941
186.80.52.63 - - [24/Aug/2022:06:54:47 -0500] "GET /sipse/faces/javax.faces.resource/theme.css?ln=primefaces-sipse HTTP/1.1" 304 -
186.80.52.63 - - [24/Aug/2022:06:54:47 -0500] "GET /sipse/faces/javax.faces.resource/primefaces.css?ln=primefaces&v=4.0 HTTP/1.1" 304 -
186.80.52.63 - - [24/Aug/2022:06:54:47 -0500] "GET /sipse/faces/javax.faces.resource/layout/layout.css?ln=primefaces&v=4.0 HTTP/1.1" 304 -
186.80.52.63 - - [24/Aug/2022:06:54:47 -0500] "GET /sipse/faces/javax.faces.resource/jquery/jquery.js?ln=primefaces&v=4.0 HTTP/1.1" 304 -
186.80.52.63 - - [24/Aug/2022:06:54:47 -0500] "GET /sipse/faces/javax.faces.resource/jquery/jquery-plugins.js?ln=primefaces&v=4.0 HTTP/1.1" 304 -
186.80.52.63 - - [24/Aug/2022:06:54:47 -0500] "GET /sipse/faces/javax.faces.resource/primefaces.js?ln=primefaces&v=4.0 HTTP/1.1" 304 -
186.80.52.63 - - [24/Aug/2022:06:54:47 -0500] "GET /sipse/faces/javax.faces.resource/layout/layout.js?ln=primefaces&v=4.0 HTTP/1.1" 304 -
172.22.2.4 - - [24/Aug/2022:06:53:15 -0500] "HEAD /BLA/boletinlegal/ HTTP/1.1" 200 -
172.22.2.4 - - [24/Aug/2022:06:54:12 -0500] "GET /BLA/boletinlegal/ HTTP/1.1" 200 36811
172.22.2.4 - - [24/Aug/2022:06:54:05 -0500] "GET /BLA/boletinlegal/ HTTP/1.1" 200 53281
66.249.72.143 - - [24/Aug/2022:06:55:53 -0500] "-" 408 -
186.80.52.63 - - [24/Aug/2022:06:56:03 -0500] "POST /sipse/faces/presentacion/financiero/solicitudProceso/consultarSolicitudProceso.xhtml HTTP/1.1" 200 88216
201.245.192.253 - - [24/Aug/2022:06:56:31 -0500] "POST /kwsrmcab/Wsrmcab  HTTP/1.1" 200 46805
216.245.221.92 - - [24/Aug/2022:06:57:02 -0500] "HEAD / HTTP/1.1" 200 -
181.206.70.123 - - [24/Aug/2022:06:57:23 -0500] "GET /BLA/boletinlegal/admin/ HTTP/1.1" 200 2324
181.206.70.123 - - [24/Aug/2022:06:57:23 -0500] "GET /BLA/boletinlegal/admin/index_files/style.css HTTP/1.1" 200 6223
181.206.70.123 - - [24/Aug/2022:06:57:23 -0500] "GET /BLA/boletinlegal/admin/images/bg.png HTTP/1.1" 200 332965
181.206.70.123 - - [24/Aug/2022:06:57:23 -0500] "GET /favicon.ico HTTP/1.1" 200 7782
181.206.70.123 - - [24/Aug/2022:06:57:29 -0500] "POST /BLA/boletinlegal/admin/usuarios/process.php HTTP/1.1" 302 -
181.206.70.123 - - [24/Aug/2022:06:57:29 -0500] "GET /BLA/boletinlegal/admin/index.php HTTP/1.1" 200 7045
181.206.70.123 - - [24/Aug/2022:06:57:46 -0500] "GET /BLA/boletinlegal/admin/index_files/header.png HTTP/1.1" 200 240212
181.206.70.123 - - [24/Aug/2022:06:57:46 -0500] "GET /BLA/boletinlegal/images/can.png HTTP/1.1" 200 37574
181.206.70.123 - - [24/Aug/2022:06:57:46 -0500] "GET /BLA/boletinlegal/admin/index_files/3_5.gif HTTP/1.1" 200 1633
181.206.70.123 - - [24/Aug/2022:06:57:46 -0500] "GET /BLA/boletinlegal/admin/index_files/7_1.gif HTTP/1.1" 200 1455
181.206.70.123 - - [24/Aug/2022:06:57:46 -0500] "GET /BLA/boletinlegal/admin/index_files/7_5.gif HTTP/1.1" 200 1565
181.206.70.123 - - [24/Aug/2022:06:57:46 -0500] "GET /BLA/boletinlegal/admin/index_files/index_files/tback.gif HTTP/1.1" 404 1334
181.206.70.123 - - [24/Aug/2022:06:57:46 -0500] "GET /BLA/boletinlegal/admin/index_files/2_2.gif HTTP/1.1" 200 1728
181.206.70.123 - - [24/Aug/2022:06:57:46 -0500] "GET /BLA/boletinlegal/admin/index_files/2_4.gif HTTP/1.1" 200 1763
181.206.70.123 - - [24/Aug/2022:06:57:46 -0500] "GET /BLA/boletinlegal/admin/index_files/5_1.gif HTTP/1.1" 200 1623
181.206.70.123 - - [24/Aug/2022:06:58:25 -0500] "GET /BLA/boletinlegal/images/cabezote%20BLEGAL.jpg HTTP/1.1" 200 118164
181.206.70.123 - - [24/Aug/2022:06:58:25 -0500] "GET /BLA/boletinlegal/admin/images/calendario.png HTTP/1.1" 200 4380
181.206.70.123 - - [24/Aug/2022:06:58:24 -0500] "GET /BLA/boletinlegal/admin/notificaciones/ingresar.php HTTP/1.1" 200 30188
181.206.70.123 - - [24/Aug/2022:06:58:25 -0500] "GET /css/global/buttons.css HTTP/1.1" 404 1324
31.13.127.117 - - [24/Aug/2022:07:00:03 -0500] "GET /images/mercados-campesinos-5-mayo.jpg HTTP/1.1" 200 95848
207.46.13.11 - - [24/Aug/2022:07:00:03 -0500] "GET /BLA/resoluciones/index.php?dir=AUTOS+2022%2F HTTP/1.1" 200 218432
172.22.2.4 - - [24/Aug/2022:06:59:05 -0500] "HEAD /BLA/boletinlegal/ HTTP/1.1" 200 -
201.245.192.253 - - [24/Aug/2022:07:01:30 -0500] "POST /kwsrmcab/Wsrmcab  HTTP/1.1" 200 46805
172.22.2.4 - - [24/Aug/2022:06:59:55 -0500] "GET /BLA/boletinlegal/ HTTP/1.1" 200 58566
216.245.221.92 - - [24/Aug/2022:07:02:02 -0500] "HEAD / HTTP/1.1" 200 -
157.55.39.98 - - [24/Aug/2022:07:02:08 -0500] "GET /sipse/faces/faces/autenticacion.xhtml HTTP/1.1" 200 12505
173.252.107.22 - - [24/Aug/2022:07:03:06 -0500] "GET /conoce-los-requisitos-ambientales-para-abrir-un-establecimiento-comercial-en-bogota.html HTTP/1.1" 206 796
173.252.111.14 - - [24/Aug/2022:07:03:07 -0500] "GET /images/facebook-live-ivc-MAYO27.png HTTP/1.1" 200 480404
94.102.61.10 - - [24/Aug/2022:07:03:14 -0500] "GET / HTTP/1.1" 200 319
66.249.72.141 - - [24/Aug/2022:07:03:16 -0500] "-" 408 -
181.206.70.123 - - [24/Aug/2022:07:03:37 -0500] "POST /BLA/boletinlegal/admin/notificaciones/ingresar.php HTTP/1.1" 200 30281
181.206.70.123 - - [24/Aug/2022:07:03:38 -0500] "GET /css/global/buttons.css HTTP/1.1" 404 1324
181.206.70.123 - - [24/Aug/2022:07:04:33 -0500] "POST /BLA/boletinlegal/admin/notificaciones/ingresar.php HTTP/1.1" 200 30281
181.206.70.123 - - [24/Aug/2022:07:04:33 -0500] "GET /css/global/buttons.css HTTP/1.1" 404 1324
181.206.70.123 - - [24/Aug/2022:07:05:24 -0500] "POST /BLA/boletinlegal/admin/notificaciones/ingresar.php HTTP/1.1" 200 30281
181.206.70.123 - - [24/Aug/2022:07:05:24 -0500] "GET /css/global/buttons.css HTTP/1.1" 404 1324
186.170.213.17 - - [24/Aug/2022:07:06:02 -0500] "GET /appsia/controlador HTTP/1.1" 200 4799
186.170.213.17 - - [24/Aug/2022:07:06:03 -0500] "GET /appsia/scripts/validarIngreso.js HTTP/1.1" 200 851
186.170.213.17 - - [24/Aug/2022:07:06:03 -0500] "GET /appsia/css/estilos.css HTTP/1.1" 200 4804
186.170.213.17 - - [24/Aug/2022:07:06:03 -0500] "GET /appsia/images/logo_bogota_p.png HTTP/1.1" 200 14951
186.170.213.17 - - [24/Aug/2022:07:06:03 -0500] "GET /appsia/images/cabezoteHojaVida.png HTTP/1.1" 200 32493
186.170.213.17 - - [24/Aug/2022:07:06:11 -0500] "POST /appsia/controlador HTTP/1.1" 200 5437
157.55.39.108 - - [24/Aug/2022:07:06:13 -0500] "GET /portaldeninos/2019/07/30/residuos/ HTTP/1.1" 200 94367
186.170.213.17 - - [24/Aug/2022:07:06:14 -0500] "POST /appsia/controlador HTTP/1.1" 200 7793
181.206.70.123 - - [24/Aug/2022:07:06:19 -0500] "GET /css/global/buttons.css HTTP/1.1" 404 1324
181.206.70.123 - - [24/Aug/2022:07:06:18 -0500] "POST /BLA/boletinlegal/admin/notificaciones/ingresar.php HTTP/1.1" 200 30281
186.170.213.17 - - [24/Aug/2022:07:06:24 -0500] "POST /appsia/controlador HTTP/1.1" 200 5252
201.245.192.253 - - [24/Aug/2022:07:06:29 -0500] "POST /kwsrmcab/Wsrmcab  HTTP/1.1" 200 46805
186.170.213.17 - - [24/Aug/2022:07:06:34 -0500] "GET /appsia/controlador?comando=regresar&id=19401695&funcionario=GABRIEL+ARTURO+CARDENAS+SANABRIA&desde=19401695&hasta=19401695&version=19401695 HTTP/1.1" 200 7793
172.22.2.4 - - [24/Aug/2022:07:04:55 -0500] "HEAD /BLA/boletinlegal/ HTTP/1.1" 200 -
186.170.213.17 - - [24/Aug/2022:07:06:37 -0500] "POST /appsia/controlador HTTP/1.1" 200 5437
186.170.213.17 - - [24/Aug/2022:07:06:45 -0500] "POST /appsia/controlador HTTP/1.1" 200 4799
216.245.221.92 - - [24/Aug/2022:07:07:02 -0500] "HEAD / HTTP/1.1" 200 -
181.206.70.123 - - [24/Aug/2022:07:07:02 -0500] "POST /BLA/boletinlegal/admin/notificaciones/ingresar.php HTTP/1.1" 200 30281
181.206.70.123 - - [24/Aug/2022:07:07:02 -0500] "GET /css/global/buttons.css HTTP/1.1" 404 1324
172.22.2.4 - - [24/Aug/2022:07:05:45 -0500] "GET /BLA/boletinlegal/ HTTP/1.1" 200 59819
181.206.70.123 - - [24/Aug/2022:07:08:04 -0500] "POST /BLA/boletinlegal/admin/notificaciones/ingresar.php HTTP/1.1" 200 30281
181.206.70.123 - - [24/Aug/2022:07:08:04 -0500] "GET /css/global/buttons.css HTTP/1.1" 404 1324
190.26.229.22 - - [24/Aug/2022:07:08:19 -0500] "GET /galeria/galeria/jquery.fancybox.css?v=2.1.5 HTTP/1.1" 200 4895
190.26.229.22 - - [24/Aug/2022:07:08:19 -0500] "GET /BLA/boletinlegal/js/jquery.scrollShow.js HTTP/1.1" 200 4586
190.26.229.22 - - [24/Aug/2022:07:08:19 -0500] "GET /galeria/galeria/jquery.fancybox.js?v=2.1.5 HTTP/1.1" 200 48706
186.102.56.94 - - [24/Aug/2022:07:08:32 -0500] "GET /kwssiamovil/sm/ldap/au?x=U2FsdGVkX1/jm6ZpaQE5GGumDQ5rjx9ztexpWaT3MzHCjSICiHe04u3odfCFkebGZV1ZONqOUljxB6V4D3dR5A==&y=U2FsdGVkX193myr/qfABF4UkfnccZGQ1n02CKOEI1M/HiwYHQ8DrcfboQ1qxCYKl HTTP/1.1" 200 31
186.102.56.94 - - [24/Aug/2022:07:08:32 -0500] "GET /kwssiamovil/sm/ldap/au?x=U2FsdGVkX196L9CJqBqB1YDZfqj7iqPK7sHL1+sCoUQbCKnTB6i8iFfm6RCmhqd9sBZnoBuO+SNC6tHWs/7Bnw==&y=U2FsdGVkX1+dcc6sZXjJxHGbLzGRzrgZWvlqSEvR8m1m5Ppau35fI9tJfwvP8G2M HTTP/1.1" 200 31
181.206.70.123 - - [24/Aug/2022:07:08:44 -0500] "POST /BLA/boletinlegal/admin/notificaciones/ingresar.php HTTP/1.1" 200 30281
181.206.70.123 - - [24/Aug/2022:07:08:45 -0500] "GET /css/global/buttons.css HTTP/1.1" 404 1324
5.255.253.130 - - [24/Aug/2022:07:08:50 -0500] "-" 408 -
186.102.56.94 - - [24/Aug/2022:07:08:51 -0500] "GET /kwssiamovil/sm/ldap/au?x=U2FsdGVkX19lp73jjuLGs4PpoeXwDNTEU0iZeDUUAtXDbSAEGz3rWGeKlFQA9hsahblJHdolW5ErF7DKXsBTWA==&y=U2FsdGVkX1+klli+HCVCqmbxGgoKpFw/nGbRFaG5X4ZXhLKDyPVWFOMyx42YuFDr HTTP/1.1" 200 30
186.102.56.94 - - [24/Aug/2022:07:08:51 -0500] "GET /kwssiamovil/sm/acme/s?s=U2FsdGVkX1/fiPJETLS2wGNhoS2+sDtqe4N6e3gBL9x9avMpwmxZDMCA60Ap6ucGoubR6Xm8ZHfwpz7HsUevPP8mVWOj1kzS7Q28TMdiR5Q=&u=U2FsdGVkX1/wKA7UeZoeohg/gdcz+5iETsj6ye3ocWydFqFBBffDiAIOt+Z6Y1bi&y=U2FsdGVkX1+klli+HCVCqmbxGgoKpFw/nGbRFaG5X4ZXhLKDyPVWFOMyx42YuFDr HTTP/1.1" 200 97
186.102.56.94 - - [24/Aug/2022:07:08:52 -0500] "GET /kwssiamovil/sm/acme/s?s=U2FsdGVkX1+hs6Nk6ix7oWkepdSKB9/oUZmRMmmZxNjqpWOtt1NxZIYgC6DUvYOIEffklZ/SeEUstivkOVON9U7qjhspBbReRCS8dGwW2o82B3OWt/EFnGUMQWY2QBm4MXgAiDJ8pmc+Po9QP4U0HfdT/4/HmDxFvY/zwMC70+iTPn548zAdbDE3Wtv60yJxs6qkwXjwp156nT5Q3LEGoATlPXn3tMHIghUWcWcfxB1IReIkuMD5DHatA5mqI0ADZ9sHWf5qqfocsfw6ZR1x3/I+lpRa5/K3eGkD0GSvVRsxYEL11PmHZIXWXpR6yJMQWs3BnNnynpL5dde2XPHk32aycvi14cnk+zCMXXIRzcSPJud9FXDKNHu32TOyL++TQekXxHsJzJzKVESkx2XeKKo5XsIl4eKCvJdvtS3NPZuPTVxWeAlFHKn+NA/udC7PJ9sbXJ23uFouzdE/xi6biWXqlbfxQvy4pr3KIP3T6x75G9/Nt4Gj6aKg2bz7zKQL3FafFI9hmMQ6vIw/mc8FsRwkF01u9s0Mq8c5tfcQhCHfq4uljoQJw5SabWfALy8I2bXIZNVAI5LrOynVBOq/1Izseaswwqiy5/Lds4F02vawrZ7Eg45A6+PkSuewLX6xTHS7eVkU2MdDH7cXLvugaX6iHXKgdKqUHJp6GYzFnR2mi6zurk6uJna9pkQXRRLLSTWPudnGazRdsuvm2IDXqaqRqRSuqYac0muQoz2sCE7dAW0IZYxH86e0dB4JCuOMiSor3Uj9m4ZQ++RVnVVstr4vHIO86bH5E8n6gSnXdOoPT5NJZEj0UG+I+puyfJapGroFzqIf9jAMlRZTU5fzcmXdw2iUbz1XiiNQDEsf9VbHsCEdvzcelhNG7HT9no8CuhzaJUyFRGwOeG4Y3ZPrKQ5nLNJ8jn2d9gr/7sYte+STuf5lN8BEHdRx0/yFqGyVx+P49CsNHaMbhoeRyZblCHfGXcKc18mzhyA/yFBT5IVcFleZ45otCdgT4tPQr+XfwYI0wxaEGu6pfhFhM/qEUV+5K28NlRz2xeHswRMab4g1cbzx3RMZAHw4+s5aGBkeSuOBqklNxlBCA0p9OXqOGmFqcfoTfspgiptj2mJsfOeE17z5NzWM7FYutjHLCjCBcSJtn1duJYEcU0VvWuaiZlILyBwndnAei1UUtqmHKVtMzY+ru6f/BpaFSPfSTosfasesmnUpApkntnaLWofo04W+lBIeUKiLMGJsLUvWzJnhgjO5vRvUlo4yW1VnR+DKhzu6KjNIcB8Wy8xbCqBQv8hlpnBwJJkOP+abg6nGnRuBlb1J7D5WnkShmG5KDL9YV7bCUYmRYTDWf+IRK9GnfNC8GjaPEy3DOpp4tXp7I8E=&u=U2FsdGVkX1/wKA7UeZoeohg/gdcz+5iETsj6ye3ocWydFqFBBffDiAIOt+Z6Y1bi&y=U2FsdGVkX1+klli+HCVCqmbxGgoKpFw/nGbRFaG5X4ZXhLKDyPVWFOMyx42YuFDr HTTP/1.1" 200 1494
186.102.56.94 - - [24/Aug/2022:07:08:52 -0500] "GET /kwssiamovil/sm/acme/s?s=U2FsdGVkX1+ro+inxlEbCxI5aBJMO/grfKELwZHIJ3iuIC0fPTurmnZffr7ZaW+zh0xsXwTYluzT/dznwOlyib8fT2yORwgdxukIDaBNk2ACunGnaASOC/uU1ad7sxCxVmgXqJBpbCt/6yEoZR60SEHhMFOHRUBwb97EdhSQdSIZ4HoTrqrfVeFZyt5x6N+Ebu/h4l/dIjvP+19QIDn/+C6fLh3Rmx5BhSVHx7NsCzPaMOSAsoq7sLSY0lXqPkTBZuSQhNCzJTR3ddC74QOoPTzQZOJF1Hcu9hs9hGKTYNw=&u=U2FsdGVkX1/wKA7UeZoeohg/gdcz+5iETsj6ye3ocWydFqFBBffDiAIOt+Z6Y1bi&y=U2FsdGVkX1+klli+HCVCqmbxGgoKpFw/nGbRFaG5X4ZXhLKDyPVWFOMyx42YuFDr HTTP/1.1" 200 176
186.102.56.94 - - [24/Aug/2022:07:08:52 -0500] "GET /kwssiamovil/sm/cjson/pre?f=1&x=U2FsdGVkX19lp73jjuLGs4PpoeXwDNTEU0iZeDUUAtXDbSAEGz3rWGeKlFQA9hsahblJHdolW5ErF7DKXsBTWA== HTTP/1.1" 200 30992
186.102.32.143 - - [24/Aug/2022:07:09:30 -0500] "GET /kwssiamovil/sm/ldap/au?x=U2FsdGVkX19nctphs2sI9NXO12R1/UkhyCc/qhFQUzNlTRm2UmvZmo3rYEiT14C2&y=U2FsdGVkX1/UQJuXwnOv2xMcva8GZKzXFFk9jwlLQdgsrXi9CjePH4GGDZsvC3+7 HTTP/1.1" 200 30
186.102.32.143 - - [24/Aug/2022:07:09:30 -0500] "GET /kwssiamovil/sm/acme/s?s=U2FsdGVkX1+s0g7Th44bluBh11Q5ZdUkrEMYS1aBFpv0lPKoBXXJA0m5iDR1pP03yw8O7T6RIdvTRfDfegMbvjGK90uMWPJWy+CzlvyIUSM=&u=U2FsdGVkX18k2FB6BAMV78NzfZZYuMwA5MfdQtFA7sc=&y=U2FsdGVkX1/UQJuXwnOv2xMcva8GZKzXFFk9jwlLQdgsrXi9CjePH4GGDZsvC3+7 HTTP/1.1" 200 97
186.102.32.143 - - [24/Aug/2022:07:09:31 -0500] "GET /kwssiamovil/sm/acme/s?s=U2FsdGVkX1/fj7NwmMezeS7MxIedAIHwGyQeZgFssY/U1c/WSZ2Cr+J44Lg4/3Tkd6oamC5z0X1qKjzBDQ6e2Z0mlAXaEypRpymj1WdSvr6WkEjEbmnqB2kNN1m+JTVFK1YJKV+CnKmQoty8ggp89KonJm4zNQTaqMzBH/tVVao3wEuvvg4th58LG90pGGUETJPlJA52LgS5XyDqWXte9nOeqKMACla6stVMioe9PKslvtjPh3PAA2GTNKetJvkWX0VihxXHyGx6WV3Ujjb3AaVi0tuHvaZzqHRMNX16t7cWNL222Uhz3hBOMMF4HNrIPZ8f4WmaVrME8XLigI8N9R+IhY1Haj2vyDJCaTjccGr0dSnrYOWxyg1uqAhOzOillcEt0DpMwTyDDxSwlfufnLtp4/H85u9DNyl8lFpR4tVqbyZPhJ52+uaNZrpN1PcZD12z7u6RhlzslZNZbljld5mgq05ex3WF3AtUQkaqzvKej2kbJPqcBFFqjIwNSTy8/r/W1GiKI/TrylRQ376Bwv+ZQHHPfsqkq6dI6RnSJFodYoUafjHK5wmg21RiOYlHRWlKDIpz726blECz/HF0kjODFgti0Io9+QNXNZ2A1kn4c9HXdTCVtlfcaXzq9ROdp2ijKutBKNt5A1wJYzKOaPEeCbzyooXOmxG78wtD2dOf6w4P8vuAGs2k1VtiBtz16WP8GLkmcCavDR2mOzdfjMIdJ68x7F56ZhxBL2OX17unM1MnFx3poabCI7Whq9hl0siNKXotpOdqYXZNFVX6M6jlCYVCH/G86ESZKrPU2NKBBdgeqo1vcXysoEZQfX9nkHzWZWDYcC8FUHl9M0/OkS5QQXMPbrTw1yVrIOX1lp+CpA0LIv+zw9+SV/04u4GHoiOnByHqehpM9iT1LUeEb9IphMpk4dXqQFe33jhCM4iyWHATpMd1Vf3o832oi2BlUoYi3mAocjVMXsmkFlU55KUN3hotX2rz+42t3vx8kGnynCCaatAPNDcu87MepzKAHfVCHdSRLo+X2uwU3oqP6wFBn8BmcLAHpUNvkN5GmDi32jzoFpGEIZOKb98eg/3Xaf/q8WQDRbaKKgLwNS1q/OUquKR9cyskZwPOKV65Ris0qDy/m/xoKaBhWrZJRYe7eqObAif4dOU4BWWQhrX80oPic/64srNnwjdTqleo/WwQPyfCRUqbCkOGhAzRK0vJAHs5Xd9guugyYONDoc/OR6nXO3SZwYJ2tRS+A5NrzD5X9qpmdsMKVJwXe/J7I2ocBmdgsR4U8/cvbtwgME/GbYJrjDLa/aRM/g0d4A0OJqKsOOCSiFiiS3SC+fWKcQP6bSaUaXdxYzcZKCOeI4201c54YG9Z3IjS/R3ZkWPLmvc=&u=U2FsdGVkX18k2FB6BAMV78NzfZZYuMwA5MfdQtFA7sc=&y=U2FsdGVkX1/UQJuXwnOv2xMcva8GZKzXFFk9jwlLQdgsrXi9CjePH4GGDZsvC3+7 HTTP/1.1" 200 2315
186.102.32.143 - - [24/Aug/2022:07:09:31 -0500] "GET /kwssiamovil/sm/acme/s?s=U2FsdGVkX195IEsjkKy62N/utOh7kGh+YHmE0e8iBGJvOhau+xg9nA2Ytta3YjL9dnmA8a1ij4K7p9OwdyakzHll3WxQmtsTHOPPB1e5ftvhd7fKNuOU6sdsFbqsQKmgxVSGrvoVCXFxnGfpxMNtUvUcSpG0+8vLBpi6E1CfCxabyqY6Jm0dQ9anfmoqBWS0BUvCSiAxvusFB9CqQ2eQ6XD+RDlaS/+GSUyq8zya+/Zjh/yrkZkC+uiRP08ZeltSEbySBuVtoSlby7CSR2MpCg/W75+IjzI0CfkP8NooVms=&u=U2FsdGVkX18k2FB6BAMV78NzfZZYuMwA5MfdQtFA7sc=&y=U2FsdGVkX1/UQJuXwnOv2xMcva8GZKzXFFk9jwlLQdgsrXi9CjePH4GGDZsvC3+7 HTTP/1.1" 200 176
186.102.32.143 - - [24/Aug/2022:07:09:31 -0500] "GET /kwssiamovil/sm/cjson/pre?f=1&x=U2FsdGVkX19nctphs2sI9NXO12R1/UkhyCc/qhFQUzNlTRm2UmvZmo3rYEiT14C2 HTTP/1.1" 200 30992
181.206.70.123 - - [24/Aug/2022:07:09:41 -0500] "POST /BLA/boletinlegal/admin/notificaciones/ingresar.php HTTP/1.1" 200 30281
181.206.70.123 - - [24/Aug/2022:07:09:41 -0500] "GET /css/global/buttons.css HTTP/1.1" 404 1324
181.206.70.123 - - [24/Aug/2022:07:10:32 -0500] "GET /css/global/buttons.css HTTP/1.1" 404 1324
181.206.70.123 - - [24/Aug/2022:07:10:31 -0500] "POST /BLA/boletinlegal/admin/notificaciones/ingresar.php HTTP/1.1" 200 30281
186.102.32.143 - - [24/Aug/2022:07:10:32 -0500] "GET /kwssiamovil/sm/ldap/au?x=U2FsdGVkX19pauwNx/b6pf5f9c2RgrTn8kSBYO7kWrzTEdSFNQmiKu+LL1/zCTLi&y=U2FsdGVkX194C+QdRdWG8tvcG1FWXDx7joa1PsPgPIZBLVxvOFEO5T7cjMPO43r0 HTTP/1.1" 200 30
186.102.32.143 - - [24/Aug/2022:07:10:33 -0500] "GET /kwssiamovil/sm/acme/s?s=U2FsdGVkX18/90K4XymZFPSItFEOCbHgnlJ8CX7EdOIYb0kRzWDdqIDaTmKBsfjjuQepgWY29++27vQxUEXHpzyq6dDCxZKf+8BOH8WK2aw=&u=U2FsdGVkX1+PgMS2/O4PCSnE83wTxrgmCtVGClaQh/w=&y=U2FsdGVkX194C+QdRdWG8tvcG1FWXDx7joa1PsPgPIZBLVxvOFEO5T7cjMPO43r0 HTTP/1.1" 200 97
186.102.32.143 - - [24/Aug/2022:07:10:33 -0500] "GET /kwssiamovil/sm/acme/s?s=U2FsdGVkX1+s5IF57mmv7Xnz/X+VBntALwKBIUWxuq7LuPsZFO4/rPo+hWiYAyXy7DwPBT36DPZRcnkzvssX55w+cuPoCK8FWLqd+H3b9s8tPHi++2LASC/VXcoOs4nTjS3sSBFKy2egJPohHXh7ZwUZnnSYVw9kvpu5ypjulBExG8WuY9WjUAC90y6G+toVTF3leQoEL4yyteOF4FdzM9Z7tfsYP3er/vyU1Q8rWci1HH2rINtYcPtGA+oTl0NYB/P/O25iSl9tHx1yoTpOKq19dkaOyyOZrqCRDwEweb/Q8uX/bRGk7V5d9Fu7FLQvoEHlXrEhvKabgq+N9rrXrY00XjRoajl8etjL05JVTWOwlRL1WB4MZQOLIKmJYdFehmSV9u20FGirib+xlByaaLR1Kr6kvfhY5bBzt+0M2tOymoDrqEoF92b+zLqfmjCbmc9VyaG2VryehQjH4me3DP2VyhAPEiVL0FwpJnt+9Z279VW5LUBqpt4cMckYYhfvu/Qp1CIEP0Wy9HTsnWqXv0hoa3mSHJqZ+O4IN5qWxAR6FtyBLkjq7VMAukPg1owqj4D70XBL4egu5IwAp2bVZRP18MEs1Wel2/Kf2EwhR0UIpBwsENCJn+FCkcpDdlZektYNOHm4vI4U3kezlISyKTJafw7zzFx1ZHNigm8WOxX1SpF0Dwoid1ntyVGX8BZn8HWuUZ1VqlcVWlvuLHIPN9g5Fcz6+3nkGOARv9Fx/Z8hxLuXvfO4EKW3+cOgmBSU3sM499hBfhhNQK6tZXlv/3j98Kauxa5BBdPaCRz80jvRMBGRPpl0BpCoUVmq8KQ+ZYEdmpbE/9R5VL/8Oe2qI53BA+VsCxDlow79EnaRzU8ag3Xcx7AfXdfLb1aiIc51yRl7X4LObYuHaL/eIsjUzONlCbYbfTJ9jEtwWzZllbwQvKnhJgQZ/S0N/9eYl9UtzwTA/NPoO3RO/JcnewderOjJKXs6nz6JQBz+ageo3yTtkcvgAxs/z3Nip1DUGUNYKODIZx5m43NiD8zAor5xzE3E+dRDcCBs68tgsIdHMaPDHHJlD8BDxUqx8fC/wZxZ6HgPfBe7ZxmBXEDc295ENzqYiFJV2Y/1QamRQcr3dSjaT2DYLvdQ9qH95UoQERH4/MAEYVkTDhO6N2Zyn7zRvRlXu8TLTtNEpDe6tSqh+Bn2/OAZyTmnzlV0qpZ1u1aN2JaboWwxsvQz7Txdzaq5osprfIUm4PE6V/ez6vDBYnt8r5Extsi8GsYeQ8dOSf/3d7gNizB7AB/P0HmfLIbizThxcd9FOpAef+GWwDCHogsLIaNojf11K3sORTb1BxKRCzQS73LYhRVt9+Sn4DrYsq3Zv05pBAhapTJ5qVGxNxM=&u=U2FsdGVkX1+PgMS2/O4PCSnE83wTxrgmCtVGClaQh/w=&y=U2FsdGVkX194C+QdRdWG8tvcG1FWXDx7joa1PsPgPIZBLVxvOFEO5T7cjMPO43r0 HTTP/1.1" 200 2593
186.102.32.143 - - [24/Aug/2022:07:10:33 -0500] "GET /kwssiamovil/sm/acme/s?s=U2FsdGVkX1+Kykda7olKqyC7K2Q1dcLoMFDUWIFE7bfElHH24nmARei1Mri0uFz40xmm1+fi4ui5Y1Fe+evfh3P60wqMtGmDttUxIz7lBvrbGTHMAf4mlTrmYfXXzFmYC4bUan5HzsDblvbd8Mq/2rJwkqVMtZTPbCOWVQIrs3YLzWWoBkjT8tB6nvQIjnouwPziDAX9eu0tIGWD1y8B2bT6V9i4bDb//8v0HtUIJy7gbjD410kph7Yw9W4sbx5tPds2LDbZ3XjDM8bKJoeXVzu1uu+QdalT8Vwh2tJKouU=&u=U2FsdGVkX1+PgMS2/O4PCSnE83wTxrgmCtVGClaQh/w=&y=U2FsdGVkX194C+QdRdWG8tvcG1FWXDx7joa1PsPgPIZBLVxvOFEO5T7cjMPO43r0 HTTP/1.1" 200 176
186.102.32.143 - - [24/Aug/2022:07:10:33 -0500] "GET /kwssiamovil/sm/cjson/pre?f=1&x=U2FsdGVkX19pauwNx/b6pf5f9c2RgrTn8kSBYO7kWrzTEdSFNQmiKu+LL1/zCTLi HTTP/1.1" 200 30992
87.250.224.69 - - [24/Aug/2022:07:10:50 -0500] "-" 408 -
207.46.13.11 - - [24/Aug/2022:07:10:53 -0500] "GET /BLA/resoluciones/RESOLUCIONES%202003/RES%202003%20851-900/887.tif HTTP/1.1" 200 125564
181.206.70.123 - - [24/Aug/2022:07:11:20 -0500] "GET /css/global/buttons.css HTTP/1.1" 404 1324
181.206.70.123 - - [24/Aug/2022:07:11:20 -0500] "POST /BLA/boletinlegal/admin/notificaciones/ingresar.php HTTP/1.1" 200 30281
201.245.192.253 - - [24/Aug/2022:07:11:28 -0500] "POST /kwsrmcab/Wsrmcab  HTTP/1.1" 200 46805
216.245.221.92 - - [24/Aug/2022:07:12:02 -0500] "HEAD / HTTP/1.1" 200 -
181.206.70.123 - - [24/Aug/2022:07:12:12 -0500] "GET /css/global/buttons.css HTTP/1.1" 404 1324
181.206.70.123 - - [24/Aug/2022:07:12:12 -0500] "POST /BLA/boletinlegal/admin/notificaciones/ingresar.php HTTP/1.1" 200 30281
172.22.2.4 - - [24/Aug/2022:07:10:45 -0500] "HEAD /BLA/boletinlegal/ HTTP/1.1" 200 -
172.22.2.4 - - [24/Aug/2022:07:11:36 -0500] "GET /BLA/boletinlegal/ HTTP/1.1" 200 58154
181.206.70.123 - - [24/Aug/2022:07:13:24 -0500] "POST /BLA/boletinlegal/admin/notificaciones/ingresar.php HTTP/1.1" 200 30281
181.206.70.123 - - [24/Aug/2022:07:13:24 -0500] "GET /css/global/buttons.css HTTP/1.1" 404 1324
181.206.70.123 - - [24/Aug/2022:07:14:10 -0500] "POST /BLA/boletinlegal/admin/notificaciones/ingresar.php HTTP/1.1" 200 30281
181.206.70.123 - - [24/Aug/2022:07:14:11 -0500] "GET /css/global/buttons.css HTTP/1.1" 404 1324
186.102.39.80 - - [24/Aug/2022:07:14:41 -0500] "GET /kwssiamovil/sm/ldap/au?x=U2FsdGVkX18xOClX86q1KAmkLuv55uMUSlq52IXtpz7KJz5Co6ZAZ8+ozz/GedzR&y=U2FsdGVkX1+2BiLjHje3NQb9VbnahJPsQNhCTKBjrsjlmN+p/RRaaS0mTujM7BhO HTTP/1.1" 200 30
186.102.39.80 - - [24/Aug/2022:07:14:41 -0500] "GET /kwssiamovil/sm/acme/s?s=U2FsdGVkX18SSGoR0ALIo8nQ2FYyvAbayJvsQyHfgThcON+ZYtFSlGn5PPzq+VxjTUdZYUEvIyCub8mkjmJ9vZGacAECx1ooPBjNO1yuOow=&u=U2FsdGVkX18uUkclNqqHTEWotwOFRe7fwHbl1X9i3xskE+z31MBrenz2K8IrmsPw&y=U2FsdGVkX1+2BiLjHje3NQb9VbnahJPsQNhCTKBjrsjlmN+p/RRaaS0mTujM7BhO HTTP/1.1" 200 97
186.102.39.80 - - [24/Aug/2022:07:14:41 -0500] "GET /kwssiamovil/sm/acme/s?s=U2FsdGVkX1+F8LuNDX1QkiiMgqVO7dxpibkRZvHddrI5DtxzWJ5qmnP6rl5DNtLxM+3kHruCgSAeZ/wqNzHScPYWQuLvznC+nhS2wsSZQqjks6+gAGwtRPw+y7kjd5Mq8S8GBIebciV3kyuaFNvKt36//BUm/L2fnBeBQ6xhCLYVJmI3QmbLsVu8wGgsbXqGTIYeB5480dorlK9NQVwZ1wEz9ooMxzdtd+UGgZUx04ckJNP9GE+oiZIZW/jMQP8ljcI69DenptyovtWFf+iWDIM9hYYz6EdZRXP99blP5zygZL7hSivuJWGEpxfU+nQMVoRFiQoT43sZXCHy49ds/3EkD27b3T2uoI264VEjXuZNXPTT9C6rB6E6829cqGy6ouW7s6Y2dEi+0iOMV9wA5NOgT1GY/txmNgzF/dMCoKAfIK2wcHEtEU35jA5KE0vYSxr4gOrgPZ/+jG95iDhL+hnbXgYUpocupW108jRx9BClfU1VL2MnHiFS5JFRe8i4+D+BuQhL/ved9yypRhqU75vH4HiRaHsWaNYUdL2gyLV8vm028TJmLmEbBzfX9tg0KSDrsZK/cUspLKm6NPIIBYx0wWkFYnr4HPMhFrJz17d5U/r/SGyO9uHPf3EQkbFDNVv390zpA6PwvaHjv2aEtGTNdI0RVYyOXIxBUw/M/oRpXrFfeo27ETq6ObACSFUsBcGfeS29WdRjzJ8c3zMCJDdtJtlvJokJjYHiA9rSEV8MT6dDwThafbPn9FaPk/Ca8gXdJvlpMLpBzWRSR5jMV0wnH1VAiC6WaTvaTlNNlNoROiWhBVskBgCFKj3rpufr1q5+Hz85gv0kJdUpeyG+nh3AvLFudA8+RpQgFVBeRenxufJk+5BKdUMIvsxB6ojnP14rKYR6gyGTYl4uoZs8RIkAQPys8h9IGO8ld4M/1RFRxs0j5d3zDuCDS1anCV0vaD2hgI2sS6+1D7FFhionXIBQZwxtWpILJVOZ+EQicYmfV2FjDLO/BHoFLFL1/C4Zgn5ADPspxiZcQ7cJEBZbX6Og62b1bVpdyQ3cSsAJ9f3ewHSfc57aOqRoodp4N2/qW5XqTvdv/eWPmddz5CW4WaJNy7ESR+dhmPAgqz0mazEGAaLZgGvRW74iMM+cYGEHGvVhzcogsjbI/Yu9ZCYt7DcdANtedStGmx4Z/HxPvhSFx8uDpa2ChUOZ0/zi7+qsn0nzGicZwcdWNd0lvJ+aV99Z/3CrAgYnNM/sWCLpXDPbICtk39hdiKxsD2CjxkcrJXvkNAgrdJwadKTUb75c3QIu+r3a6xHgUwXcP5PXEOKSvxy7N24Wd37sWkGB9euqzmo5xkMTbYhY9t2cxc6WALeqbOQUnM85jesTPf22+fQ=&u=U2FsdGVkX18uUkclNqqHTEWotwOFRe7fwHbl1X9i3xskE+z31MBrenz2K8IrmsPw&y=U2FsdGVkX1+2BiLjHje3NQb9VbnahJPsQNhCTKBjrsjlmN+p/RRaaS0mTujM7BhO HTTP/1.1" 200 1603
186.102.39.80 - - [24/Aug/2022:07:14:41 -0500] "GET /kwssiamovil/sm/acme/s?s=U2FsdGVkX181W6PX8GPPO2uXyZrE98GEc0oqlfWzV4qtMTkOZwylpyVm/8bAmn/CdduchbKAeHRvJHb6yV76yJn5CNuAn3QsPfgymeFSyaHllJkMV+z2r3OeD4fuu9alNU5tVPQf8pQmeaHQIMQjzpt/6i1icG7uqWVz7xklKncsDyFdlm5rY534+y1y5eKsQ8KNL4OES0DjYLcxMuK9OJPrqAnrfFJ6ThlM6n+Ew52KJgQZnbqXdMfXUfV+KafLEQcdtJ9aVHCSFZXr+iM98HuuHlVAFSZExfoZM+KQ1aE=&u=U2FsdGVkX18uUkclNqqHTEWotwOFRe7fwHbl1X9i3xskE+z31MBrenz2K8IrmsPw&y=U2FsdGVkX1+2BiLjHje3NQb9VbnahJPsQNhCTKBjrsjlmN+p/RRaaS0mTujM7BhO HTTP/1.1" 200 176
186.102.39.80 - - [24/Aug/2022:07:14:41 -0500] "GET /kwssiamovil/sm/cjson/pre?f=1&x=U2FsdGVkX18xOClX86q1KAmkLuv55uMUSlq52IXtpz7KJz5Co6ZAZ8+ozz/GedzR HTTP/1.1" 200 30992
181.206.70.123 - - [24/Aug/2022:07:15:56 -0500] "GET /css/global/buttons.css HTTP/1.1" 404 1324
181.206.70.123 - - [24/Aug/2022:07:15:56 -0500] "POST /BLA/boletinlegal/admin/notificaciones/ingresar.php HTTP/1.1" 200 30281
201.245.192.253 - - [24/Aug/2022:07:16:27 -0500] "POST /kwsrmcab/Wsrmcab  HTTP/1.1" 200 46805
216.245.221.92 - - [24/Aug/2022:07:17:02 -0500] "HEAD / HTTP/1.1" 200 -
181.206.70.123 - - [24/Aug/2022:07:17:05 -0500] "POST /BLA/boletinlegal/admin/notificaciones/ingresar.php HTTP/1.1" 200 30281
181.206.70.123 - - [24/Aug/2022:07:17:05 -0500] "GET /css/global/buttons.css HTTP/1.1" 404 1324
172.22.2.4 - - [24/Aug/2022:07:16:35 -0500] "HEAD /BLA/boletinlegal/ HTTP/1.1" 200 -
172.22.2.4 - - [24/Aug/2022:07:17:25 -0500] "GET /BLA/boletinlegal/ HTTP/1.1" 200 58566
201.245.192.253 - - [24/Aug/2022:07:19:38 -0500] "POST /kwsrmcab/Wsrmcab HTTP/1.1" 200 44122
201.245.192.253 - - [24/Aug/2022:07:19:43 -0500] "POST /kwsrmcab/Wsrmcab HTTP/1.1" 200 43446
201.245.192.253 - - [24/Aug/2022:07:21:26 -0500] "POST /kwsrmcab/Wsrmcab  HTTP/1.1" 200 46805
181.206.70.123 - - [24/Aug/2022:07:21:59 -0500] "POST /BLA/boletinlegal/admin/notificaciones/ingresar.php HTTP/1.1" 200 30281
181.206.70.123 - - [24/Aug/2022:07:21:59 -0500] "GET /css/global/buttons.css HTTP/1.1" 404 1324
216.245.221.92 - - [24/Aug/2022:07:22:02 -0500] "HEAD / HTTP/1.1" 200 -
172.22.2.4 - - [24/Aug/2022:07:22:18 -0500] "GET /BLA/boletinlegal/consulta_actos.php?tipo=resoluciones&no=2882&usuario=&sector=&fecha=2022&resuelve= HTTP/1.1" 200 1046
181.206.70.123 - - [24/Aug/2022:07:23:07 -0500] "GET /css/global/buttons.css HTTP/1.1" 404 1324
181.206.70.123 - - [24/Aug/2022:07:23:07 -0500] "POST /BLA/boletinlegal/admin/notificaciones/ingresar.php HTTP/1.1" 200 30281
172.22.2.4 - - [24/Aug/2022:07:22:25 -0500] "HEAD /BLA/boletinlegal/ HTTP/1.1" 200 -
181.206.70.123 - - [24/Aug/2022:07:24:20 -0500] "GET /css/global/buttons.css HTTP/1.1" 404 1324
181.206.70.123 - - [24/Aug/2022:07:24:19 -0500] "POST /BLA/boletinlegal/admin/notificaciones/ingresar.php HTTP/1.1" 200 30281
172.22.2.4 - - [24/Aug/2022:07:23:15 -0500] "GET /BLA/boletinlegal/ HTTP/1.1" 200 58154
201.245.192.253 - - [24/Aug/2022:07:26:25 -0500] "POST /kwsrmcab/Wsrmcab  HTTP/1.1" 200 46805
181.206.70.123 - - [24/Aug/2022:07:26:43 -0500] "POST /BLA/boletinlegal/admin/notificaciones/ingresar.php HTTP/1.1" 200 30281
181.206.70.123 - - [24/Aug/2022:07:26:43 -0500] "GET /css/global/buttons.css HTTP/1.1" 404 1324
216.245.221.92 - - [24/Aug/2022:07:27:02 -0500] "HEAD / HTTP/1.1" 200 -
181.206.70.123 - - [24/Aug/2022:07:27:30 -0500] "POST /BLA/boletinlegal/admin/notificaciones/ingresar.php HTTP/1.1" 200 30281
181.206.70.123 - - [24/Aug/2022:07:27:30 -0500] "GET /css/global/buttons.css HTTP/1.1" 404 1324
172.22.2.4 - - [24/Aug/2022:07:27:53 -0500] "GET /BLA/boletinlegal/actos.php HTTP/1.1" 200 9559
172.22.2.4 - - [24/Aug/2022:07:27:54 -0500] "GET /BLA/boletinlegal/favicon.ico HTTP/1.1" 404 1326
172.22.2.4 - - [24/Aug/2022:07:28:03 -0500] "GET /BLA/boletinlegal/consulta_actos.php?tipo=autos&no=3056&usuario=&sector=&fecha=2021&resuelve= HTTP/1.1" 200 626
172.22.2.4 - - [24/Aug/2022:07:28:09 -0500] "GET /BLA/boletinlegal/consulta_actos.php?tipo=resoluciones&no=3056&usuario=&sector=&fecha=2021&resuelve= HTTP/1.1" 200 1104
186.154.160.91 - - [24/Aug/2022:07:28:11 -0500] "GET /BLA/resoluciones/RESOLUCIONES%202021/3056.pdf HTTP/1.1" 200 487643
181.206.70.123 - - [24/Aug/2022:07:28:19 -0500] "GET /css/global/buttons.css HTTP/1.1" 404 1324
181.206.70.123 - - [24/Aug/2022:07:28:18 -0500] "POST /BLA/boletinlegal/admin/notificaciones/ingresar.php HTTP/1.1" 200 30281
181.206.70.123 - - [24/Aug/2022:07:29:03 -0500] "GET /css/global/buttons.css HTTP/1.1" 404 1324
181.206.70.123 - - [24/Aug/2022:07:29:02 -0500] "POST /BLA/boletinlegal/admin/notificaciones/ingresar.php HTTP/1.1" 200 30281
201.245.192.253 - - [24/Aug/2022:07:29:39 -0500] "POST /kwsrmcab/Wsrmcab HTTP/1.1" 200 44122
201.245.192.253 - - [24/Aug/2022:07:29:43 -0500] "POST /kwsrmcab/Wsrmcab HTTP/1.1" 200 43446
43.131.66.209 - - [24/Aug/2022:07:29:52 -0500] "GET / HTTP/1.1" 200 319
181.206.70.123 - - [24/Aug/2022:07:29:54 -0500] "GET /css/global/buttons.css HTTP/1.1" 404 1324
181.206.70.123 - - [24/Aug/2022:07:29:54 -0500] "POST /BLA/boletinlegal/admin/notificaciones/ingresar.php HTTP/1.1" 200 30281
172.22.2.4 - - [24/Aug/2022:07:28:15 -0500] "HEAD /BLA/boletinlegal/ HTTP/1.1" 200 -
209.141.49.169 - - [24/Aug/2022:07:30:13 -0500] "GET / HTTP/1.1" 200 319
209.141.49.169 - - [24/Aug/2022:07:30:13 -0500] "GET /favicon.ico HTTP/1.1" 200 7782
209.141.51.222 - - [24/Aug/2022:07:30:18 -0500] "GET / HTTP/1.1" 200 4720
209.141.51.222 - - [24/Aug/2022:07:30:18 -0500] "GET /favicon.ico HTTP/1.1" 404 1034
172.22.2.4 - - [24/Aug/2022:07:29:05 -0500] "GET /BLA/boletinlegal/ HTTP/1.1" 200 59819
181.206.70.123 - - [24/Aug/2022:07:30:49 -0500] "GET /css/global/buttons.css HTTP/1.1" 404 1324
181.206.70.123 - - [24/Aug/2022:07:30:49 -0500] "POST /BLA/boletinlegal/admin/notificaciones/ingresar.php HTTP/1.1" 200 30281
201.245.192.253 - - [24/Aug/2022:07:31:24 -0500] "POST /kwsrmcab/Wsrmcab  HTTP/1.1" 200 46805
181.206.70.123 - - [24/Aug/2022:07:31:44 -0500] "POST /BLA/boletinlegal/admin/notificaciones/ingresar.php HTTP/1.1" 200 30281
181.206.70.123 - - [24/Aug/2022:07:31:44 -0500] "GET /css/global/buttons.css HTTP/1.1" 404 1324
172.22.2.4 - - [24/Aug/2022:07:31:54 -0500] "GET /BLA/boletinlegal/robots.txt HTTP/1.1" 404 1038
172.22.2.4 - - [24/Aug/2022:07:31:54 -0500] "GET /BLA/boletinlegal/jurisprudencia/analisis/ANALISIST-672-14.docx HTTP/1.1" 304 -
172.22.2.4 - - [24/Aug/2022:07:31:57 -0500] "GET /BLA/boletinlegal/robots.txt HTTP/1.1" 404 1038
216.245.221.92 - - [24/Aug/2022:07:32:02 -0500] "HEAD / HTTP/1.1" 200 -
181.206.70.123 - - [24/Aug/2022:07:32:37 -0500] "GET /css/global/buttons.css HTTP/1.1" 404 1324
181.206.70.123 - - [24/Aug/2022:07:32:37 -0500] "POST /BLA/boletinlegal/admin/notificaciones/ingresar.php HTTP/1.1" 200 30281
31.13.127.17 - - [24/Aug/2022:07:32:57 -0500] "GET /comunidad-y-distrito-trabajan-de-la-mano-para-la-proteccion-y-consolidacion-de-los-ecosistemas-de-barrios-unidos.html HTTP/1.1" 206 859
181.206.70.123 - - [24/Aug/2022:07:33:21 -0500] "POST /BLA/boletinlegal/admin/notificaciones/ingresar.php HTTP/1.1" 200 30281
181.206.70.123 - - [24/Aug/2022:07:33:21 -0500] "GET /css/global/buttons.css HTTP/1.1" 404 1324
186.30.153.164 - - [24/Aug/2022:07:33:34 -0500] "POST /sipse/faces/presentacion/financiero/solicitudProceso/consultarSolicitudProceso.xhtml HTTP/1.1" 200 21248
186.30.153.164 - - [24/Aug/2022:07:33:34 -0500] "GET /sipse/faces/javax.faces.resource/theme.css?ln=primefaces-sipse HTTP/1.1" 304 -
186.30.153.164 - - [24/Aug/2022:07:33:34 -0500] "GET /sipse/faces/javax.faces.resource/primefaces.js?ln=primefaces&v=4.0 HTTP/1.1" 304 -
186.30.153.164 - - [24/Aug/2022:07:33:34 -0500] "GET /sipse/faces/javax.faces.resource/primefaces.css?ln=primefaces&v=4.0 HTTP/1.1" 304 -
186.30.153.164 - - [24/Aug/2022:07:33:34 -0500] "GET /sipse/faces/javax.faces.resource/jquery/jquery.js?ln=primefaces&v=4.0 HTTP/1.1" 304 -
186.30.153.164 - - [24/Aug/2022:07:33:34 -0500] "GET /sipse/faces/javax.faces.resource/jquery/jquery-plugins.js?ln=primefaces&v=4.0 HTTP/1.1" 304 -
186.30.153.164 - - [24/Aug/2022:07:33:34 -0500] "GET /sipse/faces/javax.faces.resource/layout/layout.css?ln=primefaces&v=4.0 HTTP/1.1" 304 -
186.30.153.164 - - [24/Aug/2022:07:33:34 -0500] "GET /sipse/faces/javax.faces.resource/fileupload/fileupload.js?ln=primefaces&v=4.0 HTTP/1.1" 304 -
186.30.153.164 - - [24/Aug/2022:07:33:34 -0500] "GET /sipse/faces/javax.faces.resource/fileupload/fileupload.css?ln=primefaces&v=4.0 HTTP/1.1" 304 -
186.30.153.164 - - [24/Aug/2022:07:33:34 -0500] "GET /sipse/faces/javax.faces.resource/layout/layout.js?ln=primefaces&v=4.0 HTTP/1.1" 304 -
186.30.153.164 - - [24/Aug/2022:07:33:34 -0500] "GET /sipse/faces/javax.faces.resource/images/ui-icons_898989_256x240.png?ln=primefaces-aristo HTTP/1.1" 304 -
186.30.153.164 - - [24/Aug/2022:07:33:42 -0500] "POST /sipse/faces/presentacion/sistema/anexos/cargarAnexoSolicitudProceso.xhtml HTTP/1.1" 200 162149
186.30.153.164 - - [24/Aug/2022:07:33:43 -0500] "GET /sipse/faces/javax.faces.resource/primefaces.css?ln=primefaces&v=4.0 HTTP/1.1" 304 -
186.30.153.164 - - [24/Aug/2022:07:33:43 -0500] "GET /sipse/faces/javax.faces.resource/theme.css?ln=primefaces-sipse HTTP/1.1" 304 -
186.30.153.164 - - [24/Aug/2022:07:33:43 -0500] "GET /sipse/faces/javax.faces.resource/layout/layout.css?ln=primefaces&v=4.0 HTTP/1.1" 304 -
186.30.153.164 - - [24/Aug/2022:07:33:43 -0500] "GET /sipse/faces/javax.faces.resource/jquery/jquery-plugins.js?ln=primefaces&v=4.0 HTTP/1.1" 304 -
186.30.153.164 - - [24/Aug/2022:07:33:43 -0500] "GET /sipse/faces/javax.faces.resource/jquery/jquery.js?ln=primefaces&v=4.0 HTTP/1.1" 304 -
186.30.153.164 - - [24/Aug/2022:07:33:43 -0500] "GET /sipse/faces/javax.faces.resource/primefaces.js?ln=primefaces&v=4.0 HTTP/1.1" 304 -
186.30.153.164 - - [24/Aug/2022:07:33:43 -0500] "GET /sipse/faces/javax.faces.resource/layout/layout.js?ln=primefaces&v=4.0 HTTP/1.1" 304 -
186.30.153.164 - - [24/Aug/2022:07:33:43 -0500] "GET /sipse/faces/javax.faces.resource/images/ui-icons_898989_256x240.png?ln=primefaces-aristo HTTP/1.1" 304 -
186.30.153.164 - - [24/Aug/2022:07:33:46 -0500] "POST /sipse/faces/presentacion/financiero/solicitudProceso/consultarSolicitudProceso.xhtml HTTP/1.1" 200 21248
186.30.153.164 - - [24/Aug/2022:07:33:46 -0500] "GET /sipse/faces/javax.faces.resource/layout/layout.css?ln=primefaces&v=4.0 HTTP/1.1" 304 -
186.30.153.164 - - [24/Aug/2022:07:33:46 -0500] "GET /sipse/faces/javax.faces.resource/layout/layout.js?ln=primefaces&v=4.0 HTTP/1.1" 304 -
186.30.153.164 - - [24/Aug/2022:07:33:46 -0500] "GET /sipse/faces/javax.faces.resource/jquery/jquery.js?ln=primefaces&v=4.0 HTTP/1.1" 304 -
186.30.153.164 - - [24/Aug/2022:07:33:46 -0500] "GET /sipse/faces/javax.faces.resource/theme.css?ln=primefaces-sipse HTTP/1.1" 304 -
186.30.153.164 - - [24/Aug/2022:07:33:46 -0500] "GET /sipse/faces/javax.faces.resource/primefaces.css?ln=primefaces&v=4.0 HTTP/1.1" 304 -
186.30.153.164 - - [24/Aug/2022:07:33:46 -0500] "GET /sipse/faces/javax.faces.resource/jquery/jquery-plugins.js?ln=primefaces&v=4.0 HTTP/1.1" 304 -
186.30.153.164 - - [24/Aug/2022:07:33:46 -0500] "GET /sipse/faces/javax.faces.resource/primefaces.js?ln=primefaces&v=4.0 HTTP/1.1" 304 -
186.30.153.164 - - [24/Aug/2022:07:33:46 -0500] "GET /sipse/faces/javax.faces.resource/fileupload/fileupload.css?ln=primefaces&v=4.0 HTTP/1.1" 304 -
186.30.153.164 - - [24/Aug/2022:07:33:46 -0500] "GET /sipse/faces/javax.faces.resource/fileupload/fileupload.js?ln=primefaces&v=4.0 HTTP/1.1" 304 -
186.30.153.164 - - [24/Aug/2022:07:33:46 -0500] "GET /sipse/faces/javax.faces.resource/images/ui-icons_898989_256x240.png?ln=primefaces-aristo HTTP/1.1" 304 -
186.30.153.164 - - [24/Aug/2022:07:33:50 -0500] "POST /sipse/faces/presentacion/sistema/anexos/cargarAnexoSolicitudProceso.xhtml HTTP/1.1" 200 163941
186.30.153.164 - - [24/Aug/2022:07:33:51 -0500] "GET /sipse/faces/javax.faces.resource/layout/layout.css?ln=primefaces&v=4.0 HTTP/1.1" 304 -
186.30.153.164 - - [24/Aug/2022:07:33:51 -0500] "GET /sipse/faces/javax.faces.resource/jquery/jquery.js?ln=primefaces&v=4.0 HTTP/1.1" 304 -
186.30.153.164 - - [24/Aug/2022:07:33:51 -0500] "GET /sipse/faces/javax.faces.resource/jquery/jquery-plugins.js?ln=primefaces&v=4.0 HTTP/1.1" 304 -
186.30.153.164 - - [24/Aug/2022:07:33:51 -0500] "GET /sipse/faces/javax.faces.resource/primefaces.css?ln=primefaces&v=4.0 HTTP/1.1" 304 -
186.30.153.164 - - [24/Aug/2022:07:33:51 -0500] "GET /sipse/faces/javax.faces.resource/primefaces.js?ln=primefaces&v=4.0 HTTP/1.1" 304 -
186.30.153.164 - - [24/Aug/2022:07:33:51 -0500] "GET /sipse/faces/javax.faces.resource/theme.css?ln=primefaces-sipse HTTP/1.1" 304 -
186.30.153.164 - - [24/Aug/2022:07:33:51 -0500] "GET /sipse/faces/javax.faces.resource/layout/layout.js?ln=primefaces&v=4.0 HTTP/1.1" 304 -
186.30.153.164 - - [24/Aug/2022:07:33:51 -0500] "GET /sipse/faces/javax.faces.resource/images/ui-icons_898989_256x240.png?ln=primefaces-aristo HTTP/1.1" 304 -
186.30.153.164 - - [24/Aug/2022:07:33:54 -0500] "POST /sipse/faces/presentacion/financiero/solicitudProceso/consultarSolicitudProceso.xhtml HTTP/1.1" 200 21248
186.30.153.164 - - [24/Aug/2022:07:33:54 -0500] "GET /sipse/faces/javax.faces.resource/theme.css?ln=primefaces-sipse HTTP/1.1" 304 -
186.30.153.164 - - [24/Aug/2022:07:33:54 -0500] "GET /sipse/faces/javax.faces.resource/primefaces.css?ln=primefaces&v=4.0 HTTP/1.1" 304 -
186.30.153.164 - - [24/Aug/2022:07:33:54 -0500] "GET /sipse/faces/javax.faces.resource/jquery/jquery.js?ln=primefaces&v=4.0 HTTP/1.1" 304 -
186.30.153.164 - - [24/Aug/2022:07:33:54 -0500] "GET /sipse/faces/javax.faces.resource/layout/layout.css?ln=primefaces&v=4.0 HTTP/1.1" 304 -
186.30.153.164 - - [24/Aug/2022:07:33:54 -0500] "GET /sipse/faces/javax.faces.resource/primefaces.js?ln=primefaces&v=4.0 HTTP/1.1" 304 -
186.30.153.164 - - [24/Aug/2022:07:33:54 -0500] "GET /sipse/faces/javax.faces.resource/jquery/jquery-plugins.js?ln=primefaces&v=4.0 HTTP/1.1" 304 -
186.30.153.164 - - [24/Aug/2022:07:33:54 -0500] "GET /sipse/faces/javax.faces.resource/fileupload/fileupload.js?ln=primefaces&v=4.0 HTTP/1.1" 304 -
186.30.153.164 - - [24/Aug/2022:07:33:54 -0500] "GET /sipse/faces/javax.faces.resource/layout/layout.js?ln=primefaces&v=4.0 HTTP/1.1" 304 -
186.30.153.164 - - [24/Aug/2022:07:33:54 -0500] "GET /sipse/faces/javax.faces.resource/fileupload/fileupload.css?ln=primefaces&v=4.0 HTTP/1.1" 304 -
186.30.153.164 - - [24/Aug/2022:07:33:54 -0500] "GET /sipse/faces/javax.faces.resource/images/ui-icons_898989_256x240.png?ln=primefaces-aristo HTTP/1.1" 304 -
186.30.153.164 - - [24/Aug/2022:07:34:01 -0500] "POST /sipse/faces/presentacion/sistema/anexos/cargarAnexoSolicitudProceso.xhtml HTTP/1.1" 200 165753
186.30.153.164 - - [24/Aug/2022:07:34:02 -0500] "GET /sipse/faces/javax.faces.resource/theme.css?ln=primefaces-sipse HTTP/1.1" 304 -
186.30.153.164 - - [24/Aug/2022:07:34:02 -0500] "GET /sipse/faces/javax.faces.resource/layout/layout.css?ln=primefaces&v=4.0 HTTP/1.1" 304 -
186.30.153.164 - - [24/Aug/2022:07:34:02 -0500] "GET /sipse/faces/javax.faces.resource/primefaces.css?ln=primefaces&v=4.0 HTTP/1.1" 304 -
186.30.153.164 - - [24/Aug/2022:07:34:02 -0500] "GET /sipse/faces/javax.faces.resource/jquery/jquery.js?ln=primefaces&v=4.0 HTTP/1.1" 304 -
186.30.153.164 - - [24/Aug/2022:07:34:02 -0500] "GET /sipse/faces/javax.faces.resource/jquery/jquery-plugins.js?ln=primefaces&v=4.0 HTTP/1.1" 304 -
186.30.153.164 - - [24/Aug/2022:07:34:02 -0500] "GET /sipse/faces/javax.faces.resource/primefaces.js?ln=primefaces&v=4.0 HTTP/1.1" 304 -
186.30.153.164 - - [24/Aug/2022:07:34:02 -0500] "GET /sipse/faces/javax.faces.resource/layout/layout.js?ln=primefaces&v=4.0 HTTP/1.1" 304 -
