185.119.81.106 - - [25/Aug/2022:15:54:01 -0500] "POST /portaldeninos/wp-login.php HTTP/1.1" 200 3605
186.80.52.63 - - [25/Aug/2022:15:53:59 -0500] "POST /sipse/faces/presentacion/financiero/solicitudProceso/crearModificarSolicitudProceso.xhtml HTTP/1.1" 200 65948
186.80.52.63 - - [25/Aug/2022:15:54:02 -0500] "GET /sipse/faces/javax.faces.resource/theme.css?ln=primefaces-sipse HTTP/1.1" 304 -
186.80.52.63 - - [25/Aug/2022:15:54:02 -0500] "GET /sipse/faces/javax.faces.resource/primefaces.css?ln=primefaces&v=4.0 HTTP/1.1" 304 -
186.80.52.63 - - [25/Aug/2022:15:54:02 -0500] "GET /sipse/faces/javax.faces.resource/layout/layout.css?ln=primefaces&v=4.0 HTTP/1.1" 304 -
186.80.52.63 - - [25/Aug/2022:15:54:02 -0500] "GET /sipse/faces/javax.faces.resource/jquery/jquery.js?ln=primefaces&v=4.0 HTTP/1.1" 304 -
186.80.52.63 - - [25/Aug/2022:15:54:03 -0500] "GET /sipse/faces/javax.faces.resource/jquery/jquery-plugins.js?ln=primefaces&v=4.0 HTTP/1.1" 304 -
186.80.52.63 - - [25/Aug/2022:15:54:03 -0500] "GET /sipse/faces/javax.faces.resource/primefaces.js?ln=primefaces&v=4.0 HTTP/1.1" 304 -
186.80.52.63 - - [25/Aug/2022:15:54:03 -0500] "GET /sipse/faces/javax.faces.resource/layout/layout.js?ln=primefaces&v=4.0 HTTP/1.1" 304 -
186.80.52.63 - - [25/Aug/2022:15:54:03 -0500] "POST /sipse/faces/presentacion/financiero/solicitudProceso/listarSolicitudProceso.xhtml HTTP/1.1" 200 1552
186.102.52.210 - - [25/Aug/2022:15:54:08 -0500] "GET /kwssiamovil/sm/acme/u?s=U2FsdGVkX19zt+ZhVf3es23vzcagHYD3fCpxPQi/2L9aConYbhysxXWndBv/1ogWMfCLkfiVeh8m9CxV8MwTkQ/R9rdTHpC67G0QGgpwcZbVpsW+kp0tPCLkQRyP7+j7JZhjH0CrB+81QvP9jIrqeg==&u=U2FsdGVkX19IM7Dbj+Sdi9x3eRBihyvMib+dafOQmDb7G2+cQQi9/JF+p++chntX&y=U2FsdGVkX1/OpeNf6JmQbEeSiP0msmDbhk+q1nLm4yy3dlGkoJYiYB2WJhuY1JZX HTTP/1.1" 200 60
186.80.52.63 - - [25/Aug/2022:15:54:11 -0500] "POST /sipse/faces/presentacion/financiero/solicitudProceso/listarSolicitudProceso.xhtml HTTP/1.1" 200 121270
186.80.52.63 - - [25/Aug/2022:15:54:13 -0500] "GET /sipse/faces/javax.faces.resource/theme.css?ln=primefaces-sipse HTTP/1.1" 304 -
186.80.52.63 - - [25/Aug/2022:15:54:13 -0500] "GET /sipse/faces/javax.faces.resource/primefaces.css?ln=primefaces&v=4.0 HTTP/1.1" 304 -
186.80.52.63 - - [25/Aug/2022:15:54:13 -0500] "GET /sipse/faces/javax.faces.resource/layout/layout.css?ln=primefaces&v=4.0 HTTP/1.1" 304 -
186.80.52.63 - - [25/Aug/2022:15:54:13 -0500] "GET /sipse/faces/javax.faces.resource/jquery/jquery.js?ln=primefaces&v=4.0 HTTP/1.1" 304 -
186.80.52.63 - - [25/Aug/2022:15:54:13 -0500] "GET /sipse/faces/javax.faces.resource/jquery/jquery-plugins.js?ln=primefaces&v=4.0 HTTP/1.1" 304 -
186.80.52.63 - - [25/Aug/2022:15:54:13 -0500] "GET /sipse/faces/javax.faces.resource/primefaces.js?ln=primefaces&v=4.0 HTTP/1.1" 304 -
186.80.52.63 - - [25/Aug/2022:15:54:13 -0500] "GET /sipse/faces/javax.faces.resource/layout/layout.js?ln=primefaces&v=4.0 HTTP/1.1" 304 -
186.80.52.63 - - [25/Aug/2022:15:54:32 -0500] "POST /sipse/faces/presentacion/financiero/solicitudProceso/consultarSolicitudProceso.xhtml HTTP/1.1" 200 47313
186.80.52.63 - - [25/Aug/2022:15:54:32 -0500] "GET /sipse/faces/javax.faces.resource/theme.css?ln=primefaces-sipse HTTP/1.1" 304 -
186.80.52.63 - - [25/Aug/2022:15:54:32 -0500] "GET /sipse/faces/javax.faces.resource/layout/layout.css?ln=primefaces&v=4.0 HTTP/1.1" 304 -
186.80.52.63 - - [25/Aug/2022:15:54:32 -0500] "GET /sipse/faces/javax.faces.resource/primefaces.css?ln=primefaces&v=4.0 HTTP/1.1" 304 -
186.80.52.63 - - [25/Aug/2022:15:54:32 -0500] "GET /sipse/faces/javax.faces.resource/jquery/jquery.js?ln=primefaces&v=4.0 HTTP/1.1" 304 -
186.80.52.63 - - [25/Aug/2022:15:54:32 -0500] "GET /sipse/faces/javax.faces.resource/jquery/jquery-plugins.js?ln=primefaces&v=4.0 HTTP/1.1" 304 -
186.80.52.63 - - [25/Aug/2022:15:54:32 -0500] "GET /sipse/faces/javax.faces.resource/primefaces.js?ln=primefaces&v=4.0 HTTP/1.1" 304 -
186.80.52.63 - - [25/Aug/2022:15:54:33 -0500] "GET /sipse/faces/javax.faces.resource/layout/layout.js?ln=primefaces&v=4.0 HTTP/1.1" 304 -
186.80.52.63 - - [25/Aug/2022:15:54:37 -0500] "POST /sipse/faces/presentacion/financiero/estudioPrevio/personalSolicitado/personalSolicitadoSolicitudProceso.xhtml HTTP/1.1" 200 7055
186.102.52.210 - - [25/Aug/2022:15:54:43 -0500] "GET /kwssiamovil/sm/acme/u?s=U2FsdGVkX18kBZD5ra8w9ILQzYNERrH1qudzdyuLdTzupfSgo3b2GSwAfGCRJPz9QU9QraRkUulQiPpewhG9bzzaKgJ8Y36teeSMZnGyAoroPUGJYlSB/uwMmTPJADjCS+0ZfE/NVa8s1qv0jSoi0w==&u=U2FsdGVkX19IM7Dbj+Sdi9x3eRBihyvMib+dafOQmDb7G2+cQQi9/JF+p++chntX&y=U2FsdGVkX1/OpeNf6JmQbEeSiP0msmDbhk+q1nLm4yy3dlGkoJYiYB2WJhuY1JZX HTTP/1.1" 200 60
186.80.52.63 - - [25/Aug/2022:15:54:55 -0500] "POST /sipse/faces/presentacion/financiero/estudioPrevio/personalSolicitado/personalSolicitadoSolicitudProceso.xhtml HTTP/1.1" 200 36852
186.80.52.63 - - [25/Aug/2022:15:54:57 -0500] "GET /sipse/faces/javax.faces.resource/theme.css?ln=primefaces-sipse HTTP/1.1" 304 -
186.80.52.63 - - [25/Aug/2022:15:54:57 -0500] "GET /sipse/faces/javax.faces.resource/primefaces.css?ln=primefaces&v=4.0 HTTP/1.1" 304 -
186.80.52.63 - - [25/Aug/2022:15:54:57 -0500] "GET /sipse/faces/javax.faces.resource/layout/layout.css?ln=primefaces&v=4.0 HTTP/1.1" 304 -
186.80.52.63 - - [25/Aug/2022:15:54:57 -0500] "GET /sipse/faces/javax.faces.resource/jquery/jquery.js?ln=primefaces&v=4.0 HTTP/1.1" 304 -
186.80.52.63 - - [25/Aug/2022:15:54:57 -0500] "GET /sipse/faces/javax.faces.resource/jquery/jquery-plugins.js?ln=primefaces&v=4.0 HTTP/1.1" 304 -
186.80.52.63 - - [25/Aug/2022:15:54:57 -0500] "GET /sipse/faces/javax.faces.resource/primefaces.js?ln=primefaces&v=4.0 HTTP/1.1" 304 -
186.80.52.63 - - [25/Aug/2022:15:54:57 -0500] "GET /sipse/faces/javax.faces.resource/layout/layout.js?ln=primefaces&v=4.0 HTTP/1.1" 304 -
66.220.149.119 - - [25/Aug/2022:15:55:04 -0500] "GET /esta-abierta-la-convocatoria-para-ser-parte-del-programa-de-voluntariado-ambiental-de-bogota.html HTTP/1.1" 206 972
186.102.52.210 - - [25/Aug/2022:15:55:12 -0500] "GET /kwssiamovil/sm/acme/u?s=U2FsdGVkX1+VNDnX7IXOq3Nc4uCtxZma2X1JF/5S4Hs8q1l34xU1Mym+c1WzxWYpccr3CJ69QaGxji+vTzSkVhqZz/3Ey2MHb2mjLS+7mRvqAPa69DCbl7u7DTWinCBriQL7jfXSBzszuvxgXN9sNA==&u=U2FsdGVkX19IM7Dbj+Sdi9x3eRBihyvMib+dafOQmDb7G2+cQQi9/JF+p++chntX&y=U2FsdGVkX1/OpeNf6JmQbEeSiP0msmDbhk+q1nLm4yy3dlGkoJYiYB2WJhuY1JZX HTTP/1.1" 200 60
186.145.251.132 - - [25/Aug/2022:15:55:30 -0500] "-" 408 -
186.102.52.210 - - [25/Aug/2022:15:55:39 -0500] "GET /kwssiamovil/sm/acme/u?s=U2FsdGVkX1+u4L/aWaAFBfkMt9Gn9weDjn/+tYoyy6Uw8lXuEu8aQ3YM9GEDZiFYvT9ncGYyeY4Bpi6qSbAHR3SfMcuMDrigAXWbQW0+E7MZL9+vZNaW9wjdNyS0Tgkct01QRJ+qF06zTWwzJVY6iQ==&u=U2FsdGVkX19IM7Dbj+Sdi9x3eRBihyvMib+dafOQmDb7G2+cQQi9/JF+p++chntX&y=U2FsdGVkX1/OpeNf6JmQbEeSiP0msmDbhk+q1nLm4yy3dlGkoJYiYB2WJhuY1JZX HTTP/1.1" 200 60
186.80.52.63 - - [25/Aug/2022:15:55:43 -0500] "POST /sipse/faces/presentacion/financiero/estudioPrevio/personalSolicitado/asociarProfesionPersonalSolicitado.xhtml HTTP/1.1" 200 21173
186.145.251.132 - - [25/Aug/2022:15:55:50 -0500] "-" 408 -
186.145.251.132 - - [25/Aug/2022:15:55:50 -0500] "-" 408 -
186.102.52.210 - - [25/Aug/2022:15:55:56 -0500] "GET /kwssiamovil/sm/acme/u?s=U2FsdGVkX19kYdG3BLWAkw38Hj+bpnMCF5nPB4jVponMVldi8zcg4GcQOXjnCfhKqjfdIumFqWCIexXQqs4IqX1JZDKZKIlTBxLBVOq6396edT4Jvarx1pp9PuDgekWSut1FE3ESqH4wkdk8WpW0/w==&u=U2FsdGVkX19IM7Dbj+Sdi9x3eRBihyvMib+dafOQmDb7G2+cQQi9/JF+p++chntX&y=U2FsdGVkX1/OpeNf6JmQbEeSiP0msmDbhk+q1nLm4yy3dlGkoJYiYB2WJhuY1JZX HTTP/1.1" 200 60
186.80.52.63 - - [25/Aug/2022:15:55:58 -0500] "POST /sipse/faces/presentacion/financiero/estudioPrevio/personalSolicitado/asociarProfesionPersonalSolicitado.xhtml HTTP/1.1" 200 1419
186.80.52.63 - - [25/Aug/2022:15:55:58 -0500] "POST /sipse/faces/presentacion/financiero/estudioPrevio/personalSolicitado/asociarProfesionPersonalSolicitado.xhtml HTTP/1.1" 200 1423
186.145.251.132 - - [25/Aug/2022:15:56:00 -0500] "-" 408 -
186.80.52.63 - - [25/Aug/2022:15:56:03 -0500] "POST /sipse/faces/presentacion/financiero/estudioPrevio/personalSolicitado/asociarProfesionPersonalSolicitado.xhtml HTTP/1.1" 200 20961
186.80.52.63 - - [25/Aug/2022:15:56:14 -0500] "POST /sipse/faces/presentacion/financiero/estudioPrevio/personalSolicitado/asociarProfesionPersonalSolicitado.xhtml HTTP/1.1" 200 3274
186.80.52.63 - - [25/Aug/2022:15:56:18 -0500] "POST /sipse/faces/presentacion/financiero/estudioPrevio/personalSolicitado/asociarProfesionPersonalSolicitado.xhtml HTTP/1.1" 200 52039
186.80.52.63 - - [25/Aug/2022:15:56:19 -0500] "GET /sipse/faces/javax.faces.resource/theme.css?ln=primefaces-sipse HTTP/1.1" 304 -
186.80.52.63 - - [25/Aug/2022:15:56:19 -0500] "GET /sipse/faces/javax.faces.resource/layout/layout.css?ln=primefaces&v=4.0 HTTP/1.1" 304 -
186.80.52.63 - - [25/Aug/2022:15:56:19 -0500] "GET /sipse/faces/javax.faces.resource/primefaces.css?ln=primefaces&v=4.0 HTTP/1.1" 304 -
186.80.52.63 - - [25/Aug/2022:15:56:19 -0500] "GET /sipse/faces/javax.faces.resource/jquery/jquery.js?ln=primefaces&v=4.0 HTTP/1.1" 304 -
186.80.52.63 - - [25/Aug/2022:15:56:19 -0500] "GET /sipse/faces/javax.faces.resource/jquery/jquery-plugins.js?ln=primefaces&v=4.0 HTTP/1.1" 304 -
186.80.52.63 - - [25/Aug/2022:15:56:19 -0500] "GET /sipse/faces/javax.faces.resource/primefaces.js?ln=primefaces&v=4.0 HTTP/1.1" 304 -
186.80.52.63 - - [25/Aug/2022:15:56:19 -0500] "GET /sipse/faces/javax.faces.resource/layout/layout.js?ln=primefaces&v=4.0 HTTP/1.1" 304 -
207.46.13.186 - - [25/Aug/2022:15:56:23 -0500] "GET /sipse/faces/autenticacion.xhtml HTTP/1.1" 200 12501
186.80.52.63 - - [25/Aug/2022:15:56:22 -0500] "POST /sipse/faces/presentacion/financiero/estudioPrevio/personalSolicitado/personalSolicitadoSolicitudProceso.xhtml HTTP/1.1" 200 36856
186.80.52.63 - - [25/Aug/2022:15:56:24 -0500] "GET /sipse/faces/javax.faces.resource/theme.css?ln=primefaces-sipse HTTP/1.1" 304 -
186.80.52.63 - - [25/Aug/2022:15:56:24 -0500] "GET /sipse/faces/javax.faces.resource/primefaces.css?ln=primefaces&v=4.0 HTTP/1.1" 304 -
186.80.52.63 - - [25/Aug/2022:15:56:24 -0500] "GET /sipse/faces/javax.faces.resource/layout/layout.css?ln=primefaces&v=4.0 HTTP/1.1" 304 -
186.80.52.63 - - [25/Aug/2022:15:56:24 -0500] "GET /sipse/faces/javax.faces.resource/jquery/jquery.js?ln=primefaces&v=4.0 HTTP/1.1" 304 -
186.80.52.63 - - [25/Aug/2022:15:56:24 -0500] "GET /sipse/faces/javax.faces.resource/jquery/jquery-plugins.js?ln=primefaces&v=4.0 HTTP/1.1" 304 -
186.80.52.63 - - [25/Aug/2022:15:56:24 -0500] "GET /sipse/faces/javax.faces.resource/primefaces.js?ln=primefaces&v=4.0 HTTP/1.1" 304 -
186.80.52.63 - - [25/Aug/2022:15:56:25 -0500] "GET /sipse/faces/javax.faces.resource/layout/layout.js?ln=primefaces&v=4.0 HTTP/1.1" 304 -
186.102.52.210 - - [25/Aug/2022:15:56:25 -0500] "GET /kwssiamovil/sm/acme/u?s=U2FsdGVkX1+HKUY3avOr9SwfBZFW1Gcb+L7Dnb0XTuGELRR1R9JJ4emQKltOl9nOtybJiMAoHlChFEMOmzxBhiX4GHGb3I928VHgOi18+b+hKSwpB2RqKJZNJROU6lVMVE1LaLOw8Uu9djdlFv6ZLg==&u=U2FsdGVkX19IM7Dbj+Sdi9x3eRBihyvMib+dafOQmDb7G2+cQQi9/JF+p++chntX&y=U2FsdGVkX1/OpeNf6JmQbEeSiP0msmDbhk+q1nLm4yy3dlGkoJYiYB2WJhuY1JZX HTTP/1.1" 200 60
186.80.52.63 - - [25/Aug/2022:15:56:37 -0500] "POST /sipse/faces/presentacion/financiero/estudioPrevio/personalSolicitado/asociarProfesionPersonalSolicitado.xhtml HTTP/1.1" 200 21425
186.102.52.210 - - [25/Aug/2022:15:56:40 -0500] "GET /kwssiamovil/sm/acme/u?s=U2FsdGVkX1/BGbZ/gnVFCF5uJXrMpT0SHh/sirmKx2JO63Qln2WV1vjFL/BtlR8h/Up3QKo/jBInUFW5INAHo0MLEjUHhPt8sj4+/TYADPQEiZRMu+12QRrsMQQWwFu+VzwAC/XcUqBz/3FMqDxeDQ==&u=U2FsdGVkX19IM7Dbj+Sdi9x3eRBihyvMib+dafOQmDb7G2+cQQi9/JF+p++chntX&y=U2FsdGVkX1/OpeNf6JmQbEeSiP0msmDbhk+q1nLm4yy3dlGkoJYiYB2WJhuY1JZX HTTP/1.1" 200 60
186.80.52.63 - - [25/Aug/2022:15:56:44 -0500] "POST /sipse/faces/presentacion/financiero/estudioPrevio/personalSolicitado/asociarProfesionPersonalSolicitado.xhtml HTTP/1.1" 200 16366
201.245.192.253 - - [25/Aug/2022:15:56:49 -0500] "POST /kwsrmcab/Wsrmcab  HTTP/1.1" 200 46805
186.102.52.210 - - [25/Aug/2022:15:56:54 -0500] "GET /kwssiamovil/sm/acme/u?s=U2FsdGVkX1+q9ruGPsHZR1Bk3g9t+6r7mXldRqdnbhDfC3c8wzXp4OaXjq4UsyE9oweiKcNhLr9+IXTyCXtPI0invZ5NUERw2FuCCHEaj/pnahjwOyu5xY6pfCgdXuhSwbTnFQpnXSy+mhS7VePMRQ==&u=U2FsdGVkX19IM7Dbj+Sdi9x3eRBihyvMib+dafOQmDb7G2+cQQi9/JF+p++chntX&y=U2FsdGVkX1/OpeNf6JmQbEeSiP0msmDbhk+q1nLm4yy3dlGkoJYiYB2WJhuY1JZX HTTP/1.1" 200 60
186.80.52.63 - - [25/Aug/2022:15:56:55 -0500] "POST /sipse/faces/presentacion/financiero/estudioPrevio/personalSolicitado/asociarProfesionPersonalSolicitado.xhtml HTTP/1.1" 200 20957
216.245.221.92 - - [25/Aug/2022:15:56:57 -0500] "HEAD / HTTP/1.1" 200 -
186.80.52.63 - - [25/Aug/2022:15:57:07 -0500] "POST /sipse/faces/presentacion/financiero/estudioPrevio/personalSolicitado/asociarProfesionPersonalSolicitado.xhtml HTTP/1.1" 200 21404
186.80.52.63 - - [25/Aug/2022:15:57:11 -0500] "POST /sipse/faces/presentacion/financiero/estudioPrevio/personalSolicitado/asociarProfesionPersonalSolicitado.xhtml HTTP/1.1" 200 53318
186.80.52.63 - - [25/Aug/2022:15:57:12 -0500] "GET /sipse/faces/javax.faces.resource/primefaces.css?ln=primefaces&v=4.0 HTTP/1.1" 304 -
186.80.52.63 - - [25/Aug/2022:15:57:12 -0500] "GET /sipse/faces/javax.faces.resource/theme.css?ln=primefaces-sipse HTTP/1.1" 304 -
186.80.52.63 - - [25/Aug/2022:15:57:12 -0500] "GET /sipse/faces/javax.faces.resource/layout/layout.css?ln=primefaces&v=4.0 HTTP/1.1" 304 -
186.80.52.63 - - [25/Aug/2022:15:57:12 -0500] "GET /sipse/faces/javax.faces.resource/jquery/jquery-plugins.js?ln=primefaces&v=4.0 HTTP/1.1" 304 -
186.80.52.63 - - [25/Aug/2022:15:57:12 -0500] "GET /sipse/faces/javax.faces.resource/jquery/jquery.js?ln=primefaces&v=4.0 HTTP/1.1" 304 -
186.80.52.63 - - [25/Aug/2022:15:57:12 -0500] "GET /sipse/faces/javax.faces.resource/primefaces.js?ln=primefaces&v=4.0 HTTP/1.1" 304 -
186.80.52.63 - - [25/Aug/2022:15:57:12 -0500] "GET /sipse/faces/javax.faces.resource/layout/layout.js?ln=primefaces&v=4.0 HTTP/1.1" 304 -
186.102.52.210 - - [25/Aug/2022:15:57:18 -0500] "GET /kwssiamovil/sm/acme/u?s=U2FsdGVkX18U2WHyRTP68mrvb3qL17jvCBx1F9lpePk+3HzAJ/iD3eX20VQ7yWZPbRkMZ+LHmUgngFgbUd+bmtygLLaxMzbq3uLEmBnH7AaU8XmlvlhmqvxK8kFqIPLCe00TOoDD9BSksrBonka9iQ==&u=U2FsdGVkX19IM7Dbj+Sdi9x3eRBihyvMib+dafOQmDb7G2+cQQi9/JF+p++chntX&y=U2FsdGVkX1/OpeNf6JmQbEeSiP0msmDbhk+q1nLm4yy3dlGkoJYiYB2WJhuY1JZX HTTP/1.1" 200 60
186.80.52.63 - - [25/Aug/2022:15:57:25 -0500] "POST /sipse/faces/presentacion/financiero/estudioPrevio/personalSolicitado/personalSolicitadoSolicitudProceso.xhtml HTTP/1.1" 200 36860
186.80.52.63 - - [25/Aug/2022:15:57:27 -0500] "GET /sipse/faces/javax.faces.resource/theme.css?ln=primefaces-sipse HTTP/1.1" 304 -
186.80.52.63 - - [25/Aug/2022:15:57:27 -0500] "GET /sipse/faces/javax.faces.resource/layout/layout.css?ln=primefaces&v=4.0 HTTP/1.1" 304 -
186.80.52.63 - - [25/Aug/2022:15:57:27 -0500] "GET /sipse/faces/javax.faces.resource/primefaces.css?ln=primefaces&v=4.0 HTTP/1.1" 304 -
186.80.52.63 - - [25/Aug/2022:15:57:27 -0500] "GET /sipse/faces/javax.faces.resource/jquery/jquery.js?ln=primefaces&v=4.0 HTTP/1.1" 304 -
186.80.52.63 - - [25/Aug/2022:15:57:27 -0500] "GET /sipse/faces/javax.faces.resource/jquery/jquery-plugins.js?ln=primefaces&v=4.0 HTTP/1.1" 304 -
186.80.52.63 - - [25/Aug/2022:15:57:27 -0500] "GET /sipse/faces/javax.faces.resource/primefaces.js?ln=primefaces&v=4.0 HTTP/1.1" 304 -
186.80.52.63 - - [25/Aug/2022:15:57:28 -0500] "GET /sipse/faces/javax.faces.resource/layout/layout.js?ln=primefaces&v=4.0 HTTP/1.1" 304 -
186.80.52.63 - - [25/Aug/2022:15:57:30 -0500] "POST /sipse/faces/presentacion/financiero/estudioPrevio/personalSolicitado/asociarProfesionPersonalSolicitado.xhtml HTTP/1.1" 200 1431
186.80.52.63 - - [25/Aug/2022:15:57:35 -0500] "POST /sipse/faces/presentacion/financiero/estudioPrevio/personalSolicitado/asociarProfesionPersonalSolicitado.xhtml HTTP/1.1" 200 1427
186.80.52.63 - - [25/Aug/2022:15:57:36 -0500] "POST /sipse/faces/presentacion/financiero/estudioPrevio/personalSolicitado/asociarProfesionPersonalSolicitado.xhtml HTTP/1.1" 200 9316
186.102.52.210 - - [25/Aug/2022:15:57:41 -0500] "GET /kwssiamovil/sm/acme/u?s=U2FsdGVkX19Q/R48TYeXisCeb9J39aHitJzIRYjlGi2pGKj5StFqD+Sd6i+jyvMl72KqTBLIRgxVtGpqQo3qCQWNonpND6eojGXzeH7FuELqLE6dqMq0c3XnM1pWrcCssn0v5jgGkebk23hR02nADw==&u=U2FsdGVkX19IM7Dbj+Sdi9x3eRBihyvMib+dafOQmDb7G2+cQQi9/JF+p++chntX&y=U2FsdGVkX1/OpeNf6JmQbEeSiP0msmDbhk+q1nLm4yy3dlGkoJYiYB2WJhuY1JZX HTTP/1.1" 200 60
186.80.52.63 - - [25/Aug/2022:15:57:42 -0500] "POST /sipse/faces/presentacion/financiero/estudioPrevio/personalSolicitado/asociarProfesionPersonalSolicitado.xhtml HTTP/1.1" 200 54594
186.80.52.63 - - [25/Aug/2022:15:57:42 -0500] "GET /sipse/faces/javax.faces.resource/theme.css?ln=primefaces-sipse HTTP/1.1" 304 -
186.80.52.63 - - [25/Aug/2022:15:57:42 -0500] "GET /sipse/faces/javax.faces.resource/primefaces.css?ln=primefaces&v=4.0 HTTP/1.1" 304 -
186.80.52.63 - - [25/Aug/2022:15:57:42 -0500] "GET /sipse/faces/javax.faces.resource/layout/layout.css?ln=primefaces&v=4.0 HTTP/1.1" 304 -
186.80.52.63 - - [25/Aug/2022:15:57:42 -0500] "GET /sipse/faces/javax.faces.resource/jquery/jquery.js?ln=primefaces&v=4.0 HTTP/1.1" 304 -
186.80.52.63 - - [25/Aug/2022:15:57:42 -0500] "GET /sipse/faces/javax.faces.resource/primefaces.js?ln=primefaces&v=4.0 HTTP/1.1" 304 -
186.80.52.63 - - [25/Aug/2022:15:57:42 -0500] "GET /sipse/faces/javax.faces.resource/jquery/jquery-plugins.js?ln=primefaces&v=4.0 HTTP/1.1" 304 -
186.80.52.63 - - [25/Aug/2022:15:57:42 -0500] "GET /sipse/faces/javax.faces.resource/layout/layout.js?ln=primefaces&v=4.0 HTTP/1.1" 304 -
186.80.52.63 - - [25/Aug/2022:15:58:04 -0500] "POST /sipse/faces/presentacion/financiero/estudioPrevio/personalSolicitado/personalSolicitadoSolicitudProceso.xhtml HTTP/1.1" 200 36865
186.80.52.63 - - [25/Aug/2022:15:58:06 -0500] "GET /sipse/faces/javax.faces.resource/theme.css?ln=primefaces-sipse HTTP/1.1" 304 -
186.80.52.63 - - [25/Aug/2022:15:58:06 -0500] "GET /sipse/faces/javax.faces.resource/primefaces.css?ln=primefaces&v=4.0 HTTP/1.1" 304 -
186.80.52.63 - - [25/Aug/2022:15:58:06 -0500] "GET /sipse/faces/javax.faces.resource/layout/layout.css?ln=primefaces&v=4.0 HTTP/1.1" 304 -
186.80.52.63 - - [25/Aug/2022:15:58:06 -0500] "GET /sipse/faces/javax.faces.resource/jquery/jquery.js?ln=primefaces&v=4.0 HTTP/1.1" 304 -
186.80.52.63 - - [25/Aug/2022:15:58:06 -0500] "GET /sipse/faces/javax.faces.resource/jquery/jquery-plugins.js?ln=primefaces&v=4.0 HTTP/1.1" 304 -
186.80.52.63 - - [25/Aug/2022:15:58:07 -0500] "GET /sipse/faces/javax.faces.resource/primefaces.js?ln=primefaces&v=4.0 HTTP/1.1" 304 -
186.80.52.63 - - [25/Aug/2022:15:58:07 -0500] "GET /sipse/faces/javax.faces.resource/layout/layout.js?ln=primefaces&v=4.0 HTTP/1.1" 304 -
186.102.52.210 - - [25/Aug/2022:15:58:07 -0500] "GET /kwssiamovil/sm/acme/u?s=U2FsdGVkX1/zU+moB4oYl9SwSFlzlzyaMVZtcToZSESEVHOYPqDsNiSjplLZdm0cLYlbJ0lhIcE871b2qtzlrBZXzJCxL3k1zwbZirrImFFjRJsVvTMUSpTH01tENi8queFQOnYL2PdUVVBZiUN8GQ==&u=U2FsdGVkX19IM7Dbj+Sdi9x3eRBihyvMib+dafOQmDb7G2+cQQi9/JF+p++chntX&y=U2FsdGVkX1/OpeNf6JmQbEeSiP0msmDbhk+q1nLm4yy3dlGkoJYiYB2WJhuY1JZX HTTP/1.1" 200 60
186.80.52.63 - - [25/Aug/2022:15:58:09 -0500] "POST /sipse/faces/presentacion/financiero/estudioPrevio/personalSolicitado/asociarProfesionPersonalSolicitado.xhtml HTTP/1.1" 200 2282
172.22.2.4 - - [25/Aug/2022:15:56:31 -0500] "HEAD /BLA/boletinlegal/ HTTP/1.1" 200 -
186.80.52.63 - - [25/Aug/2022:15:58:14 -0500] "POST /sipse/faces/presentacion/financiero/estudioPrevio/personalSolicitado/asociarProfesionPersonalSolicitado.xhtml HTTP/1.1" 200 55868
186.80.52.63 - - [25/Aug/2022:15:58:14 -0500] "GET /sipse/faces/javax.faces.resource/theme.css?ln=primefaces-sipse HTTP/1.1" 304 -
186.80.52.63 - - [25/Aug/2022:15:58:15 -0500] "GET /sipse/faces/javax.faces.resource/primefaces.css?ln=primefaces&v=4.0 HTTP/1.1" 304 -
186.80.52.63 - - [25/Aug/2022:15:58:15 -0500] "GET /sipse/faces/javax.faces.resource/layout/layout.css?ln=primefaces&v=4.0 HTTP/1.1" 304 -
186.80.52.63 - - [25/Aug/2022:15:58:15 -0500] "GET /sipse/faces/javax.faces.resource/jquery/jquery.js?ln=primefaces&v=4.0 HTTP/1.1" 304 -
186.80.52.63 - - [25/Aug/2022:15:58:15 -0500] "GET /sipse/faces/javax.faces.resource/jquery/jquery-plugins.js?ln=primefaces&v=4.0 HTTP/1.1" 304 -
186.80.52.63 - - [25/Aug/2022:15:58:15 -0500] "GET /sipse/faces/javax.faces.resource/layout/layout.js?ln=primefaces&v=4.0 HTTP/1.1" 304 -
186.80.52.63 - - [25/Aug/2022:15:58:15 -0500] "GET /sipse/faces/javax.faces.resource/primefaces.js?ln=primefaces&v=4.0 HTTP/1.1" 304 -
186.80.52.63 - - [25/Aug/2022:15:58:26 -0500] "POST /sipse/faces/presentacion/financiero/estudioPrevio/personalSolicitado/personalSolicitadoSolicitudProceso.xhtml HTTP/1.1" 200 36870
186.80.52.63 - - [25/Aug/2022:15:58:28 -0500] "GET /sipse/faces/javax.faces.resource/theme.css?ln=primefaces-sipse HTTP/1.1" 304 -
186.80.52.63 - - [25/Aug/2022:15:58:28 -0500] "GET /sipse/faces/javax.faces.resource/primefaces.css?ln=primefaces&v=4.0 HTTP/1.1" 304 -
186.80.52.63 - - [25/Aug/2022:15:58:28 -0500] "GET /sipse/faces/javax.faces.resource/layout/layout.css?ln=primefaces&v=4.0 HTTP/1.1" 304 -
186.80.52.63 - - [25/Aug/2022:15:58:28 -0500] "GET /sipse/faces/javax.faces.resource/jquery/jquery.js?ln=primefaces&v=4.0 HTTP/1.1" 304 -
186.80.52.63 - - [25/Aug/2022:15:58:28 -0500] "GET /sipse/faces/javax.faces.resource/jquery/jquery-plugins.js?ln=primefaces&v=4.0 HTTP/1.1" 304 -
186.80.52.63 - - [25/Aug/2022:15:58:28 -0500] "GET /sipse/faces/javax.faces.resource/primefaces.js?ln=primefaces&v=4.0 HTTP/1.1" 304 -
186.80.52.63 - - [25/Aug/2022:15:58:28 -0500] "GET /sipse/faces/javax.faces.resource/layout/layout.js?ln=primefaces&v=4.0 HTTP/1.1" 304 -
186.102.52.210 - - [25/Aug/2022:15:58:30 -0500] "GET /kwssiamovil/sm/acme/u?s=U2FsdGVkX18AQlFj5KbOyyiMc2y9lFZhRJp1wJo4PZRhU/mCOu9cnZWJHJiCfiRvaLx/fgT9weDmlFEwaciT+818lMqY+gA3IRBvJXcVMx3c+2vhdmG1hTO78Cd9ZrABp7wLUA7NcaSHXyPcdqYbcQ==&u=U2FsdGVkX19IM7Dbj+Sdi9x3eRBihyvMib+dafOQmDb7G2+cQQi9/JF+p++chntX&y=U2FsdGVkX1/OpeNf6JmQbEeSiP0msmDbhk+q1nLm4yy3dlGkoJYiYB2WJhuY1JZX HTTP/1.1" 200 60
186.80.52.63 - - [25/Aug/2022:15:58:30 -0500] "POST /sipse/faces/presentacion/financiero/estudioPrevio/personalSolicitado/asociarProfesionPersonalSolicitado.xhtml HTTP/1.1" 200 2293
186.80.52.63 - - [25/Aug/2022:15:58:36 -0500] "POST /sipse/faces/presentacion/financiero/estudioPrevio/personalSolicitado/asociarProfesionPersonalSolicitado.xhtml HTTP/1.1" 200 2293
66.249.66.63 - - [25/Aug/2022:15:58:37 -0500] "-" 408 -
186.80.52.63 - - [25/Aug/2022:15:58:38 -0500] "POST /sipse/faces/presentacion/financiero/estudioPrevio/personalSolicitado/asociarProfesionPersonalSolicitado.xhtml HTTP/1.1" 200 1419
186.80.52.63 - - [25/Aug/2022:15:58:39 -0500] "POST /sipse/faces/presentacion/financiero/estudioPrevio/personalSolicitado/asociarProfesionPersonalSolicitado.xhtml HTTP/1.1" 200 21410
186.102.52.210 - - [25/Aug/2022:15:58:45 -0500] "GET /kwssiamovil/sm/acme/u?s=U2FsdGVkX19r+L09uqtm2lpgrJI+2DwZJhQsJ12C3k2//Gf/CdPJHO6Hk94dGUmlJ5qnZTK/HL+IP5cngx51zS4TxSxoSrazleA4xQTJU63wYHJB3Svw4S8T2sMQpZz7Z+rsrkIHKbS1tw9CGzCpEg==&u=U2FsdGVkX19IM7Dbj+Sdi9x3eRBihyvMib+dafOQmDb7G2+cQQi9/JF+p++chntX&y=U2FsdGVkX1/OpeNf6JmQbEeSiP0msmDbhk+q1nLm4yy3dlGkoJYiYB2WJhuY1JZX HTTP/1.1" 200 60
186.80.52.63 - - [25/Aug/2022:15:58:46 -0500] "POST /sipse/faces/presentacion/financiero/estudioPrevio/personalSolicitado/asociarProfesionPersonalSolicitado.xhtml HTTP/1.1" 200 57130
186.80.52.63 - - [25/Aug/2022:15:58:46 -0500] "GET /sipse/faces/javax.faces.resource/theme.css?ln=primefaces-sipse HTTP/1.1" 304 -
186.80.52.63 - - [25/Aug/2022:15:58:46 -0500] "GET /sipse/faces/javax.faces.resource/primefaces.css?ln=primefaces&v=4.0 HTTP/1.1" 304 -
186.80.52.63 - - [25/Aug/2022:15:58:46 -0500] "GET /sipse/faces/javax.faces.resource/primefaces.js?ln=primefaces&v=4.0 HTTP/1.1" 304 -
186.80.52.63 - - [25/Aug/2022:15:58:46 -0500] "GET /sipse/faces/javax.faces.resource/jquery/jquery-plugins.js?ln=primefaces&v=4.0 HTTP/1.1" 304 -
186.80.52.63 - - [25/Aug/2022:15:58:46 -0500] "GET /sipse/faces/javax.faces.resource/jquery/jquery.js?ln=primefaces&v=4.0 HTTP/1.1" 304 -
186.80.52.63 - - [25/Aug/2022:15:58:46 -0500] "GET /sipse/faces/javax.faces.resource/layout/layout.css?ln=primefaces&v=4.0 HTTP/1.1" 304 -
186.80.52.63 - - [25/Aug/2022:15:58:46 -0500] "GET /sipse/faces/javax.faces.resource/layout/layout.js?ln=primefaces&v=4.0 HTTP/1.1" 304 -
172.22.2.4 - - [25/Aug/2022:15:57:21 -0500] "GET /BLA/boletinlegal/ HTTP/1.1" 200 60272
186.102.53.19 - - [25/Aug/2022:15:59:10 -0500] "GET /kwssiamovil/sm/ldap/au?x=U2FsdGVkX19X113WAqQGLQ3sqAusVCwd9LDQUswSqXofViEhzsSerJurbbXzgQ9V&y=U2FsdGVkX1/00HQ/ssZU2n6cUpFEahbPrNw4w8x80+i+O7xriHuiB2ToM9Wp6znK HTTP/1.1" 200 30
186.80.52.63 - - [25/Aug/2022:15:59:09 -0500] "POST /sipse/faces/presentacion/financiero/estudioPrevio/personalSolicitado/personalSolicitadoSolicitudProceso.xhtml HTTP/1.1" 200 36875
186.80.52.63 - - [25/Aug/2022:15:59:11 -0500] "GET /sipse/faces/javax.faces.resource/theme.css?ln=primefaces-sipse HTTP/1.1" 304 -
186.80.52.63 - - [25/Aug/2022:15:59:11 -0500] "GET /sipse/faces/javax.faces.resource/layout/layout.css?ln=primefaces&v=4.0 HTTP/1.1" 304 -
186.80.52.63 - - [25/Aug/2022:15:59:11 -0500] "GET /sipse/faces/javax.faces.resource/primefaces.css?ln=primefaces&v=4.0 HTTP/1.1" 304 -
186.80.52.63 - - [25/Aug/2022:15:59:11 -0500] "GET /sipse/faces/javax.faces.resource/jquery/jquery.js?ln=primefaces&v=4.0 HTTP/1.1" 304 -
186.80.52.63 - - [25/Aug/2022:15:59:11 -0500] "GET /sipse/faces/javax.faces.resource/jquery/jquery-plugins.js?ln=primefaces&v=4.0 HTTP/1.1" 304 -
186.80.52.63 - - [25/Aug/2022:15:59:11 -0500] "GET /sipse/faces/javax.faces.resource/primefaces.js?ln=primefaces&v=4.0 HTTP/1.1" 304 -
186.80.52.63 - - [25/Aug/2022:15:59:11 -0500] "GET /sipse/faces/javax.faces.resource/layout/layout.js?ln=primefaces&v=4.0 HTTP/1.1" 304 -
186.102.52.210 - - [25/Aug/2022:15:59:13 -0500] "GET /kwssiamovil/sm/acme/u?s=U2FsdGVkX1+5X3F2GoRExJCCr7/m9fMCyCrrpc5YOQVjT2ffFH2zb33zdop1tX8Dxsve2/xAvSmJv9YlolWCbx66LZy+yCLIcnr5bh2G2l/pMRB12ytG01UUGR9vO5gKmL6mn09KKS4ixam/aKwGXQ==&u=U2FsdGVkX19IM7Dbj+Sdi9x3eRBihyvMib+dafOQmDb7G2+cQQi9/JF+p++chntX&y=U2FsdGVkX1/OpeNf6JmQbEeSiP0msmDbhk+q1nLm4yy3dlGkoJYiYB2WJhuY1JZX HTTP/1.1" 200 60
186.80.52.63 - - [25/Aug/2022:15:59:15 -0500] "POST /sipse/faces/presentacion/financiero/estudioPrevio/personalSolicitado/asociarProfesionPersonalSolicitado.xhtml HTTP/1.1" 200 21220
186.80.52.63 - - [25/Aug/2022:15:59:22 -0500] "POST /sipse/faces/presentacion/financiero/estudioPrevio/personalSolicitado/asociarProfesionPersonalSolicitado.xhtml HTTP/1.1" 200 57200
186.80.52.63 - - [25/Aug/2022:15:59:22 -0500] "GET /sipse/faces/javax.faces.resource/theme.css?ln=primefaces-sipse HTTP/1.1" 304 -
186.80.52.63 - - [25/Aug/2022:15:59:22 -0500] "GET /sipse/faces/javax.faces.resource/primefaces.css?ln=primefaces&v=4.0 HTTP/1.1" 304 -
186.80.52.63 - - [25/Aug/2022:15:59:22 -0500] "GET /sipse/faces/javax.faces.resource/layout/layout.css?ln=primefaces&v=4.0 HTTP/1.1" 304 -
186.80.52.63 - - [25/Aug/2022:15:59:22 -0500] "GET /sipse/faces/javax.faces.resource/jquery/jquery.js?ln=primefaces&v=4.0 HTTP/1.1" 304 -
186.80.52.63 - - [25/Aug/2022:15:59:22 -0500] "GET /sipse/faces/javax.faces.resource/primefaces.js?ln=primefaces&v=4.0 HTTP/1.1" 304 -
186.80.52.63 - - [25/Aug/2022:15:59:22 -0500] "GET /sipse/faces/javax.faces.resource/layout/layout.js?ln=primefaces&v=4.0 HTTP/1.1" 304 -
186.80.52.63 - - [25/Aug/2022:15:59:22 -0500] "GET /sipse/faces/javax.faces.resource/jquery/jquery-plugins.js?ln=primefaces&v=4.0 HTTP/1.1" 304 -
186.80.52.63 - - [25/Aug/2022:15:59:26 -0500] "POST /sipse/faces/presentacion/financiero/estudioPrevio/personalSolicitado/personalSolicitadoSolicitudProceso.xhtml HTTP/1.1" 200 3430
186.80.52.63 - - [25/Aug/2022:15:59:36 -0500] "POST /sipse/faces/presentacion/financiero/estudioPrevio/personalSolicitado/personalSolicitadoSolicitudProceso.xhtml HTTP/1.1" 200 8518
186.102.52.210 - - [25/Aug/2022:15:59:39 -0500] "GET /kwssiamovil/sm/acme/u?s=U2FsdGVkX19ID7Bj1CShb5pI5zWdseG6jZ9U3WpWzwJ8IJf9ynTRt4OP325Ly8rRaC/p78uC5ddwHw958x6MdFzoh0f36j9cZKVCTNn8W6X06VmgrSzrAaCHNVfgR/Gr3Pv/tupXBh+9gZi3YJOrpg==&u=U2FsdGVkX19IM7Dbj+Sdi9x3eRBihyvMib+dafOQmDb7G2+cQQi9/JF+p++chntX&y=U2FsdGVkX1/OpeNf6JmQbEeSiP0msmDbhk+q1nLm4yy3dlGkoJYiYB2WJhuY1JZX HTTP/1.1" 200 60
186.80.52.63 - - [25/Aug/2022:15:59:39 -0500] "POST /sipse/faces/presentacion/financiero/estudioPrevio/personalSolicitado/personalSolicitadoSolicitudProceso.xhtml HTTP/1.1" 200 33684
186.80.52.63 - - [25/Aug/2022:15:59:42 -0500] "GET /sipse/faces/javax.faces.resource/theme.css?ln=primefaces-sipse HTTP/1.1" 304 -
186.80.52.63 - - [25/Aug/2022:15:59:42 -0500] "GET /sipse/faces/javax.faces.resource/primefaces.css?ln=primefaces&v=4.0 HTTP/1.1" 304 -
186.80.52.63 - - [25/Aug/2022:15:59:42 -0500] "GET /sipse/faces/javax.faces.resource/layout/layout.css?ln=primefaces&v=4.0 HTTP/1.1" 304 -
186.80.52.63 - - [25/Aug/2022:15:59:42 -0500] "GET /sipse/faces/javax.faces.resource/jquery/jquery.js?ln=primefaces&v=4.0 HTTP/1.1" 304 -
186.80.52.63 - - [25/Aug/2022:15:59:42 -0500] "GET /sipse/faces/javax.faces.resource/jquery/jquery-plugins.js?ln=primefaces&v=4.0 HTTP/1.1" 304 -
186.80.52.63 - - [25/Aug/2022:15:59:42 -0500] "GET /sipse/faces/javax.faces.resource/primefaces.js?ln=primefaces&v=4.0 HTTP/1.1" 304 -
186.80.52.63 - - [25/Aug/2022:15:59:42 -0500] "GET /sipse/faces/javax.faces.resource/layout/layout.js?ln=primefaces&v=4.0 HTTP/1.1" 304 -
186.80.52.63 - - [25/Aug/2022:15:59:56 -0500] "POST /sipse/faces/presentacion/financiero/estudioPrevio/personalSolicitado/asociarEspecializacionPersonalSolicitado.xhtml HTTP/1.1" 200 18665
186.102.52.210 - - [25/Aug/2022:16:00:00 -0500] "GET /kwssiamovil/sm/acme/u?s=U2FsdGVkX1+xscdmEvo0k9+GPk0fOzOXFSqEB9ImW1lvluWCXNy1B7S3niqBLGPgcsIbQInjnnWJ+1D2URji5cxMUESAXMhicysJC76OimJw8R1kpnv7Da/vcixVGjFNq7SYpBLi7+yxNOXSiPetHA==&u=U2FsdGVkX19IM7Dbj+Sdi9x3eRBihyvMib+dafOQmDb7G2+cQQi9/JF+p++chntX&y=U2FsdGVkX1/OpeNf6JmQbEeSiP0msmDbhk+q1nLm4yy3dlGkoJYiYB2WJhuY1JZX HTTP/1.1" 200 60
201.245.192.253 - - [25/Aug/2022:16:00:07 -0500] "GET /sipse/faces/faces/autenticacion.xhtml HTTP/1.1" 200 12179
201.245.192.253 - - [25/Aug/2022:16:00:07 -0500] "GET /sipse/faces/javax.faces.resource/theme.css?ln=primefaces-sipse HTTP/1.1" 304 -
201.245.192.253 - - [25/Aug/2022:16:00:07 -0500] "GET /sipse/faces/javax.faces.resource/primefaces.css?ln=primefaces&v=4.0 HTTP/1.1" 304 -
201.245.192.253 - - [25/Aug/2022:16:00:07 -0500] "GET /sipse/faces/javax.faces.resource/layout/layout.css?ln=primefaces&v=4.0 HTTP/1.1" 304 -
201.245.192.253 - - [25/Aug/2022:16:00:07 -0500] "GET /sipse/faces/javax.faces.resource/jquery/jquery-plugins.js?ln=primefaces&v=4.0 HTTP/1.1" 304 -
201.245.192.253 - - [25/Aug/2022:16:00:07 -0500] "GET /sipse/faces/javax.faces.resource/primefaces.js?ln=primefaces&v=4.0 HTTP/1.1" 304 -
201.245.192.253 - - [25/Aug/2022:16:00:07 -0500] "GET /sipse/faces/javax.faces.resource/jquery/jquery.js?ln=primefaces&v=4.0 HTTP/1.1" 304 -
201.245.192.253 - - [25/Aug/2022:16:00:07 -0500] "GET /sipse/faces/javax.faces.resource/layout/layout.js?ln=primefaces&v=4.0 HTTP/1.1" 304 -
201.245.192.253 - - [25/Aug/2022:16:00:07 -0500] "GET /sipse/faces/javax.faces.resource/images/ui-icons_898989_256x240.png?ln=primefaces-aristo HTTP/1.1" 304 -
201.245.192.253 - - [25/Aug/2022:16:00:07 -0500] "GET /sipse/faces/faces/index.xhtml HTTP/1.1" 200 677
201.245.192.253 - - [25/Aug/2022:16:00:07 -0500] "GET /sipse/faces/javax.faces.resource/theme.css?ln=primefaces-sipse HTTP/1.1" 304 -
201.245.192.253 - - [25/Aug/2022:16:00:07 -0500] "GET /sipse/faces/faces/faces/autenticacion.xhtml HTTP/1.1" 200 12179
201.245.192.253 - - [25/Aug/2022:16:00:07 -0500] "GET /sipse/faces/javax.faces.resource/primefaces.js?ln=primefaces&v=4.0 HTTP/1.1" 304 -
201.245.192.253 - - [25/Aug/2022:16:00:07 -0500] "GET /sipse/faces/javax.faces.resource/theme.css?ln=primefaces-sipse HTTP/1.1" 304 -
201.245.192.253 - - [25/Aug/2022:16:00:07 -0500] "GET /sipse/faces/javax.faces.resource/jquery/jquery-plugins.js?ln=primefaces&v=4.0 HTTP/1.1" 304 -
201.245.192.253 - - [25/Aug/2022:16:00:07 -0500] "GET /sipse/faces/javax.faces.resource/primefaces.css?ln=primefaces&v=4.0 HTTP/1.1" 304 -
201.245.192.253 - - [25/Aug/2022:16:00:07 -0500] "GET /sipse/faces/javax.faces.resource/layout/layout.css?ln=primefaces&v=4.0 HTTP/1.1" 304 -
201.245.192.253 - - [25/Aug/2022:16:00:07 -0500] "GET /sipse/faces/javax.faces.resource/jquery/jquery.js?ln=primefaces&v=4.0 HTTP/1.1" 304 -
201.245.192.253 - - [25/Aug/2022:16:00:07 -0500] "GET /sipse/faces/javax.faces.resource/layout/layout.js?ln=primefaces&v=4.0 HTTP/1.1" 304 -
186.80.52.63 - - [25/Aug/2022:16:00:09 -0500] "POST /sipse/faces/presentacion/financiero/estudioPrevio/personalSolicitado/asociarEspecializacionPersonalSolicitado.xhtml HTTP/1.1" 200 18173
201.245.192.253 - - [25/Aug/2022:16:00:09 -0500] "POST /sipse/faces/autenticacion.xhtml HTTP/1.1" 200 2224
201.245.192.253 - - [25/Aug/2022:16:00:09 -0500] "GET /sipse/faces/javax.faces.resource/messages/messages.png?ln=primefaces&v=4.0 HTTP/1.1" 304 -
186.80.52.63 - - [25/Aug/2022:16:00:09 -0500] "POST /sipse/faces/presentacion/financiero/estudioPrevio/personalSolicitado/asociarEspecializacionPersonalSolicitado.xhtml HTTP/1.1" 200 18173
201.245.192.253 - - [25/Aug/2022:16:00:10 -0500] "GET /sipse/faces/javax.faces.resource/images/ui-icons_898989_256x240.png?ln=primefaces-aristo HTTP/1.1" 304 -
201.245.192.253 - - [25/Aug/2022:16:00:10 -0500] "POST /sipse/faces/autenticacion.xhtml HTTP/1.1" 200 16371
201.245.192.253 - - [25/Aug/2022:16:00:10 -0500] "GET /sipse/faces/javax.faces.resource/layout/layout.css?ln=primefaces&v=4.0 HTTP/1.1" 304 -
201.245.192.253 - - [25/Aug/2022:16:00:10 -0500] "GET /sipse/faces/javax.faces.resource/primefaces.css?ln=primefaces&v=4.0 HTTP/1.1" 304 -
201.245.192.253 - - [25/Aug/2022:16:00:10 -0500] "GET /sipse/faces/javax.faces.resource/theme.css?ln=primefaces-sipse HTTP/1.1" 304 -
201.245.192.253 - - [25/Aug/2022:16:00:10 -0500] "GET /sipse/faces/javax.faces.resource/jquery/jquery.js?ln=primefaces&v=4.0 HTTP/1.1" 304 -
201.245.192.253 - - [25/Aug/2022:16:00:10 -0500] "GET /sipse/faces/javax.faces.resource/jquery/jquery-plugins.js?ln=primefaces&v=4.0 HTTP/1.1" 304 -
201.245.192.253 - - [25/Aug/2022:16:00:10 -0500] "GET /sipse/faces/javax.faces.resource/primefaces.js?ln=primefaces&v=4.0 HTTP/1.1" 304 -
201.245.192.253 - - [25/Aug/2022:16:00:10 -0500] "GET /sipse/faces/javax.faces.resource/layout/layout.js?ln=primefaces&v=4.0 HTTP/1.1" 304 -
201.245.192.253 - - [25/Aug/2022:16:00:10 -0500] "GET /sipse/css/imagen/contrasena.png HTTP/1.1" 404 383
186.80.52.63 - - [25/Aug/2022:16:00:10 -0500] "POST /sipse/faces/presentacion/financiero/estudioPrevio/personalSolicitado/asociarEspecializacionPersonalSolicitado.xhtml HTTP/1.1" 200 17921
201.245.192.253 - - [25/Aug/2022:16:00:12 -0500] "GET /sipse/faces/javax.faces.resource/images/ui-bg_flat_0_2d5972_40x100.png?ln=primefaces-aristo HTTP/1.1" 304 -
201.245.192.253 - - [25/Aug/2022:16:00:12 -0500] "POST /sipse/faces/bienvenido.xhtml HTTP/1.1" 200 2658
201.245.192.253 - - [25/Aug/2022:16:00:14 -0500] "POST /sipse/faces/bienvenido.xhtml HTTP/1.1" 200 56437
201.245.192.253 - - [25/Aug/2022:16:00:17 -0500] "GET /sipse/faces/javax.faces.resource/layout/layout.css?ln=primefaces&v=4.0 HTTP/1.1" 304 -
201.245.192.253 - - [25/Aug/2022:16:00:17 -0500] "GET /sipse/faces/javax.faces.resource/primefaces.css?ln=primefaces&v=4.0 HTTP/1.1" 304 -
201.245.192.253 - - [25/Aug/2022:16:00:17 -0500] "GET /sipse/faces/javax.faces.resource/theme.css?ln=primefaces-sipse HTTP/1.1" 304 -
201.245.192.253 - - [25/Aug/2022:16:00:17 -0500] "GET /sipse/faces/javax.faces.resource/jquery/jquery.js?ln=primefaces&v=4.0 HTTP/1.1" 304 -
201.245.192.253 - - [25/Aug/2022:16:00:17 -0500] "GET /sipse/faces/javax.faces.resource/jquery/jquery-plugins.js?ln=primefaces&v=4.0 HTTP/1.1" 304 -
201.245.192.253 - - [25/Aug/2022:16:00:17 -0500] "GET /sipse/faces/javax.faces.resource/primefaces.js?ln=primefaces&v=4.0 HTTP/1.1" 304 -
201.245.192.253 - - [25/Aug/2022:16:00:17 -0500] "GET /sipse/faces/javax.faces.resource/layout/layout.js?ln=primefaces&v=4.0 HTTP/1.1" 304 -
186.80.52.63 - - [25/Aug/2022:16:00:17 -0500] "POST /sipse/faces/presentacion/financiero/estudioPrevio/personalSolicitado/asociarEspecializacionPersonalSolicitado.xhtml HTTP/1.1" 200 18676
201.245.192.253 - - [25/Aug/2022:16:00:27 -0500] "POST /sipse/faces/presentacion/financiero/solicitudProceso/solicitudProcesoOtrosPagos.xhtml HTTP/1.1" 200 38903
201.245.192.253 - - [25/Aug/2022:16:00:27 -0500] "GET /sipse/faces/javax.faces.resource/theme.css?ln=primefaces-sipse HTTP/1.1" 304 -
201.245.192.253 - - [25/Aug/2022:16:00:27 -0500] "GET /sipse/faces/javax.faces.resource/layout/layout.css?ln=primefaces&v=4.0 HTTP/1.1" 304 -
201.245.192.253 - - [25/Aug/2022:16:00:27 -0500] "GET /sipse/faces/javax.faces.resource/primefaces.css?ln=primefaces&v=4.0 HTTP/1.1" 304 -
201.245.192.253 - - [25/Aug/2022:16:00:27 -0500] "GET /sipse/faces/javax.faces.resource/fileupload/fileupload.css?ln=primefaces&v=4.0 HTTP/1.1" 304 -
201.245.192.253 - - [25/Aug/2022:16:00:27 -0500] "GET /sipse/faces/javax.faces.resource/jquery/jquery.js?ln=primefaces&v=4.0 HTTP/1.1" 304 -
201.245.192.253 - - [25/Aug/2022:16:00:27 -0500] "GET /sipse/faces/javax.faces.resource/jquery/jquery-plugins.js?ln=primefaces&v=4.0 HTTP/1.1" 304 -
201.245.192.253 - - [25/Aug/2022:16:00:27 -0500] "GET /sipse/faces/javax.faces.resource/primefaces.js?ln=primefaces&v=4.0 HTTP/1.1" 304 -
201.245.192.253 - - [25/Aug/2022:16:00:27 -0500] "GET /sipse/faces/javax.faces.resource/layout/layout.js?ln=primefaces&v=4.0 HTTP/1.1" 304 -
201.245.192.253 - - [25/Aug/2022:16:00:27 -0500] "GET /sipse/faces/javax.faces.resource/jsf.js?ln=javax.faces&stage=Development HTTP/1.1" 304 -
201.245.192.253 - - [25/Aug/2022:16:00:27 -0500] "GET /sipse/faces/javax.faces.resource/fileupload/fileupload.js?ln=primefaces&v=4.0 HTTP/1.1" 304 -
186.80.52.63 - - [25/Aug/2022:16:00:27 -0500] "POST /sipse/faces/presentacion/financiero/estudioPrevio/personalSolicitado/asociarEspecializacionPersonalSolicitado.xhtml HTTP/1.1" 200 1438
186.80.52.63 - - [25/Aug/2022:16:00:29 -0500] "POST /sipse/faces/presentacion/financiero/estudioPrevio/personalSolicitado/asociarEspecializacionPersonalSolicitado.xhtml HTTP/1.1" 200 1438
201.245.192.253 - - [25/Aug/2022:16:00:30 -0500] "POST /sipse/faces/presentacion/financiero/solicitudProceso/registroSolicitudProcesoOtrosPagos.xhtml HTTP/1.1" 200 1880
186.80.52.63 - - [25/Aug/2022:16:00:35 -0500] "POST /sipse/faces/presentacion/financiero/estudioPrevio/personalSolicitado/asociarEspecializacionPersonalSolicitado.xhtml HTTP/1.1" 200 18680
201.245.192.253 - - [25/Aug/2022:16:00:41 -0500] "POST /sipse/faces/presentacion/financiero/solicitudProceso/registroSolicitudProcesoOtrosPagos.xhtml HTTP/1.1" 200 1904
201.245.192.253 - - [25/Aug/2022:16:00:43 -0500] "POST /sipse/faces/presentacion/financiero/solicitudProceso/registroSolicitudProcesoOtrosPagos.xhtml HTTP/1.1" 200 1904
201.245.192.253 - - [25/Aug/2022:16:00:46 -0500] "POST /sipse/faces/presentacion/financiero/solicitudProceso/registroSolicitudProcesoOtrosPagos.xhtml HTTP/1.1" 200 1900
186.80.52.63 - - [25/Aug/2022:16:00:49 -0500] "POST /sipse/faces/presentacion/financiero/estudioPrevio/personalSolicitado/asociarEspecializacionPersonalSolicitado.xhtml HTTP/1.1" 200 18765
201.245.192.253 - - [25/Aug/2022:16:00:53 -0500] "POST /sipse/faces/presentacion/financiero/solicitudProceso/registroSolicitudProcesoOtrosPagos.xhtml HTTP/1.1" 200 1900
201.245.192.253 - - [25/Aug/2022:16:00:54 -0500] "POST /sipse/faces/presentacion/financiero/solicitudProceso/registroSolicitudProcesoOtrosPagos.xhtml HTTP/1.1" 200 1896
185.119.81.105 - - [25/Aug/2022:16:01:06 -0500] "GET /portaldeninos/wp-login.php HTTP/1.1" 200 2592
185.119.81.105 - - [25/Aug/2022:16:01:07 -0500] "POST /portaldeninos/wp-login.php HTTP/1.1" 200 3670
201.245.192.253 - - [25/Aug/2022:16:01:09 -0500] "POST /sipse/faces/presentacion/financiero/solicitudProceso/registroSolicitudProcesoOtrosPagos.xhtml HTTP/1.1" 200 1900
185.119.81.109 - - [25/Aug/2022:16:01:31 -0500] "GET /portaldeninos/wp-login.php HTTP/1.1" 200 2592
185.119.81.109 - - [25/Aug/2022:16:01:32 -0500] "POST /portaldeninos/wp-login.php HTTP/1.1" 200 3605
201.245.192.253 - - [25/Aug/2022:16:01:44 -0500] "POST /sipse/faces/presentacion/financiero/solicitudProceso/registroSolicitudProcesoOtrosPagos.xhtml HTTP/1.1" 302 -
201.245.192.253 - - [25/Aug/2022:16:01:44 -0500] "GET /sipse/faces/presentacion/financiero/solicitudProyectoActividad/asociarProyectoSolicitud.xhtml HTTP/1.1" 200 24672
201.245.192.253 - - [25/Aug/2022:16:01:44 -0500] "GET /sipse/faces/javax.faces.resource/theme.css?ln=primefaces-sipse HTTP/1.1" 304 -
201.245.192.253 - - [25/Aug/2022:16:01:44 -0500] "GET /sipse/faces/javax.faces.resource/jquery/jquery-plugins.js?ln=primefaces&v=4.0 HTTP/1.1" 304 -
201.245.192.253 - - [25/Aug/2022:16:01:44 -0500] "GET /sipse/faces/javax.faces.resource/primefaces.css?ln=primefaces&v=4.0 HTTP/1.1" 304 -
201.245.192.253 - - [25/Aug/2022:16:01:44 -0500] "GET /sipse/faces/javax.faces.resource/jquery/jquery.js?ln=primefaces&v=4.0 HTTP/1.1" 304 -
201.245.192.253 - - [25/Aug/2022:16:01:44 -0500] "GET /sipse/faces/javax.faces.resource/layout/layout.js?ln=primefaces&v=4.0 HTTP/1.1" 304 -
201.245.192.253 - - [25/Aug/2022:16:01:44 -0500] "GET /sipse/faces/javax.faces.resource/primefaces.js?ln=primefaces&v=4.0 HTTP/1.1" 304 -
201.245.192.253 - - [25/Aug/2022:16:01:44 -0500] "GET /sipse/faces/javax.faces.resource/layout/layout.css?ln=primefaces&v=4.0 HTTP/1.1" 304 -
201.245.192.253 - - [25/Aug/2022:16:01:44 -0500] "GET /sipse/faces/javax.faces.resource/images/ui-icons_898989_256x240.png?ln=primefaces-aristo HTTP/1.1" 304 -
201.245.192.253 - - [25/Aug/2022:16:01:50 -0500] "GET /sipse/faces/javax.faces.resource/images/ui-bg_flat_0_2d5972_40x100.png?ln=primefaces-aristo HTTP/1.1" 304 -
201.245.192.253 - - [25/Aug/2022:16:01:50 -0500] "POST /sipse/faces/presentacion/financiero/solicitudProyectoActividad/asociarProyectoSolicitud.xhtml HTTP/1.1" 200 6547
201.245.192.253 - - [25/Aug/2022:16:01:48 -0500] "POST /kwsrmcab/Wsrmcab  HTTP/1.1" 200 46805
201.245.192.253 - - [25/Aug/2022:16:01:53 -0500] "POST /sipse/faces/presentacion/financiero/solicitudProyectoActividad/asociarProyectoSolicitud.xhtml HTTP/1.1" 200 1700
201.245.192.253 - - [25/Aug/2022:16:01:54 -0500] "POST /sipse/faces/presentacion/financiero/solicitudProyectoActividad/asociarProyectoSolicitud.xhtml HTTP/1.1" 200 71872
201.245.192.253 - - [25/Aug/2022:16:01:55 -0500] "GET /sipse/faces/javax.faces.resource/layout/layout.css?ln=primefaces&v=4.0 HTTP/1.1" 304 -
201.245.192.253 - - [25/Aug/2022:16:01:55 -0500] "GET /sipse/faces/javax.faces.resource/theme.css?ln=primefaces-sipse HTTP/1.1" 304 -
201.245.192.253 - - [25/Aug/2022:16:01:55 -0500] "GET /sipse/faces/javax.faces.resource/primefaces.css?ln=primefaces&v=4.0 HTTP/1.1" 304 -
201.245.192.253 - - [25/Aug/2022:16:01:55 -0500] "GET /sipse/faces/javax.faces.resource/jquery/jquery.js?ln=primefaces&v=4.0 HTTP/1.1" 304 -
201.245.192.253 - - [25/Aug/2022:16:01:55 -0500] "GET /sipse/faces/javax.faces.resource/jquery/jquery-plugins.js?ln=primefaces&v=4.0 HTTP/1.1" 304 -
201.245.192.253 - - [25/Aug/2022:16:01:55 -0500] "GET /sipse/faces/javax.faces.resource/primefaces.js?ln=primefaces&v=4.0 HTTP/1.1" 304 -
201.245.192.253 - - [25/Aug/2022:16:01:55 -0500] "GET /sipse/faces/javax.faces.resource/layout/layout.js?ln=primefaces&v=4.0 HTTP/1.1" 304 -
216.245.221.92 - - [25/Aug/2022:16:01:57 -0500] "HEAD / HTTP/1.1" 200 -
201.245.192.253 - - [25/Aug/2022:16:02:05 -0500] "POST /sipse/faces/presentacion/financiero/solicitudProyectoActividad/asociarActividadSolicitud.xhtml HTTP/1.1" 200 20072
201.245.192.253 - - [25/Aug/2022:16:02:05 -0500] "GET /sipse/faces/javax.faces.resource/theme.css?ln=primefaces-sipse HTTP/1.1" 304 -
201.245.192.253 - - [25/Aug/2022:16:02:05 -0500] "GET /sipse/faces/javax.faces.resource/primefaces.css?ln=primefaces&v=4.0 HTTP/1.1" 304 -
201.245.192.253 - - [25/Aug/2022:16:02:05 -0500] "GET /sipse/faces/javax.faces.resource/layout/layout.css?ln=primefaces&v=4.0 HTTP/1.1" 304 -
201.245.192.253 - - [25/Aug/2022:16:02:05 -0500] "GET /sipse/faces/javax.faces.resource/jquery/jquery.js?ln=primefaces&v=4.0 HTTP/1.1" 304 -
201.245.192.253 - - [25/Aug/2022:16:02:05 -0500] "GET /sipse/faces/javax.faces.resource/jquery/jquery-plugins.js?ln=primefaces&v=4.0 HTTP/1.1" 304 -
201.245.192.253 - - [25/Aug/2022:16:02:05 -0500] "GET /sipse/faces/javax.faces.resource/primefaces.js?ln=primefaces&v=4.0 HTTP/1.1" 304 -
201.245.192.253 - - [25/Aug/2022:16:02:05 -0500] "GET /sipse/faces/javax.faces.resource/layout/layout.js?ln=primefaces&v=4.0 HTTP/1.1" 304 -
201.245.192.253 - - [25/Aug/2022:16:02:11 -0500] "POST /sipse/faces/presentacion/financiero/solicitudProyectoActividad/asociarFuentesSolicitud.xhtml HTTP/1.1" 200 43227
201.245.192.253 - - [25/Aug/2022:16:02:11 -0500] "GET /sipse/faces/javax.faces.resource/layout/layout.css?ln=primefaces&v=4.0 HTTP/1.1" 304 -
201.245.192.253 - - [25/Aug/2022:16:02:11 -0500] "GET /sipse/faces/javax.faces.resource/theme.css?ln=primefaces-sipse HTTP/1.1" 304 -
201.245.192.253 - - [25/Aug/2022:16:02:11 -0500] "GET /sipse/faces/javax.faces.resource/fileupload/fileupload.css?ln=primefaces&v=4.0 HTTP/1.1" 304 -
201.245.192.253 - - [25/Aug/2022:16:02:11 -0500] "GET /sipse/faces/javax.faces.resource/jquery/jquery.js?ln=primefaces&v=4.0 HTTP/1.1" 304 -
201.245.192.253 - - [25/Aug/2022:16:02:11 -0500] "GET /sipse/faces/javax.faces.resource/primefaces.css?ln=primefaces&v=4.0 HTTP/1.1" 304 -
201.245.192.253 - - [25/Aug/2022:16:02:11 -0500] "GET /sipse/faces/javax.faces.resource/jquery/jquery-plugins.js?ln=primefaces&v=4.0 HTTP/1.1" 304 -
201.245.192.253 - - [25/Aug/2022:16:02:11 -0500] "GET /sipse/faces/javax.faces.resource/primefaces.js?ln=primefaces&v=4.0 HTTP/1.1" 304 -
201.245.192.253 - - [25/Aug/2022:16:02:11 -0500] "GET /sipse/faces/javax.faces.resource/layout/layout.js?ln=primefaces&v=4.0 HTTP/1.1" 304 -
201.245.192.253 - - [25/Aug/2022:16:02:11 -0500] "GET /sipse/faces/javax.faces.resource/fileupload/fileupload.js?ln=primefaces&v=4.0 HTTP/1.1" 304 -
201.245.192.253 - - [25/Aug/2022:16:02:11 -0500] "GET /sipse/faces/javax.faces.resource/jsf.js?ln=javax.faces&stage=Development HTTP/1.1" 304 -
201.245.192.253 - - [25/Aug/2022:16:02:11 -0500] "GET /sipse/css/imagen/contrasena.png HTTP/1.1" 404 383
201.245.192.253 - - [25/Aug/2022:16:02:11 -0500] "GET /sipse/faces/javax.faces.resource/images/ui-icons_898989_256x240.png?ln=primefaces-aristo HTTP/1.1" 304 -
172.22.2.4 - - [25/Aug/2022:16:02:18 -0500] "GET /BLA/boletinlegal/actos.php HTTP/1.1" 200 9559
172.22.2.4 - - [25/Aug/2022:16:02:18 -0500] "GET /BLA/boletinlegal/js/ajax_actos.js HTTP/1.1" 200 1322
172.22.2.4 - - [25/Aug/2022:16:02:18 -0500] "GET /BLA/boletinlegal/niceforms.js HTTP/1.1" 200 22876
172.22.2.4 - - [25/Aug/2022:16:02:18 -0500] "GET /BLA/boletinlegal/niceforms-default.css HTTP/1.1" 200 6694
172.22.2.4 - - [25/Aug/2022:16:02:18 -0500] "GET /BLA/boletinlegal/js/lib.js HTTP/1.1" 200 6474
172.22.2.4 - - [25/Aug/2022:16:02:18 -0500] "GET /BLA/boletinlegal/js/popup.js HTTP/1.1" 200 1270
172.22.2.4 - - [25/Aug/2022:16:02:18 -0500] "GET /BLA/boletinlegal/js/jquery1.js HTTP/1.1" 200 29846
172.22.2.4 - - [25/Aug/2022:16:02:19 -0500] "GET /BLA/boletinlegal/images/green-yellow-blue-pink-th.png HTTP/1.1" 200 7394
172.22.2.4 - - [25/Aug/2022:16:02:19 -0500] "GET /BLA/boletinlegal/images/abajo.png HTTP/1.1" 200 96676
172.22.2.4 - - [25/Aug/2022:16:02:19 -0500] "GET /BLA/boletinlegal/images/icono-email.png HTTP/1.1" 200 5544
172.22.2.4 - - [25/Aug/2022:16:02:19 -0500] "GET /BLA/boletinlegal/images/tel.png HTTP/1.1" 200 14477
172.22.2.4 - - [25/Aug/2022:16:02:19 -0500] "GET /BLA/boletinlegal/images/body_bg.jpg HTTP/1.1" 200 1601
172.22.2.4 - - [25/Aug/2022:16:02:19 -0500] "GET /BLA/boletinlegal/images/menu_lft.gif HTTP/1.1" 200 1713
172.22.2.4 - - [25/Aug/2022:16:02:19 -0500] "GET /BLA/boletinlegal/images/menu_bg.jpg HTTP/1.1" 200 620
172.22.2.4 - - [25/Aug/2022:16:02:19 -0500] "GET /BLA/boletinlegal/images/bg_top.jpg HTTP/1.1" 200 522
172.22.2.4 - - [25/Aug/2022:16:02:19 -0500] "GET /BLA/boletinlegal/images/footer_bg.jpg HTTP/1.1" 200 586
172.22.2.4 - - [25/Aug/2022:16:02:19 -0500] "GET /BLA/boletinlegal/images/text.jpg HTTP/1.1" 200 568
172.22.2.4 - - [25/Aug/2022:16:02:19 -0500] "GET /BLA/boletinlegal/images/hover.jpg HTTP/1.1" 200 640
172.22.2.4 - - [25/Aug/2022:16:02:19 -0500] "GET /BLA/boletinlegal/images/menu_rght.gif HTTP/1.1" 200 1627
172.22.2.4 - - [25/Aug/2022:16:02:19 -0500] "GET /BLA/boletinlegal/images/footer_bg_l.jpg HTTP/1.1" 200 776
172.22.2.4 - - [25/Aug/2022:16:02:19 -0500] "GET /BLA/boletinlegal/img/0.png HTTP/1.1" 200 110
172.22.2.4 - - [25/Aug/2022:16:02:19 -0500] "GET /BLA/boletinlegal/img/select-left.png HTTP/1.1" 200 263
172.22.2.4 - - [25/Aug/2022:16:02:19 -0500] "GET /BLA/boletinlegal/img/select-right.png HTTP/1.1" 200 44019
172.22.2.4 - - [25/Aug/2022:16:02:19 -0500] "GET /BLA/boletinlegal/img/button.png HTTP/1.1" 200 43241
172.22.2.4 - - [25/Aug/2022:16:02:19 -0500] "GET /BLA/boletinlegal/img/button-left.png HTTP/1.1" 200 57071
172.22.2.4 - - [25/Aug/2022:16:02:19 -0500] "GET /BLA/boletinlegal/img/button-right.png HTTP/1.1" 200 57878
172.22.2.4 - - [25/Aug/2022:16:02:19 -0500] "GET /BLA/boletinlegal/favicon.ico HTTP/1.1" 404 1326
172.22.2.4 - - [25/Aug/2022:16:02:20 -0500] "GET /BLA/boletinlegal/actos.php HTTP/1.1" 200 9559
186.80.52.63 - - [25/Aug/2022:16:02:22 -0500] "POST /sipse/faces/presentacion/financiero/estudioPrevio/personalSolicitado/asociarEspecializacionPersonalSolicitado.xhtml HTTP/1.1" 200 58451
186.80.52.63 - - [25/Aug/2022:16:02:23 -0500] "GET /sipse/faces/javax.faces.resource/theme.css?ln=primefaces-sipse HTTP/1.1" 304 -
201.245.192.253 - - [25/Aug/2022:16:02:22 -0500] "POST /sipse/faces/presentacion/financiero/solicitudProceso/registroSolicitudProcesoOtrosPagos.xhtml HTTP/1.1" 200 6954
186.80.52.63 - - [25/Aug/2022:16:02:23 -0500] "GET /sipse/faces/javax.faces.resource/primefaces.css?ln=primefaces&v=4.0 HTTP/1.1" 304 -
