!C99Shell v. 1.0 pre-release build #13!

Software: Apache. PHP/5.5.15 

uname -a: Windows NT SVR-DMZ 6.1 build 7600 (Windows Server 2008 R2 Enterprise Edition) i586 

SYSTEM 

Safe-mode: OFF (not secure)

E:\nuevo\apache\logs\   drwxrwxrwx
Free 9.41 GB of 239.26 GB (3.93%)
Detected drives: [ a ] [ c ] [ d ] [ e ] [ f ]
Home    Back    Forward    UPDIR    Refresh    Search    Buffer    Encoder    Tools    Proc.    FTP brute    Sec.    SQL    PHP-code    Update    Feedback    Self remove    Logout    


Viewing file:     access.2022.08.25.log (2.09 MB)      -rw-rw-rw-
Select action/file-type:
(+) | (+) | (+) | Code (+) | Session (+) | (+) | SDB (+) | (+) | (+) | (+) | (+) | (+) |
201.245.192.253 - - [25/Aug/2022:00:00:08 -0500] "POST /kwsrmcab/Wsrmcab  HTTP/1.1" 200 46805
172.22.2.4 - - [24/Aug/2022:23:59:53 -0500] "HEAD /BLA/boletinlegal/ HTTP/1.1" 200 -
216.245.221.92 - - [25/Aug/2022:00:01:59 -0500] "HEAD / HTTP/1.1" 200 -
186.154.18.83 - - [25/Aug/2022:00:02:08 -0500] "GET /galeria/galeria/jquery.fancybox.css?v=2.1.5 HTTP/1.1" 200 4895
186.154.18.83 - - [25/Aug/2022:00:02:08 -0500] "GET /BLA/boletinlegal/js/jquery.scrollShow.js HTTP/1.1" 200 4586
186.154.18.83 - - [25/Aug/2022:00:02:08 -0500] "GET /galeria/galeria/jquery.fancybox.js?v=2.1.5 HTTP/1.1" 200 48706
172.22.2.4 - - [25/Aug/2022:00:00:44 -0500] "GET /BLA/boletinlegal/ HTTP/1.1" 200 60272
201.245.192.253 - - [25/Aug/2022:00:05:07 -0500] "POST /kwsrmcab/Wsrmcab  HTTP/1.1" 200 46805
216.245.221.92 - - [25/Aug/2022:00:06:59 -0500] "HEAD / HTTP/1.1" 200 -
172.22.2.4 - - [25/Aug/2022:00:05:43 -0500] "HEAD /BLA/boletinlegal/ HTTP/1.1" 200 -
172.22.2.4 - - [25/Aug/2022:00:06:34 -0500] "GET /BLA/boletinlegal/ HTTP/1.1" 200 53994
185.119.81.105 - - [25/Aug/2022:00:08:16 -0500] "GET /portaldeninos/wp-login.php HTTP/1.1" 200 2592
185.119.81.105 - - [25/Aug/2022:00:08:17 -0500] "POST /portaldeninos/wp-login.php HTTP/1.1" 200 3605
185.119.81.109 - - [25/Aug/2022:00:09:09 -0500] "GET /portaldeninos/wp-login.php HTTP/1.1" 200 2592
185.119.81.109 - - [25/Aug/2022:00:09:10 -0500] "POST /portaldeninos/wp-login.php HTTP/1.1" 200 3605
201.245.192.253 - - [25/Aug/2022:00:10:06 -0500] "POST /kwsrmcab/Wsrmcab  HTTP/1.1" 200 46805
186.28.28.5 - - [25/Aug/2022:00:11:05 -0500] "GET /BLA/resoluciones/ HTTP/1.1" 200 13093
173.252.107.15 - - [25/Aug/2022:00:11:09 -0500] "GET /images/jardines-verticales-plantas-24-mayo.jpg HTTP/1.1" 200 148288
186.28.28.5 - - [25/Aug/2022:00:11:09 -0500] "GET /BLA/resoluciones/index.php?dir=RESOLUCIONES+2021%2F HTTP/1.1" 200 416167
173.252.79.5 - - [25/Aug/2022:00:11:14 -0500] "GET /images/eficiencia-energetica-11-marzo.jpg HTTP/1.1" 200 46478
216.245.221.92 - - [25/Aug/2022:00:11:59 -0500] "HEAD / HTTP/1.1" 200 -
172.22.2.4 - - [25/Aug/2022:00:12:57 -0500] "GET /BLA/boletinlegal/Directivas/2011/Directiva%20No.%2010%20del%2028%20de%20Septiembre%20de%202011.pdf HTTP/1.1" 304 -
152.61.192.232 - - [25/Aug/2022:00:13:05 -0500] "GET / HTTP/1.1" 200 319
172.22.2.4 - - [25/Aug/2022:00:11:34 -0500] "HEAD /BLA/boletinlegal/ HTTP/1.1" 200 -
157.55.39.98 - - [25/Aug/2022:00:13:31 -0500] "GET /BLA/resoluciones/RESOLUCIONES%202000/2000%201750-1799.tif HTTP/1.1" 200 5276949
34.90.197.50 - - [25/Aug/2022:00:13:35 -0500] "GET / HTTP/1.1" 200 4720
34.90.197.50 - - [25/Aug/2022:00:13:37 -0500] "GET / HTTP/1.1" 200 319
172.22.2.4 - - [25/Aug/2022:00:12:24 -0500] "GET /BLA/boletinlegal/ HTTP/1.1" 200 60272
186.28.28.5 - - [25/Aug/2022:00:14:16 -0500] "GET /BLA/resoluciones/index.php HTTP/1.1" 200 13093
186.28.28.5 - - [25/Aug/2022:00:14:30 -0500] "GET /BLA/resoluciones/index.php?dir=AUTOS+2004%2F HTTP/1.1" 200 2786
186.28.28.5 - - [25/Aug/2022:00:14:33 -0500] "GET /BLA/resoluciones/AUTOS%202004/1141.pdf HTTP/1.1" 200 537076
201.245.192.253 - - [25/Aug/2022:00:15:04 -0500] "POST /kwsrmcab/Wsrmcab  HTTP/1.1" 200 46805
40.77.167.40 - - [25/Aug/2022:00:15:20 -0500] "GET / HTTP/1.1" 200 4720
117.212.174.186 - - [25/Aug/2022:00:16:00 -0500] "GET /boaform/admin/formLogin?username=adminisp&psd=adminisp HTTP/1.0" 404 1019
216.245.221.92 - - [25/Aug/2022:00:16:59 -0500] "HEAD / HTTP/1.1" 200 -
152.61.128.50 - - [25/Aug/2022:00:18:33 -0500] "GET / HTTP/1.1" 200 319
172.22.2.4 - - [25/Aug/2022:00:18:38 -0500] "GET /BLA/boletinlegal/jurisprudencia/analisis/Analisis%20jurisprudencial%20Sentencia%20C-366-11.doc HTTP/1.1" 304 -
172.22.2.4 - - [25/Aug/2022:00:17:24 -0500] "HEAD /BLA/boletinlegal/ HTTP/1.1" 200 -
157.55.39.98 - - [25/Aug/2022:00:19:04 -0500] "GET /sipse/faces/faces/autenticacion.xhtml HTTP/1.1" 200 12501
172.22.2.4 - - [25/Aug/2022:00:18:17 -0500] "GET /BLA/boletinlegal/ HTTP/1.1" 200 24523
201.245.192.253 - - [25/Aug/2022:00:19:35 -0500] "POST /kwsrmcab/Wsrmcab HTTP/1.1" 200 43324
201.245.192.253 - - [25/Aug/2022:00:19:39 -0500] "POST /kwsrmcab/Wsrmcab HTTP/1.1" 200 40322
172.22.2.4 - - [25/Aug/2022:00:18:14 -0500] "GET /BLA/boletinlegal/ HTTP/1.1" 200 53631
201.245.192.253 - - [25/Aug/2022:00:20:03 -0500] "POST /kwsrmcab/Wsrmcab  HTTP/1.1" 200 46805
186.102.76.216 - - [25/Aug/2022:00:20:17 -0500] "GET /kwssiamovil/sm/acme/u?s=U2FsdGVkX19kdF/owS4NPinL9VmIhFHsI9UhiQ8nvszCwOzyY7egn0w+IL/3tQusla1tUdglUYABhRwV1A88gBrEK3g+Hxaldgk0DN6ibRcwPwEb52DhU9dn9gcCE1fu+35qWkSMg4qc46lYyicDgg==&u=U2FsdGVkX1+3NHv7xwf0+yJsdx757hB1Ew78XV1HVmlw8KhVZbaxCK9Sh9cUFBGS&y=U2FsdGVkX1/csuKys/hKPFbgZRlrpDBtJyaAh00zin977kV/EW69mcoxTzw+P76R HTTP/1.1" 200 60
186.102.76.216 - - [25/Aug/2022:00:20:48 -0500] "GET /kwssiamovil/sm/ldap/au?x=U2FsdGVkX1+57Dj6WNqHr0iSKljEJ4MXmzDeF6SzlyQR42DYybZlshiM6/0oRVrDMxwqA4YhBM41bEuXmvaiHA==&y=U2FsdGVkX1/TT24yMN83FE6FkhBCwV4OoSt7pkBlfixVUNOF9omHYTkwiHhGtYbY HTTP/1.1" 200 30
186.102.76.216 - - [25/Aug/2022:00:20:49 -0500] "GET /kwssiamovil/sm/acme/s?s=U2FsdGVkX1/++98bJwmOcq+exUcH4TYb6UijhI4KxZb9QoS7TzOyY/yfvWpZnLP10nMZstKNLr4VvLen9StpMTJXVM+COGi451VOC/hdclY=&u=U2FsdGVkX1/NaCS5FTsDP/Wzo4z4o8TCfAFU2VW/7Y+/3QCD+lupdYboqh74ImKS&y=U2FsdGVkX1/TT24yMN83FE6FkhBCwV4OoSt7pkBlfixVUNOF9omHYTkwiHhGtYbY HTTP/1.1" 200 97
186.102.76.216 - - [25/Aug/2022:00:20:49 -0500] "GET /kwssiamovil/sm/acme/s?s=U2FsdGVkX19toJqOsv9wfTpp20at2YbZDISYkTG1QIl+SrDma4sQVeSlZDp00CO+eqjJJWduDaysb+Oz5C0uYrpFKiFej7i/Q8ibB5p3rGX6cagib/kUGRUBPEfmQBMhbnrBoT89UiHfXPNa/eGPj2Yx/BH2kvBzOri4N9svqI28+M0ja3Rad2dBgUXADhzudIjGOosDcbAtE65sB2RjA2ChOT5Z1YUioXk/ektTuEBeSfNvQcEnxT2Gig6N6qdJTALoSnY7uyAbNssf4qh9TMunuYD0EIfp+dUcanbiOL9bNQUPJrG3PTJtVa0h8j0mEV7OuGCc6AUsWYlwWRdiTdjHfGhiANLMJb060ab9QxFS4dMxFpXEaRNu75SS6iKBh+/SO0JvgQfVRwDjwWMtERMBIz+YWoUwe0zVudKB5dxZ7RkIvGcflICrRCkwouNIstgdUxiPUsr81BC0+3GzR1Mhqi10IcdY/BnqNfRZemUWAb3taJzB2GDk0dBHLxV/t1l8RUKZ0MDvXzq41I2uR3mvVWpSneZR7sh9N3TwnP692prqtb65F3KuSX5srxt5Ftmq4lQTAMyVFmlUJQ0hB4dKR55A68VRaWgmvCY9J8HUir7Z6GHPBOOR089rnNu/H4zsE5abe/9PNgng4YKw5AUZMXtA/n8fCEhSfufdBv4/0oEWzsQ0L5I4t+gCYxSqQk3Zi+3cCIVaVluKDEK3LKWIjCfIKD6NN3PINSXPGB3Np/XYAL+YUCMs1kfvpHU8PHoeNfZYdZ4BIZiSR0InoVyFWCCIibZi8WVs/Q1QJ4FuXqM7XO3rYBF4aLBPWWtf4w9z/npVw8wid/E72M0fjeluhjImsuRx1SPs5QkDv5lG1+aVO1hpNGZOv1Fj6TzeSfynchtT/hafG9jEH0JOOl2I3zxvzwxaxioQ/LjN10rIj6pihk38F7p9Ars5BAC9kyXw5akCjy5xeqyamIkT32rElDJiPfIFIVzhSJ1NyDLduJKInJXIUAS6SDIZe+LTFxKiWo0CKXGtV97J8Po9JXJPmucDAevMLTmKfQZ9ojQgJYVQqB4D+mm0xcDM8iAjhmrkBx7s536UhvxqYBPlzexsYHZrQYWBf/VtigdMnqEXGxyo6lcYHUzzHQNlQ6TEeZ1YXHxLfmaKgcMj3iAOJFJST5XTGG14NDGKJqUNDmRFgYqSRCLxhlUAd5VNLtbN1CKyvbZZo78d2U0+uw6N8s8ATGq4vbxQcoiBuTwd4R6kAzT2GVrIkWlzAcZDYUXyWyeo+I+BAurrmDQ9tHXuaELuC5QJpm7y1KTuVuOVtLKWCC5tbZZSrNOVRU/e7BphphQyOGftoyeW7Z73PMovm1QDcqCqCPBbFIcuewtY9Xs=&u=U2FsdGVkX1/NaCS5FTsDP/Wzo4z4o8TCfAFU2VW/7Y+/3QCD+lupdYboqh74ImKS&y=U2FsdGVkX1/TT24yMN83FE6FkhBCwV4OoSt7pkBlfixVUNOF9omHYTkwiHhGtYbY HTTP/1.1" 200 2642
186.102.76.216 - - [25/Aug/2022:00:20:49 -0500] "GET /kwssiamovil/sm/acme/s?s=U2FsdGVkX1+HkiMkMkctvD4Xs5Qn+7tIQ4WVGlUWTRXUM1vrcPy4xbU8WFS1bxNkRYAPaubpxr/ulEmwclzoi5+UEUSvqu/wTYkq4+jkljWYllZcZ+sKBeycjZwau81/L0QJkxpgHue6EMKWNE2h/dyLOaJTO1EFSZQMLNGhSQSpfD0qqepwTpt6LbECnO3tbqxuxzMG8r1QpGuxep5Q8kdCPn9b5N0HYfeL4UFz4w0pF2A86R+xALCLCzUvg78Tgjfh/bmu/T4McL2jNn+JztiANtoxXiLGYk6J92BXpGk=&u=U2FsdGVkX1/NaCS5FTsDP/Wzo4z4o8TCfAFU2VW/7Y+/3QCD+lupdYboqh74ImKS&y=U2FsdGVkX1/TT24yMN83FE6FkhBCwV4OoSt7pkBlfixVUNOF9omHYTkwiHhGtYbY HTTP/1.1" 200 176
186.102.76.216 - - [25/Aug/2022:00:20:49 -0500] "GET /kwssiamovil/sm/cjson/pre?f=1&x=U2FsdGVkX1+57Dj6WNqHr0iSKljEJ4MXmzDeF6SzlyQR42DYybZlshiM6/0oRVrDMxwqA4YhBM41bEuXmvaiHA== HTTP/1.1" 200 30992
216.245.221.92 - - [25/Aug/2022:00:21:59 -0500] "HEAD / HTTP/1.1" 200 -
40.77.167.40 - - [25/Aug/2022:00:23:11 -0500] "GET /combo?browserid=other&minifiertype=&languageid=es_es&b=6202&t=1420318876000&/html/js/aui/aui-widget-toolbars/aui-widget-toolbars-min.js&/html/js/aui/aui-modal/aui-modal-min.js&/html/js/liferay/widget_zindex.js&/html/js/liferay/util_window.js&/html/js/liferay/language.js&/html/js/aui/transition/transition-min.js&/html/js/aui/querystring-stringify/querystring-stringify-min.js&/html/js/aui/cookie/cookie-min.js&/html/js/liferay/session.js&/html/js/aui/aui-io-request/aui-io-request-min.js&/html/js/liferay/ajax_session.js HTTP/1.1" 404 1034
172.22.2.4 - - [25/Aug/2022:00:23:13 -0500] "HEAD /BLA/boletinlegal/ HTTP/1.1" 200 -
201.245.192.253 - - [25/Aug/2022:00:25:02 -0500] "POST /kwsrmcab/Wsrmcab  HTTP/1.1" 200 46805
185.119.81.101 - - [25/Aug/2022:00:25:09 -0500] "GET /portaldeninos/wp-login.php HTTP/1.1" 200 2592
185.119.81.101 - - [25/Aug/2022:00:25:10 -0500] "POST /portaldeninos/wp-login.php HTTP/1.1" 200 3670
172.22.2.4 - - [25/Aug/2022:00:24:04 -0500] "GET /BLA/boletinlegal/ HTTP/1.1" 200 60272
216.245.221.92 - - [25/Aug/2022:00:26:59 -0500] "HEAD / HTTP/1.1" 200 -
201.245.192.253 - - [25/Aug/2022:00:29:36 -0500] "POST /kwsrmcab/Wsrmcab HTTP/1.1" 200 43324
66.249.73.161 - - [25/Aug/2022:00:29:39 -0500] "-" 408 -
201.245.192.253 - - [25/Aug/2022:00:29:40 -0500] "POST /kwsrmcab/Wsrmcab HTTP/1.1" 200 40322
201.245.192.253 - - [25/Aug/2022:00:30:01 -0500] "POST /kwsrmcab/Wsrmcab  HTTP/1.1" 200 46805
172.22.2.4 - - [25/Aug/2022:00:29:04 -0500] "HEAD /BLA/boletinlegal/ HTTP/1.1" 200 -
172.22.2.4 - - [25/Aug/2022:00:29:54 -0500] "GET /BLA/boletinlegal/ HTTP/1.1" 200 57366
216.245.221.92 - - [25/Aug/2022:00:31:59 -0500] "HEAD / HTTP/1.1" 200 -
186.28.28.5 - - [25/Aug/2022:00:33:21 -0500] "GET /BLA/resoluciones/index.php?dir=RESOLUCIONES+2022%2F HTTP/1.1" 200 121590
186.28.28.5 - - [25/Aug/2022:00:33:26 -0500] "GET /BLA/resoluciones/index.php?dir=RESOLUCIONES+CONJUNTAS%2F HTTP/1.1" 200 4762
207.46.13.45 - - [25/Aug/2022:00:33:30 -0500] "GET /BLA/resoluciones/RESOLUCIONES%202000/2000%20750-799.tif HTTP/1.1" 200 5237505
186.28.28.5 - - [25/Aug/2022:00:33:34 -0500] "GET /BLA/resoluciones/index.php?dir=RESOLUCIONES+2022%2F HTTP/1.1" 200 121590
186.28.28.5 - - [25/Aug/2022:00:33:43 -0500] "GET /BLA/resoluciones/ HTTP/1.1" 200 13093
186.28.28.5 - - [25/Aug/2022:00:33:46 -0500] "GET /BLA/resoluciones/index.php HTTP/1.1" 200 13093
186.28.28.5 - - [25/Aug/2022:00:33:48 -0500] "GET /BLA/resoluciones/index.php HTTP/1.1" 200 13093
186.28.28.5 - - [25/Aug/2022:00:33:51 -0500] "GET /BLA/resoluciones/index.php?dir=RESOLUCIONES+2022%2F HTTP/1.1" 200 121590
186.28.28.5 - - [25/Aug/2022:00:34:16 -0500] "GET /BLA/resoluciones/RESOLUCIONES%202022/2879.pdf HTTP/1.1" 200 420863
172.22.2.4 - - [25/Aug/2022:00:34:40 -0500] "GET /BLA/boletinlegal/jurisprudencia/analisis/AnalisisT-606-15.docx HTTP/1.1" 200 26698
172.22.2.4 - - [25/Aug/2022:00:34:42 -0500] "GET /BLA/boletinlegal/apple-touch-icon-120x120-precomposed.png HTTP/1.1" 404 1140
172.22.2.4 - - [25/Aug/2022:00:34:42 -0500] "GET /BLA/boletinlegal/apple-touch-icon-120x120.png HTTP/1.1" 404 1140
172.22.2.4 - - [25/Aug/2022:00:34:42 -0500] "GET /BLA/boletinlegal/apple-touch-icon-precomposed.png HTTP/1.1" 404 1140
172.22.2.4 - - [25/Aug/2022:00:34:42 -0500] "GET /BLA/boletinlegal/apple-touch-icon.png HTTP/1.1" 404 1140
172.22.2.4 - - [25/Aug/2022:00:34:42 -0500] "GET /BLA/boletinlegal/favicon.ico HTTP/1.1" 404 1140
172.22.2.4 - - [25/Aug/2022:00:34:42 -0500] "GET /BLA/boletinlegal/apple-touch-icon-120x120-precomposed.png HTTP/1.1" 404 1140
172.22.2.4 - - [25/Aug/2022:00:34:42 -0500] "GET /BLA/boletinlegal/apple-touch-icon-120x120.png HTTP/1.1" 404 1140
172.22.2.4 - - [25/Aug/2022:00:34:42 -0500] "GET /BLA/boletinlegal/apple-touch-icon-precomposed.png HTTP/1.1" 404 1140
172.22.2.4 - - [25/Aug/2022:00:34:42 -0500] "GET /BLA/boletinlegal/apple-touch-icon.png HTTP/1.1" 404 1140
172.22.2.4 - - [25/Aug/2022:00:34:42 -0500] "GET /BLA/boletinlegal/favicon.ico HTTP/1.1" 404 1140
201.245.192.253 - - [25/Aug/2022:00:35:00 -0500] "POST /kwsrmcab/Wsrmcab  HTTP/1.1" 200 46805
172.22.2.4 - - [25/Aug/2022:00:34:53 -0500] "HEAD /BLA/boletinlegal/ HTTP/1.1" 200 -
66.249.73.161 - - [25/Aug/2022:00:36:37 -0500] "-" 408 -
216.245.221.92 - - [25/Aug/2022:00:36:59 -0500] "HEAD / HTTP/1.1" 200 -
40.77.167.40 - - [25/Aug/2022:00:37:04 -0500] "GET /portaldeninos/aulas-ambientales/aula-ambiental-sorotama/ HTTP/1.1" 200 89596
172.22.2.4 - - [25/Aug/2022:00:35:44 -0500] "GET /BLA/boletinlegal/ HTTP/1.1" 200 58946
173.252.107.118 - - [25/Aug/2022:00:38:06 -0500] "GET /images/acuerdos-enero-19.jpg HTTP/1.1" 200 56694
173.252.79.21 - - [25/Aug/2022:00:38:06 -0500] "GET /images/acuerdos-enero-19.jpg HTTP/1.1" 200 56694
201.245.192.253 - - [25/Aug/2022:00:39:36 -0500] "POST /kwsrmcab/Wsrmcab HTTP/1.1" 200 43324
201.245.192.253 - - [25/Aug/2022:00:39:40 -0500] "POST /kwsrmcab/Wsrmcab HTTP/1.1" 200 40322
207.46.13.186 - - [25/Aug/2022:00:39:56 -0500] "GET /BLA/resoluciones/RESOLUCIONES%202003/RES%202003%20851-900/892.tif HTTP/1.1" 200 271800
201.245.192.253 - - [25/Aug/2022:00:39:59 -0500] "POST /kwsrmcab/Wsrmcab  HTTP/1.1" 200 46805
40.77.167.40 - - [25/Aug/2022:00:40:25 -0500] "GET /portaldeninos/aulas-ambientales/aula-ambiental-sorotama/ HTTP/1.1" 200 89596
185.119.81.101 - - [25/Aug/2022:00:41:14 -0500] "GET /portaldeninos/wp-login.php HTTP/1.1" 200 2592
185.119.81.101 - - [25/Aug/2022:00:41:15 -0500] "POST /portaldeninos/wp-login.php HTTP/1.1" 200 3650
216.245.221.92 - - [25/Aug/2022:00:41:59 -0500] "HEAD / HTTP/1.1" 200 -
66.249.73.191 - - [25/Aug/2022:00:42:18 -0500] "-" 408 -
172.22.2.4 - - [25/Aug/2022:00:40:43 -0500] "HEAD /BLA/boletinlegal/ HTTP/1.1" 200 -
172.22.2.4 - - [25/Aug/2022:00:41:34 -0500] "GET /BLA/boletinlegal/ HTTP/1.1" 200 59819
69.63.184.119 - - [25/Aug/2022:00:44:10 -0500] "GET /dia-nacional-de-los-parques-nacionales-naturales-chingaza-y-sumapaz-riquezas-ambientales-de-bogota.html HTTP/1.1" 206 1182
201.245.192.253 - - [25/Aug/2022:00:44:58 -0500] "POST /kwsrmcab/Wsrmcab  HTTP/1.1" 200 46805
216.245.221.92 - - [25/Aug/2022:00:46:59 -0500] "HEAD / HTTP/1.1" 200 -
66.249.73.191 - - [25/Aug/2022:00:47:59 -0500] "-" 408 -
172.22.2.4 - - [25/Aug/2022:00:46:33 -0500] "HEAD /BLA/boletinlegal/ HTTP/1.1" 200 -
172.22.2.4 - - [25/Aug/2022:00:47:24 -0500] "GET /BLA/boletinlegal/ HTTP/1.1" 200 57366
201.245.192.253 - - [25/Aug/2022:00:49:57 -0500] "POST /kwsrmcab/Wsrmcab  HTTP/1.1" 200 46805
216.245.221.92 - - [25/Aug/2022:00:51:59 -0500] "HEAD / HTTP/1.1" 200 -
172.22.2.4 - - [25/Aug/2022:00:52:23 -0500] "HEAD /BLA/boletinlegal/ HTTP/1.1" 200 -
172.22.2.4 - - [25/Aug/2022:00:53:14 -0500] "GET /BLA/boletinlegal/ HTTP/1.1" 200 60865
201.245.192.253 - - [25/Aug/2022:00:54:57 -0500] "POST /kwsrmcab/Wsrmcab  HTTP/1.1" 200 46805
216.245.221.92 - - [25/Aug/2022:00:56:59 -0500] "HEAD / HTTP/1.1" 200 -
66.249.73.191 - - [25/Aug/2022:00:57:33 -0500] "-" 408 -
207.46.13.186 - - [25/Aug/2022:00:58:08 -0500] "GET /BLA/resoluciones/RESOLUCIONES%202000/2000%202150-2199.tif HTTP/1.1" 200 4923935
207.46.13.11 - - [25/Aug/2022:00:58:12 -0500] "GET /BLA/resoluciones/RESOLUCIONES%202003/RES%202003%20851-900/863.tif HTTP/1.1" 200 140164
185.119.81.101 - - [25/Aug/2022:00:59:04 -0500] "GET /portaldeninos/wp-login.php HTTP/1.1" 200 2592
185.119.81.101 - - [25/Aug/2022:00:59:05 -0500] "POST /portaldeninos/wp-login.php HTTP/1.1" 200 3650
172.22.2.4 - - [25/Aug/2022:00:58:13 -0500] "HEAD /BLA/boletinlegal/ HTTP/1.1" 200 -
201.245.192.253 - - [25/Aug/2022:00:59:56 -0500] "POST /kwsrmcab/Wsrmcab  HTTP/1.1" 200 46805
172.22.2.4 - - [25/Aug/2022:01:00:10 -0500] "GET /BLA/boletinlegal/Circulares/2013/Circular%20No.%206%20del%2019%20de%20julio%20de%202013.pdf HTTP/1.1" 304 -
172.22.2.4 - - [25/Aug/2022:00:59:04 -0500] "GET /BLA/boletinlegal/ HTTP/1.1" 200 58566
207.46.13.186 - - [25/Aug/2022:01:00:52 -0500] "GET /BLA/resoluciones/index.php?dir=AUTOS+2021%2F HTTP/1.1" 200 393164
216.245.221.92 - - [25/Aug/2022:01:01:59 -0500] "HEAD / HTTP/1.1" 200 -
66.249.73.191 - - [25/Aug/2022:01:03:27 -0500] "-" 408 -
152.61.128.50 - - [25/Aug/2022:01:03:41 -0500] "GET /arcgis/services/Calidad_del_Agua_WQI/MapServer/WMSServer?request=GetCapabilities&service=WMS HTTP/1.1" 503 1020
152.61.128.50 - - [25/Aug/2022:01:03:43 -0500] "GET /arcgis/services/Calidad_del_Agua_WQI/MapServer/WMSServer?SERVICE=WMS&REQUEST=GetCapabilities HTTP/1.1" 503 1020
152.61.128.50 - - [25/Aug/2022:01:03:43 -0500] "GET /arcgis/services/Calidad_del_Agua_WQI/MapServer/WMSServer?WMTVER=1.0.0&REQUEST=capabilities HTTP/1.1" 503 1020
195.114.194.84 - - [25/Aug/2022:01:04:39 -0500] "GET /secretaria-de-ambiente-invita-a-bares-y-gastrobares-a-controlar-los-niveles-de-ruido-sin-descuidar-los-protocolos-de-bioseguridad.html HTTP/1.1" 200 1069
201.245.192.253 - - [25/Aug/2022:01:04:55 -0500] "POST /kwsrmcab/Wsrmcab  HTTP/1.1" 200 46805
172.22.2.4 - - [25/Aug/2022:01:04:03 -0500] "HEAD /BLA/boletinlegal/ HTTP/1.1" 200 -
172.22.2.4 - - [25/Aug/2022:01:05:19 -0500] "GET /BLA/boletinlegal/ HTTP/1.1" 200 24523
172.22.2.4 - - [25/Aug/2022:01:04:54 -0500] "GET /BLA/boletinlegal/ HTTP/1.1" 200 53994
216.245.221.92 - - [25/Aug/2022:01:06:59 -0500] "HEAD / HTTP/1.1" 200 -
161.35.188.242 - - [25/Aug/2022:01:08:09 -0500] "\x16\x03\x01" 400 226
161.35.188.242 - - [25/Aug/2022:01:08:11 -0500] "GET / HTTP/1.1" 200 319
161.35.188.242 - - [25/Aug/2022:01:08:11 -0500] "HELP" 501 953
161.35.188.242 - - [25/Aug/2022:01:08:12 -0500] "GET / HTTP/1.1" 200 319
161.35.188.242 - - [25/Aug/2022:01:08:13 -0500] "PUT /vendor/phpunit/phpunit/src/Util/PHP/eval-stdin.php HTTP/1.1" 405 938
161.35.188.242 - - [25/Aug/2022:01:08:13 -0500] "CONNECT leakix.net:443 HTTP/1.1" 405 938
161.35.188.242 - - [25/Aug/2022:01:08:13 -0500] "GET /cgi-bin/.%2e/%2e%2e/%2e%2e/%2e%2e/%2e%2e/%2e%2e/%2e%2e/%2e%2e/%2e%2e/etc/hosts HTTP/1.1" 400 945
161.35.188.242 - - [25/Aug/2022:01:08:13 -0500] "GET /cgi-bin/.%2e/%2e%2e/%2e%2e/%2e%2e/%2e%2e/%2e%2e/%2e%2e/%2e%2e/%2e%2e/etc/hosts HTTP/1.1" 400 945
161.35.188.242 - - [25/Aug/2022:01:08:14 -0500] "GET /.DS_Store HTTP/1.1" 404 1018
161.35.188.242 - - [25/Aug/2022:01:08:14 -0500] "GET /favicon.ico HTTP/1.1" 200 7782
161.35.188.242 - - [25/Aug/2022:01:08:14 -0500] "GET /api/geojson?url=file:///etc/hosts HTTP/1.1" 404 1018
161.35.188.242 - - [25/Aug/2022:01:08:14 -0500] "GET /frontend_dev.php/$ HTTP/1.1" 404 1018
161.35.188.242 - - [25/Aug/2022:01:08:14 -0500] "GET / HTTP/1.1" 200 319
161.35.188.242 - - [25/Aug/2022:01:08:15 -0500] "GET /server-status HTTP/1.1" 403 1165
161.35.188.242 - - [25/Aug/2022:01:08:15 -0500] "GET /.env HTTP/1.1" 404 1018
161.35.188.242 - - [25/Aug/2022:01:08:15 -0500] "GET /info.php HTTP/1.1" 404 1018
161.35.188.242 - - [25/Aug/2022:01:08:15 -0500] "GET /.json HTTP/1.1" 404 1018
161.35.188.242 - - [25/Aug/2022:01:08:15 -0500] "GET /ecp/Current/exporttool/microsoft.exchange.ediscovery.exporttool.application HTTP/1.1" 404 1018
161.35.188.242 - - [25/Aug/2022:01:08:16 -0500] "GET /login.action HTTP/1.1" 404 1018
207.46.13.45 - - [25/Aug/2022:01:09:07 -0500] "GET /BLA/resoluciones/AUTOS%202021/5270.pdf HTTP/1.1" 304 -
201.245.192.253 - - [25/Aug/2022:01:09:54 -0500] "POST /kwsrmcab/Wsrmcab  HTTP/1.1" 200 46805
66.249.73.191 - - [25/Aug/2022:01:11:17 -0500] "-" 408 -
172.22.2.4 - - [25/Aug/2022:01:09:53 -0500] "HEAD /BLA/boletinlegal/ HTTP/1.1" 200 -
216.245.221.92 - - [25/Aug/2022:01:11:59 -0500] "HEAD / HTTP/1.1" 200 -
172.22.2.4 - - [25/Aug/2022:01:10:44 -0500] "GET /BLA/boletinlegal/ HTTP/1.1" 200 59819
207.46.13.11 - - [25/Aug/2022:01:14:24 -0500] "GET /galeria/galeria/jquery.fancybox.js?v=2.1.5 HTTP/1.1" 200 48706
201.245.192.253 - - [25/Aug/2022:01:14:52 -0500] "POST /kwsrmcab/Wsrmcab  HTTP/1.1" 200 46805
152.61.192.232 - - [25/Aug/2022:01:16:40 -0500] "GET /arcgis/services/Calidad_del_Agua_WQI/MapServer/WMSServer?request=GetCapabilities&service=WMS HTTP/1.1" 503 1020
152.61.192.232 - - [25/Aug/2022:01:16:41 -0500] "GET /arcgis/services/Calidad_del_Agua_WQI/MapServer/WMSServer?SERVICE=WMS&REQUEST=GetCapabilities HTTP/1.1" 503 1020
152.61.192.232 - - [25/Aug/2022:01:16:41 -0500] "GET /arcgis/services/Calidad_del_Agua_WQI/MapServer/WMSServer?WMTVER=1.0.0&REQUEST=capabilities HTTP/1.1" 503 1020
216.245.221.92 - - [25/Aug/2022:01:16:59 -0500] "HEAD / HTTP/1.1" 200 -
172.22.2.4 - - [25/Aug/2022:01:15:43 -0500] "HEAD /BLA/boletinlegal/ HTTP/1.1" 200 -
66.249.73.191 - - [25/Aug/2022:01:17:44 -0500] "-" 408 -
172.22.2.4 - - [25/Aug/2022:01:16:34 -0500] "GET /BLA/boletinlegal/ HTTP/1.1" 200 57716
128.14.134.170 - - [25/Aug/2022:01:18:52 -0500] "GET /portaldeninos/ HTTP/1.1" 200 110281
207.46.13.11 - - [25/Aug/2022:01:18:54 -0500] "GET /BLA/resoluciones/RESOLUCIONES%202000/2000%2050-99.tif HTTP/1.1" 200 4413665
207.46.13.51 - - [25/Aug/2022:01:19:22 -0500] "GET /portaldeninos/ HTTP/1.1" 200 110281
201.245.192.253 - - [25/Aug/2022:01:19:35 -0500] "POST /kwsrmcab/Wsrmcab HTTP/1.1" 200 43434
207.46.13.51 - - [25/Aug/2022:01:19:42 -0500] "GET /portaldeninos/wp-content/themes/betheme/assets/jplayer/jplayer.min.js?ver=20.9.6 HTTP/1.1" 200 52702
201.245.192.253 - - [25/Aug/2022:01:19:39 -0500] "POST /kwsrmcab/Wsrmcab HTTP/1.1" 200 40482
40.77.167.40 - - [25/Aug/2022:01:19:42 -0500] "GET /portaldeninos/wp-content/plugins/popup-maker/assets/js/site.min.js?defer&ver=1.8.14 HTTP/1.1" 200 48457
40.77.167.40 - - [25/Aug/2022:01:19:45 -0500] "GET /portaldeninos/wp-content/themes/betheme/js/menu.js?ver=20.9.6 HTTP/1.1" 200 2449
207.46.13.51 - - [25/Aug/2022:01:19:44 -0500] "GET /portaldeninos/wp-content/themes/betheme/js/plugins.js?ver=20.9.6 HTTP/1.1" 200 197151
157.55.39.108 - - [25/Aug/2022:01:19:46 -0500] "GET /portaldeninos/wp-content/themes/betheme/assets/animations/animations.min.js?ver=20.9.6 HTTP/1.1" 200 1896
40.77.167.52 - - [25/Aug/2022:01:19:47 -0500] "GET /portaldeninos/wp-content/plugins/gallery-videos/CSS/totalsoft.css?ver=4.9.8 HTTP/1.1" 200 40622
207.46.13.51 - - [25/Aug/2022:01:19:47 -0500] "GET /portaldeninos/wp-includes/js/jquery/ui/sortable.min.js?ver=1.11.4 HTTP/1.1" 200 24899
157.55.39.108 - - [25/Aug/2022:01:19:48 -0500] "GET /portaldeninos/wp-content/themes/betheme/css/shortcodes.css?ver=20.9.6 HTTP/1.1" 200 138889
40.77.167.52 - - [25/Aug/2022:01:19:49 -0500] "GET /portaldeninos/wp-content/themes/betheme/assets/ui/jquery.ui.all.css?ver=20.9.6 HTTP/1.1" 200 18765
207.46.13.51 - - [25/Aug/2022:01:19:50 -0500] "GET /portaldeninos/wp-includes/js/wp-emoji-release.min.js?ver=4.9.8 HTTP/1.1" 200 12026
157.55.39.108 - - [25/Aug/2022:01:19:51 -0500] "GET /portaldeninos/wp-content/themes/betheme/style.css?ver=20.9.6 HTTP/1.1" 200 287
40.77.167.52 - - [25/Aug/2022:01:19:52 -0500] "GET /portaldeninos/wp-content/themes/betheme/css/layout.css?ver=20.9.6 HTTP/1.1" 200 116639
207.46.13.144 - - [25/Aug/2022:01:19:53 -0500] "GET /portaldeninos/wp-content/plugins/gallery-videos/CSS/Total-Soft-Gallery-Video-Widget.css?ver=4.9.8 HTTP/1.1" 200 51554
201.245.192.253 - - [25/Aug/2022:01:19:52 -0500] "POST /kwsrmcab/Wsrmcab  HTTP/1.1" 200 46805
40.77.167.52 - - [25/Aug/2022:01:19:54 -0500] "GET /portaldeninos/wp-content/themes/betheme/js/scripts.js?ver=20.9.6 HTTP/1.1" 200 77162
207.46.13.144 - - [25/Aug/2022:01:19:56 -0500] "GET /portaldeninos/wp-content/plugins/gallery-videos/JS/modernizr.custom.js?ver=4.9.8 HTTP/1.1" 200 9019
40.77.167.52 - - [25/Aug/2022:01:19:57 -0500] "GET /portaldeninos/wp-content/uploads/useanyfont/uaf.css?ver=1589905315 HTTP/1.1" 200 408
207.46.13.144 - - [25/Aug/2022:01:19:59 -0500] "GET /portaldeninos/wp-content/plugins/popup-maker/assets/css/site.min.css?ver=1.8.14 HTTP/1.1" 200 8260
40.77.167.40 - - [25/Aug/2022:01:19:48 -0500] "GET /portaldeninos/wp-content/uploads/2022/01/Conoce-lo-que-hace-la-Secretar%C3%ADa-de-Ambiente.mp4 HTTP/1.1" 200 6599959
157.55.39.51 - - [25/Aug/2022:01:19:59 -0500] "GET /portaldeninos/wp-content/plugins/gallery-videos/JS/Total-Soft-Gallery-Video-Widget.js?ver=4.9.8 HTTP/1.1" 200 80264
40.77.167.52 - - [25/Aug/2022:01:20:00 -0500] "GET /portaldeninos/wp-includes/js/jquery/jquery.js?ver=1.12.4 HTTP/1.1" 200 97184
40.77.167.40 - - [25/Aug/2022:01:20:02 -0500] "GET /portaldeninos/wp-includes/js/jquery/ui/mouse.min.js?ver=1.11.4 HTTP/1.1" 200 3148
207.46.13.144 - - [25/Aug/2022:01:20:02 -0500] "GET /portaldeninos/wp-content/themes/betheme/assets/jplayer/css/jplayer.blue.monday.css?ver=20.9.6 HTTP/1.1" 200 9834
157.55.39.51 - - [25/Aug/2022:01:20:02 -0500] "GET /portaldeninos/wp-content/themes/betheme/assets/animations/animations.min.css?ver=20.9.6 HTTP/1.1" 200 58508
40.77.167.40 - - [25/Aug/2022:01:20:04 -0500] "GET /portaldeninos/wp-includes/js/jquery/ui/tabs.min.js?ver=1.11.4 HTTP/1.1" 200 12110
157.55.39.51 - - [25/Aug/2022:01:20:05 -0500] "GET /portaldeninos/wp-includes/js/jquery/ui/accordion.min.js?ver=1.11.4 HTTP/1.1" 200 8584
207.46.13.144 - - [25/Aug/2022:01:20:05 -0500] "GET /portaldeninos/wp-content/themes/betheme/css/base.css?ver=20.9.6 HTTP/1.1" 200 57283
40.77.167.40 - - [25/Aug/2022:01:20:07 -0500] "GET /portaldeninos/wp-includes/js/jquery/ui/widget.min.js?ver=1.11.4 HTTP/1.1" 200 6908
157.55.39.51 - - [25/Aug/2022:01:20:09 -0500] "GET /portaldeninos/wp-includes/js/wp-embed.min.js?ver=4.9.8 HTTP/1.1" 200 1398
207.46.13.144 - - [25/Aug/2022:01:20:08 -0500] "GET /portaldeninos/wp-content/themes/betheme/css/responsive.css?ver=20.9.6 HTTP/1.1" 200 55740
207.46.13.144 - - [25/Aug/2022:01:20:11 -0500] "GET /portaldeninos/wp-includes/js/jquery/jquery-migrate.min.js?ver=1.4.1 HTTP/1.1" 200 10056
207.46.13.144 - - [25/Aug/2022:01:20:14 -0500] "GET /portaldeninos/wp-includes/js/jquery/ui/position.min.js?ver=1.11.4 HTTP/1.1" 200 6527
157.55.39.108 - - [25/Aug/2022:01:19:54 -0500] "GET /portaldeninos/wp-content/uploads/2019/06/CabezoteAMBIENTIC.mp4 HTTP/1.1" 200 10794492
157.55.39.108 - - [25/Aug/2022:01:20:36 -0500] "GET /portaldeninos/wp-includes/js/jquery/ui/core.min.js?ver=1.11.4 HTTP/1.1" 200 4000
171.22.30.207 - - [25/Aug/2022:01:21:15 -0500] "POST /boaform/admin/formLogin HTTP/1.1" 404 1186
216.245.221.92 - - [25/Aug/2022:01:21:59 -0500] "HEAD / HTTP/1.1" 200 -
207.46.13.115 - - [25/Aug/2022:01:23:07 -0500] "GET /BLA/resoluciones/RESOLUCIONES%20CONJUNTAS/Resolucion%20Conjunta%2003%20del%2023%20de%20febrero%20de%202015.pdf HTTP/1.1" 304 -
172.22.2.4 - - [25/Aug/2022:01:21:33 -0500] "HEAD /BLA/boletinlegal/ HTTP/1.1" 200 -
66.249.73.191 - - [25/Aug/2022:01:23:22 -0500] "-" 408 -
172.22.2.4 - - [25/Aug/2022:01:23:57 -0500] "GET /BLA/boletinlegal/jurisprudencia/analisis/AnalisisT-606-15.docx HTTP/1.1" 200 26698
172.22.2.4 - - [25/Aug/2022:01:23:59 -0500] "GET /BLA/boletinlegal/apple-touch-icon-120x120-precomposed.png HTTP/1.1" 404 1140
172.22.2.4 - - [25/Aug/2022:01:23:59 -0500] "GET /BLA/boletinlegal/apple-touch-icon-120x120.png HTTP/1.1" 404 1140
172.22.2.4 - - [25/Aug/2022:01:23:59 -0500] "GET /BLA/boletinlegal/apple-touch-icon-precomposed.png HTTP/1.1" 404 1140
172.22.2.4 - - [25/Aug/2022:01:23:59 -0500] "GET /BLA/boletinlegal/apple-touch-icon.png HTTP/1.1" 404 1140
172.22.2.4 - - [25/Aug/2022:01:23:59 -0500] "GET /BLA/boletinlegal/favicon.ico HTTP/1.1" 404 1140
172.22.2.4 - - [25/Aug/2022:01:24:00 -0500] "GET /BLA/boletinlegal/apple-touch-icon-120x120-precomposed.png HTTP/1.1" 404 1140
172.22.2.4 - - [25/Aug/2022:01:24:00 -0500] "GET /BLA/boletinlegal/apple-touch-icon-120x120.png HTTP/1.1" 404 1140
172.22.2.4 - - [25/Aug/2022:01:24:00 -0500] "GET /BLA/boletinlegal/apple-touch-icon-precomposed.png HTTP/1.1" 404 1140
172.22.2.4 - - [25/Aug/2022:01:24:00 -0500] "GET /BLA/boletinlegal/apple-touch-icon.png HTTP/1.1" 404 1140
172.22.2.4 - - [25/Aug/2022:01:24:00 -0500] "GET /BLA/boletinlegal/favicon.ico HTTP/1.1" 404 1140
172.22.2.4 - - [25/Aug/2022:01:22:24 -0500] "GET /BLA/boletinlegal/ HTTP/1.1" 200 58154
201.245.192.253 - - [25/Aug/2022:01:24:50 -0500] "POST /kwsrmcab/Wsrmcab  HTTP/1.1" 200 46805
185.119.81.105 - - [25/Aug/2022:01:25:36 -0500] "GET /portaldeninos/wp-login.php HTTP/1.1" 200 2592
185.119.81.105 - - [25/Aug/2022:01:25:37 -0500] "POST /portaldeninos/wp-login.php HTTP/1.1" 200 3670
43.153.10.221 - - [25/Aug/2022:01:26:01 -0500] "GET / HTTP/1.1" 200 319
216.245.221.92 - - [25/Aug/2022:01:26:59 -0500] "HEAD / HTTP/1.1" 200 -
172.22.2.4 - - [25/Aug/2022:01:27:23 -0500] "HEAD /BLA/boletinlegal/ HTTP/1.1" 200 -
66.249.73.191 - - [25/Aug/2022:01:29:09 -0500] "-" 408 -
201.245.192.253 - - [25/Aug/2022:01:29:35 -0500] "POST /kwsrmcab/Wsrmcab HTTP/1.1" 200 43434
201.245.192.253 - - [25/Aug/2022:01:29:39 -0500] "POST /kwsrmcab/Wsrmcab HTTP/1.1" 200 40482
201.245.192.253 - - [25/Aug/2022:01:29:49 -0500] "POST /kwsrmcab/Wsrmcab  HTTP/1.1" 200 46805
172.22.2.4 - - [25/Aug/2022:01:28:14 -0500] "GET /BLA/boletinlegal/ HTTP/1.1" 200 58946
216.245.221.92 - - [25/Aug/2022:01:31:59 -0500] "HEAD / HTTP/1.1" 200 -
185.119.81.109 - - [25/Aug/2022:01:32:09 -0500] "GET /portaldeninos/wp-login.php HTTP/1.1" 200 2592
185.119.81.109 - - [25/Aug/2022:01:32:10 -0500] "POST /portaldeninos/wp-login.php HTTP/1.1" 200 3605
201.245.192.253 - - [25/Aug/2022:01:34:48 -0500] "POST /kwsrmcab/Wsrmcab  HTTP/1.1" 200 46805
172.22.2.4 - - [25/Aug/2022:01:33:13 -0500] "HEAD /BLA/boletinlegal/ HTTP/1.1" 200 -
40.77.189.7 - - [25/Aug/2022:01:35:39 -0500] "GET /portaldeninos/wp-content/themes/betheme/fonts/mfn-icons.woff?93978679 HTTP/1.1" 200 80932
40.77.190.146 - - [25/Aug/2022:01:35:40 -0500] "GET /portaldeninos/wp-json/pum/v1/analytics/?event=open&pid=1126&_cache=1661409220387 HTTP/1.1" 204 -
172.22.2.4 - - [25/Aug/2022:01:34:03 -0500] "GET /BLA/boletinlegal/ HTTP/1.1" 200 53994
66.249.73.191 - - [25/Aug/2022:01:36:53 -0500] "-" 408 -
216.245.221.92 - - [25/Aug/2022:01:36:59 -0500] "HEAD / HTTP/1.1" 200 -
143.110.179.129 - - [25/Aug/2022:01:37:12 -0500] "GET /portaldeninos/ HTTP/1.1" 200 110281
118.69.35.198 - - [25/Aug/2022:01:38:33 -0500] "HEAD / HTTP/1.1" 200 -
118.69.35.198 - - [25/Aug/2022:01:38:34 -0500] "GET /wp-login.php HTTP/1.1" 404 1241
118.69.35.198 - - [25/Aug/2022:01:38:34 -0500] "GET /wordpress/wp-login.php HTTP/1.1" 404 1241
113.161.74.181 - - [25/Aug/2022:01:38:35 -0500] "GET /blog/wp-login.php HTTP/1.1" 404 1241
118.69.35.198 - - [25/Aug/2022:01:38:36 -0500] "GET /wp/wp-login.php HTTP/1.1" 404 1241
157.55.39.98 - - [25/Aug/2022:01:39:19 -0500] "GET /BLA/resoluciones/RESOLUCIONES%202000/2000%202500-2549.tif HTTP/1.1" 200 4629212
201.245.192.253 - - [25/Aug/2022:01:39:35 -0500] "POST /kwsrmcab/Wsrmcab HTTP/1.1" 200 43434
201.245.192.253 - - [25/Aug/2022:01:39:39 -0500] "POST /kwsrmcab/Wsrmcab HTTP/1.1" 200 40482
201.245.192.253 - - [25/Aug/2022:01:39:47 -0500] "POST /kwsrmcab/Wsrmcab  HTTP/1.1" 200 46805
207.46.13.36 - - [25/Aug/2022:01:40:08 -0500] "GET /BLA/resoluciones/AUTOS%202020/3636.pdf HTTP/1.1" 200 364150
172.22.2.4 - - [25/Aug/2022:01:39:03 -0500] "HEAD /BLA/boletinlegal/ HTTP/1.1" 200 -
172.22.2.4 - - [25/Aug/2022:01:39:54 -0500] "GET /BLA/boletinlegal/ HTTP/1.1" 200 53994
216.245.221.92 - - [25/Aug/2022:01:41:59 -0500] "HEAD / HTTP/1.1" 200 -
66.249.73.191 - - [25/Aug/2022:01:42:39 -0500] "-" 408 -
172.22.2.4 - - [25/Aug/2022:01:43:59 -0500] "GET /BLA/boletinlegal/index.php?s=/Index/\\think\\app/invokefunction&function=call_user_func_array&vars[0]=md5&vars[1][]=HelloThinkPHP21 HTTP/1.1" 200 36811
201.245.192.253 - - [25/Aug/2022:01:44:46 -0500] "POST /kwsrmcab/Wsrmcab  HTTP/1.1" 200 46805
172.22.2.4 - - [25/Aug/2022:01:44:53 -0500] "HEAD /BLA/boletinlegal/ HTTP/1.1" 200 -
216.245.221.92 - - [25/Aug/2022:01:46:59 -0500] "HEAD / HTTP/1.1" 200 -
172.22.2.4 - - [25/Aug/2022:01:45:43 -0500] "GET /BLA/boletinlegal/ HTTP/1.1" 200 59819
207.46.13.144 - - [25/Aug/2022:01:47:59 -0500] "GET /portaldeninos/wp-content/uploads/2021/07/Banners-p%C3%A1gina-de-ni%C3%B1os10-260x13.jpg HTTP/1.1" 404 75240
66.249.73.191 - - [25/Aug/2022:01:48:58 -0500] "-" 408 -
201.245.192.253 - - [25/Aug/2022:01:49:44 -0500] "POST /kwsrmcab/Wsrmcab  HTTP/1.1" 200 46805
216.245.221.92 - - [25/Aug/2022:01:51:59 -0500] "HEAD / HTTP/1.1" 200 -
172.22.2.4 - - [25/Aug/2022:01:50:43 -0500] "HEAD /BLA/boletinlegal/ HTTP/1.1" 200 -
172.22.2.4 - - [25/Aug/2022:01:51:34 -0500] "GET /BLA/boletinlegal/ HTTP/1.1" 200 60865
201.245.192.253 - - [25/Aug/2022:01:54:44 -0500] "POST /kwsrmcab/Wsrmcab  HTTP/1.1" 200 46805
216.245.221.92 - - [25/Aug/2022:01:56:59 -0500] "HEAD / HTTP/1.1" 200 -
172.22.2.4 - - [25/Aug/2022:01:56:33 -0500] "HEAD /BLA/boletinlegal/ HTTP/1.1" 200 -
209.141.34.187 - - [25/Aug/2022:01:58:24 -0500] "GET / HTTP/1.1" 200 319
209.141.34.187 - - [25/Aug/2022:01:58:26 -0500] "GET /favicon.ico HTTP/1.1" 200 7782
66.249.73.191 - - [25/Aug/2022:01:58:43 -0500] "-" 408 -
172.22.2.4 - - [25/Aug/2022:01:57:23 -0500] "GET /BLA/boletinlegal/ HTTP/1.1" 200 54347
201.245.192.253 - - [25/Aug/2022:01:59:43 -0500] "POST /kwsrmcab/Wsrmcab  HTTP/1.1" 200 46805
216.245.221.92 - - [25/Aug/2022:02:01:59 -0500] "HEAD / HTTP/1.1" 200 -
185.119.81.103 - - [25/Aug/2022:02:02:34 -0500] "GET /portaldeninos/wp-login.php HTTP/1.1" 200 2592
185.119.81.103 - - [25/Aug/2022:02:02:35 -0500] "POST /portaldeninos/wp-login.php HTTP/1.1" 200 3670
172.22.2.4 - - [25/Aug/2022:02:02:23 -0500] "HEAD /BLA/boletinlegal/ HTTP/1.1" 200 -
201.245.192.253 - - [25/Aug/2022:02:04:42 -0500] "POST /kwsrmcab/Wsrmcab  HTTP/1.1" 200 46805
66.249.73.191 - - [25/Aug/2022:02:04:48 -0500] "-" 408 -
172.22.2.4 - - [25/Aug/2022:02:03:13 -0500] "GET /BLA/boletinlegal/ HTTP/1.1" 200 56723
172.22.2.4 - - [25/Aug/2022:02:05:02 -0500] "GET /BLA/boletinlegal/jurisprudencia/analisis/SENTENCIA%20C-703%20DE%202010.xls HTTP/1.1" 304 -
216.245.221.92 - - [25/Aug/2022:02:06:59 -0500] "HEAD / HTTP/1.1" 200 -
207.46.13.186 - - [25/Aug/2022:02:07:24 -0500] "GET /autoliquidacion2020 HTTP/1.1" 301 250
207.46.13.186 - - [25/Aug/2022:02:07:34 -0500] "GET /autoliquidacion2020/ HTTP/1.1" 200 6146
201.245.192.253 - - [25/Aug/2022:02:09:42 -0500] "POST /kwsrmcab/Wsrmcab  HTTP/1.1" 200 46805
172.22.2.4 - - [25/Aug/2022:02:08:13 -0500] "HEAD /BLA/boletinlegal/ HTTP/1.1" 200 -
66.249.73.191 - - [25/Aug/2022:02:10:34 -0500] "-" 408 -
172.22.2.4 - - [25/Aug/2022:02:09:03 -0500] "GET /BLA/boletinlegal/ HTTP/1.1" 200 58154
185.119.81.101 - - [25/Aug/2022:02:11:37 -0500] "GET /portaldeninos/wp-login.php HTTP/1.1" 200 2592
185.119.81.101 - - [25/Aug/2022:02:11:38 -0500] "POST /portaldeninos/wp-login.php HTTP/1.1" 200 3605
216.245.221.92 - - [25/Aug/2022:02:11:59 -0500] "HEAD / HTTP/1.1" 200 -
172.22.2.4 - - [25/Aug/2022:02:14:12 -0500] "GET /BLA/boletinlegal/robots.txt HTTP/1.1" 404 1038
207.46.13.186 - - [25/Aug/2022:02:14:35 -0500] "GET /sipse/faces/autenticacion.xhtml HTTP/1.1" 200 12501
201.245.192.253 - - [25/Aug/2022:02:14:41 -0500] "POST /kwsrmcab/Wsrmcab  HTTP/1.1" 200 46805
172.22.2.4 - - [25/Aug/2022:02:14:03 -0500] "HEAD /BLA/boletinlegal/ HTTP/1.1" 200 -
172.22.2.4 - - [25/Aug/2022:02:14:14 -0500] "GET /BLA/boletinlegal/index.php HTTP/1.1" 200 50790
172.22.2.4 - - [25/Aug/2022:02:14:53 -0500] "GET /BLA/boletinlegal/ HTTP/1.1" 200 50790
172.22.2.4 - - [25/Aug/2022:02:15:48 -0500] "GET /BLA/boletinlegal/?XDEBUG_SESSION_START=phpstorm HTTP/1.1" 200 36811
216.245.221.92 - - [25/Aug/2022:02:16:59 -0500] "HEAD / HTTP/1.1" 200 -
207.46.13.36 - - [25/Aug/2022:02:17:52 -0500] "GET /catalogoisis/ HTTP/1.1" 200 8575
66.249.73.191 - - [25/Aug/2022:02:19:18 -0500] "-" 408 -
201.245.192.253 - - [25/Aug/2022:02:19:35 -0500] "POST /kwsrmcab/Wsrmcab HTTP/1.1" 200 43601
201.245.192.253 - - [25/Aug/2022:02:19:39 -0500] "POST /kwsrmcab/Wsrmcab HTTP/1.1" 200 40456
201.245.192.253 - - [25/Aug/2022:02:19:40 -0500] "POST /kwsrmcab/Wsrmcab  HTTP/1.1" 200 46805
172.22.2.4 - - [25/Aug/2022:02:19:53 -0500] "HEAD /BLA/boletinlegal/ HTTP/1.1" 200 -
216.245.221.92 - - [25/Aug/2022:02:21:59 -0500] "HEAD / HTTP/1.1" 200 -
207.46.13.115 - - [25/Aug/2022:02:22:03 -0500] "GET /BLA/resoluciones/RESOLUCIONES%202011/5203.pdf HTTP/1.1" 304 -
172.22.2.4 - - [25/Aug/2022:02:20:43 -0500] "GET /BLA/boletinlegal/ HTTP/1.1" 200 58154
207.46.13.144 - - [25/Aug/2022:02:22:35 -0500] "GET /combo?browserid=other&minifiertype=&languageid=es_es&b=6202&t=1420318876000&/html/js/aui/base-core/base-core-min.js&/html/js/aui/base-observable/base-observable-min.js&/html/js/aui/aui-widget-cssclass/aui-widget-cssclass-min.js&/html/js/aui/aui-widget-toggle/aui-widget-toggle-min.js&/html/js/aui/base-build/base-build-min.js&/html/js/aui/widget-position/widget-position-min.js&/html/js/aui/widget-stack/widget-stack-min.js&/html/js/aui/widget-position-align/widget-position-align-min.js&/html/js/aui/widget-position-constrain/widget-position-constrain-min.js&/html/js/aui/widget-stdmod/widget-stdmod-min.js&/html/js/aui/aui-overlay-base-deprecated/aui-overlay-base-deprecated-min.js&/html/js/aui/aui-overlay-mask-deprecated/aui-overlay-mask-deprecated-min.js&/html/js/aui/aui-loading-mask-deprecated/aui-loading-mask-deprecated-min.js&/html/js/aui/aui-dialog-iframe-deprecated/aui-dialog-iframe-deprecated-min.js&/html/js/aui/widget-autohide/widget-autohide-min.js&/html/js/aui/button-core/button-core-min.js HTTP/1.1" 404 1034
40.77.190.60 - - [25/Aug/2022:02:23:24 -0500] "GET /dlf/styles.css HTTP/1.1" 404 1018
201.245.192.253 - - [25/Aug/2022:02:24:39 -0500] "POST /kwsrmcab/Wsrmcab  HTTP/1.1" 200 46805
66.249.73.191 - - [25/Aug/2022:02:25:12 -0500] "-" 408 -
216.245.221.92 - - [25/Aug/2022:02:26:59 -0500] "HEAD / HTTP/1.1" 200 -
172.22.2.4 - - [25/Aug/2022:02:25:43 -0500] "HEAD /BLA/boletinlegal/ HTTP/1.1" 200 -
172.22.2.4 - - [25/Aug/2022:02:26:33 -0500] "GET /BLA/boletinlegal/ HTTP/1.1" 200 58154
201.245.192.253 - - [25/Aug/2022:02:29:35 -0500] "POST /kwsrmcab/Wsrmcab HTTP/1.1" 200 43601
201.245.192.253 - - [25/Aug/2022:02:29:38 -0500] "POST /kwsrmcab/Wsrmcab  HTTP/1.1" 200 46805
201.245.192.253 - - [25/Aug/2022:02:29:39 -0500] "POST /kwsrmcab/Wsrmcab HTTP/1.1" 200 40456
66.249.73.191 - - [25/Aug/2022:02:31:12 -0500] "-" 408 -
40.77.167.40 - - [25/Aug/2022:02:31:59 -0500] "GET /rknowsys-theme/js/jquery.flexslider-min.js HTTP/1.1" 404 1034
216.245.221.92 - - [25/Aug/2022:02:31:59 -0500] "HEAD / HTTP/1.1" 200 -
172.22.2.4 - - [25/Aug/2022:02:31:33 -0500] "HEAD /BLA/boletinlegal/ HTTP/1.1" 200 -
207.46.13.36 - - [25/Aug/2022:02:33:23 -0500] "GET /BLA/boletinlegal/actos.php HTTP/1.1" 200 9559
157.55.39.98 - - [25/Aug/2022:02:33:34 -0500] "GET /BLA/boletinlegal/js/jquery1.js HTTP/1.1" 200 29846
207.46.13.186 - - [25/Aug/2022:02:33:36 -0500] "GET /BLA/boletinlegal/js/lib.js HTTP/1.1" 200 6474
157.55.39.98 - - [25/Aug/2022:02:33:37 -0500] "GET /BLA/boletinlegal/js/popup.js HTTP/1.1" 200 1270
207.46.13.186 - - [25/Aug/2022:02:33:39 -0500] "GET /BLA/boletinlegal/niceforms.js HTTP/1.1" 200 22876
157.55.39.98 - - [25/Aug/2022:02:33:40 -0500] "GET /BLA/boletinlegal/style.css HTTP/1.1" 200 9406
207.46.13.11 - - [25/Aug/2022:02:33:41 -0500] "GET /BLA/boletinlegal/js/ajax_actos.js HTTP/1.1" 200 1322
207.46.13.115 - - [25/Aug/2022:02:33:42 -0500] "GET /BLA/boletinlegal/niceforms-default.css HTTP/1.1" 200 6694
207.46.13.115 - - [25/Aug/2022:02:33:44 -0500] "GET /BLA/boletinlegal/styles2.css HTTP/1.1" 200 1838
172.22.2.4 - - [25/Aug/2022:02:32:23 -0500] "GET /BLA/boletinlegal/ HTTP/1.1" 200 52868
201.245.192.253 - - [25/Aug/2022:02:34:37 -0500] "POST /kwsrmcab/Wsrmcab  HTTP/1.1" 200 46805
207.46.13.186 - - [25/Aug/2022:02:36:07 -0500] "GET /BLA/resoluciones/RESOLUCIONES%202000/2000%202350-2399.tif HTTP/1.1" 200 4845966
66.249.73.191 - - [25/Aug/2022:02:36:58 -0500] "-" 408 -
216.245.221.92 - - [25/Aug/2022:02:36:59 -0500] "HEAD / HTTP/1.1" 200 -
185.119.81.103 - - [25/Aug/2022:02:37:09 -0500] "GET /portaldeninos/wp-login.php HTTP/1.1" 200 2592
185.119.81.103 - - [25/Aug/2022:02:37:10 -0500] "POST /portaldeninos/wp-login.php HTTP/1.1" 200 3670
172.22.2.4 - - [25/Aug/2022:02:37:23 -0500] "HEAD /BLA/boletinlegal/ HTTP/1.1" 200 -
201.245.192.253 - - [25/Aug/2022:02:39:35 -0500] "POST /kwsrmcab/Wsrmcab HTTP/1.1" 200 43601
201.245.192.253 - - [25/Aug/2022:02:39:36 -0500] "POST /kwsrmcab/Wsrmcab  HTTP/1.1" 200 46805
201.245.192.253 - - [25/Aug/2022:02:39:39 -0500] "POST /kwsrmcab/Wsrmcab HTTP/1.1" 200 40456
172.22.2.4 - - [25/Aug/2022:02:38:13 -0500] "GET /BLA/boletinlegal/ HTTP/1.1" 200 54814
207.46.13.11 - - [25/Aug/2022:02:40:32 -0500] "GET /BLA/resoluciones/index.php?dir=AUTOS+2022%2F HTTP/1.1" 200 219248
216.245.221.92 - - [25/Aug/2022:02:41:59 -0500] "HEAD / HTTP/1.1" 200 -
66.249.73.191 - - [25/Aug/2022:02:43:34 -0500] "-" 408 -
201.245.192.253 - - [25/Aug/2022:02:44:35 -0500] "POST /kwsrmcab/Wsrmcab  HTTP/1.1" 200 46805
172.22.2.4 - - [25/Aug/2022:02:43:13 -0500] "HEAD /BLA/boletinlegal/ HTTP/1.1" 200 -
172.22.2.4 - - [25/Aug/2022:02:44:03 -0500] "GET /BLA/boletinlegal/ HTTP/1.1" 200 58566
172.22.2.4 - - [25/Aug/2022:02:45:45 -0500] "GET /BLA/boletinlegal/webfig/ HTTP/1.1" 404 1018
172.22.2.4 - - [25/Aug/2022:02:45:26 -0500] "GET /BLA/boletinlegal/ HTTP/1.1" 200 24523
34.147.79.220 - - [25/Aug/2022:02:46:55 -0500] "GET / HTTP/1.1" 200 4720
34.147.79.220 - - [25/Aug/2022:02:46:56 -0500] "GET / HTTP/1.1" 200 319
216.245.221.92 - - [25/Aug/2022:02:46:59 -0500] "HEAD / HTTP/1.1" 200 -
45.95.55.5 - - [25/Aug/2022:02:49:36 -0500] "GET / HTTP/1.1" 200 319
201.245.192.253 - - [25/Aug/2022:02:49:34 -0500] "POST /kwsrmcab/Wsrmcab  HTTP/1.1" 200 46805
193.118.53.194 - - [25/Aug/2022:02:49:59 -0500] "GET / HTTP/1.1" 200 319
66.249.73.191 - - [25/Aug/2022:02:49:59 -0500] "-" 408 -
193.118.53.194 - - [25/Aug/2022:02:49:59 -0500] "GET /webfig/ HTTP/1.1" 404 1018
172.22.2.4 - - [25/Aug/2022:02:49:03 -0500] "HEAD /BLA/boletinlegal/ HTTP/1.1" 200 -
34.91.25.49 - - [25/Aug/2022:02:51:06 -0500] "GET /inventario-de-emisiones-2020-transporte-publico-sitp-redujo-emisiones-de-pm-2-5-en-un-37.html HTTP/1.1" 200 925
172.22.2.4 - - [25/Aug/2022:02:49:53 -0500] "GET /BLA/boletinlegal/ HTTP/1.1" 200 58946
216.245.221.92 - - [25/Aug/2022:02:51:59 -0500] "HEAD / HTTP/1.1" 200 -
198.74.59.35 - - [25/Aug/2022:02:52:47 -0500] "GET /galeria/galeria/jquery.fancybox.css?v=2.1.5 HTTP/1.1" 200 4895
198.74.59.35 - - [25/Aug/2022:02:52:47 -0500] "GET /BLA/boletinlegal/js/jquery.scrollShow.js HTTP/1.1" 200 4586
198.74.59.35 - - [25/Aug/2022:02:52:47 -0500] "GET /galeria/galeria/jquery.fancybox.js?v=2.1.5 HTTP/1.1" 200 48706
201.245.192.253 - - [25/Aug/2022:02:54:33 -0500] "POST /kwsrmcab/Wsrmcab  HTTP/1.1" 200 46805
172.22.2.4 - - [25/Aug/2022:02:55:16 -0500] "GET /BLA/boletinlegal/actos.php HTTP/1.1" 200 9559
172.22.2.4 - - [25/Aug/2022:02:54:58 -0500] "GET /BLA/boletinlegal/ HTTP/1.1" 200 24523
66.249.73.191 - - [25/Aug/2022:02:56:06 -0500] "-" 408 -
172.22.2.4 - - [25/Aug/2022:02:54:53 -0500] "HEAD /BLA/boletinlegal/ HTTP/1.1" 200 -
216.245.221.92 - - [25/Aug/2022:02:56:59 -0500] "HEAD / HTTP/1.1" 200 -
172.22.2.4 - - [25/Aug/2022:02:55:43 -0500] "GET /BLA/boletinlegal/ HTTP/1.1" 200 60272
201.245.192.253 - - [25/Aug/2022:02:59:32 -0500] "POST /kwsrmcab/Wsrmcab  HTTP/1.1" 200 46805
185.119.81.105 - - [25/Aug/2022:03:00:37 -0500] "GET /portaldeninos/wp-login.php HTTP/1.1" 200 2592
185.119.81.105 - - [25/Aug/2022:03:00:38 -0500] "POST /portaldeninos/wp-login.php HTTP/1.1" 200 3650
216.245.221.92 - - [25/Aug/2022:03:01:59 -0500] "HEAD / HTTP/1.1" 200 -
66.249.73.191 - - [25/Aug/2022:03:02:11 -0500] "-" 408 -
172.22.2.4 - - [25/Aug/2022:03:02:17 -0500] "GET /BLA/boletinlegal/.env HTTP/1.1" 404 1018
172.22.2.4 - - [25/Aug/2022:03:00:43 -0500] "HEAD /BLA/boletinlegal/ HTTP/1.1" 200 -
172.22.2.4 - - [25/Aug/2022:03:01:33 -0500] "GET /BLA/boletinlegal/ HTTP/1.1" 200 58154
201.245.192.253 - - [25/Aug/2022:03:04:31 -0500] "POST /kwsrmcab/Wsrmcab  HTTP/1.1" 200 46805
216.245.221.92 - - [25/Aug/2022:03:06:59 -0500] "HEAD / HTTP/1.1" 200 -
172.22.2.4 - - [25/Aug/2022:03:06:33 -0500] "HEAD /BLA/boletinlegal/ HTTP/1.1" 200 -
172.22.2.4 - - [25/Aug/2022:03:07:23 -0500] "GET /BLA/boletinlegal/ HTTP/1.1" 200 58154
66.249.73.191 - - [25/Aug/2022:03:09:08 -0500] "-" 408 -
201.245.192.253 - - [25/Aug/2022:03:09:30 -0500] "POST /kwsrmcab/Wsrmcab  HTTP/1.1" 200 46805
216.245.221.92 - - [25/Aug/2022:03:11:59 -0500] "HEAD / HTTP/1.1" 200 -
185.119.81.103 - - [25/Aug/2022:03:13:05 -0500] "GET /portaldeninos/wp-login.php HTTP/1.1" 200 2592
185.119.81.103 - - [25/Aug/2022:03:13:06 -0500] "POST /portaldeninos/wp-login.php HTTP/1.1" 200 3605
172.22.2.4 - - [25/Aug/2022:03:12:23 -0500] "HEAD /BLA/boletinlegal/ HTTP/1.1" 200 -
201.245.192.253 - - [25/Aug/2022:03:14:29 -0500] "POST /kwsrmcab/Wsrmcab  HTTP/1.1" 200 46805
172.22.2.4 - - [25/Aug/2022:03:13:13 -0500] "GET /BLA/boletinlegal/ HTTP/1.1" 200 52868
66.249.73.191 - - [25/Aug/2022:03:16:01 -0500] "-" 408 -
216.245.221.92 - - [25/Aug/2022:03:16:59 -0500] "HEAD / HTTP/1.1" 200 -
157.55.39.108 - - [25/Aug/2022:03:18:59 -0500] "GET /portaldeninos/los-arboles/ HTTP/1.1" 200 87546
207.46.13.186 - - [25/Aug/2022:03:19:01 -0500] "GET /BLA/resoluciones/RESOLUCIONES%202000/2000%202100-2149.tif HTTP/1.1" 200 5864086
201.245.192.253 - - [25/Aug/2022:03:19:28 -0500] "POST /kwsrmcab/Wsrmcab  HTTP/1.1" 200 46805
157.55.39.80 - - [25/Aug/2022:03:19:33 -0500] "GET /Publicaciones/2022EE184767.pdf HTTP/1.1" 404 228
201.245.192.253 - - [25/Aug/2022:03:19:35 -0500] "POST /kwsrmcab/Wsrmcab HTTP/1.1" 200 43936
201.245.192.253 - - [25/Aug/2022:03:19:39 -0500] "POST /kwsrmcab/Wsrmcab HTTP/1.1" 200 40470
172.22.2.4 - - [25/Aug/2022:03:18:13 -0500] "HEAD /BLA/boletinlegal/ HTTP/1.1" 200 -
172.22.2.4 - - [25/Aug/2022:03:19:03 -0500] "GET /BLA/boletinlegal/ HTTP/1.1" 200 58154
216.245.221.92 - - [25/Aug/2022:03:21:59 -0500] "HEAD / HTTP/1.1" 200 -
66.249.73.161 - - [25/Aug/2022:03:22:28 -0500] "-" 408 -
201.245.192.253 - - [25/Aug/2022:03:24:27 -0500] "POST /kwsrmcab/Wsrmcab  HTTP/1.1" 200 46805
130.211.54.158 - - [25/Aug/2022:03:25:42 -0500] "GET / HTTP/1.1" 200 319
172.22.2.4 - - [25/Aug/2022:03:24:03 -0500] "HEAD /BLA/boletinlegal/ HTTP/1.1" 200 -
207.46.13.11 - - [25/Aug/2022:03:26:05 -0500] "GET /BLA/resoluciones/RESOLUCIONES%202003/RES%202003%20851-900/882.tif HTTP/1.1" 200 217344
172.22.2.4 - - [25/Aug/2022:03:24:53 -0500] "GET /BLA/boletinlegal/ HTTP/1.1" 200 57366
216.245.221.92 - - [25/Aug/2022:03:26:59 -0500] "HEAD / HTTP/1.1" 200 -
172.22.2.4 - - [25/Aug/2022:03:27:39 -0500] "GET /BLA/boletinlegal/Directivas/2016/Directiva%20No.%2001%20del%2012%20de%20Abril%20de%202016.pdf HTTP/1.1" 304 -
66.249.73.161 - - [25/Aug/2022:03:28:32 -0500] "-" 408 -
201.245.192.253 - - [25/Aug/2022:03:29:26 -0500] "POST /kwsrmcab/Wsrmcab  HTTP/1.1" 200 46805
201.245.192.253 - - [25/Aug/2022:03:29:35 -0500] "POST /kwsrmcab/Wsrmcab HTTP/1.1" 200 43936
201.245.192.253 - - [25/Aug/2022:03:29:39 -0500] "POST /kwsrmcab/Wsrmcab HTTP/1.1" 200 40470
207.46.13.11 - - [25/Aug/2022:03:30:16 -0500] "GET /BLA/resoluciones/855.tif HTTP/1.1" 404 1018
172.22.2.4 - - [25/Aug/2022:03:29:53 -0500] "HEAD /BLA/boletinlegal/ HTTP/1.1" 200 -
216.245.221.92 - - [25/Aug/2022:03:31:59 -0500] "HEAD / HTTP/1.1" 200 -
172.22.2.4 - - [25/Aug/2022:03:30:43 -0500] "GET /BLA/boletinlegal/ HTTP/1.1" 200 52868
66.249.73.191 - - [25/Aug/2022:03:34:11 -0500] "-" 408 -
201.245.192.253 - - [25/Aug/2022:03:34:25 -0500] "POST /kwsrmcab/Wsrmcab  HTTP/1.1" 200 46805
216.245.221.92 - - [25/Aug/2022:03:36:59 -0500] "HEAD / HTTP/1.1" 200 -
172.22.2.4 - - [25/Aug/2022:03:35:43 -0500] "HEAD /BLA/boletinlegal/ HTTP/1.1" 200 -
172.22.2.4 - - [25/Aug/2022:03:36:33 -0500] "GET /BLA/boletinlegal/ HTTP/1.1" 200 54347
201.245.192.253 - - [25/Aug/2022:03:39:24 -0500] "POST /kwsrmcab/Wsrmcab  HTTP/1.1" 200 46805
201.245.192.253 - - [25/Aug/2022:03:39:35 -0500] "POST /kwsrmcab/Wsrmcab HTTP/1.1" 200 43936
201.245.192.253 - - [25/Aug/2022:03:39:39 -0500] "POST /kwsrmcab/Wsrmcab HTTP/1.1" 200 40470
66.249.73.191 - - [25/Aug/2022:03:40:29 -0500] "-" 408 -
207.46.13.186 - - [25/Aug/2022:03:40:33 -0500] "GET /BLA/resoluciones/RESOLUCIONES%202000/2000%20550-599.tif HTTP/1.1" 200 4848758
216.245.221.92 - - [25/Aug/2022:03:41:59 -0500] "HEAD / HTTP/1.1" 200 -
185.119.81.101 - - [25/Aug/2022:03:42:32 -0500] "GET /portaldeninos/wp-login.php HTTP/1.1" 200 2592
185.119.81.101 - - [25/Aug/2022:03:42:33 -0500] "POST /portaldeninos/wp-login.php HTTP/1.1" 200 3670
172.22.2.4 - - [25/Aug/2022:03:41:33 -0500] "HEAD /BLA/boletinlegal/ HTTP/1.1" 200 -
172.22.2.4 - - [25/Aug/2022:03:42:23 -0500] "GET /BLA/boletinlegal/ HTTP/1.1" 200 58154
201.245.192.253 - - [25/Aug/2022:03:44:23 -0500] "POST /kwsrmcab/Wsrmcab  HTTP/1.1" 200 46805
172.22.2.4 - - [25/Aug/2022:03:44:42 -0500] "GET /BLA/boletinlegal/Directivas/2018/Directiva%20No.%2023%20del%2026%20de%20diciembre%20de%202018.pdf HTTP/1.1" 200 481134
216.245.221.92 - - [25/Aug/2022:03:46:59 -0500] "HEAD / HTTP/1.1" 200 -
172.22.2.4 - - [25/Aug/2022:03:47:23 -0500] "HEAD /BLA/boletinlegal/ HTTP/1.1" 200 -
201.245.192.253 - - [25/Aug/2022:03:49:22 -0500] "POST /kwsrmcab/Wsrmcab  HTTP/1.1" 200 46805
172.22.2.4 - - [25/Aug/2022:03:48:13 -0500] "GET /BLA/boletinlegal/ HTTP/1.1" 200 59310
66.249.73.191 - - [25/Aug/2022:03:49:56 -0500] "-" 408 -
216.245.221.92 - - [25/Aug/2022:03:51:59 -0500] "HEAD / HTTP/1.1" 200 -
207.46.13.186 - - [25/Aug/2022:03:52:04 -0500] "GET /BLA/resoluciones/RESOLUCIONES%202021/2903.pdf HTTP/1.1" 304 -
188.166.222.186 - - [25/Aug/2022:03:52:18 -0500] "GET / HTTP/1.1" 200 319
201.245.192.253 - - [25/Aug/2022:03:54:20 -0500] "POST /kwsrmcab/Wsrmcab  HTTP/1.1" 200 46805
172.22.2.4 - - [25/Aug/2022:03:53:13 -0500] "HEAD /BLA/boletinlegal/ HTTP/1.1" 200 -
172.22.2.4 - - [25/Aug/2022:03:54:03 -0500] "GET /BLA/boletinlegal/ HTTP/1.1" 200 60272
66.249.73.191 - - [25/Aug/2022:03:56:46 -0500] "-" 408 -
216.245.221.92 - - [25/Aug/2022:03:56:59 -0500] "HEAD / HTTP/1.1" 200 -
207.46.13.186 - - [25/Aug/2022:03:58:55 -0500] "GET /BLA/resoluciones/883.tif HTTP/1.1" 404 1018
201.245.192.253 - - [25/Aug/2022:03:59:19 -0500] "POST /kwsrmcab/Wsrmcab  HTTP/1.1" 200 46805
