186.148.168.245 - - [25/Aug/2022:17:12:03 -0500] "GET /sipse/faces/javax.faces.resource/jquery/jquery.js?ln=primefaces&v=4.0 HTTP/1.1" 304 -
186.148.168.245 - - [25/Aug/2022:17:12:03 -0500] "GET /sipse/faces/javax.faces.resource/layout/layout.css?ln=primefaces&v=4.0 HTTP/1.1" 304 -
186.148.168.245 - - [25/Aug/2022:17:12:03 -0500] "GET /sipse/faces/javax.faces.resource/jquery/jquery-plugins.js?ln=primefaces&v=4.0 HTTP/1.1" 304 -
186.148.168.245 - - [25/Aug/2022:17:12:03 -0500] "GET /sipse/faces/javax.faces.resource/primefaces.js?ln=primefaces&v=4.0 HTTP/1.1" 304 -
186.148.168.245 - - [25/Aug/2022:17:12:03 -0500] "GET /sipse/faces/javax.faces.resource/layout/layout.js?ln=primefaces&v=4.0 HTTP/1.1" 304 -
186.148.168.245 - - [25/Aug/2022:17:12:03 -0500] "GET /sipse/faces/javax.faces.resource/images/ui-icons_898989_256x240.png?ln=primefaces-aristo HTTP/1.1" 304 -
186.148.168.245 - - [25/Aug/2022:17:12:02 -0500] "POST /sipse/faces/presentacion/financiero/solicitudProceso/consultarSolicitudProceso.xhtml HTTP/1.1" 200 30647
183.228.33.40 - - [25/Aug/2022:17:12:05 -0500] "HEAD /portaldeninos/ HTTP/1.1" 200 -
186.148.168.245 - - [25/Aug/2022:17:12:10 -0500] "GET /sipse/faces/javax.faces.resource/theme.css?ln=primefaces-sipse HTTP/1.1" 304 -
186.148.168.245 - - [25/Aug/2022:17:12:10 -0500] "GET /sipse/faces/javax.faces.resource/primefaces.css?ln=primefaces&v=4.0 HTTP/1.1" 304 -
186.148.168.245 - - [25/Aug/2022:17:12:10 -0500] "GET /sipse/faces/javax.faces.resource/layout/layout.css?ln=primefaces&v=4.0 HTTP/1.1" 304 -
186.148.168.245 - - [25/Aug/2022:17:12:10 -0500] "GET /sipse/faces/javax.faces.resource/jquery/jquery.js?ln=primefaces&v=4.0 HTTP/1.1" 304 -
186.148.168.245 - - [25/Aug/2022:17:12:10 -0500] "GET /sipse/faces/javax.faces.resource/jquery/jquery-plugins.js?ln=primefaces&v=4.0 HTTP/1.1" 304 -
183.228.33.40 - - [25/Aug/2022:17:12:07 -0500] "GET /portaldeninos/ HTTP/1.1" 200 110281
186.148.168.245 - - [25/Aug/2022:17:12:10 -0500] "GET /sipse/faces/javax.faces.resource/layout/layout.js?ln=primefaces&v=4.0 HTTP/1.1" 304 -
186.148.168.245 - - [25/Aug/2022:17:12:10 -0500] "GET /sipse/faces/javax.faces.resource/primefaces.js?ln=primefaces&v=4.0 HTTP/1.1" 304 -
186.148.168.245 - - [25/Aug/2022:17:12:10 -0500] "GET /sipse/faces/javax.faces.resource/images/ui-icons_898989_256x240.png?ln=primefaces-aristo HTTP/1.1" 304 -
183.228.33.40 - - [25/Aug/2022:17:12:13 -0500] "HEAD /portaldeninos/ HTTP/1.1" 200 -
186.148.168.245 - - [25/Aug/2022:17:12:09 -0500] "POST /sipse/faces/presentacion/financiero/solicitudProceso/consultarHistorialSolProceso.xhtml HTTP/1.1" 200 171981
183.228.33.40 - - [25/Aug/2022:17:12:15 -0500] "GET /portaldeninos/ HTTP/1.1" 200 110281
179.12.232.177 - - [25/Aug/2022:17:12:23 -0500] "GET /BLA/resoluciones/RESOLUCIONES%202021/5262.pdf HTTP/1.1" 200 370932
179.12.232.177 - - [25/Aug/2022:17:12:28 -0500] "GET /BLA/resoluciones/RESOLUCIONES%202021/5262.pdf HTTP/1.1" 206 1
179.12.232.177 - - [25/Aug/2022:17:12:28 -0500] "GET /BLA/resoluciones/RESOLUCIONES%202021/5262.pdf HTTP/1.1" 206 253916
191.95.23.156 - - [25/Aug/2022:17:13:02 -0500] "GET /appsia/controlador HTTP/1.1" 200 4799
191.95.23.156 - - [25/Aug/2022:17:13:03 -0500] "GET /appsia/css/estilos.css HTTP/1.1" 200 4804
191.95.23.156 - - [25/Aug/2022:17:13:03 -0500] "GET /appsia/scripts/validarIngreso.js HTTP/1.1" 200 851
191.95.23.156 - - [25/Aug/2022:17:13:03 -0500] "GET /appsia/images/logo_bogota_p.png HTTP/1.1" 200 14951
191.95.23.156 - - [25/Aug/2022:17:13:03 -0500] "GET /appsia/images/cabezoteHojaVida.png HTTP/1.1" 200 32493
191.95.23.156 - - [25/Aug/2022:17:13:03 -0500] "GET /favicon.ico HTTP/1.1" 200 7782
172.22.2.4 - - [25/Aug/2022:17:13:16 -0500] "GET /BLA/boletinlegal/actos.php HTTP/1.1" 200 9559
172.22.2.4 - - [25/Aug/2022:17:13:16 -0500] "GET /BLA/boletinlegal/favicon.ico HTTP/1.1" 404 1326
191.95.23.156 - - [25/Aug/2022:17:13:31 -0500] "POST /appsia/controlador HTTP/1.1" 200 5437
172.22.2.4 - - [25/Aug/2022:17:13:37 -0500] "GET /BLA/boletinlegal/consulta_actos.php?tipo=resoluciones&no=1751&usuario=&sector=&fecha=2014&resuelve= HTTP/1.1" 200 1104
172.22.2.4 - - [25/Aug/2022:17:13:37 -0500] "GET /BLA/boletinlegal/images/pdf.gif HTTP/1.1" 200 567
191.95.23.156 - - [25/Aug/2022:17:13:37 -0500] "POST /appsia/controlador HTTP/1.1" 200 7773
191.156.187.181 - - [25/Aug/2022:17:13:40 -0500] "GET /BLA/resoluciones/RESOLUCIONES%202014/1751.pdf HTTP/1.1" 200 293821
191.95.23.156 - - [25/Aug/2022:17:13:40 -0500] "POST /appsia/controlador HTTP/1.1" 200 6638
191.95.23.156 - - [25/Aug/2022:17:13:47 -0500] "POST /appsia/controlador HTTP/1.1" 200 10957
172.22.2.4 - - [25/Aug/2022:17:12:21 -0500] "HEAD /BLA/boletinlegal/ HTTP/1.1" 200 -
172.22.2.4 - - [25/Aug/2022:17:14:13 -0500] "GET /BLA/boletinlegal/consulta_actos.php?tipo=resoluciones&no=2303&usuario=&sector=&fecha=2014&resuelve= HTTP/1.1" 200 626
191.95.23.156 - - [25/Aug/2022:17:14:20 -0500] "POST /appsia/controlador HTTP/1.1" 200 75947
172.22.2.4 - - [25/Aug/2022:17:14:27 -0500] "GET /BLA/boletinlegal/consulta_actos.php?tipo=resoluciones&no=2703&usuario=&sector=&fecha=2014&resuelve= HTTP/1.1" 200 1105
191.156.186.153 - - [25/Aug/2022:17:14:30 -0500] "GET /BLA/resoluciones/RESOLUCIONES%202014/2703.pdf HTTP/1.1" 200 269253
172.22.2.4 - - [25/Aug/2022:17:14:39 -0500] "GET /BLA/boletinlegal/jurisprudencia.php HTTP/1.1" 200 17573
172.22.2.4 - - [25/Aug/2022:17:13:11 -0500] "GET /BLA/boletinlegal/ HTTP/1.1" 200 55211
172.22.2.4 - - [25/Aug/2022:17:15:09 -0500] "GET /BLA/boletinlegal/consulta_actos.php?tipo=resoluciones&no=2457&usuario=&sector=&fecha=2014&resuelve= HTTP/1.1" 200 1105
191.156.191.87 - - [25/Aug/2022:17:15:12 -0500] "GET /BLA/resoluciones/RESOLUCIONES%202014/2457.pdf HTTP/1.1" 200 281112
172.22.2.4 - - [25/Aug/2022:17:15:43 -0500] "GET /BLA/boletinlegal/consulta_actos.php?tipo=resoluciones&no=1815&usuario=&sector=&fecha=2014&resuelve= HTTP/1.1" 200 1104
191.156.187.181 - - [25/Aug/2022:17:15:46 -0500] "GET /BLA/resoluciones/RESOLUCIONES%202014/1815.pdf HTTP/1.1" 200 282238
60.217.75.70 - - [25/Aug/2022:17:16:09 -0500] "GET / HTTP/1.1" 200 319
172.22.2.4 - - [25/Aug/2022:17:16:27 -0500] "GET /BLA/boletinlegal/consulta_actos.php?tipo=resoluciones&no=5329&usuario=&sector=&fecha=2011&resuelve= HTTP/1.1" 200 1096
191.156.191.87 - - [25/Aug/2022:17:16:30 -0500] "GET /BLA/resoluciones/RESOLUCIONES%202011/5329.pdf HTTP/1.1" 200 563556
201.245.192.253 - - [25/Aug/2022:17:16:33 -0500] "POST /kwsrmcab/Wsrmcab  HTTP/1.1" 200 46805
216.245.221.92 - - [25/Aug/2022:17:16:57 -0500] "HEAD / HTTP/1.1" 200 -
172.22.2.4 - - [25/Aug/2022:17:17:09 -0500] "GET /BLA/boletinlegal/consulta_actos.php?tipo=resoluciones&no=5249&usuario=&sector=&fecha=2011&resuelve= HTTP/1.1" 200 1096
191.156.187.174 - - [25/Aug/2022:17:17:11 -0500] "GET /BLA/resoluciones/RESOLUCIONES%202011/5249.pdf HTTP/1.1" 200 558808
172.22.2.4 - - [25/Aug/2022:17:17:46 -0500] "GET /BLA/boletinlegal/consulta_actos.php?tipo=resoluciones&no=5258&usuario=&sector=&fecha=2011&resuelve= HTTP/1.1" 200 1096
191.156.184.238 - - [25/Aug/2022:17:17:49 -0500] "GET /BLA/resoluciones/RESOLUCIONES%202011/5258.pdf HTTP/1.1" 200 527690
172.22.2.4 - - [25/Aug/2022:17:18:27 -0500] "GET /BLA/boletinlegal/consulta_actos.php?tipo=resoluciones&no=5325&usuario=&sector=&fecha=2011&resuelve= HTTP/1.1" 200 1096
191.156.186.153 - - [25/Aug/2022:17:18:30 -0500] "GET /BLA/resoluciones/RESOLUCIONES%202011/5325.pdf HTTP/1.1" 200 574724
185.119.81.103 - - [25/Aug/2022:17:18:37 -0500] "GET /portaldeninos/wp-login.php HTTP/1.1" 200 2592
185.119.81.103 - - [25/Aug/2022:17:18:38 -0500] "POST /portaldeninos/wp-login.php HTTP/1.1" 200 3605
172.22.2.4 - - [25/Aug/2022:17:19:05 -0500] "GET /BLA/boletinlegal/consulta_actos.php?tipo=resoluciones&no=5252&usuario=&sector=&fecha=2011&resuelve= HTTP/1.1" 200 1096
191.156.190.173 - - [25/Aug/2022:17:19:09 -0500] "GET /BLA/resoluciones/RESOLUCIONES%202011/5252.pdf HTTP/1.1" 200 549706
201.245.192.253 - - [25/Aug/2022:17:19:32 -0500] "POST /kwsrmcab/Wsrmcab HTTP/1.1" 200 43408
201.245.192.253 - - [25/Aug/2022:17:19:36 -0500] "POST /kwsrmcab/Wsrmcab HTTP/1.1" 200 43211
172.22.2.4 - - [25/Aug/2022:17:18:11 -0500] "HEAD /BLA/boletinlegal/ HTTP/1.1" 200 -
172.22.2.4 - - [25/Aug/2022:17:19:52 -0500] "GET /BLA/boletinlegal/consulta_actos.php?tipo=resoluciones&no=5326&usuario=&sector=&fecha=2011&resuelve= HTTP/1.1" 200 1096
200.119.34.59 - - [25/Aug/2022:17:19:55 -0500] "POST /appsia/controlador HTTP/1.1" 200 3226
200.119.34.59 - - [25/Aug/2022:17:19:56 -0500] "GET /appsia/jscripts/validarSolicitud.js HTTP/1.1" 404 68
191.156.189.230 - - [25/Aug/2022:17:19:56 -0500] "GET /BLA/resoluciones/RESOLUCIONES%202011/5326.pdf HTTP/1.1" 200 575086
200.119.34.59 - - [25/Aug/2022:17:19:58 -0500] "POST /appsia/controlador HTTP/1.1" 200 4799
200.119.34.59 - - [25/Aug/2022:17:20:08 -0500] "POST /appsia/controlador HTTP/1.1" 200 5437
186.102.70.76 - - [25/Aug/2022:17:20:08 -0500] "GET /kwssiamovil/sm/acme/u?s=U2FsdGVkX19yVwY30Fg5aLf78X+Xsu+0AT2eSAskLxoISJeoR8kVOPxorgh2kNjMIqc/pqUaPXger7kIarIQIPchiXBj8UmSe017jVGPxNa9NWYWZwuRrWdKg0qKF/edUYopT9ixjf/LDUa61KHgyw==&u=U2FsdGVkX1+uu321gM6stgTriPr7J6yIk/490/0YyIo=&y=U2FsdGVkX1/3m6OJTLZqTzoNaXopJ6q5ogS5Ldad2cM= HTTP/1.1" 200 60
200.119.34.59 - - [25/Aug/2022:17:20:10 -0500] "POST /appsia/controlador HTTP/1.1" 200 7791
200.119.34.59 - - [25/Aug/2022:17:20:14 -0500] "POST /appsia/controlador HTTP/1.1" 200 5250
172.22.2.4 - - [25/Aug/2022:17:19:01 -0500] "GET /BLA/boletinlegal/ HTTP/1.1" 200 55621
172.22.2.4 - - [25/Aug/2022:17:20:47 -0500] "GET /BLA/boletinlegal/consulta_actos.php?tipo=resoluciones&no=5335&usuario=&sector=&fecha=2011&resuelve= HTTP/1.1" 200 1096
191.156.183.164 - - [25/Aug/2022:17:20:52 -0500] "GET /BLA/resoluciones/RESOLUCIONES%202011/5335.pdf HTTP/1.1" 200 577354
200.119.34.59 - - [25/Aug/2022:17:21:09 -0500] "GET /appsia/controlador?comando=ingresarMenuPrincipal&id=39549320&funcionario=MARIA+DEL+PILAR+RODRIGUEZ+ORTIZ&desde=39549320&hasta=39549320&version=39549320&accion=Regresar HTTP/1.1" 200 5437
200.119.34.59 - - [25/Aug/2022:17:21:10 -0500] "POST /appsia/controlador HTTP/1.1" 200 7791
172.22.2.4 - - [25/Aug/2022:17:21:11 -0500] "GET /BLA/boletinlegal/doctrina.php HTTP/1.1" 200 5604
200.119.34.59 - - [25/Aug/2022:17:21:20 -0500] "POST /appsia/controlador HTTP/1.1" 200 5250
200.119.34.59 - - [25/Aug/2022:17:21:24 -0500] "GET /appsia/controlador?comando=ingresarMenuPrincipal&id=39549320&funcionario=MARIA+DEL+PILAR+RODRIGUEZ+ORTIZ&desde=39549320&hasta=39549320&version=39549320&accion=Regresar HTTP/1.1" 200 5437
200.119.34.59 - - [25/Aug/2022:17:21:25 -0500] "POST /appsia/controlador HTTP/1.1" 200 7791
172.22.2.4 - - [25/Aug/2022:17:21:31 -0500] "GET /BLA/boletinlegal/consulta_actos.php?tipo=resoluciones&no=5331&usuario=&sector=&fecha=2011&resuelve= HTTP/1.1" 200 1090
200.119.34.59 - - [25/Aug/2022:17:21:33 -0500] "POST /appsia/controlador HTTP/1.1" 200 6656
191.156.183.164 - - [25/Aug/2022:17:21:34 -0500] "GET /BLA/resoluciones/RESOLUCIONES%202011/5331.pdf HTTP/1.1" 200 582842
201.245.192.253 - - [25/Aug/2022:17:21:32 -0500] "POST /kwsrmcab/Wsrmcab  HTTP/1.1" 200 46805
200.119.34.59 - - [25/Aug/2022:17:21:35 -0500] "POST /appsia/controlador HTTP/1.1" 200 10611
216.245.221.92 - - [25/Aug/2022:17:21:57 -0500] "HEAD / HTTP/1.1" 200 -
172.22.2.4 - - [25/Aug/2022:17:22:08 -0500] "GET /BLA/boletinlegal/consulta_actos.php?tipo=resoluciones&no=5849&usuario=&sector=&fecha=2011&resuelve= HTTP/1.1" 200 1096
191.156.178.210 - - [25/Aug/2022:17:22:12 -0500] "GET /BLA/resoluciones/RESOLUCIONES%202011/5849.pdf HTTP/1.1" 200 34683
191.156.178.210 - - [25/Aug/2022:17:22:25 -0500] "GET /BLA/resoluciones/RESOLUCIONES%202011/5849.pdf HTTP/1.1" 200 34683
191.156.191.87 - - [25/Aug/2022:17:22:44 -0500] "GET /BLA/resoluciones/RESOLUCIONES%202011/5849.pdf HTTP/1.1" 200 34683
200.119.34.59 - - [25/Aug/2022:17:22:46 -0500] "POST /appsia/controlador HTTP/1.1" 200 7791
200.119.34.59 - - [25/Aug/2022:17:22:51 -0500] "POST /appsia/controlador HTTP/1.1" 200 6656
200.119.34.59 - - [25/Aug/2022:17:22:52 -0500] "POST /appsia/controlador HTTP/1.1" 200 11002
172.22.2.4 - - [25/Aug/2022:17:23:08 -0500] "GET /BLA/boletinlegal/consulta_actos.php?tipo=resoluciones&no=5421&usuario=&sector=&fecha=2011&resuelve= HTTP/1.1" 200 1096
191.156.187.87 - - [25/Aug/2022:17:23:10 -0500] "GET /BLA/resoluciones/RESOLUCIONES%202011/5421.pdf HTTP/1.1" 200 371334
172.22.2.4 - - [25/Aug/2022:17:23:46 -0500] "GET /BLA/boletinlegal/consulta_actos.php?tipo=resoluciones&no=5838&usuario=&sector=&fecha=2011&resuelve= HTTP/1.1" 200 1091
191.156.191.87 - - [25/Aug/2022:17:23:49 -0500] "GET /BLA/resoluciones/RESOLUCIONES%202011/5838.pdf HTTP/1.1" 200 416739
200.119.34.59 - - [25/Aug/2022:17:24:42 -0500] "POST /appsia/controlador HTTP/1.1" 200 75938
172.22.2.4 - - [25/Aug/2022:17:24:01 -0500] "HEAD /BLA/boletinlegal/ HTTP/1.1" 200 -
186.102.67.87 - - [25/Aug/2022:17:25:45 -0500] "GET /kwssiamovil/sm/acme/a?s=U2FsdGVkX18oTCQ5I+FaNSPXQ3sHr0WuYo+2RhQdgZ95iqdHhge1Tht7UfE/Ez0IN7CV/82Qdjki+QZUPeiVOAYIJJ9NHPadRvuxu02CiP2Z0lSpalQLGQXyhs+orwTQymIkRQ1i3phH+GPRrD274bYVYKsUnFlREUEf+BMTofntN4DE+EPjn3irWJUBf4+KTj/rjzA1uS9dKZ/nzC2hKD/+6yCn4tFLZ7V8Zn6C7lr2XFEu9cU+4L23guA+iQLPr/swhtxLBHaX8qyzNE9diA==&u=U2FsdGVkX1833Zu6rQvNgzv2I1ZzCjOo3Bf07qlfUGQ=&y=U2FsdGVkX18vTGFrI3WpaSg+oZ5/jCPFfVwl7hBd+Ws= HTTP/1.1" 200 25
186.102.67.87 - - [25/Aug/2022:17:25:46 -0500] "GET /kwssiamovil/sm/acme/a?s=U2FsdGVkX1/f3Z+EgmDxwyK1pZYtRSoS3Q80sm5disuSQdRd4/r72B+3qHdyd7ATuDF2XXqW8SotEmIdWervJmLCvpaK/BvAEpwcxW/kAkgGSXBy9FQHbaHP2BQ3CLNEtmRwMHm5+3CO+Qem77uTC1U22pEgNwwc2DncUNgMeeDcPkMwG4osBPuiY3SMQ9YGEcwNEJ4kGDz0Ezz8q15aWUiyU5RbsVwJ9IL3sCkMGYZEYJDhtlnE90dwK+KhWqAMZAbNIWIq3WpTy7oVDCqceqenA30AuCeoW/WPA7wLqND1+TGAwAuCy+K7WjjG6gJszpXOGmWVdzYcOzF79bkp6XK8ry7+tAosnrIqOu12lRJu/355uhokTDkZVR97OZw03h2D5MTySE7WAaHiFdBYweDefy/fFh+6QVa8lEiXN+HbEsw9c2bZNROtDB87Ih8nP2OnyxPY3tvlfYF1i7fnYRFhoV7CfVJReT5rk+cbLbemSGbXNCJzjxkkvoAvcomXfLu51UrPxAJoNNML6hElibva/dRRUzy4m2zohsp8HZr9CVUnHBZacZyjQ1tLJaYVaJBuvDIuqZVi/sEKUWEY2DZQkm58cJKm8TIlEIZ4Joipy6O89asUSafAavFZTgVDSgEPyNMbZDiGZvUiGXp9vV8eMIeMhmaFT9JN5hC/KWHExDBPm5ft4dSjyCog6/PsHJEyh1TlOT6wxFFuJQMmRa46+9zejfXhsXgBKSGIg2RM3TekL3u7QT+t1e462yFWwgT6MkLDepCH+h719vDZjHi0QUfn+Q2W4+s8+CEOpsGdufoXkoluvn3YTZKsMsJD9K9F3soKP5q8y5KFUO8qyj3A1X30v4Fgcu/PjNBNXcrVz2o/ZpCTJKT3rLuts7hHTlon2F9ed1K7krKacx6GRmJETyhegtkMg/DFRuUoDRoUusDPQ2XS3LvWWNzj2ABzY0zpGLTjjCz/bNPdd4W3L3QmmgMSFv8ixoJTTdhFVskpIL0tCDSub/N6ihCTWKkWvuZPkk1N8jU33PAjH6UzJMKXf6q/jmBl+AF5WQTe7VlwLoV3T/xXnTHqD8cyLrqDiaxDKv6acOapROK3TYlqRilDDtgT+i5d/M1PIC0U8N1bUA+gu3K6UB5lQAe2aGi+nXru8b5SFiQM4yzdyTuzIvNI3ZGvrRzaXOLjsQC4EtwWANj8V4zduwLWXqVInVM8iJ4x+rbEg1NRKWcQoi2jWgAzE/l60mzHP7zRc2tUc/bMIo/Ljzf3oTyAX6yscopEeecGJPuiNLFLuwmI9uAypMTPclT7hTnFKTEPzMo+yJMuiqvoeKAi9sozT7ivUd3NWT3L2H9mjmpLpiS7E7QUOVzB9TcjAS9JmKxhy/+oafduTYfCMZYq/8/IHXhpQrw1yCxQxahmY3G8MlHhKmPY3A==&u=U2FsdGVkX1833Zu6rQvNgzv2I1ZzCjOo3Bf07qlfUGQ=&y=U2FsdGVkX18vTGFrI3WpaSg+oZ5/jCPFfVwl7hBd+Ws= HTTP/1.1" 200 25
186.102.67.87 - - [25/Aug/2022:17:25:46 -0500] "GET /kwssiamovil/sm/acme/a?s=U2FsdGVkX19unPHzJi8fKU7ydFic4l06hKNQOGj7YVpvs/0TjxXspcXxhaJa3UUji5lq8MKdFAsaWqVbGhy93bPK2A+L8sWI+QwkZ0gTs5ORORJ+1O6eXXKKBiRiDRMCsYr52Nx0SUpTaLG8HiUgzbK2lgkl00fcdpBLsey1dVY=&u=U2FsdGVkX1833Zu6rQvNgzv2I1ZzCjOo3Bf07qlfUGQ=&y=U2FsdGVkX18vTGFrI3WpaSg+oZ5/jCPFfVwl7hBd+Ws= HTTP/1.1" 200 25
186.102.67.87 - - [25/Aug/2022:17:25:46 -0500] "GET /kwssiamovil/sm/acme/a?s=U2FsdGVkX193QHU+MaPBrdKgB+6W6yEM0VOW53iXPNdCwQSQi+26I/RgVlY6rpcd512IVmNq9XiWX0sAKKkJTohhsfQe8Qv4gZ/fns8alifzHFqzl3J3+2qGQ9IHEfgPh4Y+8cn9kwz668um9hVswVZAey8+yqzufNaPYgzn5p4=&u=U2FsdGVkX1833Zu6rQvNgzv2I1ZzCjOo3Bf07qlfUGQ=&y=U2FsdGVkX18vTGFrI3WpaSg+oZ5/jCPFfVwl7hBd+Ws= HTTP/1.1" 200 25
186.102.67.87 - - [25/Aug/2022:17:25:46 -0500] "GET /kwssiamovil/sm/acme/a?s=U2FsdGVkX1/nxyC1BxvjGmo/dl14jlfiCDDNnG7EPFz4geiLPNznXRbiD1vmjS0bzGO5uEukFzJprvAlFYCynYzpSDjoh7chgWHDvWGPRMqO4vdIW5BzlkfEM3q+5e13Atf6cf7BVI/1eZSyOLCzQYAGjQp+6XgJl+kZSD4LinI=&u=U2FsdGVkX1833Zu6rQvNgzv2I1ZzCjOo3Bf07qlfUGQ=&y=U2FsdGVkX18vTGFrI3WpaSg+oZ5/jCPFfVwl7hBd+Ws= HTTP/1.1" 200 25
186.102.67.87 - - [25/Aug/2022:17:25:47 -0500] "GET /kwssiamovil/sm/acme/a?s=U2FsdGVkX1/qBt9LTp5j1KPGj2zpG/6xdqv15WuDBRB3WAPMTfaae3pB5133FPxG30grWQJVc2i45ckzRomzHT/5RPZyuEtcQ6K/C3+K3hdysGVET/oy2Znor0aC1Tsn9RWWXAGVAJzPmQOVLyFI+smYz0H8M0FMJciAyGAIel/oBTjvSw1ADj9iYK1HM3dY&u=U2FsdGVkX1833Zu6rQvNgzv2I1ZzCjOo3Bf07qlfUGQ=&y=U2FsdGVkX18vTGFrI3WpaSg+oZ5/jCPFfVwl7hBd+Ws= HTTP/1.1" 200 25
172.22.2.4 - - [25/Aug/2022:17:24:51 -0500] "GET /BLA/boletinlegal/ HTTP/1.1" 200 55211
201.245.192.253 - - [25/Aug/2022:17:26:31 -0500] "POST /kwsrmcab/Wsrmcab  HTTP/1.1" 200 46805
216.245.221.92 - - [25/Aug/2022:17:26:57 -0500] "HEAD / HTTP/1.1" 200 -
185.119.81.106 - - [25/Aug/2022:17:28:34 -0500] "GET /portaldeninos/wp-login.php HTTP/1.1" 200 2592
185.119.81.106 - - [25/Aug/2022:17:28:35 -0500] "POST /portaldeninos/wp-login.php HTTP/1.1" 200 3605
201.245.192.253 - - [25/Aug/2022:17:29:32 -0500] "POST /kwsrmcab/Wsrmcab HTTP/1.1" 200 43408
201.245.192.253 - - [25/Aug/2022:17:29:36 -0500] "POST /kwsrmcab/Wsrmcab HTTP/1.1" 200 43211
172.22.2.4 - - [25/Aug/2022:17:29:51 -0500] "HEAD /BLA/boletinlegal/ HTTP/1.1" 200 -
201.245.192.253 - - [25/Aug/2022:17:31:30 -0500] "POST /kwsrmcab/Wsrmcab  HTTP/1.1" 200 46805
216.245.221.92 - - [25/Aug/2022:17:31:57 -0500] "HEAD / HTTP/1.1" 200 -
172.22.2.4 - - [25/Aug/2022:17:30:41 -0500] "GET /BLA/boletinlegal/ HTTP/1.1" 200 58154
200.119.34.59 - - [25/Aug/2022:17:32:37 -0500] "POST /appsia/controlador HTTP/1.1" 200 7791
45.95.55.5 - - [25/Aug/2022:17:32:40 -0500] "GET / HTTP/1.1" 200 319
200.119.34.59 - - [25/Aug/2022:17:32:44 -0500] "POST /appsia/controlador HTTP/1.1" 200 6656
200.119.34.59 - - [25/Aug/2022:17:32:45 -0500] "POST /appsia/controlador HTTP/1.1" 200 10611
200.119.34.59 - - [25/Aug/2022:17:32:47 -0500] "POST /appsia/controlador HTTP/1.1" 200 75888
200.119.34.59 - - [25/Aug/2022:17:33:13 -0500] "POST /appsia/controlador HTTP/1.1" 200 7791
200.119.34.59 - - [25/Aug/2022:17:33:17 -0500] "POST /appsia/controlador HTTP/1.1" 200 6656
200.119.34.59 - - [25/Aug/2022:17:33:18 -0500] "POST /appsia/controlador HTTP/1.1" 200 10611
185.180.143.18 - - [25/Aug/2022:17:34:28 -0500] "GET / HTTP/1.1" 200 319
190.26.42.144 - - [25/Aug/2022:17:35:44 -0500] "OPTIONS /kwssiamovil/sm/setfile/f? HTTP/1.1" 200 13
190.26.42.144 - - [25/Aug/2022:17:35:44 -0500] "POST /kwssiamovil/sm/setfile/f? HTTP/1.1" 200 381
190.26.42.144 - - [25/Aug/2022:17:35:55 -0500] "GET /kwssiamovil/sm/acme/a?s=U2FsdGVkX19lZl7Su4UIfNCiyUP5fkMOosuD3KWyRhMdYLpsxgCoAy78TMO3GYEV75ClCEiMoiRE96gqzMhn2h+eSmTbB03PQ06RUvz+gm0XiSOkTnUDlbJlj67C8caqcuIHK7fuE71yPkDQZplZUt0+XxU0ypR0+GkVuM5F9KA8DlZpio1X1Sx1r1lvhfIkwjCU5bNIWryG2HqmNLkzCh7Ovg+xG3uRCz+vS8+Sg2kTFQDC4wf7hOB30AxqzXgV9XQ5GmJNprEAXtNr9zxTBg==&u=U2FsdGVkX19sjXiNU5XKdfY+oU7mdOf0guqPBrKYH3xQZJGFAnBTNKrmMvkvZASa&y=U2FsdGVkX18ADlq7rRlwTXbnbCXcI3EAzvTbWNoIBzMpYwH8qTL+K51xA6Mqi6sU HTTP/1.1" 200 25
190.26.42.144 - - [25/Aug/2022:17:35:55 -0500] "GET /kwssiamovil/sm/acme/a?s=U2FsdGVkX1+3LMN2LUUGTBHxbS6elTp7pGaZoROsbXtP/v5slmOcCSljnTDPI7b7lKkzeRd9gnaK2MF4ZgAVYM0P6gPHZuUHJUlnu65zeKgtKxtw01ZN3bkid9Gg4U++8kM4SUhUfoBeIRwJwq0FMQATqgHkTnG+5XwJtwA2IPP6JiDTqsrU+zoFORy3HpXo0LWT7fLwFHVa+pfZu6/TlhOCxFyx76yU2c3hFkUMs/1iiawWV8nypY26zK274IAhT7/5+tPmQQLRXCRvdzrFz9aOnb2kIiCP1ACyZG/btwjc4kM2tOZ3Q33SBZhnADrAn+ooafL9UV1TtcbZWCJCFGzlF3prcBilWw50iC4VldNlC3UmZ/oW4ti8d2q7Oo0hQCYInh84kmuHHxj0dtdV4ABhsLhZZVNv7Cl0GMNQ9MPyDf6hMRWaoJqPLBEGUUAd23465GAlgdCBhpkNkgFferyBYdxTHDGvUh12SXKlLlOD1LuEtXO/gMaNa419ufLiNobmiE9oz6yXnpqvrw2Nx+ECJ3mNHUuoyUp7jeThOm/ox2oMMVGS2VXr7cDsZrYVhiffkGJZeyDK1hpfC/LzNZGB3+2yFq3NAMuElCCBvUpACpMMQvw6v/PJhkUF23+olPI/1Lw5iX8RxxJYGAKImwpJKkZBBLE5hS1zJkmYqwQ9PFwSbmNQaAz5vBmZxKLPXvhCGnHo6LiVeSdM7u0vbOPYU5QiIYoljer/No7WVxqs3+4lxbFXtnBd3+BTotoX2P6tpXImzcc++Vdyew0rQ2DGivWFxCIBp1R7g8uW0D9n4RTaZlAvNs2co1DcXDKqNqHS1EzHLhjiko89QXmypHSjMc//KXBq74HTkEqBQzWh8xZZZpXh0NG6P2D9yioZcACGQkljS/1+GjRKAosWn4Ipkd0S8dU17L2dph+bdnjYQtTjzUohvtALTmQDyGD4r90hpbHU2KxUXq/IG8KrJk432UA7doqllqRfLgEELDMXICRR5mkNFHYdP+nF/WxwZcW2EziVug2FR1IcqPyte5SYzHOFzX8VG/owuT9e/l7D85n71Mqk6lI4X85dlhbcXhA1vgsShX2JAu8tjXincVtXjky0B1Eh2nqzICz3+nPXCgYWGKDGYYtMmGK8UleT6OtpqfXnwL6Zd7j/t8A5+Zl122qkASj3XwQD+Dp88vQgg7IRr2BhULXn4QZufIqy8qNsVXz1+M9XJRRDkx72TAcKOAg8R2DVHxuPnYKKYCmw7OEF7Jm2buy4bmMilqNJPLBo2GFcl3Tft/aWp++6a/rrJE3zJtGdxQ2FVC31zAC7EwhQ7LaCXnXjLw5ZRPVFaOvNrD92OX6aZlwdZqi7h8x3Q7GghX+pTzz6h3sXJ+x3zSS8KnUGqNWo2p5XhFPhiGQQmPEn+i4VKchJgZVGk2Aeh987Hl8Csv/UTnAYR8kUYHtxStO84mjjT7ZEkI4iJSbluOxDVgfXLJyCt5EiP1bFwVDW3kbML2BC1QDUrntvRUzeMojrlaoBQfcOUymjxRkADRmDKzMwz4HcC/DlEoF9ECe2mopA59IQ85zUQIKxCZ5DhXzMJ0gSrk7eHHggXLj4GOjP+J3Ku6nGQTxBFBhdu63ahBsBJ+saU/letoHsYWaCcKLrVhJXhOyJEmiGHUgtG8A4lsDH2I90VvGrqkkEThKl2DU8vLW9CMW3njbMYFtlQ+DVHbAKtAfMbXl5hD2vTHWFdBY1iDcGT0gvzCFDWWk4MYOZM2wPXvEwJYRKkI7ZxrH9w2uBCSzM+1vJMJpSn7A3sRmkVSyr0taA1qo6FNYj/lV/8iu8ULQ55Y2F46p9NJ93RdoqVC121Q6gO/gCmSvWVWjQolyPi3VB8zOt5yI9xu2Z2lXN9SLnpHjdETPfbHsHsaVIG1KGfDrLFgFIJ2Dzm3GkG7bDNXP+JbZoSNY0S3TAiAPn2vlLm+IEnAa3SxHuUt6lcJEOuNtsXncY5qDXLkTIOin7idBzbXltFA/QtiUTMLro63wNAR5u+zMvu/iTXhFMBBs8I4rArGizBFOrJxB2wlU11nIbqCk+J+gNxTosjp4b1Yb01n2C5aE+tQ2S1HnFAE2MUk1PTTjA1YWvPIIiOpxM+IevaQ==&u=U2FsdGVkX19sjXiNU5XKdfY+oU7mdOf0guqPBrKYH3xQZJGFAnBTNKrmMvkvZASa&y=U2FsdGVkX18ADlq7rRlwTXbnbCXcI3EAzvTbWNoIBzMpYwH8qTL+K51xA6Mqi6sU HTTP/1.1" 200 25
190.26.42.144 - - [25/Aug/2022:17:35:55 -0500] "GET /kwssiamovil/sm/acme/a?s=U2FsdGVkX18VCrWuQsKB1TOFwoRb9Gm/m8m04QrZH23XOVlsVYrLVBNj0n8GQN8wVdMSnDT0//JbZMSBnAwqDVk0FSjs2Vt5jEwLdDEs4j6n4ZRlyeVZWl4/fOwBaa/c/wMPyXE5qcGfKhqzwhaIz6mccfzhH7Acpk9WX9eiPV8=&u=U2FsdGVkX19sjXiNU5XKdfY+oU7mdOf0guqPBrKYH3xQZJGFAnBTNKrmMvkvZASa&y=U2FsdGVkX18ADlq7rRlwTXbnbCXcI3EAzvTbWNoIBzMpYwH8qTL+K51xA6Mqi6sU HTTP/1.1" 200 25
190.26.42.144 - - [25/Aug/2022:17:35:55 -0500] "GET /kwssiamovil/sm/acme/a?s=U2FsdGVkX1+9AbLwvc7AeWR24ywOmG3Nge/lXMM33qfJatJrvOI/4+sB7Bb/atIv/R1wC+T3yiXSP/uw9OSNZnTHjU2uKsLX6Yv3PrmZx+lnVBPoE6L3U0ztYUKwjNmXv0UkDy9sz019dwk3rPwz6f9kk8EZKTl1AXvSfilVokE=&u=U2FsdGVkX19sjXiNU5XKdfY+oU7mdOf0guqPBrKYH3xQZJGFAnBTNKrmMvkvZASa&y=U2FsdGVkX18ADlq7rRlwTXbnbCXcI3EAzvTbWNoIBzMpYwH8qTL+K51xA6Mqi6sU HTTP/1.1" 200 25
190.26.42.144 - - [25/Aug/2022:17:35:56 -0500] "GET /kwssiamovil/sm/acme/a?s=U2FsdGVkX1/ps+In5MTcescYJVLpUu0sVfKMJ7Ckd5xJvsRjhysVdIdABpCXn9nlIPPde8mJ/LI/rNvEIiPKMsKwndSeXfZx9mUSUH2zdB/WZPSrnpAXiLFMBIsStTBVtXYDxwqpWfa61aBicXwGtb5ep3ABZi6p5yXAjB1BhWk=&u=U2FsdGVkX19sjXiNU5XKdfY+oU7mdOf0guqPBrKYH3xQZJGFAnBTNKrmMvkvZASa&y=U2FsdGVkX18ADlq7rRlwTXbnbCXcI3EAzvTbWNoIBzMpYwH8qTL+K51xA6Mqi6sU HTTP/1.1" 200 25
190.26.42.144 - - [25/Aug/2022:17:35:56 -0500] "GET /kwssiamovil/sm/acme/a?s=U2FsdGVkX1/AM0NAJp6B1tC7NXN8n3UZd58Hniy+byWLJa2gKSttaVf/mqIZeuOpxnr4qYqVdRgT7O0OV7kRK/oCaPtnqsqgWmF/DfMCp1r3vwf9hWX/QVcTlHepde/XVgGldcM/azSlAogkQIlp4LoOwMDrBd5E/YRKkfYeYf2/1vh9xI6XNnBMDBAchg5E8HTF0/XXVV1ZnBcPJvwXoA==&u=U2FsdGVkX19sjXiNU5XKdfY+oU7mdOf0guqPBrKYH3xQZJGFAnBTNKrmMvkvZASa&y=U2FsdGVkX18ADlq7rRlwTXbnbCXcI3EAzvTbWNoIBzMpYwH8qTL+K51xA6Mqi6sU HTTP/1.1" 200 25
190.26.42.144 - - [25/Aug/2022:17:35:56 -0500] "GET /kwssiamovil/sm/acme/a?s=U2FsdGVkX1/hmAy8QxktJPuQ8jze5T1L4C9UI3XEVYNeLGFyQXnBoGuvEtN5uaBj/lXeZwkmRqsqO8RwTo5/NyCJ5LgaIwYXgJNZR8kWNog7EIJnGmrahshs1Ws49xOgR5L6aHd3L2DH+Rj4So/nBlsMPXBm6xf7r8Owg7RoPwE69JaDXTbXJczqdtmq9rlKE89iY6WH32ElaFJcL8y5uA==&u=U2FsdGVkX19sjXiNU5XKdfY+oU7mdOf0guqPBrKYH3xQZJGFAnBTNKrmMvkvZASa&y=U2FsdGVkX18ADlq7rRlwTXbnbCXcI3EAzvTbWNoIBzMpYwH8qTL+K51xA6Mqi6sU HTTP/1.1" 200 25
190.26.42.144 - - [25/Aug/2022:17:35:56 -0500] "GET /kwssiamovil/sm/acme/a?s=U2FsdGVkX1/FsQqU9G2yN+smf4nVgt/a/XgFBelkgQOnGAjyBqk+3Yb6hYQb/4vToTx8Fzg1TqY0eAWc0TpnC4Hre/E36djUGAhqx13r18yWRfgnFByi1uhZXQ+zhstisQ2AbSJ2fY64GQ3RFXjLJ6mnuuC23Cz7H7fzY9b35m7axdWwkUHX8tQod/JuuEtQ&u=U2FsdGVkX19sjXiNU5XKdfY+oU7mdOf0guqPBrKYH3xQZJGFAnBTNKrmMvkvZASa&y=U2FsdGVkX18ADlq7rRlwTXbnbCXcI3EAzvTbWNoIBzMpYwH8qTL+K51xA6Mqi6sU HTTP/1.1" 200 25
201.245.192.253 - - [25/Aug/2022:17:36:29 -0500] "POST /kwsrmcab/Wsrmcab  HTTP/1.1" 200 46805
216.245.221.92 - - [25/Aug/2022:17:36:57 -0500] "HEAD / HTTP/1.1" 200 -
172.22.2.4 - - [25/Aug/2022:17:35:41 -0500] "HEAD /BLA/boletinlegal/ HTTP/1.1" 200 -
200.119.34.59 - - [25/Aug/2022:17:38:06 -0500] "POST /appsia/controlador HTTP/1.1" 200 7791
200.119.34.59 - - [25/Aug/2022:17:38:09 -0500] "POST /appsia/controlador HTTP/1.1" 200 6656
200.119.34.59 - - [25/Aug/2022:17:38:11 -0500] "POST /appsia/controlador HTTP/1.1" 200 11008
172.22.2.4 - - [25/Aug/2022:17:36:31 -0500] "GET /BLA/boletinlegal/ HTTP/1.1" 200 57716
66.249.66.5 - - [25/Aug/2022:17:38:53 -0500] "-" 408 -
200.119.34.59 - - [25/Aug/2022:17:39:10 -0500] "POST /appsia/controlador HTTP/1.1" 200 7791
200.119.34.59 - - [25/Aug/2022:17:39:13 -0500] "POST /appsia/controlador HTTP/1.1" 200 6656
200.119.34.59 - - [25/Aug/2022:17:39:14 -0500] "POST /appsia/controlador HTTP/1.1" 200 11756
181.52.213.166 - - [25/Aug/2022:17:39:14 -0500] "GET /appsia/controlador HTTP/1.1" 200 4799
181.52.213.166 - - [25/Aug/2022:17:39:14 -0500] "GET /appsia/css/estilos.css HTTP/1.1" 200 4804
181.52.213.166 - - [25/Aug/2022:17:39:15 -0500] "GET /appsia/scripts/validarIngreso.js HTTP/1.1" 200 851
181.52.213.166 - - [25/Aug/2022:17:39:15 -0500] "GET /appsia/images/cabezoteHojaVida.png HTTP/1.1" 200 32493
181.52.213.166 - - [25/Aug/2022:17:39:15 -0500] "GET /appsia/images/logo_bogota_p.png HTTP/1.1" 200 14951
181.52.213.166 - - [25/Aug/2022:17:39:15 -0500] "GET /favicon.ico HTTP/1.1" 200 7782
201.245.192.253 - - [25/Aug/2022:17:39:31 -0500] "GET /BLA/boletinlegal/js/jquery.scrollShow.js HTTP/1.1" 200 4586
201.245.192.253 - - [25/Aug/2022:17:39:31 -0500] "GET /galeria/galeria/jquery.fancybox.css?v=2.1.5 HTTP/1.1" 200 4895
201.245.192.253 - - [25/Aug/2022:17:39:31 -0500] "GET /galeria/galeria/jquery.fancybox.js?v=2.1.5 HTTP/1.1" 200 48706
201.245.192.253 - - [25/Aug/2022:17:39:32 -0500] "GET /galeria/carrusel/Carrusel/jquery.thumbnailScroller.css HTTP/1.1" 200 2066
201.245.192.253 - - [25/Aug/2022:17:39:32 -0500] "GET /galeria/carrusel/Carrusel/jquery.thumbnailScroller.js HTTP/1.1" 200 8157
201.245.192.253 - - [25/Aug/2022:17:39:32 -0500] "GET /galeria/carrusel/Carrusel/jquery-ui-1.8.13.custom.min.js HTTP/1.1" 200 10800
201.245.192.253 - - [25/Aug/2022:17:39:32 -0500] "GET /galeria/nivo-slider/demo/banner.html HTTP/1.1" 200 5446
201.245.192.253 - - [25/Aug/2022:17:39:32 -0500] "GET /galeria/nivo-slider/themes/default/default.css HTTP/1.1" 200 1569
201.245.192.253 - - [25/Aug/2022:17:39:32 -0500] "GET /galeria/nivo-slider/themes/pascal/pascal.css HTTP/1.1" 200 2258
201.245.192.253 - - [25/Aug/2022:17:39:32 -0500] "GET /galeria/nivo-slider/themes/orman/orman.css HTTP/1.1" 200 2152
201.245.192.253 - - [25/Aug/2022:17:39:32 -0500] "GET /galeria/nivo-slider/nivo-slider.css HTTP/1.1" 200 1507
201.245.192.253 - - [25/Aug/2022:17:39:32 -0500] "GET /galeria/nivo-slider/demo/style.css HTTP/1.1" 200 2222
201.245.192.253 - - [25/Aug/2022:17:39:32 -0500] "GET /galeria/nivo-slider/demo/scripts/jquery-1.7.1.min.js HTTP/1.1" 200 93868
201.245.192.253 - - [25/Aug/2022:17:39:32 -0500] "GET /galeria/nivo-slider/jquery.nivo.slider.pack.js HTTP/1.1" 200 11561
201.245.192.253 - - [25/Aug/2022:17:39:32 -0500] "GET /galeria/nivo-slider/demo/images/bannertortuga_optimized.jpg HTTP/1.1" 200 39066
201.245.192.253 - - [25/Aug/2022:17:39:32 -0500] "GET /galeria/nivo-slider/demo/images/Bannermujeresquereverdecen.jpg HTTP/1.1" 200 46558
201.245.192.253 - - [25/Aug/2022:17:39:32 -0500] "GET /galeria/nivo-slider/demo/images/bannertrafico_optimized.jpg HTTP/1.1" 200 42578
201.245.192.253 - - [25/Aug/2022:17:39:32 -0500] "GET /galeria/nivo-slider/demo/images/Bannersedeelectronica.jpg HTTP/1.1" 200 40383
201.245.192.253 - - [25/Aug/2022:17:39:32 -0500] "GET /galeria/nivo-slider/demo/images/bannerrutaesperanza.jpg HTTP/1.1" 200 55560
201.245.192.253 - - [25/Aug/2022:17:39:32 -0500] "GET /galeria/nivo-slider/demo/images/banneraire2021.jpg HTTP/1.1" 200 265101
201.245.192.253 - - [25/Aug/2022:17:39:32 -0500] "GET /galeria/nivo-slider/demo/images/Bannerplasticosseptiembre.jpg HTTP/1.1" 200 45633
201.245.192.253 - - [25/Aug/2022:17:39:32 -0500] "GET /galeria/nivo-slider/demo/images/bannerresiduoshospitalariosagosto.jpg HTTP/1.1" 200 36499
201.245.192.253 - - [25/Aug/2022:17:39:32 -0500] "GET /galeria/nivo-slider/demo/images/banneraccionpopularcrr68.jpg HTTP/1.1" 200 51887
201.245.192.253 - - [25/Aug/2022:17:39:32 -0500] "GET /galeria/nivo-slider/demo/images/banneraccionpopular.jpeg HTTP/1.1" 200 41707
201.245.192.253 - - [25/Aug/2022:17:39:32 -0500] "GET /galeria/nivo-slider/demo/images/bannerclases2021.jpg HTTP/1.1" 200 68230
201.245.192.253 - - [25/Aug/2022:17:39:32 -0500] "GET /galeria/nivo-slider/demo/images/bannercapacitacionesbogota.jpg HTTP/1.1" 200 42416
201.245.192.253 - - [25/Aug/2022:17:39:32 -0500] "GET /galeria/nivo-slider/demo/images/Bannerenvases.jpg HTTP/1.1" 200 37316
201.245.192.253 - - [25/Aug/2022:17:39:32 -0500] "GET /galeria/nivo-slider/demo/images/Bannervirtualescanales.jpg HTTP/1.1" 200 174544
201.245.192.253 - - [25/Aug/2022:17:39:32 -0500] "GET /galeria/nivo-slider/demo/images/4Simple_Slider.png HTTP/1.1" 200 11722
201.245.192.253 - - [25/Aug/2022:17:39:32 -0500] "GET /galeria/nivo-slider/themes/default/loading.gif HTTP/1.1" 200 1737
201.245.192.253 - - [25/Aug/2022:17:39:32 -0500] "GET /galeria/nivo-slider/themes/default/arrows.png HTTP/1.1" 200 824
201.245.192.253 - - [25/Aug/2022:17:39:32 -0500] "GET /galeria/nivo-slider/themes/default/bullets.png HTTP/1.1" 200 1281
201.245.192.253 - - [25/Aug/2022:17:39:32 -0500] "POST /kwsrmcab/Wsrmcab HTTP/1.1" 200 43408
201.245.192.253 - - [25/Aug/2022:17:39:36 -0500] "POST /kwsrmcab/Wsrmcab HTTP/1.1" 200 43211
200.119.34.59 - - [25/Aug/2022:17:40:02 -0500] "POST /appsia/controlador HTTP/1.1" 200 7791
200.119.34.59 - - [25/Aug/2022:17:40:05 -0500] "POST /appsia/controlador HTTP/1.1" 200 6656
200.119.34.59 - - [25/Aug/2022:17:40:07 -0500] "POST /appsia/controlador HTTP/1.1" 200 10611
172.22.2.4 - - [25/Aug/2022:17:40:14 -0500] "GET /BLA/boletinlegal/js/jquery.js HTTP/1.1" 200 57254
172.22.2.4 - - [25/Aug/2022:17:40:14 -0500] "GET /BLA/boletinlegal/js/jquery.scrollTo-min.js HTTP/1.1" 200 1150
172.22.2.4 - - [25/Aug/2022:17:40:14 -0500] "GET /BLA/boletinlegal/js/jquery.scrollShow.js HTTP/1.1" 200 4586
172.22.2.4 - - [25/Aug/2022:17:40:14 -0500] "GET /BLA/boletinlegal/images/arr_l.jpg HTTP/1.1" 200 1979
172.22.2.4 - - [25/Aug/2022:17:40:14 -0500] "GET /BLA/boletinlegal/images/screen_1.png HTTP/1.1" 200 202547
172.22.2.4 - - [25/Aug/2022:17:40:14 -0500] "GET /BLA/boletinlegal/images/launch.jpg HTTP/1.1" 200 14577
172.22.2.4 - - [25/Aug/2022:17:40:14 -0500] "GET /BLA/boletinlegal/images/screen_2.png HTTP/1.1" 200 362502
172.22.2.4 - - [25/Aug/2022:17:40:14 -0500] "GET /BLA/boletinlegal/images/screen_3.png HTTP/1.1" 200 210620
172.22.2.4 - - [25/Aug/2022:17:40:14 -0500] "GET /BLA/boletinlegal/images/screen_5.png HTTP/1.1" 200 368876
172.22.2.4 - - [25/Aug/2022:17:40:14 -0500] "GET /BLA/boletinlegal/images/arr_r.jpg HTTP/1.1" 200 1998
172.22.2.4 - - [25/Aug/2022:17:40:22 -0500] "GET /BLA/boletinlegal/images/pdf.gif HTTP/1.1" 200 567
172.22.2.4 - - [25/Aug/2022:17:40:25 -0500] "GET /BLA/boletinlegal/actos.php HTTP/1.1" 200 9559
172.22.2.4 - - [25/Aug/2022:17:40:26 -0500] "GET /BLA/boletinlegal/favicon.ico HTTP/1.1" 404 1326
181.51.42.181 - - [25/Aug/2022:17:40:28 -0500] "GET /BLA/resoluciones/ HTTP/1.1" 200 13093
181.51.42.181 - - [25/Aug/2022:17:40:36 -0500] "GET /BLA/resoluciones/index.php?dir=AUTOS+2020%2F HTTP/1.1" 200 326166
172.22.2.4 - - [25/Aug/2022:17:40:01 -0500] "GET /BLA/boletinlegal/ HTTP/1.1" 200 24523
181.51.42.181 - - [25/Aug/2022:17:40:45 -0500] "GET /BLA/resoluciones/AUTOS%202020/3194.pdf HTTP/1.1" 200 392015
200.119.34.59 - - [25/Aug/2022:17:40:53 -0500] "POST /appsia/controlador HTTP/1.1" 200 7791
200.119.34.59 - - [25/Aug/2022:17:40:56 -0500] "POST /appsia/controlador HTTP/1.1" 200 6656
200.119.34.59 - - [25/Aug/2022:17:40:57 -0500] "POST /appsia/controlador HTTP/1.1" 200 11002
172.22.2.4 - - [25/Aug/2022:17:40:06 -0500] "GET /BLA/boletinlegal/ HTTP/1.1" 200 36811
201.245.192.253 - - [25/Aug/2022:17:41:02 -0500] "POST /sipse/faces/presentacion/financiero/solicitudProceso/listarSolicitudProceso.xhtml HTTP/1.1" 200 116534
201.245.192.253 - - [25/Aug/2022:17:41:03 -0500] "GET /sipse/faces/javax.faces.resource/theme.css?ln=primefaces-sipse HTTP/1.1" 304 -
201.245.192.253 - - [25/Aug/2022:17:41:03 -0500] "GET /sipse/faces/javax.faces.resource/layout/layout.css?ln=primefaces&v=4.0 HTTP/1.1" 304 -
201.245.192.253 - - [25/Aug/2022:17:41:03 -0500] "GET /sipse/faces/javax.faces.resource/primefaces.css?ln=primefaces&v=4.0 HTTP/1.1" 304 -
201.245.192.253 - - [25/Aug/2022:17:41:03 -0500] "GET /sipse/faces/javax.faces.resource/jquery/jquery.js?ln=primefaces&v=4.0 HTTP/1.1" 304 -
201.245.192.253 - - [25/Aug/2022:17:41:03 -0500] "GET /sipse/faces/javax.faces.resource/jquery/jquery-plugins.js?ln=primefaces&v=4.0 HTTP/1.1" 304 -
201.245.192.253 - - [25/Aug/2022:17:41:03 -0500] "GET /sipse/faces/javax.faces.resource/primefaces.js?ln=primefaces&v=4.0 HTTP/1.1" 304 -
201.245.192.253 - - [25/Aug/2022:17:41:03 -0500] "GET /sipse/faces/javax.faces.resource/layout/layout.js?ln=primefaces&v=4.0 HTTP/1.1" 304 -
201.245.192.253 - - [25/Aug/2022:17:41:15 -0500] "POST /sipse/faces/presentacion/financiero/solicitudProceso/consultarSolicitudProceso.xhtml HTTP/1.1" 200 167776
201.245.192.253 - - [25/Aug/2022:17:41:28 -0500] "POST /kwsrmcab/Wsrmcab  HTTP/1.1" 200 46805
216.245.221.92 - - [25/Aug/2022:17:41:57 -0500] "HEAD / HTTP/1.1" 200 -
186.102.70.76 - - [25/Aug/2022:17:42:59 -0500] "OPTIONS /kwssiamovil/sm/setfile/f? HTTP/1.1" 200 13
181.237.36.86 - - [25/Aug/2022:17:43:04 -0500] "GET /appsia/controlador HTTP/1.1" 200 4799
181.237.36.86 - - [25/Aug/2022:17:43:04 -0500] "GET /appsia/css/estilos.css HTTP/1.1" 200 4804
181.237.36.86 - - [25/Aug/2022:17:43:04 -0500] "GET /appsia/scripts/validarIngreso.js HTTP/1.1" 200 851
181.237.36.86 - - [25/Aug/2022:17:43:04 -0500] "GET /appsia/images/logo_bogota_p.png HTTP/1.1" 200 14951
181.237.36.86 - - [25/Aug/2022:17:43:04 -0500] "GET /appsia/images/cabezoteHojaVida.png HTTP/1.1" 200 32493
172.22.2.4 - - [25/Aug/2022:17:41:31 -0500] "HEAD /BLA/boletinlegal/ HTTP/1.1" 200 -
181.237.36.86 - - [25/Aug/2022:17:43:12 -0500] "POST /appsia/controlador HTTP/1.1" 200 3594
181.237.36.86 - - [25/Aug/2022:17:43:12 -0500] "GET /appsia/jscripts/validarSolicitud.js HTTP/1.1" 404 68
181.237.36.86 - - [25/Aug/2022:17:43:15 -0500] "POST /appsia/controlador HTTP/1.1" 200 4799
186.102.70.76 - - [25/Aug/2022:17:42:59 -0500] "POST /kwssiamovil/sm/setfile/f? HTTP/1.1" 200 381
186.102.70.76 - - [25/Aug/2022:17:43:32 -0500] "OPTIONS /kwssiamovil/sm/setfile/f? HTTP/1.1" 200 13
157.55.39.80 - - [25/Aug/2022:17:43:33 -0500] "GET /BLA/resoluciones/RESOLUCIONES%202021/2042.pdf HTTP/1.1" 304 -
181.237.36.86 - - [25/Aug/2022:17:43:46 -0500] "POST /appsia/controlador HTTP/1.1" 200 5437
181.237.36.86 - - [25/Aug/2022:17:43:50 -0500] "POST /appsia/controlador HTTP/1.1" 200 7724
181.237.36.86 - - [25/Aug/2022:17:43:50 -0500] "GET /appsia/images/logo_escudo.png HTTP/1.1" 200 36965
172.22.2.4 - - [25/Aug/2022:17:42:21 -0500] "GET /BLA/boletinlegal/ HTTP/1.1" 200 58154
186.102.70.76 - - [25/Aug/2022:17:43:32 -0500] "POST /kwssiamovil/sm/setfile/f? HTTP/1.1" 200 381
186.102.67.87 - - [25/Aug/2022:17:44:18 -0500] "GET /kwssiamovil/sm/acme/u?s=U2FsdGVkX1/XfF5X6PWhDYSfDs7KZ9GZPHHczMAupLwjVkuthF9bjR8G5IxuntFOC5McJY+dpCaCTLsdgWQT0UI8bdxAa76OC1lECrgnSkySbDr1SFr0ZBCRLbfxtG8v3/+clJyFU0nVH+sCTVETiw==&u=U2FsdGVkX1833Zu6rQvNgzv2I1ZzCjOo3Bf07qlfUGQ=&y=U2FsdGVkX18vTGFrI3WpaSg+oZ5/jCPFfVwl7hBd+Ws= HTTP/1.1" 200 60
186.102.70.76 - - [25/Aug/2022:17:44:29 -0500] "GET /kwssiamovil/sm/acme/a?s=U2FsdGVkX1+tha8WFGvdYwvOA5hiyj6Y6t4/SixR3IJTBSUKJA8npfOShgvq3bT/el9HN+8OpsSQbio505chiDwbXSF/TMc1Jjxjrwx4sRsOfhDf13xiQYbrq7EWsch+nIPFjTECBMwmOHJBm+Q92m8X4Z8kOkx7Lvb1bCYzvWOtEG7MvBpOuUGgQfmCitWYGdiferZWgrhlFzc1s21akDc5TtJYjfMk6teKQqmGlT7lw6jOx48dGik3nZ+M6gpJ4RxwFc3PlezRIRid6o3HmA==&u=U2FsdGVkX1+uu321gM6stgTriPr7J6yIk/490/0YyIo=&y=U2FsdGVkX1/3m6OJTLZqTzoNaXopJ6q5ogS5Ldad2cM= HTTP/1.1" 200 25
186.102.70.76 - - [25/Aug/2022:17:44:29 -0500] "GET /kwssiamovil/sm/acme/a?s=U2FsdGVkX1/3930O/wxO2WXvHWSgkYii1YJz/nD9GFGC8ut9x9hwYCfGrhJ2QxJWVCtf8Zf9YuvgxfKiFrxys1WsfaPxdrLWJcqSXS6PfzfIJ1wNVZBqlZGca+DuaAT8DBV9AMIaqD1+L0STOe4BAm+hpnnweslyWsYrAggqgFGT2vgtLkVocRfOxu+dcmFf42nLfyTVEOD5BYcsZfgq/hV+upNBsHjPnTFGUuC1DgEEkiaJxKmCTx6FT/uVO3lbM9t9ExthkluF/Q9XBkRP6+RckO23fnQRTHiZjWwfgaclyh+kD4vMzPotVkYkVGrOn9Ml23ndZ2VRy7Z9DqQkayZJ2bDe12BxBTbQjY0mh47ZONE57zKCXLmFK2kdzF5TGGtqttUX6uUvr2sqXrfUCMMrDq7CYAaehSFxdGl1+5zajOPOXQXM1TFhhJ7+rjBDZQt9D+1lwfXgzfH5QHhjUurCReTwDPGE8XqI3yOysfx1fi2xFdJOuz7Slr3cEtkK/GyvUbXCxj5iVlC8bbfNwDsM7L9NPZFuQ+HHphmH4sUddQNUGRdwxtT36eeJEUih0xCQ44jRO0Sb/Ih7fjciaCf7HCO40xtPUDAS59sXm9E4ONN4StIR/ZgHUXxpVcOe9aFpc1bNi8biqYVbrJ4SGj0Q7R/Y8MqB7FTxO2D1gs498SCuzfVsU4XT7MKjwf+o6eV5e+jxTR0zDI/kMfszcetnVpLbZmPLQL331QDK4uhxReDuS8KNFf1amrT0ue5kng+1zgjaq2skEc4GX6vYcQlLBqX5VoS+oH77njwUmr2UyulGia6sKCgEwkT2VxUSwyCcggigdRAOCgHePip8Yj1OvWRfJHCNTljpLU4sHzRZaSjjg+ccWtnSmu/QH7hJ7cpQ2eskYXpQwH66tddBNHOw5Zpwr1smo9IHpsa6VXuGa7YAm71GWyvghEKafeXp3tTPzSUMyTdxraZw3vlQsDppZQf/om50HOzZbOAu5dyJbEWjoKvaT7k7FZbiFA07ByWbBdwkgyQcXB5rxQyIkLfT20aU0PZJReSEc/OVjlQI82zbViw0Cdrrh/OFaN6Hro0eyXYCSTdQaQ1PUO8AbHa80ts6+toBLn0c5pqHRYiu3SvqcFBTQGKofRfzT2PXTH349IBwhr7puX+cuqTWi3oEtTVz7nEUnUcXWE7Zlr5L9alyiEtUzLWbM4Y+Yy1tyF2POjc5SgmeYBtiYJjNI6BGvDvTVJpKKYX9T5fprGRzChl4GyX73UznazwDzUbUeNJ99g/+zOsFj79L7CxCgyPTmdrv7HyoIedwr8pkKZ73Wfw4H3xjbeKXI16rmOj3UOO+HKKuWaXDsiVopML8pAVXgZS6LlCv0eZv7fPktxuG+a4LFs/2GlgqE10cn9p9iYUcqoh+wSjb3Q/nkeuEDph87fhgbTyF6kRhoN43H9d0rA2/Qy3c5FGUkMfzz1gba7PV53/3k3hQ4Nf4ZO2OI2IuHDv+John8JA3ov2rSNwENc0hOHGrB7RcCW0oriX2q49RohpNcunlOe9S7WyCNZ62sJOSBQ1IGO8B/TksghEZfGEMdJV/lYMIYO7BezjdiLeNd9izvpm6kOh3eSR+LxiaLDsy1nRbX94kIcR2PsUlRXkFR1nN9Snq+BPT1lDKTb5utwreVBvAo35RF6Da+s3aVQVjJSc3mNbstUBgQmoj/ih9C9LZCxtegylD1wL52Etzpeskuk3ZEaERWWY0sOE52T8mAI440jRD8x02U1HozuFCxU/GscS7u5MtzM6o8nT4wu8Hw/bdVOvaFwFsfBetf5S3QX+BLeeQyXhrPMQ=&u=U2FsdGVkX1+uu321gM6stgTriPr7J6yIk/490/0YyIo=&y=U2FsdGVkX1/3m6OJTLZqTzoNaXopJ6q5ogS5Ldad2cM= HTTP/1.1" 200 25
186.102.70.76 - - [25/Aug/2022:17:44:30 -0500] "GET /kwssiamovil/sm/acme/a?s=U2FsdGVkX1/X6Dn7S8IECoB03Dr5lmCybCGG332Hmdv7YFAOBAUpf8WzPrT9wdx9/gyDquI49dbWEGbKalHhWkHyWb4PrvnIsgIKd4JlVK3pzL7lJhzn8ravVxZPckqgqxpJl0iB1CWITpMw5b5hbG53NsL1ZpXehnicNyy6ly8=&u=U2FsdGVkX1+uu321gM6stgTriPr7J6yIk/490/0YyIo=&y=U2FsdGVkX1/3m6OJTLZqTzoNaXopJ6q5ogS5Ldad2cM= HTTP/1.1" 200 25
186.102.70.76 - - [25/Aug/2022:17:44:30 -0500] "GET /kwssiamovil/sm/acme/a?s=U2FsdGVkX1+z3addz3LQUqsTmWOq1VNnoiX36LKpW949Ar9JblfRkWnEE4+OxjoJTixooQ4J7kJ4Uk0XDO+PEqpvjctsI42wcXiOy5ptoHyGRk3ePnFxtp+KuXFbuQTRvPRxCAPD725+V9UuW7tMRWixnuy1L0qH5ryMJ+wJkFI=&u=U2FsdGVkX1+uu321gM6stgTriPr7J6yIk/490/0YyIo=&y=U2FsdGVkX1/3m6OJTLZqTzoNaXopJ6q5ogS5Ldad2cM= HTTP/1.1" 200 25
186.102.70.76 - - [25/Aug/2022:17:44:30 -0500] "GET /kwssiamovil/sm/acme/a?s=U2FsdGVkX19Hj+9XyQygc7mh6k9dzpNOTXK42AKbk0Db/MYkDFy6qIcC6vAV8UKbsAQWcw74kc/15PySWC2ZI8etwFj5ush4YnsRAVXEzJRsAa3YETMjC8q82gOUmvj9LPFlbeDYS5TneASJei17hMED48UM7y9EisgTwbcLz3k=&u=U2FsdGVkX1+uu321gM6stgTriPr7J6yIk/490/0YyIo=&y=U2FsdGVkX1/3m6OJTLZqTzoNaXopJ6q5ogS5Ldad2cM= HTTP/1.1" 200 25
186.102.70.76 - - [25/Aug/2022:17:44:30 -0500] "GET /kwssiamovil/sm/acme/a?s=U2FsdGVkX19ddllZ0MCl8wU7TU5H0UuDRcqR09PKLxmluiOrECntcdaCEZaDbJIRDtmtVSybXiNm8rZSvtKRQQm7Pzp+DSNxhfzY0QaWS/aE+Hzevw8BLJXrmmFe+ROVWbdFCaoGDpSjhy5Ml+7LMx7urSYDxsc5tKHIS2oTG5x/bX1p4JFpswHEWMgtQGSw&u=U2FsdGVkX1+uu321gM6stgTriPr7J6yIk/490/0YyIo=&y=U2FsdGVkX1/3m6OJTLZqTzoNaXopJ6q5ogS5Ldad2cM= HTTP/1.1" 200 25
186.102.70.76 - - [25/Aug/2022:17:44:30 -0500] "GET /kwssiamovil/sm/acme/a?s=U2FsdGVkX1+4aN2WdxvidxwnJi9He2dVA3YgwFhl0ue7IHRMkeT7qSnK1VBvQKi4F4zO0XxAFnBx7Hcyjq7JOvjrtDmf47DKrx0v0lM5DhMPpO07MH9ylod2OBViMNVxJ9on14OSvXn/fGQAXvriW7BUh2Lk2Bxns7lUpiNGlLf/WRVqjrSLkmB5TnUX/e1Cqs0jj8oa3buFwuJGMcaS3Q==&u=U2FsdGVkX1+uu321gM6stgTriPr7J6yIk/490/0YyIo=&y=U2FsdGVkX1/3m6OJTLZqTzoNaXopJ6q5ogS5Ldad2cM= HTTP/1.1" 200 25
186.102.70.76 - - [25/Aug/2022:17:44:31 -0500] "GET /kwssiamovil/sm/acme/a?s=U2FsdGVkX19WxctIx69ZnGYSsrEnY56mXaYi3U3B53f5KM1rRiaMo2EXUcDPgeCLOUvSEjxkUNjrg61YZ7OYjRV5PF5C/fg3gMsm/VK1QHZxiInqCH1ZO83gJn5UMT5rmAYOOuOmFsLBNuT0ZFQqSCeN5Z3lKDPQ3v6Fq+bjQ0lJos6LA8y2hRo11AxdxrMX&u=U2FsdGVkX1+uu321gM6stgTriPr7J6yIk/490/0YyIo=&y=U2FsdGVkX1/3m6OJTLZqTzoNaXopJ6q5ogS5Ldad2cM= HTTP/1.1" 200 25
186.102.70.76 - - [25/Aug/2022:17:44:31 -0500] "GET /kwssiamovil/sm/acme/a?s=U2FsdGVkX19Jcf/uLqEM65MTA2M2wUGLn1cT6+Y76AzwGDHyX9t42D0trOcKCEkaERDbqAS7DjwzvjWeHr7lyzFy3CTvQ7t3Ar1L/eB/d/K9xrJW4KAMgde3mOuAsozXvzPVladcurK5JqJEfLUG33CzibXtqsZWaPM6cJoZmYb50ISRNso7wFAfhWfOiCSluWM+9+xmNM3mQvYuOzAu1g==&u=U2FsdGVkX1+uu321gM6stgTriPr7J6yIk/490/0YyIo=&y=U2FsdGVkX1/3m6OJTLZqTzoNaXopJ6q5ogS5Ldad2cM= HTTP/1.1" 200 25
186.102.70.76 - - [25/Aug/2022:17:44:31 -0500] "GET /kwssiamovil/sm/acme/a?s=U2FsdGVkX1/C5s1MnSkxwRkeoCOYUOE0L1gYQgrAIUF6ajE8m8CP46yxz4Pygk0zbVBkRjXNG/5Ff8KYK/WzWxV2d3B/Ghf2anWAPbcB+KQc8jdJL1fPgBrJ/o9Qwsv/aIW/KtVTA/KjGkPGBXgKgOE6+1f6anXjgPllpkdT8J+a7A+bv8YRIrJRv7eGsJDj&u=U2FsdGVkX1+uu321gM6stgTriPr7J6yIk/490/0YyIo=&y=U2FsdGVkX1/3m6OJTLZqTzoNaXopJ6q5ogS5Ldad2cM= HTTP/1.1" 200 25
186.98.88.160 - - [25/Aug/2022:17:44:33 -0500] "GET /sipse/faces/javax.faces.resource/images/ui-bg_flat_0_2d5972_40x100.png?ln=primefaces-aristo HTTP/1.1" 304 -
186.98.88.160 - - [25/Aug/2022:17:44:33 -0500] "POST /sipse/faces/presentacion/financiero/solicitudProceso/solicitudProcesoOtrosPagos.xhtml HTTP/1.1" 200 52514
186.98.88.160 - - [25/Aug/2022:17:44:34 -0500] "GET /sipse/faces/javax.faces.resource/theme.css?ln=primefaces-sipse HTTP/1.1" 304 -
186.98.88.160 - - [25/Aug/2022:17:44:34 -0500] "GET /sipse/faces/javax.faces.resource/primefaces.css?ln=primefaces&v=4.0 HTTP/1.1" 304 -
186.98.88.160 - - [25/Aug/2022:17:44:34 -0500] "GET /sipse/faces/javax.faces.resource/layout/layout.css?ln=primefaces&v=4.0 HTTP/1.1" 304 -
186.98.88.160 - - [25/Aug/2022:17:44:34 -0500] "GET /sipse/faces/javax.faces.resource/fileupload/fileupload.css?ln=primefaces&v=4.0 HTTP/1.1" 304 -
186.98.88.160 - - [25/Aug/2022:17:44:34 -0500] "GET /sipse/faces/javax.faces.resource/jquery/jquery.js?ln=primefaces&v=4.0 HTTP/1.1" 304 -
186.98.88.160 - - [25/Aug/2022:17:44:34 -0500] "GET /sipse/faces/javax.faces.resource/jquery/jquery-plugins.js?ln=primefaces&v=4.0 HTTP/1.1" 304 -
186.98.88.160 - - [25/Aug/2022:17:44:34 -0500] "GET /sipse/faces/javax.faces.resource/primefaces.js?ln=primefaces&v=4.0 HTTP/1.1" 304 -
186.98.88.160 - - [25/Aug/2022:17:44:34 -0500] "GET /sipse/faces/javax.faces.resource/layout/layout.js?ln=primefaces&v=4.0 HTTP/1.1" 304 -
186.98.88.160 - - [25/Aug/2022:17:44:34 -0500] "GET /sipse/faces/javax.faces.resource/fileupload/fileupload.js?ln=primefaces&v=4.0 HTTP/1.1" 304 -
92.118.39.88 - - [25/Aug/2022:17:44:43 -0500] "GET / HTTP/1.1" 200 319
198.74.59.35 - - [25/Aug/2022:17:45:21 -0500] "GET /galeria/galeria/jquery.fancybox.css?v=2.1.5 HTTP/1.1" 200 4895
198.74.59.35 - - [25/Aug/2022:17:45:21 -0500] "GET /BLA/boletinlegal/js/jquery.scrollShow.js HTTP/1.1" 200 4586
198.74.59.35 - - [25/Aug/2022:17:45:21 -0500] "GET /galeria/galeria/jquery.fancybox.js?v=2.1.5 HTTP/1.1" 200 48706
200.119.34.59 - - [25/Aug/2022:17:46:24 -0500] "POST /appsia/controlador HTTP/1.1" 200 7791
201.245.192.253 - - [25/Aug/2022:17:46:27 -0500] "POST /kwsrmcab/Wsrmcab  HTTP/1.1" 200 46805
216.245.221.92 - - [25/Aug/2022:17:46:57 -0500] "HEAD / HTTP/1.1" 200 -
172.22.2.4 - - [25/Aug/2022:17:47:21 -0500] "HEAD /BLA/boletinlegal/ HTTP/1.1" 200 -
172.22.2.4 - - [25/Aug/2022:17:49:41 -0500] "GET /BLA/boletinlegal/Directivas/2018/Directiva%20No.%2026%20del%2028%20de%20diciembre%20de%202018.pdf HTTP/1.1" 304 -
172.22.2.4 - - [25/Aug/2022:17:48:11 -0500] "GET /BLA/boletinlegal/ HTTP/1.1" 200 59819
186.98.88.160 - - [25/Aug/2022:17:49:51 -0500] "POST /sipse/faces/presentacion/financiero/solicitudProceso/detalleSolicitudProcesoOtrosPagos.xhtml HTTP/1.1" 200 190
186.98.88.160 - - [25/Aug/2022:17:49:52 -0500] "GET /sipse/faces/presentacion/financiero/solicitudProceso/solicitudProcesoOtrosPagos.xhtml HTTP/1.1" 200 39291
186.98.88.160 - - [25/Aug/2022:17:49:52 -0500] "GET /sipse/faces/javax.faces.resource/theme.css?ln=primefaces-sipse HTTP/1.1" 304 -
186.98.88.160 - - [25/Aug/2022:17:49:52 -0500] "GET /sipse/faces/javax.faces.resource/primefaces.css?ln=primefaces&v=4.0 HTTP/1.1" 304 -
186.98.88.160 - - [25/Aug/2022:17:49:52 -0500] "GET /sipse/faces/javax.faces.resource/layout/layout.css?ln=primefaces&v=4.0 HTTP/1.1" 304 -
186.98.88.160 - - [25/Aug/2022:17:49:52 -0500] "GET /sipse/faces/javax.faces.resource/layout/layout.js?ln=primefaces&v=4.0 HTTP/1.1" 304 -
186.98.88.160 - - [25/Aug/2022:17:49:52 -0500] "GET /sipse/faces/javax.faces.resource/jquery/jquery-plugins.js?ln=primefaces&v=4.0 HTTP/1.1" 304 -
186.98.88.160 - - [25/Aug/2022:17:49:52 -0500] "GET /sipse/faces/javax.faces.resource/jquery/jquery.js?ln=primefaces&v=4.0 HTTP/1.1" 304 -
186.98.88.160 - - [25/Aug/2022:17:49:52 -0500] "GET /sipse/faces/javax.faces.resource/primefaces.js?ln=primefaces&v=4.0 HTTP/1.1" 304 -
186.98.88.160 - - [25/Aug/2022:17:49:52 -0500] "GET /sipse/css/imagen/contrasena.png HTTP/1.1" 404 383
186.98.88.160 - - [25/Aug/2022:17:49:52 -0500] "GET /sipse/faces/javax.faces.resource/images/ui-icons_898989_256x240.png?ln=primefaces-aristo HTTP/1.1" 304 -
186.98.88.160 - - [25/Aug/2022:17:50:00 -0500] "GET /sipse/faces/javax.faces.resource/images/ui-bg_flat_0_2d5972_40x100.png?ln=primefaces-aristo HTTP/1.1" 304 -
186.98.88.160 - - [25/Aug/2022:17:50:00 -0500] "POST /sipse/faces/presentacion/financiero/solicitudProceso/solicitudProcesoOtrosPagos.xhtml HTTP/1.1" 200 52514
186.98.88.160 - - [25/Aug/2022:17:50:01 -0500] "GET /sipse/faces/javax.faces.resource/theme.css?ln=primefaces-sipse HTTP/1.1" 304 -
186.98.88.160 - - [25/Aug/2022:17:50:01 -0500] "GET /sipse/faces/javax.faces.resource/layout/layout.css?ln=primefaces&v=4.0 HTTP/1.1" 304 -
186.98.88.160 - - [25/Aug/2022:17:50:01 -0500] "GET /sipse/faces/javax.faces.resource/primefaces.css?ln=primefaces&v=4.0 HTTP/1.1" 304 -
186.98.88.160 - - [25/Aug/2022:17:50:01 -0500] "GET /sipse/faces/javax.faces.resource/fileupload/fileupload.css?ln=primefaces&v=4.0 HTTP/1.1" 304 -
186.98.88.160 - - [25/Aug/2022:17:50:01 -0500] "GET /sipse/faces/javax.faces.resource/jquery/jquery.js?ln=primefaces&v=4.0 HTTP/1.1" 304 -
186.98.88.160 - - [25/Aug/2022:17:50:01 -0500] "GET /sipse/faces/javax.faces.resource/jquery/jquery-plugins.js?ln=primefaces&v=4.0 HTTP/1.1" 304 -
186.98.88.160 - - [25/Aug/2022:17:50:01 -0500] "GET /sipse/faces/javax.faces.resource/primefaces.js?ln=primefaces&v=4.0 HTTP/1.1" 304 -
186.98.88.160 - - [25/Aug/2022:17:50:01 -0500] "GET /sipse/faces/javax.faces.resource/layout/layout.js?ln=primefaces&v=4.0 HTTP/1.1" 304 -
186.98.88.160 - - [25/Aug/2022:17:50:01 -0500] "GET /sipse/faces/javax.faces.resource/fileupload/fileupload.js?ln=primefaces&v=4.0 HTTP/1.1" 304 -
186.98.88.160 - - [25/Aug/2022:17:50:09 -0500] "POST /sipse/faces/presentacion/financiero/solicitudProceso/detalleSolicitudProcesoOtrosPagos.xhtml HTTP/1.1" 200 64703
186.98.88.160 - - [25/Aug/2022:17:50:12 -0500] "GET /sipse/faces/javax.faces.resource/theme.css?ln=primefaces-sipse HTTP/1.1" 304 -
186.98.88.160 - - [25/Aug/2022:17:50:12 -0500] "GET /sipse/faces/javax.faces.resource/layout/layout.css?ln=primefaces&v=4.0 HTTP/1.1" 304 -
186.98.88.160 - - [25/Aug/2022:17:50:12 -0500] "GET /sipse/faces/javax.faces.resource/primefaces.css?ln=primefaces&v=4.0 HTTP/1.1" 304 -
186.98.88.160 - - [25/Aug/2022:17:50:12 -0500] "GET /sipse/faces/javax.faces.resource/jquery/jquery.js?ln=primefaces&v=4.0 HTTP/1.1" 304 -
186.98.88.160 - - [25/Aug/2022:17:50:12 -0500] "GET /sipse/faces/javax.faces.resource/jquery/jquery-plugins.js?ln=primefaces&v=4.0 HTTP/1.1" 304 -
186.98.88.160 - - [25/Aug/2022:17:50:12 -0500] "GET /sipse/faces/javax.faces.resource/primefaces.js?ln=primefaces&v=4.0 HTTP/1.1" 304 -
186.98.88.160 - - [25/Aug/2022:17:50:12 -0500] "GET /sipse/faces/javax.faces.resource/layout/layout.js?ln=primefaces&v=4.0 HTTP/1.1" 304 -
186.98.88.160 - - [25/Aug/2022:17:50:12 -0500] "POST /sipse/faces/presentacion/financiero/solicitudProceso/listarSolicitudProceso.xhtml HTTP/1.1" 200 57974
186.98.88.160 - - [25/Aug/2022:17:50:12 -0500] "POST /sipse/faces/presentacion/financiero/solicitudProceso/listarSolicitudProceso.xhtml HTTP/1.1" 200 1552
186.98.88.160 - - [25/Aug/2022:17:50:14 -0500] "POST /sipse/faces/presentacion/financiero/solicitudProceso/listarSolicitudProceso.xhtml HTTP/1.1" 200 1544
201.245.192.253 - - [25/Aug/2022:17:51:27 -0500] "POST /kwsrmcab/Wsrmcab  HTTP/1.1" 200 46805
181.237.36.86 - - [25/Aug/2022:17:51:37 -0500] "POST /appsia/controlador HTTP/1.1" 200 5437
181.237.36.86 - - [25/Aug/2022:17:51:38 -0500] "POST /appsia/controlador HTTP/1.1" 200 3238
181.237.36.86 - - [25/Aug/2022:17:51:38 -0500] "GET /appsia/jscripts/validarSolicitud.js HTTP/1.1" 404 68
181.237.36.86 - - [25/Aug/2022:17:51:39 -0500] "POST /appsia/controlador HTTP/1.1" 200 5437
157.55.39.80 - - [25/Aug/2022:17:51:53 -0500] "GET /sipse/faces/faces/autenticacion.xhtml HTTP/1.1" 200 12501
216.245.221.92 - - [25/Aug/2022:17:51:57 -0500] "HEAD / HTTP/1.1" 200 -
186.102.66.239 - - [25/Aug/2022:17:52:59 -0500] "GET /kwssiamovil/sm/ldap/au?x=U2FsdGVkX19d4TCalFtoDKpjOyoCgg+dsKj+x/oqJCKZ4UzSh6ScxIA///QPAFAS&y=U2FsdGVkX1+4dejvdLus50TrEreZGRu7cy0TXVdZ9FOC1JhdrHlglHnvKFkC5bl7 HTTP/1.1" 200 30
186.102.66.239 - - [25/Aug/2022:17:52:59 -0500] "GET /kwssiamovil/sm/acme/s?s=U2FsdGVkX1/V7XJ+e5PVbWz8SATrFzsqM2oFhwhunBdGe6upbQO99mGQh7abNljHU7gxowf+v2MlFd+hcwb2EzjLaDnnC9fQOORnA3bmhVU=&u=U2FsdGVkX18koZxxV7Y8Umu6z/B8rvXrkcEpmQe2BdU=&y=U2FsdGVkX1+4dejvdLus50TrEreZGRu7cy0TXVdZ9FOC1JhdrHlglHnvKFkC5bl7 HTTP/1.1" 200 97
