190.25.194.252 - - [27/Aug/2022:08:51:50 -0500] "GET /bogota-destacada-en-america-latina-por-su-accion-climatica.html?fbclid=IwAR2tAJB7NTal4IynYhQITzNFCEM5deT5w5Iu0ygokEZNHCTswa4CBUvXFoo HTTP/1.1" 200 768
179.33.126.59 - - [27/Aug/2022:08:51:48 -0500] "POST /kwssiamovil/sm/setfile/f? HTTP/1.1" 200 381
216.245.221.92 - - [27/Aug/2022:08:51:51 -0500] "HEAD / HTTP/1.1" 200 -
179.33.126.59 - - [27/Aug/2022:08:51:52 -0500] "OPTIONS /kwssiamovil/sm/setfile/f? HTTP/1.1" 200 13
179.33.126.59 - - [27/Aug/2022:08:51:52 -0500] "POST /kwssiamovil/sm/setfile/f? HTTP/1.1" 200 381
207.46.13.36 - - [27/Aug/2022:08:51:55 -0500] "GET /BLA/resoluciones/AUTOS%202022/2563.pdf HTTP/1.1" 200 463538
179.33.126.59 - - [27/Aug/2022:08:51:56 -0500] "OPTIONS /kwssiamovil/sm/setfile/f? HTTP/1.1" 200 13
179.33.126.59 - - [27/Aug/2022:08:51:56 -0500] "POST /kwssiamovil/sm/setfile/f? HTTP/1.1" 200 381
179.33.126.59 - - [27/Aug/2022:08:51:59 -0500] "OPTIONS /kwssiamovil/sm/setfile/f? HTTP/1.1" 200 13
179.33.126.59 - - [27/Aug/2022:08:52:00 -0500] "POST /kwssiamovil/sm/setfile/f? HTTP/1.1" 200 381
179.33.126.59 - - [27/Aug/2022:08:52:03 -0500] "OPTIONS /kwssiamovil/sm/setfile/f? HTTP/1.1" 200 13
179.33.126.59 - - [27/Aug/2022:08:52:03 -0500] "POST /kwssiamovil/sm/setfile/f? HTTP/1.1" 200 381
179.33.126.59 - - [27/Aug/2022:08:52:06 -0500] "OPTIONS /kwssiamovil/sm/setfile/f? HTTP/1.1" 200 13
179.33.126.59 - - [27/Aug/2022:08:52:07 -0500] "POST /kwssiamovil/sm/setfile/f? HTTP/1.1" 200 381
179.33.126.59 - - [27/Aug/2022:08:52:09 -0500] "OPTIONS /kwssiamovil/sm/setfile/f? HTTP/1.1" 200 13
179.33.126.59 - - [27/Aug/2022:08:52:10 -0500] "POST /kwssiamovil/sm/setfile/f? HTTP/1.1" 200 381
179.33.126.59 - - [27/Aug/2022:08:52:22 -0500] "GET /kwssiamovil/sm/acme/a?s=U2FsdGVkX1+uPpQjFGsTw0tvaqcbRDJvOI1qx7TDSD8lA7CLFH0FFYllI/xYeW4/+yyAGDEGDGyjB3m2H4C8fx4Gq3INqQ069wmg1JvcnGBhjlQsH2lGmQnmOIyx17YeQ4L66MlgXWnTQYkCsLuDvDJOstWHAYUj1id/Io6OwnmkB/OC40fDzi5x/D0e4mqabv4MheQZJoZOqAYOVCvH2y5GYu+ysFmLp28lMHtBz5e/+A77SVE+o2RdF1wjSW86I6zpGBTRUKcClXvgm8CbzA==&u=U2FsdGVkX18JYp2BfpO/WhMq124OhiohHtiFVY8ftaAP5azm0hAYLdWACMXKL9eF&y=U2FsdGVkX1/BfogZr/xDSeRbK+ZMULTk9PJfvjvEDW81Wggv40p8/tEndvDWel+K HTTP/1.1" 200 25
179.33.126.59 - - [27/Aug/2022:08:52:23 -0500] "GET /kwssiamovil/sm/acme/a?s=U2FsdGVkX1+AlwMDNfmUt/mBU3BoEuX/NXecSMpG9dYvnk7mQuQXhdRBvNZ43soTQb9hhaDlMO3Xn2H37PymucV5hGli+hVqlc5nV0C7rW7vEsq5iCuePTeXoG/Q+/46gt0jg1l78m263U6mzf1Y8heIY+TN8AMv+W+3VXZP8F9wWPxr51LmXTKIR0v3nIPZwwpqOadLxuGfV7UBNGOYO7aWB1VfS1i+ec4wnIy0gVcqSeIydY1gp3vM36Ie+/NLMkTH2G9e8LbEHrAOMUAkwpNYMK/Qub8hKbYauMSgCuJxhXI4qegKDpLECTuXWePMK47aAYeNFrydoyUXI9pBRu3AvWzkWaxHaIf1Mo2+FmozhtoR6bLpG3j+Am43y2eYCB1eeiBnsaTj19cb/hPJy0p81w23m9jbuChFdH0bKydAweJYJiCE6uWdrhLMba8tZqiQ7slcPD2cZ+UnIUZKfZ2HB/N2UJmi6WH5f431llagGsdZpactGFhEPxXEE6AzMBsX5/rb79V+vVxVoT2raGZ8PnJvJMkBUTv0tcTXMgwXVXQfMcWLzWY97ItZ6nkEJSnnr5VZiD/0JHGX22C0GVdIrrokzQaR4gHotyvdVBd56czqOeOA32ojqMoJevQkRou3FAJoBjHAx6GJG6auRfVMim+MPmGo7rRKT+p14F0SuJrwAaA7MBZEmIrtW5pF2WtG21A3mM1K0aQJeLmI6cUwxCh53efb0JenZTdxM93nYQ+61U3w0TEyte+c/5KNgAOkQCBcWLZwTLXEd+ea5hbAlcqKs/31x1w53B29heaYK4v8Ij1F79B9TBdXTbOtnT0ssOuZUMuycMAwsbnI82nQr0GblnTj32QZFog2Vl5wgpgiSI6HNls/IlfzLfZR+65sY9wEVtMhEH3bKqPKTrp9FDsiVSBpl4CIqas/Dewfw5wN5PuZX2exemkJjpowo6Nsk9mneT3bw+xAV+afNMmZQn5IhOaR+aKheJh0r4qXXF2ym2rAPixHkhXR0MxEq2kcME2D86boulYDBG9DG1IYLN9ac/PssnKmSa9KkC+TPlvQZzhz4YXyYeF9CIVKSSWnienEdxYKhPm7SOU15q7gOJPh1b0CIBL4ewCCn4crzpQ4mY6z+XkbwqN5mpUPu7C5p3Dck1gBM62xhS69zIVpykGM0GNjJqmpE2KX2/59f5YUHNIdK9hjU/WrrBX3eDkdgTTZG+vsylL5vwzUwlUaRDZZNz0Bn/d5ZZxp06N0BRfnHj/maB7jwXeunFqKTzX3qQtKyJBPysBNw6EXZXpCnD4CWNy1zU9qDts8ShaK/0OaWPN4ycQIGYLn5Z+1SVRZf7+VmmcdQhNPmlmhJ/MAt49nDK2/FE8reEoLuLueX0//NT1Ca8OQsHERNau/wdmqBUNQxGaQV/pgAA9QtqhzXYnpz4uJeQwJub2BEFW32jaFGf8raGTuTfs10FiRGcidh1dwfVc+G3/X0mFBr5PEIpspdWbwxSIQlKV7q7xVBVBse7iRWPsylSXXywiopRFslZ7yBsEdDDDjYP7sPw==&u=U2FsdGVkX18JYp2BfpO/WhMq124OhiohHtiFVY8ftaAP5azm0hAYLdWACMXKL9eF&y=U2FsdGVkX1/BfogZr/xDSeRbK+ZMULTk9PJfvjvEDW81Wggv40p8/tEndvDWel+K HTTP/1.1" 200 25
179.33.126.59 - - [27/Aug/2022:08:52:23 -0500] "GET /kwssiamovil/sm/acme/a?s=U2FsdGVkX18haXhN78I2BNnLKTR7UXIIQgklEXcQUsltAPJUkih+EVesGzhJN0i7s78H+St+Dekj11AXrH6Ak71f2p0Xfxfr/z+Lf3MsBR0qzT348JHpAT+O/K5Z+4TKn20KBVx3LbDPV7BLO597OONmTm+PdG6MphG3ymhyhV0=&u=U2FsdGVkX18JYp2BfpO/WhMq124OhiohHtiFVY8ftaAP5azm0hAYLdWACMXKL9eF&y=U2FsdGVkX1/BfogZr/xDSeRbK+ZMULTk9PJfvjvEDW81Wggv40p8/tEndvDWel+K HTTP/1.1" 200 25
179.33.126.59 - - [27/Aug/2022:08:52:23 -0500] "GET /kwssiamovil/sm/acme/a?s=U2FsdGVkX1/zAqjAIVV1DpmTy+MewIcUeLKDNCTo3sPSKGgEi/HNJi0jAticMilzUrDrPhpa7RjN+pRbCbPipR0PL9YUC3pIYQ6boMB1cpVPpgScITxZztZBGbSTGEEVpNQuuVqsHLDQiT78rJHdOf8B2n8F5SKBt2FwAC0XV9E=&u=U2FsdGVkX18JYp2BfpO/WhMq124OhiohHtiFVY8ftaAP5azm0hAYLdWACMXKL9eF&y=U2FsdGVkX1/BfogZr/xDSeRbK+ZMULTk9PJfvjvEDW81Wggv40p8/tEndvDWel+K HTTP/1.1" 200 25
179.33.126.59 - - [27/Aug/2022:08:52:23 -0500] "GET /kwssiamovil/sm/acme/a?s=U2FsdGVkX1/+lwSmI2AnPi4j8Spgwd8N70WgD2TWoQHeMBVe4tzkf4cqpnLsZwnzNJdWXBl6K4uPuwqs2ahwfbclr0Zllg50F3wbb5R7vUOH5FvE/wGo1Ev+Tyo+BZn8ieyruos/OoPbtN8RVLWIk0WL+Eq++5YMd+gN11oZ/K4=&u=U2FsdGVkX18JYp2BfpO/WhMq124OhiohHtiFVY8ftaAP5azm0hAYLdWACMXKL9eF&y=U2FsdGVkX1/BfogZr/xDSeRbK+ZMULTk9PJfvjvEDW81Wggv40p8/tEndvDWel+K HTTP/1.1" 200 25
179.33.126.59 - - [27/Aug/2022:08:52:24 -0500] "GET /kwssiamovil/sm/acme/a?s=U2FsdGVkX1/gjxr9IKH0DgapeDQAUiysz5/NQGCfnMh08LiBt0NWIrGhd49H7iAzv3jOk8aldl6+/IaIsP953x4DGll81DLgvw5NUXb9CE74AzBUiXdfPxMMzuLpCJy2gU7KCQ8glFuv3rwjQyfG53ulk7b0yDQERMzWOVny40rOuLmW2Bglq5mTZDEoRrMJTQDzydwklIzea2gJh9LIzw==&u=U2FsdGVkX18JYp2BfpO/WhMq124OhiohHtiFVY8ftaAP5azm0hAYLdWACMXKL9eF&y=U2FsdGVkX1/BfogZr/xDSeRbK+ZMULTk9PJfvjvEDW81Wggv40p8/tEndvDWel+K HTTP/1.1" 200 25
179.33.126.59 - - [27/Aug/2022:08:52:24 -0500] "GET /kwssiamovil/sm/acme/a?s=U2FsdGVkX189BXIFPSw/W5JboS3cX7AdGHejLMH7J1CnFeTcYF/NLEsLthIpFEhIEbBbFhdAT9r4L7llM0+vErFbqtEC4A4zPDLz24r8P4x+BMbDOazP4GvODEJPTgc5s5cINZ0jOzMIsQ1loGaRhT2ixFJKIG6wMEQjlqSkTNuCtP954jAx9epmhgu+JmUPslHk6hMAKmICWoBT0AV0eg==&u=U2FsdGVkX18JYp2BfpO/WhMq124OhiohHtiFVY8ftaAP5azm0hAYLdWACMXKL9eF&y=U2FsdGVkX1/BfogZr/xDSeRbK+ZMULTk9PJfvjvEDW81Wggv40p8/tEndvDWel+K HTTP/1.1" 200 25
179.33.126.59 - - [27/Aug/2022:08:52:24 -0500] "GET /kwssiamovil/sm/acme/a?s=U2FsdGVkX1+md+Gn8GSpSqytPRtt9hruOiIH1g6JDw6/kgbhqpTHrpBQEmbLGa/JWhOJ9IAilWhrBahbrzLeSgyT1jhBE1drEtdFxo2VywNoJmoDYSuU9wceLbh1JhcA7WAI6YP9HuLUToe93rF4eLtqw/uHzNEaZrWp6ixnP2kYfJ5Zx7R5BCEFvhxuxj7P&u=U2FsdGVkX18JYp2BfpO/WhMq124OhiohHtiFVY8ftaAP5azm0hAYLdWACMXKL9eF&y=U2FsdGVkX1/BfogZr/xDSeRbK+ZMULTk9PJfvjvEDW81Wggv40p8/tEndvDWel+K HTTP/1.1" 200 25
179.33.126.59 - - [27/Aug/2022:08:52:24 -0500] "GET /kwssiamovil/sm/acme/a?s=U2FsdGVkX19TGjOSWj2V07YySi9mce41yCnZUNq17/UFs61pNq5Jgk4PyRL2A5X6Wrsr9XxM/MoS0XtXimQsaS34kyWOHPRPJLlVE9IxRhA0WiOYv3nnrjt3brBySx42pAL1o2lEQmqYxDGJnsecOoeLCWkXcxpB18R43UsINhD24XMKMxjTBcxARKwXdpPqtahoNJh9yFht0kwhfKMkzQ==&u=U2FsdGVkX18JYp2BfpO/WhMq124OhiohHtiFVY8ftaAP5azm0hAYLdWACMXKL9eF&y=U2FsdGVkX1/BfogZr/xDSeRbK+ZMULTk9PJfvjvEDW81Wggv40p8/tEndvDWel+K HTTP/1.1" 200 25
179.33.126.59 - - [27/Aug/2022:08:52:24 -0500] "GET /kwssiamovil/sm/acme/a?s=U2FsdGVkX1/nv81f434CjrkzpyVMyWdy7iandFj6+vlOWolbOoA2zisbEIg5MoM3MaNmAnDxLGOWPqHG7LmA6w8o3SoqgqX3u6+CLB6nB6Qm7icCE7oQrtNLgJ/YAptEERJasteyo80CmyaOhCmTZeYxr09z1hgG2aHds9MiHXc9zWqW586IS1AEm8m0BIWC&u=U2FsdGVkX18JYp2BfpO/WhMq124OhiohHtiFVY8ftaAP5azm0hAYLdWACMXKL9eF&y=U2FsdGVkX1/BfogZr/xDSeRbK+ZMULTk9PJfvjvEDW81Wggv40p8/tEndvDWel+K HTTP/1.1" 200 25
179.33.126.59 - - [27/Aug/2022:08:52:24 -0500] "GET /kwssiamovil/sm/acme/a?s=U2FsdGVkX1/9SFMmDiUvGbcsRj61yjZ4UBYB+WHP78tK+flA53SxKGAFc/mKAyxgnr9jKmCwbX9eTWLZQwywTiY6UanBSq+tXe8c1L/iKKQDIpA8Xxo6O5HbATT4r2t6J8rCyj9vxzTGBt3XW1b4pMyyNG1w4be8I705gwRd/tUxB+jWGLc5Yhr+5zTxbfRQ0p22MIF0Mg9fSOeyvtIdTg==&u=U2FsdGVkX18JYp2BfpO/WhMq124OhiohHtiFVY8ftaAP5azm0hAYLdWACMXKL9eF&y=U2FsdGVkX1/BfogZr/xDSeRbK+ZMULTk9PJfvjvEDW81Wggv40p8/tEndvDWel+K HTTP/1.1" 200 25
179.33.126.59 - - [27/Aug/2022:08:52:25 -0500] "GET /kwssiamovil/sm/acme/a?s=U2FsdGVkX1/UeqrciYg2IveBrR1hUrOLNNpuLZPqjc4zPrCPcDYmOh97/QuWT33fKDjf9IF1ILO4OZWbluFMp4nRPyYhOx2DdiyYvrEDit6KvI5YKRD5cgQy5krzJe4YRxyt1P0hKJydhYVRMd93y3+bnD3ZXFNvmbbiYPEMS0B8+Gy3EYvbLIrH+iaKd5OC&u=U2FsdGVkX18JYp2BfpO/WhMq124OhiohHtiFVY8ftaAP5azm0hAYLdWACMXKL9eF&y=U2FsdGVkX1/BfogZr/xDSeRbK+ZMULTk9PJfvjvEDW81Wggv40p8/tEndvDWel+K HTTP/1.1" 200 25
179.33.126.59 - - [27/Aug/2022:08:52:25 -0500] "GET /kwssiamovil/sm/acme/a?s=U2FsdGVkX1+Z08ZKhZFiqshkv+ntCPY+Jjz9425zBus2OHo1Xk5kL5SBIdMXmGpzzsTGfkkaJgXVSvH+tB9M3+iMBa7ri/B2XGbNOPSbE2jpwpCzktTr0yqZQujFmjb6J951MdkbfhtHvdjtxZo/PgvZvwnVJaP5IFMrsyjuxMWEg6iyqgd9jSJfRl19Hg2V8yW/qoTStzNzcqyGLOn0pA==&u=U2FsdGVkX18JYp2BfpO/WhMq124OhiohHtiFVY8ftaAP5azm0hAYLdWACMXKL9eF&y=U2FsdGVkX1/BfogZr/xDSeRbK+ZMULTk9PJfvjvEDW81Wggv40p8/tEndvDWel+K HTTP/1.1" 200 25
179.33.126.59 - - [27/Aug/2022:08:52:25 -0500] "GET /kwssiamovil/sm/acme/a?s=U2FsdGVkX1+bPxDTUFGsw2ZvzZ+nxtE/fs3D8b6Jsh5jHi/wSaFsFJ27kb/0GFjBuAALvoYlt9WvSiJiqJySpmAdAHCMfaLEEBKQLRl8TnK/r0cDEczzVX6Das5cy/m85PofIf6xK4+Eh/yD83ChNNaUh5UmK9/swQ/8f+jvepHh1B91g8FpXUS2Q7G6X4xq&u=U2FsdGVkX18JYp2BfpO/WhMq124OhiohHtiFVY8ftaAP5azm0hAYLdWACMXKL9eF&y=U2FsdGVkX1/BfogZr/xDSeRbK+ZMULTk9PJfvjvEDW81Wggv40p8/tEndvDWel+K HTTP/1.1" 200 25
179.33.126.59 - - [27/Aug/2022:08:52:25 -0500] "GET /kwssiamovil/sm/acme/a?s=U2FsdGVkX1/YrpgSXYydGKv63UyEm6Gjybg3JyweWBQTnjug/lSwZwwE3yIXV1ky+QJQ6c0kkC0qE1XL78O/Xoq3/gqEwRUMbKlDXxEhDxlo1dsEny2E6UDxjQuHW4j3M2Kvx/j3qyKpMy+x0VSLHAWJIewCvh7vhKt7tLPbpsDCGRCDQ7z9fBGDiyLbjUX9sOlsdIsbaAUVuKrlAD6xLA==&u=U2FsdGVkX18JYp2BfpO/WhMq124OhiohHtiFVY8ftaAP5azm0hAYLdWACMXKL9eF&y=U2FsdGVkX1/BfogZr/xDSeRbK+ZMULTk9PJfvjvEDW81Wggv40p8/tEndvDWel+K HTTP/1.1" 200 25
179.33.126.59 - - [27/Aug/2022:08:52:25 -0500] "GET /kwssiamovil/sm/acme/a?s=U2FsdGVkX1/VhIYdHneUpL7Lehp7zt/gQ54XMfItQkb8Gc+tYTvipwKEM/AFkede1mpD2Gk4e81SEUuivaUEbBvwvls/EECMbZC2TJ0p2SY8d7FVZFS2NB683TcgqIeYu24tKUTOHg8+7icEdwB5L02BZWkukkT8KZV+nIpkivri3yuz1qMG7QSmXTeP5Umk&u=U2FsdGVkX18JYp2BfpO/WhMq124OhiohHtiFVY8ftaAP5azm0hAYLdWACMXKL9eF&y=U2FsdGVkX1/BfogZr/xDSeRbK+ZMULTk9PJfvjvEDW81Wggv40p8/tEndvDWel+K HTTP/1.1" 200 25
179.33.126.59 - - [27/Aug/2022:08:52:25 -0500] "GET /kwssiamovil/sm/acme/a?s=U2FsdGVkX19otdtJ2uiOWJ6Xv2GdAnCmUsLrbGneZGxIpVmPXmiqc46J3DhaXW8uNqHeoU9JwLuPvBMLC5yud2PiyRrh6cS+p7FeRtnsbw31Z8F0mDskhsPNERPWwFisa3KlZtTMCGhQdHifzTRivu2pbosNJEj00t3TdTVGfsMXc2GuBSA3VQ6RQTKeIxC477161ss4loKO7lKgKDrAOg==&u=U2FsdGVkX18JYp2BfpO/WhMq124OhiohHtiFVY8ftaAP5azm0hAYLdWACMXKL9eF&y=U2FsdGVkX1/BfogZr/xDSeRbK+ZMULTk9PJfvjvEDW81Wggv40p8/tEndvDWel+K HTTP/1.1" 200 25
179.33.126.59 - - [27/Aug/2022:08:52:26 -0500] "GET /kwssiamovil/sm/acme/a?s=U2FsdGVkX19pqcmjlr3F0YGziM+7qxfsJKwf7iVYfv4uNr9C4LafvChmTWlfWfphAcrarMT2DG0QliwG/mtdMj/gIxv4azmKGG2/hgwByS2JeLF9Z9Lb4RSYr06OtS8kqtIS5sXIX3/WTcMyu17E4zhFhYehbAZMviOZptl/q9vRxzVH1SW9Nlqbt3l+M7V8&u=U2FsdGVkX18JYp2BfpO/WhMq124OhiohHtiFVY8ftaAP5azm0hAYLdWACMXKL9eF&y=U2FsdGVkX1/BfogZr/xDSeRbK+ZMULTk9PJfvjvEDW81Wggv40p8/tEndvDWel+K HTTP/1.1" 200 25
179.33.126.59 - - [27/Aug/2022:08:52:26 -0500] "GET /kwssiamovil/sm/acme/a?s=U2FsdGVkX1+BLx3YN/EfJQoIiZ0AsoNF6jkOJh9SENtAsJ9EsEBVHfuXMZZ4amQFSwggRuKOrGPjrUdl0Pm6kcmG4Sc/z5aIoxHfZSRMaR9fkwXTKJKw7ZqA9mfZJasU2xYqqsQdZSCLy1+A1AzUcAEDplfw0cdpfP5oboOvTmz11GrGPsWw95g7WDhyzmCgNwNQwyoAVXL7Vyn3cYHHGg==&u=U2FsdGVkX18JYp2BfpO/WhMq124OhiohHtiFVY8ftaAP5azm0hAYLdWACMXKL9eF&y=U2FsdGVkX1/BfogZr/xDSeRbK+ZMULTk9PJfvjvEDW81Wggv40p8/tEndvDWel+K HTTP/1.1" 200 25
179.33.126.59 - - [27/Aug/2022:08:52:26 -0500] "GET /kwssiamovil/sm/acme/a?s=U2FsdGVkX1/Kv9tkGpGMcgxseOoDfKQmaK+aLeuuo/TEjLK51B8PnHbu5LRa6kUPsbcSPuUb2li8dcqtcEzNjwZUicmJ+P3zDq+InJsvF3oDdbGTtKbqTZcd3pl/ocwPR9Y0Ml4M3NIv2Vwfvz26exP6UaJ5FsYt1qC2vLkV5Z8M7RyCixCrvcPed3sbXngq1sgn3qqmQTrjpDiFJSSUsQ==&u=U2FsdGVkX18JYp2BfpO/WhMq124OhiohHtiFVY8ftaAP5azm0hAYLdWACMXKL9eF&y=U2FsdGVkX1/BfogZr/xDSeRbK+ZMULTk9PJfvjvEDW81Wggv40p8/tEndvDWel+K HTTP/1.1" 200 25
179.33.126.59 - - [27/Aug/2022:08:52:26 -0500] "GET /kwssiamovil/sm/acme/a?s=U2FsdGVkX1/D35WM/07ggvN9UYpCdcaoCuJGAbkj3Z17s2xPda3fiSxj2oo1vUTlT92e9K4fq9CYb/2SYNgn5qfgzOBbk/JlLnRSYuT/pd3GwPI4hZ8unOMrU0iSno1t7hMEjrvc3bBaXWAnt9smSmG1YkF8G53qsGSbRJTatKe2MZw5JUPB7Ry668fb0pcw/lZ28TP954WmjFoBMOG97Q==&u=U2FsdGVkX18JYp2BfpO/WhMq124OhiohHtiFVY8ftaAP5azm0hAYLdWACMXKL9eF&y=U2FsdGVkX1/BfogZr/xDSeRbK+ZMULTk9PJfvjvEDW81Wggv40p8/tEndvDWel+K HTTP/1.1" 200 25
179.33.126.59 - - [27/Aug/2022:08:52:26 -0500] "GET /kwssiamovil/sm/acme/a?s=U2FsdGVkX19EdLDW2YBwwxIZIz49nyVy9NdT2LeO4BpyJmUzTMoOzEMgm9UqKQUkPnlMBDZMz29lJHFBM1KLzgApDGlAHtbJ6EDvB1AyvAyQNxMM+ML0LmZ1a6TBy8VEdWywNn9oDr23psZYQu+RueTEKSaJXGX4yAeb15BDPy7uYOGXuPvE/ns1yNxMHj+x&u=U2FsdGVkX18JYp2BfpO/WhMq124OhiohHtiFVY8ftaAP5azm0hAYLdWACMXKL9eF&y=U2FsdGVkX1/BfogZr/xDSeRbK+ZMULTk9PJfvjvEDW81Wggv40p8/tEndvDWel+K HTTP/1.1" 200 25
179.33.126.59 - - [27/Aug/2022:08:52:26 -0500] "GET /kwssiamovil/sm/acme/a?s=U2FsdGVkX1/6z4dIPqM/xXrmyvVF0cARIEv8sHhzc7x4u9NwweeonJ0EQftamU5+s4nCXdxDS7kN2rUc7OfcMlWs2roGumX7oxd9D9pmlZyiUsUB/fWrejq4dITFhBeoJ7UJ9vcWDikqS7cSMe9c2dcXSOxaPOJqRGzbOdQgxn6HtJdUc7Csd3QSOi9ThmmC/vi/SsriEWFodFc1PvrOqg==&u=U2FsdGVkX18JYp2BfpO/WhMq124OhiohHtiFVY8ftaAP5azm0hAYLdWACMXKL9eF&y=U2FsdGVkX1/BfogZr/xDSeRbK+ZMULTk9PJfvjvEDW81Wggv40p8/tEndvDWel+K HTTP/1.1" 200 25
179.33.126.59 - - [27/Aug/2022:08:52:26 -0500] "GET /kwssiamovil/sm/acme/a?s=U2FsdGVkX1/yEYiU+hFwUOZIpRxevHLkcmV7G4wysosE4wR0D0hlbcAS/HDjIwRovWyyspYaJq5MZ2UTPiZq1un7hEHiHcMD5ZtwM1/9PPEbbHxmw094w12HtFuxaHPjM75RzIcBdN5LRZ8RKs5qXhk+9yFukqrW0MkFnuIK2pkzHDFz6ZjZBdnFAm3DZQJA&u=U2FsdGVkX18JYp2BfpO/WhMq124OhiohHtiFVY8ftaAP5azm0hAYLdWACMXKL9eF&y=U2FsdGVkX1/BfogZr/xDSeRbK+ZMULTk9PJfvjvEDW81Wggv40p8/tEndvDWel+K HTTP/1.1" 200 25
179.33.126.59 - - [27/Aug/2022:08:52:27 -0500] "GET /kwssiamovil/sm/acme/a?s=U2FsdGVkX1/7+XyngIkxzZeDbWGGZlbeWWji/3tS6aM2jqTS0SX3EG4ajZHrzx84k47XYypKELIfUr5fdd2HuzphssLPjVNkZfRWnHmz8T/VN5uH7ZP5ViGRcklRg7BpkSnFSwbd44Zw1jsQIc21LkzjAj9kf4dJ5eigxUSPHUllpt2yUSgJNqs3LN3e8R5loZXBx9To5bAqBgg0d2uI+A==&u=U2FsdGVkX18JYp2BfpO/WhMq124OhiohHtiFVY8ftaAP5azm0hAYLdWACMXKL9eF&y=U2FsdGVkX1/BfogZr/xDSeRbK+ZMULTk9PJfvjvEDW81Wggv40p8/tEndvDWel+K HTTP/1.1" 200 25
179.33.126.59 - - [27/Aug/2022:08:52:27 -0500] "GET /kwssiamovil/sm/acme/a?s=U2FsdGVkX18j46OPAj+4hY31xonTq097DHBrqKAw6+ABINYVLH4AnCdevOfphs9vcH1tWfK2qMKAjkfYQW9Mf0X0uNdA4FyGh0SDebfsGxxD6sXlEPZshozly0trrjFuFul/nZ96fNe0mhH4J4QL518SQnPYx3qg6OQBIYb7Dhhuc5I5/LyLfQIc/FULD6wG&u=U2FsdGVkX18JYp2BfpO/WhMq124OhiohHtiFVY8ftaAP5azm0hAYLdWACMXKL9eF&y=U2FsdGVkX1/BfogZr/xDSeRbK+ZMULTk9PJfvjvEDW81Wggv40p8/tEndvDWel+K HTTP/1.1" 200 25
179.33.126.59 - - [27/Aug/2022:08:52:27 -0500] "GET /kwssiamovil/sm/acme/a?s=U2FsdGVkX1/9I9FPMzKb/+gIAYIwVzAdpo29sWythCwRCEmyR+XuXW2M6bb4ar84NPWPQnLwE6en4bUEZFWqbkf3q+hWPys5xFUYEBp7EMAM+AT6W8zaIyNgz+cTGAAMmKjKlCsamcTMbXZcQS1XJebXOdboxF//SQMIR72jtvvTxYFkVYP8jpHPEFVf40tyD5696qonBZX7pxDXbiOOHQ==&u=U2FsdGVkX18JYp2BfpO/WhMq124OhiohHtiFVY8ftaAP5azm0hAYLdWACMXKL9eF&y=U2FsdGVkX1/BfogZr/xDSeRbK+ZMULTk9PJfvjvEDW81Wggv40p8/tEndvDWel+K HTTP/1.1" 200 25
179.33.126.59 - - [27/Aug/2022:08:52:27 -0500] "GET /kwssiamovil/sm/acme/a?s=U2FsdGVkX19dt/Ox477vfsWRRpDDT5lX3SdyA3DU8Pmu/rCFz125WMUl07kYFMqp5LztpZ2KEuRSFhMINxCF7oLeS058LtIUYyVgnTP3wtP0qUpSFxtA41rxJMN38kOIL23LVPC+0/50lCzoIkVwYvgSUbcYZEDhGVFMVTRAs0dLOnioZMJMOJKfXlxQsBZ6&u=U2FsdGVkX18JYp2BfpO/WhMq124OhiohHtiFVY8ftaAP5azm0hAYLdWACMXKL9eF&y=U2FsdGVkX1/BfogZr/xDSeRbK+ZMULTk9PJfvjvEDW81Wggv40p8/tEndvDWel+K HTTP/1.1" 200 25
179.33.126.59 - - [27/Aug/2022:08:52:27 -0500] "GET /kwssiamovil/sm/acme/a?s=U2FsdGVkX1/d8d2mG0kuiDZxcDY8P3u8ZzgmJs9Af1bbDnaPrGajorCCkQRzFxgTVgWHLL3Iy1uMXJZdff366eIRjd7HZicoGDa9HuCg01UAG19q+uML2s+B7D3n+PniYti/2zJEVtKpklMBaI0OOtPDMwMWhJFUJhG5kKqEafuBT0iygSaB6vvv7epOD32N0zVqoU/AkuR5aE98qqkdvQ==&u=U2FsdGVkX18JYp2BfpO/WhMq124OhiohHtiFVY8ftaAP5azm0hAYLdWACMXKL9eF&y=U2FsdGVkX1/BfogZr/xDSeRbK+ZMULTk9PJfvjvEDW81Wggv40p8/tEndvDWel+K HTTP/1.1" 200 25
179.33.126.59 - - [27/Aug/2022:08:52:27 -0500] "GET /kwssiamovil/sm/acme/a?s=U2FsdGVkX1/Ss7CyhLOBIREH3PhrL2CAFKrwMPso1SoCnURxvBTg6ZrGz7sHqaEFBr6l4ZTgfB9hh5ulzysJG9TCu1fnon1Lv9553f1XC7DbcndxpEKvTDEAPijHgfU2pu0W0ZFwOHPQzeo9mSjwX5yrztRecsfsvvYOKQrE8VJbGiwMhSobO0ne+G5TU1ce&u=U2FsdGVkX18JYp2BfpO/WhMq124OhiohHtiFVY8ftaAP5azm0hAYLdWACMXKL9eF&y=U2FsdGVkX1/BfogZr/xDSeRbK+ZMULTk9PJfvjvEDW81Wggv40p8/tEndvDWel+K HTTP/1.1" 200 25
179.33.126.59 - - [27/Aug/2022:08:52:28 -0500] "GET /kwssiamovil/sm/acme/a?s=U2FsdGVkX1+vMWVk+RZlNwkY3Pw6zJe0+o19HmmkLpUc8vmytHVavYm9jAJkVuBfgglbg09GbJHxY1DPsfuwRRs9ozMMuPwVNUEASYm7SONm+9TbyLzpxYb49OH+nHtriK7TrIFo0oI7XeycjSsVSi0+SQhY9ngypG57REwnW+b6s4Zv1AVePXs0w/zK1jaZtOouoejmDtR3VpFZLEAfqQ==&u=U2FsdGVkX18JYp2BfpO/WhMq124OhiohHtiFVY8ftaAP5azm0hAYLdWACMXKL9eF&y=U2FsdGVkX1/BfogZr/xDSeRbK+ZMULTk9PJfvjvEDW81Wggv40p8/tEndvDWel+K HTTP/1.1" 200 25
179.33.126.59 - - [27/Aug/2022:08:52:28 -0500] "GET /kwssiamovil/sm/acme/a?s=U2FsdGVkX181VT0uBhuEVZMgtIct2Hca7Ie4P8j9kPHYTxKqUQBEC+cfHZp7DuQE2Y/kSabn23hz0j4pz2j47vStLoRuDrc1G4APvYu4vjFTD+I31Z9Z5OAMq0vot3Zi5Oz1tn/d/bgB+LblgL/IbXzd/ocwsv6IftSBYjPTv+X42LLXqaVtqXm1rnObK6jH&u=U2FsdGVkX18JYp2BfpO/WhMq124OhiohHtiFVY8ftaAP5azm0hAYLdWACMXKL9eF&y=U2FsdGVkX1/BfogZr/xDSeRbK+ZMULTk9PJfvjvEDW81Wggv40p8/tEndvDWel+K HTTP/1.1" 200 25
179.33.126.59 - - [27/Aug/2022:08:52:28 -0500] "GET /kwssiamovil/sm/acme/a?s=U2FsdGVkX18tcaP58mBzdF+I7apd/YHo1vc+KYHFtycsr1TgQRrw7RODQ2vztMUQFD14ZlyQxjX2x/o8004Sy7yWM1kgoLUGF8KTrLXApTdxTuP/oXvua7tmh3cm/H5KA/Wwln+omwSbdxVZ95GX9l7pfBWP45CgVDlLL9vthNXrf19mJ6lyiq0rdqGwiMXdeWbMGg6lvOJ1jiJ0m1GbBA==&u=U2FsdGVkX18JYp2BfpO/WhMq124OhiohHtiFVY8ftaAP5azm0hAYLdWACMXKL9eF&y=U2FsdGVkX1/BfogZr/xDSeRbK+ZMULTk9PJfvjvEDW81Wggv40p8/tEndvDWel+K HTTP/1.1" 200 25
179.33.126.59 - - [27/Aug/2022:08:52:28 -0500] "GET /kwssiamovil/sm/acme/a?s=U2FsdGVkX19NaDVSgZJs6Sd7896DTDiDjytXAHNaA0Ff4qtTFdAvJf2nRx5nxgM9X/L3QcvLobxIPF7BCnM6/VNR70s+mh12+WPBAP/yV3qhnFqyb1ageRbNNkweJKfEj6bnyyWXvIEwOUa3HSqWmlr/QJQwPb3VPx7CtDwhVfSEcftY3EAVKSsOl/J2hYTq&u=U2FsdGVkX18JYp2BfpO/WhMq124OhiohHtiFVY8ftaAP5azm0hAYLdWACMXKL9eF&y=U2FsdGVkX1/BfogZr/xDSeRbK+ZMULTk9PJfvjvEDW81Wggv40p8/tEndvDWel+K HTTP/1.1" 200 25
179.33.126.59 - - [27/Aug/2022:08:52:28 -0500] "GET /kwssiamovil/sm/acme/a?s=U2FsdGVkX1+DsHErSxjoh3eVMXUGvfB9rVCMX/qJLw7rr8VYmajtlBWPpptHpdWbbS4GGocYIuF22BUDn21QpeRW+ECzZ1nOynm2YjdV1eZECdicNkXqkym9rWHEdV4z49HLGsXavfdU3ngIfMNhfmx80pUw4sQQ7KHTdjLTGh7cs1HSbzT9cUrQpB0CKOzOhN+n4iMM1g4PYkCTxVFNvg==&u=U2FsdGVkX18JYp2BfpO/WhMq124OhiohHtiFVY8ftaAP5azm0hAYLdWACMXKL9eF&y=U2FsdGVkX1/BfogZr/xDSeRbK+ZMULTk9PJfvjvEDW81Wggv40p8/tEndvDWel+K HTTP/1.1" 200 25
179.33.126.59 - - [27/Aug/2022:08:52:28 -0500] "GET /kwssiamovil/sm/acme/a?s=U2FsdGVkX1/qLs/eyJ4/1QQ8uSaRdfVjHIOEWtT7LGHEegHQrFIFjFEADtf96/XHcigZLfjD1SvF+tbhqLO9yYR0KwEQs1QTtUi9SK9T9docQk2LccfznulUDFsWQQuNLPnQZDAPUapFey8pfS9CP9+qBDCVge9kYNFVKdfEdLdsr2pyNGNQYznA2zsx9pXo&u=U2FsdGVkX18JYp2BfpO/WhMq124OhiohHtiFVY8ftaAP5azm0hAYLdWACMXKL9eF&y=U2FsdGVkX1/BfogZr/xDSeRbK+ZMULTk9PJfvjvEDW81Wggv40p8/tEndvDWel+K HTTP/1.1" 200 25
201.245.192.253 - - [27/Aug/2022:08:52:43 -0500] "POST /kwsrmcab/Wsrmcab  HTTP/1.1" 200 213
172.22.2.4 - - [27/Aug/2022:08:52:15 -0500] "HEAD /BLA/boletinlegal/ HTTP/1.1" 200 -
157.55.39.8 - - [27/Aug/2022:08:53:55 -0500] "GET /BLA/resoluciones/RESOLUCIONES%202001/2001%20850-899.TIF HTTP/1.1" 200 9964820
172.22.2.4 - - [27/Aug/2022:08:53:05 -0500] "GET /BLA/boletinlegal/ HTTP/1.1" 200 53631
172.22.2.4 - - [27/Aug/2022:08:55:11 -0500] "GET /BLA/boletinlegal/jurisprudencia/analisis/AnalisisT-606-15.docx HTTP/1.1" 200 26698
216.245.221.92 - - [27/Aug/2022:08:56:51 -0500] "HEAD / HTTP/1.1" 200 -
201.245.192.253 - - [27/Aug/2022:08:57:42 -0500] "POST /kwsrmcab/Wsrmcab  HTTP/1.1" 200 213
172.22.2.4 - - [27/Aug/2022:08:57:55 -0500] "GET /BLA/boletinlegal/jurisprudencia/analisis/CUADRO%20ANALISIS%20SENTENCIA%20T-411%20DE%201992.doc HTTP/1.1" 200 41984
172.22.2.4 - - [27/Aug/2022:08:56:18 -0500] "GET /BLA/boletinlegal/ HTTP/1.1" 200 63198
179.33.126.59 - - [27/Aug/2022:08:59:39 -0500] "GET /kwssiamovil/sm/acme/u?s=U2FsdGVkX1+jeJHGStJGFqFUGQX0E5BYwDaM+YitJH4LKHMxy9kIihxlI/XgrO9W+aRSIAazdwqR4y7psaTUKh/pxaL9X4kMuIb2n3X2xqG2dhP/O69xCHXxaD7ZvCeR6ZjSC7ZWBnELvBiaP2oXdg==&u=U2FsdGVkX18JYp2BfpO/WhMq124OhiohHtiFVY8ftaAP5azm0hAYLdWACMXKL9eF&y=U2FsdGVkX1/BfogZr/xDSeRbK+ZMULTk9PJfvjvEDW81Wggv40p8/tEndvDWel+K HTTP/1.1" 200 60
172.22.2.4 - - [27/Aug/2022:08:58:05 -0500] "HEAD /BLA/boletinlegal/ HTTP/1.1" 200 -
173.252.127.23 - - [27/Aug/2022:09:00:25 -0500] "GET /images/pieza-mujeres-reverdecen-4-abril.jpg HTTP/1.1" 200 48916
172.22.2.4 - - [27/Aug/2022:08:58:55 -0500] "GET /BLA/boletinlegal/ HTTP/1.1" 200 59310
172.22.2.4 - - [27/Aug/2022:09:00:38 -0500] "GET /BLA/boletinlegal/jurisprudencia/analisis/AnalisisT-095-16.docx HTTP/1.1" 200 20284
172.22.2.4 - - [27/Aug/2022:09:01:35 -0500] "GET /BLA/boletinlegal/jurisprudencia/analisis/CUADRO%20SENTENCIA%20C-222%20DE%202011.doc HTTP/1.1" 200 34816
216.245.221.92 - - [27/Aug/2022:09:01:51 -0500] "HEAD / HTTP/1.1" 200 -
201.245.192.253 - - [27/Aug/2022:09:02:41 -0500] "POST /kwsrmcab/Wsrmcab  HTTP/1.1" 200 213
64.124.8.30 - - [27/Aug/2022:09:02:47 -0500] "GET /portaldeninos/humedal-capellania-2/ HTTP/1.1" 200 87949
186.84.90.168 - - [27/Aug/2022:09:02:52 -0500] "GET /BLA/boletinlegal/actos.php HTTP/1.1" 200 9559
31.13.127.15 - - [27/Aug/2022:09:03:34 -0500] "GET /images/Junio%2002-experiencias-jardines-verticales-sda.jpeg HTTP/1.1" 200 31171
179.33.126.59 - - [27/Aug/2022:09:05:15 -0500] "OPTIONS /kwssiamovil/sm/setfile/f? HTTP/1.1" 200 13
179.33.126.59 - - [27/Aug/2022:09:05:15 -0500] "POST /kwssiamovil/sm/setfile/f? HTTP/1.1" 200 381
179.33.126.59 - - [27/Aug/2022:09:05:18 -0500] "OPTIONS /kwssiamovil/sm/setfile/f? HTTP/1.1" 200 13
179.33.126.59 - - [27/Aug/2022:09:05:19 -0500] "POST /kwssiamovil/sm/setfile/f? HTTP/1.1" 200 381
179.33.126.59 - - [27/Aug/2022:09:05:22 -0500] "OPTIONS /kwssiamovil/sm/setfile/f? HTTP/1.1" 200 13
179.33.126.59 - - [27/Aug/2022:09:05:22 -0500] "POST /kwssiamovil/sm/setfile/f? HTTP/1.1" 200 381
179.33.126.59 - - [27/Aug/2022:09:05:26 -0500] "OPTIONS /kwssiamovil/sm/setfile/f? HTTP/1.1" 200 13
179.33.126.59 - - [27/Aug/2022:09:05:26 -0500] "POST /kwssiamovil/sm/setfile/f? HTTP/1.1" 200 381
179.33.126.59 - - [27/Aug/2022:09:05:29 -0500] "OPTIONS /kwssiamovil/sm/setfile/f? HTTP/1.1" 200 13
179.33.126.59 - - [27/Aug/2022:09:05:29 -0500] "POST /kwssiamovil/sm/setfile/f? HTTP/1.1" 200 381
172.22.2.4 - - [27/Aug/2022:09:03:55 -0500] "HEAD /BLA/boletinlegal/ HTTP/1.1" 200 -
179.33.126.59 - - [27/Aug/2022:09:05:43 -0500] "GET /kwssiamovil/sm/acme/a?s=U2FsdGVkX18t2C9ynSgHQAwGM/TTgFztokRpVWCQkI4K4CwAwP9eQn5YDtMiYAbvpcrEYF0hGt6IDKYxDtQRt0Pb65guEOu9YGO9tv9ToJPB3H8ElLcWkVHzpk82SnjE1wSu/0YMY/rsM3LMds86t6j1rUuhFEYIqMiAHyB7Mpb1OCU4uLGp2lsGEgtj0DykdQ/MJUiangur6iGN3x3dv552XINDjcnoo/csVhPFE5wiREaLRfRMizOVJ0BhgZey1YzdLBSQ/vfLDD+Eren+Pw==&u=U2FsdGVkX18JYp2BfpO/WhMq124OhiohHtiFVY8ftaAP5azm0hAYLdWACMXKL9eF&y=U2FsdGVkX1/BfogZr/xDSeRbK+ZMULTk9PJfvjvEDW81Wggv40p8/tEndvDWel+K HTTP/1.1" 200 25
179.33.126.59 - - [27/Aug/2022:09:05:44 -0500] "GET /kwssiamovil/sm/acme/a?s=U2FsdGVkX1/q8h9WFUad8IjJyoTVqnR41/eJLuBmWZbWEwxJUtW/4lTUuhxtJBqJYx472lAF5+ioWDJXCIyRlUmUZHgf6rUPoxyLGVFTDHv6vFzSnwWe4d/opXP0TU1q6GRDxBCjnxEwokCJ+1Z2rWfYByP5/hSiZu7eEs7l/i3io3hcqWhJwXJMSJ/JA+tApc0Y6tIHNQO7SwiaH4YU8z/OjBB3L6jE4MIo0tFaOQEEbt6CzlgME/NYq0PoRfNvUqRW1VSpPnMcodhjO/XqsoilQCQ1J7m1XQawJkfBTl1vhf3zOHG4j64BE2qV0X+eUmurRjCadTTD/mB+Q7dOZInPwXI8S3hQ+AVI9tbYzUSfxy1+ZMMj40Rj76NUazb6RlwwzQtTTGE78V1SgDLu3t1hUeFr7fK11eel7tHS7dxb9maOV6oB4QVnAmVtZfrsU9IyXROU82Iknjg45Avea7yHF3fsbwv9CLk4d2okXZ71/Tjw2MZ5MNyE2s0pwsMimxdX48WiWcuopmPIWLRkzuIAHggFfdLMhhwTLENd4mseLBm36F/WhJ0bkszHBNm5AFVmh6tQcJ3Ctrv8Xaz21M6bSCr3xlFPlQ+HKUZ2wWpHnCdVZ5x8raIua7FM1bFQZGMgFoOKFIxccUpQG91H2VMBG+33Ek0VOyZY1bxvvIBFQK/c9SgJEQZSOTdEw+2gO3jbpaAUKPDf/qjy2L48PjAkfAWuQOPu117mH6D3HEDtxV2GM4zskcRQkysVwppFowwFKVjHBYMxbGdJOvtXGlROXR2T64i2YqY8RsTJ7NL3EDAhCfkTzLH9jb1qJKodn/7xw6RBSBu9xeYXwDOTU4Q67Uja9NFvY6QuS+TS6bUChGiCEba7YVCbGZCQ+ywpGUGV0G3Yn9FpH2MmaJRlHHYk1XFKPIP6k6EHheUJN7jaY6dzplTCgUqLo9yTDcRw0c/RW7+rECMfcb+gbsMZkpw755sAysZVSRjRC8HqjkqYhaymVnRa7jAr1uw5b53PmujPgKux6lGPXOQHOcAloY4sVuZImJQt35kogmYQiCjPbfUUb+CdulyAWuGe4GY11hDp8/S2N4MfU/S9xbqoFCo8tk+0+ZiDmIbY7t2PC/iyiIZMCncmF4R7m33PLC4IuBivhw90QBRoFFPVUrzabZDH98S7vGuUprSSuCc9oUjrM9WF36z0Ohp9g0/yGu96EGcsrJBl7KIqgkQlE6JE7Itwu7HBuvrhO5Q4dHcEYmexXcW1pXMEJRT4oNuAJwn2E8jOdWejzg89EMsNCIMARBGkjuC+puVrXveDjEUFIEebAMvpyflpOmkd6F68nAVjRV7tGgVHMCxeXzAXQZxlxPRyC6efrMKNrYqadbPdRgdsQHAiv++MN+RwM0hlzfWZyRmyTJ/qSJ4TivZ/aU+kwh/TrKPitx8qOd3TRhkHsPudlTvw4y+NPq7Hm5jAenaC8/d+HlDRe0OrZrKBPYrvp0zzahaWfBTlCXGMddTVArGVD9++l2/Be8CpNO6yA1OJ+WAPJGK5kd825IjHUEGiRUH5RYl7iglQIoaTnh3/4e3BOW2d15UQZGSKxjG6H97qNInLRZf6YsVLBw0xzMb561pOSLmmVeEXKTB/rQAJExc4E7sPx8ATkVCV8ayMkgNOabNRx9WxtAeCFTP3d0g1hITLtB24Dx0i2H3jbCjtA5TNpH2r/xE+8b1kbZx67JLn4becAfGAjcb6p3/F23M58da9HmL9hmfkkaZiooOPNnOJJ6NXIsVsZ2U5LbUtxiXy7XpaN3cZEWqC2ZdFLCjZ9Eww6VqdY46OxcEtEdV7F8xWq+w8E8bHZIcuEVi/S8KibDmkscGjNEVyLMZ+dRBsJ3caN7vmudNL0IDJGT2ntEmF+AMxlIDeqbuSQgpGTywyzp9WkSEXn6j2EGOAzjqYQIIeGhkhDX01niMDadAV5eJ4yFeOh+W6aLEt/1WjaSav&u=U2FsdGVkX18JYp2BfpO/WhMq124OhiohHtiFVY8ftaAP5azm0hAYLdWACMXKL9eF&y=U2FsdGVkX1/BfogZr/xDSeRbK+ZMULTk9PJfvjvEDW81Wggv40p8/tEndvDWel+K HTTP/1.1" 200 25
179.33.126.59 - - [27/Aug/2022:09:05:44 -0500] "GET /kwssiamovil/sm/acme/a?s=U2FsdGVkX1+Tb7gUewBRuKspBQpFgagMe9t89g9eDEh9k2Pj2M/hoXD6FSM8BUCoMih58Xn3Q1Gh4rLPoS+9z1u9z+FMpRYPxc9a+T5na0NgLOJ+Q9s2TxMIjOETjVM6VohyVy73V2gJbcRVF2vmjhIve+KcRqhe40HmbZozNFQ=&u=U2FsdGVkX18JYp2BfpO/WhMq124OhiohHtiFVY8ftaAP5azm0hAYLdWACMXKL9eF&y=U2FsdGVkX1/BfogZr/xDSeRbK+ZMULTk9PJfvjvEDW81Wggv40p8/tEndvDWel+K HTTP/1.1" 200 25
179.33.126.59 - - [27/Aug/2022:09:05:44 -0500] "GET /kwssiamovil/sm/acme/a?s=U2FsdGVkX19mv9mzeAmswnZzJJHsM+8euzN3qq8bSHDUGsiVyuXcKZFH8bjejuq0epVuT3+stvq4etZM3MV/5Uflc6mPh3nWH+Y1GKmuMgxulpP0ekHAadX1c1mP5jezR/uveI/P9cwPM2YeSpPvKxGXmAreFv281q5OWuTRzH4=&u=U2FsdGVkX18JYp2BfpO/WhMq124OhiohHtiFVY8ftaAP5azm0hAYLdWACMXKL9eF&y=U2FsdGVkX1/BfogZr/xDSeRbK+ZMULTk9PJfvjvEDW81Wggv40p8/tEndvDWel+K HTTP/1.1" 200 25
179.33.126.59 - - [27/Aug/2022:09:05:44 -0500] "GET /kwssiamovil/sm/acme/a?s=U2FsdGVkX1+P0keVPJvuxl/77Xu/asBAAVZHj3Nv9dcVthg2WYqu8GFGbS3ZiL0hCuqQ0avJGb/3hCuxhZEFi92ijq6ouQjhkrnIF4/e40rdn+cGNx9AojW25vTsOsp774nzhTktdJfYW3E4JM8uUe+X3VqTQQujPM6H3dZ6FV8=&u=U2FsdGVkX18JYp2BfpO/WhMq124OhiohHtiFVY8ftaAP5azm0hAYLdWACMXKL9eF&y=U2FsdGVkX1/BfogZr/xDSeRbK+ZMULTk9PJfvjvEDW81Wggv40p8/tEndvDWel+K HTTP/1.1" 200 25
179.33.126.59 - - [27/Aug/2022:09:05:44 -0500] "GET /kwssiamovil/sm/acme/a?s=U2FsdGVkX18/6I3ecGbD8R+ADg8EjZ/DDI1D/qBqo6VkwkllNguA9T0FvSK6QBOu9e9EiV4RA0Es24yKX51ET2mkOhr/n41lwGFlO6BA1It/QEPjrbbFhFPuhMTqAHu+b0h6MdncMDcMGtOREbBQRgWqlUO7djqqRc3B9qAnvsEnGYfNDYtLgUJsEVFxVuVQt/NAFF49XJaHm0VJLAtGEg==&u=U2FsdGVkX18JYp2BfpO/WhMq124OhiohHtiFVY8ftaAP5azm0hAYLdWACMXKL9eF&y=U2FsdGVkX1/BfogZr/xDSeRbK+ZMULTk9PJfvjvEDW81Wggv40p8/tEndvDWel+K HTTP/1.1" 200 25
179.33.126.59 - - [27/Aug/2022:09:05:44 -0500] "GET /kwssiamovil/sm/acme/a?s=U2FsdGVkX1+xwjIvfPP6Vlp0WNiC9o4dQ9DXNx/XpNuIX/dXxCi/3K0MYYmat2KfRB2szcZiYyYVhSC866q3pXl408eo3jMx0LBCxO1IG2UQxxgMl+Ugq/PAcxMqTyHo59hNApAou030N5c8anO4iiNcN9AQcMPHTXvPoRXYrS0o2+fmjm3bA4qjWogY6/1Jgku9qmzAMtP8JbsJwVej5A==&u=U2FsdGVkX18JYp2BfpO/WhMq124OhiohHtiFVY8ftaAP5azm0hAYLdWACMXKL9eF&y=U2FsdGVkX1/BfogZr/xDSeRbK+ZMULTk9PJfvjvEDW81Wggv40p8/tEndvDWel+K HTTP/1.1" 200 25
179.33.126.59 - - [27/Aug/2022:09:05:45 -0500] "GET /kwssiamovil/sm/acme/a?s=U2FsdGVkX18KbfsnuT9eiohZ8Llr6m6pqzglQOxVxikaLQM+/XzSQoYFWPFmZ2xiwduDNtClFKaMKoBD08ANqG2UnoCjr+pUQSINsMiImCk6RzMUjxQBQqEm8WpCxSSXf3Deg5Yj70B7zAn3XASy+ZLNBEV5HmdSrZyE6dT1/6zcKdx52W7ON4RJBRuxIPXt&u=U2FsdGVkX18JYp2BfpO/WhMq124OhiohHtiFVY8ftaAP5azm0hAYLdWACMXKL9eF&y=U2FsdGVkX1/BfogZr/xDSeRbK+ZMULTk9PJfvjvEDW81Wggv40p8/tEndvDWel+K HTTP/1.1" 200 25
179.33.126.59 - - [27/Aug/2022:09:05:45 -0500] "GET /kwssiamovil/sm/acme/a?s=U2FsdGVkX19nv1NIGldr106Ki0COWTTnzOAdA58pnBS4yxLHLzWvNeu5EONE2aKCQ7Ag3Vh05u8Yp4TomyWz358gf4OUuBrbmOYU7WEBCiI5fbeoAahZlYn7vo0y0axCwpYEwoK4zDgHu7n3CTNapSXaHlzxRiOCuurGPebzP3xocIjRMHWJOLJ7nDXb6yZfWoBGZDNJlASkvxxMCLuI1A==&u=U2FsdGVkX18JYp2BfpO/WhMq124OhiohHtiFVY8ftaAP5azm0hAYLdWACMXKL9eF&y=U2FsdGVkX1/BfogZr/xDSeRbK+ZMULTk9PJfvjvEDW81Wggv40p8/tEndvDWel+K HTTP/1.1" 200 25
179.33.126.59 - - [27/Aug/2022:09:05:45 -0500] "GET /kwssiamovil/sm/acme/a?s=U2FsdGVkX1+DCOeEZklSUyLr+DEJyOyV5wI8F4JcNJcB+IcGcATfDbrtfjxJ2HO6u40Tqhq5W9TJGsWc9jLAt0nQu+Ygh5PJLPMaNIk1bC4QbwacNoVg7Ow3b+wBlt0q0SGOcc9LDJulivIQ4tybY4XYalGu8x65tAk44uUeIYtdcNAKcSUSVEnCUoENlhGd&u=U2FsdGVkX18JYp2BfpO/WhMq124OhiohHtiFVY8ftaAP5azm0hAYLdWACMXKL9eF&y=U2FsdGVkX1/BfogZr/xDSeRbK+ZMULTk9PJfvjvEDW81Wggv40p8/tEndvDWel+K HTTP/1.1" 200 25
179.33.126.59 - - [27/Aug/2022:09:05:45 -0500] "GET /kwssiamovil/sm/acme/a?s=U2FsdGVkX1/kizd6pFn8/SkuURJRBeDw+e5X8onc6h0wmNwciRGGGo9Ys3nWy601SPSMdH3u0CPm2JEtlx3OQfQ+FY+EkGPRt6lLzfx4/R+CFELrzIMqSONSC8lPecVnP//tetPmEp6fKZuyAlRL0k7D0DmvWL1uYjfis26ZAF2NwWOOo9GglL0n4ErsvPHaAH5nLRQ5GlcaC10z0N5sxg==&u=U2FsdGVkX18JYp2BfpO/WhMq124OhiohHtiFVY8ftaAP5azm0hAYLdWACMXKL9eF&y=U2FsdGVkX1/BfogZr/xDSeRbK+ZMULTk9PJfvjvEDW81Wggv40p8/tEndvDWel+K HTTP/1.1" 200 25
179.33.126.59 - - [27/Aug/2022:09:05:45 -0500] "GET /kwssiamovil/sm/acme/a?s=U2FsdGVkX190W5Vk1KVTTYaR5MhMHNozv5y47DlZd63LCp6/t32sZP7nd591dwde1zh9AngsoWEje08wZPSqdZRVLHVmZmT3vyaE8jnTlcwhzra0KGAxFsJfy+dLmGpXeqGzpJkg+VV4LZ3fK8NWveZ2cl+jcr1F0dYYsf3ISLXoNv4aoOjlTRfGSfYcPH6i&u=U2FsdGVkX18JYp2BfpO/WhMq124OhiohHtiFVY8ftaAP5azm0hAYLdWACMXKL9eF&y=U2FsdGVkX1/BfogZr/xDSeRbK+ZMULTk9PJfvjvEDW81Wggv40p8/tEndvDWel+K HTTP/1.1" 200 25
179.33.126.59 - - [27/Aug/2022:09:05:45 -0500] "GET /kwssiamovil/sm/acme/a?s=U2FsdGVkX19gI1GKUKChZoz2N2IQLN8CeS10gI3Q5yH1qK2gxfgnsCLKTAV+QrVWZxayC682QKuoHaTsDQl3ojj3seguZ1WdVTVS0TmB2er3WLwnkzkSTEZxjta5tE+zseiwtW9S25KaQgtu4KYo59bHJjaW8Lw/cpvaWaMs5ne/HLqAvbKD3qR6ZVNAGIw7JoOHcI9KKWefLDSZQ0P75A==&u=U2FsdGVkX18JYp2BfpO/WhMq124OhiohHtiFVY8ftaAP5azm0hAYLdWACMXKL9eF&y=U2FsdGVkX1/BfogZr/xDSeRbK+ZMULTk9PJfvjvEDW81Wggv40p8/tEndvDWel+K HTTP/1.1" 200 25
179.33.126.59 - - [27/Aug/2022:09:05:45 -0500] "GET /kwssiamovil/sm/acme/a?s=U2FsdGVkX18L/looxTFnEVZj41MDMFYPzpykCbikavlkl1CrZFNE+vTw/efpT+ZR3ZqIFqsrjuF7a6lMytHPl4aQ8PG+Id7nIR0ttUqkcVZlNhxhoK/YJFGGZfFz8Z66MM43a3ZT4UQIUcyjnHRWw1AOyHMLmbKIKX9oioNSw74Vu1GAGWpNFLwTUqhbsJa9&u=U2FsdGVkX18JYp2BfpO/WhMq124OhiohHtiFVY8ftaAP5azm0hAYLdWACMXKL9eF&y=U2FsdGVkX1/BfogZr/xDSeRbK+ZMULTk9PJfvjvEDW81Wggv40p8/tEndvDWel+K HTTP/1.1" 200 25
179.33.126.59 - - [27/Aug/2022:09:05:46 -0500] "GET /kwssiamovil/sm/acme/a?s=U2FsdGVkX1+UN3s933WrmnTiKviUKDTbizc6vaaPiaHbSYNy1HQgXaq2063WMiv2Vfu487sfNYbIzOioxLt0ke1vlBS/vUJ78oN9bzRc5P7LbkrCVV0HXJNrd79hboPVP+DJ3a+wl+wztZiSogzig5T4ekCwHIiBvRdpIYTxEy4F+nVPs75XNNlyHWcZMPlZqN93TmpI8llfc2A+pykAzA==&u=U2FsdGVkX18JYp2BfpO/WhMq124OhiohHtiFVY8ftaAP5azm0hAYLdWACMXKL9eF&y=U2FsdGVkX1/BfogZr/xDSeRbK+ZMULTk9PJfvjvEDW81Wggv40p8/tEndvDWel+K HTTP/1.1" 200 25
179.33.126.59 - - [27/Aug/2022:09:05:46 -0500] "GET /kwssiamovil/sm/acme/a?s=U2FsdGVkX19jvxF9Zrj8jP20stdNlKuOjvrY0PZ6nuXAUAh0HT41CApDY9GPSy0YFr/hbt7qGHicVDdATfx6NgQW3my76zsCwR5BweDm14LH5hsA+SNEqykLQu+VjdKDQdOzhFFyh+/MxD/TaSdVJ0PzcFdbcRSsMoWSjys6kKili01A5HuS5EeWKIXT3JImJZDpF5v1R9O4loDmbpieiQ==&u=U2FsdGVkX18JYp2BfpO/WhMq124OhiohHtiFVY8ftaAP5azm0hAYLdWACMXKL9eF&y=U2FsdGVkX1/BfogZr/xDSeRbK+ZMULTk9PJfvjvEDW81Wggv40p8/tEndvDWel+K HTTP/1.1" 200 25
172.22.2.4 - - [27/Aug/2022:09:04:45 -0500] "GET /BLA/boletinlegal/ HTTP/1.1" 200 53631
64.124.8.30 - - [27/Aug/2022:09:06:42 -0500] "GET /portaldeninos/ruido/ HTTP/1.1" 200 88494
216.245.221.92 - - [27/Aug/2022:09:06:51 -0500] "HEAD / HTTP/1.1" 200 -
66.249.64.47 - - [27/Aug/2022:09:07:12 -0500] "-" 408 -
173.252.107.24 - - [27/Aug/2022:09:07:23 -0500] "GET /mas-de-570-llantas-fueron-recolectadas-en-la-llantaton-de-bosa.html HTTP/1.1" 206 907
157.55.39.80 - - [27/Aug/2022:09:07:42 -0500] "GET /BLA/resoluciones/RESOLUCIONES%202022/0200.pdf HTTP/1.1" 200 338982
201.245.192.253 - - [27/Aug/2022:09:07:40 -0500] "POST /kwsrmcab/Wsrmcab  HTTP/1.1" 200 213
157.55.39.8 - - [27/Aug/2022:09:09:40 -0500] "GET /afluentesyefuentes HTTP/1.1" 301 249
179.33.126.59 - - [27/Aug/2022:09:10:27 -0500] "GET /kwssiamovil/sm/acme/u?s=U2FsdGVkX18vwSJw0UIH7qdV2rhYhA0UV2sFGW/+cNpdwEE2L2Z2OP3ico+9V0G5SOwsn9GDBPFXmnN9xyWO2bJtVCnrMUWZCXAg7sELE3CB5AYbVZBS6t4udu0cx3UQBvA91sj/N0YnqQjhWQR9nA==&u=U2FsdGVkX18JYp2BfpO/WhMq124OhiohHtiFVY8ftaAP5azm0hAYLdWACMXKL9eF&y=U2FsdGVkX1/BfogZr/xDSeRbK+ZMULTk9PJfvjvEDW81Wggv40p8/tEndvDWel+K HTTP/1.1" 200 60
207.46.13.16 - - [27/Aug/2022:09:10:28 -0500] "GET /BLA/resoluciones/index.php?dir=AUTOS+2013%2F HTTP/1.1" 200 405961
185.119.81.106 - - [27/Aug/2022:09:10:31 -0500] "GET /portaldeninos/wp-login.php HTTP/1.1" 200 2592
185.119.81.106 - - [27/Aug/2022:09:10:32 -0500] "POST /portaldeninos/wp-login.php HTTP/1.1" 200 3605
172.22.2.4 - - [27/Aug/2022:09:09:45 -0500] "HEAD /BLA/boletinlegal/ HTTP/1.1" 200 -
186.102.17.73 - - [27/Aug/2022:09:11:31 -0500] "GET /chulo-o-gallinazo-un-carronero-que-cumple-un-papel-fundamental-en-los-ecosistemas.html HTTP/1.1" 200 784
216.245.221.92 - - [27/Aug/2022:09:11:51 -0500] "HEAD / HTTP/1.1" 200 -
207.46.13.115 - - [27/Aug/2022:09:10:24 -0500] "GET /BLA/boletinlegal/index.php HTTP/1.1" 200 46320
172.22.2.4 - - [27/Aug/2022:09:10:35 -0500] "GET /BLA/boletinlegal/ HTTP/1.1" 200 47814
201.245.192.253 - - [27/Aug/2022:09:12:38 -0500] "POST /kwsrmcab/Wsrmcab  HTTP/1.1" 200 213
207.46.13.115 - - [27/Aug/2022:09:13:53 -0500] "GET /BLA/resoluciones/RESOLUCIONES%202001/2001%201400-1449.tif HTTP/1.1" 200 8467759
186.102.1.74 - - [27/Aug/2022:09:16:22 -0500] "GET /kwssiamovil/sm/ldap/au?x=U2FsdGVkX18eM+1lXWP2SHTpOKPaM1kZoLQh5arXeGtk4h9P1Z8Qfm/nEJyKJQ/j&y=U2FsdGVkX19CK1wdlZA3aOiIegDpMpnlE14UqWnHY5qAUdoBPCB0zuDXQDI6UKWe HTTP/1.1" 200 30
186.102.1.74 - - [27/Aug/2022:09:16:22 -0500] "GET /kwssiamovil/sm/acme/s?s=U2FsdGVkX1+cxZus/flA/9Z2/i/nn1iZWL22+3drgCOA9brdmGWDo/UYYctdx2/ZiDUVCQ8r8utOOxlpAWLLeFJCYajpAD8oijSstb+mpfU=&u=U2FsdGVkX1/reVgv6Bm1+ydZwBzzr0M2KxQptEdDGYg=&y=U2FsdGVkX19CK1wdlZA3aOiIegDpMpnlE14UqWnHY5qAUdoBPCB0zuDXQDI6UKWe HTTP/1.1" 200 97
186.102.1.74 - - [27/Aug/2022:09:16:22 -0500] "GET /kwssiamovil/sm/acme/s?s=U2FsdGVkX1/3ixtKEbLLfQCim88eDno1uYKB5wDoUn8a40ZzVFUp2k24PYYrC4EvqahorcSo2i1H2NiHbYY2VNPP1SVe3RSucMi/1WUfjZ5rsJuVZqN5nypdjjwZK4MmCr28vot+4k77mBaj5LwVad8ncxPm+rlQssRbxP5VVTL/HyfxseimOYJoxK7HGnaRQtldNqEqGGAoB5+c4jEQQ/uWup1wjMhH4g6U2P139A00JQbhUEnsozAsEVexw9EGU2nMHtx3oOBiKxXI0dT+rYaVkdLiIJRpCEnWRSDNLbRqf0Djazv/Kz+4QzWEQSVeiAoLq5BfBNZw/xD9EhGNrYkwxqkPUWllTw92e625ZIwKNDfN1HmYU3G38IKWgRoLY7x+1Pc6znDPTvyOMROBrAUmYiF8BqDf5Q+Vu9WM4T7OCsE66y8HmhaoUNP327hAcD2TEtb1xaEsaR10hEVthUm04YcRGaGzPYmMDTcOarggbzSkgq4Y3JbSbTCw4b8RLSxgYoW5D1Z6EhXhjKCs8nY30FFB0Wmj2nxeJ1ZisjliCfFZiqmhhSJDczRo71BVrV72w9trXOiUCV+XvfnxDGAHct+h8t/fGIrQClHVn+3UcHO9HXYUusCDbScE8VWNG31Ro26zevnn2j2K9jvcUzXTrOavy6hoJpC3dzx20QpOGVvgdL18AJ/A9OryvZtaGACxl5yia3D1vPMpXte1dTVTFxVvh/9AVe4OAPYivx4iPnEc6whS4ZiSodi7Rj/Ap5CdoCiK7uvtpMS5B92Gs67jnsz/+uog6u0XnsDWRAqSjikKoFMbAljGhfq71NMoULI7hqGSL5EuavuGu3Ai3lRFo0nPr8UDZ28pJIh8XaGlKbbz5cSWUAO0gA71IqiNa7TvuQEvszYwFlqmRo6S9QHI5x0mACQY1EO5q23KGrAZGJj2CQGVawYnbE0IarxOO1++WSpqjKJooyArW3b+O4ZFpJv4PbL33P+R1SiOikJBnd6McwtPxK9cVUSPc7vvdUXnDKCgWGSW3xZyi9XriaVUfMvYIqG7vABFBjgvsEk/FnFfh5nxePsIKur9URX7C0mw0B5BBjpIOTKU7I0LI7LOAVOCKXslh9nm4WkF1FlmS9HWMpQdBhdaGMorB0WP1fzMwbUWQbiAbwJ3X8fMXkIZ9iMQuQFsvSO77a8lNmlps8Ti6W4FEw9j4Px25a83vjb07BU3Vd7XS3+5vep+dhlC/JfDcyjbwu2UAeHVeWdjbDFgXBh9SoVrZROR6jKUyC7KR53Q2JmYPW2BuW1yuysiK3wSc3zz6Uulci+beRoMnvNVUKV6U2phL7wmsxQAvEKEdmF1sIlaU+RqWOnhG721G0BbDuynIFMe7jmx+MM=&u=U2FsdGVkX1/reVgv6Bm1+ydZwBzzr0M2KxQptEdDGYg=&y=U2FsdGVkX19CK1wdlZA3aOiIegDpMpnlE14UqWnHY5qAUdoBPCB0zuDXQDI6UKWe HTTP/1.1" 200 369
186.102.1.74 - - [27/Aug/2022:09:16:22 -0500] "GET /kwssiamovil/sm/acme/s?s=U2FsdGVkX187HKaiXb2z+6xS0Ru0ZBminFC35h63OWnfCiQjWK2XOPSj/KGeYlqDKWeyjaA0Tk8u+d7MZIXDzWWUxbPfUNmf8QNNqTy9h7Qrq1dUlIFbNMratVAZe8giJMA4LIPS6mcuStaHyBS8Quu7Y6873bpTf09FX1d+AALKxR4knkEUDJUXxKFlk0+XD/Ov9khOZHc28VzPjlVDuVo90xyfjHHecgGdA9Mgir3P6JPbBfUn1eHQMwUImOXM9G0gP/36Xs2zseMECQarpURxHJRBg9oiwccd/jz9Zlqe84ScoFZCtgJCund1epZBiVaoR0oEwBps95bwzunMrQ==&u=U2FsdGVkX1/reVgv6Bm1+ydZwBzzr0M2KxQptEdDGYg=&y=U2FsdGVkX19CK1wdlZA3aOiIegDpMpnlE14UqWnHY5qAUdoBPCB0zuDXQDI6UKWe HTTP/1.1" 200 196
186.102.1.74 - - [27/Aug/2022:09:16:23 -0500] "GET /kwssiamovil/sm/cjson/pre?f=1&x=U2FsdGVkX18eM+1lXWP2SHTpOKPaM1kZoLQh5arXeGtk4h9P1Z8Qfm/nEJyKJQ/j HTTP/1.1" 200 30992
216.245.221.92 - - [27/Aug/2022:09:16:51 -0500] "HEAD / HTTP/1.1" 200 -
172.22.2.4 - - [27/Aug/2022:09:15:35 -0500] "HEAD /BLA/boletinlegal/ HTTP/1.1" 200 -
201.245.192.253 - - [27/Aug/2022:09:17:37 -0500] "POST /kwsrmcab/Wsrmcab  HTTP/1.1" 200 213
66.102.8.187 - - [27/Aug/2022:09:18:00 -0500] "GET /galeria/galeria/fotos/Movilizacion13G.jpg HTTP/1.1" 200 120282
185.119.81.106 - - [27/Aug/2022:09:18:04 -0500] "GET /portaldeninos/wp-login.php HTTP/1.1" 200 2592
172.22.2.4 - - [27/Aug/2022:09:16:25 -0500] "GET /BLA/boletinlegal/ HTTP/1.1" 200 56367
185.119.81.106 - - [27/Aug/2022:09:18:05 -0500] "POST /portaldeninos/wp-login.php HTTP/1.1" 200 3605
66.249.64.45 - - [27/Aug/2022:09:18:53 -0500] "-" 408 -
201.245.192.253 - - [27/Aug/2022:09:19:24 -0500] "POST /kwsrmcab/Wsrmcab HTTP/1.1" 200 41858
201.245.192.253 - - [27/Aug/2022:09:19:28 -0500] "POST /kwsrmcab/Wsrmcab HTTP/1.1" 200 42629
216.245.221.92 - - [27/Aug/2022:09:21:51 -0500] "HEAD / HTTP/1.1" 200 -
201.245.192.253 - - [27/Aug/2022:09:22:36 -0500] "POST /kwsrmcab/Wsrmcab  HTTP/1.1" 200 213
172.22.2.4 - - [27/Aug/2022:09:21:25 -0500] "HEAD /BLA/boletinlegal/ HTTP/1.1" 200 -
172.22.2.4 - - [27/Aug/2022:09:22:15 -0500] "GET /BLA/boletinlegal/ HTTP/1.1" 200 58154
172.22.2.4 - - [27/Aug/2022:09:24:53 -0500] "GET /BLA/boletinlegal/Circulares/2017/Circular%20No.%20011%20del%2005%20de%20julio%20de%202017.pdf HTTP/1.1" 304 -
172.22.2.4 - - [27/Aug/2022:09:24:55 -0500] "GET /BLA/boletinlegal/conceptos.php HTTP/1.1" 200 7443
172.22.2.4 - - [27/Aug/2022:09:24:57 -0500] "GET /BLA/boletinlegal/js/ajax_conceptos.js HTTP/1.1" 200 1326
216.245.221.92 - - [27/Aug/2022:09:26:51 -0500] "HEAD / HTTP/1.1" 200 -
201.245.192.253 - - [27/Aug/2022:09:27:35 -0500] "POST /kwsrmcab/Wsrmcab  HTTP/1.1" 200 213
69.171.249.13 - - [27/Aug/2022:09:28:11 -0500] "GET /images/lluvias-arboles-4-junio.jpeg HTTP/1.1" 200 117524
69.171.249.13 - - [27/Aug/2022:09:28:12 -0500] "GET /images/Junio%2002-experiencias-jardines-verticales-sda.jpeg HTTP/1.1" 200 31171
69.171.249.118 - - [27/Aug/2022:09:28:12 -0500] "GET /images/empresas-industrias-forestales-1-junio.jpg HTTP/1.1" 200 44019
69.171.249.13 - - [27/Aug/2022:09:28:13 -0500] "GET /images/pieza-grafica-semana-ambiental-30.jpg HTTP/1.1" 200 38850
172.22.2.4 - - [27/Aug/2022:09:27:15 -0500] "HEAD /BLA/boletinlegal/ HTTP/1.1" 200 -
201.245.192.253 - - [27/Aug/2022:09:29:24 -0500] "POST /kwsrmcab/Wsrmcab HTTP/1.1" 200 41858
201.245.192.253 - - [27/Aug/2022:09:29:28 -0500] "POST /kwsrmcab/Wsrmcab HTTP/1.1" 200 42629
172.22.2.4 - - [27/Aug/2022:09:28:05 -0500] "GET /BLA/boletinlegal/ HTTP/1.1" 200 52868
207.46.13.115 - - [27/Aug/2022:09:30:44 -0500] "GET /BLA/resoluciones/ HTTP/1.1" 200 13093
216.245.221.92 - - [27/Aug/2022:09:31:51 -0500] "HEAD / HTTP/1.1" 200 -
201.245.192.253 - - [27/Aug/2022:09:32:34 -0500] "POST /kwsrmcab/Wsrmcab  HTTP/1.1" 200 213
179.33.126.59 - - [27/Aug/2022:09:32:57 -0500] "GET /kwssiamovil/sm/acme/u?s=U2FsdGVkX1+xDyIYY4YNvB6MCJCK063i50tIYy9rRzh1xnSx6jlywB7TUP3wUbbCiICfAvY76bAiGeYFk7ZQS8eF/Dm983fNipV1z4iQVWfMrT/L/nZQXxuzHF79HE03Bmo+ODBVL5KWdIj101ImCA==&u=U2FsdGVkX18JYp2BfpO/WhMq124OhiohHtiFVY8ftaAP5azm0hAYLdWACMXKL9eF&y=U2FsdGVkX1/BfogZr/xDSeRbK+ZMULTk9PJfvjvEDW81Wggv40p8/tEndvDWel+K HTTP/1.1" 200 60
179.33.126.59 - - [27/Aug/2022:09:33:28 -0500] "GET /kwssiamovil/sm/acme/u?s=U2FsdGVkX1+F7idLxdNGflcjCSh7BVpjAZaCiVFEzrM1QQLNu1N9hLe4HBiAya2yCFj8Bu2piF1LC/uIisMGtzOqvjBUzpJUKRVQRZvsM209rowg8xlSvdA6bhpn7/u9pCb1LpP833VbiQ24e5YRn63PBFZPgWHtIBsH0hSE9k68UZb93O0DnRNtEespVZlb/RSPSYQZuOCx6BTar4lAwuqNnhW333Re+v+ERgzXrUN3g7ZmiYdQENJnYY5BJO7nWCPror6PERlbaf4Oqg1DbO5IVQ4ZQAys4P0ltik/jmM=&u=U2FsdGVkX18JYp2BfpO/WhMq124OhiohHtiFVY8ftaAP5azm0hAYLdWACMXKL9eF&y=U2FsdGVkX1/BfogZr/xDSeRbK+ZMULTk9PJfvjvEDW81Wggv40p8/tEndvDWel+K HTTP/1.1" 200 60
179.33.126.59 - - [27/Aug/2022:09:34:05 -0500] "GET /kwssiamovil/sm/acme/u?s=U2FsdGVkX1+SiaHXUlxtvelWDLlJQe1FFKK1VRvpr1Wj3nRLMye8QTv5UQdbyT9VGBVUZBpV8yrTin1MDWKd4DPkLIcsOSgSc3/RlZFZzHuw0Jr22R+TfxUai3NM11LNPQ1+Ujq/nPVJXoMQYXQvxKnk6QtKBroU9ljnp95Ie1F3L2hNr9y4N8wGVIApJxIUPUHDd4tTcvKphMW2G0ySQ9lkqsavwd+PjwHgvCtxkspR6zpElKw1C5FI1JZ6xnq695+gZAzi7vRYh4LymKg2Ek+hq0DRSttecw7fTiA7XUs=&u=U2FsdGVkX18JYp2BfpO/WhMq124OhiohHtiFVY8ftaAP5azm0hAYLdWACMXKL9eF&y=U2FsdGVkX1/BfogZr/xDSeRbK+ZMULTk9PJfvjvEDW81Wggv40p8/tEndvDWel+K HTTP/1.1" 200 60
179.33.126.59 - - [27/Aug/2022:09:34:38 -0500] "GET /kwssiamovil/sm/acme/u?s=U2FsdGVkX19FB0nSRVcpp5aZ5VHHJMfrSJ/iAjWNh67YPCOBsRLyfMhcj0Wln+O9srawllQ1NSaItqPK0cUQGlJE4SsCPAIkQ4lqAUVi99swIWVKJ/9IINuHXkzBUZFvEuTeJ7uuqaT7EaYpsEFxLYWV+U8q8d1O9HPOOAf94gWe/Nj3yEgzUCidSMWglDHwWbGrdwvdnTB6EQ8UsSM27rEp/FU+VMvldetIiN2rv2UdjC3hM5N+08O7TwCxOJNJYUz8MBvBU9I9RV0DFLg7WDKmjbvBX8pG/SJKn18Zj7A=&u=U2FsdGVkX18JYp2BfpO/WhMq124OhiohHtiFVY8ftaAP5azm0hAYLdWACMXKL9eF&y=U2FsdGVkX1/BfogZr/xDSeRbK+ZMULTk9PJfvjvEDW81Wggv40p8/tEndvDWel+K HTTP/1.1" 200 60
172.22.2.4 - - [27/Aug/2022:09:33:05 -0500] "HEAD /BLA/boletinlegal/ HTTP/1.1" 200 -
172.22.2.4 - - [27/Aug/2022:09:33:55 -0500] "GET /BLA/boletinlegal/ HTTP/1.1" 200 60272
216.245.221.92 - - [27/Aug/2022:09:36:51 -0500] "HEAD / HTTP/1.1" 200 -
201.245.192.253 - - [27/Aug/2022:09:37:34 -0500] "POST /kwsrmcab/Wsrmcab  HTTP/1.1" 200 213
201.245.192.253 - - [27/Aug/2022:09:39:24 -0500] "POST /kwsrmcab/Wsrmcab HTTP/1.1" 200 41858
201.245.192.253 - - [27/Aug/2022:09:39:28 -0500] "POST /kwsrmcab/Wsrmcab HTTP/1.1" 200 42629
172.22.2.4 - - [27/Aug/2022:09:39:53 -0500] "GET /BLA/boletinlegal/Circulares/2011/Circular%20No.%207%20del%2023%20de%20Diciembre%20de%202011.pdf HTTP/1.1" 304 -
172.22.2.4 - - [27/Aug/2022:09:38:55 -0500] "HEAD /BLA/boletinlegal/ HTTP/1.1" 200 -
172.22.2.4 - - [27/Aug/2022:09:39:45 -0500] "GET /BLA/boletinlegal/ HTTP/1.1" 200 59819
216.245.221.92 - - [27/Aug/2022:09:41:51 -0500] "HEAD / HTTP/1.1" 200 -
201.245.192.253 - - [27/Aug/2022:09:42:32 -0500] "POST /kwsrmcab/Wsrmcab  HTTP/1.1" 200 213
172.22.2.4 - - [27/Aug/2022:09:44:53 -0500] "GET /BLA/boletinlegal/Circulares/2019/Circular%20No.%200015%20del%2003%20de%20Octubre%20de%202019.pdf HTTP/1.1" 304 -
69.171.251.19 - - [27/Aug/2022:09:45:32 -0500] "GET /images/reunion-planta-termovalorizacion-11-mayo.jpg HTTP/1.1" 200 34782
172.22.2.4 - - [27/Aug/2022:09:44:45 -0500] "HEAD /BLA/boletinlegal/ HTTP/1.1" 200 -
216.245.221.92 - - [27/Aug/2022:09:46:51 -0500] "HEAD / HTTP/1.1" 200 -
172.22.2.4 - - [27/Aug/2022:09:45:35 -0500] "GET /BLA/boletinlegal/ HTTP/1.1" 200 58566
201.245.192.253 - - [27/Aug/2022:09:47:31 -0500] "POST /kwsrmcab/Wsrmcab  HTTP/1.1" 200 213
216.245.221.92 - - [27/Aug/2022:09:51:51 -0500] "HEAD / HTTP/1.1" 200 -
54.90.204.205 - - [27/Aug/2022:09:52:09 -0500] "GET /portaldeninos/ HTTP/1.1" 200 110281
172.22.2.4 - - [27/Aug/2022:09:50:35 -0500] "HEAD /BLA/boletinlegal/ HTTP/1.1" 200 -
173.252.87.23 - - [27/Aug/2022:09:52:24 -0500] "GET /images/pieza-mujeres-reverdecen-4-abril.jpg HTTP/1.1" 200 48916
201.245.192.253 - - [27/Aug/2022:09:52:30 -0500] "POST /kwsrmcab/Wsrmcab  HTTP/1.1" 200 213
64.124.8.30 - - [27/Aug/2022:09:52:53 -0500] "-" 408 -
172.22.2.4 - - [27/Aug/2022:09:51:25 -0500] "GET /BLA/boletinlegal/ HTTP/1.1" 200 56005
64.124.8.30 - - [27/Aug/2022:09:53:21 -0500] "-" 408 -
207.46.13.36 - - [27/Aug/2022:09:55:31 -0500] "GET /galeria/carrusel/Carrusel/jquery.thumbnailScroller.css HTTP/1.1" 200 2066
207.46.13.36 - - [27/Aug/2022:09:55:31 -0500] "GET /galeria/nivo-slider/demo/banner.html HTTP/1.1" 200 5446
157.55.39.8 - - [27/Aug/2022:09:55:35 -0500] "GET /galeria/carrusel/Carrusel/jquery-ui-1.8.13.custom.min.js HTTP/1.1" 200 10800
207.46.13.115 - - [27/Aug/2022:09:55:41 -0500] "GET /galeria/carrusel/Carrusel/jquery.thumbnailScroller.js HTTP/1.1" 200 8157
64.124.8.30 - - [27/Aug/2022:09:55:50 -0500] "-" 408 -
216.245.221.92 - - [27/Aug/2022:09:56:51 -0500] "HEAD / HTTP/1.1" 200 -
64.124.8.51 - - [27/Aug/2022:09:56:59 -0500] "GET /portaldeninos/gestion-del-riesgo-incendios-forestales HTTP/1.1" 301 -
201.245.192.253 - - [27/Aug/2022:09:57:29 -0500] "POST /kwsrmcab/Wsrmcab  HTTP/1.1" 200 213
172.22.2.4 - - [27/Aug/2022:09:56:25 -0500] "HEAD /BLA/boletinlegal/ HTTP/1.1" 200 -
207.46.13.36 - - [27/Aug/2022:09:58:52 -0500] "GET /BLA/resoluciones/RESOLUCIONES%202001/2001%201300-1349.tif HTTP/1.1" 200 4561457
172.22.2.4 - - [27/Aug/2022:09:57:15 -0500] "GET /BLA/boletinlegal/ HTTP/1.1" 200 58154
64.124.8.30 - - [27/Aug/2022:10:00:04 -0500] "-" 408 -
74.82.47.4 - - [27/Aug/2022:10:01:04 -0500] "GET /favicon.ico HTTP/1.1" 200 7782
64.124.8.51 - - [27/Aug/2022:10:01:29 -0500] "GET /portaldeninos/2018/04/09/hola-mundo/ HTTP/1.1" 200 93992
64.124.8.40 - - [27/Aug/2022:10:01:33 -0500] "-" 408 -
216.245.221.92 - - [27/Aug/2022:10:01:51 -0500] "HEAD / HTTP/1.1" 200 -
201.245.192.253 - - [27/Aug/2022:10:02:27 -0500] "POST /kwsrmcab/Wsrmcab  HTTP/1.1" 200 213
64.124.8.30 - - [27/Aug/2022:10:02:45 -0500] "-" 408 -
64.124.8.30 - - [27/Aug/2022:10:03:18 -0500] "-" 408 -
157.55.39.8 - - [27/Aug/2022:10:03:32 -0500] "GET /AFLUENTESYEFUENTES/ HTTP/1.1" 304 -
172.22.2.4 - - [27/Aug/2022:10:02:15 -0500] "HEAD /BLA/boletinlegal/ HTTP/1.1" 200 -
179.33.126.59 - - [27/Aug/2022:10:04:22 -0500] "OPTIONS /kwssiamovil/sm/setfile/f? HTTP/1.1" 200 13
179.33.126.59 - - [27/Aug/2022:10:04:22 -0500] "POST /kwssiamovil/sm/setfile/f? HTTP/1.1" 200 381
179.33.126.59 - - [27/Aug/2022:10:04:25 -0500] "OPTIONS /kwssiamovil/sm/setfile/f? HTTP/1.1" 200 13
179.33.126.59 - - [27/Aug/2022:10:04:25 -0500] "POST /kwssiamovil/sm/setfile/f? HTTP/1.1" 200 381
179.33.126.59 - - [27/Aug/2022:10:04:28 -0500] "OPTIONS /kwssiamovil/sm/setfile/f? HTTP/1.1" 200 13
179.33.126.59 - - [27/Aug/2022:10:04:28 -0500] "POST /kwssiamovil/sm/setfile/f? HTTP/1.1" 200 381
179.33.126.59 - - [27/Aug/2022:10:04:31 -0500] "OPTIONS /kwssiamovil/sm/setfile/f? HTTP/1.1" 200 13
179.33.126.59 - - [27/Aug/2022:10:04:31 -0500] "POST /kwssiamovil/sm/setfile/f? HTTP/1.1" 200 381
64.124.8.30 - - [27/Aug/2022:10:04:36 -0500] "-" 408 -
179.33.126.59 - - [27/Aug/2022:10:04:40 -0500] "GET /kwssiamovil/sm/acme/a?s=U2FsdGVkX1+R9t3znWBgVDO+7K2ffVGuxVBCUkCtsjWhnnyHe/sEICskoQjs8qWPz/icVyOP/hmNFSa3oCV3q0Gtpu8ROntBohr+e7yWRQKe/n+eYusH+IlxUWCJVD6wEzrQeWKwxqL24RZazfN7KAFeCH7DADWNC9KCLLAOPEUgqyNUmercS2ebAzfQZLMvdo9NjYUhNTtLx9RMuH5oRs3wgoMwWhVRilYN/ZbmJ6fZU6okc2Lqh6b1FJX6YQVYVSPoZ8UCg0QrZt8IMGoDoQ==&u=U2FsdGVkX18JYp2BfpO/WhMq124OhiohHtiFVY8ftaAP5azm0hAYLdWACMXKL9eF&y=U2FsdGVkX1/BfogZr/xDSeRbK+ZMULTk9PJfvjvEDW81Wggv40p8/tEndvDWel+K HTTP/1.1" 200 25
179.33.126.59 - - [27/Aug/2022:10:04:40 -0500] "GET /kwssiamovil/sm/acme/a?s=U2FsdGVkX1+qHVFWU4eT33wZNl/3D0QpfFwTrm9JgP9hiUW0HMjODL4wHvbityxQJpVACdpiwcJiKeMF0x7VcAo7nwaN2I1scJ+pLpzW9XtPEMrPcA8XXqNbT1zhEC27i5Oe2ap+kBcQvG4wcpOJBygs/yVrB+nQwM4aOnmsIfOB18OgHbhZyRsjrNfhd6vZZI04a/MVA4JaY7HEfGkac+XmuMYfkECkqwHiNFgZCx+1RaxKcBzmon8WP+5Ovpk8j2GvBXQBfyJW6fYxNRHfi/liV8btCvbxDPAXTSFX2sApD9GNvRs7J1w92B2jyr9aL4dtCFhPFRCfmGSElflIUEjok0BfmKGK5VVR5ZvsGwN6Y8A8mDAWVHzgYmcSghOIjF6vxqmBoMHwEtHI9II1Z10+t+7wNksZ1s0QyK3KLu8NhE4TDIBhNY3lCZzutJ8bqeqM6wG4GPZhkp28yI1NOCwFWuMbPMXxKL24Wga+MQGACUZPFW7D3uiD9a3QDJXv8b7i+jXOz1T/IqQjTVxSav1SSgoMWU7y/A1xJme+nyMHti+VKgzG5x0GfUzmFkOxGCOqNPVsa76jesghJwdZMRQu731xMOdmwVV0JIUWyZkZtB5gq/ePIn/iCbO7jhEG1MStE5f2KVO3JNLPC/f66ksycpACw7opf60mJ4ru8u3z5cmsOTRUQIyu3dxoTnmcy03kuklCfbjCKklWgNYgDPgrRiX12OJhbZODSs+BQ6PflUHXhoTA6nMtGUeKJxVk8KYDYCkRJoQokHS3c5si267dGx0ktOFRTBABRkvaq/PGs8QtUpD61QzVTmtWccm41ASKdb3Z/pHTqLZLtWPIMqtRPFTB0WwZSTApiji15fDWF6Rkf7c8mvnmqpmhJJH/lL1VFjaKGtdTtlCLcrlzs0GZEf3y3mYMBICgRriwV4bA3mceBHVcwd2Bu+Zc/4kAtZBx0kithAm4Nx36dMttRRcj6A/ripRZ8sTI33DVygFbFXX7DpW3gjwKj3W1AXFWDUcSAKedKevqgXVlJZ/qGJOjPrwiNan7VlX8sDDIuwLF7PeSrq8tVciJak4RuyoRPBJsmL2xyNQ2nT1tzwWllQ05tfEHzW8PDJvVYhR7Wqw7o0i+Mfwdb7YZgC8TBE4587VyevR9gVhVfvlxWvpTF4F2BnamVgMsv6QrO3IdGSz4XkTkHLDn0nOCQjkLhHY8KsMzc4XFAvyu079zWJn4urp7ScvJjEMyKXmlDSPbQh7l9HLg17PLxVA+b2LC5/lmkCZKNcnzpbJkndzWlBB3/IvwSx68Sb11B5hSwUvpuuy5oEwrgKR2Pfky2vvLNDIH7012GAoj7LxNat50j7icAGuJAikaCSyLXcLKDqRoBVPQk4fyPm+ezP8Mj3LG3/oR6U+/ED8Lv+FJwtRc9Wlp11SGJdsglC2TYQ9NcXoKSZp9uc9M+1yxA3H+/Qsitu/4DdtAv2mpToBV66LddLhztx7hugPVbn+9vG8fgoAoPtm02vLWxIhNwQjd760LFMt5GIygF52wAm9FyRrUw9DvrjZz4oONY6/pSJXZngD//5Vqo07CSp413ir9GkBO2ggHlbHJdoqBQjZXz4yVhyn4sFrn6mkpn91iUGL8fbn/NHwLyXpGSkAL+YFwCPhC7/kzhAQWC4S2fkFFMpUTeHct/g7fpk7VIU7u2Vv+bW+8jd9+4iKImqdOEOeLISa+18edpIlQhgakGtMpOlF+kdWyLWl7Zg+bCvieKcyuCm+yNMASiEuioqC+hk6cffeLodt+EDHsRE9Lt8mItcRo16u5E9iwT7D2lVeOLZX8XrmrLe3Bx6eWFquytt0/fjXK51dOx5tuYO3Tb1U8i4yzFcWuGQr1stMgdRa/sMVI77G+7Ka9M/YACGgwoFTP2WiQJIa05MmDl/NseR8SuHm74BxUP2qfpFKK67TdsWpO3bLYNGTHLgtVfGEfIkscB2gTY3mFd5x8UCI9ZQo9zGXU8QrDuiVwVdfDxE0l6cG0jyoaQIRN77yE7K3xCjPmDiCoZ0NFH4uPXPWaoRjdPLPsuSkZd0ySjV1ivO00+jP9xuW33m0=&u=U2FsdGVkX18JYp2BfpO/WhMq124OhiohHtiFVY8ftaAP5azm0hAYLdWACMXKL9eF&y=U2FsdGVkX1/BfogZr/xDSeRbK+ZMULTk9PJfvjvEDW81Wggv40p8/tEndvDWel+K HTTP/1.1" 200 25
179.33.126.59 - - [27/Aug/2022:10:04:41 -0500] "GET /kwssiamovil/sm/acme/a?s=U2FsdGVkX18REZg+TrljyVom8LvYUPhBv+qO0SUusKDAh9xVnU6quNArvUdNHraB4Lrrob3POJBdQ1oNPWkqXNUQyDASZ1U1WGML82SMuFkNwlioQ2zHqPdaT9Wy81yvSjkDAL3rXHLeRl44yDRYfu0DXjJJM0xUWRUdFINp7Rc=&u=U2FsdGVkX18JYp2BfpO/WhMq124OhiohHtiFVY8ftaAP5azm0hAYLdWACMXKL9eF&y=U2FsdGVkX1/BfogZr/xDSeRbK+ZMULTk9PJfvjvEDW81Wggv40p8/tEndvDWel+K HTTP/1.1" 200 25
179.33.126.59 - - [27/Aug/2022:10:04:41 -0500] "GET /kwssiamovil/sm/acme/a?s=U2FsdGVkX1+66riVTtOGXJXNggPudFyGMmblncTXS4OH+kMZkVV+ozE+wAwStJpdqHW99QjbJlKfK+lnhjsAq8uJecuQmuku6CvtZsLEN46ZxGLFw6ZzPibg1FILe6SwRwkCnDz1eN4ETnURGSN80/QMRtHsDOqRyiL+1vP7VBo=&u=U2FsdGVkX18JYp2BfpO/WhMq124OhiohHtiFVY8ftaAP5azm0hAYLdWACMXKL9eF&y=U2FsdGVkX1/BfogZr/xDSeRbK+ZMULTk9PJfvjvEDW81Wggv40p8/tEndvDWel+K HTTP/1.1" 200 25
179.33.126.59 - - [27/Aug/2022:10:04:41 -0500] "GET /kwssiamovil/sm/acme/a?s=U2FsdGVkX1+94Mu8KZVKfPus3l2sw2/6rLagn01sXNkcUfmugdza2DdMMj3LLQdKY7etiuqGUrSfMs5vmzUBeRMmug3HbqyvaRSKCKeglGexIRJQOJxlzjvfOsffzuoIuDl48C+NyqDSgvMdYFd6os2K0T1S0zRtJlDg6it5HjI=&u=U2FsdGVkX18JYp2BfpO/WhMq124OhiohHtiFVY8ftaAP5azm0hAYLdWACMXKL9eF&y=U2FsdGVkX1/BfogZr/xDSeRbK+ZMULTk9PJfvjvEDW81Wggv40p8/tEndvDWel+K HTTP/1.1" 200 25
