!C99Shell v. 1.0 pre-release build #13!

Software: Apache. PHP/5.5.15 

uname -a: Windows NT SVR-DMZ 6.1 build 7600 (Windows Server 2008 R2 Enterprise Edition) i586 

SYSTEM 

Safe-mode: OFF (not secure)

E:\nuevo\apache\logs\   drwxrwxrwx
Free 5.02 GB of 239.26 GB (2.1%)
Detected drives: [ a ] [ c ] [ d ] [ e ] [ f ]
Home    Back    Forward    UPDIR    Refresh    Search    Buffer    Encoder    Tools    Proc.    FTP brute    Sec.    SQL    PHP-code    Update    Feedback    Self remove    Logout    


Viewing file:     access.2022.08.27.log (578.36 KB)      -rw-rw-rw-
Select action/file-type:
(+) | (+) | (+) | Code (+) | Session (+) | (+) | SDB (+) | (+) | (+) | (+) | (+) | (+) |
190.27.126.208 - - [27/Aug/2022:00:00:32 -0500] "GET /autoliquidacion2020/Calidad%20del%20aire%20auditiva%20y%20visual-/Registro%20de%20la%20publicidad%20exterior%20visual/Aplicativo%20PEV%202022%20Tarifas%20de%20Cobro%20por%20servicio%20de%20evaluaci%C3%B3n.xls HTTP/1.1" 200 55296
172.22.2.4 - - [27/Aug/2022:00:01:10 -0500] "GET /BLA/boletinlegal/ HTTP/1.1" 200 24523
216.245.221.92 - - [27/Aug/2022:00:01:52 -0500] "HEAD / HTTP/1.1" 200 -
172.22.2.4 - - [27/Aug/2022:00:02:08 -0500] "GET /BLA/boletinlegal/favicon.ico HTTP/1.1" 404 1038
172.22.2.4 - - [27/Aug/2022:00:02:10 -0500] "GET /BLA/boletinlegal/robots.txt HTTP/1.1" 404 1038
172.22.2.4 - - [27/Aug/2022:00:01:43 -0500] "GET /BLA/boletinlegal/ HTTP/1.1" 200 36811
172.22.2.4 - - [27/Aug/2022:00:01:26 -0500] "HEAD /BLA/boletinlegal/ HTTP/1.1" 200 -
172.22.2.4 - - [27/Aug/2022:00:02:17 -0500] "GET /BLA/boletinlegal/ HTTP/1.1" 200 53631
201.245.192.253 - - [27/Aug/2022:00:04:26 -0500] "POST /kwsrmcab/Wsrmcab  HTTP/1.1" 200 213
172.22.2.4 - - [27/Aug/2022:00:06:10 -0500] "GET /BLA/boletinlegal/Circulares/2014/Circular%20No.%203%20del%2014%20de%20Noviembre%20de%202014.pdf HTTP/1.1" 304 -
216.245.221.92 - - [27/Aug/2022:00:06:52 -0500] "HEAD / HTTP/1.1" 200 -
172.22.2.4 - - [27/Aug/2022:00:07:08 -0500] "GET /BLA/boletinlegal/jurisprudencia/analisis/analisis%20sentencia%20C-596-10.doc HTTP/1.1" 200 36352
45.190.158.38 - - [27/Aug/2022:00:07:48 -0500] "GET / HTTP/1.1" 400 946
172.22.2.4 - - [27/Aug/2022:00:07:16 -0500] "HEAD /BLA/boletinlegal/ HTTP/1.1" 200 -
64.124.8.34 - - [27/Aug/2022:00:09:15 -0500] "GET /BLA/boletinlegal/sugerencias.php HTTP/1.1" 200 8615
201.245.192.253 - - [27/Aug/2022:00:09:24 -0500] "POST /kwsrmcab/Wsrmcab  HTTP/1.1" 200 213
207.46.13.186 - - [27/Aug/2022:00:09:43 -0500] "GET /BLA/resoluciones/index.php?dir=AUTOS+2021%2F HTTP/1.1" 200 393164
172.22.2.4 - - [27/Aug/2022:00:08:07 -0500] "GET /BLA/boletinlegal/ HTTP/1.1" 200 58154
64.124.8.24 - - [27/Aug/2022:00:11:35 -0500] "GET /portaldeninos/aire/ HTTP/1.1" 200 88215
216.245.221.92 - - [27/Aug/2022:00:11:52 -0500] "HEAD / HTTP/1.1" 200 -
64.124.8.24 - - [27/Aug/2022:00:13:11 -0500] "GET /portaldeninos/aulas-ambientales/aula-ambiental-sorotama/ HTTP/1.1" 200 89596
152.61.192.232 - - [27/Aug/2022:00:13:24 -0500] "GET / HTTP/1.1" 200 319
201.245.192.253 - - [27/Aug/2022:00:14:23 -0500] "POST /kwsrmcab/Wsrmcab  HTTP/1.1" 200 213
172.22.2.4 - - [27/Aug/2022:00:13:06 -0500] "HEAD /BLA/boletinlegal/ HTTP/1.1" 200 -
172.22.2.4 - - [27/Aug/2022:00:13:57 -0500] "GET /BLA/boletinlegal/ HTTP/1.1" 200 54814
216.245.221.92 - - [27/Aug/2022:00:16:52 -0500] "HEAD / HTTP/1.1" 200 -
173.252.111.14 - - [27/Aug/2022:00:17:47 -0500] "GET /images/lluvias-arboles-4-junio.jpeg HTTP/1.1" 200 117524
173.252.111.14 - - [27/Aug/2022:00:17:48 -0500] "GET /images/empresas-industrias-forestales-1-junio.jpg HTTP/1.1" 200 44019
173.252.111.1 - - [27/Aug/2022:00:17:48 -0500] "GET /images/Junio%2002-experiencias-jardines-verticales-sda.jpeg HTTP/1.1" 200 31171
173.252.111.14 - - [27/Aug/2022:00:17:49 -0500] "GET /images/pieza-grafica-semana-ambiental-30.jpg HTTP/1.1" 200 38850
69.171.249.16 - - [27/Aug/2022:00:18:39 -0500] "GET /images/mercados-campesinos-5-mayo.jpg HTTP/1.1" 200 95848
64.124.8.34 - - [27/Aug/2022:00:18:57 -0500] "GET /BLA/boletinlegal/doctrina.php HTTP/1.1" 200 5604
157.55.39.51 - - [27/Aug/2022:00:18:56 -0500] "GET /portaldeninos/wp-content/uploads/2021/07/Banners-p%C3%A1gina-de-ni%C3%B1os10-50x2.jpg HTTP/1.1" 404 75240
152.61.128.50 - - [27/Aug/2022:00:19:02 -0500] "GET / HTTP/1.1" 200 319
201.245.192.253 - - [27/Aug/2022:00:19:21 -0500] "POST /kwsrmcab/Wsrmcab  HTTP/1.1" 200 213
201.245.192.253 - - [27/Aug/2022:00:19:26 -0500] "POST /kwsrmcab/Wsrmcab HTTP/1.1" 200 43463
201.245.192.253 - - [27/Aug/2022:00:19:32 -0500] "POST /kwsrmcab/Wsrmcab HTTP/1.1" 200 42280
64.124.8.24 - - [27/Aug/2022:00:19:40 -0500] "GET /portaldeninos/glosario/ HTTP/1.1" 200 97198
172.22.2.4 - - [27/Aug/2022:00:18:56 -0500] "HEAD /BLA/boletinlegal/ HTTP/1.1" 200 -
64.124.8.24 - - [27/Aug/2022:00:20:39 -0500] "GET /portaldeninos/humedal-santa-maria-del-lago/ HTTP/1.1" 200 88988
172.22.2.4 - - [27/Aug/2022:00:21:10 -0500] "GET /BLA/boletinlegal/jurisprudencia/analisis/Analisis%20jurisprudencial%20Sentencia%20C-366-11.doc HTTP/1.1" 304 -
172.22.2.4 - - [27/Aug/2022:00:19:47 -0500] "GET /BLA/boletinlegal/ HTTP/1.1" 200 56367
216.245.221.92 - - [27/Aug/2022:00:21:52 -0500] "HEAD / HTTP/1.1" 200 -
172.22.2.4 - - [27/Aug/2022:00:22:48 -0500] "GET /BLA/boletinlegal/Directivas/2012/Directiva%20No.%201%20del%2030%20de%20octubre%20de%202012.pdf HTTP/1.1" 200 1522771
64.124.8.24 - - [27/Aug/2022:00:23:07 -0500] "GET /portaldeninos/humedal-jaboque-2/ HTTP/1.1" 200 87846
201.245.192.253 - - [27/Aug/2022:00:24:21 -0500] "POST /kwsrmcab/Wsrmcab  HTTP/1.1" 200 213
64.124.8.34 - - [27/Aug/2022:00:24:29 -0500] "GET /BLA/boletinlegal/conceptos.php HTTP/1.1" 200 7443
172.22.2.4 - - [27/Aug/2022:00:23:58 -0500] "GET /BLA/boletinlegal/ HTTP/1.1" 200 32715
157.55.39.80 - - [27/Aug/2022:00:25:36 -0500] "GET /sipse/faces/faces/autenticacion.xhtml HTTP/1.1" 200 12502
185.119.81.109 - - [27/Aug/2022:00:26:00 -0500] "GET /portaldeninos/wp-login.php HTTP/1.1" 200 2592
185.119.81.109 - - [27/Aug/2022:00:26:01 -0500] "POST /portaldeninos/wp-login.php HTTP/1.1" 200 3670
172.22.2.4 - - [27/Aug/2022:00:24:46 -0500] "HEAD /BLA/boletinlegal/ HTTP/1.1" 200 -
216.245.221.92 - - [27/Aug/2022:00:26:52 -0500] "HEAD / HTTP/1.1" 200 -
66.249.73.164 - - [27/Aug/2022:00:27:02 -0500] "-" 408 -
172.22.2.4 - - [27/Aug/2022:00:25:37 -0500] "GET /BLA/boletinlegal/ HTTP/1.1" 200 60272
201.245.192.253 - - [27/Aug/2022:00:29:20 -0500] "POST /kwsrmcab/Wsrmcab  HTTP/1.1" 200 213
201.245.192.253 - - [27/Aug/2022:00:29:26 -0500] "POST /kwsrmcab/Wsrmcab HTTP/1.1" 200 43463
201.245.192.253 - - [27/Aug/2022:00:29:30 -0500] "POST /kwsrmcab/Wsrmcab HTTP/1.1" 200 42280
64.124.8.24 - - [27/Aug/2022:00:30:59 -0500] "GET /portaldeninos/comments/feed/ HTTP/1.1" 200 1823
216.245.221.92 - - [27/Aug/2022:00:31:52 -0500] "HEAD / HTTP/1.1" 200 -
172.22.2.4 - - [27/Aug/2022:00:30:36 -0500] "HEAD /BLA/boletinlegal/ HTTP/1.1" 200 -
172.22.2.4 - - [27/Aug/2022:00:31:26 -0500] "GET /BLA/boletinlegal/ HTTP/1.1" 200 51984
172.22.2.4 - - [27/Aug/2022:00:34:20 -0500] "GET /BLA/boletinlegal/Circulares/2012/Circular%20No.%209%20del%2021%20de%20Agosto%20de%202012.pdf HTTP/1.1" 304 -
201.245.192.253 - - [27/Aug/2022:00:34:20 -0500] "POST /kwsrmcab/Wsrmcab  HTTP/1.1" 200 213
64.124.8.24 - - [27/Aug/2022:00:34:58 -0500] "GET /portaldeninos/aula-ambiental-artistica-itinerante-auambari/ HTTP/1.1" 200 89306
64.124.8.24 - - [27/Aug/2022:00:35:34 -0500] "GET /portaldeninos/humedal-torca-y-guaymaral-2/ HTTP/1.1" 200 88086
172.22.2.4 - - [27/Aug/2022:00:36:10 -0500] "GET /BLA/boletinlegal/Directivas/2017/Directiva%20No.%2002%20del%2017%20de%20Enero%20de%202017.pdf HTTP/1.1" 304 -
216.245.221.92 - - [27/Aug/2022:00:36:52 -0500] "HEAD / HTTP/1.1" 200 -
64.124.8.24 - - [27/Aug/2022:00:36:57 -0500] "GET /portaldeninos/aulas-ambientales/ HTTP/1.1" 200 88416
66.249.73.191 - - [27/Aug/2022:00:37:29 -0500] "-" 408 -
172.22.2.4 - - [27/Aug/2022:00:36:26 -0500] "HEAD /BLA/boletinlegal/ HTTP/1.1" 200 -
172.22.2.4 - - [27/Aug/2022:00:38:24 -0500] "GET /BLA/boletinlegal/robots.txt HTTP/1.1" 404 1038
64.124.8.24 - - [27/Aug/2022:00:38:41 -0500] "GET /portaldeninos/humedal-la-conejera-2/ HTTP/1.1" 200 88020
172.22.2.4 - - [27/Aug/2022:00:37:16 -0500] "GET /BLA/boletinlegal/ HTTP/1.1" 200 56005
64.124.8.24 - - [27/Aug/2022:00:39:01 -0500] "GET /portaldeninos/relatos-urbanos-de-los-ecosistemas-bogotanos-2/ HTTP/1.1" 200 88374
64.124.8.24 - - [27/Aug/2022:00:39:06 -0500] "GET /portaldeninos/corresponsal-ambiental/ HTTP/1.1" 200 93768
201.245.192.253 - - [27/Aug/2022:00:39:18 -0500] "POST /kwsrmcab/Wsrmcab  HTTP/1.1" 200 213
201.245.192.253 - - [27/Aug/2022:00:39:25 -0500] "POST /kwsrmcab/Wsrmcab HTTP/1.1" 200 43463
201.245.192.253 - - [27/Aug/2022:00:39:29 -0500] "POST /kwsrmcab/Wsrmcab HTTP/1.1" 200 42280
194.93.0.40 - - [27/Aug/2022:00:39:50 -0500] "-" 408 -
172.22.2.4 - - [27/Aug/2022:00:38:25 -0500] "GET /BLA/boletinlegal/index.php HTTP/1.1" 200 60272
172.22.2.4 - - [27/Aug/2022:00:41:19 -0500] "GET /BLA/boletinlegal/style.css HTTP/1.1" 200 9406
172.22.2.4 - - [27/Aug/2022:00:41:19 -0500] "GET /BLA/boletinlegal/styles2.css HTTP/1.1" 200 1838
172.22.2.4 - - [27/Aug/2022:00:41:19 -0500] "GET /BLA/boletinlegal/js/jquery.js HTTP/1.1" 200 57254
172.22.2.4 - - [27/Aug/2022:00:41:19 -0500] "GET /BLA/boletinlegal/js/jquery.scrollTo-min.js HTTP/1.1" 200 1150
172.22.2.4 - - [27/Aug/2022:00:41:19 -0500] "GET /BLA/boletinlegal/js/jquery.scrollShow.js HTTP/1.1" 200 4586
172.22.2.4 - - [27/Aug/2022:00:41:19 -0500] "GET /BLA/boletinlegal/images/cabezote%20BLEGAL.jpg HTTP/1.1" 200 118164
172.22.2.4 - - [27/Aug/2022:00:41:19 -0500] "GET /BLA/boletinlegal/images/subscribe-icon-big.png HTTP/1.1" 200 47702
172.22.2.4 - - [27/Aug/2022:00:41:19 -0500] "GET /BLA/boletinlegal/images/historia.png HTTP/1.1" 200 52775
172.22.2.4 - - [27/Aug/2022:00:41:19 -0500] "GET /BLA/boletinlegal/images/registro-usuarios.png HTTP/1.1" 200 8106
172.22.2.4 - - [27/Aug/2022:00:41:19 -0500] "GET /BLA/boletinlegal/images/arr_l.jpg HTTP/1.1" 200 1979
172.22.2.4 - - [27/Aug/2022:00:41:19 -0500] "GET /BLA/boletinlegal/images/screen_1.png HTTP/1.1" 200 202547
172.22.2.4 - - [27/Aug/2022:00:41:19 -0500] "GET /BLA/boletinlegal/images/launch.jpg HTTP/1.1" 200 14577
172.22.2.4 - - [27/Aug/2022:00:41:19 -0500] "GET /BLA/boletinlegal/images/body_bg.jpg HTTP/1.1" 200 1601
172.22.2.4 - - [27/Aug/2022:00:41:19 -0500] "GET /BLA/boletinlegal/images/menu_lft.gif HTTP/1.1" 200 1713
172.22.2.4 - - [27/Aug/2022:00:41:19 -0500] "GET /BLA/boletinlegal/images/menu_rght.gif HTTP/1.1" 200 1627
172.22.2.4 - - [27/Aug/2022:00:41:19 -0500] "GET /BLA/boletinlegal/images/bg_top.jpg HTTP/1.1" 200 522
172.22.2.4 - - [27/Aug/2022:00:41:19 -0500] "GET /BLA/boletinlegal/images/menu_bg.jpg HTTP/1.1" 200 620
172.22.2.4 - - [27/Aug/2022:00:41:19 -0500] "GET /BLA/boletinlegal/images/hover.jpg HTTP/1.1" 200 640
172.22.2.4 - - [27/Aug/2022:00:41:19 -0500] "GET /BLA/boletinlegal/images/text.jpg HTTP/1.1" 200 568
172.22.2.4 - - [27/Aug/2022:00:41:21 -0500] "GET /BLA/boletinlegal/actos.php HTTP/1.1" 200 9559
172.22.2.4 - - [27/Aug/2022:00:41:21 -0500] "GET /BLA/boletinlegal/js/ajax_actos.js HTTP/1.1" 200 1322
172.22.2.4 - - [27/Aug/2022:00:41:21 -0500] "GET /BLA/boletinlegal/niceforms.js HTTP/1.1" 200 22876
172.22.2.4 - - [27/Aug/2022:00:41:21 -0500] "GET /BLA/boletinlegal/js/lib.js HTTP/1.1" 200 6474
172.22.2.4 - - [27/Aug/2022:00:41:21 -0500] "GET /BLA/boletinlegal/js/popup.js HTTP/1.1" 200 1270
172.22.2.4 - - [27/Aug/2022:00:41:21 -0500] "GET /BLA/boletinlegal/niceforms-default.css HTTP/1.1" 200 6694
172.22.2.4 - - [27/Aug/2022:00:41:21 -0500] "GET /BLA/boletinlegal/js/jquery1.js HTTP/1.1" 200 29846
172.22.2.4 - - [27/Aug/2022:00:41:21 -0500] "GET /BLA/boletinlegal/images/green-yellow-blue-pink-th.png HTTP/1.1" 200 7394
172.22.2.4 - - [27/Aug/2022:00:41:21 -0500] "GET /BLA/boletinlegal/images/tel.png HTTP/1.1" 200 14477
172.22.2.4 - - [27/Aug/2022:00:41:21 -0500] "GET /BLA/boletinlegal/images/abajo.png HTTP/1.1" 200 96676
172.22.2.4 - - [27/Aug/2022:00:41:21 -0500] "GET /BLA/boletinlegal/images/icono-email.png HTTP/1.1" 200 5544
172.22.2.4 - - [27/Aug/2022:00:41:21 -0500] "GET /BLA/boletinlegal/images/footer_bg.jpg HTTP/1.1" 200 586
172.22.2.4 - - [27/Aug/2022:00:41:21 -0500] "GET /BLA/boletinlegal/images/footer_bg_l.jpg HTTP/1.1" 200 776
172.22.2.4 - - [27/Aug/2022:00:41:21 -0500] "GET /BLA/boletinlegal/img/0.png HTTP/1.1" 200 110
172.22.2.4 - - [27/Aug/2022:00:41:21 -0500] "GET /BLA/boletinlegal/img/select-left.png HTTP/1.1" 200 263
172.22.2.4 - - [27/Aug/2022:00:41:21 -0500] "GET /BLA/boletinlegal/img/select-right.png HTTP/1.1" 200 44019
172.22.2.4 - - [27/Aug/2022:00:41:21 -0500] "GET /BLA/boletinlegal/img/button-left.png HTTP/1.1" 200 57071
172.22.2.4 - - [27/Aug/2022:00:41:21 -0500] "GET /BLA/boletinlegal/img/button-right.png HTTP/1.1" 200 57878
172.22.2.4 - - [27/Aug/2022:00:41:21 -0500] "GET /BLA/boletinlegal/img/button.png HTTP/1.1" 200 43241
172.22.2.4 - - [27/Aug/2022:00:41:21 -0500] "GET /BLA/boletinlegal/favicon.ico HTTP/1.1" 404 1326
190.156.185.197 - - [27/Aug/2022:00:41:23 -0500] "GET /BLA/resoluciones/ HTTP/1.1" 200 13093
190.156.185.197 - - [27/Aug/2022:00:41:23 -0500] "GET /favicon.ico HTTP/1.1" 200 7782
190.156.185.197 - - [27/Aug/2022:00:41:26 -0500] "GET /BLA/resoluciones/index.php?dir=AUTOS+2021%2F HTTP/1.1" 200 393164
172.22.2.4 - - [27/Aug/2022:00:41:19 -0500] "GET /BLA/boletinlegal/ HTTP/1.1" 200 24523
216.245.221.92 - - [27/Aug/2022:00:41:52 -0500] "HEAD / HTTP/1.1" 200 -
64.124.8.24 - - [27/Aug/2022:00:41:58 -0500] "GET /portaldeninos/wp-json/ HTTP/1.1" 200 60134
190.156.185.197 - - [27/Aug/2022:00:42:06 -0500] "GET /BLA/resoluciones/AUTOS%202021/3400.pdf HTTP/1.1" 200 482260
69.171.251.7 - - [27/Aug/2022:00:42:08 -0500] "GET /images/Junio%2002-experiencias-jardines-verticales-sda.jpeg HTTP/1.1" 200 31171
64.124.8.34 - - [27/Aug/2022:00:43:51 -0500] "GET /BLA/boletinlegal/normativa.php HTTP/1.1" 200 8326
172.22.2.4 - - [27/Aug/2022:00:42:16 -0500] "HEAD /BLA/boletinlegal/ HTTP/1.1" 200 -
66.249.73.191 - - [27/Aug/2022:00:44:11 -0500] "-" 408 -
201.245.192.253 - - [27/Aug/2022:00:44:17 -0500] "POST /kwsrmcab/Wsrmcab  HTTP/1.1" 200 213
172.22.2.4 - - [27/Aug/2022:00:43:07 -0500] "GET /BLA/boletinlegal/ HTTP/1.1" 200 56005
64.124.8.24 - - [27/Aug/2022:00:45:00 -0500] "GET /portaldeninos/humedal-tibanica-2/ HTTP/1.1" 200 87771
64.124.8.24 - - [27/Aug/2022:00:46:11 -0500] "GET /portaldeninos/los-arboles/ HTTP/1.1" 200 87546
216.245.221.92 - - [27/Aug/2022:00:46:52 -0500] "HEAD / HTTP/1.1" 200 -
185.119.81.109 - - [27/Aug/2022:00:47:11 -0500] "GET /portaldeninos/wp-login.php HTTP/1.1" 200 2592
185.119.81.109 - - [27/Aug/2022:00:47:12 -0500] "POST /portaldeninos/wp-login.php HTTP/1.1" 200 3605
201.245.192.253 - - [27/Aug/2022:00:49:17 -0500] "POST /kwsrmcab/Wsrmcab  HTTP/1.1" 200 213
64.124.8.24 - - [27/Aug/2022:00:49:46 -0500] "GET /portaldeninos/residuos HTTP/1.1" 301 -
172.22.2.4 - - [27/Aug/2022:00:48:06 -0500] "HEAD /BLA/boletinlegal/ HTTP/1.1" 200 -
64.124.8.53 - - [27/Aug/2022:00:49:58 -0500] "-" 408 -
34.141.150.123 - - [27/Aug/2022:00:50:01 -0500] "GET / HTTP/1.1" 200 319
34.141.150.123 - - [27/Aug/2022:00:50:01 -0500] "GET / HTTP/1.1" 200 4720
172.22.2.4 - - [27/Aug/2022:00:48:56 -0500] "GET /BLA/boletinlegal/ HTTP/1.1" 200 60272
216.245.221.92 - - [27/Aug/2022:00:51:52 -0500] "HEAD / HTTP/1.1" 200 -
172.22.2.4 - - [27/Aug/2022:00:52:48 -0500] "GET /BLA/boletinlegal/Circulares/2020/CIRCULAR%20No.%2000014%20del%2001%20de%20septiembre%20del%202020.pdf HTTP/1.1" 200 320826
201.245.192.253 - - [27/Aug/2022:00:54:15 -0500] "POST /kwsrmcab/Wsrmcab  HTTP/1.1" 200 213
64.124.8.34 - - [27/Aug/2022:00:55:29 -0500] "GET /BLA/boletinlegal/jurisprudencia.php HTTP/1.1" 200 17573
172.22.2.4 - - [27/Aug/2022:00:53:56 -0500] "HEAD /BLA/boletinlegal/ HTTP/1.1" 200 -
64.124.8.24 - - [27/Aug/2022:00:55:47 -0500] "GET /portaldeninos/parque-ecologico-distrital-humedal-santa-maria-del-lago/ HTTP/1.1" 200 90199
157.55.39.80 - - [27/Aug/2022:00:56:18 -0500] "GET /BLA/resoluciones/index.php?dir=RESOLUCIONES+2011%2F HTTP/1.1" 200 548811
172.22.2.4 - - [27/Aug/2022:00:54:46 -0500] "GET /BLA/boletinlegal/ HTTP/1.1" 200 52868
152.61.192.232 - - [27/Aug/2022:00:56:26 -0500] "GET /arcgis/services/Calidad_del_Agua_WQI/MapServer/WMSServer?request=GetCapabilities&service=WMS HTTP/1.1" 503 1020
152.61.192.232 - - [27/Aug/2022:00:56:27 -0500] "GET /arcgis/services/Calidad_del_Agua_WQI/MapServer/WMSServer?SERVICE=WMS&REQUEST=GetCapabilities HTTP/1.1" 503 1020
152.61.192.232 - - [27/Aug/2022:00:56:27 -0500] "GET /arcgis/services/Calidad_del_Agua_WQI/MapServer/WMSServer?WMTVER=1.0.0&REQUEST=capabilities HTTP/1.1" 503 1020
216.245.221.92 - - [27/Aug/2022:00:56:52 -0500] "HEAD / HTTP/1.1" 200 -
157.55.39.80 - - [27/Aug/2022:00:58:27 -0500] "GET /BLA/resoluciones/RESOLUCIONES%202015/1042.pdf HTTP/1.1" 304 -
64.124.8.24 - - [27/Aug/2022:00:58:36 -0500] "GET /portaldeninos/publicidad/ HTTP/1.1" 200 87569
201.245.192.253 - - [27/Aug/2022:00:59:14 -0500] "POST /kwsrmcab/Wsrmcab  HTTP/1.1" 200 213
64.124.8.24 - - [27/Aug/2022:00:59:21 -0500] "GET /portaldeninos/los-arboles/tips/ HTTP/1.1" 200 87677
172.22.2.4 - - [27/Aug/2022:00:59:46 -0500] "HEAD /BLA/boletinlegal/ HTTP/1.1" 200 -
216.245.221.92 - - [27/Aug/2022:01:01:52 -0500] "HEAD / HTTP/1.1" 200 -
172.22.2.4 - - [27/Aug/2022:01:01:55 -0500] "GET /BLA/boletinlegal/robots.txt HTTP/1.1" 404 1038
64.124.8.24 - - [27/Aug/2022:01:01:54 -0500] "GET /portaldeninos/humedal-el-burro-2/ HTTP/1.1" 200 87926
172.22.2.4 - - [27/Aug/2022:01:01:58 -0500] "GET /BLA/boletinlegal/actos.php HTTP/1.1" 200 9559
172.22.2.4 - - [27/Aug/2022:01:00:36 -0500] "GET /BLA/boletinlegal/ HTTP/1.1" 200 58946
157.55.39.80 - - [27/Aug/2022:01:03:37 -0500] "GET /BLA/resoluciones/RESOLUCIONES%202021/1098.pdf HTTP/1.1" 304 -
152.61.128.50 - - [27/Aug/2022:01:03:40 -0500] "GET /arcgis/services/Calidad_del_Agua_WQI/MapServer/WMSServer?request=GetCapabilities&service=WMS HTTP/1.1" 503 1020
152.61.128.50 - - [27/Aug/2022:01:03:42 -0500] "GET /arcgis/services/Calidad_del_Agua_WQI/MapServer/WMSServer?SERVICE=WMS&REQUEST=GetCapabilities HTTP/1.1" 503 1020
152.61.128.50 - - [27/Aug/2022:01:03:42 -0500] "GET /arcgis/services/Calidad_del_Agua_WQI/MapServer/WMSServer?WMTVER=1.0.0&REQUEST=capabilities HTTP/1.1" 503 1020
64.124.8.24 - - [27/Aug/2022:01:03:56 -0500] "GET /portaldeninos/home-2-3/feed/ HTTP/1.1" 200 793
201.245.192.253 - - [27/Aug/2022:01:04:13 -0500] "POST /kwsrmcab/Wsrmcab  HTTP/1.1" 200 213
64.124.8.24 - - [27/Aug/2022:01:06:10 -0500] "GET /portaldeninos/tipos-de-arboles-en-bogota/ HTTP/1.1" 200 109802
216.245.221.92 - - [27/Aug/2022:01:06:52 -0500] "HEAD / HTTP/1.1" 200 -
172.22.2.4 - - [27/Aug/2022:01:05:36 -0500] "HEAD /BLA/boletinlegal/ HTTP/1.1" 200 -
172.22.2.4 - - [27/Aug/2022:01:06:26 -0500] "GET /BLA/boletinlegal/ HTTP/1.1" 200 58154
201.245.192.253 - - [27/Aug/2022:01:09:12 -0500] "POST /kwsrmcab/Wsrmcab  HTTP/1.1" 200 213
172.22.2.4 - - [27/Aug/2022:01:11:09 -0500] "GET /BLA/boletinlegal/Circulares/2014/Circular%20No.%203%20del%2014%20de%20Noviembre%20de%202014.pdf HTTP/1.1" 304 -
66.249.73.164 - - [27/Aug/2022:01:11:46 -0500] "-" 408 -
216.245.221.92 - - [27/Aug/2022:01:11:52 -0500] "HEAD / HTTP/1.1" 200 -
207.46.13.16 - - [27/Aug/2022:01:12:12 -0500] "GET /BLA/boletinlegal/Circulares/2012/Circular%20No.%207%20del%2008%20de%20Agosto%20de%202012.pdf HTTP/1.1" 304 -
172.22.2.4 - - [27/Aug/2022:01:11:26 -0500] "HEAD /BLA/boletinlegal/ HTTP/1.1" 200 -
172.22.2.4 - - [27/Aug/2022:01:12:16 -0500] "GET /BLA/boletinlegal/ HTTP/1.1" 200 53994
201.245.192.253 - - [27/Aug/2022:01:14:10 -0500] "POST /kwsrmcab/Wsrmcab  HTTP/1.1" 200 213
216.245.221.92 - - [27/Aug/2022:01:16:52 -0500] "HEAD / HTTP/1.1" 200 -
172.22.2.4 - - [27/Aug/2022:01:17:16 -0500] "HEAD /BLA/boletinlegal/ HTTP/1.1" 200 -
201.245.192.253 - - [27/Aug/2022:01:19:09 -0500] "POST /kwsrmcab/Wsrmcab  HTTP/1.1" 200 213
201.245.192.253 - - [27/Aug/2022:01:19:25 -0500] "POST /kwsrmcab/Wsrmcab HTTP/1.1" 200 43295
201.245.192.253 - - [27/Aug/2022:01:19:29 -0500] "POST /kwsrmcab/Wsrmcab HTTP/1.1" 200 42458
172.22.2.4 - - [27/Aug/2022:01:18:07 -0500] "GET /BLA/boletinlegal/ HTTP/1.1" 200 60272
66.249.73.191 - - [27/Aug/2022:01:20:00 -0500] "-" 408 -
216.245.221.92 - - [27/Aug/2022:01:21:52 -0500] "HEAD / HTTP/1.1" 200 -
157.55.39.108 - - [27/Aug/2022:01:22:00 -0500] "GET /portaldeninos/wp-content/uploads/2021/11/arbol-bogota-capacitacion-29-abril-260x144.jpg HTTP/1.1" 200 11351
207.46.13.186 - - [27/Aug/2022:01:23:09 -0500] "GET /BLA/resoluciones/RESOLUCIONES%202001/2001%20400-449.TIF HTTP/1.1" 200 9262392
201.245.192.253 - - [27/Aug/2022:01:24:08 -0500] "POST /kwsrmcab/Wsrmcab  HTTP/1.1" 200 213
172.22.2.4 - - [27/Aug/2022:01:23:06 -0500] "HEAD /BLA/boletinlegal/ HTTP/1.1" 200 -
69.63.184.118 - - [27/Aug/2022:01:25:04 -0500] "GET /por-segundo-ano-consecutivo-bogota-es-reconocida-como-ciudad-arbolada-del-mundo-por-la-fao.html HTTP/1.1" 206 1084
64.124.8.53 - - [27/Aug/2022:01:25:23 -0500] "-" 408 -
172.22.2.4 - - [27/Aug/2022:01:23:56 -0500] "GET /BLA/boletinlegal/ HTTP/1.1" 200 58154
216.245.221.92 - - [27/Aug/2022:01:26:52 -0500] "HEAD / HTTP/1.1" 200 -
66.249.73.191 - - [27/Aug/2022:01:28:41 -0500] "-" 408 -
201.245.192.253 - - [27/Aug/2022:01:29:07 -0500] "POST /kwsrmcab/Wsrmcab  HTTP/1.1" 200 213
201.245.192.253 - - [27/Aug/2022:01:29:26 -0500] "POST /kwsrmcab/Wsrmcab HTTP/1.1" 200 43295
201.245.192.253 - - [27/Aug/2022:01:29:29 -0500] "POST /kwsrmcab/Wsrmcab HTTP/1.1" 200 42458
172.22.2.4 - - [27/Aug/2022:01:28:56 -0500] "HEAD /BLA/boletinlegal/ HTTP/1.1" 200 -
185.119.81.106 - - [27/Aug/2022:01:30:54 -0500] "GET /portaldeninos/wp-login.php HTTP/1.1" 200 2592
185.119.81.106 - - [27/Aug/2022:01:30:55 -0500] "POST /portaldeninos/wp-login.php HTTP/1.1" 200 3605
172.22.2.4 - - [27/Aug/2022:01:29:46 -0500] "GET /BLA/boletinlegal/ HTTP/1.1" 200 58566
216.245.221.92 - - [27/Aug/2022:01:31:52 -0500] "HEAD / HTTP/1.1" 200 -
201.245.192.253 - - [27/Aug/2022:01:34:07 -0500] "POST /kwsrmcab/Wsrmcab  HTTP/1.1" 200 213
66.249.73.191 - - [27/Aug/2022:01:34:42 -0500] "-" 408 -
64.124.8.53 - - [27/Aug/2022:01:35:39 -0500] "-" 408 -
185.119.81.106 - - [27/Aug/2022:01:35:49 -0500] "GET /portaldeninos/wp-login.php HTTP/1.1" 200 2592
185.119.81.106 - - [27/Aug/2022:01:35:50 -0500] "POST /portaldeninos/wp-login.php HTTP/1.1" 200 3605
172.22.2.4 - - [27/Aug/2022:01:34:46 -0500] "HEAD /BLA/boletinlegal/ HTTP/1.1" 200 -
216.245.221.92 - - [27/Aug/2022:01:36:52 -0500] "HEAD / HTTP/1.1" 200 -
104.152.52.9 - - [27/Aug/2022:01:36:55 -0500] "GET / HTTP/1.0" 200 319
172.22.2.4 - - [27/Aug/2022:01:35:36 -0500] "GET /BLA/boletinlegal/ HTTP/1.1" 200 58566
201.245.192.253 - - [27/Aug/2022:01:39:06 -0500] "POST /kwsrmcab/Wsrmcab  HTTP/1.1" 200 213
201.245.192.253 - - [27/Aug/2022:01:39:26 -0500] "POST /kwsrmcab/Wsrmcab HTTP/1.1" 200 43295
201.245.192.253 - - [27/Aug/2022:01:39:30 -0500] "POST /kwsrmcab/Wsrmcab HTTP/1.1" 200 42458
216.245.221.92 - - [27/Aug/2022:01:41:52 -0500] "HEAD / HTTP/1.1" 200 -
172.22.2.4 - - [27/Aug/2022:01:40:36 -0500] "HEAD /BLA/boletinlegal/ HTTP/1.1" 200 -
207.46.13.11 - - [27/Aug/2022:01:42:54 -0500] "GET /BLA/resoluciones/index.php?dir=AUTOS+2022%2F HTTP/1.1" 200 219900
172.22.2.4 - - [27/Aug/2022:01:41:27 -0500] "GET /BLA/boletinlegal/ HTTP/1.1" 200 56005
201.245.192.253 - - [27/Aug/2022:01:44:05 -0500] "POST /kwsrmcab/Wsrmcab  HTTP/1.1" 200 213
216.245.221.92 - - [27/Aug/2022:01:46:52 -0500] "HEAD / HTTP/1.1" 200 -
207.46.13.16 - - [27/Aug/2022:01:46:55 -0500] "GET /Residuos/curtiembres/files/guia_curtiembres.pdf HTTP/1.1" 304 -
172.22.2.4 - - [27/Aug/2022:01:46:26 -0500] "HEAD /BLA/boletinlegal/ HTTP/1.1" 200 -
172.22.2.4 - - [27/Aug/2022:01:47:16 -0500] "GET /BLA/boletinlegal/ HTTP/1.1" 200 60272
64.124.8.34 - - [27/Aug/2022:01:49:05 -0500] "-" 408 -
201.245.192.253 - - [27/Aug/2022:01:49:05 -0500] "POST /kwsrmcab/Wsrmcab  HTTP/1.1" 200 213
66.249.73.191 - - [27/Aug/2022:01:49:43 -0500] "-" 408 -
172.22.2.4 - - [27/Aug/2022:01:49:50 -0500] "GET /BLA/boletinlegal/Circulares/2019/Circular%20No.%200003%20del%2031%20de%20Enero%20de%202019.pdf HTTP/1.1" 200 164676
211.125.138.203 - - [27/Aug/2022:01:50:37 -0500] "GET /galeria/galeria/fotos/Entrenube4P.jpg HTTP/1.1" 200 10881
64.124.8.24 - - [27/Aug/2022:01:51:26 -0500] "-" 408 -
216.245.221.92 - - [27/Aug/2022:01:51:52 -0500] "HEAD / HTTP/1.1" 200 -
64.124.8.24 - - [27/Aug/2022:01:53:02 -0500] "-" 408 -
172.22.2.4 - - [27/Aug/2022:01:52:16 -0500] "HEAD /BLA/boletinlegal/ HTTP/1.1" 200 -
201.245.192.253 - - [27/Aug/2022:01:54:04 -0500] "POST /kwsrmcab/Wsrmcab  HTTP/1.1" 200 213
172.22.2.4 - - [27/Aug/2022:01:53:06 -0500] "GET /BLA/boletinlegal/ HTTP/1.1" 200 60272
66.249.73.191 - - [27/Aug/2022:01:56:08 -0500] "-" 408 -
216.245.221.92 - - [27/Aug/2022:01:56:52 -0500] "HEAD / HTTP/1.1" 200 -
64.124.8.34 - - [27/Aug/2022:01:58:47 -0500] "-" 408 -
201.245.192.253 - - [27/Aug/2022:01:59:03 -0500] "POST /kwsrmcab/Wsrmcab  HTTP/1.1" 200 213
172.22.2.4 - - [27/Aug/2022:01:59:18 -0500] "GET /BLA/boletinlegal/Circulares/2012/Circular%20No.%203%20del%2023%20de%20Marzo%20de%202012.pdf HTTP/1.1" 304 -
64.124.8.24 - - [27/Aug/2022:01:59:30 -0500] "-" 408 -
172.22.2.4 - - [27/Aug/2022:01:58:06 -0500] "HEAD /BLA/boletinlegal/ HTTP/1.1" 200 -
64.124.8.24 - - [27/Aug/2022:02:00:30 -0500] "-" 408 -
172.22.2.4 - - [27/Aug/2022:01:58:56 -0500] "GET /BLA/boletinlegal/ HTTP/1.1" 200 60272
216.245.221.92 - - [27/Aug/2022:02:01:52 -0500] "HEAD / HTTP/1.1" 200 -
66.249.73.191 - - [27/Aug/2022:02:02:13 -0500] "-" 408 -
154.89.5.215 - - [27/Aug/2022:02:02:52 -0500] "GET / HTTP/1.0" 200 319
64.124.8.24 - - [27/Aug/2022:02:02:58 -0500] "-" 408 -
201.245.192.253 - - [27/Aug/2022:02:04:02 -0500] "POST /kwsrmcab/Wsrmcab  HTTP/1.1" 200 213
64.124.8.34 - - [27/Aug/2022:02:04:19 -0500] "-" 408 -
106.75.33.8 - - [27/Aug/2022:02:05:08 -0500] "GET /portaldeninos/wp-includes/js/jquery/jquery-migrate.min.js?ver=1.4.1 HTTP/1.1" 200 10056
106.75.33.8 - - [27/Aug/2022:02:05:08 -0500] "GET /portaldeninos/wp-includes/js/jquery/ui/position.min.js?ver=1.11.4 HTTP/1.1" 200 6527
106.75.33.8 - - [27/Aug/2022:02:05:08 -0500] "GET /portaldeninos/wp-content/themes/betheme/js/scripts.js?ver=20.9.6 HTTP/1.1" 200 77162
106.75.33.8 - - [27/Aug/2022:02:05:08 -0500] "GET /portaldeninos/wp-includes/js/jquery/ui/sortable.min.js?ver=1.11.4 HTTP/1.1" 200 24899
106.75.33.8 - - [27/Aug/2022:02:05:12 -0500] "GET /portaldeninos/wp-includes/js/jquery/ui/accordion.min.js?ver=1.11.4 HTTP/1.1" 200 8584
106.75.33.8 - - [27/Aug/2022:02:05:10 -0500] "GET /portaldeninos/wp-includes/js/jquery/ui/tabs.min.js?ver=1.11.4 HTTP/1.1" 200 12110
106.75.33.8 - - [27/Aug/2022:02:05:15 -0500] "GET /portaldeninos/wp-content/themes/betheme/assets/animations/animations.min.js?ver=20.9.6 HTTP/1.1" 200 1896
106.75.33.8 - - [27/Aug/2022:02:05:08 -0500] "GET /portaldeninos/wp-includes/js/jquery/jquery.js?ver=1.12.4 HTTP/1.1" 200 97184
106.75.33.8 - - [27/Aug/2022:02:05:10 -0500] "GET /portaldeninos/wp-content/plugins/gallery-videos/JS/Total-Soft-Gallery-Video-Widget.js?ver=4.9.8 HTTP/1.1" 200 80264
106.75.33.8 - - [27/Aug/2022:02:05:19 -0500] "GET /portaldeninos/wp-includes/js/wp-embed.min.js?ver=4.9.8 HTTP/1.1" 200 1398
106.75.33.8 - - [27/Aug/2022:02:05:16 -0500] "GET /portaldeninos/wp-content/themes/betheme/assets/jplayer/jplayer.min.js?ver=20.9.6 HTTP/1.1" 200 52702
106.75.33.8 - - [27/Aug/2022:02:05:23 -0500] "GET /portaldeninos/wp-includes/js/jquery/ui/mouse.min.js?ver=1.11.4 HTTP/1.1" 200 3148
106.75.33.8 - - [27/Aug/2022:02:05:23 -0500] "GET /portaldeninos/wp-content/themes/betheme/js/menu.js?ver=20.9.6 HTTP/1.1" 200 2449
106.75.33.8 - - [27/Aug/2022:02:05:24 -0500] "GET /portaldeninos/wp-includes/js/jquery/ui/core.min.js?ver=1.11.4 HTTP/1.1" 200 4000
106.75.33.8 - - [27/Aug/2022:02:05:24 -0500] "GET /portaldeninos/wp-content/plugins/gallery-videos/JS/modernizr.custom.js?ver=4.9.8 HTTP/1.1" 200 9019
106.75.33.8 - - [27/Aug/2022:02:05:25 -0500] "GET /portaldeninos/wp-includes/js/jquery/ui/widget.min.js?ver=1.11.4 HTTP/1.1" 200 6908
106.75.33.8 - - [27/Aug/2022:02:05:26 -0500] "GET /portaldeninos/wp-content/plugins/google-analytics-for-wordpress/assets/js/frontend-gtag.min.js?ver=8.5.0 HTTP/1.1" 200 11801
106.75.33.8 - - [27/Aug/2022:02:05:25 -0500] "GET /portaldeninos/wp-content/plugins/popup-maker/assets/js/site.min.js?defer&ver=1.8.14 HTTP/1.1" 200 48457
106.75.33.8 - - [27/Aug/2022:02:05:13 -0500] "GET /portaldeninos/wp-content/themes/betheme/js/plugins.js?ver=20.9.6 HTTP/1.1" 200 197151
172.22.2.4 - - [27/Aug/2022:02:03:56 -0500] "HEAD /BLA/boletinlegal/ HTTP/1.1" 200 -
172.22.2.4 - - [27/Aug/2022:02:04:46 -0500] "GET /BLA/boletinlegal/ HTTP/1.1" 200 57716
216.245.221.92 - - [27/Aug/2022:02:06:52 -0500] "HEAD / HTTP/1.1" 200 -
201.245.192.253 - - [27/Aug/2022:02:09:01 -0500] "POST /kwsrmcab/Wsrmcab  HTTP/1.1" 200 213
66.249.73.191 - - [27/Aug/2022:02:09:13 -0500] "-" 408 -
65.109.34.153 - - [27/Aug/2022:02:10:47 -0500] "\x03" 400 226
64.124.8.24 - - [27/Aug/2022:02:10:50 -0500] "-" 408 -
172.22.2.4 - - [27/Aug/2022:02:09:46 -0500] "HEAD /BLA/boletinlegal/ HTTP/1.1" 200 -
216.245.221.92 - - [27/Aug/2022:02:11:52 -0500] "HEAD / HTTP/1.1" 200 -
172.22.2.4 - - [27/Aug/2022:02:10:36 -0500] "GET /BLA/boletinlegal/ HTTP/1.1" 200 51984
172.22.2.4 - - [27/Aug/2022:02:12:23 -0500] "PUT /BLA/boletinlegal/vendor/phpunit/phpunit/src/Util/PHP/eval-stdin.php HTTP/1.1" 405 938
172.22.2.4 - - [27/Aug/2022:02:12:24 -0500] "GET /BLA/boletinlegal/.DS_Store HTTP/1.1" 404 1018
172.22.2.4 - - [27/Aug/2022:02:11:58 -0500] "GET /BLA/boletinlegal/ HTTP/1.1" 200 20427
207.46.13.186 - - [27/Aug/2022:02:13:52 -0500] "GET /sipse/faces/autenticacion.xhtml HTTP/1.1" 200 12502
201.245.192.253 - - [27/Aug/2022:02:14:00 -0500] "POST /kwsrmcab/Wsrmcab  HTTP/1.1" 200 213
64.124.8.24 - - [27/Aug/2022:02:14:49 -0500] "-" 408 -
64.124.8.24 - - [27/Aug/2022:02:15:24 -0500] "-" 408 -
64.124.8.24 - - [27/Aug/2022:02:16:47 -0500] "-" 408 -
216.245.221.92 - - [27/Aug/2022:02:16:52 -0500] "HEAD / HTTP/1.1" 200 -
172.22.2.4 - - [27/Aug/2022:02:15:36 -0500] "HEAD /BLA/boletinlegal/ HTTP/1.1" 200 -
172.22.2.4 - - [27/Aug/2022:02:16:26 -0500] "GET /BLA/boletinlegal/ HTTP/1.1" 200 58566
207.46.13.36 - - [27/Aug/2022:02:18:29 -0500] "GET /catalogoisis/ HTTP/1.1" 200 8575
64.124.8.24 - - [27/Aug/2022:02:18:32 -0500] "-" 408 -
64.124.8.24 - - [27/Aug/2022:02:18:57 -0500] "-" 408 -
201.245.192.253 - - [27/Aug/2022:02:18:59 -0500] "POST /kwsrmcab/Wsrmcab  HTTP/1.1" 200 213
66.249.73.167 - - [27/Aug/2022:02:19:10 -0500] "-" 408 -
201.245.192.253 - - [27/Aug/2022:02:19:26 -0500] "POST /kwsrmcab/Wsrmcab HTTP/1.1" 200 43595
201.245.192.253 - - [27/Aug/2022:02:19:30 -0500] "POST /kwsrmcab/Wsrmcab HTTP/1.1" 200 42605
64.124.8.24 - - [27/Aug/2022:02:21:49 -0500] "-" 408 -
216.245.221.92 - - [27/Aug/2022:02:21:52 -0500] "HEAD / HTTP/1.1" 200 -
172.22.2.4 - - [27/Aug/2022:02:21:26 -0500] "HEAD /BLA/boletinlegal/ HTTP/1.1" 200 -
64.124.8.34 - - [27/Aug/2022:02:23:42 -0500] "-" 408 -
172.22.2.4 - - [27/Aug/2022:02:22:16 -0500] "GET /BLA/boletinlegal/ HTTP/1.1" 200 58566
201.245.192.253 - - [27/Aug/2022:02:23:59 -0500] "POST /kwsrmcab/Wsrmcab  HTTP/1.1" 200 213
64.124.8.24 - - [27/Aug/2022:02:24:50 -0500] "-" 408 -
64.124.8.24 - - [27/Aug/2022:02:26:02 -0500] "-" 408 -
216.245.221.92 - - [27/Aug/2022:02:26:52 -0500] "HEAD / HTTP/1.1" 200 -
172.22.2.4 - - [27/Aug/2022:02:27:16 -0500] "HEAD /BLA/boletinlegal/ HTTP/1.1" 200 -
201.245.192.253 - - [27/Aug/2022:02:28:59 -0500] "POST /kwsrmcab/Wsrmcab  HTTP/1.1" 200 213
201.245.192.253 - - [27/Aug/2022:02:29:25 -0500] "POST /kwsrmcab/Wsrmcab HTTP/1.1" 200 43595
201.245.192.253 - - [27/Aug/2022:02:29:29 -0500] "POST /kwsrmcab/Wsrmcab HTTP/1.1" 200 42605
64.124.8.24 - - [27/Aug/2022:02:29:36 -0500] "-" 408 -
172.22.2.4 - - [27/Aug/2022:02:28:06 -0500] "GET /BLA/boletinlegal/ HTTP/1.1" 200 60272
216.245.221.92 - - [27/Aug/2022:02:31:52 -0500] "HEAD / HTTP/1.1" 200 -
66.249.73.191 - - [27/Aug/2022:02:33:16 -0500] "-" 408 -
185.119.81.109 - - [27/Aug/2022:02:33:21 -0500] "GET /portaldeninos/wp-login.php HTTP/1.1" 200 2592
185.119.81.109 - - [27/Aug/2022:02:33:22 -0500] "POST /portaldeninos/wp-login.php HTTP/1.1" 200 3670
201.245.192.253 - - [27/Aug/2022:02:33:57 -0500] "POST /kwsrmcab/Wsrmcab  HTTP/1.1" 200 213
172.22.2.4 - - [27/Aug/2022:02:33:06 -0500] "HEAD /BLA/boletinlegal/ HTTP/1.1" 200 -
64.124.8.34 - - [27/Aug/2022:02:35:20 -0500] "-" 408 -
172.22.2.4 - - [27/Aug/2022:02:33:56 -0500] "GET /BLA/boletinlegal/ HTTP/1.1" 200 58566
64.124.8.24 - - [27/Aug/2022:02:35:38 -0500] "-" 408 -
216.245.221.92 - - [27/Aug/2022:02:36:52 -0500] "HEAD / HTTP/1.1" 200 -
64.124.8.24 - - [27/Aug/2022:02:38:26 -0500] "-" 408 -
201.245.192.253 - - [27/Aug/2022:02:38:55 -0500] "POST /kwsrmcab/Wsrmcab  HTTP/1.1" 200 213
157.55.39.51 - - [27/Aug/2022:02:39:10 -0500] "GET /images/pieza-residuos-hospitalarios-11-febrero.jpg HTTP/1.1" 200 38755
64.124.8.24 - - [27/Aug/2022:02:39:12 -0500] "-" 408 -
201.245.192.253 - - [27/Aug/2022:02:39:26 -0500] "POST /kwsrmcab/Wsrmcab HTTP/1.1" 200 43595
201.245.192.253 - - [27/Aug/2022:02:39:30 -0500] "POST /kwsrmcab/Wsrmcab HTTP/1.1" 200 42605
66.249.73.167 - - [27/Aug/2022:02:39:37 -0500] "-" 408 -
172.22.2.4 - - [27/Aug/2022:02:38:56 -0500] "HEAD /BLA/boletinlegal/ HTTP/1.1" 200 -
172.22.2.4 - - [27/Aug/2022:02:39:46 -0500] "GET /BLA/boletinlegal/ HTTP/1.1" 200 58946
64.124.8.24 - - [27/Aug/2022:02:41:45 -0500] "-" 408 -
216.245.221.92 - - [27/Aug/2022:02:41:52 -0500] "HEAD / HTTP/1.1" 200 -
64.124.8.24 - - [27/Aug/2022:02:43:46 -0500] "-" 408 -
201.245.192.253 - - [27/Aug/2022:02:43:54 -0500] "POST /kwsrmcab/Wsrmcab  HTTP/1.1" 200 213
66.249.73.170 - - [27/Aug/2022:02:45:30 -0500] "-" 408 -
207.46.13.186 - - [27/Aug/2022:02:45:56 -0500] "GET /BLA/resoluciones/RESOLUCIONES%202001/2001%20600-649.TIF HTTP/1.1" 200 9885868
64.124.8.24 - - [27/Aug/2022:02:46:00 -0500] "-" 408 -
172.22.2.4 - - [27/Aug/2022:02:44:46 -0500] "HEAD /BLA/boletinlegal/ HTTP/1.1" 200 -
216.245.221.92 - - [27/Aug/2022:02:46:52 -0500] "HEAD / HTTP/1.1" 200 -
109.237.103.9 - - [27/Aug/2022:02:47:11 -0500] "GET /.env HTTP/1.1" 404 1018
109.237.103.9 - - [27/Aug/2022:02:47:11 -0500] "\x16\x03\x01\x01D\x01" 400 226
172.22.2.4 - - [27/Aug/2022:02:45:36 -0500] "GET /BLA/boletinlegal/ HTTP/1.1" 200 58946
84.17.52.172 - - [27/Aug/2022:02:47:29 -0500] "GET /wp-includes/css/editor.css HTTP/1.1" 404 1035
201.245.192.253 - - [27/Aug/2022:02:48:53 -0500] "POST /kwsrmcab/Wsrmcab  HTTP/1.1" 200 213
172.22.2.4 - - [27/Aug/2022:02:48:02 -0500] "GET /BLA/boletinlegal/ HTTP/1.1" 200 63198
216.245.221.92 - - [27/Aug/2022:02:51:52 -0500] "HEAD / HTTP/1.1" 200 -
172.22.2.4 - - [27/Aug/2022:02:50:36 -0500] "HEAD /BLA/boletinlegal/ HTTP/1.1" 200 -
66.249.73.191 - - [27/Aug/2022:02:52:45 -0500] "-" 408 -
172.22.2.4 - - [27/Aug/2022:02:52:54 -0500] "GET /BLA/boletinlegal/jurisprudencia/analisis/AnalisisT-606-15.docx HTTP/1.1" 200 26698
172.22.2.4 - - [27/Aug/2022:02:52:55 -0500] "GET /BLA/boletinlegal/apple-touch-icon-120x120-precomposed.png HTTP/1.1" 404 1140
172.22.2.4 - - [27/Aug/2022:02:52:55 -0500] "GET /BLA/boletinlegal/apple-touch-icon-120x120.png HTTP/1.1" 404 1140
172.22.2.4 - - [27/Aug/2022:02:52:55 -0500] "GET /BLA/boletinlegal/apple-touch-icon-precomposed.png HTTP/1.1" 404 1140
172.22.2.4 - - [27/Aug/2022:02:52:56 -0500] "GET /BLA/boletinlegal/apple-touch-icon.png HTTP/1.1" 404 1140
172.22.2.4 - - [27/Aug/2022:02:52:56 -0500] "GET /BLA/boletinlegal/favicon.ico HTTP/1.1" 404 1140
172.22.2.4 - - [27/Aug/2022:02:52:56 -0500] "GET /BLA/boletinlegal/apple-touch-icon-120x120-precomposed.png HTTP/1.1" 404 1140
172.22.2.4 - - [27/Aug/2022:02:52:56 -0500] "GET /BLA/boletinlegal/apple-touch-icon-120x120.png HTTP/1.1" 404 1140
172.22.2.4 - - [27/Aug/2022:02:52:56 -0500] "GET /BLA/boletinlegal/apple-touch-icon-precomposed.png HTTP/1.1" 404 1140
172.22.2.4 - - [27/Aug/2022:02:52:56 -0500] "GET /BLA/boletinlegal/apple-touch-icon.png HTTP/1.1" 404 1140
172.22.2.4 - - [27/Aug/2022:02:52:56 -0500] "GET /BLA/boletinlegal/favicon.ico HTTP/1.1" 404 1140
207.46.13.186 - - [27/Aug/2022:02:52:58 -0500] "GET /BLA/resoluciones/RESOLUCIONES%202014/1709.pdf HTTP/1.1" 304 -
172.22.2.4 - - [27/Aug/2022:02:51:26 -0500] "GET /BLA/boletinlegal/ HTTP/1.1" 200 59310
172.22.2.4 - - [27/Aug/2022:02:53:53 -0500] "GET /BLA/boletinlegal/actos.php HTTP/1.1" 200 9559
201.245.192.253 - - [27/Aug/2022:02:53:53 -0500] "POST /kwsrmcab/Wsrmcab  HTTP/1.1" 200 213
207.46.13.36 - - [27/Aug/2022:02:56:32 -0500] "GET /BLA/resoluciones/RESOLUCIONES%202001/2001%201000-1049.TIF HTTP/1.1" 200 6575946
216.245.221.92 - - [27/Aug/2022:02:56:52 -0500] "HEAD / HTTP/1.1" 200 -
34.77.127.183 - - [27/Aug/2022:02:57:31 -0500] "GET / HTTP/1.1" 200 319
207.46.13.16 - - [27/Aug/2022:02:57:42 -0500] "GET /BLA/resoluciones/AUTOS%202022/0556.pdf HTTP/1.1" 200 417591
172.22.2.4 - - [27/Aug/2022:02:56:26 -0500] "HEAD /BLA/boletinlegal/ HTTP/1.1" 200 -
66.249.73.170 - - [27/Aug/2022:02:58:34 -0500] "-" 408 -
201.245.192.253 - - [27/Aug/2022:02:58:51 -0500] "POST /kwsrmcab/Wsrmcab  HTTP/1.1" 200 213
172.22.2.4 - - [27/Aug/2022:02:57:16 -0500] "GET /BLA/boletinlegal/ HTTP/1.1" 200 54814
84.17.52.172 - - [27/Aug/2022:02:59:00 -0500] "GET /wp-includes/css/editor.css HTTP/1.1" 404 1032
216.245.221.92 - - [27/Aug/2022:03:01:52 -0500] "HEAD / HTTP/1.1" 200 -
172.22.2.4 - - [27/Aug/2022:03:03:00 -0500] "GET /BLA/boletinlegal/robots.txt HTTP/1.1" 404 1038
172.22.2.4 - - [27/Aug/2022:03:03:00 -0500] "GET /BLA/boletinlegal/jurisprudencia/analisis/Analisis%20Sentencia%20T-1077,%202%20corregida.doc HTTP/1.1" 200 47616
62.210.205.34 - - [27/Aug/2022:03:03:20 -0500] "GET / HTTP/1.1" 200 319
201.245.192.253 - - [27/Aug/2022:03:03:50 -0500] "POST /kwsrmcab/Wsrmcab  HTTP/1.1" 200 213
172.22.2.4 - - [27/Aug/2022:03:02:16 -0500] "HEAD /BLA/boletinlegal/ HTTP/1.1" 200 -
66.249.73.170 - - [27/Aug/2022:03:04:11 -0500] "-" 408 -
172.22.2.4 - - [27/Aug/2022:03:04:43 -0500] "GET /BLA/boletinlegal/jurisprudencia/analisis/Analisis%20jurisprudencial%20Sentencia%20C-366-11.doc HTTP/1.1" 200 59392
172.22.2.4 - - [27/Aug/2022:03:03:06 -0500] "GET /BLA/boletinlegal/ HTTP/1.1" 200 50790
172.22.2.4 - - [27/Aug/2022:03:05:39 -0500] "GET /BLA/boletinlegal/jurisprudencia/analisis/analisis%20sentencia%20C-596-10.doc HTTP/1.1" 200 36352
185.119.81.106 - - [27/Aug/2022:03:05:55 -0500] "GET /portaldeninos/wp-login.php HTTP/1.1" 200 2592
185.119.81.106 - - [27/Aug/2022:03:05:56 -0500] "POST /portaldeninos/wp-login.php HTTP/1.1" 200 3670
172.22.2.4 - - [27/Aug/2022:03:06:43 -0500] "GET /BLA/boletinlegal/jurisprudencia/analisis/AnalisisT-693-12.docx HTTP/1.1" 200 25737
216.245.221.92 - - [27/Aug/2022:03:06:52 -0500] "HEAD / HTTP/1.1" 200 -
172.22.2.4 - - [27/Aug/2022:03:07:46 -0500] "GET /BLA/boletinlegal/jurisprudencia/analisis/G__Jurisp.%20Junio%202014_JURISPRUDENIA%2005-10-213%20CERROS%20BOGOTA.docx HTTP/1.1" 404 1038
201.245.192.253 - - [27/Aug/2022:03:08:49 -0500] "POST /kwsrmcab/Wsrmcab  HTTP/1.1" 200 213
172.22.2.4 - - [27/Aug/2022:03:08:06 -0500] "HEAD /BLA/boletinlegal/ HTTP/1.1" 200 -
207.46.13.36 - - [27/Aug/2022:03:10:05 -0500] "GET /sipse/faces/javax.faces.resource/jquery/jquery.js;jsessionid=pppvwuuhlkhenswy2bwph21y.undefined?ln=primefaces&v=4.0 HTTP/1.1" 200 105384
66.249.73.191 - - [27/Aug/2022:03:10:19 -0500] "-" 408 -
172.22.2.4 - - [27/Aug/2022:03:08:56 -0500] "GET /BLA/boletinlegal/ HTTP/1.1" 200 59819
172.22.2.4 - - [27/Aug/2022:03:10:39 -0500] "GET /BLA/boletinlegal/jurisprudencia/analisis/analisis%20sentencia%20C-1007-2011-1.doc HTTP/1.1" 200 35328
207.46.13.36 - - [27/Aug/2022:03:11:05 -0500] "GET /POT-2013/Cartografia/10_EEP_Urbana.pdf HTTP/1.1" 304 -
216.245.221.92 - - [27/Aug/2022:03:11:52 -0500] "HEAD / HTTP/1.1" 200 -
201.245.192.253 - - [27/Aug/2022:03:13:48 -0500] "POST /kwsrmcab/Wsrmcab  HTTP/1.1" 200 213
172.22.2.4 - - [27/Aug/2022:03:14:18 -0500] "GET /BLA/boletinlegal/Circulares/2012/Circular%20No.%201%20del%2017%20de%20Enero%20de%202012.pdf HTTP/1.1" 304 -
173.252.95.19 - - [27/Aug/2022:03:14:19 -0500] "GET /images/pieza-mujeres-reverdecen-4-abril.jpg HTTP/1.1" 200 48916
172.22.2.4 - - [27/Aug/2022:03:13:56 -0500] "HEAD /BLA/boletinlegal/ HTTP/1.1" 200 -
66.249.73.191 - - [27/Aug/2022:03:16:10 -0500] "-" 408 -
172.22.2.4 - - [27/Aug/2022:03:14:46 -0500] "GET /BLA/boletinlegal/ HTTP/1.1" 200 59310
172.22.2.4 - - [27/Aug/2022:03:16:28 -0500] "GET /BLA/boletinlegal/jurisprudencia/analisis/CUADRO%20SENTENCIA%20C-245%20DE%202004.doc HTTP/1.1" 200 65536
216.245.221.92 - - [27/Aug/2022:03:16:52 -0500] "HEAD / HTTP/1.1" 200 -
172.22.2.4 - - [27/Aug/2022:03:18:34 -0500] "GET /BLA/boletinlegal/jurisprudencia/analisis/G__Jurisp.%20Junio%202014_ANALISIS%20JURISPRUDENCIA%20C-634-12%20DECOMISO.docx HTTP/1.1" 200 27045
201.245.192.253 - - [27/Aug/2022:03:18:47 -0500] "POST /kwsrmcab/Wsrmcab  HTTP/1.1" 200 213
172.22.2.4 - - [27/Aug/2022:03:19:14 -0500] "GET /BLA/boletinlegal/jurisprudencia/analisis/ANALISIST-672-14.docx HTTP/1.1" 200 22530
201.245.192.253 - - [27/Aug/2022:03:19:25 -0500] "POST /kwsrmcab/Wsrmcab HTTP/1.1" 200 43289
172.22.2.4 - - [27/Aug/2022:03:19:30 -0500] "GET /BLA/boletinlegal/jurisprudencia/analisis/Analisis%20Jurisprudencia%20Sent%202000-00005-01.doc HTTP/1.1" 200 52736
201.245.192.253 - - [27/Aug/2022:03:19:29 -0500] "POST /kwsrmcab/Wsrmcab HTTP/1.1" 200 42605
172.22.2.4 - - [27/Aug/2022:03:20:23 -0500] "GET /BLA/boletinlegal/jurisprudencia/analisis/AnalisisC-746-12.docx HTTP/1.1" 200 22637
172.22.2.4 - - [27/Aug/2022:03:21:03 -0500] "GET /BLA/boletinlegal/jurisprudencia/analisis/AnalisisT-146-16.docx HTTP/1.1" 200 23021
172.22.2.4 - - [27/Aug/2022:03:19:46 -0500] "HEAD /BLA/boletinlegal/ HTTP/1.1" 200 -
216.245.221.92 - - [27/Aug/2022:03:21:52 -0500] "HEAD / HTTP/1.1" 200 -
66.249.73.167 - - [27/Aug/2022:03:21:55 -0500] "-" 408 -
172.22.2.4 - - [27/Aug/2022:03:20:36 -0500] "GET /BLA/boletinlegal/ HTTP/1.1" 200 55621
172.22.2.4 - - [27/Aug/2022:03:23:11 -0500] "GET /BLA/boletinlegal/jurisprudencia/analisis/CUADRO%20ANALISIS%20SENTENCIA%20C-554%20DE%202007.doc HTTP/1.1" 200 35328
201.245.192.253 - - [27/Aug/2022:03:23:46 -0500] "POST /kwsrmcab/Wsrmcab  HTTP/1.1" 200 213
172.22.2.4 - - [27/Aug/2022:03:24:00 -0500] "GET /BLA/boletinlegal/jurisprudencia/analisis/G__Jurisp.%20Junio%202014_SENTENCIA%20C-554%20DE%202007.docx HTTP/1.1" 404 1038
216.245.221.92 - - [27/Aug/2022:03:26:52 -0500] "HEAD / HTTP/1.1" 200 -
34.90.182.67 - - [27/Aug/2022:03:27:02 -0500] "GET / HTTP/1.1" 200 319
34.90.182.67 - - [27/Aug/2022:03:27:02 -0500] "GET / HTTP/1.1" 200 4720
172.22.2.4 - - [27/Aug/2022:03:25:36 -0500] "HEAD /BLA/boletinlegal/ HTTP/1.1" 200 -
66.249.73.170 - - [27/Aug/2022:03:27:50 -0500] "-" 408 -
172.22.2.4 - - [27/Aug/2022:03:27:50 -0500] "GET /BLA/boletinlegal/jurisprudencia/analisis/CUADRO%20SENTENCIA%20T-299%20DE%202008.doc HTTP/1.1" 200 40960
157.55.39.80 - - [27/Aug/2022:03:27:51 -0500] "GET /Residuos/maderas/files/guia_maderas.pdf HTTP/1.1" 304 -
172.22.2.4 - - [27/Aug/2022:03:28:02 -0500] "GET /BLA/boletinlegal/jurisprudencia/analisis/G__Jurisp.%20Junio%202014_Sent%20Tutela%20Drumond.docx HTTP/1.1" 200 25380
172.22.2.4 - - [27/Aug/2022:03:26:26 -0500] "GET /BLA/boletinlegal/ HTTP/1.1" 200 53631
201.245.192.253 - - [27/Aug/2022:03:28:44 -0500] "POST /kwsrmcab/Wsrmcab  HTTP/1.1" 200 213
201.245.192.253 - - [27/Aug/2022:03:29:25 -0500] "POST /kwsrmcab/Wsrmcab HTTP/1.1" 200 43289
201.245.192.253 - - [27/Aug/2022:03:29:29 -0500] "POST /kwsrmcab/Wsrmcab HTTP/1.1" 200 42605
172.22.2.4 - - [27/Aug/2022:03:31:18 -0500] "GET /BLA/boletinlegal/Circulares/2011/Circular%20No.%201%20del%2023%20de%20Febrero%20de%202011.pdf HTTP/1.1" 304 -
216.245.221.92 - - [27/Aug/2022:03:31:52 -0500] "HEAD / HTTP/1.1" 200 -
172.22.2.4 - - [27/Aug/2022:03:31:56 -0500] "GET /BLA/boletinlegal/jurisprudencia/analisis/AnalisisC-035-16.docx HTTP/1.1" 200 25011
172.22.2.4 - - [27/Aug/2022:03:31:26 -0500] "HEAD /BLA/boletinlegal/ HTTP/1.1" 200 -
66.249.73.191 - - [27/Aug/2022:03:33:42 -0500] "-" 408 -
201.245.192.253 - - [27/Aug/2022:03:33:43 -0500] "POST /kwsrmcab/Wsrmcab  HTTP/1.1" 200 213
172.22.2.4 - - [27/Aug/2022:03:32:16 -0500] "GET /BLA/boletinlegal/ HTTP/1.1" 200 55211
207.46.13.36 - - [27/Aug/2022:03:35:07 -0500] "GET /Publicaciones/2022EE188483.pdf HTTP/1.1" 404 228
207.46.13.16 - - [27/Aug/2022:03:36:15 -0500] "GET /BLA/resoluciones/RESOLUCIONES%202022/1419.pdf HTTP/1.1" 200 688635
216.245.221.92 - - [27/Aug/2022:03:36:52 -0500] "HEAD / HTTP/1.1" 200 -
201.245.192.253 - - [27/Aug/2022:03:38:42 -0500] "POST /kwsrmcab/Wsrmcab  HTTP/1.1" 200 213
172.22.2.4 - - [27/Aug/2022:03:37:16 -0500] "HEAD /BLA/boletinlegal/ HTTP/1.1" 200 -
66.249.73.167 - - [27/Aug/2022:03:39:26 -0500] "-" 408 -
201.245.192.253 - - [27/Aug/2022:03:39:26 -0500] "POST /kwsrmcab/Wsrmcab HTTP/1.1" 200 43289
201.245.192.253 - - [27/Aug/2022:03:39:29 -0500] "POST /kwsrmcab/Wsrmcab HTTP/1.1" 200 42605
172.22.2.4 - - [27/Aug/2022:03:38:06 -0500] "GET /BLA/boletinlegal/ HTTP/1.1" 200 60272
216.245.221.92 - - [27/Aug/2022:03:41:52 -0500] "HEAD / HTTP/1.1" 200 -
172.22.2.4 - - [27/Aug/2022:03:42:48 -0500] "GET /BLA/boletinlegal/Directivas/2018/Directiva%20No.%2023%20del%2026%20de%20diciembre%20de%202018.pdf HTTP/1.1" 200 481134
201.245.192.253 - - [27/Aug/2022:03:43:41 -0500] "POST /kwsrmcab/Wsrmcab  HTTP/1.1" 200 213
172.22.2.4 - - [27/Aug/2022:03:43:06 -0500] "HEAD /BLA/boletinlegal/ HTTP/1.1" 200 -
199.59.150.182 - - [27/Aug/2022:03:44:47 -0500] "GET /en-este-pot-se-le-da-la-relevancia-que-merece-a-la-emergencia-climatica-y-la-proteccion-de-la-estructura-ecologica-principal-carolina-urrutia.html HTTP/1.1" 200 1047
199.59.150.182 - - [27/Aug/2022:03:44:47 -0500] "GET /images/pot-humedales-2-octubre.jpg HTTP/1.1" 200 53089
199.59.150.181 - - [27/Aug/2022:03:45:17 -0500] "GET /images/pot-humedales-2-octubre.jpg HTTP/1.1" 200 53089
172.22.2.4 - - [27/Aug/2022:03:43:56 -0500] "GET /BLA/boletinlegal/ HTTP/1.1" 200 60272
216.245.221.92 - - [27/Aug/2022:03:46:52 -0500] "HEAD / HTTP/1.1" 200 -
201.245.192.253 - - [27/Aug/2022:03:48:40 -0500] "POST /kwsrmcab/Wsrmcab  HTTP/1.1" 200 213
66.249.73.191 - - [27/Aug/2022:03:50:06 -0500] "-" 408 -
172.22.2.4 - - [27/Aug/2022:03:48:56 -0500] "HEAD /BLA/boletinlegal/ HTTP/1.1" 200 -
207.46.13.186 - - [27/Aug/2022:03:51:11 -0500] "GET /BLA/resoluciones/RESOLUCIONES%202021/2903.pdf HTTP/1.1" 304 -
172.22.2.4 - - [27/Aug/2022:03:49:46 -0500] "GET /BLA/boletinlegal/ HTTP/1.1" 200 60272
216.245.221.92 - - [27/Aug/2022:03:51:52 -0500] "HEAD / HTTP/1.1" 200 -
201.245.192.253 - - [27/Aug/2022:03:53:38 -0500] "POST /kwsrmcab/Wsrmcab  HTTP/1.1" 200 213
172.22.2.4 - - [27/Aug/2022:03:55:59 -0500] "GET /BLA/boletinlegal/robots.txt HTTP/1.1" 404 1038
172.22.2.4 - - [27/Aug/2022:03:54:46 -0500] "HEAD /BLA/boletinlegal/ HTTP/1.1" 200 -
216.245.221.92 - - [27/Aug/2022:03:56:52 -0500] "HEAD / HTTP/1.1" 200 -
172.22.2.4 - - [27/Aug/2022:03:55:36 -0500] "GET /BLA/boletinlegal/ HTTP/1.1" 200 51621
172.22.2.4 - - [27/Aug/2022:03:56:02 -0500] "GET /BLA/boletinlegal/index.php HTTP/1.1" 200 56367
201.245.192.253 - - [27/Aug/2022:03:58:38 -0500] "POST /kwsrmcab/Wsrmcab  HTTP/1.1" 200 213
66.249.73.167 - - [27/Aug/2022:04:00:13 -0500] "-" 408 -
69.63.184.5 - - [27/Aug/2022:04:00:56 -0500] "GET /se-abre-convocatoria-a-organizaciones-ambientales-para-generar-1-070-empleos-verdes-dirigidos-a-mujeres.html HTTP/1.1" 206 1128
172.22.2.4 - - [27/Aug/2022:04:01:06 -0500] "GET /BLA/boletinlegal/robots.txt HTTP/1.1" 404 1038
216.245.221.92 - - [27/Aug/2022:04:01:52 -0500] "HEAD / HTTP/1.1" 200 -
172.22.2.4 - - [27/Aug/2022:04:00:36 -0500] "HEAD /BLA/boletinlegal/ HTTP/1.1" 200 -
172.22.2.4 - - [27/Aug/2022:04:01:13 -0500] "GET /BLA/boletinlegal/ HTTP/1.1" 200 45259
172.22.2.4 - - [27/Aug/2022:04:02:55 -0500] "GET /BLA/boletinlegal/js/jquery.scrollTo-min.js HTTP/1.1" 200 1150
172.22.2.4 - - [27/Aug/2022:04:02:59 -0500] "GET /BLA/boletinlegal/js/jquery.js HTTP/1.1" 200 57254
172.22.2.4 - - [27/Aug/2022:04:03:02 -0500] "GET /BLA/boletinlegal/js/jquery.scrollShow.js HTTP/1.1" 200 4586
172.22.2.4 - - [27/Aug/2022:04:01:26 -0500] "GET /BLA/boletinlegal/ HTTP/1.1" 200 46320
201.245.192.253 - - [27/Aug/2022:04:03:37 -0500] "POST /kwsrmcab/Wsrmcab  HTTP/1.1" 200 213
216.245.221.92 - - [27/Aug/2022:04:06:52 -0500] "HEAD / HTTP/1.1" 200 -
172.22.2.4 - - [27/Aug/2022:04:06:26 -0500] "HEAD /BLA/boletinlegal/ HTTP/1.1" 200 -
201.245.192.253 - - [27/Aug/2022:04:08:36 -0500] "POST /kwsrmcab/Wsrmcab  HTTP/1.1" 200 213
172.22.2.4 - - [27/Aug/2022:04:07:16 -0500] "GET /BLA/boletinlegal/ HTTP/1.1" 200 60272
185.180.143.136 - - [27/Aug/2022:04:09:17 -0500] "GET / HTTP/1.1" 200 319
185.180.143.136 - - [27/Aug/2022:04:09:18 -0500] "GET /webfig/ HTTP/1.1" 404 1018
66.249.73.191 - - [27/Aug/2022:04:10:29 -0500] "-" 408 -
157.55.39.108 - - [27/Aug/2022:04:11:07 -0500] "GET /portaldeninos/2021/06/06/ciudadanos-disfrutaron-del-tunel-ambiental-en-el-parque-de-los-novios/ HTTP/1.1" 200 105118
216.245.221.92 - - [27/Aug/2022:04:11:52 -0500] "HEAD / HTTP/1.1" 200 -
172.22.2.4 - - [27/Aug/2022:04:12:06 -0500] "GET /BLA/boletinlegal/Circulares/2015/Circular%20No.%202%20del%201%20de%20julio%20de%202015.pdf HTTP/1.1" 200 752890
172.22.2.4 - - [27/Aug/2022:04:12:08 -0500] "GET /BLA/boletinlegal/Circulares/2014/Circular%20No.%201%20del%2008%20de%20Mayo%20de%202014.pdf HTTP/1.1" 200 180124
172.22.2.4 - - [27/Aug/2022:04:12:13 -0500] "GET /BLA/boletinlegal/Circulares/2012/Circular%20No.%204%20del%2019%20de%20abril%20de%202012.pdf HTTP/1.1" 200 253045
172.22.2.4 - - [27/Aug/2022:04:12:15 -0500] "GET /BLA/boletinlegal/Circulares/2011/Circular%20No.%203%20del%2016%20de%20Junio%20de%202011.pdf HTTP/1.1" 200 346378
172.22.2.4 - - [27/Aug/2022:04:12:17 -0500] "GET /BLA/boletinlegal/Circulares/2011/Circular%20No.%205%20del%2012%20de%20Agosto%20de%202011.pdf HTTP/1.1" 200 431796
172.22.2.4 - - [27/Aug/2022:04:12:19 -0500] "GET /BLA/boletinlegal/Circulares/2012/Circular%20No.%201%20del%2017%20de%20Enero%20de%202012.pdf HTTP/1.1" 200 1118749
