191.156.235.105 - - [27/Aug/2022:15:23:30 -0500] "GET /catalogoisis/imagenes/br2c2.gif HTTP/1.1" 200 302
191.156.235.105 - - [27/Aug/2022:15:23:30 -0500] "GET /catalogoisis/imagenes/br2c3.gif HTTP/1.1" 200 416
191.156.235.105 - - [27/Aug/2022:15:23:30 -0500] "GET /favicon.ico HTTP/1.1" 200 7782
172.22.2.4 - - [27/Aug/2022:15:23:11 -0500] "HEAD /BLA/boletinlegal/ HTTP/1.1" 200 -
198.235.24.162 - - [27/Aug/2022:15:25:10 -0500] "GET / HTTP/1.1" 200 4720
172.22.2.4 - - [27/Aug/2022:15:24:01 -0500] "GET /BLA/boletinlegal/ HTTP/1.1" 200 52868
207.46.13.36 - - [27/Aug/2022:15:26:13 -0500] "GET /BLA/resoluciones/RESOLUCIONES%202021/2949.pdf HTTP/1.1" 304 -
66.249.64.45 - - [27/Aug/2022:15:26:20 -0500] "-" 408 -
201.245.192.253 - - [27/Aug/2022:15:26:19 -0500] "POST /kwsrmcab/Wsrmcab  HTTP/1.1" 200 213
216.245.221.92 - - [27/Aug/2022:15:26:50 -0500] "HEAD / HTTP/1.1" 200 -
64.124.8.41 - - [27/Aug/2022:15:26:31 -0500] "GET /BLA/boletinlegal/index.php HTTP/1.1" 200 61436
201.245.192.253 - - [27/Aug/2022:15:29:23 -0500] "POST /kwsrmcab/Wsrmcab HTTP/1.1" 200 43914
201.245.192.253 - - [27/Aug/2022:15:29:27 -0500] "POST /kwsrmcab/Wsrmcab HTTP/1.1" 200 42895
64.124.8.41 - - [27/Aug/2022:15:29:59 -0500] "GET /catalogoisis/ HTTP/1.1" 200 8575
64.124.8.41 - - [27/Aug/2022:15:30:20 -0500] "GET /galeria/mapa/humedal.html HTTP/1.1" 200 13190
172.22.2.4 - - [27/Aug/2022:15:29:01 -0500] "HEAD /BLA/boletinlegal/ HTTP/1.1" 200 -
201.245.192.253 - - [27/Aug/2022:15:31:18 -0500] "POST /kwsrmcab/Wsrmcab  HTTP/1.1" 200 213
172.22.2.4 - - [27/Aug/2022:15:29:51 -0500] "GET /BLA/boletinlegal/ HTTP/1.1" 200 57716
216.245.221.92 - - [27/Aug/2022:15:31:50 -0500] "HEAD / HTTP/1.1" 200 -
66.249.64.45 - - [27/Aug/2022:15:32:30 -0500] "-" 408 -
186.99.148.24 - - [27/Aug/2022:15:33:09 -0500] "GET /BLA/resoluciones/ HTTP/1.1" 200 13093
186.99.148.24 - - [27/Aug/2022:15:33:14 -0500] "GET /BLA/resoluciones/index.php?dir=RESOLUCIONES+2021%2F HTTP/1.1" 200 32715
186.99.148.24 - - [27/Aug/2022:15:33:14 -0500] "GET /BLA/resoluciones/index.php?dir=RESOLUCIONES+2021%2F HTTP/1.1" 200 416167
186.99.148.24 - - [27/Aug/2022:15:33:19 -0500] "GET /BLA/resoluciones/RESOLUCIONES%202021/0158.pdf HTTP/1.1" 200 645760
201.245.192.253 - - [27/Aug/2022:15:36:17 -0500] "POST /kwsrmcab/Wsrmcab  HTTP/1.1" 200 213
172.22.2.4 - - [27/Aug/2022:15:34:51 -0500] "HEAD /BLA/boletinlegal/ HTTP/1.1" 200 -
216.245.221.92 - - [27/Aug/2022:15:36:50 -0500] "HEAD / HTTP/1.1" 200 -
172.22.2.4 - - [27/Aug/2022:15:35:41 -0500] "GET /BLA/boletinlegal/ HTTP/1.1" 200 60272
207.46.13.186 - - [27/Aug/2022:15:38:20 -0500] "GET /sipse/faces/javax.faces.resource/layout/layout.js;jsessionid=uodft01wlhvus-t0shwvigwx.undefined?ln=primefaces&v=4.0 HTTP/1.1" 200 87560
207.46.13.115 - - [27/Aug/2022:15:38:41 -0500] "GET /catalogoisis/js/numero.js HTTP/1.1" 200 398
201.245.192.253 - - [27/Aug/2022:15:39:23 -0500] "POST /kwsrmcab/Wsrmcab HTTP/1.1" 200 43914
201.245.192.253 - - [27/Aug/2022:15:39:26 -0500] "POST /kwsrmcab/Wsrmcab HTTP/1.1" 200 42895
172.22.2.4 - - [27/Aug/2022:15:38:35 -0500] "GET /BLA/boletinlegal/ HTTP/1.1" 200 63198
201.245.192.253 - - [27/Aug/2022:15:41:16 -0500] "POST /kwsrmcab/Wsrmcab  HTTP/1.1" 200 213
172.22.2.4 - - [27/Aug/2022:15:41:22 -0500] "GET /BLA/boletinlegal/robots.txt HTTP/1.1" 404 1038
172.22.2.4 - - [27/Aug/2022:15:41:22 -0500] "GET /BLA/boletinlegal/jurisprudencia/analisis/null HTTP/1.1" 404 1038
216.245.221.92 - - [27/Aug/2022:15:41:50 -0500] "HEAD / HTTP/1.1" 200 -
172.22.2.4 - - [27/Aug/2022:15:40:41 -0500] "HEAD /BLA/boletinlegal/ HTTP/1.1" 200 -
172.22.2.4 - - [27/Aug/2022:15:42:27 -0500] "GET /BLA/boletinlegal/Circulares/2022/CIRCULAR%20No.%2000005%20DEL%2030%20DE%20JUNIO%20DEL%202022.pdf HTTP/1.1" 404 1218
66.249.64.45 - - [27/Aug/2022:15:42:28 -0500] "-" 408 -
172.22.2.4 - - [27/Aug/2022:15:42:31 -0500] "GET /BLA/boletinlegal/Circulares/2019/.pdf HTTP/1.1" 404 1218
172.22.2.4 - - [27/Aug/2022:15:42:40 -0500] "GET /BLA/boletinlegal/Circulares/2012/Circular%20No.%2010%20del%2026%20de%20Enero%20de%202012.pdf HTTP/1.1" 404 1218
172.22.2.4 - - [27/Aug/2022:15:41:31 -0500] "GET /BLA/boletinlegal/ HTTP/1.1" 200 56005
201.245.192.253 - - [27/Aug/2022:15:46:15 -0500] "POST /kwsrmcab/Wsrmcab  HTTP/1.1" 200 213
216.245.221.92 - - [27/Aug/2022:15:46:50 -0500] "HEAD / HTTP/1.1" 200 -
172.22.2.4 - - [27/Aug/2022:15:47:06 -0500] "GET /BLA/boletinlegal/consulta_actos.php?tipo=resoluciones&no=0797&usuario=&sector=&fecha=2018&resuelve= HTTP/1.1" 200 626
172.22.2.4 - - [27/Aug/2022:15:47:06 -0500] "GET /BLA/boletinlegal/consulta_actos.php?tipo=resoluciones&no=0797&usuario=&sector=&fecha=2018&resuelve= HTTP/1.1" 200 626
172.22.2.4 - - [27/Aug/2022:15:47:06 -0500] "GET /BLA/boletinlegal/consulta_actos.php?tipo=resoluciones&no=0797&usuario=&sector=&fecha=2018&resuelve= HTTP/1.1" 200 626
172.22.2.4 - - [27/Aug/2022:15:47:07 -0500] "GET /BLA/boletinlegal/consulta_actos.php?tipo=resoluciones&no=0797&usuario=&sector=&fecha=2018&resuelve= HTTP/1.1" 200 626
172.22.2.4 - - [27/Aug/2022:15:47:07 -0500] "GET /BLA/boletinlegal/consulta_actos.php?tipo=resoluciones&no=0797&usuario=&sector=&fecha=2018&resuelve= HTTP/1.1" 200 626
172.22.2.4 - - [27/Aug/2022:15:47:07 -0500] "GET /BLA/boletinlegal/consulta_actos.php?tipo=resoluciones&no=0797&usuario=&sector=&fecha=2018&resuelve= HTTP/1.1" 200 626
172.22.2.4 - - [27/Aug/2022:15:46:31 -0500] "HEAD /BLA/boletinlegal/ HTTP/1.1" 200 -
172.22.2.4 - - [27/Aug/2022:15:47:21 -0500] "GET /BLA/boletinlegal/ HTTP/1.1" 200 59819
66.249.64.45 - - [27/Aug/2022:15:49:04 -0500] "-" 408 -
207.46.13.186 - - [27/Aug/2022:15:50:59 -0500] "GET /BLA/resoluciones/RESOLUCIONES%202001/2001%201350-1399.tif HTTP/1.1" 200 3333955
201.245.192.253 - - [27/Aug/2022:15:51:14 -0500] "POST /kwsrmcab/Wsrmcab  HTTP/1.1" 200 213
216.245.221.92 - - [27/Aug/2022:15:51:50 -0500] "HEAD / HTTP/1.1" 200 -
172.22.2.4 - - [27/Aug/2022:15:52:21 -0500] "HEAD /BLA/boletinlegal/ HTTP/1.1" 200 -
64.124.8.37 - - [27/Aug/2022:15:54:09 -0500] "GET /portaldeninos/2021/05/30/cambio-climatico/ HTTP/1.1" 200 93898
172.22.2.4 - - [27/Aug/2022:15:54:19 -0500] "GET /BLA/boletinlegal/consulta_actos.php?tipo=resoluciones&no=0797&usuario=&sector=&fecha=2018&resuelve= HTTP/1.1" 200 626
172.22.2.4 - - [27/Aug/2022:15:54:19 -0500] "GET /BLA/boletinlegal/consulta_actos.php?tipo=resoluciones&no=0797&usuario=&sector=&fecha=2018&resuelve= HTTP/1.1" 200 626
172.22.2.4 - - [27/Aug/2022:15:54:19 -0500] "GET /BLA/boletinlegal/consulta_actos.php?tipo=resoluciones&no=0797&usuario=&sector=&fecha=2018&resuelve= HTTP/1.1" 200 626
172.22.2.4 - - [27/Aug/2022:15:54:19 -0500] "GET /BLA/boletinlegal/consulta_actos.php?tipo=resoluciones&no=0797&usuario=&sector=&fecha=2018&resuelve= HTTP/1.1" 200 626
172.22.2.4 - - [27/Aug/2022:15:54:20 -0500] "GET /BLA/boletinlegal/consulta_actos.php?tipo=resoluciones&no=0797&usuario=&sector=&fecha=2018&resuelve= HTTP/1.1" 200 626
172.22.2.4 - - [27/Aug/2022:15:54:20 -0500] "GET /BLA/boletinlegal/consulta_actos.php?tipo=resoluciones&no=0797&usuario=&sector=&fecha=2018&resuelve= HTTP/1.1" 200 626
172.22.2.4 - - [27/Aug/2022:15:54:20 -0500] "GET /BLA/boletinlegal/consulta_actos.php?tipo=resoluciones&no=0797&usuario=&sector=&fecha=2018&resuelve= HTTP/1.1" 200 626
66.249.64.45 - - [27/Aug/2022:15:54:46 -0500] "-" 408 -
172.22.2.4 - - [27/Aug/2022:15:53:11 -0500] "GET /BLA/boletinlegal/ HTTP/1.1" 200 60272
201.245.192.253 - - [27/Aug/2022:15:56:12 -0500] "POST /kwsrmcab/Wsrmcab  HTTP/1.1" 200 213
216.245.221.92 - - [27/Aug/2022:15:56:50 -0500] "HEAD / HTTP/1.1" 200 -
172.22.2.4 - - [27/Aug/2022:15:58:11 -0500] "HEAD /BLA/boletinlegal/ HTTP/1.1" 200 -
66.249.64.45 - - [27/Aug/2022:16:00:31 -0500] "-" 408 -
172.22.2.4 - - [27/Aug/2022:15:59:01 -0500] "GET /BLA/boletinlegal/ HTTP/1.1" 200 52868
201.245.192.253 - - [27/Aug/2022:16:01:11 -0500] "POST /kwsrmcab/Wsrmcab  HTTP/1.1" 200 213
216.245.221.92 - - [27/Aug/2022:16:01:50 -0500] "HEAD / HTTP/1.1" 200 -
172.22.2.4 - - [27/Aug/2022:16:03:10 -0500] "GET /BLA/boletinlegal/jurisprudencia/analisis/Analisis%20Sentencia%20T-1077,%202%20corregida.doc HTTP/1.1" 200 47616
207.46.13.186 - - [27/Aug/2022:16:05:00 -0500] "GET /BLA/resoluciones/RESOLUCIONES%202003/RES%202003%20851-900/852.tif HTTP/1.1" 200 67664
172.22.2.4 - - [27/Aug/2022:16:04:01 -0500] "HEAD /BLA/boletinlegal/ HTTP/1.1" 200 -
66.249.64.45 - - [27/Aug/2022:16:06:12 -0500] "-" 408 -
201.245.192.253 - - [27/Aug/2022:16:06:10 -0500] "POST /kwsrmcab/Wsrmcab  HTTP/1.1" 200 213
172.22.2.4 - - [27/Aug/2022:16:04:51 -0500] "GET /BLA/boletinlegal/ HTTP/1.1" 200 60272
216.245.221.92 - - [27/Aug/2022:16:06:50 -0500] "HEAD / HTTP/1.1" 200 -
172.22.2.4 - - [27/Aug/2022:16:06:55 -0500] "GET /BLA/boletinlegal/consulta_actos.php?tipo=resoluciones&no=1078&usuario=&sector=&fecha=2018&resuelve= HTTP/1.1" 200 1110
172.22.2.4 - - [27/Aug/2022:16:06:55 -0500] "GET /BLA/boletinlegal/consulta_actos.php?tipo=resoluciones&no=1078&usuario=&sector=&fecha=2018&resuelve= HTTP/1.1" 200 1110
172.22.2.4 - - [27/Aug/2022:16:06:55 -0500] "GET /BLA/boletinlegal/consulta_actos.php?tipo=resoluciones&no=1078&usuario=&sector=&fecha=2018&resuelve= HTTP/1.1" 200 1110
172.22.2.4 - - [27/Aug/2022:16:06:56 -0500] "GET /BLA/boletinlegal/consulta_actos.php?tipo=resoluciones&no=1078&usuario=&sector=&fecha=2018&resuelve= HTTP/1.1" 200 1110
172.22.2.4 - - [27/Aug/2022:16:06:56 -0500] "GET /BLA/boletinlegal/consulta_actos.php?tipo=resoluciones&no=1078&usuario=&sector=&fecha=2018&resuelve= HTTP/1.1" 200 1110
207.46.13.36 - - [27/Aug/2022:16:07:26 -0500] "GET /BLA/resoluciones/892.tif HTTP/1.1" 404 1018
207.46.13.186 - - [27/Aug/2022:16:08:52 -0500] "GET /BLA/resoluciones/RESOLUCIONES%202004/RESOLUCION%20834%20DE%202004.PDF HTTP/1.1" 304 -
172.22.2.4 - - [27/Aug/2022:16:08:59 -0500] "GET /BLA/boletinlegal/actos.php HTTP/1.1" 200 9559
172.22.2.4 - - [27/Aug/2022:16:09:00 -0500] "GET /BLA/boletinlegal/styles2.css HTTP/1.1" 200 1838
172.22.2.4 - - [27/Aug/2022:16:09:00 -0500] "GET /BLA/boletinlegal/js/ajax_actos.js HTTP/1.1" 200 1322
172.22.2.4 - - [27/Aug/2022:16:09:00 -0500] "GET /BLA/boletinlegal/niceforms-default.css HTTP/1.1" 200 6694
172.22.2.4 - - [27/Aug/2022:16:09:00 -0500] "GET /BLA/boletinlegal/style.css HTTP/1.1" 200 9406
172.22.2.4 - - [27/Aug/2022:16:09:00 -0500] "GET /BLA/boletinlegal/js/lib.js HTTP/1.1" 200 6474
172.22.2.4 - - [27/Aug/2022:16:09:00 -0500] "GET /BLA/boletinlegal/niceforms.js HTTP/1.1" 200 22876
172.22.2.4 - - [27/Aug/2022:16:09:00 -0500] "GET /BLA/boletinlegal/js/jquery1.js HTTP/1.1" 200 29846
172.22.2.4 - - [27/Aug/2022:16:09:00 -0500] "GET /BLA/boletinlegal/js/popup.js HTTP/1.1" 200 1270
172.22.2.4 - - [27/Aug/2022:16:09:00 -0500] "GET /BLA/boletinlegal/images/cabezote%20BLEGAL.jpg HTTP/1.1" 200 118164
172.22.2.4 - - [27/Aug/2022:16:09:00 -0500] "GET /BLA/boletinlegal/images/subscribe-icon-big.png HTTP/1.1" 200 47702
172.22.2.4 - - [27/Aug/2022:16:09:00 -0500] "GET /BLA/boletinlegal/images/historia.png HTTP/1.1" 200 52775
172.22.2.4 - - [27/Aug/2022:16:09:00 -0500] "GET /BLA/boletinlegal/images/registro-usuarios.png HTTP/1.1" 200 8106
172.22.2.4 - - [27/Aug/2022:16:09:00 -0500] "GET /BLA/boletinlegal/images/green-yellow-blue-pink-th.png HTTP/1.1" 200 7394
172.22.2.4 - - [27/Aug/2022:16:09:00 -0500] "GET /BLA/boletinlegal/images/abajo.png HTTP/1.1" 200 96676
172.22.2.4 - - [27/Aug/2022:16:09:00 -0500] "GET /BLA/boletinlegal/images/tel.png HTTP/1.1" 200 14477
172.22.2.4 - - [27/Aug/2022:16:09:00 -0500] "GET /BLA/boletinlegal/images/icono-email.png HTTP/1.1" 200 5544
172.22.2.4 - - [27/Aug/2022:16:09:00 -0500] "GET /BLA/boletinlegal/images/body_bg.jpg HTTP/1.1" 200 1601
172.22.2.4 - - [27/Aug/2022:16:09:00 -0500] "GET /BLA/boletinlegal/images/menu_lft.gif HTTP/1.1" 200 1713
172.22.2.4 - - [27/Aug/2022:16:09:00 -0500] "GET /BLA/boletinlegal/images/menu_rght.gif HTTP/1.1" 200 1627
172.22.2.4 - - [27/Aug/2022:16:09:00 -0500] "GET /BLA/boletinlegal/images/bg_top.jpg HTTP/1.1" 200 522
172.22.2.4 - - [27/Aug/2022:16:09:00 -0500] "GET /BLA/boletinlegal/images/menu_bg.jpg HTTP/1.1" 200 620
172.22.2.4 - - [27/Aug/2022:16:09:00 -0500] "GET /BLA/boletinlegal/images/hover.jpg HTTP/1.1" 200 640
172.22.2.4 - - [27/Aug/2022:16:09:00 -0500] "GET /BLA/boletinlegal/images/text.jpg HTTP/1.1" 200 568
172.22.2.4 - - [27/Aug/2022:16:09:00 -0500] "GET /BLA/boletinlegal/images/footer_bg.jpg HTTP/1.1" 200 586
172.22.2.4 - - [27/Aug/2022:16:09:00 -0500] "GET /BLA/boletinlegal/images/footer_bg_l.jpg HTTP/1.1" 200 776
172.22.2.4 - - [27/Aug/2022:16:09:00 -0500] "GET /BLA/boletinlegal/img/0.png HTTP/1.1" 200 110
172.22.2.4 - - [27/Aug/2022:16:09:00 -0500] "GET /BLA/boletinlegal/img/select-left.png HTTP/1.1" 200 263
172.22.2.4 - - [27/Aug/2022:16:09:00 -0500] "GET /BLA/boletinlegal/img/select-right.png HTTP/1.1" 200 44019
172.22.2.4 - - [27/Aug/2022:16:09:00 -0500] "GET /BLA/boletinlegal/img/button-left.png HTTP/1.1" 200 57071
172.22.2.4 - - [27/Aug/2022:16:09:00 -0500] "GET /BLA/boletinlegal/img/button.png HTTP/1.1" 200 43241
172.22.2.4 - - [27/Aug/2022:16:09:00 -0500] "GET /BLA/boletinlegal/img/button-right.png HTTP/1.1" 200 57878
172.22.2.4 - - [27/Aug/2022:16:09:00 -0500] "GET /BLA/boletinlegal/favicon.ico HTTP/1.1" 404 1326
64.124.8.37 - - [27/Aug/2022:16:09:56 -0500] "GET /portaldeninos/2021/05/30/manejo-de-residuos/ HTTP/1.1" 200 92986
201.245.192.253 - - [27/Aug/2022:16:11:09 -0500] "POST /kwsrmcab/Wsrmcab  HTTP/1.1" 200 213
172.22.2.4 - - [27/Aug/2022:16:09:51 -0500] "HEAD /BLA/boletinlegal/ HTTP/1.1" 200 -
66.249.64.45 - - [27/Aug/2022:16:11:47 -0500] "-" 408 -
216.245.221.92 - - [27/Aug/2022:16:11:50 -0500] "HEAD / HTTP/1.1" 200 -
172.22.2.4 - - [27/Aug/2022:16:10:41 -0500] "GET /BLA/boletinlegal/ HTTP/1.1" 200 58159
108.174.5.112 - - [27/Aug/2022:16:13:44 -0500] "GET /que-orgullo-bogota-obtiene-reconocimiento-por-sus-planes-y-acciones-para-enfrentar-el-cambio-climatico.html HTTP/1.1" 206 773
172.22.2.4 - - [27/Aug/2022:16:13:55 -0500] "GET /BLA/boletinlegal/ HTTP/1.1" 200 36811
201.245.192.253 - - [27/Aug/2022:16:16:08 -0500] "POST /kwsrmcab/Wsrmcab  HTTP/1.1" 200 213
216.245.221.92 - - [27/Aug/2022:16:16:50 -0500] "HEAD / HTTP/1.1" 200 -
172.22.2.4 - - [27/Aug/2022:16:15:41 -0500] "HEAD /BLA/boletinlegal/ HTTP/1.1" 200 -
66.249.64.45 - - [27/Aug/2022:16:17:48 -0500] "-" 408 -
172.22.2.4 - - [27/Aug/2022:16:16:31 -0500] "GET /BLA/boletinlegal/ HTTP/1.1" 200 58154
173.252.95.21 - - [27/Aug/2022:16:18:47 -0500] "GET /images/pieza-grafica-semana-ambiental-30.jpg HTTP/1.1" 200 38850
201.245.192.253 - - [27/Aug/2022:16:19:23 -0500] "POST /kwsrmcab/Wsrmcab HTTP/1.1" 200 43761
201.245.192.253 - - [27/Aug/2022:16:19:27 -0500] "POST /kwsrmcab/Wsrmcab HTTP/1.1" 200 41544
201.245.192.253 - - [27/Aug/2022:16:21:08 -0500] "POST /kwsrmcab/Wsrmcab  HTTP/1.1" 200 213
216.245.221.92 - - [27/Aug/2022:16:21:50 -0500] "HEAD / HTTP/1.1" 200 -
172.22.2.4 - - [27/Aug/2022:16:21:31 -0500] "HEAD /BLA/boletinlegal/ HTTP/1.1" 200 -
172.22.2.4 - - [27/Aug/2022:16:22:21 -0500] "GET /BLA/boletinlegal/ HTTP/1.1" 200 54814
66.249.64.45 - - [27/Aug/2022:16:24:35 -0500] "-" 408 -
201.245.192.253 - - [27/Aug/2022:16:26:07 -0500] "POST /kwsrmcab/Wsrmcab  HTTP/1.1" 200 213
190.121.155.132 - - [27/Aug/2022:16:26:27 -0500] "GET /Publicaciones/SSFFS-05124.zip HTTP/1.1" 200 6343833
207.46.13.36 - - [27/Aug/2022:16:26:38 -0500] "GET /BLA/resoluciones/879.tif HTTP/1.1" 404 1018
216.245.221.92 - - [27/Aug/2022:16:26:50 -0500] "HEAD / HTTP/1.1" 200 -
157.55.39.8 - - [27/Aug/2022:16:28:17 -0500] "GET /BLA/resoluciones/893.tif HTTP/1.1" 404 1018
172.22.2.4 - - [27/Aug/2022:16:27:21 -0500] "HEAD /BLA/boletinlegal/ HTTP/1.1" 200 -
201.245.192.253 - - [27/Aug/2022:16:29:23 -0500] "POST /kwsrmcab/Wsrmcab HTTP/1.1" 200 43761
201.245.192.253 - - [27/Aug/2022:16:29:26 -0500] "POST /kwsrmcab/Wsrmcab HTTP/1.1" 200 41544
172.22.2.4 - - [27/Aug/2022:16:28:11 -0500] "GET /BLA/boletinlegal/ HTTP/1.1" 200 58154
45.134.225.20 - - [27/Aug/2022:16:30:02 -0500] "GET /apply.cgi HTTP/1.1" 404 1178
201.245.192.253 - - [27/Aug/2022:16:31:06 -0500] "POST /kwsrmcab/Wsrmcab  HTTP/1.1" 200 213
216.245.221.92 - - [27/Aug/2022:16:31:50 -0500] "HEAD / HTTP/1.1" 200 -
35.204.120.34 - - [27/Aug/2022:16:32:46 -0500] "GET / HTTP/1.1" 200 319
35.204.120.34 - - [27/Aug/2022:16:32:46 -0500] "GET / HTTP/1.1" 200 4720
190.121.155.132 - - [27/Aug/2022:16:34:04 -0500] "GET /Publicaciones/SSFFS-08775.zip HTTP/1.1" 200 1344093
172.22.2.4 - - [27/Aug/2022:16:33:11 -0500] "HEAD /BLA/boletinlegal/ HTTP/1.1" 200 -
172.22.2.4 - - [27/Aug/2022:16:35:03 -0500] "GET /BLA/boletinlegal/Circulares/2021/CIRCULAR%20No.%2000009%20DEL%2001%20DE%20OCTUBRE%20DEL%202021.pdf HTTP/1.1" 304 -
66.249.64.45 - - [27/Aug/2022:16:35:06 -0500] "-" 408 -
172.22.2.4 - - [27/Aug/2022:16:34:01 -0500] "GET /BLA/boletinlegal/ HTTP/1.1" 200 52484
201.245.192.253 - - [27/Aug/2022:16:36:05 -0500] "POST /kwsrmcab/Wsrmcab  HTTP/1.1" 200 213
172.22.2.4 - - [27/Aug/2022:16:34:38 -0500] "GET /BLA/boletinlegal/ HTTP/1.1" 200 52484
172.22.2.4 - - [27/Aug/2022:16:35:25 -0500] "GET /BLA/boletinlegal/ HTTP/1.1" 200 36811
216.245.221.92 - - [27/Aug/2022:16:36:50 -0500] "HEAD / HTTP/1.1" 200 -
172.22.2.4 - - [27/Aug/2022:16:38:23 -0500] "GET /BLA/boletinlegal/Circulares/2022/CIRCULAR%20No.%2000005%20DEL%2030%20DE%20JUNIO%20DEL%202022.pdf HTTP/1.1" 404 1218
201.245.192.253 - - [27/Aug/2022:16:39:22 -0500] "POST /kwsrmcab/Wsrmcab HTTP/1.1" 200 43761
201.245.192.253 - - [27/Aug/2022:16:39:27 -0500] "POST /kwsrmcab/Wsrmcab HTTP/1.1" 200 41544
172.22.2.4 - - [27/Aug/2022:16:39:32 -0500] "GET /BLA/boletinlegal/Circulares/2019/.pdf HTTP/1.1" 404 1218
173.252.95.6 - - [27/Aug/2022:16:40:22 -0500] "GET /images/Junio%2002-experiencias-jardines-verticales-sda.jpeg HTTP/1.1" 200 31171
172.22.2.4 - - [27/Aug/2022:16:40:27 -0500] "GET /BLA/boletinlegal/actos.php HTTP/1.1" 200 9559
172.22.2.4 - - [27/Aug/2022:16:40:41 -0500] "GET /BLA/boletinlegal/consulta_actos.php?tipo=resoluciones&no=0797&usuario=&sector=&fecha=2018&resuelve= HTTP/1.1" 200 626
172.22.2.4 - - [27/Aug/2022:16:39:01 -0500] "HEAD /BLA/boletinlegal/ HTTP/1.1" 200 -
172.22.2.4 - - [27/Aug/2022:16:40:48 -0500] "GET /BLA/boletinlegal/consulta_actos.php?tipo=resoluciones&no=0797&usuario=&sector=&fecha=2018&resuelve= HTTP/1.1" 200 626
172.22.2.4 - - [27/Aug/2022:16:40:49 -0500] "GET /BLA/boletinlegal/consulta_actos.php?tipo=resoluciones&no=0797&usuario=&sector=&fecha=2018&resuelve= HTTP/1.1" 200 626
172.22.2.4 - - [27/Aug/2022:16:40:49 -0500] "GET /BLA/boletinlegal/consulta_actos.php?tipo=resoluciones&no=0797&usuario=&sector=&fecha=2018&resuelve= HTTP/1.1" 200 626
172.22.2.4 - - [27/Aug/2022:16:40:49 -0500] "GET /BLA/boletinlegal/consulta_actos.php?tipo=resoluciones&no=0797&usuario=&sector=&fecha=2018&resuelve= HTTP/1.1" 200 626
172.22.2.4 - - [27/Aug/2022:16:40:50 -0500] "GET /BLA/boletinlegal/consulta_actos.php?tipo=resoluciones&no=0797&usuario=&sector=&fecha=2018&resuelve= HTTP/1.1" 200 626
69.171.251.19 - - [27/Aug/2022:16:40:50 -0500] "GET /images/jardines-verticales-plantas-24-mayo.jpg HTTP/1.1" 200 148288
66.220.149.116 - - [27/Aug/2022:16:40:54 -0500] "GET /images/eficiencia-energetica-11-marzo.jpg HTTP/1.1" 200 46478
172.22.2.4 - - [27/Aug/2022:16:40:26 -0500] "GET /BLA/boletinlegal/ HTTP/1.1" 200 24523
201.245.192.253 - - [27/Aug/2022:16:41:04 -0500] "POST /kwsrmcab/Wsrmcab  HTTP/1.1" 200 213
92.118.39.88 - - [27/Aug/2022:16:41:15 -0500] "GET / HTTP/1.1" 200 319
172.22.2.4 - - [27/Aug/2022:16:39:51 -0500] "GET /BLA/boletinlegal/ HTTP/1.1" 200 53994
216.245.221.92 - - [27/Aug/2022:16:41:50 -0500] "HEAD / HTTP/1.1" 200 -
207.46.13.186 - - [27/Aug/2022:16:41:54 -0500] "GET /BLA/resoluciones/876.tif HTTP/1.1" 404 1018
66.249.64.45 - - [27/Aug/2022:16:42:10 -0500] "-" 408 -
186.30.107.121 - - [27/Aug/2022:16:42:22 -0500] "GET /BLA/resoluciones/index.php?dir=RESOLUCIONES+2019%2F HTTP/1.1" 200 244217
186.155.195.13 - - [27/Aug/2022:16:42:31 -0500] "GET / HTTP/1.1" 200 4720
186.155.195.13 - - [27/Aug/2022:16:42:32 -0500] "GET /js/url.js HTTP/1.1" 404 1294
186.155.195.13 - - [27/Aug/2022:16:42:32 -0500] "GET /fonts/icomoon/style.css HTTP/1.1" 200 79820
186.155.195.13 - - [27/Aug/2022:16:42:32 -0500] "GET /css/style.css HTTP/1.1" 200 3473
186.155.195.13 - - [27/Aug/2022:16:42:32 -0500] "GET /css/bootstrap.min.css HTTP/1.1" 200 178212
186.155.195.13 - - [27/Aug/2022:16:42:33 -0500] "GET /favicon.ico HTTP/1.1" 404 1294
201.245.192.253 - - [27/Aug/2022:16:46:03 -0500] "POST /kwsrmcab/Wsrmcab  HTTP/1.1" 200 213
207.46.13.16 - - [27/Aug/2022:16:46:19 -0500] "GET /galeria/galeria/fotos/Capellania3G.jpg HTTP/1.1" 200 515718
172.22.2.4 - - [27/Aug/2022:16:44:51 -0500] "HEAD /BLA/boletinlegal/ HTTP/1.1" 200 -
216.245.221.92 - - [27/Aug/2022:16:46:50 -0500] "HEAD / HTTP/1.1" 200 -
172.22.2.4 - - [27/Aug/2022:16:45:41 -0500] "GET /BLA/boletinlegal/ HTTP/1.1" 200 58154
66.249.64.45 - - [27/Aug/2022:16:47:51 -0500] "-" 408 -
172.22.2.4 - - [27/Aug/2022:16:48:21 -0500] "GET /BLA/boletinlegal/consulta_actos.php?tipo=resoluciones&no=0797&usuario=&sector=&fecha=2018&resuelve= HTTP/1.1" 200 626
172.22.2.4 - - [27/Aug/2022:16:48:22 -0500] "GET /BLA/boletinlegal/consulta_actos.php?tipo=resoluciones&no=0797&usuario=&sector=&fecha=2018&resuelve= HTTP/1.1" 200 626
172.22.2.4 - - [27/Aug/2022:16:48:22 -0500] "GET /BLA/boletinlegal/consulta_actos.php?tipo=resoluciones&no=0797&usuario=&sector=&fecha=2018&resuelve= HTTP/1.1" 200 626
64.124.8.37 - - [27/Aug/2022:16:48:21 -0500] "GET /portaldeninos/2018/06/06/hola-mundo-2/ HTTP/1.1" 200 95483
172.22.2.4 - - [27/Aug/2022:16:48:22 -0500] "GET /BLA/boletinlegal/consulta_actos.php?tipo=resoluciones&no=0797&usuario=&sector=&fecha=2018&resuelve= HTTP/1.1" 200 626
172.22.2.4 - - [27/Aug/2022:16:48:22 -0500] "GET /BLA/boletinlegal/consulta_actos.php?tipo=resoluciones&no=0797&usuario=&sector=&fecha=2018&resuelve= HTTP/1.1" 200 626
172.22.2.4 - - [27/Aug/2022:16:48:23 -0500] "GET /BLA/boletinlegal/consulta_actos.php?tipo=resoluciones&no=0797&usuario=&sector=&fecha=2018&resuelve= HTTP/1.1" 200 626
172.22.2.4 - - [27/Aug/2022:16:48:23 -0500] "GET /BLA/boletinlegal/consulta_actos.php?tipo=resoluciones&no=0797&usuario=&sector=&fecha=2018&resuelve= HTTP/1.1" 200 626
172.22.2.4 - - [27/Aug/2022:16:48:25 -0500] "GET /BLA/boletinlegal/consulta_actos.php?tipo=resoluciones&no=0797&usuario=&sector=&fecha=2018&resuelve= HTTP/1.1" 200 626
172.22.2.4 - - [27/Aug/2022:16:48:25 -0500] "GET /BLA/boletinlegal/consulta_actos.php?tipo=resoluciones&no=0797&usuario=&sector=&fecha=2018&resuelve= HTTP/1.1" 200 626
172.22.2.4 - - [27/Aug/2022:16:48:25 -0500] "GET /BLA/boletinlegal/consulta_actos.php?tipo=resoluciones&no=0797&usuario=&sector=&fecha=2018&resuelve= HTTP/1.1" 200 626
172.22.2.4 - - [27/Aug/2022:16:48:25 -0500] "GET /BLA/boletinlegal/consulta_actos.php?tipo=resoluciones&no=0797&usuario=&sector=&fecha=2018&resuelve= HTTP/1.1" 200 626
172.22.2.4 - - [27/Aug/2022:16:48:26 -0500] "GET /BLA/boletinlegal/consulta_actos.php?tipo=resoluciones&no=0797&usuario=&sector=&fecha=2018&resuelve= HTTP/1.1" 200 626
172.22.2.4 - - [27/Aug/2022:16:48:26 -0500] "GET /BLA/boletinlegal/consulta_actos.php?tipo=resoluciones&no=0797&usuario=&sector=&fecha=2018&resuelve= HTTP/1.1" 200 626
95.161.131.237 - - [27/Aug/2022:16:49:11 -0500] "GET http://query.cleaning/v4/checker.php HTTP/1.1" 404 1018
173.252.83.10 - - [27/Aug/2022:16:50:22 -0500] "GET /images/lluvias-arboles-4-junio.jpeg HTTP/1.1" 200 117524
173.252.83.10 - - [27/Aug/2022:16:50:23 -0500] "GET /images/empresas-industrias-forestales-1-junio.jpg HTTP/1.1" 200 44019
173.252.83.1 - - [27/Aug/2022:16:50:23 -0500] "GET /images/Junio%2002-experiencias-jardines-verticales-sda.jpeg HTTP/1.1" 200 31171
173.252.83.1 - - [27/Aug/2022:16:50:24 -0500] "GET /images/pieza-grafica-semana-ambiental-30.jpg HTTP/1.1" 200 38850
185.119.81.109 - - [27/Aug/2022:16:50:37 -0500] "GET /portaldeninos/wp-login.php HTTP/1.1" 200 2592
185.119.81.109 - - [27/Aug/2022:16:50:38 -0500] "POST /portaldeninos/wp-login.php HTTP/1.1" 200 3605
201.245.192.253 - - [27/Aug/2022:16:51:02 -0500] "POST /kwsrmcab/Wsrmcab  HTTP/1.1" 200 213
172.22.2.4 - - [27/Aug/2022:16:51:45 -0500] "GET /BLA/boletinlegal/actos.php HTTP/1.1" 200 9559
216.245.221.92 - - [27/Aug/2022:16:51:50 -0500] "HEAD / HTTP/1.1" 200 -
157.55.39.8 - - [27/Aug/2022:16:51:52 -0500] "GET /BLA/resoluciones/index.php?dir=RESOLUCIONES+2007%2F HTTP/1.1" 200 35450
172.22.2.4 - - [27/Aug/2022:16:51:57 -0500] "GET /BLA/boletinlegal/consulta_actos.php?tipo=resoluciones&no=0796&usuario=&sector=&fecha=2018&resuelve= HTTP/1.1" 200 1518
181.50.68.109 - - [27/Aug/2022:16:52:01 -0500] "GET /BLA/resoluciones/RESOLUCIONES%202018/0796.pdf HTTP/1.1" 200 490309
207.46.13.186 - - [27/Aug/2022:16:52:14 -0500] "GET /BLA/resoluciones/dlf/styles.css HTTP/1.1" 200 3049
172.22.2.4 - - [27/Aug/2022:16:50:41 -0500] "HEAD /BLA/boletinlegal/ HTTP/1.1" 200 -
172.22.2.4 - - [27/Aug/2022:16:51:44 -0500] "GET /BLA/boletinlegal/ HTTP/1.1" 200 24523
172.22.2.4 - - [27/Aug/2022:16:51:31 -0500] "GET /BLA/boletinlegal/ HTTP/1.1" 200 54814
64.124.8.41 - - [27/Aug/2022:16:55:02 -0500] "-" 408 -
64.62.243.165 - - [27/Aug/2022:16:55:21 -0500] "GET / HTTP/1.1" 200 319
64.124.8.41 - - [27/Aug/2022:16:55:52 -0500] "-" 408 -
201.245.192.253 - - [27/Aug/2022:16:56:01 -0500] "POST /kwsrmcab/Wsrmcab  HTTP/1.1" 200 213
216.245.221.92 - - [27/Aug/2022:16:56:50 -0500] "HEAD / HTTP/1.1" 200 -
172.22.2.4 - - [27/Aug/2022:16:57:02 -0500] "GET /BLA/boletinlegal/jurisprudencia/analisis/AnalisisC-746-12.docx HTTP/1.1" 304 -
172.22.2.4 - - [27/Aug/2022:16:56:31 -0500] "HEAD /BLA/boletinlegal/ HTTP/1.1" 200 -
172.22.2.4 - - [27/Aug/2022:16:57:21 -0500] "GET /BLA/boletinlegal/ HTTP/1.1" 200 58566
201.245.192.253 - - [27/Aug/2022:17:01:00 -0500] "POST /kwsrmcab/Wsrmcab  HTTP/1.1" 200 213
157.55.39.80 - - [27/Aug/2022:17:01:16 -0500] "GET /BLA/resoluciones/RESOLUCIONES%202013/0247.pdf HTTP/1.1" 304 -
216.245.221.92 - - [27/Aug/2022:17:01:50 -0500] "HEAD / HTTP/1.1" 200 -
172.22.2.4 - - [27/Aug/2022:17:02:21 -0500] "HEAD /BLA/boletinlegal/ HTTP/1.1" 200 -
157.55.39.51 - - [27/Aug/2022:17:04:23 -0500] "GET /plan-de-accion-climatica-pac-de-bogota-aporta-en-cerca-del-90-al-cumplimiento-de-las-acciones-del-acuerdo-de-emergencia-climatica.html HTTP/1.1" 304 -
172.22.2.4 - - [27/Aug/2022:17:03:11 -0500] "GET /BLA/boletinlegal/ HTTP/1.1" 200 52868
66.249.64.45 - - [27/Aug/2022:17:04:59 -0500] "-" 408 -
173.252.83.7 - - [27/Aug/2022:17:05:37 -0500] "GET /images/jardines-verticales-plantas-24-mayo.jpg HTTP/1.1" 200 148288
201.245.192.253 - - [27/Aug/2022:17:05:59 -0500] "POST /kwsrmcab/Wsrmcab  HTTP/1.1" 200 213
64.124.8.41 - - [27/Aug/2022:17:06:22 -0500] "-" 408 -
216.245.221.92 - - [27/Aug/2022:17:06:50 -0500] "HEAD / HTTP/1.1" 200 -
186.155.18.170 - - [27/Aug/2022:17:07:47 -0500] "GET /portaldeninos/ HTTP/1.1" 200 110281
186.155.18.170 - - [27/Aug/2022:17:07:48 -0500] "GET /portaldeninos/wp-includes/js/wp-emoji-release.min.js?ver=4.9.8 HTTP/1.1" 200 12026
186.155.18.170 - - [27/Aug/2022:17:07:48 -0500] "GET /portaldeninos/wp-content/uploads/useanyfont/uaf.css?ver=1589905315 HTTP/1.1" 200 408
186.155.18.170 - - [27/Aug/2022:17:07:48 -0500] "GET /portaldeninos/wp-content/themes/betheme/style.css?ver=20.9.6 HTTP/1.1" 200 287
186.155.18.170 - - [27/Aug/2022:17:07:48 -0500] "GET /portaldeninos/wp-content/themes/betheme/css/base.css?ver=20.9.6 HTTP/1.1" 200 57283
186.155.18.170 - - [27/Aug/2022:17:07:48 -0500] "GET /portaldeninos/wp-content/plugins/gallery-videos/CSS/Total-Soft-Gallery-Video-Widget.css?ver=4.9.8 HTTP/1.1" 200 51554
186.155.18.170 - - [27/Aug/2022:17:07:48 -0500] "GET /portaldeninos/wp-content/plugins/gallery-videos/CSS/totalsoft.css?ver=4.9.8 HTTP/1.1" 200 40622
186.155.18.170 - - [27/Aug/2022:17:07:48 -0500] "GET /portaldeninos/wp-content/themes/betheme/assets/animations/animations.min.css?ver=20.9.6 HTTP/1.1" 200 58508
186.155.18.170 - - [27/Aug/2022:17:07:48 -0500] "GET /portaldeninos/wp-content/themes/betheme/assets/ui/jquery.ui.all.css?ver=20.9.6 HTTP/1.1" 200 18765
186.155.18.170 - - [27/Aug/2022:17:07:48 -0500] "GET /portaldeninos/wp-content/themes/betheme/assets/jplayer/css/jplayer.blue.monday.css?ver=20.9.6 HTTP/1.1" 200 9834
186.155.18.170 - - [27/Aug/2022:17:07:48 -0500] "GET /portaldeninos/wp-content/plugins/popup-maker/assets/css/site.min.css?ver=1.8.14 HTTP/1.1" 200 8260
186.155.18.170 - - [27/Aug/2022:17:07:48 -0500] "GET /portaldeninos/wp-content/plugins/google-analytics-for-wordpress/assets/js/frontend-gtag.min.js?ver=8.5.0 HTTP/1.1" 200 11801
186.155.18.170 - - [27/Aug/2022:17:07:48 -0500] "GET /portaldeninos/wp-content/themes/betheme/css/layout.css?ver=20.9.6 HTTP/1.1" 200 116639
186.155.18.170 - - [27/Aug/2022:17:07:48 -0500] "GET /portaldeninos/wp-content/themes/betheme/css/shortcodes.css?ver=20.9.6 HTTP/1.1" 200 138889
186.155.18.170 - - [27/Aug/2022:17:07:48 -0500] "GET /portaldeninos/wp-content/themes/betheme/css/responsive.css?ver=20.9.6 HTTP/1.1" 200 55740
186.155.18.170 - - [27/Aug/2022:17:07:48 -0500] "GET /portaldeninos/wp-includes/js/jquery/jquery-migrate.min.js?ver=1.4.1 HTTP/1.1" 200 10056
186.155.18.170 - - [27/Aug/2022:17:07:48 -0500] "GET /portaldeninos/wp-content/plugins/gallery-videos/JS/modernizr.custom.js?ver=4.9.8 HTTP/1.1" 200 9019
186.155.18.170 - - [27/Aug/2022:17:07:48 -0500] "GET /portaldeninos/wp-includes/js/jquery/ui/core.min.js?ver=1.11.4 HTTP/1.1" 200 4000
186.155.18.170 - - [27/Aug/2022:17:07:48 -0500] "GET /portaldeninos/wp-includes/js/jquery/jquery-migrate.min.js?ver=1.4.1 HTTP/1.1" 200 10056
186.155.18.170 - - [27/Aug/2022:17:07:48 -0500] "GET /portaldeninos/wp-content/plugins/gallery-videos/JS/Total-Soft-Gallery-Video-Widget.js?ver=4.9.8 HTTP/1.1" 200 80264
186.155.18.170 - - [27/Aug/2022:17:07:48 -0500] "GET /portaldeninos/wp-content/plugins/google-analytics-for-wordpress/assets/js/frontend-gtag.min.js?ver=8.5.0 HTTP/1.1" 200 11801
186.155.18.170 - - [27/Aug/2022:17:07:48 -0500] "GET /portaldeninos/wp-includes/js/wp-emoji-release.min.js?ver=4.9.8 HTTP/1.1" 200 12026
186.155.18.170 - - [27/Aug/2022:17:07:48 -0500] "GET /portaldeninos/wp-includes/js/jquery/jquery.js?ver=1.12.4 HTTP/1.1" 200 97184
186.155.18.170 - - [27/Aug/2022:17:07:48 -0500] "GET /portaldeninos/wp-content/plugins/gallery-videos/JS/modernizr.custom.js?ver=4.9.8 HTTP/1.1" 200 9019
186.155.18.170 - - [27/Aug/2022:17:07:48 -0500] "GET /portaldeninos/wp-includes/js/jquery/ui/core.min.js?ver=1.11.4 HTTP/1.1" 200 4000
186.155.18.170 - - [27/Aug/2022:17:07:48 -0500] "GET /portaldeninos/wp-includes/js/jquery/ui/mouse.min.js?ver=1.11.4 HTTP/1.1" 200 3148
186.155.18.170 - - [27/Aug/2022:17:07:48 -0500] "GET /portaldeninos/wp-includes/js/jquery/ui/widget.min.js?ver=1.11.4 HTTP/1.1" 200 6908
186.155.18.170 - - [27/Aug/2022:17:07:48 -0500] "GET /portaldeninos/wp-content/themes/betheme/js/menu.js?ver=20.9.6 HTTP/1.1" 200 2449
186.155.18.170 - - [27/Aug/2022:17:07:48 -0500] "GET /portaldeninos/wp-includes/js/jquery/ui/accordion.min.js?ver=1.11.4 HTTP/1.1" 200 8584
186.155.18.170 - - [27/Aug/2022:17:07:48 -0500] "GET /portaldeninos/wp-includes/js/jquery/ui/tabs.min.js?ver=1.11.4 HTTP/1.1" 200 12110
186.155.18.170 - - [27/Aug/2022:17:07:48 -0500] "GET /portaldeninos/wp-includes/js/jquery/ui/sortable.min.js?ver=1.11.4 HTTP/1.1" 200 24899
186.155.18.170 - - [27/Aug/2022:17:07:48 -0500] "GET /portaldeninos/wp-content/themes/betheme/assets/animations/animations.min.js?ver=20.9.6 HTTP/1.1" 200 1896
186.155.18.170 - - [27/Aug/2022:17:07:48 -0500] "GET /portaldeninos/wp-content/uploads/2021/06/titulo-cabezote-ni%C3%B1os.png HTTP/1.1" 200 64425
186.155.18.170 - - [27/Aug/2022:17:07:48 -0500] "GET /portaldeninos/wp-includes/js/jquery/ui/position.min.js?ver=1.11.4 HTTP/1.1" 200 6527
186.155.18.170 - - [27/Aug/2022:17:07:48 -0500] "GET /portaldeninos/wp-content/themes/betheme/assets/jplayer/jplayer.min.js?ver=20.9.6 HTTP/1.1" 200 52702
186.155.18.170 - - [27/Aug/2022:17:07:48 -0500] "GET /portaldeninos/wp-content/themes/betheme/fonts/mfn-icons.woff?93978679 HTTP/1.1" 200 80932
186.155.18.170 - - [27/Aug/2022:17:07:48 -0500] "GET /portaldeninos/wp-includes/js/wp-embed.min.js?ver=4.9.8 HTTP/1.1" 200 1398
186.155.18.170 - - [27/Aug/2022:17:07:48 -0500] "GET /portaldeninos/wp-content/plugins/popup-maker/assets/js/site.min.js?defer&ver=1.8.14 HTTP/1.1" 200 48457
186.155.18.170 - - [27/Aug/2022:17:07:48 -0500] "GET /portaldeninos/wp-content/themes/betheme/js/plugins.js?ver=20.9.6 HTTP/1.1" 200 197151
186.155.18.170 - - [27/Aug/2022:17:07:48 -0500] "GET /portaldeninos/wp-content/themes/betheme/js/scripts.js?ver=20.9.6 HTTP/1.1" 200 77162
186.155.18.170 - - [27/Aug/2022:17:07:48 -0500] "GET /portaldeninos/wp-content/uploads/2021/06/titulo-miambiente-ni%C3%B1os.png HTTP/1.1" 200 11944
186.155.18.170 - - [27/Aug/2022:17:07:48 -0500] "GET /portaldeninos/wp-includes/js/jquery/ui/mouse.min.js?ver=1.11.4 HTTP/1.1" 200 3148
186.155.18.170 - - [27/Aug/2022:17:07:48 -0500] "GET /portaldeninos/wp-content/uploads/2019/08/Logo-Ambientic.png HTTP/1.1" 200 22941
186.155.18.170 - - [27/Aug/2022:17:07:48 -0500] "GET /portaldeninos/wp-includes/js/jquery/ui/widget.min.js?ver=1.11.4 HTTP/1.1" 200 6908
186.155.18.170 - - [27/Aug/2022:17:07:48 -0500] "GET /portaldeninos/wp-content/themes/betheme/js/menu.js?ver=20.9.6 HTTP/1.1" 200 2449
186.155.18.170 - - [27/Aug/2022:17:07:48 -0500] "GET /portaldeninos/wp-content/plugins/gallery-videos/JS/Total-Soft-Gallery-Video-Widget.js?ver=4.9.8 HTTP/1.1" 200 80264
186.155.18.170 - - [27/Aug/2022:17:07:48 -0500] "GET /portaldeninos/wp-includes/js/jquery/ui/accordion.min.js?ver=1.11.4 HTTP/1.1" 200 8584
186.155.18.170 - - [27/Aug/2022:17:07:48 -0500] "GET /portaldeninos/wp-content/themes/betheme/assets/animations/animations.min.js?ver=20.9.6 HTTP/1.1" 200 1896
186.155.18.170 - - [27/Aug/2022:17:07:48 -0500] "GET /portaldeninos/wp-includes/js/jquery/ui/tabs.min.js?ver=1.11.4 HTTP/1.1" 200 12110
186.155.18.170 - - [27/Aug/2022:17:07:48 -0500] "GET /portaldeninos/wp-includes/js/jquery/jquery.js?ver=1.12.4 HTTP/1.1" 200 97184
186.155.18.170 - - [27/Aug/2022:17:07:48 -0500] "GET /portaldeninos/wp-includes/js/jquery/ui/position.min.js?ver=1.11.4 HTTP/1.1" 200 6527
186.155.18.170 - - [27/Aug/2022:17:07:48 -0500] "GET /portaldeninos/wp-includes/js/jquery/ui/sortable.min.js?ver=1.11.4 HTTP/1.1" 200 24899
186.155.18.170 - - [27/Aug/2022:17:07:48 -0500] "GET /portaldeninos/wp-includes/js/wp-embed.min.js?ver=4.9.8 HTTP/1.1" 200 1398
186.155.18.170 - - [27/Aug/2022:17:07:48 -0500] "GET /portaldeninos/wp-content/themes/betheme/assets/jplayer/jplayer.min.js?ver=20.9.6 HTTP/1.1" 200 52702
186.155.18.170 - - [27/Aug/2022:17:07:48 -0500] "GET /portaldeninos/wp-content/plugins/popup-maker/assets/js/site.min.js?defer&ver=1.8.14 HTTP/1.1" 200 48457
186.155.18.170 - - [27/Aug/2022:17:07:48 -0500] "GET /portaldeninos/wp-content/themes/betheme/js/scripts.js?ver=20.9.6 HTTP/1.1" 200 77162
186.155.18.170 - - [27/Aug/2022:17:07:48 -0500] "GET /portaldeninos/wp-content/themes/betheme/js/plugins.js?ver=20.9.6 HTTP/1.1" 200 197151
186.155.18.170 - - [27/Aug/2022:17:07:48 -0500] "GET /portaldeninos/wp-content/uploads/2018/10/oso.jpg HTTP/1.1" 200 305180
186.155.18.170 - - [27/Aug/2022:17:07:48 -0500] "GET /portaldeninos/wp-content/uploads/2020/01/Tierra-escenario.jpg HTTP/1.1" 200 181491
186.155.18.170 - - [27/Aug/2022:17:07:48 -0500] "GET /portaldeninos/wp-content/uploads/2021/06/titulo-videos-ni%C3%B1os.png HTTP/1.1" 200 10502
186.155.18.170 - - [27/Aug/2022:17:07:48 -0500] "GET /portaldeninos/wp-content/uploads/2020/01/Frailejon-escenario.jpg HTTP/1.1" 200 357472
186.155.18.170 - - [27/Aug/2022:17:07:48 -0500] "GET /portaldeninos/wp-content/uploads/2021/06/titulo-humedales-ni%C3%B1os.png HTTP/1.1" 200 13361
186.155.18.170 - - [27/Aug/2022:17:07:48 -0500] "GET /portaldeninos/wp-content/uploads/2018/11/tigrillo.jpg HTTP/1.1" 200 402961
186.155.18.170 - - [27/Aug/2022:17:07:48 -0500] "GET /portaldeninos/wp-content/uploads/2020/05/fb.jpg HTTP/1.1" 200 9893
186.155.18.170 - - [27/Aug/2022:17:07:48 -0500] "GET /portaldeninos/wp-content/uploads/2020/06/yt.jpg HTTP/1.1" 200 10577
186.155.18.170 - - [27/Aug/2022:17:07:48 -0500] "GET /portaldeninos/wp-content/uploads/2018/11/caneca.jpg HTTP/1.1" 200 262661
186.155.18.170 - - [27/Aug/2022:17:07:48 -0500] "GET /portaldeninos/wp-content/uploads/2020/05/ig.jpg HTTP/1.1" 200 11470
186.155.18.170 - - [27/Aug/2022:17:07:48 -0500] "GET /portaldeninos/wp-content/uploads/2020/06/tw.jpg HTTP/1.1" 200 11056
186.155.18.170 - - [27/Aug/2022:17:07:48 -0500] "GET /portaldeninos/wp-content/themes/betheme/images/box_shadow.png HTTP/1.1" 200 108
186.155.18.170 - - [27/Aug/2022:17:07:48 -0500] "GET /portaldeninos/wp-content/themes/betheme/images/stripes/stripes_3_b.png HTTP/1.1" 200 974
186.155.18.170 - - [27/Aug/2022:17:07:48 -0500] "GET /portaldeninos/wp-content/uploads/2022/08/Infograf%C3%ADa-humedales-actualizada.png HTTP/1.1" 200 588022
186.155.18.170 - - [27/Aug/2022:17:07:49 -0500] "GET /portaldeninos/wp-json/pum/v1/analytics/?event=open&pid=1126&_cache=1661637959115 HTTP/1.1" 204 -
186.155.18.170 - - [27/Aug/2022:17:07:48 -0500] "GET /portaldeninos/wp-content/uploads/2022/08/HUmedalConejera03-1.jpg HTTP/1.1" 200 12388495
186.155.18.170 - - [27/Aug/2022:17:07:48 -0500] "GET /portaldeninos/wp-content/uploads/2019/06/CabezoteAMBIENTIC.mp4 HTTP/1.1" 206 21677757
186.155.18.170 - - [27/Aug/2022:17:07:48 -0500] "GET /portaldeninos/wp-content/uploads/2022/01/Conoce-lo-que-hace-la-Secretar%C3%ADa-de-Ambiente.mp4 HTTP/1.1" 206 6599959
114.119.151.103 - - [27/Aug/2022:17:09:00 -0500] "-" 408 -
64.124.8.41 - - [27/Aug/2022:17:09:50 -0500] "-" 408 -
172.22.2.4 - - [27/Aug/2022:17:08:11 -0500] "HEAD /BLA/boletinlegal/ HTTP/1.1" 200 -
207.46.13.115 - - [27/Aug/2022:17:09:59 -0500] "GET /BLA/resoluciones/AUTOS%202010/3616.pdf HTTP/1.1" 304 -
186.155.18.170 - - [27/Aug/2022:17:10:07 -0500] "GET /portaldeninos/wp-content/uploads/2019/06/CabezoteAMBIENTIC.mp4 HTTP/1.1" 206 7816893
172.22.2.4 - - [27/Aug/2022:17:10:15 -0500] "GET /BLA/boletinlegal/images/historia.png HTTP/1.1" 200 52775
172.22.2.4 - - [27/Aug/2022:17:10:15 -0500] "GET /BLA/boletinlegal/images/cabezote%20BLEGAL.jpg HTTP/1.1" 200 118164
172.22.2.4 - - [27/Aug/2022:17:10:15 -0500] "GET /BLA/boletinlegal/images/screen_1.png HTTP/1.1" 200 202547
172.22.2.4 - - [27/Aug/2022:17:10:17 -0500] "GET /BLA/boletinlegal/actos.php HTTP/1.1" 200 9559
172.22.2.4 - - [27/Aug/2022:17:10:17 -0500] "GET /BLA/boletinlegal/images/abajo.png HTTP/1.1" 200 96676
172.22.2.4 - - [27/Aug/2022:17:10:17 -0500] "GET /BLA/boletinlegal/img/button-left.png HTTP/1.1" 200 57071
172.22.2.4 - - [27/Aug/2022:17:10:17 -0500] "GET /BLA/boletinlegal/img/button-right.png HTTP/1.1" 200 57878
190.27.1.18 - - [27/Aug/2022:17:10:18 -0500] "GET /BLA/resoluciones/ HTTP/1.1" 200 13093
190.27.1.18 - - [27/Aug/2022:17:10:18 -0500] "GET /favicon.ico HTTP/1.1" 200 7782
190.27.1.18 - - [27/Aug/2022:17:10:23 -0500] "GET /BLA/resoluciones/index.php?dir=AUTOS+2014%2F HTTP/1.1" 200 876182
172.22.2.4 - - [27/Aug/2022:17:10:25 -0500] "GET /BLA/boletinlegal/images/screen_3.png HTTP/1.1" 200 210620
172.22.2.4 - - [27/Aug/2022:17:10:25 -0500] "GET /BLA/boletinlegal/images/screen_2.png HTTP/1.1" 200 362502
172.22.2.4 - - [27/Aug/2022:17:10:25 -0500] "GET /BLA/boletinlegal/images/screen_5.png HTTP/1.1" 200 368876
172.22.2.4 - - [27/Aug/2022:17:09:01 -0500] "GET /BLA/boletinlegal/ HTTP/1.1" 200 50790
201.245.192.253 - - [27/Aug/2022:17:10:58 -0500] "POST /kwsrmcab/Wsrmcab  HTTP/1.1" 200 213
216.245.221.92 - - [27/Aug/2022:17:11:50 -0500] "HEAD / HTTP/1.1" 200 -
172.22.2.4 - - [27/Aug/2022:17:10:15 -0500] "GET /BLA/boletinlegal/ HTTP/1.1" 200 59819
186.155.18.170 - - [27/Aug/2022:17:13:17 -0500] "GET /portaldeninos/wp-content/uploads/2019/06/CabezoteAMBIENTIC.mp4 HTTP/1.1" 206 4390912
172.22.2.4 - - [27/Aug/2022:17:15:24 -0500] "GET /BLA/boletinlegal/robots.txt HTTP/1.1" 404 1140
172.22.2.4 - - [27/Aug/2022:17:15:24 -0500] "GET /BLA/boletinlegal/style.css HTTP/1.1" 200 9406
172.22.2.4 - - [27/Aug/2022:17:15:24 -0500] "GET /BLA/boletinlegal/styles2.css HTTP/1.1" 200 1838
172.22.2.4 - - [27/Aug/2022:17:15:24 -0500] "GET /BLA/boletinlegal/js/jquery.js HTTP/1.1" 200 57254
172.22.2.4 - - [27/Aug/2022:17:15:24 -0500] "GET /BLA/boletinlegal/js/jquery.scrollTo-min.js HTTP/1.1" 200 1150
172.22.2.4 - - [27/Aug/2022:17:15:24 -0500] "GET /BLA/boletinlegal/js/jquery.scrollShow.js HTTP/1.1" 200 4586
172.22.2.4 - - [27/Aug/2022:17:15:24 -0500] "GET /BLA/boletinlegal/images/cabezote%20BLEGAL.jpg HTTP/1.1" 200 118164
172.22.2.4 - - [27/Aug/2022:17:15:24 -0500] "GET /BLA/boletinlegal/images/subscribe-icon-big.png HTTP/1.1" 200 47702
172.22.2.4 - - [27/Aug/2022:17:15:24 -0500] "GET /BLA/boletinlegal/images/historia.png HTTP/1.1" 200 52775
172.22.2.4 - - [27/Aug/2022:17:15:24 -0500] "GET /BLA/boletinlegal/images/registro-usuarios.png HTTP/1.1" 200 8106
172.22.2.4 - - [27/Aug/2022:17:15:24 -0500] "GET /BLA/boletinlegal/images/arr_l.jpg HTTP/1.1" 200 1979
172.22.2.4 - - [27/Aug/2022:17:15:24 -0500] "GET /BLA/boletinlegal/images/screen_1.png HTTP/1.1" 200 202547
172.22.2.4 - - [27/Aug/2022:17:15:24 -0500] "GET /BLA/boletinlegal/images/body_bg.jpg HTTP/1.1" 200 1601
172.22.2.4 - - [27/Aug/2022:17:15:24 -0500] "GET /BLA/boletinlegal/images/launch.jpg HTTP/1.1" 200 14577
172.22.2.4 - - [27/Aug/2022:17:15:24 -0500] "GET /BLA/boletinlegal/images/menu_lft.gif HTTP/1.1" 200 1713
172.22.2.4 - - [27/Aug/2022:17:15:24 -0500] "GET /BLA/boletinlegal/images/menu_bg.jpg HTTP/1.1" 200 620
172.22.2.4 - - [27/Aug/2022:17:15:24 -0500] "GET /BLA/boletinlegal/images/text.jpg HTTP/1.1" 200 568
172.22.2.4 - - [27/Aug/2022:17:15:24 -0500] "GET /BLA/boletinlegal/images/hover.jpg HTTP/1.1" 200 640
172.22.2.4 - - [27/Aug/2022:17:15:24 -0500] "GET /BLA/boletinlegal/images/bg_top.jpg HTTP/1.1" 200 522
172.22.2.4 - - [27/Aug/2022:17:15:24 -0500] "GET /BLA/boletinlegal/images/menu_rght.gif HTTP/1.1" 200 1627
172.22.2.4 - - [27/Aug/2022:17:15:24 -0500] "GET /BLA/boletinlegal/js/jquery.scrollTo-min.js HTTP/1.1" 200 1150
172.22.2.4 - - [27/Aug/2022:17:15:24 -0500] "GET /BLA/boletinlegal/js/jquery.scrollShow.js HTTP/1.1" 200 4586
172.22.2.4 - - [27/Aug/2022:17:15:24 -0500] "GET /BLA/boletinlegal/js/jquery.js HTTP/1.1" 200 57254
172.22.2.4 - - [27/Aug/2022:17:14:01 -0500] "HEAD /BLA/boletinlegal/ HTTP/1.1" 200 -
201.245.192.253 - - [27/Aug/2022:17:15:57 -0500] "POST /kwsrmcab/Wsrmcab  HTTP/1.1" 200 213
172.22.2.4 - - [27/Aug/2022:17:15:24 -0500] "GET /BLA/boletinlegal/ HTTP/1.1" 200 24523
172.22.2.4 - - [27/Aug/2022:17:14:51 -0500] "GET /BLA/boletinlegal/ HTTP/1.1" 200 50790
60.217.75.70 - - [27/Aug/2022:17:16:38 -0500] "GET / HTTP/1.1" 200 319
216.245.221.92 - - [27/Aug/2022:17:16:50 -0500] "HEAD / HTTP/1.1" 200 -
201.245.192.253 - - [27/Aug/2022:17:19:23 -0500] "POST /kwsrmcab/Wsrmcab HTTP/1.1" 200 43916
201.245.192.253 - - [27/Aug/2022:17:19:27 -0500] "POST /kwsrmcab/Wsrmcab HTTP/1.1" 200 41541
186.155.195.13 - - [27/Aug/2022:17:19:31 -0500] "GET / HTTP/1.1" 200 4720
186.155.195.13 - - [27/Aug/2022:17:19:31 -0500] "GET /js/url.js HTTP/1.1" 404 1294
186.155.195.13 - - [27/Aug/2022:17:19:31 -0500] "GET /fonts/icomoon/style.css HTTP/1.1" 200 79820
186.155.195.13 - - [27/Aug/2022:17:19:31 -0500] "GET /css/bootstrap.min.css HTTP/1.1" 200 178212
186.155.195.13 - - [27/Aug/2022:17:19:31 -0500] "GET /css/style.css HTTP/1.1" 200 3473
201.245.192.253 - - [27/Aug/2022:17:20:56 -0500] "POST /kwsrmcab/Wsrmcab  HTTP/1.1" 200 213
172.22.2.4 - - [27/Aug/2022:17:21:12 -0500] "GET /BLA/boletinlegal/robots.txt HTTP/1.1" 404 1038
172.22.2.4 - - [27/Aug/2022:17:21:12 -0500] "GET /BLA/boletinlegal/doctrina.php HTTP/1.1" 200 5604
64.124.8.38 - - [27/Aug/2022:17:21:26 -0500] "GET /SIIPEV/Diseno%20de%20Elementos%20de%20Mobiliario%20Urbano/Registros/RegistrosOtorgados.html HTTP/1.1" 200 728881
172.22.2.4 - - [27/Aug/2022:17:19:51 -0500] "HEAD /BLA/boletinlegal/ HTTP/1.1" 200 -
186.155.195.13 - - [27/Aug/2022:17:21:35 -0500] "POST /procesar.php HTTP/1.1" 200 1015
216.245.221.92 - - [27/Aug/2022:17:21:50 -0500] "HEAD / HTTP/1.1" 200 -
69.171.231.6 - - [27/Aug/2022:17:21:58 -0500] "GET /images/Junio%2002-experiencias-jardines-verticales-sda.jpeg HTTP/1.1" 200 31171
172.22.2.4 - - [27/Aug/2022:17:20:41 -0500] "GET /BLA/boletinlegal/ HTTP/1.1" 200 52868
23.100.232.233 - - [27/Aug/2022:17:23:10 -0500] "GET /galeria/galeria/jquery.fancybox.js?v=2.1.5 HTTP/1.1" 200 48706
23.100.232.233 - - [27/Aug/2022:17:23:10 -0500] "GET /galeria/galeria/jquery.fancybox.css?v=2.1.5 HTTP/1.1" 200 4895
40.77.167.40 - - [27/Aug/2022:17:23:52 -0500] "GET /portaldeninos/wp-content/uploads/2021/11/Ficha-comadreja-fauna-27-mayo-50x28.jpg HTTP/1.1" 200 1383
201.245.192.253 - - [27/Aug/2022:17:25:55 -0500] "POST /kwsrmcab/Wsrmcab  HTTP/1.1" 200 213
216.245.221.92 - - [27/Aug/2022:17:26:50 -0500] "HEAD / HTTP/1.1" 200 -
172.22.2.4 - - [27/Aug/2022:17:25:41 -0500] "HEAD /BLA/boletinlegal/ HTTP/1.1" 200 -
157.55.39.8 - - [27/Aug/2022:17:27:43 -0500] "GET /BLA/resoluciones/AUTOS%202022/2557.pdf HTTP/1.1" 200 382277
172.22.2.4 - - [27/Aug/2022:17:26:31 -0500] "GET /BLA/boletinlegal/ HTTP/1.1" 200 53994
201.245.192.253 - - [27/Aug/2022:17:29:23 -0500] "POST /kwsrmcab/Wsrmcab HTTP/1.1" 200 43916
201.245.192.253 - - [27/Aug/2022:17:29:26 -0500] "POST /kwsrmcab/Wsrmcab HTTP/1.1" 200 41541
186.80.183.13 - - [27/Aug/2022:17:29:51 -0500] "GET /distrito-planto-mas-de-1-100-arboles-este-fin-de-semana-en-el-cierre-del-mes-del-espacio-publico.html HTTP/1.1" 200 887
201.245.192.253 - - [27/Aug/2022:17:30:54 -0500] "POST /kwsrmcab/Wsrmcab  HTTP/1.1" 200 213
66.249.64.49 - - [27/Aug/2022:17:31:46 -0500] "-" 408 -
216.245.221.92 - - [27/Aug/2022:17:31:50 -0500] "HEAD / HTTP/1.1" 200 -
172.22.2.4 - - [27/Aug/2022:17:33:10 -0500] "GET /BLA/boletinlegal/Circulares/2019/Circular%20No.%20006%20del%2008%20de%20Febrero%20de%202019.pdf HTTP/1.1" 200 674401
172.22.2.4 - - [27/Aug/2022:17:31:31 -0500] "HEAD /BLA/boletinlegal/ HTTP/1.1" 200 -
64.124.8.37 - - [27/Aug/2022:17:34:00 -0500] "-" 408 -
172.22.2.4 - - [27/Aug/2022:17:32:21 -0500] "GET /BLA/boletinlegal/ HTTP/1.1" 200 60272
186.30.44.198 - - [27/Aug/2022:17:34:49 -0500] "GET /distrito-planto-mas-de-1-100-arboles-este-fin-de-semana-en-el-cierre-del-mes-del-espacio-publico.html HTTP/1.1" 200 887
172.22.2.4 - - [27/Aug/2022:17:34:08 -0500] "GET /BLA/boletinlegal/ HTTP/1.1" 200 63198
201.245.192.253 - - [27/Aug/2022:17:35:52 -0500] "POST /kwsrmcab/Wsrmcab  HTTP/1.1" 200 213
183.228.33.40 - - [27/Aug/2022:17:36:42 -0500] "HEAD /portaldeninos/ HTTP/1.1" 200 -
183.228.33.40 - - [27/Aug/2022:17:36:44 -0500] "GET /portaldeninos/ HTTP/1.1" 200 110281
216.245.221.92 - - [27/Aug/2022:17:36:50 -0500] "HEAD / HTTP/1.1" 200 -
183.228.33.40 - - [27/Aug/2022:17:36:50 -0500] "HEAD /portaldeninos/ HTTP/1.1" 200 -
183.228.33.40 - - [27/Aug/2022:17:36:52 -0500] "GET /portaldeninos/ HTTP/1.1" 200 110281
172.22.2.4 - - [27/Aug/2022:17:37:58 -0500] "GET /BLA/boletinlegal/Circulares/2022/CIRCULAR%20No.%2000005%20DEL%2030%20DE%20JUNIO%20DEL%202022.pdf HTTP/1.1" 404 1218
172.22.2.4 - - [27/Aug/2022:17:38:03 -0500] "GET /BLA/boletinlegal/Circulares/2019/.pdf HTTP/1.1" 404 1218
172.22.2.4 - - [27/Aug/2022:17:38:12 -0500] "GET /BLA/boletinlegal/Circulares/2012/Circular%20No.%2010%20del%2026%20de%20Enero%20de%202012.pdf HTTP/1.1" 404 1218
172.22.2.4 - - [27/Aug/2022:17:37:21 -0500] "HEAD /BLA/boletinlegal/ HTTP/1.1" 200 -
186.30.44.198 - - [27/Aug/2022:17:39:08 -0500] "GET /distrito-planto-mas-de-1-100-arboles-este-fin-de-semana-en-el-cierre-del-mes-del-espacio-publico.html HTTP/1.1" 304 -
201.245.192.253 - - [27/Aug/2022:17:39:22 -0500] "POST /kwsrmcab/Wsrmcab HTTP/1.1" 200 43916
201.245.192.253 - - [27/Aug/2022:17:39:26 -0500] "POST /kwsrmcab/Wsrmcab HTTP/1.1" 200 41541
172.22.2.4 - - [27/Aug/2022:17:38:11 -0500] "GET /BLA/boletinlegal/ HTTP/1.1" 200 58154
201.245.192.253 - - [27/Aug/2022:17:40:52 -0500] "POST /kwsrmcab/Wsrmcab  HTTP/1.1" 200 213
173.252.127.6 - - [27/Aug/2022:17:41:36 -0500] "GET /images/reunion-planta-termovalorizacion-11-mayo.jpg HTTP/1.1" 200 34782
216.245.221.92 - - [27/Aug/2022:17:41:50 -0500] "HEAD / HTTP/1.1" 200 -
207.46.13.144 - - [27/Aug/2022:17:43:48 -0500] "GET / HTTP/1.1" 200 319
207.46.13.186 - - [27/Aug/2022:17:44:42 -0500] "GET /BLA/resoluciones/index.php?dir=AUTOS+2021%2F HTTP/1.1" 200 393164
172.22.2.4 - - [27/Aug/2022:17:43:11 -0500] "HEAD /BLA/boletinlegal/ HTTP/1.1" 200 -
172.22.2.4 - - [27/Aug/2022:17:44:01 -0500] "GET /BLA/boletinlegal/ HTTP/1.1" 200 60272
201.245.192.253 - - [27/Aug/2022:17:45:51 -0500] "POST /kwsrmcab/Wsrmcab  HTTP/1.1" 200 213
157.55.39.8 - - [27/Aug/2022:17:46:44 -0500] "GET /BLA/resoluciones/RESOLUCIONES%202022/0682.pdf HTTP/1.1" 200 901118
216.245.221.92 - - [27/Aug/2022:17:46:50 -0500] "HEAD / HTTP/1.1" 200 -
181.56.107.175 - - [27/Aug/2022:17:48:05 -0500] "GET /forest/ HTTP/1.1" 200 12041
181.56.107.175 - - [27/Aug/2022:17:48:25 -0500] "POST /forest/index.php HTTP/1.1" 200 12268
200.29.113.37 - - [27/Aug/2022:17:48:39 -0500] "GET /forest/ HTTP/1.1" 200 12041
66.249.64.45 - - [27/Aug/2022:17:48:48 -0500] "-" 408 -
64.124.8.37 - - [27/Aug/2022:17:49:46 -0500] "-" 408 -
172.22.2.4 - - [27/Aug/2022:17:49:01 -0500] "HEAD /BLA/boletinlegal/ HTTP/1.1" 200 -
201.245.192.253 - - [27/Aug/2022:17:50:50 -0500] "POST /kwsrmcab/Wsrmcab  HTTP/1.1" 200 213
186.84.91.37 - - [27/Aug/2022:17:51:18 -0500] "GET /appsia/controlador HTTP/1.1" 200 4799
186.84.91.37 - - [27/Aug/2022:17:51:22 -0500] "GET /favicon.ico HTTP/1.1" 200 7782
186.84.91.37 - - [27/Aug/2022:17:51:25 -0500] "POST /appsia/controlador HTTP/1.1" 200 5437
186.84.91.37 - - [27/Aug/2022:17:51:27 -0500] "POST /appsia/controlador HTTP/1.1" 200 7791
186.84.91.37 - - [27/Aug/2022:17:51:29 -0500] "POST /appsia/controlador HTTP/1.1" 200 6656
186.84.91.37 - - [27/Aug/2022:17:51:30 -0500] "POST /appsia/controlador HTTP/1.1" 200 10921
172.22.2.4 - - [27/Aug/2022:17:49:51 -0500] "GET /BLA/boletinlegal/ HTTP/1.1" 200 44887
172.22.2.4 - - [27/Aug/2022:17:49:52 -0500] "GET /BLA/boletinlegal/ HTTP/1.1" 200 44462
172.22.2.4 - - [27/Aug/2022:17:51:44 -0500] "GET /BLA/boletinlegal/jurisprudencia/analisis/analisis%20C-595-2010.doc HTTP/1.1" 200 39424
