172.22.2.4 - - [27/Aug/2022:04:12:23 -0500] "GET /BLA/boletinlegal/Circulares/2015/Circular%20No.%201%20del%2010%20de%20Febrero%20de%202015.pdf HTTP/1.1" 200 660637
172.22.2.4 - - [27/Aug/2022:04:12:25 -0500] "GET /BLA/boletinlegal/Circulares/2011/Circular%20No.%202%20del%2031%20de%20Mayo%20de%202011.pdf HTTP/1.1" 200 496778
172.22.2.4 - - [27/Aug/2022:04:12:27 -0500] "GET /BLA/boletinlegal/Circulares/2012/Circular%20No.%2012%20del%2028%20de%20Agosto%20de%202012.pdf HTTP/1.1" 200 369945
172.22.2.4 - - [27/Aug/2022:04:12:29 -0500] "GET /BLA/boletinlegal/Circulares/2011/Circular%20No.%206%20del%2029%20de%20Julio%20de%202011.pdf HTTP/1.1" 200 262144
172.22.2.4 - - [27/Aug/2022:04:12:31 -0500] "GET /BLA/boletinlegal/Circulares/2013/Circular%20No.%205%20del%2013%20de%20junio%20de%202013.pdf HTTP/1.1" 200 110904
172.22.2.4 - - [27/Aug/2022:04:12:38 -0500] "GET /BLA/boletinlegal/Circulares/2013/Circular%20No.%203%20del%2005%20de%20abril%20de%202013.pdf HTTP/1.1" 200 93580
172.22.2.4 - - [27/Aug/2022:04:12:39 -0500] "GET /BLA/boletinlegal/Circulares/2011/Circular%20No.%207%20del%2023%20de%20Diciembre%20de%202011.pdf HTTP/1.1" 200 1107785
172.22.2.4 - - [27/Aug/2022:04:12:41 -0500] "GET /BLA/boletinlegal/Circulares/2013/Circular%20No.%208%20del%201%20de%20Noviembre%20de%202013.pdf HTTP/1.1" 200 385156
172.22.2.4 - - [27/Aug/2022:04:12:44 -0500] "GET /BLA/boletinlegal/Circulares/2011/Circular%20No.%204%20del%2012%20de%20Agosto%20de%202011.pdf HTTP/1.1" 200 601047
172.22.2.4 - - [27/Aug/2022:04:12:46 -0500] "GET /BLA/boletinlegal/Circulares/2012/Circular%20No.%206%20del%2025%20de%20Mayo%20de%202012.pdf HTTP/1.1" 200 387391
172.22.2.4 - - [27/Aug/2022:04:12:48 -0500] "GET /BLA/boletinlegal/Circulares/2011/Circular%20No.%203%20del%2023%20de%20Junio%20de%202011.pdf HTTP/1.1" 200 1452758
201.245.192.253 - - [27/Aug/2022:04:13:35 -0500] "POST /kwsrmcab/Wsrmcab  HTTP/1.1" 200 213
172.22.2.4 - - [27/Aug/2022:04:12:16 -0500] "HEAD /BLA/boletinlegal/ HTTP/1.1" 200 -
172.22.2.4 - - [27/Aug/2022:04:14:24 -0500] "GET /BLA/boletinlegal/Circulares/2011/Circular%20No.%204%20del%2014%20de%20Julio%20de%202011.pdf HTTP/1.1" 200 399895
172.22.2.4 - - [27/Aug/2022:04:13:06 -0500] "GET /BLA/boletinlegal/ HTTP/1.1" 200 60272
172.22.2.4 - - [27/Aug/2022:04:15:28 -0500] "GET /BLA/boletinlegal/Circulares/2011/Circular%20No.%205%20del%2014%20de%20Julio%20de%202011.pdf HTTP/1.1" 200 1488992
172.22.2.4 - - [27/Aug/2022:04:16:30 -0500] "GET /BLA/boletinlegal/Circulares/2011/Circular%20No.%207%20del%2015%20de%20Septiembre%20de%202011.pdf HTTP/1.1" 200 314873
172.22.2.4 - - [27/Aug/2022:04:16:43 -0500] "GET /BLA/boletinlegal/Circulares/2012/Circular%20No.%2011%20del%2027%20de%20Agosto%20de%202012.pdf HTTP/1.1" 200 526945
216.245.221.92 - - [27/Aug/2022:04:16:52 -0500] "HEAD / HTTP/1.1" 200 -
201.245.192.253 - - [27/Aug/2022:04:18:34 -0500] "POST /kwsrmcab/Wsrmcab  HTTP/1.1" 200 213
157.55.39.111 - - [27/Aug/2022:04:18:55 -0500] "GET /BLA/boletinlegal/images/screen_5.png HTTP/1.1" 200 368876
172.22.2.4 - - [27/Aug/2022:04:19:08 -0500] "GET /BLA/boletinlegal/Circulares/2012/Circular%20No.%208%20del%2021%20de%20Agosto%20de%202012.pdf HTTP/1.1" 200 963197
64.124.8.57 - - [27/Aug/2022:04:19:24 -0500] "GET /siipev/Diseno%20de%20Elementos%20de%20Mobiliario%20Urbano/Acciones%20Populares/AccionesPopulares.html HTTP/1.1" 200 18301
201.245.192.253 - - [27/Aug/2022:04:19:25 -0500] "POST /kwsrmcab/Wsrmcab HTTP/1.1" 200 43291
201.245.192.253 - - [27/Aug/2022:04:19:29 -0500] "POST /kwsrmcab/Wsrmcab HTTP/1.1" 200 42610
172.22.2.4 - - [27/Aug/2022:04:18:06 -0500] "HEAD /BLA/boletinlegal/ HTTP/1.1" 200 -
185.119.81.109 - - [27/Aug/2022:04:20:07 -0500] "GET /portaldeninos/wp-login.php HTTP/1.1" 200 2592
185.119.81.109 - - [27/Aug/2022:04:20:08 -0500] "POST /portaldeninos/wp-login.php HTTP/1.1" 200 3605
172.22.2.4 - - [27/Aug/2022:04:18:56 -0500] "GET /BLA/boletinlegal/ HTTP/1.1" 200 58154
92.118.39.88 - - [27/Aug/2022:04:20:37 -0500] "GET / HTTP/1.1" 200 319
65.109.34.153 - - [27/Aug/2022:04:21:46 -0500] "\x03" 400 226
216.245.221.92 - - [27/Aug/2022:04:21:52 -0500] "HEAD / HTTP/1.1" 200 -
207.46.13.51 - - [27/Aug/2022:04:23:03 -0500] "GET /portaldeninos/ HTTP/1.1" 200 110281
64.124.8.57 - - [27/Aug/2022:04:23:27 -0500] "GET /BLA/boletinlegal/documentos-importantes.php HTTP/1.1" 200 4822
201.245.192.253 - - [27/Aug/2022:04:23:33 -0500] "POST /kwsrmcab/Wsrmcab  HTTP/1.1" 200 213
128.14.133.58 - - [27/Aug/2022:04:24:34 -0500] "GET / HTTP/1.1" 200 319
128.14.133.58 - - [27/Aug/2022:04:24:35 -0500] "GET /showLogin.cc HTTP/1.1" 404 1018
172.22.2.4 - - [27/Aug/2022:04:23:56 -0500] "HEAD /BLA/boletinlegal/ HTTP/1.1" 200 -
207.46.13.186 - - [27/Aug/2022:04:26:26 -0500] "GET /BLA/resoluciones/861.tif HTTP/1.1" 404 1018
172.22.2.4 - - [27/Aug/2022:04:24:46 -0500] "GET /BLA/boletinlegal/ HTTP/1.1" 200 58154
216.245.221.92 - - [27/Aug/2022:04:26:52 -0500] "HEAD / HTTP/1.1" 200 -
94.102.61.10 - - [27/Aug/2022:04:28:28 -0500] "GET /portaldeninos/ HTTP/1.1" 200 14393
201.245.192.253 - - [27/Aug/2022:04:28:31 -0500] "POST /kwsrmcab/Wsrmcab  HTTP/1.1" 200 213
201.245.192.253 - - [27/Aug/2022:04:29:25 -0500] "POST /kwsrmcab/Wsrmcab HTTP/1.1" 200 43291
201.245.192.253 - - [27/Aug/2022:04:29:29 -0500] "POST /kwsrmcab/Wsrmcab HTTP/1.1" 200 42610
66.249.73.191 - - [27/Aug/2022:04:30:13 -0500] "-" 408 -
5.188.210.227 - - [27/Aug/2022:04:30:18 -0500] "GET http://5.188.210.227/echo.php HTTP/1.1" 404 1151
172.22.2.4 - - [27/Aug/2022:04:29:46 -0500] "HEAD /BLA/boletinlegal/ HTTP/1.1" 200 -
216.245.221.92 - - [27/Aug/2022:04:31:52 -0500] "HEAD / HTTP/1.1" 200 -
172.22.2.4 - - [27/Aug/2022:04:30:36 -0500] "GET /BLA/boletinlegal/ HTTP/1.1" 200 55621
201.245.192.253 - - [27/Aug/2022:04:33:31 -0500] "POST /kwsrmcab/Wsrmcab  HTTP/1.1" 200 213
64.124.8.57 - - [27/Aug/2022:04:35:54 -0500] "GET /AFLUENTESYEFUENTES/files/mobile/index.html HTTP/1.1" 200 1056
165.22.206.231 - - [27/Aug/2022:04:36:39 -0500] "GET /portaldeninos/ HTTP/1.1" 200 110281
216.245.221.92 - - [27/Aug/2022:04:36:52 -0500] "HEAD / HTTP/1.1" 200 -
172.22.2.4 - - [27/Aug/2022:04:35:36 -0500] "HEAD /BLA/boletinlegal/ HTTP/1.1" 200 -
172.22.2.4 - - [27/Aug/2022:04:36:26 -0500] "GET /BLA/boletinlegal/ HTTP/1.1" 200 58566
201.245.192.253 - - [27/Aug/2022:04:38:30 -0500] "POST /kwsrmcab/Wsrmcab  HTTP/1.1" 200 213
64.124.8.57 - - [27/Aug/2022:04:39:23 -0500] "GET /BLA/boletinlegal/disciplinarios.php HTTP/1.1" 200 2069
201.245.192.253 - - [27/Aug/2022:04:39:25 -0500] "POST /kwsrmcab/Wsrmcab HTTP/1.1" 200 43291
201.245.192.253 - - [27/Aug/2022:04:39:29 -0500] "POST /kwsrmcab/Wsrmcab HTTP/1.1" 200 42610
64.124.8.57 - - [27/Aug/2022:04:41:29 -0500] "GET /BLA/boletinlegal/norma_menu.php HTTP/1.1" 200 6318
216.245.221.92 - - [27/Aug/2022:04:41:52 -0500] "HEAD / HTTP/1.1" 200 -
172.22.2.4 - - [27/Aug/2022:04:41:26 -0500] "HEAD /BLA/boletinlegal/ HTTP/1.1" 200 -
201.245.192.253 - - [27/Aug/2022:04:43:29 -0500] "POST /kwsrmcab/Wsrmcab  HTTP/1.1" 200 213
172.22.2.4 - - [27/Aug/2022:04:42:16 -0500] "GET /BLA/boletinlegal/ HTTP/1.1" 200 58154
66.249.73.167 - - [27/Aug/2022:04:44:32 -0500] "-" 408 -
216.245.221.92 - - [27/Aug/2022:04:46:52 -0500] "HEAD / HTTP/1.1" 200 -
201.245.192.253 - - [27/Aug/2022:04:48:28 -0500] "POST /kwsrmcab/Wsrmcab  HTTP/1.1" 200 213
85.208.98.197 - - [27/Aug/2022:04:48:43 -0500] "GET /BLA/resoluciones/RESOLUCIONES%202012/0288.pdf HTTP/1.1" 200 418763
85.208.98.194 - - [27/Aug/2022:04:48:48 -0500] "GET /BLA/resoluciones/RESOLUCIONES%202015/1168.pdf HTTP/1.1" 200 560722
172.22.2.4 - - [27/Aug/2022:04:47:16 -0500] "HEAD /BLA/boletinlegal/ HTTP/1.1" 200 -
172.22.2.4 - - [27/Aug/2022:04:48:06 -0500] "GET /BLA/boletinlegal/ HTTP/1.1" 200 58154
216.245.221.92 - - [27/Aug/2022:04:51:52 -0500] "HEAD / HTTP/1.1" 200 -
201.245.192.253 - - [27/Aug/2022:04:53:28 -0500] "POST /kwsrmcab/Wsrmcab  HTTP/1.1" 200 213
172.22.2.4 - - [27/Aug/2022:04:53:06 -0500] "HEAD /BLA/boletinlegal/ HTTP/1.1" 200 -
172.22.2.4 - - [27/Aug/2022:04:53:56 -0500] "GET /BLA/boletinlegal/ HTTP/1.1" 200 58154
216.245.221.92 - - [27/Aug/2022:04:56:52 -0500] "HEAD / HTTP/1.1" 200 -
201.245.192.253 - - [27/Aug/2022:04:58:27 -0500] "POST /kwsrmcab/Wsrmcab  HTTP/1.1" 200 213
172.22.2.4 - - [27/Aug/2022:04:58:56 -0500] "HEAD /BLA/boletinlegal/ HTTP/1.1" 200 -
172.22.2.4 - - [27/Aug/2022:04:59:46 -0500] "GET /BLA/boletinlegal/ HTTP/1.1" 200 58566
216.245.221.92 - - [27/Aug/2022:05:01:51 -0500] "HEAD / HTTP/1.1" 200 -
85.208.98.194 - - [27/Aug/2022:05:03:03 -0500] "GET /robots.txt HTTP/1.1" 404 1018
201.245.192.253 - - [27/Aug/2022:05:03:25 -0500] "POST /kwsrmcab/Wsrmcab  HTTP/1.1" 200 213
207.46.13.115 - - [27/Aug/2022:05:03:30 -0500] "GET /BLA/resoluciones/RESOLUCIONES%202019/0036.pdf HTTP/1.1" 304 -
207.46.13.186 - - [27/Aug/2022:05:04:00 -0500] "GET /BLA/resoluciones/RESOLUCIONES%202001/2001%201050-1099.TIF HTTP/1.1" 200 17232248
172.22.2.4 - - [27/Aug/2022:05:04:46 -0500] "HEAD /BLA/boletinlegal/ HTTP/1.1" 200 -
64.124.8.57 - - [27/Aug/2022:05:06:31 -0500] "GET /BLA/resoluciones/ HTTP/1.1" 200 13093
216.245.221.92 - - [27/Aug/2022:05:06:51 -0500] "HEAD / HTTP/1.1" 200 -
172.22.2.4 - - [27/Aug/2022:05:05:36 -0500] "GET /BLA/boletinlegal/ HTTP/1.1" 200 53281
201.245.192.253 - - [27/Aug/2022:05:08:24 -0500] "POST /kwsrmcab/Wsrmcab  HTTP/1.1" 200 213
216.245.221.92 - - [27/Aug/2022:05:11:52 -0500] "HEAD / HTTP/1.1" 200 -
64.124.8.57 - - [27/Aug/2022:05:11:53 -0500] "GET /pdc/ HTTP/1.1" 200 24603
172.22.2.4 - - [27/Aug/2022:05:10:36 -0500] "HEAD /BLA/boletinlegal/ HTTP/1.1" 200 -
172.22.2.4 - - [27/Aug/2022:05:11:26 -0500] "GET /BLA/boletinlegal/ HTTP/1.1" 200 54347
207.46.13.144 - - [27/Aug/2022:05:13:18 -0500] "GET / HTTP/1.1" 200 319
201.245.192.253 - - [27/Aug/2022:05:13:23 -0500] "POST /kwsrmcab/Wsrmcab  HTTP/1.1" 200 213
185.119.81.109 - - [27/Aug/2022:05:13:28 -0500] "GET /portaldeninos/wp-login.php HTTP/1.1" 200 2592
185.119.81.109 - - [27/Aug/2022:05:13:29 -0500] "POST /portaldeninos/wp-login.php HTTP/1.1" 200 3605
207.46.13.36 - - [27/Aug/2022:05:16:46 -0500] "GET /Publicaciones/2022EE27470.pdf HTTP/1.1" 404 227
216.245.221.92 - - [27/Aug/2022:05:16:51 -0500] "HEAD / HTTP/1.1" 200 -
172.22.2.4 - - [27/Aug/2022:05:15:57 -0500] "GET /BLA/boletinlegal/ HTTP/1.1" 200 36811
172.22.2.4 - - [27/Aug/2022:05:16:26 -0500] "HEAD /BLA/boletinlegal/ HTTP/1.1" 200 -
201.245.192.253 - - [27/Aug/2022:05:18:23 -0500] "POST /kwsrmcab/Wsrmcab  HTTP/1.1" 200 213
172.22.2.4 - - [27/Aug/2022:05:17:16 -0500] "GET /BLA/boletinlegal/ HTTP/1.1" 200 50037
172.22.2.4 - - [27/Aug/2022:05:17:26 -0500] "GET /BLA/boletinlegal/ HTTP/1.1" 200 50790
40.77.167.53 - - [27/Aug/2022:05:19:16 -0500] "GET /portaldeninos/wp-content/uploads/2020/11/conciencia-ambiental-28-agosto-300x162.jpg HTTP/1.1" 200 14559
201.245.192.253 - - [27/Aug/2022:05:19:25 -0500] "POST /kwsrmcab/Wsrmcab HTTP/1.1" 200 43730
201.245.192.253 - - [27/Aug/2022:05:19:29 -0500] "POST /kwsrmcab/Wsrmcab HTTP/1.1" 200 42452
128.14.141.34 - - [27/Aug/2022:05:19:48 -0500] "GET /portaldeninos/ HTTP/1.1" 200 110281
216.245.221.92 - - [27/Aug/2022:05:21:51 -0500] "HEAD / HTTP/1.1" 200 -
172.22.2.4 - - [27/Aug/2022:05:21:18 -0500] "GET /BLA/boletinlegal/ HTTP/1.1" 200 60272
201.245.192.253 - - [27/Aug/2022:05:23:21 -0500] "POST /kwsrmcab/Wsrmcab  HTTP/1.1" 200 213
172.22.2.4 - - [27/Aug/2022:05:22:16 -0500] "HEAD /BLA/boletinlegal/ HTTP/1.1" 200 -
172.22.2.4 - - [27/Aug/2022:05:23:06 -0500] "GET /BLA/boletinlegal/ HTTP/1.1" 200 57366
216.245.221.92 - - [27/Aug/2022:05:26:51 -0500] "HEAD / HTTP/1.1" 200 -
64.124.8.53 - - [27/Aug/2022:05:27:36 -0500] "GET /galeria/nivo-slider/demo/convocatorias.html HTTP/1.1" 200 3464
66.249.73.167 - - [27/Aug/2022:05:27:48 -0500] "-" 408 -
201.245.192.253 - - [27/Aug/2022:05:28:21 -0500] "POST /kwsrmcab/Wsrmcab  HTTP/1.1" 200 213
201.245.192.253 - - [27/Aug/2022:05:29:25 -0500] "POST /kwsrmcab/Wsrmcab HTTP/1.1" 200 43730
201.245.192.253 - - [27/Aug/2022:05:29:29 -0500] "POST /kwsrmcab/Wsrmcab HTTP/1.1" 200 42452
172.22.2.4 - - [27/Aug/2022:05:28:06 -0500] "HEAD /BLA/boletinlegal/ HTTP/1.1" 200 -
172.22.2.4 - - [27/Aug/2022:05:28:56 -0500] "GET /BLA/boletinlegal/ HTTP/1.1" 200 58154
216.245.221.92 - - [27/Aug/2022:05:31:51 -0500] "HEAD / HTTP/1.1" 200 -
201.245.192.253 - - [27/Aug/2022:05:33:20 -0500] "POST /kwsrmcab/Wsrmcab  HTTP/1.1" 200 213
172.22.2.4 - - [27/Aug/2022:05:32:08 -0500] "GET /BLA/boletinlegal/index.php HTTP/1.1" 200 63198
172.22.2.4 - - [27/Aug/2022:05:33:56 -0500] "HEAD /BLA/boletinlegal/ HTTP/1.1" 200 -
185.119.81.106 - - [27/Aug/2022:05:35:37 -0500] "GET /portaldeninos/wp-login.php HTTP/1.1" 200 2592
185.119.81.106 - - [27/Aug/2022:05:35:37 -0500] "POST /portaldeninos/wp-login.php HTTP/1.1" 200 3670
172.22.2.4 - - [27/Aug/2022:05:35:12 -0500] "GET /BLA/boletinlegal/ HTTP/1.1" 200 32715
172.22.2.4 - - [27/Aug/2022:05:34:46 -0500] "GET /BLA/boletinlegal/ HTTP/1.1" 200 53994
66.249.73.191 - - [27/Aug/2022:05:36:29 -0500] "-" 408 -
216.245.221.92 - - [27/Aug/2022:05:36:51 -0500] "HEAD / HTTP/1.1" 200 -
201.245.192.253 - - [27/Aug/2022:05:38:19 -0500] "POST /kwsrmcab/Wsrmcab  HTTP/1.1" 200 213
201.245.192.253 - - [27/Aug/2022:05:39:25 -0500] "POST /kwsrmcab/Wsrmcab HTTP/1.1" 200 43730
201.245.192.253 - - [27/Aug/2022:05:39:29 -0500] "POST /kwsrmcab/Wsrmcab HTTP/1.1" 200 42452
172.22.2.4 - - [27/Aug/2022:05:40:01 -0500] "GET /BLA/boletinlegal/jurisprudencia/analisis/CUADRO%20ANALISIS%20SENTENCIA%20C-554%20DE%202007.doc HTTP/1.1" 304 -
172.22.2.4 - - [27/Aug/2022:05:39:46 -0500] "HEAD /BLA/boletinlegal/ HTTP/1.1" 200 -
216.245.221.92 - - [27/Aug/2022:05:41:51 -0500] "HEAD / HTTP/1.1" 200 -
207.46.13.51 - - [27/Aug/2022:05:42:01 -0500] "GET /portaldeninos/parque-mirador-de-los-nevados/ HTTP/1.1" 200 89855
172.22.2.4 - - [27/Aug/2022:05:40:36 -0500] "GET /BLA/boletinlegal/ HTTP/1.1" 200 58154
201.245.192.253 - - [27/Aug/2022:05:43:18 -0500] "POST /kwsrmcab/Wsrmcab  HTTP/1.1" 200 213
66.249.73.170 - - [27/Aug/2022:05:43:49 -0500] "-" 408 -
69.63.184.120 - - [27/Aug/2022:05:44:40 -0500] "GET /que-orgullo-bogota-obtiene-reconocimiento-por-sus-planes-y-acciones-para-enfrentar-el-cambio-climatico.html HTTP/1.1" 206 773
216.245.221.92 - - [27/Aug/2022:05:46:51 -0500] "HEAD / HTTP/1.1" 200 -
64.124.8.53 - - [27/Aug/2022:05:46:58 -0500] "GET /siipev/Diseno%20de%20Elementos%20de%20Mobiliario%20Urbano/Parte2.html HTTP/1.1" 200 21566
172.22.2.4 - - [27/Aug/2022:05:45:35 -0500] "HEAD /BLA/boletinlegal/ HTTP/1.1" 200 -
172.22.2.4 - - [27/Aug/2022:05:46:26 -0500] "GET /BLA/boletinlegal/ HTTP/1.1" 200 60272
201.245.192.253 - - [27/Aug/2022:05:48:17 -0500] "POST /kwsrmcab/Wsrmcab  HTTP/1.1" 200 213
207.46.13.36 - - [27/Aug/2022:05:49:29 -0500] "GET /BLA/resoluciones/873.tif HTTP/1.1" 404 1018
185.119.81.106 - - [27/Aug/2022:05:50:11 -0500] "GET /portaldeninos/wp-login.php HTTP/1.1" 200 2592
185.119.81.106 - - [27/Aug/2022:05:50:12 -0500] "POST /portaldeninos/wp-login.php HTTP/1.1" 200 3605
216.245.221.92 - - [27/Aug/2022:05:51:51 -0500] "HEAD / HTTP/1.1" 200 -
157.55.39.80 - - [27/Aug/2022:05:52:55 -0500] "GET /BLA/resoluciones/AUTOS%202018/0548.pdf HTTP/1.1" 304 -
172.22.2.4 - - [27/Aug/2022:05:51:25 -0500] "HEAD /BLA/boletinlegal/ HTTP/1.1" 200 -
201.245.192.253 - - [27/Aug/2022:05:53:15 -0500] "POST /kwsrmcab/Wsrmcab  HTTP/1.1" 200 213
172.22.2.4 - - [27/Aug/2022:05:52:16 -0500] "GET /BLA/boletinlegal/ HTTP/1.1" 200 60272
157.55.39.51 - - [27/Aug/2022:05:56:29 -0500] "GET /portaldeninos/2018/06/06/hola-mundo-3-2/ HTTP/1.1" 200 95536
216.245.221.92 - - [27/Aug/2022:05:56:51 -0500] "HEAD / HTTP/1.1" 200 -
207.46.13.186 - - [27/Aug/2022:05:57:45 -0500] "GET /BLA/resoluciones/AUTOS%202017/1853.pdf HTTP/1.1" 304 -
54.91.41.86 - - [27/Aug/2022:05:58:07 -0500] "GET / HTTP/1.1" 200 319
201.245.192.253 - - [27/Aug/2022:05:58:14 -0500] "POST /kwsrmcab/Wsrmcab  HTTP/1.1" 200 213
207.46.13.230 - - [27/Aug/2022:05:58:43 -0500] "-" 408 -
172.22.2.4 - - [27/Aug/2022:05:57:15 -0500] "HEAD /BLA/boletinlegal/ HTTP/1.1" 200 -
64.124.8.57 - - [27/Aug/2022:05:59:14 -0500] "-" 408 -
172.22.2.4 - - [27/Aug/2022:05:58:06 -0500] "GET /BLA/boletinlegal/ HTTP/1.1" 200 52868
66.249.73.191 - - [27/Aug/2022:06:00:12 -0500] "-" 408 -
216.245.221.92 - - [27/Aug/2022:06:01:51 -0500] "HEAD / HTTP/1.1" 200 -
64.124.8.57 - - [27/Aug/2022:06:03:17 -0500] "-" 408 -
201.245.192.253 - - [27/Aug/2022:06:03:14 -0500] "POST /kwsrmcab/Wsrmcab  HTTP/1.1" 200 213
157.55.39.51 - - [27/Aug/2022:06:03:22 -0500] "GET /portaldeninos/tipos-de-arboles-en-bogota/ HTTP/1.1" 200 109802
172.22.2.4 - - [27/Aug/2022:06:03:05 -0500] "HEAD /BLA/boletinlegal/ HTTP/1.1" 200 -
35.204.49.158 - - [27/Aug/2022:06:05:11 -0500] "GET / HTTP/1.1" 200 319
35.204.49.158 - - [27/Aug/2022:06:05:11 -0500] "GET / HTTP/1.1" 200 4720
172.22.2.4 - - [27/Aug/2022:06:03:56 -0500] "GET /BLA/boletinlegal/ HTTP/1.1" 200 54814
216.245.221.92 - - [27/Aug/2022:06:06:51 -0500] "HEAD / HTTP/1.1" 200 -
201.245.192.253 - - [27/Aug/2022:06:08:13 -0500] "POST /kwsrmcab/Wsrmcab  HTTP/1.1" 200 213
172.22.2.4 - - [27/Aug/2022:06:08:55 -0500] "HEAD /BLA/boletinlegal/ HTTP/1.1" 200 -
172.22.2.4 - - [27/Aug/2022:06:09:46 -0500] "GET /BLA/boletinlegal/ HTTP/1.1" 200 58154
216.245.221.92 - - [27/Aug/2022:06:11:51 -0500] "HEAD / HTTP/1.1" 200 -
207.46.13.115 - - [27/Aug/2022:06:12:27 -0500] "GET /BLA/resoluciones/AUTOS%202022/1900.pdf HTTP/1.1" 200 467641
64.62.197.235 - - [27/Aug/2022:06:12:42 -0500] "GET /favicon.ico HTTP/1.1" 200 7782
201.245.192.253 - - [27/Aug/2022:06:13:12 -0500] "POST /kwsrmcab/Wsrmcab  HTTP/1.1" 200 213
157.55.39.8 - - [27/Aug/2022:06:13:22 -0500] "GET /BLA/resoluciones/index.php?dir=AUTOS+2022%2F HTTP/1.1" 200 219900
64.124.8.57 - - [27/Aug/2022:06:15:44 -0500] "-" 408 -
172.22.2.4 - - [27/Aug/2022:06:14:45 -0500] "HEAD /BLA/boletinlegal/ HTTP/1.1" 200 -
40.77.167.40 - - [27/Aug/2022:06:16:42 -0500] "GET /portaldeninos/wp-content/uploads/2022/04/banner-p%C3%A1gina-de-ni%C3%B1os-libro-digital-abril-260x13.jpg HTTP/1.1" 404 75240
216.245.221.92 - - [27/Aug/2022:06:16:51 -0500] "HEAD / HTTP/1.1" 200 -
172.22.2.4 - - [27/Aug/2022:06:15:36 -0500] "GET /BLA/boletinlegal/ HTTP/1.1" 200 58154
201.245.192.253 - - [27/Aug/2022:06:18:11 -0500] "POST /kwsrmcab/Wsrmcab  HTTP/1.1" 200 213
66.249.73.161 - - [27/Aug/2022:06:18:14 -0500] "-" 408 -
64.124.8.57 - - [27/Aug/2022:06:19:14 -0500] "-" 408 -
201.245.192.253 - - [27/Aug/2022:06:19:25 -0500] "POST /kwsrmcab/Wsrmcab HTTP/1.1" 200 43611
201.245.192.253 - - [27/Aug/2022:06:19:29 -0500] "POST /kwsrmcab/Wsrmcab HTTP/1.1" 200 42628
172.22.2.4 - - [27/Aug/2022:06:20:43 -0500] "GET /BLA/boletinlegal/a2billing/customer/templates/default/footer.tpl HTTP/1.1" 404 1018
64.124.8.57 - - [27/Aug/2022:06:21:20 -0500] "-" 408 -
216.245.221.92 - - [27/Aug/2022:06:21:51 -0500] "HEAD / HTTP/1.1" 200 -
172.22.2.4 - - [27/Aug/2022:06:20:35 -0500] "HEAD /BLA/boletinlegal/ HTTP/1.1" 200 -
64.124.8.53 - - [27/Aug/2022:06:22:18 -0500] "GET /siipev/Diseno%20de%20Elementos%20de%20Mobiliario%20Urbano/Parte1.html HTTP/1.1" 200 3594
172.22.2.4 - - [27/Aug/2022:06:21:26 -0500] "GET /BLA/boletinlegal/ HTTP/1.1" 200 58946
201.245.192.253 - - [27/Aug/2022:06:23:09 -0500] "POST /kwsrmcab/Wsrmcab  HTTP/1.1" 200 213
207.46.13.36 - - [27/Aug/2022:06:23:12 -0500] "GET /BLA/resoluciones/AUTOS%202022/0127.pdf HTTP/1.1" 200 542016
64.124.8.53 - - [27/Aug/2022:06:25:04 -0500] "GET /transparencia/General%20Asignado/ HTTP/1.1" 200 43125
207.46.13.36 - - [27/Aug/2022:06:25:12 -0500] "GET /bla/resoluciones/notificaciones/autos%202017/1117.pdf HTTP/1.1" 304 -
172.22.2.4 - - [27/Aug/2022:06:24:40 -0500] "GET /BLA/boletinlegal/index.php?s=/Index/\\think\\app/invokefunction&function=call_user_func_array&vars[0]=md5&vars[1][]=HelloThinkPHP21 HTTP/1.1" 200 36811
216.245.221.92 - - [27/Aug/2022:06:26:51 -0500] "HEAD / HTTP/1.1" 200 -
66.249.73.167 - - [27/Aug/2022:06:27:01 -0500] "-" 408 -
172.22.2.4 - - [27/Aug/2022:06:26:25 -0500] "HEAD /BLA/boletinlegal/ HTTP/1.1" 200 -
201.245.192.253 - - [27/Aug/2022:06:28:09 -0500] "POST /kwsrmcab/Wsrmcab  HTTP/1.1" 200 213
172.22.2.4 - - [27/Aug/2022:06:27:16 -0500] "GET /BLA/boletinlegal/ HTTP/1.1" 200 57716
207.46.13.51 - - [27/Aug/2022:06:29:25 -0500] "GET /images/semana-santa-ramos-policia-7-abril.jpg HTTP/1.1" 200 43922
201.245.192.253 - - [27/Aug/2022:06:29:24 -0500] "POST /kwsrmcab/Wsrmcab HTTP/1.1" 200 43611
201.245.192.253 - - [27/Aug/2022:06:29:28 -0500] "POST /kwsrmcab/Wsrmcab HTTP/1.1" 200 42628
84.17.52.172 - - [27/Aug/2022:06:31:42 -0500] "GET /wp-includes/css/editor.css HTTP/1.1" 404 1035
216.245.221.92 - - [27/Aug/2022:06:31:51 -0500] "HEAD / HTTP/1.1" 200 -
157.55.39.80 - - [27/Aug/2022:06:32:17 -0500] "GET /appsia/controlador HTTP/1.1" 200 4799
157.55.39.8 - - [27/Aug/2022:06:32:33 -0500] "GET /appsia/css/estilos.css HTTP/1.1" 200 4804
207.46.13.115 - - [27/Aug/2022:06:32:38 -0500] "GET /appsia/scripts/validarIngreso.js HTTP/1.1" 200 851
201.245.192.253 - - [27/Aug/2022:06:33:08 -0500] "POST /kwsrmcab/Wsrmcab  HTTP/1.1" 200 213
172.22.2.4 - - [27/Aug/2022:06:32:15 -0500] "HEAD /BLA/boletinlegal/ HTTP/1.1" 200 -
207.46.13.186 - - [27/Aug/2022:06:34:08 -0500] "GET /BLA/resoluciones/RESOLUCIONES%202001/2001%20500-549.TIF HTTP/1.1" 200 9707590
172.22.2.4 - - [27/Aug/2022:06:33:06 -0500] "GET /BLA/boletinlegal/ HTTP/1.1" 200 54814
207.46.13.186 - - [27/Aug/2022:06:35:09 -0500] "GET /BLA/resoluciones/index.php?dir=AUTOS+2021%2F HTTP/1.1" 200 393164
66.249.73.167 - - [27/Aug/2022:06:36:12 -0500] "-" 408 -
84.17.52.172 - - [27/Aug/2022:06:36:27 -0500] "GET /wp-includes/css/editor.css HTTP/1.1" 404 1032
216.245.221.92 - - [27/Aug/2022:06:36:51 -0500] "HEAD / HTTP/1.1" 200 -
201.245.192.253 - - [27/Aug/2022:06:38:07 -0500] "POST /kwsrmcab/Wsrmcab  HTTP/1.1" 200 213
201.245.192.253 - - [27/Aug/2022:06:39:24 -0500] "POST /kwsrmcab/Wsrmcab HTTP/1.1" 200 43611
201.245.192.253 - - [27/Aug/2022:06:39:28 -0500] "POST /kwsrmcab/Wsrmcab HTTP/1.1" 200 42628
157.55.39.8 - - [27/Aug/2022:06:39:45 -0500] "GET / HTTP/1.1" 200 319
172.22.2.4 - - [27/Aug/2022:06:38:05 -0500] "HEAD /BLA/boletinlegal/ HTTP/1.1" 200 -
172.22.2.4 - - [27/Aug/2022:06:38:56 -0500] "GET /BLA/boletinlegal/ HTTP/1.1" 200 60865
23.100.232.233 - - [27/Aug/2022:06:40:47 -0500] "GET /bla/resoluciones/autos%202019/4788.pdf HTTP/1.1" 200 261895
216.245.221.92 - - [27/Aug/2022:06:41:51 -0500] "HEAD / HTTP/1.1" 200 -
201.245.192.253 - - [27/Aug/2022:06:43:07 -0500] "POST /kwsrmcab/Wsrmcab  HTTP/1.1" 200 213
192.133.77.18 - - [27/Aug/2022:06:43:21 -0500] "GET /consumo-de-energia-en-entidades-del-distrito-tiene-una-tendencia-a-la-baja-en-los-ultimos-anos.html HTTP/1.1" 200 875
192.133.77.17 - - [27/Aug/2022:06:43:21 -0500] "GET /images/fachada-secretaria-ambiente-15-octubre.jpg HTTP/1.1" 200 148853
172.22.2.4 - - [27/Aug/2022:06:43:55 -0500] "HEAD /BLA/boletinlegal/ HTTP/1.1" 200 -
172.22.2.4 - - [27/Aug/2022:06:45:37 -0500] "GET /BLA/boletinlegal/showLogin.cc HTTP/1.1" 404 1018
172.22.2.4 - - [27/Aug/2022:06:45:22 -0500] "GET /BLA/boletinlegal/ HTTP/1.1" 200 24523
64.124.8.57 - - [27/Aug/2022:06:46:21 -0500] "-" 408 -
172.22.2.4 - - [27/Aug/2022:06:44:46 -0500] "GET /BLA/boletinlegal/ HTTP/1.1" 200 54814
216.245.221.92 - - [27/Aug/2022:06:46:51 -0500] "HEAD / HTTP/1.1" 200 -
173.252.107.19 - - [27/Aug/2022:06:47:38 -0500] "GET /images/carro-carga-movilidad-4-febrero.jpg HTTP/1.1" 200 46258
201.245.192.253 - - [27/Aug/2022:06:48:06 -0500] "POST /kwsrmcab/Wsrmcab  HTTP/1.1" 200 213
172.22.2.4 - - [27/Aug/2022:06:49:45 -0500] "HEAD /BLA/boletinlegal/ HTTP/1.1" 200 -
64.124.8.57 - - [27/Aug/2022:06:51:43 -0500] "-" 408 -
216.245.221.92 - - [27/Aug/2022:06:51:51 -0500] "HEAD / HTTP/1.1" 200 -
172.22.2.4 - - [27/Aug/2022:06:50:36 -0500] "GET /BLA/boletinlegal/ HTTP/1.1" 200 53631
172.22.2.4 - - [27/Aug/2022:06:52:49 -0500] "GET /BLA/boletinlegal/actos.php HTTP/1.1" 200 9559
172.22.2.4 - - [27/Aug/2022:06:52:50 -0500] "GET /BLA/boletinlegal/favicon.ico HTTP/1.1" 404 1326
201.245.192.253 - - [27/Aug/2022:06:53:04 -0500] "POST /kwsrmcab/Wsrmcab  HTTP/1.1" 200 213
23.100.232.233 - - [27/Aug/2022:06:53:55 -0500] "GET /bla/resoluciones/resoluciones%202014/0886.pdf HTTP/1.1" 200 2385330
172.22.2.4 - - [27/Aug/2022:06:54:01 -0500] "GET /BLA/boletinlegal/consulta_actos.php?tipo=autos&no=4898&usuario=&sector=&fecha=2010&resuelve= HTTP/1.1" 200 1066
186.155.198.243 - - [27/Aug/2022:06:54:05 -0500] "GET /BLA/resoluciones/AUTOS%202010/4898.pdf HTTP/1.1" 200 3402646
186.155.198.243 - - [27/Aug/2022:06:54:05 -0500] "GET /BLA/resoluciones/AUTOS%202010/4898.pdf HTTP/1.1" 200 3402646
186.155.198.243 - - [27/Aug/2022:06:54:05 -0500] "GET /BLA/resoluciones/AUTOS%202010/4898.pdf HTTP/1.1" 206 1025
66.249.64.49 - - [27/Aug/2022:06:54:12 -0500] "-" 408 -
172.22.2.4 - - [27/Aug/2022:06:52:48 -0500] "GET /BLA/boletinlegal/ HTTP/1.1" 200 63693
157.55.39.8 - - [27/Aug/2022:06:56:47 -0500] "GET /BLA/boletinlegal/Directivas/2015/Directiva%20No.%2001%20del%2014%20de%20Enero%20de%202015.pdf HTTP/1.1" 304 -
216.245.221.92 - - [27/Aug/2022:06:56:51 -0500] "HEAD / HTTP/1.1" 200 -
172.22.2.4 - - [27/Aug/2022:06:57:02 -0500] "GET /BLA/boletinlegal/Circulares/2013/Circular%20No.%203%20del%2005%20de%20abril%20de%202013.pdf HTTP/1.1" 304 -
172.22.2.4 - - [27/Aug/2022:06:55:35 -0500] "HEAD /BLA/boletinlegal/ HTTP/1.1" 200 -
185.119.81.109 - - [27/Aug/2022:06:57:22 -0500] "GET /portaldeninos/wp-login.php HTTP/1.1" 200 2592
185.119.81.109 - - [27/Aug/2022:06:57:23 -0500] "POST /portaldeninos/wp-login.php HTTP/1.1" 200 3650
207.46.13.144 - - [27/Aug/2022:06:57:57 -0500] "GET /portaldeninos/wp-content/uploads/2021/10/infografia-fauna-ni%C3%B1os-ambientic-768x2582.jpg HTTP/1.1" 200 294188
172.22.2.4 - - [27/Aug/2022:06:56:26 -0500] "GET /BLA/boletinlegal/ HTTP/1.1" 200 60272
201.245.192.253 - - [27/Aug/2022:06:58:04 -0500] "POST /kwsrmcab/Wsrmcab  HTTP/1.1" 200 213
216.245.221.92 - - [27/Aug/2022:07:01:51 -0500] "HEAD / HTTP/1.1" 200 -
172.22.2.4 - - [27/Aug/2022:07:01:25 -0500] "HEAD /BLA/boletinlegal/ HTTP/1.1" 200 -
201.245.192.253 - - [27/Aug/2022:07:03:03 -0500] "POST /kwsrmcab/Wsrmcab  HTTP/1.1" 200 213
172.22.2.4 - - [27/Aug/2022:07:02:16 -0500] "GET /BLA/boletinlegal/ HTTP/1.1" 200 54347
172.22.2.4 - - [27/Aug/2022:07:03:57 -0500] "GET /BLA/boletinlegal/Circulares/2020/CIRCULAR%20No.%2000019%20DEL%2018%20DE%20DICIEMBRE%20DEL%202020.pdf HTTP/1.1" 200 307959
157.55.39.8 - - [27/Aug/2022:07:04:35 -0500] "GET /BLA/resoluciones/RESOLUCIONES%202003/RES%202003%20851-900/853.tif HTTP/1.1" 200 137916
185.119.81.106 - - [27/Aug/2022:07:06:38 -0500] "GET /portaldeninos/wp-login.php HTTP/1.1" 200 2592
185.119.81.106 - - [27/Aug/2022:07:06:39 -0500] "POST /portaldeninos/wp-login.php HTTP/1.1" 200 3605
172.22.2.4 - - [27/Aug/2022:07:05:52 -0500] "GET /BLA/boletinlegal/?XDEBUG_SESSION_START=phpstorm HTTP/1.1" 200 40907
216.245.221.92 - - [27/Aug/2022:07:06:51 -0500] "HEAD / HTTP/1.1" 200 -
103.149.90.187 - - [27/Aug/2022:07:07:07 -0500] "GET / HTTP/1.1" 200 319
64.124.8.53 - - [27/Aug/2022:07:07:27 -0500] "-" 408 -
201.245.192.253 - - [27/Aug/2022:07:08:02 -0500] "POST /kwsrmcab/Wsrmcab  HTTP/1.1" 200 213
172.22.2.4 - - [27/Aug/2022:07:07:15 -0500] "HEAD /BLA/boletinlegal/ HTTP/1.1" 200 -
172.22.2.4 - - [27/Aug/2022:07:08:06 -0500] "GET /BLA/boletinlegal/ HTTP/1.1" 200 44462
172.22.2.4 - - [27/Aug/2022:07:10:57 -0500] "GET /BLA/boletinlegal/actas/acta%20de%20acuerdo%2001%20adop%20regla%20inter%20CISPAER.pdf HTTP/1.1" 304 -
216.245.221.92 - - [27/Aug/2022:07:11:51 -0500] "HEAD / HTTP/1.1" 200 -
201.245.192.253 - - [27/Aug/2022:07:13:02 -0500] "POST /kwsrmcab/Wsrmcab  HTTP/1.1" 200 213
66.249.64.49 - - [27/Aug/2022:07:13:49 -0500] "-" 408 -
172.22.2.4 - - [27/Aug/2022:07:13:05 -0500] "HEAD /BLA/boletinlegal/ HTTP/1.1" 200 -
172.22.2.4 - - [27/Aug/2022:07:13:56 -0500] "GET /BLA/boletinlegal/ HTTP/1.1" 200 58566
216.245.221.92 - - [27/Aug/2022:07:16:51 -0500] "HEAD / HTTP/1.1" 200 -
201.245.192.253 - - [27/Aug/2022:07:18:01 -0500] "POST /kwsrmcab/Wsrmcab  HTTP/1.1" 200 213
201.245.192.253 - - [27/Aug/2022:07:19:25 -0500] "POST /kwsrmcab/Wsrmcab HTTP/1.1" 200 43610
201.245.192.253 - - [27/Aug/2022:07:19:28 -0500] "POST /kwsrmcab/Wsrmcab HTTP/1.1" 200 42615
172.22.2.4 - - [27/Aug/2022:07:18:55 -0500] "HEAD /BLA/boletinlegal/ HTTP/1.1" 200 -
172.22.2.4 - - [27/Aug/2022:07:19:46 -0500] "GET /BLA/boletinlegal/ HTTP/1.1" 200 60272
216.245.221.92 - - [27/Aug/2022:07:21:51 -0500] "HEAD / HTTP/1.1" 200 -
207.46.13.186 - - [27/Aug/2022:07:21:53 -0500] "GET /BLA/boletinlegal/Circulares/2022/DIRECTIVA%20No.%2000005%20DEL%2030%20DE%20JUNIO%20DEL%202022.pdf HTTP/1.1" 200 370015
201.245.192.253 - - [27/Aug/2022:07:23:00 -0500] "POST /kwsrmcab/Wsrmcab  HTTP/1.1" 200 213
185.119.81.109 - - [27/Aug/2022:07:24:59 -0500] "GET /portaldeninos/wp-login.php HTTP/1.1" 200 2592
185.119.81.109 - - [27/Aug/2022:07:25:00 -0500] "POST /portaldeninos/wp-login.php HTTP/1.1" 200 3605
172.22.2.4 - - [27/Aug/2022:07:24:45 -0500] "HEAD /BLA/boletinlegal/ HTTP/1.1" 200 -
64.124.8.53 - - [27/Aug/2022:07:26:48 -0500] "-" 408 -
216.245.221.92 - - [27/Aug/2022:07:26:51 -0500] "HEAD / HTTP/1.1" 200 -
172.22.2.4 - - [27/Aug/2022:07:25:36 -0500] "GET /BLA/boletinlegal/ HTTP/1.1" 200 54814
201.245.192.253 - - [27/Aug/2022:07:28:00 -0500] "POST /kwsrmcab/Wsrmcab  HTTP/1.1" 200 213
201.245.192.253 - - [27/Aug/2022:07:29:24 -0500] "POST /kwsrmcab/Wsrmcab HTTP/1.1" 200 43610
201.245.192.253 - - [27/Aug/2022:07:29:28 -0500] "POST /kwsrmcab/Wsrmcab HTTP/1.1" 200 42615
66.249.64.45 - - [27/Aug/2022:07:30:36 -0500] "-" 408 -
172.22.2.4 - - [27/Aug/2022:07:31:10 -0500] "GET /BLA/boletinlegal/Circulares/2012/Circular%20No.%2016%20del%2022%20de%20octubre%20de%202012.pdf HTTP/1.1" 200 381186
216.245.221.92 - - [27/Aug/2022:07:31:51 -0500] "HEAD / HTTP/1.1" 200 -
172.22.2.4 - - [27/Aug/2022:07:30:35 -0500] "HEAD /BLA/boletinlegal/ HTTP/1.1" 200 -
201.245.192.253 - - [27/Aug/2022:07:32:59 -0500] "POST /kwsrmcab/Wsrmcab  HTTP/1.1" 200 213
172.22.2.4 - - [27/Aug/2022:07:31:25 -0500] "GET /BLA/boletinlegal/ HTTP/1.1" 200 58154
186.102.44.28 - - [27/Aug/2022:07:33:17 -0500] "GET /kwssiamovil/sm/ldap/au?x=U2FsdGVkX19zoKvIZSYPSJlnEbMWay4gVWRUnXrn+plZBIfVosr+YJ8yGELAVu2a&y=U2FsdGVkX19wyerS10YP+Zxjl94NlIQNZetWy2WEnwr3JiEb+C3SM7STD/vTfDXs HTTP/1.1" 200 30
186.102.44.28 - - [27/Aug/2022:07:33:17 -0500] "GET /kwssiamovil/sm/acme/s?s=U2FsdGVkX18cQYU+fs5K+P/jWpUdNngdzJqNGKlkrqIDEcpXcsChju2GBlynfS3ZjFz3P5PmcpnJgjDMbPLDpPpcyIVuIuLkDQvYl84TL1g=&u=U2FsdGVkX19V1MCgyja/I3CJtZlTA3CLzcXyWnPNEo6LiAfA3HwxGr8auUJGgGAr&y=U2FsdGVkX19wyerS10YP+Zxjl94NlIQNZetWy2WEnwr3JiEb+C3SM7STD/vTfDXs HTTP/1.1" 200 97
186.102.44.28 - - [27/Aug/2022:07:33:17 -0500] "GET /kwssiamovil/sm/acme/s?s=U2FsdGVkX19c/OlRcLROQOjkiQ6E7EoS3LRWoxCSJwav85RXByg8NIj8Dt0CssGjiZiwgrLlomCaXcupLpDtKM3dLCxjGanFLgnJn6gEWHNoiIdDNEBRWpNAiAEU77iG8sgOgVdt8N+4DeeD8QPhPTuTx7FO3alnuMpBfqweceSnnlUE/P/n/L6pSPEpAaU/SEGfbUMyi2wI1HnEw1vYoQQ/7q1k8JnZCSteXkfKrh9aftVu+XhHqR5GCqUfaDDtiYKLPthEgoJMJmrLIUhnwpw+lBMdM0BH3HWhebTvtQsdqev3jWKZ8v4zXXsMuJ0d0cGXNKYmVihEjdjFvzWU/XVDXLZ+ChJOuk5Zlv58OqJndo6beNZraa4iFUKN0jJIHai93UkyhwBGp0Q+0ghXAa1OBmvWWrTRR4DRh6ehrUsiQfALDxdV2EwRMFqLGCN9H+qp12zvU9jUdMUQhyelx2QOYr8JlnNJ79kYEzUx/5shrXtMuW+KVnjoHdBbG/HVqhgESLv8LECDtBK2XgQH2ikDk+k+IqddW6E9kLZS7GII0JKXz+FM2woLGEWdNKc/AFBIeyX0GuljHaj/go5ujk2fBemCjvvLsbRYpGPsxjNsefMekWhp9nDMHZcOm9m304ktqwhc9dmbZdEbp79uGkWXI5eO0bdN5/DjKjxxt5CVQDbqG5ggKqoDh41LjNqJbEWPUFfPtglJblLrnLr6SUpZKadLL2BXRyTLmuRni4g6IAkivCjreM3arIghKn0/vqVkvYL+KlE3RRKg3zZm56WQSKTrIX0XD+3lWwrpT1YBSalpos80cRm3zrpghoQm3AmwZv8E1QJ6JeZLzbJBgxFK0dbr3RggotaUimnXpfxMFuQS+eJEoLvpHbWnZTGJUninv971r9bYeEMcrKMLwtsdb1kE+9TNUhgdwtb+5ogQ7Aa9q69q/l7d5JQZxJE/EuLvnAt5HTJ2HAknup7a1WMATi7Nwc/y8ge09Ji5iECfuE5qjcnzh+Edu7IbQA0PdDeAI4E6tD7tTF707pTIFytvcLdesT7g4Fu0edzQVn3lwg0gH4u1ic5vANk1nvCyJB4JFvfrleKBw38VlrU/ZhIsubgFkkKASoBDruE2UguGlWQo6P/3gdO3Crsl1/juAgFUa0aog9aGalkGTpfKSO6yV7sDir9TPoNolo0Vpqyrh7HmaPBtogn9/htzRckVcgzrVXwVEAhejU+kU1sa4F6/0LXBRGf+OdegzaEvE0xWLfvGo1XkS7tPsco+I1aPrQwbon8XkZ03S6hQVpiYKScqTiQ+u3z1fjLcRIBPmDrLxsPI1Vg+TgFe47dKCMdNKJCjU301VOWE/08bJcBgL15g8pWqQsv6K90Gyzmr1Sc=&u=U2FsdGVkX19V1MCgyja/I3CJtZlTA3CLzcXyWnPNEo6LiAfA3HwxGr8auUJGgGAr&y=U2FsdGVkX19wyerS10YP+Zxjl94NlIQNZetWy2WEnwr3JiEb+C3SM7STD/vTfDXs HTTP/1.1" 200 2874
186.102.44.28 - - [27/Aug/2022:07:33:17 -0500] "GET /kwssiamovil/sm/acme/s?s=U2FsdGVkX19je5zz/CJ+oCtl6CFJLAas5naDEyDlonTU6HKoxdD44RabD+Gb0fW0kTX4JTwCS3FHBo7YDuAWHq6nSgsu2XqenjOzNKqTvDMJvEWNZkjRpFKReOF6cznmqflbe/scqO/VVC5YzMZU0kUMZ+9Beou8pOzb00qxRLWdWTE8R5OaCoSwwVVeiyGM9EuNlE7WyyZ0Sql+OCUUXjSb+S0/V8w3Y8F9Jz+tbZwFjqx+08Z2oVcY4PPCqcX2aqtZB4KCwauT54SKvVDMOx3OTNRLz2JCaIngnB38Ryk=&u=U2FsdGVkX19V1MCgyja/I3CJtZlTA3CLzcXyWnPNEo6LiAfA3HwxGr8auUJGgGAr&y=U2FsdGVkX19wyerS10YP+Zxjl94NlIQNZetWy2WEnwr3JiEb+C3SM7STD/vTfDXs HTTP/1.1" 200 176
186.102.44.28 - - [27/Aug/2022:07:33:18 -0500] "GET /kwssiamovil/sm/cjson/pre?f=1&x=U2FsdGVkX19zoKvIZSYPSJlnEbMWay4gVWRUnXrn+plZBIfVosr+YJ8yGELAVu2a HTTP/1.1" 200 30992
181.51.67.213 - - [27/Aug/2022:07:34:36 -0500] "GET /galeria/galeria/jquery.fancybox.css?v=2.1.5 HTTP/1.1" 200 4895
181.51.67.213 - - [27/Aug/2022:07:34:36 -0500] "GET /BLA/boletinlegal/js/jquery.scrollShow.js HTTP/1.1" 200 4586
181.51.67.213 - - [27/Aug/2022:07:34:36 -0500] "GET /galeria/galeria/jquery.fancybox.js?v=2.1.5 HTTP/1.1" 200 48706
40.77.167.40 - - [27/Aug/2022:07:36:10 -0500] "GET / HTTP/1.1" 200 4720
216.245.221.92 - - [27/Aug/2022:07:36:51 -0500] "HEAD / HTTP/1.1" 200 -
173.252.127.34 - - [27/Aug/2022:07:37:31 -0500] "GET /mas-de-30-tinguas-fueron-liberadas-en-la-semana-de-los-humedales.html HTTP/1.1" 206 950
201.245.192.253 - - [27/Aug/2022:07:37:58 -0500] "POST /kwsrmcab/Wsrmcab  HTTP/1.1" 200 213
172.22.2.4 - - [27/Aug/2022:07:36:25 -0500] "HEAD /BLA/boletinlegal/ HTTP/1.1" 200 -
172.22.2.4 - - [27/Aug/2022:07:37:16 -0500] "GET /BLA/boletinlegal/ HTTP/1.1" 200 58566
66.249.64.45 - - [27/Aug/2022:07:39:12 -0500] "-" 408 -
201.245.192.253 - - [27/Aug/2022:07:39:25 -0500] "POST /kwsrmcab/Wsrmcab HTTP/1.1" 200 43610
201.245.192.253 - - [27/Aug/2022:07:39:29 -0500] "POST /kwsrmcab/Wsrmcab HTTP/1.1" 200 42615
157.55.39.80 - - [27/Aug/2022:07:40:44 -0500] "GET /Publicaciones/2022EE179307.pdf HTTP/1.1" 404 228
216.245.221.92 - - [27/Aug/2022:07:41:51 -0500] "HEAD / HTTP/1.1" 200 -
201.245.192.253 - - [27/Aug/2022:07:42:57 -0500] "POST /kwsrmcab/Wsrmcab  HTTP/1.1" 200 213
172.22.2.4 - - [27/Aug/2022:07:42:15 -0500] "HEAD /BLA/boletinlegal/ HTTP/1.1" 200 -
157.55.39.80 - - [27/Aug/2022:07:43:55 -0500] "GET /bla/resoluciones/resoluciones%202012/1015.pdf HTTP/1.1" 304 -
172.22.2.4 - - [27/Aug/2022:07:43:06 -0500] "GET /BLA/boletinlegal/ HTTP/1.1" 200 58154
207.46.13.186 - - [27/Aug/2022:07:44:45 -0500] "GET /BLA/resoluciones/index.php?dir=RESOLUCIONES+2021%2F HTTP/1.1" 200 416167
216.245.221.92 - - [27/Aug/2022:07:46:51 -0500] "HEAD / HTTP/1.1" 200 -
201.245.192.253 - - [27/Aug/2022:07:47:56 -0500] "POST /kwsrmcab/Wsrmcab  HTTP/1.1" 200 213
172.22.2.4 - - [27/Aug/2022:07:48:05 -0500] "HEAD /BLA/boletinlegal/ HTTP/1.1" 200 -
173.252.79.17 - - [27/Aug/2022:07:50:23 -0500] "GET /images/buenas-practicas-ambientales21-octubre.jpg HTTP/1.1" 200 77514
172.22.2.4 - - [27/Aug/2022:07:48:56 -0500] "GET /BLA/boletinlegal/ HTTP/1.1" 200 58154
216.245.221.92 - - [27/Aug/2022:07:51:51 -0500] "HEAD / HTTP/1.1" 200 -
201.245.192.253 - - [27/Aug/2022:07:52:55 -0500] "POST /kwsrmcab/Wsrmcab  HTTP/1.1" 200 213
5.161.129.47 - - [27/Aug/2022:07:53:18 -0500] "GET /bla/resoluciones/resoluciones%202022/0046.pdf HTTP/1.1" 200 405139
172.22.2.4 - - [27/Aug/2022:07:53:55 -0500] "HEAD /BLA/boletinlegal/ HTTP/1.1" 200 -
186.102.28.13 - - [27/Aug/2022:07:55:54 -0500] "GET /catalogoisis/ HTTP/1.1" 200 8575
186.102.28.13 - - [27/Aug/2022:07:55:55 -0500] "GET /catalogoisis/Css/Busqueda.css HTTP/1.1" 200 1995
186.102.28.13 - - [27/Aug/2022:07:55:55 -0500] "GET /catalogoisis/Js/AceptarLimpiar.js HTTP/1.1" 200 331
186.102.28.13 - - [27/Aug/2022:07:55:55 -0500] "GET /catalogoisis/Js/LimpiarCombinada.js HTTP/1.1" 200 207
186.102.28.13 - - [27/Aug/2022:07:55:55 -0500] "GET /catalogoisis/Js/CriterioCombinada.js HTTP/1.1" 200 1843
186.102.28.13 - - [27/Aug/2022:07:55:55 -0500] "GET /catalogoisis/Js/Remote.js HTTP/1.1" 200 436
186.102.28.13 - - [27/Aug/2022:07:55:55 -0500] "GET /catalogoisis/Js/Go.js HTTP/1.1" 200 364
186.102.28.13 - - [27/Aug/2022:07:55:55 -0500] "GET /catalogoisis/Js/Cookies.js HTTP/1.1" 200 1369
186.102.28.13 - - [27/Aug/2022:07:55:55 -0500] "GET /catalogoisis/Js/Numero.js HTTP/1.1" 200 398
186.102.28.13 - - [27/Aug/2022:07:55:55 -0500] "GET /catalogoisis/Js/Enter.js HTTP/1.1" 200 1208
186.102.28.13 - - [27/Aug/2022:07:55:55 -0500] "GET /catalogoisis/imagenes/br1c1.gif HTTP/1.1" 200 172
186.102.28.13 - - [27/Aug/2022:07:55:55 -0500] "GET /catalogoisis/imagenes/br1c3.gif HTTP/1.1" 200 302
186.102.28.13 - - [27/Aug/2022:07:55:55 -0500] "GET /catalogoisis/imagenes/Turnbo1.gif HTTP/1.1" 200 227
186.102.28.13 - - [27/Aug/2022:07:55:55 -0500] "GET /catalogoisis/imagenes/aceptar1.gif HTTP/1.1" 200 604
186.102.28.13 - - [27/Aug/2022:07:55:55 -0500] "GET /catalogoisis/imagenes/limpiar1.gif HTTP/1.1" 200 606
186.102.28.13 - - [27/Aug/2022:07:55:55 -0500] "GET /catalogoisis/imagenes/Header.gif HTTP/1.1" 200 30313
186.102.28.13 - - [27/Aug/2022:07:55:55 -0500] "GET /catalogoisis/imagenes/br1c2.gif HTTP/1.1" 200 297
186.102.28.13 - - [27/Aug/2022:07:55:55 -0500] "GET /catalogoisis/imagenes/br2c3.gif HTTP/1.1" 200 416
186.102.28.13 - - [27/Aug/2022:07:55:55 -0500] "GET /catalogoisis/imagenes/br2c1.gif HTTP/1.1" 200 297
186.102.28.13 - - [27/Aug/2022:07:55:55 -0500] "GET /catalogoisis/imagenes/br3c2.gif HTTP/1.1" 200 285
186.102.28.13 - - [27/Aug/2022:07:55:55 -0500] "GET /catalogoisis/imagenes/br3c3.gif HTTP/1.1" 200 186
186.102.28.13 - - [27/Aug/2022:07:55:55 -0500] "GET /catalogoisis/imagenes/br2c2.gif HTTP/1.1" 200 302
186.102.28.13 - - [27/Aug/2022:07:55:55 -0500] "GET /catalogoisis/imagenes/br3c1.gif HTTP/1.1" 200 177
186.102.28.13 - - [27/Aug/2022:07:55:55 -0500] "GET /favicon.ico HTTP/1.1" 200 7782
172.22.2.4 - - [27/Aug/2022:07:55:14 -0500] "GET /BLA/boletinlegal/ HTTP/1.1" 200 24523
172.22.2.4 - - [27/Aug/2022:07:54:45 -0500] "GET /BLA/boletinlegal/ HTTP/1.1" 200 56367
172.22.2.4 - - [27/Aug/2022:07:56:26 -0500] "GET /BLA/boletinlegal/Circulares/2021/CIRCULAR%20No.%2000007%20DEL%2010%20DE%20AGOSTO%20DEL%202021.pdf HTTP/1.1" 304 -
216.245.221.92 - - [27/Aug/2022:07:56:51 -0500] "HEAD / HTTP/1.1" 200 -
132.255.125.218 - - [27/Aug/2022:07:57:17 -0500] "GET /bogota-destacada-en-america-latina-por-su-accion-climatica.html HTTP/1.1" 304 -
201.245.192.253 - - [27/Aug/2022:07:57:54 -0500] "POST /kwsrmcab/Wsrmcab  HTTP/1.1" 200 213
185.119.81.109 - - [27/Aug/2022:07:59:15 -0500] "GET /portaldeninos/wp-login.php HTTP/1.1" 200 2592
185.119.81.109 - - [27/Aug/2022:07:59:16 -0500] "POST /portaldeninos/wp-login.php HTTP/1.1" 200 3670
172.22.2.4 - - [27/Aug/2022:07:59:45 -0500] "HEAD /BLA/boletinlegal/ HTTP/1.1" 200 -
66.249.64.49 - - [27/Aug/2022:08:01:42 -0500] "-" 408 -
173.252.107.120 - - [27/Aug/2022:08:01:50 -0500] "GET /bogota-destacada-en-america-latina-por-su-accion-climatica.html HTTP/1.1" 206 768
216.245.221.92 - - [27/Aug/2022:08:01:51 -0500] "HEAD / HTTP/1.1" 200 -
173.252.107.3 - - [27/Aug/2022:08:01:52 -0500] "GET /bogota-destacada-en-america-latina-por-su-accion-climatica.html HTTP/1.1" 206 768
64.124.8.53 - - [27/Aug/2022:08:02:09 -0500] "-" 408 -
172.22.2.4 - - [27/Aug/2022:08:00:35 -0500] "GET /BLA/boletinlegal/ HTTP/1.1" 200 52868
201.245.192.253 - - [27/Aug/2022:08:02:53 -0500] "POST /kwsrmcab/Wsrmcab  HTTP/1.1" 200 213
64.124.8.53 - - [27/Aug/2022:08:04:55 -0500] "-" 408 -
186.102.69.237 - - [27/Aug/2022:08:05:03 -0500] "GET /kwssiamovil/sm/acme/a?s=U2FsdGVkX1+lGsuBtw4JzWpeaMYKdEr0vn4a1O+VV4Qo8DQJfZRpbGD/JCBu4YdZ9vBBdgiKXe3I645lQvqrC+vX0cYoLFwzJe+g83oVUg1dHhrIYhOXMJ8EHPiZgZAaAo7ZLDgaMfsedtzwMvBbqIJRGyEj7R6NsOtuhesTxL7RC/Fvo6UzXfT2dCv9bIVVOACTWIWTW4Q8YXSRwfaKyJtpbwaMMyLTFVT0EVT9Lde3/r15xnpdSCJJDhE7p/ZSTnW+Bvg0cm0SjeX8TR9Mtg==&u=U2FsdGVkX19i0/HjpoZ0Yihw3Xz8ECAmcwhvclNcjsvR69tI2tm3HWUcm0iB3KmA&y=U2FsdGVkX1+hvtDLGk4WA6+CEVUzr+ODNYJsgJOQ6AIUszsdPtHprwGmGv/tz9/b HTTP/1.1" 200 25
186.102.69.237 - - [27/Aug/2022:08:05:04 -0500] "GET /kwssiamovil/sm/acme/a?s=U2FsdGVkX1+9/ISfuF/UNmnVqnNFmZAH9vnKPoh4Zf9x9fJ1ifAjhWpwXD33XGHakoF4ZPgmU7lzbegnHwBIbQV8azkLApkEkSHjWRW9uEmZYYGAt18vOj1oQPetAmvIL3ya3cgS0poBymJ9U2+FCHrlAtTa+mRyxQ11XYMxdvtVIaozjjr995oeum7WfgxKcW6M6TuO2W4t+rBiB9yH9jVKw3tbJ8ToBNvNDa4uE4gOXN4641eIF+sXNOVx6SfbwpQoiE2/UxJTAKmdWKMl2LmkNqEVIBGL+8Nf4Pj64kX65d4o2NSZlpDL16QqiHTY2pSHd20yXYun2x9sUySk5HLybeWWuVujL4TJDyrFziRTC6FwkPWd3ejDj639gDzD1N3/rCYr5L6UEPE/E4EjlSDdZ3pZVFKo1bxMHIuD/pgSB+MiXa34Vl49fZ/xNKlsRq2ss33j3sNJc+PzRbRhN09sGjjo4v6KwZrEyf7cTE5Y++QQ8ouLjR+ZlJi9emjM5iJOolvqc96LI26wBOPrjtqyfp+e58LhLVQGS7TxEpOOhQAjwN3pqfE+gRBvaH6yJQZn7RUhCne4ivUMODvibStfDQU5bqHggdwIisnb3qIlSBFJESn6taZ9phqRJD+Vcjaohr9oXu0QpDJVrYlk95UNZVWdY0RBIGszM0XbdBR/0dhf6DSUoGygTCu13OEWVNqm2sAn+UoVTd2Vx+62SX5lYWyPwiQ92xVvIufInTEMcb1iprtRaKLHV3mTCHoAud5m55X4O2mRKQ2ei1hfxIBv+PYszakidKNjXjatpOJZRcAix4w9biPTO0iLps3FGBznnXlfUkPELlr0rFlpDReg8LUvCQ3tcpXy5PfO9Ir6/IbDNRjdkqMaz601Jl6NfFrzaMw4270AGyUflWNrE8WDTc+4skVpJ8kcSMKrnIWii0niXQu7vhMi2uYnWu8va9GJkq0KNl/E8sedwK9RRNrCbkk7bXAreFuIAHmqfRfrSe63xHYqv/u/12XZKNnoPWJ+5nphzXmay49NN9cFlZfrngYLfONaWK/VY7f/DJPv9Kgxokm3sZPSs5bYDzmB18gH9ltATeQj/FxjfNzKEXhas280KIK/f2TzCB3vZ2GjFNocLeg1q0FW/o9OOkJYQFOims0LDKwLYuyKN5m4/rTM+4gVfjM3qpUCW8cIoWjeQPPqtEprIsj4V94Qrzc9QOQaPlrIixqyyN4ZMxZQstqiFSq2JMwvJF+yaq+Dnc9K6zx0DEB6zXuJEo29IYUAYaaOrAUwHULOaRM9vI3UO9/8ZgvxGehI/mTyxAO6mjZVRmOk953cC7aoErwc/huNDAnKxvc7W0Qo8fw2p1ak/dQ250rm7Ym2QqkxSzZgbs+M9RMOxunI9rTMlhxYN9Lgih+HsjRs3cura5ilyjgbfc/7aKoM34IlnRP2Ha7J2XBEr8qE0bZxXJpU9tBzdOEvsuf7N+15qCwyWOjo+U+4Ggb9Lx8as1X5zf3GzIsG8xSYgDwrN6BZUfKjkyz7Rd/swY2/Xgj6H1frVLWBcqTHU+6+JYVn/3NffmSEwBUTcPXNVFk4oRIcOxhfbyv7r/kPgeF8WEz0i7OSlz9oMlpIwyUuB8+b58GtKMdr5Hp3U4U6Y092wtWs5V8OtDg1Hl3PlKW0wxpDQBT1QCc7KaqUdt2OsPD8Y47OY4FugZ16Va4Z2XX4CZjpVQVWbTQQEYbHaqqqmNMoFNDTKNLa8P45qz6fGoCz5c6AxupuQPDrdgu+gIjmvtfY3amnKdMdDepvHDEHl1q/yYhBXhY6Sj5NoPiUFekWSVJshDRDbXHmMrbnYuNDLIIT9rsdXJqYMKz9vJg1bcyvsPB3PwcWB8HTNtaifgTFb9FBULyTIdNcbR0=&u=U2FsdGVkX19i0/HjpoZ0Yihw3Xz8ECAmcwhvclNcjsvR69tI2tm3HWUcm0iB3KmA&y=U2FsdGVkX1+hvtDLGk4WA6+CEVUzr+ODNYJsgJOQ6AIUszsdPtHprwGmGv/tz9/b HTTP/1.1" 200 25
186.102.69.237 - - [27/Aug/2022:08:05:04 -0500] "GET /kwssiamovil/sm/acme/a?s=U2FsdGVkX1++FzY0mfqnYf3+KIxe3MPYzKA+SmYjXJC1tw6lAiNtX9SIFe5UTO/74vwih92F+Ks/Vau8r1cHDAU4aLsCPo0UBiBUQ2xNEBiS6GzsFYBwiPs8UVe3AQMk4IJ5Lz1go//o/NcA2GzBnkdhOeYzHxdffl80Koso8I0=&u=U2FsdGVkX19i0/HjpoZ0Yihw3Xz8ECAmcwhvclNcjsvR69tI2tm3HWUcm0iB3KmA&y=U2FsdGVkX1+hvtDLGk4WA6+CEVUzr+ODNYJsgJOQ6AIUszsdPtHprwGmGv/tz9/b HTTP/1.1" 200 25
186.102.69.237 - - [27/Aug/2022:08:05:04 -0500] "GET /kwssiamovil/sm/acme/a?s=U2FsdGVkX19jPysVF6P9zmetqJay3Y4wSqzXVrdnVlQgCgsl1r1Qe5D24UFcKQ2yc8OvRiDmJWekq79RYASS7KmPMLTHeDn38ExFTOPRG9CPZnpePNbeVPsA9fDnxYR0BtckgbOJdXyt5ufOaEANCHHfabHfiHYzyB7+uCxsKaI=&u=U2FsdGVkX19i0/HjpoZ0Yihw3Xz8ECAmcwhvclNcjsvR69tI2tm3HWUcm0iB3KmA&y=U2FsdGVkX1+hvtDLGk4WA6+CEVUzr+ODNYJsgJOQ6AIUszsdPtHprwGmGv/tz9/b HTTP/1.1" 200 25
186.102.69.237 - - [27/Aug/2022:08:05:04 -0500] "GET /kwssiamovil/sm/acme/a?s=U2FsdGVkX1/88N1nC8tbmWzA2lak1Uc+exhi1JRI2fKNZJSxATzbFHBZavCB5g8C82YusWSlWm8gXy2WiSrfCx1HatvorEHsTm8RlLBB3nSzHeCfKQ4m4zVwpFIqrRIzgDZDlrpH9m9Jc+3nJ8lhnxSRbtj8ERWYnc0a9DzMLNQ=&u=U2FsdGVkX19i0/HjpoZ0Yihw3Xz8ECAmcwhvclNcjsvR69tI2tm3HWUcm0iB3KmA&y=U2FsdGVkX1+hvtDLGk4WA6+CEVUzr+ODNYJsgJOQ6AIUszsdPtHprwGmGv/tz9/b HTTP/1.1" 200 25
186.102.69.237 - - [27/Aug/2022:08:05:05 -0500] "GET /kwssiamovil/sm/acme/a?s=U2FsdGVkX19fIf882ibUI4QZBX3qGhCWOZ9ahJ3gILTxET/YZfhnZKEjG+PsDJSyGdKzJZJBRu4cIBLvGTctQLP0o3YZB6JhCtuYc1pXx5qKCAt0tahrtadQ2wJxD1xVYJq0D9N+8PRDWljatz1XZd401vZvSOKFnl1mnz3R87QbLt8HoDAcCdiVcnTNhO72&u=U2FsdGVkX19i0/HjpoZ0Yihw3Xz8ECAmcwhvclNcjsvR69tI2tm3HWUcm0iB3KmA&y=U2FsdGVkX1+hvtDLGk4WA6+CEVUzr+ODNYJsgJOQ6AIUszsdPtHprwGmGv/tz9/b HTTP/1.1" 200 25
172.22.2.4 - - [27/Aug/2022:08:05:08 -0500] "GET /BLA/boletinlegal/Circulares/2012/Circular%20No.%205%20del%2027%20de%20Abril%20de%202012.pdf HTTP/1.1" 200 216613
186.102.58.231 - - [27/Aug/2022:08:06:42 -0500] "GET /kwssiamovil/sm/ldap/au?x=U2FsdGVkX1+3qvVfXJewQAPb7aYHbMmn3TUc9mdAHEjsk9jCdRRRxnLlUU9uEHzB&y=U2FsdGVkX1/YOltTPJ6pG/qtX+s7sm7hRCwlu9+q30CWswVR38sdOvrcpfR3NAJA HTTP/1.1" 200 30
186.102.58.231 - - [27/Aug/2022:08:06:43 -0500] "GET /kwssiamovil/sm/acme/s?s=U2FsdGVkX19gXY5+z12kwjUdQff2pLYMO5eHOGbhb8II0TabgovoNasAPFW07c7S5GYr6zWx2o22BwF9KsOXO0QcBfp53QEvlF8hg/6MUzo=&u=U2FsdGVkX1+Nvvg8PdhCNEjbEtJcJ0g8lUpjdBpRIjpxsdpY2zdC8dv32Y7pO1H1&y=U2FsdGVkX1/YOltTPJ6pG/qtX+s7sm7hRCwlu9+q30CWswVR38sdOvrcpfR3NAJA HTTP/1.1" 200 97
186.102.58.231 - - [27/Aug/2022:08:06:43 -0500] "GET /kwssiamovil/sm/acme/s?s=U2FsdGVkX18u+qDfvW9OPeTq8rQ9qP2PoQYSrBVOKeBO/7OmPNGg/BtFT48+9HeDdlvT/37Umaj99c+6AMXyqcd6ndxK0PfC/YRuO06wPWBeAwKYrlr8GZyF4JdemRBf7eEciat+dpGLb20oSb53Nn11W40qJ5BkHEcaEI1l/AuOWbvqmqEPRDo5fgAniuS9x6YUfVgp91BtGq74T5+fjATcHpVTYe8eSHJyQuMULP5tv1wp6DoXQAr3yCCs2gUgK5y1ooR5TQUM/6nNs22TOBX7SVMS62WLN56NvrdXoLoK+/YFL8hXgcqVrcE88jN8srMjb012WvILjWirsSzkREe7toBgb1hqlVCjVrPCSK5SY0k+BiWgMVj5EWdGOA175zPlpZpwNIbT8b1PWemZxyCoZNmTHyrYoeIvMHp1hkXq8rz3X8L3/rEMvzqmakgtR9DKjH7cpDLYj/dhm/KHa72MqDAmsqxfCe41yWD3NK7Kq5vppKPDysrVaOtuE1hUgzyUrDx0SGAgU1vgWu3vrfIobgAPmbVIyLc4G/rqjYjfDl5gUu6GoxFY7ku6wQxqDoYUneyuy8q1Bopu5ERmeazD71MdY2xrcZtFGixHvCuda6gB60lJCEpkXROXmkCceUQMMLQ6TAmImb9Sw4Eol+x/+Bc3beBfVAfFDMFja5vbvsa9A0vDbwxxTxpZSK8UOZxNCdGvsMJ5vVavY+ybWOo8cQpKcE2w6ePfQqwEMEnBe5if3oqyNrzek+z5QaQfwsSD2Gq9A6HR5wdyyyHlVFegmbQBbafM/VxFQrusq1icYVYtNZe1rNfuRP2BSj7Z6suIKUSk1daxZ74O3zH71I0k6Qw/kPRPWqKzloJrAFo5kQa8m0tLvRyE+Mlzxz5e/4SgPtIzKU+kAvYWtsR0Rw+gJ0kja+QhBZnHOkklUC+9L3o2IczDQzr1FBkpKo07Av67Np12PyfVDopZoNuAUIGw7sVeSxrbgk1sqZp3qHOJI+LHOEVCvOcSB/OkfkycBiEqWJfzs7lweZlP0fA2cJjt2+7UGrlClXE3BLw8b82oR+QNbhT3Glv8v91rqkB+4rAZ6+xHQxMhPITY28/FZ1eD6TiuF2tgw7+qnRSDQzHi8/akCp5BRUlWKC6/EePQaIjp2gkjzN2ssotLN+VAKLVT+wB/FHRUeEbRjmGqGFv0TUnA0J/tEDe6HhECVw17GrhwP57BJIOjHPHpRB5b7NKZ3Oz6srSs+zy3iiWkL+dmNr5ktZwgREuG1S/kZB7+6xpZnXI4fBzaiXnrgCZKn+Oru/bWMHnAhbI6kMZjL38W6qET4c/nGMOyU0sQoxiDlT1TDdzZyxK8l7sFPUFTbeSSuzj44KfF6jYi8W7Oqis=&u=U2FsdGVkX1+Nvvg8PdhCNEjbEtJcJ0g8lUpjdBpRIjpxsdpY2zdC8dv32Y7pO1H1&y=U2FsdGVkX1/YOltTPJ6pG/qtX+s7sm7hRCwlu9+q30CWswVR38sdOvrcpfR3NAJA HTTP/1.1" 200 16449
186.102.58.231 - - [27/Aug/2022:08:06:43 -0500] "GET /kwssiamovil/sm/acme/s?s=U2FsdGVkX18LesUbJBVhaxMNzH4F/w4+nnbop2ycjpHMDK8/pnv2x95LZNtnsViw0LJ74QNCYaFtymH+EY25Y8I+d1OTgCWaoiqIcQPyKZb79+vzzSyDWloC3Qs4/41ZKJ1AN6+5YO6suKQiYMRdWGMGgwQRyM6L88QSeFG9j0Rmbh4eAqnyPlQtH9Ldutdmp6rFnbz0jdqGALpYCAVrY/w/VGwosDTSp8MgMv54pE1J3VTyR6HOrmUOPpIiYCaeJ/OTMNUWKknOLFAJXihEI1PRiD6X6zSB51BHcGA0duQ=&u=U2FsdGVkX1+Nvvg8PdhCNEjbEtJcJ0g8lUpjdBpRIjpxsdpY2zdC8dv32Y7pO1H1&y=U2FsdGVkX1/YOltTPJ6pG/qtX+s7sm7hRCwlu9+q30CWswVR38sdOvrcpfR3NAJA HTTP/1.1" 200 176
186.102.58.231 - - [27/Aug/2022:08:06:44 -0500] "GET /kwssiamovil/sm/cjson/pre?f=1&x=U2FsdGVkX1+3qvVfXJewQAPb7aYHbMmn3TUc9mdAHEjsk9jCdRRRxnLlUU9uEHzB HTTP/1.1" 200 30992
216.245.221.92 - - [27/Aug/2022:08:06:51 -0500] "HEAD / HTTP/1.1" 200 -
172.22.2.4 - - [27/Aug/2022:08:06:53 -0500] "GET /BLA/boletinlegal/images/cabezote%20BLEGAL.jpg HTTP/1.1" 304 -
172.22.2.4 - - [27/Aug/2022:08:05:35 -0500] "HEAD /BLA/boletinlegal/ HTTP/1.1" 200 -
201.245.192.253 - - [27/Aug/2022:08:07:52 -0500] "POST /kwsrmcab/Wsrmcab  HTTP/1.1" 200 213
172.22.2.4 - - [27/Aug/2022:08:06:25 -0500] "GET /BLA/boletinlegal/ HTTP/1.1" 200 56367
40.77.167.101 - - [27/Aug/2022:08:09:08 -0500] "-" 408 -
216.245.221.92 - - [27/Aug/2022:08:11:51 -0500] "HEAD / HTTP/1.1" 200 -
193.142.147.7 - - [27/Aug/2022:08:12:23 -0500] "\x03" 400 226
193.142.147.7 - - [27/Aug/2022:08:12:23 -0500] "\x03" 400 226
186.102.36.108 - - [27/Aug/2022:08:12:37 -0500] "OPTIONS /kwssiamovil/sm/setfile/f? HTTP/1.1" 200 13
186.102.36.108 - - [27/Aug/2022:08:12:37 -0500] "POST /kwssiamovil/sm/setfile/f? HTTP/1.1" 200 381
201.245.192.253 - - [27/Aug/2022:08:12:52 -0500] "POST /kwsrmcab/Wsrmcab  HTTP/1.1" 200 213
64.124.8.30 - - [27/Aug/2022:08:13:03 -0500] "GET /portaldeninos/que-es-cambio-climatico HTTP/1.1" 301 -
172.22.2.4 - - [27/Aug/2022:08:11:25 -0500] "HEAD /BLA/boletinlegal/ HTTP/1.1" 200 -
64.124.8.30 - - [27/Aug/2022:08:13:30 -0500] "GET /portaldeninos/contactanos/ HTTP/1.1" 200 88135
64.124.8.30 - - [27/Aug/2022:08:13:47 -0500] "GET /portaldeninos/parque-mirador-de-los-nevados/ HTTP/1.1" 200 89855
172.22.2.4 - - [27/Aug/2022:08:12:15 -0500] "GET /BLA/boletinlegal/ HTTP/1.1" 200 53994
185.119.81.109 - - [27/Aug/2022:08:14:35 -0500] "GET /portaldeninos/wp-login.php HTTP/1.1" 200 2592
185.119.81.109 - - [27/Aug/2022:08:14:36 -0500] "POST /portaldeninos/wp-login.php HTTP/1.1" 200 3605
64.124.8.30 - - [27/Aug/2022:08:15:59 -0500] "GET /portaldeninos/aulas-ambientales-2/parque-ecologico-distrital-de-montana-entrenubes/ HTTP/1.1" 200 90406
216.245.221.92 - - [27/Aug/2022:08:16:51 -0500] "HEAD / HTTP/1.1" 200 -
186.102.36.108 - - [27/Aug/2022:08:17:15 -0500] "GET /kwssiamovil/sm/acme/a?s=U2FsdGVkX19P2QpZSk4EmM8/Q+9m3Hf0Xxje/ouPzVCFQWIMXAxPO6GvPgeesUQNGtEFSxj0t0t7tqZiYlwi/8zppK6iqwCsAJ9NuFDYBp832DiSubJgVtwvbCqyd2fbl+9e6gcuu1mlDhddeG0IS25CMFg/qD7CAklySgx2B3vMEdyBnnqNzlJbCUw2jEkS3vdV31Urt0dJNfqkihBiAtF2U4i7yYFs8OktdKpvOV2+z5EKrU5V2iVF/5GU/1R0cHRUkkgqBX3gikd2cMb3NA==&u=U2FsdGVkX1+ldJM2FVjkqU9i2a+nh99QLS2RAF9IKtE=&y=U2FsdGVkX1+oCBzdoDDPU7NMn6JKxga9FqeDB1Adeh9b2B6WacPtvL64ogjJArgR HTTP/1.1" 200 25
