186.102.29.197 - - [28/Aug/2022:21:02:04 -0500] "GET /kwssiamovil/sm/acme/s?s=U2FsdGVkX18+CJlb/R+PNGXHiSJVwubjAYvm+q4/7z8P/cyl0xhwZFxJM8udm0jLjPql3sCmt/gW7tFMQEOeA4mpLSL3wlmZEeVJVKWT0MSogwEumJ3SbYxxzjKstjjpafTbttkTUJNaZLkQzFUg0kzAUgSwL+Tlt86FkCTUg8Zv1oP7vlLBpVACHA/tkypZ2krqDbQD8NCi6JuT6fz5iXhQWPBcb1jyVSYQ3o130ItHKxIrNsbaV5o1gMvRAb+SkpwVFKhQ0XS7uwTIjoMRaXmv9euldBR0luAoF4yAuOcl4Ooz3nY4yBN/PFQqHedb/hGqFdBUBPI6C2lNHUu2yLYvU5ECEuGWj0UcQilPuehAt3hlnZa6TgydBPCUw84TTcxQBdbx0e7shuHXcI7F3ZnZcOr65sTdXdm22/MavFPaE0Ui7Ug071FyeasnUaZSEOCTele1V913GlX+B18iI7rr4Of/wQjBMxGUYml7uEbX0iegFYQXZ9HR+01mtlIPEGK2q2vYA1MdU3vlb0zjf5JK9w+k0zS/6AHgY1eJ7z8vnh0PrrJCscD11merQ1E2+Acc9swjBcle9gvIR6j5O/OFB46aEGozQ/nn3CaQmLCQPvzzRvZPeuL/Xn8h4ICyEW8eExaoFL1TlcEUCBmeKmpLExTCOpLyAbM9hUJPMRh6otqjZWVrWMzZMpQXpfQ7/x7t4UWlQvSc5GKPaJ9CJD60veeUDvWuj5xVc6G20kVDmJ4DRCb4D7C0Pom6DjanJjepz1GuaQpfM9R6EcYELeIUCaQEZz2EjEHf/hfdd2iXBNoAAy1QNhRJFKvzJoPVqpLkafi5IkIo2a5OLjE1JC+NSwhebI1Dybrw1c8fLa7st08iwCDTsJApCgZptlzPA6XupWZx5wVExZ+R1PQ5uv83PmBJFokoUJD8539f4hf4KTZyI7hg5xNExukA4CPxoWUv/o2lqI3CN8N66SuMRH62bGqKgX3VUIt3pbex1HpcalNfJ/hr8ggwmd6n3qm+WiBZKCbOYSittoJj9fjTk/3LoRtNwzxNcfeGKDuWZRt2ILlZe9D8xV9ReimCb8Zmx776z+CfLTEY/5jQ0QLOHOSgGek4sVbudDwRL/K0l4RIW6dJRPDLP3peJfLNVWJRYPpy9gC46WDfdYQq7eGQXNxrczvTIr9YRzfwnHM71HcZ/vvSBpPui5JGtmVFFhnoHbdYHfH7k31jMQk3rVUkwMEMXGfkjsgzR892lyQ7SnBsXMRYmv81hk4J93OGQqR1efxjFJWDZ3+Ns1rfye5IuY2qnqjAhfuL75Vq5iU21LXHxvZ+xf84sGoGW2JXHXfpZ/99N4EiKYV95dcrD4efIR/mSksYYsIsLX/Zc/Na+vs=&u=U2FsdGVkX19DSkYmipilN69l9BhUGNtmC0EfD47d5WY=&y=U2FsdGVkX19d02AlnarVeqGTisRHYNjo1Zu5cBEg6Pk= HTTP/1.1" 200 717
186.102.29.197 - - [28/Aug/2022:21:02:04 -0500] "GET /kwssiamovil/sm/acme/s?s=U2FsdGVkX19o27S1/vu1eGs3oRadZDNo6xL91VJ89t30o0NI+ZUHIz25ZPDXYwku8nuvMST0I0vaiILg/EU+7RYHOmXQZ4x41QwRxReREwHnKOVkdayIP11GDNOD0HD9Q9I5/CUuWtJv/zhXLoTX/vzyulbYjjNVW6NyGFD2gIib+vM4CWMVYn2/d0/vo6+HxxC6ZeBGRQZlnlf9BahFMvsoEAptEMLXe+4GoWl7/GqRDfyYrNcd3Pk2qabcM0k0s1F+p6HhDMyLB5cfSrabAx1FM9MkuLUrj3+gJQRl2dA=&u=U2FsdGVkX19DSkYmipilN69l9BhUGNtmC0EfD47d5WY=&y=U2FsdGVkX19d02AlnarVeqGTisRHYNjo1Zu5cBEg6Pk= HTTP/1.1" 200 176
186.102.29.197 - - [28/Aug/2022:21:02:04 -0500] "GET /kwssiamovil/sm/cjson/pre?f=1&x=U2FsdGVkX1956vEdb4i1MYaUc7SIesVw8XAaehhv373VdZmidZM12Yi73fQJIowW HTTP/1.1" 200 30992
201.245.192.253 - - [28/Aug/2022:21:02:23 -0500] "POST /kwsrmcab/Wsrmcab  HTTP/1.1" 200 42753
157.55.39.8 - - [28/Aug/2022:21:03:06 -0500] "GET /BLA/resoluciones/RESOLUCIONES%202000/2000%201450-1499.tif HTTP/1.1" 200 4800883
207.46.13.16 - - [28/Aug/2022:21:03:56 -0500] "GET /BLA/resoluciones/AUTOS%202021/1555.pdf HTTP/1.1" 304 -
172.22.2.4 - - [28/Aug/2022:21:02:18 -0500] "HEAD /BLA/boletinlegal/ HTTP/1.1" 200 -
172.22.2.4 - - [28/Aug/2022:21:03:08 -0500] "GET /BLA/boletinlegal/ HTTP/1.1" 200 54347
216.245.221.92 - - [28/Aug/2022:21:06:46 -0500] "HEAD / HTTP/1.1" 200 -
201.245.192.253 - - [28/Aug/2022:21:07:22 -0500] "POST /kwsrmcab/Wsrmcab  HTTP/1.1" 200 42753
157.55.39.8 - - [28/Aug/2022:21:09:47 -0500] "GET /BLA/resoluciones/AUTOS%202022/0131.pdf HTTP/1.1" 200 407253
172.22.2.4 - - [28/Aug/2022:21:08:08 -0500] "HEAD /BLA/boletinlegal/ HTTP/1.1" 200 -
64.124.8.37 - - [28/Aug/2022:21:09:07 -0500] "GET /BLA/boletinlegal/index.php HTTP/1.1" 200 32715
172.22.2.4 - - [28/Aug/2022:21:08:59 -0500] "GET /BLA/boletinlegal/ HTTP/1.1" 200 54814
5.255.253.166 - - [28/Aug/2022:21:11:16 -0500] "-" 408 -
207.46.13.36 - - [28/Aug/2022:21:11:18 -0500] "GET /catalogoisis/ HTTP/1.1" 200 8575
216.245.221.92 - - [28/Aug/2022:21:11:46 -0500] "HEAD / HTTP/1.1" 200 -
201.245.192.253 - - [28/Aug/2022:21:12:21 -0500] "POST /kwsrmcab/Wsrmcab  HTTP/1.1" 200 42753
66.249.65.20 - - [28/Aug/2022:21:12:24 -0500] "-" 408 -
152.89.196.62 - - [28/Aug/2022:21:12:58 -0500] "GET /?XDEBUG_SESSION_START=phpstorm HTTP/1.1" 200 319
179.33.114.72 - - [28/Aug/2022:21:14:02 -0500] "GET /bogota-destacada-en-america-latina-por-su-accion-climatica.html HTTP/1.1" 200 768
172.22.2.4 - - [28/Aug/2022:21:15:11 -0500] "GET /BLA/boletinlegal/style.css HTTP/1.1" 200 9406
172.22.2.4 - - [28/Aug/2022:21:15:11 -0500] "GET /BLA/boletinlegal/styles2.css HTTP/1.1" 200 1838
172.22.2.4 - - [28/Aug/2022:21:15:11 -0500] "GET /BLA/boletinlegal/js/jquery.js HTTP/1.1" 200 57254
172.22.2.4 - - [28/Aug/2022:21:15:11 -0500] "GET /BLA/boletinlegal/js/jquery.scrollTo-min.js HTTP/1.1" 200 1150
172.22.2.4 - - [28/Aug/2022:21:15:11 -0500] "GET /BLA/boletinlegal/js/jquery.scrollShow.js HTTP/1.1" 200 4586
172.22.2.4 - - [28/Aug/2022:21:15:11 -0500] "GET /BLA/boletinlegal/images/cabezote%20BLEGAL.jpg HTTP/1.1" 200 118164
172.22.2.4 - - [28/Aug/2022:21:15:11 -0500] "GET /BLA/boletinlegal/images/subscribe-icon-big.png HTTP/1.1" 200 47702
172.22.2.4 - - [28/Aug/2022:21:15:11 -0500] "GET /BLA/boletinlegal/images/historia.png HTTP/1.1" 200 52775
172.22.2.4 - - [28/Aug/2022:21:15:11 -0500] "GET /BLA/boletinlegal/images/arr_l.jpg HTTP/1.1" 200 1979
172.22.2.4 - - [28/Aug/2022:21:15:11 -0500] "GET /BLA/boletinlegal/images/registro-usuarios.png HTTP/1.1" 200 8106
172.22.2.4 - - [28/Aug/2022:21:15:11 -0500] "GET /BLA/boletinlegal/images/screen_1.png HTTP/1.1" 200 202547
172.22.2.4 - - [28/Aug/2022:21:15:11 -0500] "GET /BLA/boletinlegal/images/menu_lft.gif HTTP/1.1" 200 1713
172.22.2.4 - - [28/Aug/2022:21:15:11 -0500] "GET /BLA/boletinlegal/images/body_bg.jpg HTTP/1.1" 200 1601
172.22.2.4 - - [28/Aug/2022:21:15:11 -0500] "GET /BLA/boletinlegal/images/menu_rght.gif HTTP/1.1" 200 1627
172.22.2.4 - - [28/Aug/2022:21:15:11 -0500] "GET /BLA/boletinlegal/images/menu_bg.jpg HTTP/1.1" 200 620
172.22.2.4 - - [28/Aug/2022:21:15:11 -0500] "GET /BLA/boletinlegal/images/bg_top.jpg HTTP/1.1" 200 522
172.22.2.4 - - [28/Aug/2022:21:15:11 -0500] "GET /BLA/boletinlegal/images/text.jpg HTTP/1.1" 200 568
172.22.2.4 - - [28/Aug/2022:21:15:11 -0500] "GET /BLA/boletinlegal/images/launch.jpg HTTP/1.1" 200 14577
172.22.2.4 - - [28/Aug/2022:21:15:11 -0500] "GET /BLA/boletinlegal/images/hover.jpg HTTP/1.1" 200 640
172.22.2.4 - - [28/Aug/2022:21:15:20 -0500] "GET /BLA/boletinlegal/images/screen_2.png HTTP/1.1" 200 362502
172.22.2.4 - - [28/Aug/2022:21:15:20 -0500] "GET /BLA/boletinlegal/images/screen_3.png HTTP/1.1" 200 210620
172.22.2.4 - - [28/Aug/2022:21:15:20 -0500] "GET /BLA/boletinlegal/images/screen_5.png HTTP/1.1" 200 368876
172.22.2.4 - - [28/Aug/2022:21:15:20 -0500] "GET /BLA/boletinlegal/images/arr_r.jpg HTTP/1.1" 200 1998
172.22.2.4 - - [28/Aug/2022:21:15:31 -0500] "GET /BLA/boletinlegal/images/pdf.gif HTTP/1.1" 200 567
172.22.2.4 - - [28/Aug/2022:21:13:58 -0500] "HEAD /BLA/boletinlegal/ HTTP/1.1" 200 -
172.22.2.4 - - [28/Aug/2022:21:14:48 -0500] "GET /BLA/boletinlegal/ HTTP/1.1" 200 53994
172.22.2.4 - - [28/Aug/2022:21:16:38 -0500] "GET /BLA/boletinlegal/images/footer_bg.jpg HTTP/1.1" 200 586
172.22.2.4 - - [28/Aug/2022:21:16:42 -0500] "GET /BLA/boletinlegal/images/background.gif HTTP/1.1" 200 -
216.245.221.92 - - [28/Aug/2022:21:16:46 -0500] "HEAD / HTTP/1.1" 200 -
172.22.2.4 - - [28/Aug/2022:21:15:11 -0500] "GET /BLA/boletinlegal/ HTTP/1.1" 200 56005
172.22.2.4 - - [28/Aug/2022:21:16:51 -0500] "GET /BLA/boletinlegal/favicon.ico HTTP/1.1" 404 1308
172.22.2.4 - - [28/Aug/2022:21:16:54 -0500] "GET /BLA/boletinlegal/Directivas/2022/DIRECTIVA%20No.%2000001%20DEL%2015%20DE%20JUNIO%20DEL%202022.pdf HTTP/1.1" 200 290944
201.245.192.253 - - [28/Aug/2022:21:17:19 -0500] "POST /kwsrmcab/Wsrmcab  HTTP/1.1" 200 42753
186.102.29.197 - - [28/Aug/2022:21:17:35 -0500] "GET /kwssiamovil/sm/acme/a?s=U2FsdGVkX19o7zZLm3hxv7SGCCyGgoQbyhy45iC5Kgd1fNQUeNBHtW/Jeq6rwWnJup7DESOh04jJDwt/Gx3OxqFfYfl85tdniKRznVwCGgk7fqKQiCSeD+1cLcTY/7+XvZ6Gx0aChYsJusPSGBmc2r4UhpkCIPri3dSH9m6iecrZj6MShvGRPwef1599YIfonUoXDBxOLoMioC/3irl0kLZ58ne5F67FodksX6ExR/uO1+Y5vKB2mGIIFNQhQBIPVkddlXhslorItCdpGofsoA==&u=U2FsdGVkX19DSkYmipilN69l9BhUGNtmC0EfD47d5WY=&y=U2FsdGVkX19d02AlnarVeqGTisRHYNjo1Zu5cBEg6Pk= HTTP/1.1" 200 25
186.102.29.197 - - [28/Aug/2022:21:17:36 -0500] "GET /kwssiamovil/sm/acme/a?s=U2FsdGVkX1/75RpBXDkshtlAQbrSwwQpvcAp7y6Qd2WqeQ0jdwxoxar07153htWmAC/phR58neSi8wNKT5BKxGRNFB9Y7/Hg5TW+mOtkuZr3Qh2KRCZoysqAun6YPPQKSctPbZJVS9oFje2ziFTcIDT+IaK5QJT9G2KnuAuZ8a0dH2Y1PSoOcqh2MBLsBAeryI8CIg/M7fFgz9Uoalwt8MRuk9OOcjoNWXLOZb28p+NGA4Yh1YCDLSRQCXD+jPoe57AsH63wPBlKxE/kdFPnNZxneAe/W3Crevo0gMp+A7UXWuZt7yKYmjq1yxuXNbTzQkOE9R6y4M2PvYIUVHREtq7HLrt5QxGcaoeLfG0wYaa/yYrPbhyr0ifLD2GyD4BbCr1NqVDG/3bgf680xBPWyCt23TKxdTREQLxellq7GVcIHHqxLwJlCMlUdIS+4VwlFmqy2G1nuwc/22GXDm90XjIvj0WFsmcCGaMixl6gtczcvIZffezPNdHguhYtr7YNVHk80vZeR1Y6KXzY80h0GD15JpmGplsOy1cS6ghV1UahlUB4KNyFOPq8NVKl0rjry1vReEtDcbj2T9XCYEikAXF5LkCV8E532BjMM4KPi0/TInVsi67KCsBHBe5F+ruUVw9zFU1KMmtFfdr1ru2DrkfT2bNVIjt7zHDUKh+0XJ4pnpop6mdqxShUJAhiyjSb5Pv3LymUfVT49rQsX3+vEQaj9FkNTw2/0rDn1dGe3rxnymtsq6/S/50IWLXyb4mU9GWwcRjbOeQiTYpLlMgFV96htWiMCtuL7TU3/nO4RwpKW4x0ztPz9xfW4Vgsh4MdyvzwCpAZ5qVeIJikpzsGOSSL72+SYeODOcHstHn+hRUjPWuCGCIlrHwYEsGwh94EtZWhHiQl6pcUAPtBZ1qy3DI9B6zrAtjPqXdYU7gPcU2JDbHE7t15KRsL5i1dxWRdVr6XlmmlIBLGv9/wmExqHVdvTP+fBvAEI0xiyKSWnthcvnInxYmraTFbdaNV2QnERJV0/5CU+lTPfZNAz+5Q4T65kMXrRrzQ/1MU5rxSf3uKZ1YOx68DRbJby4en0W8Qnr027eovI7HYWKE82zdzHWj/TWfkRXKweYokr9RkIn6YYtcJjpB8pZ0vyOlS0bpT7r74gUnAdfOpB5Hxqs1qJ/NKZK+4m+k5tZqWWwfsDcPhgyyJYfCjmlii33wKU2BqU6EvPTmwAiV6RAgHBomRju+X/oc3ZG3UeSohrYDM2rQKUe85A+Ja8oh5ag7o32N2gjGmxDVoLqpuTfgbGncp6j1blDx5Fxx1gRoTOi/rpvICRT+V8jOFg29YJEGEUsIIE1E1pFq0ENS5NAxXQvIE5W+m7O8dWOWzkgLIpcd07fHCoe38x0YEtCK799lqK2wYNqBXpX76iMKfi3DTmw9G/XT/p77+tjgaSHQ8GBgdfuaMkYy/ARKN0bw9GWcg4AdlY+U4F74MUjbjMmkQ25x7NsEKclnOZDZaTrFtaZU3a5no+w9o+47J2ta8TXAbgHP2joA5YUrtX12tZ7XjZd6k6ul1+a0DJmzOMGBmEf86R+XeZOz0XC2SlJOtSo1ShfVolXKFuwSiFabS97/E6snaxfrx/sRqIiiJEefZ3Szf3NbTI5f1ahsj20bBhEJGs77XimhzpoxNGqHaZSKwJcPJs5q+iIvSsdwo9sk1cT4yirIb/wosDKNsBEhVfqD29HhvzY/UW0kmr4AVAsBk5E9inecwMhTw0YKfQo2/ahNp0/5FL2YHvKMHnyiazA/5gqUlqSnE4W1QLkA57ghRlenoShGLXH2pXIhrnXPwNOJ/Qa+vgjNdWWccqzlZ0YM5DiYt9L9Zsy0BHlKkneLlgmM4ckirIqJ0+ooKXGAYw/y/yaJlpSFtxevfhwXKxMoZq1SmQhwtGKJKmsnWGXDbO9iWkXj/7sHkyezAr57ipuec/ksRG98vueUtBSZX75A+88q+FAPp2GLL8Z8TyB0g+yRe5/5k/NDMXYM8aLKyXUKbRFyaUcuGQ4u69d0Qx4bdfK1r3Sv5bclw8Cl/89l/Vml95eMyjF8jbZdm3nNGy1FIX1eMsmI/U6Jhm1KaNq6W7Id8ANTLG18y29c2SLGaSZJ+5pQcmAoA/+fOuJ8hr1EAwqodGvU58JXKIsvQu2dyFFhT7ipDSFo9TZHIXZOdibcX64aAoCf+Oqxb/HpsM5V4c+XhUGtD5He0S4jKxpZ2Kceh+u7G5HdAlYPO6DUUc7smryzkowXQ4SVgzgaSJ7o5tzJHH0QWNg60rvnc8M1Hr+BgFnpIREEMC6UkCjZ1lyGYbephovTGBKWhz4l/P1UnsX6P9gFYxfrLEp6xyPn2DAYBD2v8KoEigf59EGJpY2S1Sqq3w3xmmUcKsnScUi+fPcPnaakIn5TexOZbsWqHWH0QzcgDF0SINMIvFYoEkch5Eg/zmh9c3gnehxiOYz8g08nxbledcYbTI4YCbSHk/nJ7bq/JcsrCbzRxLXEIXLqsJH0+2bQ/jki7/TmQlCObms/N+XEH6yf96/KHBLX7sXKE2u8RMf73WQkc5781l6519m8rXAcZHSuM5iE9m9RNO2IjkGbd81w31yEn0H8CTXRlG2sAf43aNTZUaAW6weygbiZfWJOJouabSTTSB0GJtowdNecpAf5t44nL6pMQ5RfH&u=U2FsdGVkX19DSkYmipilN69l9BhUGNtmC0EfD47d5WY=&y=U2FsdGVkX19d02AlnarVeqGTisRHYNjo1Zu5cBEg6Pk= HTTP/1.1" 200 25
186.102.29.197 - - [28/Aug/2022:21:17:36 -0500] "GET /kwssiamovil/sm/acme/a?s=U2FsdGVkX18S388AjB5Uot3vaTXLrpxsRnS0HXa5G4o/4Y+msvEZLN1N5Vv1jPbcTfQVQUSXWwHB52ZkEejW+VtM2zv4Fh5ZC6nfw5K1ItBFoEiDIaTkUmZLygsrD1p90udYoZcK0Xhwvw9a5AyIsmsmwaC5B2agDtDCbHmqH9Q=&u=U2FsdGVkX19DSkYmipilN69l9BhUGNtmC0EfD47d5WY=&y=U2FsdGVkX19d02AlnarVeqGTisRHYNjo1Zu5cBEg6Pk= HTTP/1.1" 200 25
186.102.29.197 - - [28/Aug/2022:21:17:36 -0500] "GET /kwssiamovil/sm/acme/a?s=U2FsdGVkX1/zRhFBWDIDIJQGaxpI2ctC4bxvSTZdBM76F11JN4ciNDyRfiwZsJDRf6SHV7QO6LBVfVpJUdiNfHt92OiagNDySqRXrsOaioPCrTnmuHDbd9Y3hkqJSDCG+PAGjIf6MXL2J0Tm+eGhMRZzhzSDyhWmAO8wuzUNDJk=&u=U2FsdGVkX19DSkYmipilN69l9BhUGNtmC0EfD47d5WY=&y=U2FsdGVkX19d02AlnarVeqGTisRHYNjo1Zu5cBEg6Pk= HTTP/1.1" 200 25
186.102.29.197 - - [28/Aug/2022:21:17:36 -0500] "GET /kwssiamovil/sm/acme/a?s=U2FsdGVkX197ESv91WdvNGyu+V91P6wgjB4mhxeFqraGEaFeOuUTNYBEAHJ2VV7KeA2Vy0p22vozohHCY7YsDLPWd5tPBEfsyd4g8r/mheDuKAbAJ4O5rxm4MTfK65IEnGrvCrIlhu17dQRGAZBo3uSIvdeEZKYCWJz1zXsw+fo=&u=U2FsdGVkX19DSkYmipilN69l9BhUGNtmC0EfD47d5WY=&y=U2FsdGVkX19d02AlnarVeqGTisRHYNjo1Zu5cBEg6Pk= HTTP/1.1" 200 25
186.102.29.197 - - [28/Aug/2022:21:17:37 -0500] "GET /kwssiamovil/sm/acme/a?s=U2FsdGVkX1+W2olnacm0K+KxdlcZIUloHJ7IPtjV3iAccuoEr9Cqz1pHl4/bzAn0zyuoVd4olgqeTqC7t6uKGsa6a3YCdS99sWkdmrpu6DCPd/aTi1D1t3VnAFeDfB3/crmK8XzUJi8whxip5PadWtfQeCdxO3sbXHjDFlZfxNcMGcB+Xucoc6ur8OMJYVGU&u=U2FsdGVkX19DSkYmipilN69l9BhUGNtmC0EfD47d5WY=&y=U2FsdGVkX19d02AlnarVeqGTisRHYNjo1Zu5cBEg6Pk= HTTP/1.1" 200 25
172.22.2.4 - - [28/Aug/2022:21:18:44 -0500] "GET /BLA/boletinlegal/actos.php HTTP/1.1" 200 9559
172.22.2.4 - - [28/Aug/2022:21:18:44 -0500] "GET /BLA/boletinlegal/styles2.css HTTP/1.1" 200 1838
172.22.2.4 - - [28/Aug/2022:21:18:44 -0500] "GET /BLA/boletinlegal/js/ajax_actos.js HTTP/1.1" 200 1322
172.22.2.4 - - [28/Aug/2022:21:18:44 -0500] "GET /BLA/boletinlegal/niceforms-default.css HTTP/1.1" 200 6694
172.22.2.4 - - [28/Aug/2022:21:18:44 -0500] "GET /BLA/boletinlegal/style.css HTTP/1.1" 200 9406
172.22.2.4 - - [28/Aug/2022:21:18:44 -0500] "GET /BLA/boletinlegal/niceforms.js HTTP/1.1" 200 22876
172.22.2.4 - - [28/Aug/2022:21:18:44 -0500] "GET /BLA/boletinlegal/js/jquery1.js HTTP/1.1" 200 29846
172.22.2.4 - - [28/Aug/2022:21:18:44 -0500] "GET /BLA/boletinlegal/js/lib.js HTTP/1.1" 200 6474
172.22.2.4 - - [28/Aug/2022:21:18:44 -0500] "GET /BLA/boletinlegal/js/popup.js HTTP/1.1" 200 1270
172.22.2.4 - - [28/Aug/2022:21:18:44 -0500] "GET /BLA/boletinlegal/images/cabezote%20BLEGAL.jpg HTTP/1.1" 200 118164
172.22.2.4 - - [28/Aug/2022:21:18:44 -0500] "GET /BLA/boletinlegal/images/subscribe-icon-big.png HTTP/1.1" 200 47702
172.22.2.4 - - [28/Aug/2022:21:18:44 -0500] "GET /BLA/boletinlegal/images/historia.png HTTP/1.1" 200 52775
172.22.2.4 - - [28/Aug/2022:21:18:44 -0500] "GET /BLA/boletinlegal/images/registro-usuarios.png HTTP/1.1" 200 8106
172.22.2.4 - - [28/Aug/2022:21:18:44 -0500] "GET /BLA/boletinlegal/images/abajo.png HTTP/1.1" 200 96676
172.22.2.4 - - [28/Aug/2022:21:18:44 -0500] "GET /BLA/boletinlegal/images/green-yellow-blue-pink-th.png HTTP/1.1" 200 7394
172.22.2.4 - - [28/Aug/2022:21:18:44 -0500] "GET /BLA/boletinlegal/images/tel.png HTTP/1.1" 200 14477
172.22.2.4 - - [28/Aug/2022:21:18:44 -0500] "GET /BLA/boletinlegal/images/icono-email.png HTTP/1.1" 200 5544
172.22.2.4 - - [28/Aug/2022:21:18:44 -0500] "GET /BLA/boletinlegal/images/body_bg.jpg HTTP/1.1" 200 1601
172.22.2.4 - - [28/Aug/2022:21:18:44 -0500] "GET /BLA/boletinlegal/images/menu_lft.gif HTTP/1.1" 200 1713
172.22.2.4 - - [28/Aug/2022:21:18:44 -0500] "GET /BLA/boletinlegal/images/menu_rght.gif HTTP/1.1" 200 1627
172.22.2.4 - - [28/Aug/2022:21:18:44 -0500] "GET /BLA/boletinlegal/images/bg_top.jpg HTTP/1.1" 200 522
172.22.2.4 - - [28/Aug/2022:21:18:44 -0500] "GET /BLA/boletinlegal/images/menu_bg.jpg HTTP/1.1" 200 620
172.22.2.4 - - [28/Aug/2022:21:18:44 -0500] "GET /BLA/boletinlegal/images/hover.jpg HTTP/1.1" 200 640
172.22.2.4 - - [28/Aug/2022:21:18:44 -0500] "GET /BLA/boletinlegal/images/text.jpg HTTP/1.1" 200 568
172.22.2.4 - - [28/Aug/2022:21:18:44 -0500] "GET /BLA/boletinlegal/images/footer_bg.jpg HTTP/1.1" 200 586
172.22.2.4 - - [28/Aug/2022:21:18:44 -0500] "GET /BLA/boletinlegal/images/footer_bg_l.jpg HTTP/1.1" 200 776
172.22.2.4 - - [28/Aug/2022:21:18:44 -0500] "GET /BLA/boletinlegal/img/0.png HTTP/1.1" 200 110
172.22.2.4 - - [28/Aug/2022:21:18:44 -0500] "GET /BLA/boletinlegal/img/select-left.png HTTP/1.1" 200 263
172.22.2.4 - - [28/Aug/2022:21:18:44 -0500] "GET /BLA/boletinlegal/img/select-right.png HTTP/1.1" 200 44019
172.22.2.4 - - [28/Aug/2022:21:18:44 -0500] "GET /BLA/boletinlegal/img/button.png HTTP/1.1" 200 43241
172.22.2.4 - - [28/Aug/2022:21:18:44 -0500] "GET /BLA/boletinlegal/img/button-right.png HTTP/1.1" 200 57878
172.22.2.4 - - [28/Aug/2022:21:18:44 -0500] "GET /BLA/boletinlegal/img/button-left.png HTTP/1.1" 200 57071
172.22.2.4 - - [28/Aug/2022:21:18:44 -0500] "GET /BLA/boletinlegal/favicon.ico HTTP/1.1" 404 1326
190.0.241.186 - - [28/Aug/2022:21:18:53 -0500] "GET /BLA/resoluciones/ HTTP/1.1" 200 13093
190.0.241.186 - - [28/Aug/2022:21:18:53 -0500] "GET /BLA/resoluciones/dlf/styles.css HTTP/1.1" 200 3049
190.0.241.186 - - [28/Aug/2022:21:18:53 -0500] "GET /BLA/resoluciones/dlf/bg.gif HTTP/1.1" 200 54
190.0.241.186 - - [28/Aug/2022:21:18:53 -0500] "GET /BLA/resoluciones/dlf/folder.png HTTP/1.1" 200 410
190.0.241.186 - - [28/Aug/2022:21:18:53 -0500] "GET /favicon.ico HTTP/1.1" 200 7782
190.0.241.186 - - [28/Aug/2022:21:18:59 -0500] "GET /BLA/resoluciones/dlf/dirup.png HTTP/1.1" 200 644
190.0.241.186 - - [28/Aug/2022:21:18:59 -0500] "GET /BLA/resoluciones/dlf/pdf.gif HTTP/1.1" 200 272
190.0.241.186 - - [28/Aug/2022:21:18:59 -0500] "GET /BLA/resoluciones/index.php?dir=RESOLUCIONES+2009%2F HTTP/1.1" 200 1694101
190.0.241.186 - - [28/Aug/2022:21:19:15 -0500] "GET /BLA/resoluciones/RESOLUCIONES%202009/6971.pdf HTTP/1.1" 200 510641
201.245.192.253 - - [28/Aug/2022:21:19:17 -0500] "POST /kwsrmcab/Wsrmcab HTTP/1.1" 200 43221
201.245.192.253 - - [28/Aug/2022:21:19:21 -0500] "POST /kwsrmcab/Wsrmcab HTTP/1.1" 200 42723
207.46.13.16 - - [28/Aug/2022:21:19:27 -0500] "GET /Publicaciones/2022EE26763.pdf HTTP/1.1" 404 227
87.250.224.43 - - [28/Aug/2022:21:21:16 -0500] "-" 408 -
172.22.2.4 - - [28/Aug/2022:21:19:48 -0500] "HEAD /BLA/boletinlegal/ HTTP/1.1" 200 -
190.0.241.186 - - [28/Aug/2022:21:21:36 -0500] "GET /BLA/resoluciones/index.php?dir=AUTOS+2009%2F HTTP/1.1" 200 399860
216.245.221.92 - - [28/Aug/2022:21:21:46 -0500] "HEAD / HTTP/1.1" 200 -
172.22.2.4 - - [28/Aug/2022:21:20:38 -0500] "GET /BLA/boletinlegal/ HTTP/1.1" 200 60272
201.245.192.253 - - [28/Aug/2022:21:22:19 -0500] "POST /kwsrmcab/Wsrmcab  HTTP/1.1" 200 42753
190.0.241.186 - - [28/Aug/2022:21:24:52 -0500] "GET /BLA/resoluciones/index.php?dir=RESOLUCIONES+2009%2F HTTP/1.1" 200 1694101
186.84.21.173 - - [28/Aug/2022:21:26:16 -0500] "GET /BLA/resoluciones/dlf/styles.css HTTP/1.1" 200 3049
186.84.21.173 - - [28/Aug/2022:21:26:16 -0500] "GET /BLA/resoluciones/dlf/dirup.png HTTP/1.1" 200 644
186.84.21.173 - - [28/Aug/2022:21:26:16 -0500] "GET /BLA/resoluciones/dlf/pdf.gif HTTP/1.1" 200 272
186.84.21.173 - - [28/Aug/2022:21:26:16 -0500] "GET /BLA/resoluciones/dlf/bg.gif HTTP/1.1" 200 54
186.84.21.173 - - [28/Aug/2022:21:26:16 -0500] "GET /BLA/resoluciones/index.php?dir=RESOLUCIONES+2021%2F HTTP/1.1" 200 416167
186.84.21.173 - - [28/Aug/2022:21:26:17 -0500] "GET /favicon.ico HTTP/1.1" 200 7782
216.245.221.92 - - [28/Aug/2022:21:26:46 -0500] "HEAD / HTTP/1.1" 200 -
172.22.2.4 - - [28/Aug/2022:21:25:38 -0500] "HEAD /BLA/boletinlegal/ HTTP/1.1" 200 -
201.245.192.253 - - [28/Aug/2022:21:27:18 -0500] "POST /kwsrmcab/Wsrmcab  HTTP/1.1" 200 42753
172.22.2.4 - - [28/Aug/2022:21:26:28 -0500] "GET /BLA/boletinlegal/ HTTP/1.1" 200 56367
201.245.192.253 - - [28/Aug/2022:21:29:17 -0500] "POST /kwsrmcab/Wsrmcab HTTP/1.1" 200 43221
172.22.2.4 - - [28/Aug/2022:21:27:42 -0500] "GET /BLA/boletinlegal/ HTTP/1.1" 200 61965
201.245.192.253 - - [28/Aug/2022:21:29:20 -0500] "POST /kwsrmcab/Wsrmcab HTTP/1.1" 200 42723
66.249.73.164 - - [28/Aug/2022:21:30:08 -0500] "-" 408 -
5.255.231.250 - - [28/Aug/2022:21:31:16 -0500] "-" 408 -
216.245.221.92 - - [28/Aug/2022:21:31:47 -0500] "HEAD / HTTP/1.1" 200 -
201.245.192.253 - - [28/Aug/2022:21:32:16 -0500] "POST /kwsrmcab/Wsrmcab  HTTP/1.1" 200 42753
186.80.52.46 - - [28/Aug/2022:21:32:47 -0500] "GET /BLA/resoluciones/ HTTP/1.1" 200 13093
186.80.52.46 - - [28/Aug/2022:21:32:49 -0500] "GET /BLA/resoluciones/index.php?dir=AUTOS+2022%2F HTTP/1.1" 200 219900
172.22.2.4 - - [28/Aug/2022:21:31:28 -0500] "HEAD /BLA/boletinlegal/ HTTP/1.1" 200 -
172.22.2.4 - - [28/Aug/2022:21:32:18 -0500] "GET /BLA/boletinlegal/ HTTP/1.1" 200 60272
186.80.52.46 - - [28/Aug/2022:21:35:05 -0500] "GET /BLA/resoluciones/ HTTP/1.1" 200 13093
172.22.2.4 - - [28/Aug/2022:21:33:58 -0500] "GET /BLA/boletinlegal/ HTTP/1.1" 200 63198
64.227.3.157 - - [28/Aug/2022:21:36:44 -0500] "GET /inventario-de-emisiones-2020-transporte-publico-sitp-redujo-emisiones-de-pm-2-5-en-un-37.html HTTP/1.1" 200 925
216.245.221.92 - - [28/Aug/2022:21:36:46 -0500] "HEAD / HTTP/1.1" 200 -
172.22.2.4 - - [28/Aug/2022:21:36:46 -0500] "GET /BLA/boletinlegal/actos.php HTTP/1.1" 200 9559
64.227.3.157 - - [28/Aug/2022:21:36:44 -0500] "GET /portaldeninos/ HTTP/1.1" 200 110281
207.46.13.16 - - [28/Aug/2022:21:36:47 -0500] "GET /BLA/resoluciones/RESOLUCIONES%202022/1419.pdf HTTP/1.1" 200 688635
207.46.13.186 - - [28/Aug/2022:21:37:06 -0500] "GET /BLA/resoluciones/index.php?dir=AUTOS+2021%2F HTTP/1.1" 200 393164
201.245.192.253 - - [28/Aug/2022:21:37:17 -0500] "POST /kwsrmcab/Wsrmcab  HTTP/1.1" 200 42753
172.22.2.4 - - [28/Aug/2022:21:37:49 -0500] "GET /BLA/boletinlegal/Circulares/2022/CIRCULAR%20No.%2000005%20DEL%2030%20DE%20JUNIO%20DEL%202022.pdf HTTP/1.1" 404 1218
172.22.2.4 - - [28/Aug/2022:21:37:57 -0500] "GET /BLA/boletinlegal/Circulares/2019/.pdf HTTP/1.1" 404 1218
172.22.2.4 - - [28/Aug/2022:21:38:07 -0500] "GET /BLA/boletinlegal/Circulares/2012/Circular%20No.%2010%20del%2026%20de%20Enero%20de%202012.pdf HTTP/1.1" 404 1218
172.22.2.4 - - [28/Aug/2022:21:36:48 -0500] "GET /BLA/boletinlegal/ HTTP/1.1" 200 49099
186.102.60.197 - - [28/Aug/2022:21:38:35 -0500] "GET /kwssiamovil/sm/acme/u?s=U2FsdGVkX1/tYtpS8ATRTZjx15cj/qW41h/w7eUwDmOEmcZXDtsKpRccpN0QBVgcRTR9Uyj0NdqeciI/1r007Jt265xVNpqcSorb3qSZeimyJaZunVZSDKTMvwbSsAH8XUieecsnSo8DSECO5mmyrA==&u=U2FsdGVkX19DSkYmipilN69l9BhUGNtmC0EfD47d5WY=&y=U2FsdGVkX19d02AlnarVeqGTisRHYNjo1Zu5cBEg6Pk= HTTP/1.1" 200 60
186.102.60.197 - - [28/Aug/2022:21:38:40 -0500] "GET /kwssiamovil/sm/acme/u?s=U2FsdGVkX1+Oh16brZM3XmXc2q7cXT7iHQA6e9fnU1gWWFZHIHvwsWYeLVZozLtzQHu98CYTGauO6E2FN3BdOJF7Gxvx0tHVICaQ+QYpNA/fPE6ERias1Ps67F6v9yDrbxEI4K+LCju2+c7XIHxonA==&u=U2FsdGVkX19DSkYmipilN69l9BhUGNtmC0EfD47d5WY=&y=U2FsdGVkX19d02AlnarVeqGTisRHYNjo1Zu5cBEg6Pk= HTTP/1.1" 200 60
172.22.2.4 - - [28/Aug/2022:21:37:18 -0500] "HEAD /BLA/boletinlegal/ HTTP/1.1" 200 -
201.245.192.253 - - [28/Aug/2022:21:39:17 -0500] "POST /kwsrmcab/Wsrmcab HTTP/1.1" 200 43221
201.245.192.253 - - [28/Aug/2022:21:39:21 -0500] "POST /kwsrmcab/Wsrmcab HTTP/1.1" 200 42723
184.105.247.247 - - [28/Aug/2022:21:39:34 -0500] "GET /favicon.ico HTTP/1.1" 200 7782
172.22.2.4 - - [28/Aug/2022:21:38:08 -0500] "GET /BLA/boletinlegal/ HTTP/1.1" 200 53281
191.88.164.204 - - [28/Aug/2022:21:39:50 -0500] "GET /galeria/galeria/jquery.fancybox.css?v=2.1.5 HTTP/1.1" 200 4895
191.88.164.204 - - [28/Aug/2022:21:39:50 -0500] "GET /BLA/boletinlegal/js/jquery.scrollShow.js HTTP/1.1" 200 4586
191.88.164.204 - - [28/Aug/2022:21:39:50 -0500] "GET /galeria/galeria/jquery.fancybox.js?v=2.1.5 HTTP/1.1" 200 48706
186.80.52.46 - - [28/Aug/2022:21:40:30 -0500] "GET /BLA/resoluciones/index.php?dir=AUTOS+2022%2F HTTP/1.1" 200 219900
186.80.52.46 - - [28/Aug/2022:21:40:55 -0500] "GET /BLA/resoluciones/AUTOS%202022/2115.pdf HTTP/1.1" 200 1110932
87.250.224.76 - - [28/Aug/2022:21:41:16 -0500] "-" 408 -
172.22.2.4 - - [28/Aug/2022:21:41:36 -0500] "GET /BLA/boletinlegal/actos.php HTTP/1.1" 200 9559
190.0.241.186 - - [28/Aug/2022:21:41:40 -0500] "GET /BLA/resoluciones/ HTTP/1.1" 200 13093
216.245.221.92 - - [28/Aug/2022:21:41:46 -0500] "HEAD / HTTP/1.1" 200 -
190.0.241.186 - - [28/Aug/2022:21:41:49 -0500] "GET /BLA/resoluciones/index.php?dir=RESOLUCIONES+2014%2F HTTP/1.1" 200 333679
190.0.241.186 - - [28/Aug/2022:21:41:49 -0500] "GET /BLA/resoluciones/dlf/unknown.png HTTP/1.1" 200 266
186.80.52.46 - - [28/Aug/2022:21:41:51 -0500] "GET /BLA/resoluciones/AUTOS%202022/2114.pdf HTTP/1.1" 200 432644
186.80.52.46 - - [28/Aug/2022:21:42:08 -0500] "GET /BLA/resoluciones/AUTOS%202022/2113.pdf HTTP/1.1" 200 395956
201.245.192.253 - - [28/Aug/2022:21:42:16 -0500] "POST /kwsrmcab/Wsrmcab  HTTP/1.1" 200 42753
186.80.52.46 - - [28/Aug/2022:21:43:37 -0500] "GET /BLA/resoluciones/index.php?dir=AUTOS+2021%2F HTTP/1.1" 200 393164
186.80.52.46 - - [28/Aug/2022:21:43:46 -0500] "GET /BLA/resoluciones/AUTOS%202021/2115.pdf HTTP/1.1" 200 435847
69.171.231.4 - - [28/Aug/2022:21:44:04 -0500] "GET /images/Junio%2002-experiencias-jardines-verticales-sda.jpeg HTTP/1.1" 200 31171
186.102.29.197 - - [28/Aug/2022:21:44:40 -0500] "-" 408 -
172.22.2.4 - - [28/Aug/2022:21:44:43 -0500] "GET /BLA/boletinlegal/actos.php HTTP/1.1" 200 9559
172.22.2.4 - - [28/Aug/2022:21:44:43 -0500] "GET /BLA/boletinlegal/styles2.css HTTP/1.1" 200 1838
172.22.2.4 - - [28/Aug/2022:21:44:43 -0500] "GET /BLA/boletinlegal/niceforms-default.css HTTP/1.1" 200 6694
172.22.2.4 - - [28/Aug/2022:21:44:43 -0500] "GET /BLA/boletinlegal/js/jquery1.js HTTP/1.1" 304 -
172.22.2.4 - - [28/Aug/2022:21:44:43 -0500] "GET /BLA/boletinlegal/js/ajax_actos.js HTTP/1.1" 200 1322
172.22.2.4 - - [28/Aug/2022:21:44:43 -0500] "GET /BLA/boletinlegal/niceforms.js HTTP/1.1" 304 -
172.22.2.4 - - [28/Aug/2022:21:44:43 -0500] "GET /BLA/boletinlegal/style.css HTTP/1.1" 200 9406
172.22.2.4 - - [28/Aug/2022:21:44:43 -0500] "GET /BLA/boletinlegal/js/popup.js HTTP/1.1" 304 -
172.22.2.4 - - [28/Aug/2022:21:44:43 -0500] "GET /BLA/boletinlegal/js/lib.js HTTP/1.1" 304 -
172.22.2.4 - - [28/Aug/2022:21:44:43 -0500] "GET /BLA/boletinlegal/images/subscribe-icon-big.png HTTP/1.1" 304 -
172.22.2.4 - - [28/Aug/2022:21:44:43 -0500] "GET /BLA/boletinlegal/images/tel.png HTTP/1.1" 304 -
172.22.2.4 - - [28/Aug/2022:21:44:43 -0500] "GET /BLA/boletinlegal/images/historia.png HTTP/1.1" 304 -
172.22.2.4 - - [28/Aug/2022:21:44:43 -0500] "GET /BLA/boletinlegal/images/registro-usuarios.png HTTP/1.1" 304 -
172.22.2.4 - - [28/Aug/2022:21:44:43 -0500] "GET /BLA/boletinlegal/images/icono-email.png HTTP/1.1" 304 -
172.22.2.4 - - [28/Aug/2022:21:44:43 -0500] "GET /BLA/boletinlegal/images/abajo.png HTTP/1.1" 304 -
172.22.2.4 - - [28/Aug/2022:21:44:43 -0500] "GET /BLA/boletinlegal/images/green-yellow-blue-pink-th.png HTTP/1.1" 304 -
172.22.2.4 - - [28/Aug/2022:21:44:43 -0500] "GET /BLA/boletinlegal/images/cabezote%20BLEGAL.jpg HTTP/1.1" 304 -
172.22.2.4 - - [28/Aug/2022:21:44:43 -0500] "GET /BLA/boletinlegal/images/body_bg.jpg HTTP/1.1" 200 1601
172.22.2.4 - - [28/Aug/2022:21:44:43 -0500] "GET /BLA/boletinlegal/images/menu_lft.gif HTTP/1.1" 200 1713
172.22.2.4 - - [28/Aug/2022:21:44:43 -0500] "GET /BLA/boletinlegal/images/menu_rght.gif HTTP/1.1" 200 1627
172.22.2.4 - - [28/Aug/2022:21:44:43 -0500] "GET /BLA/boletinlegal/images/bg_top.jpg HTTP/1.1" 200 522
172.22.2.4 - - [28/Aug/2022:21:44:43 -0500] "GET /BLA/boletinlegal/images/menu_bg.jpg HTTP/1.1" 200 620
172.22.2.4 - - [28/Aug/2022:21:44:43 -0500] "GET /BLA/boletinlegal/images/hover.jpg HTTP/1.1" 304 -
172.22.2.4 - - [28/Aug/2022:21:44:43 -0500] "GET /BLA/boletinlegal/images/footer_bg.jpg HTTP/1.1" 304 -
172.22.2.4 - - [28/Aug/2022:21:44:43 -0500] "GET /BLA/boletinlegal/images/footer_bg_l.jpg HTTP/1.1" 304 -
172.22.2.4 - - [28/Aug/2022:21:44:43 -0500] "GET /BLA/boletinlegal/images/text.jpg HTTP/1.1" 304 -
172.22.2.4 - - [28/Aug/2022:21:44:43 -0500] "GET /BLA/boletinlegal/img/0.png HTTP/1.1" 200 110
172.22.2.4 - - [28/Aug/2022:21:44:43 -0500] "GET /BLA/boletinlegal/img/button.png HTTP/1.1" 200 43241
172.22.2.4 - - [28/Aug/2022:21:44:43 -0500] "GET /BLA/boletinlegal/img/select-right.png HTTP/1.1" 200 44019
172.22.2.4 - - [28/Aug/2022:21:44:43 -0500] "GET /BLA/boletinlegal/img/select-left.png HTTP/1.1" 200 263
172.22.2.4 - - [28/Aug/2022:21:44:43 -0500] "GET /BLA/boletinlegal/img/button-left.png HTTP/1.1" 200 57071
172.22.2.4 - - [28/Aug/2022:21:44:43 -0500] "GET /BLA/boletinlegal/img/button-right.png HTTP/1.1" 200 57878
172.22.2.4 - - [28/Aug/2022:21:44:43 -0500] "GET /BLA/boletinlegal/favicon.ico HTTP/1.1" 404 1230
186.80.52.46 - - [28/Aug/2022:21:44:44 -0500] "GET /BLA/resoluciones/ HTTP/1.1" 200 13093
186.80.52.46 - - [28/Aug/2022:21:44:44 -0500] "GET /BLA/resoluciones/dlf/styles.css HTTP/1.1" 200 3049
186.80.52.46 - - [28/Aug/2022:21:44:44 -0500] "GET /BLA/resoluciones/dlf/folder.png HTTP/1.1" 200 410
186.80.52.46 - - [28/Aug/2022:21:44:44 -0500] "GET /BLA/resoluciones/dlf/bg.gif HTTP/1.1" 200 54
186.80.52.46 - - [28/Aug/2022:21:44:45 -0500] "GET /favicon.ico HTTP/1.1" 200 7782
186.80.52.46 - - [28/Aug/2022:21:44:47 -0500] "GET /BLA/resoluciones/dlf/pdf.gif HTTP/1.1" 200 272
186.80.52.46 - - [28/Aug/2022:21:44:47 -0500] "GET /BLA/resoluciones/dlf/dirup.png HTTP/1.1" 200 644
186.80.52.46 - - [28/Aug/2022:21:44:47 -0500] "GET /BLA/resoluciones/index.php?dir=AUTOS+2013%2F HTTP/1.1" 200 405961
172.22.2.4 - - [28/Aug/2022:21:43:08 -0500] "HEAD /BLA/boletinlegal/ HTTP/1.1" 200 -
186.80.52.46 - - [28/Aug/2022:21:45:01 -0500] "GET /BLA/resoluciones/index.php?dir=AUTOS+2012%2F HTTP/1.1" 200 273218
186.80.52.46 - - [28/Aug/2022:21:45:06 -0500] "GET /BLA/resoluciones/AUTOS%202012/2808.pdf HTTP/1.1" 200 381590
157.55.39.8 - - [28/Aug/2022:21:45:21 -0500] "GET / HTTP/1.1" 200 319
157.55.39.80 - - [28/Aug/2022:21:45:27 -0500] "GET /sipse/faces/faces/autenticacion.xhtml HTTP/1.1" 200 12502
172.22.2.4 - - [28/Aug/2022:21:43:58 -0500] "GET /BLA/boletinlegal/ HTTP/1.1" 200 58154
216.245.221.92 - - [28/Aug/2022:21:46:46 -0500] "HEAD / HTTP/1.1" 200 -
201.245.192.253 - - [28/Aug/2022:21:47:15 -0500] "POST /kwsrmcab/Wsrmcab  HTTP/1.1" 200 42753
173.252.107.15 - - [28/Aug/2022:21:47:43 -0500] "GET /lluvias-y-vientos-aumentan-la-probabilidad-de-caida-de-arboles-en-bogota.html HTTP/1.1" 206 730
173.252.83.10 - - [28/Aug/2022:21:47:43 -0500] "GET /images/lluvias-arboles-4-junio.jpeg HTTP/1.1" 200 117524
186.102.60.197 - - [28/Aug/2022:21:47:54 -0500] "GET /kwssiamovil/sm/ldap/au?x=U2FsdGVkX19hkJRWGmsDIVc3gDJWCV6nrw2leglS4efkllZuFtpjiMTMx6IiiWQL&y=U2FsdGVkX1+sLXqnGzrh1SN5+0KYVqet+4kBCKe154E= HTTP/1.1" 200 30
186.102.60.197 - - [28/Aug/2022:21:47:55 -0500] "GET /kwssiamovil/sm/acme/s?s=U2FsdGVkX1+9Bs1GLmiwb1Pl6jVIocE9UCogBK+N/re79mS7WdusJAQLdQ56GZe6e268/qwmWfLI6xMKPCCvR5M7nFpR1jjVnP4l1L3VrYA=&u=U2FsdGVkX18CcjO4E6VoeLg2RzSor8D+j0kIU7c4sbw=&y=U2FsdGVkX1+sLXqnGzrh1SN5+0KYVqet+4kBCKe154E= HTTP/1.1" 200 97
186.102.60.197 - - [28/Aug/2022:21:47:55 -0500] "GET /kwssiamovil/sm/acme/s?s=U2FsdGVkX1/7QeAFtcKq6CENL8BdhWg6uGEXsC0jWD2QH8VNO2UqgXTpOnJ8YkZv6sKFsJM/yBgTrzvTTKmpvihONoPhcRL46YyFRZc8MhEIyCRALh/FPfUf01z9/mzcZZNWc/G/rxgYIyA79M4g+0+XAt/5DyoL3Hd0HN/DcKNSXVs6INak9RWfIaoB3J9HAZfLZNp9RFJCJipsb4oSkikX3F724vQk39i/1vBn98RxYMCACtdrvDl5yFXR0+RYSepsmXa27Q8R9H6qOgdCiXsluMGP/d0j2TJmlFfnresQw4I+StrQ37Ae0566eRDz7pKrxBlUhylrFn17pJvT8tfomrIErvkCFGNhM/JZIBg2XmN6Z4MpojPlYYWb68z8V3qimP8dtM+B0yjeLYkktusRHfA+Cy2ZechabxK12bbXZH6NnUS2n2t1ehM/aQqu3lSY4vwGYPIzzKccidH+G3EggQAV3Azsc6YFg59pPfPI5wZ8AES1RpDBGEl6QdryKtIgynblvF4n7FsYB4EATQvwJtn4HQBNP6b0U+rEId+SecVyeou/y6ru1jhmgck3UqlaHKl5KmxjtFn+NCBFNyVKDy6HZ2sJyp9OOGRwI9BOIzWg8NszEnYls2IpHejFINt+8/QNc4XYVF4vkEIq7WfHB9DwdSCZb/shn8cegWol481Xirb5Kjh22FpdYi+jYJKgMUIEznbdHbj8EqTtZ1eZwofZEc9paF9DPHqdXYzHFU8uyQQHx7a2qmltbydilROCXS361Z5R22r6E22HU8xaVF/tV9Cu6DJhvcH4UTsERb2T4FnntC1QxWeU4yn6qV7jXWOAKkU/A0Fsp1EiH1vEjyEVTHwUBZ/I1dnjArXSLqWD50XVJWRmXPlfq7GrjNTXDMK7kbJVtNYH6vvhAy/sFHtLYZtpFLVPpFRa2dM44akwfVvzis9gHlXTLng1wDIEFKPbWIAxNvzRbomlz/eBzXdPkXOhALXv+p9U+wxRDhHRlnaQ0ZGp66NkmKCP1QfoWw2VujphpKQEdwQOGMAbOTe8kUYniVedEZXTNJqV9MdHASrIVopvzc+TC9Zqa8qRftbc6xm4/IBmJZYX223/FRDoyxZeD41+gqU08cB6Oqux2bNmpRCGqbAM2hgfNkOiyOxgI+bxP3NRgdai0kzEO4eL8iehVRe4W5fW57F83qQ0iWpPsxhh1IIuf+Zj7+Dtnhv9UKUpGNuvNj+OAJP1s5ehfoZmx9g1Bx8nVpb+NWSPgPCh0ZradiAkpi3LjAERvJbtFv5Btp4nsWbZw+Cfz1DO5lDY0T7znB+0fEucZGPaM9ci4+3r8oOEm8+FBvNFNt3rV6X8/14borH53vla3z9BRWMG6oAnDbcVjNQ=&u=U2FsdGVkX18CcjO4E6VoeLg2RzSor8D+j0kIU7c4sbw=&y=U2FsdGVkX1+sLXqnGzrh1SN5+0KYVqet+4kBCKe154E= HTTP/1.1" 200 394
186.102.60.197 - - [28/Aug/2022:21:47:56 -0500] "GET /kwssiamovil/sm/acme/s?s=U2FsdGVkX1/6IaGIdu7OwMqsHx9K05KDbwIMnBxMyFbrzkMxZ4DCi9UMC1wke4SJwSj9kQaMQ0+2nAxatTNhyG2xYKkmKx4ckj0ZbQpT3fP7wKMyt8bjakIMGJYYLALlCgnSqnTYvqPi0kDY48HfiiiHR4e9K2iiHh9h0TJ1mPhSGRl5kK/YhDSpSXVakKcEU3IC3hGYU2DXJ7hYjDKU5XMJFLrvXpIKuZXqq8R+P3yB+oJ0nTZFFjpF3NdDD92XTNdIH35/MYHyhaxmz7TBUTHqKxcYd7wuUlIXZABkwvg=&u=U2FsdGVkX18CcjO4E6VoeLg2RzSor8D+j0kIU7c4sbw=&y=U2FsdGVkX1+sLXqnGzrh1SN5+0KYVqet+4kBCKe154E= HTTP/1.1" 200 176
186.102.60.197 - - [28/Aug/2022:21:47:56 -0500] "GET /kwssiamovil/sm/cjson/pre?f=1&x=U2FsdGVkX19hkJRWGmsDIVc3gDJWCV6nrw2leglS4efkllZuFtpjiMTMx6IiiWQL HTTP/1.1" 200 30992
172.22.2.4 - - [28/Aug/2022:21:48:58 -0500] "HEAD /BLA/boletinlegal/ HTTP/1.1" 200 -
172.22.2.4 - - [28/Aug/2022:21:49:48 -0500] "GET /BLA/boletinlegal/ HTTP/1.1" 200 58566
216.245.221.92 - - [28/Aug/2022:21:51:46 -0500] "HEAD / HTTP/1.1" 200 -
201.245.192.253 - - [28/Aug/2022:21:52:14 -0500] "POST /kwsrmcab/Wsrmcab  HTTP/1.1" 200 42753
172.22.2.4 - - [28/Aug/2022:21:52:52 -0500] "GET /BLA/boletinlegal/style.css HTTP/1.1" 200 9406
172.22.2.4 - - [28/Aug/2022:21:52:52 -0500] "GET /BLA/boletinlegal/styles2.css HTTP/1.1" 200 1838
172.22.2.4 - - [28/Aug/2022:21:52:52 -0500] "GET /BLA/boletinlegal/js/jquery.js HTTP/1.1" 200 57254
172.22.2.4 - - [28/Aug/2022:21:52:52 -0500] "GET /BLA/boletinlegal/js/jquery.scrollTo-min.js HTTP/1.1" 200 1150
172.22.2.4 - - [28/Aug/2022:21:52:52 -0500] "GET /BLA/boletinlegal/js/jquery.scrollShow.js HTTP/1.1" 200 4586
172.22.2.4 - - [28/Aug/2022:21:52:52 -0500] "GET /BLA/boletinlegal/images/launch.jpg HTTP/1.1" 200 14577
172.22.2.4 - - [28/Aug/2022:21:52:52 -0500] "GET /BLA/boletinlegal/images/registro-usuarios.png HTTP/1.1" 200 8106
172.22.2.4 - - [28/Aug/2022:21:52:52 -0500] "GET /BLA/boletinlegal/images/historia.png HTTP/1.1" 200 52775
172.22.2.4 - - [28/Aug/2022:21:52:52 -0500] "GET /BLA/boletinlegal/images/cabezote%20BLEGAL.jpg HTTP/1.1" 200 118164
172.22.2.4 - - [28/Aug/2022:21:52:52 -0500] "GET /BLA/boletinlegal/images/subscribe-icon-big.png HTTP/1.1" 200 47702
172.22.2.4 - - [28/Aug/2022:21:52:52 -0500] "GET /BLA/boletinlegal/images/body_bg.jpg HTTP/1.1" 200 1601
172.22.2.4 - - [28/Aug/2022:21:52:52 -0500] "GET /BLA/boletinlegal/images/arr_l.jpg HTTP/1.1" 200 1979
172.22.2.4 - - [28/Aug/2022:21:52:52 -0500] "GET /BLA/boletinlegal/images/menu_lft.gif HTTP/1.1" 200 1713
172.22.2.4 - - [28/Aug/2022:21:52:52 -0500] "GET /BLA/boletinlegal/images/menu_rght.gif HTTP/1.1" 200 1627
172.22.2.4 - - [28/Aug/2022:21:52:52 -0500] "GET /BLA/boletinlegal/images/bg_top.jpg HTTP/1.1" 200 522
172.22.2.4 - - [28/Aug/2022:21:52:52 -0500] "GET /BLA/boletinlegal/images/menu_bg.jpg HTTP/1.1" 200 620
172.22.2.4 - - [28/Aug/2022:21:52:52 -0500] "GET /BLA/boletinlegal/images/hover.jpg HTTP/1.1" 200 640
172.22.2.4 - - [28/Aug/2022:21:52:52 -0500] "GET /BLA/boletinlegal/images/text.jpg HTTP/1.1" 200 568
172.22.2.4 - - [28/Aug/2022:21:52:52 -0500] "GET /BLA/boletinlegal/images/screen_1.png HTTP/1.1" 200 202547
172.22.2.4 - - [28/Aug/2022:21:52:53 -0500] "GET /BLA/boletinlegal/conceptos.php HTTP/1.1" 200 7443
172.22.2.4 - - [28/Aug/2022:21:52:54 -0500] "GET /BLA/boletinlegal/js/ajax_conceptos.js HTTP/1.1" 200 1326
172.22.2.4 - - [28/Aug/2022:21:52:54 -0500] "GET /BLA/boletinlegal/niceforms.js HTTP/1.1" 200 22876
172.22.2.4 - - [28/Aug/2022:21:52:54 -0500] "GET /BLA/boletinlegal/niceforms-default.css HTTP/1.1" 200 6694
172.22.2.4 - - [28/Aug/2022:21:52:54 -0500] "GET /BLA/boletinlegal/images/abajo.png HTTP/1.1" 200 96676
172.22.2.4 - - [28/Aug/2022:21:52:54 -0500] "GET /BLA/boletinlegal/images/tel.png HTTP/1.1" 200 14477
172.22.2.4 - - [28/Aug/2022:21:52:54 -0500] "GET /BLA/boletinlegal/images/icono-email.png HTTP/1.1" 200 5544
172.22.2.4 - - [28/Aug/2022:21:52:54 -0500] "GET /BLA/boletinlegal/images/footer_bg.jpg HTTP/1.1" 200 586
172.22.2.4 - - [28/Aug/2022:21:52:54 -0500] "GET /BLA/boletinlegal/images/footer_bg_l.jpg HTTP/1.1" 200 776
172.22.2.4 - - [28/Aug/2022:21:52:54 -0500] "GET /BLA/boletinlegal/favicon.ico HTTP/1.1" 404 1334
172.22.2.4 - - [28/Aug/2022:21:52:54 -0500] "GET /BLA/boletinlegal/img/0.png HTTP/1.1" 200 110
172.22.2.4 - - [28/Aug/2022:21:52:54 -0500] "GET /BLA/boletinlegal/img/button.png HTTP/1.1" 200 43241
172.22.2.4 - - [28/Aug/2022:21:52:54 -0500] "GET /BLA/boletinlegal/img/select-left.png HTTP/1.1" 200 263
172.22.2.4 - - [28/Aug/2022:21:52:54 -0500] "GET /BLA/boletinlegal/img/select-right.png HTTP/1.1" 200 44019
172.22.2.4 - - [28/Aug/2022:21:52:54 -0500] "GET /BLA/boletinlegal/img/button-left.png HTTP/1.1" 200 57071
172.22.2.4 - - [28/Aug/2022:21:52:54 -0500] "GET /BLA/boletinlegal/img/button-right.png HTTP/1.1" 200 57878
172.22.2.4 - - [28/Aug/2022:21:52:56 -0500] "GET /BLA/boletinlegal/consulta_conceptos.php?no=&solicitante=&radicado_entrada=&fecha_concepto=2022&objeto= HTTP/1.1" 200 18450
172.22.2.4 - - [28/Aug/2022:21:52:56 -0500] "GET /BLA/boletinlegal/images/background.gif HTTP/1.1" 200 -
172.22.2.4 - - [28/Aug/2022:21:52:56 -0500] "GET /BLA/boletinlegal/images/pdf.gif HTTP/1.1" 200 567
172.22.2.4 - - [28/Aug/2022:21:53:01 -0500] "GET /BLA/boletinlegal/conceptos/2022/36.pdf HTTP/1.1" 404 1334
172.22.2.4 - - [28/Aug/2022:21:53:07 -0500] "GET /BLA/boletinlegal/conceptos/2022/35.pdf HTTP/1.1" 404 1334
172.22.2.4 - - [28/Aug/2022:21:53:19 -0500] "GET /BLA/boletinlegal/conceptos/2022/34.pdf HTTP/1.1" 404 1334
172.22.2.4 - - [28/Aug/2022:21:53:22 -0500] "GET /BLA/boletinlegal/conceptos/2022/33.pdf HTTP/1.1" 200 332045
172.22.2.4 - - [28/Aug/2022:21:53:23 -0500] "GET /BLA/boletinlegal/conceptos/2022/33.pdf HTTP/1.1" 206 4365
172.22.2.4 - - [28/Aug/2022:21:53:23 -0500] "GET /BLA/boletinlegal/conceptos/2022/33.pdf HTTP/1.1" 206 65536
172.22.2.4 - - [28/Aug/2022:21:53:23 -0500] "GET /BLA/boletinlegal/conceptos/2022/33.pdf HTTP/1.1" 206 65536
172.22.2.4 - - [28/Aug/2022:21:52:52 -0500] "GET /BLA/boletinlegal/ HTTP/1.1" 200 24523
181.58.40.246 - - [28/Aug/2022:21:55:27 -0500] "GET /appsia/controlador HTTP/1.1" 200 4799
181.58.40.246 - - [28/Aug/2022:21:55:27 -0500] "GET /appsia/scripts/validarIngreso.js HTTP/1.1" 200 851
181.58.40.246 - - [28/Aug/2022:21:55:27 -0500] "GET /appsia/css/estilos.css HTTP/1.1" 200 4804
181.58.40.246 - - [28/Aug/2022:21:55:27 -0500] "GET /appsia/images/cabezoteHojaVida.png HTTP/1.1" 200 32493
181.58.40.246 - - [28/Aug/2022:21:55:27 -0500] "GET /appsia/images/logo_bogota_p.png HTTP/1.1" 200 14951
181.58.40.246 - - [28/Aug/2022:21:55:27 -0500] "GET /favicon.ico HTTP/1.1" 200 7782
186.102.60.197 - - [28/Aug/2022:21:56:25 -0500] "GET /kwssiamovil/sm/acme/a?s=U2FsdGVkX1843ODvl5a3wC0pjze3wemlZUbESStciKWG8QBnsCXSPpPA2z2ZYIhfR1UrBGasyruuyokRL1B3KVZ3TfHsPvrW6+c5cyPPXZ4jvRnVeMqDhaJZ0SUbIxwEUYVD3SYcKlzwmmgmE+bqJ/wR6WF7DddmAGBr64KzZbcU8IZxqKuzD0ACBTSen1IeqlrQMNwZycXADU52YNhO1eseLXExAoD1ObevErRWUKZKyLFpQsNGdVTqe/SIKWLKjMM7Y7vIfSBmaD6uE4aRlg==&u=U2FsdGVkX18CcjO4E6VoeLg2RzSor8D+j0kIU7c4sbw=&y=U2FsdGVkX1+sLXqnGzrh1SN5+0KYVqet+4kBCKe154E= HTTP/1.1" 200 25
186.102.60.197 - - [28/Aug/2022:21:56:25 -0500] "GET /kwssiamovil/sm/acme/a?s=U2FsdGVkX1+Ph3s59eFrSX0sd30r//bVBFTgL2gIGmw0bE+Al1X5FPHwybJjydAo85XtjKvWzLv+7WGMV3+ObWM8mYP9CD0ThsGumiMS5sknIr4VcjyqKIqGyKvi5/fCkiqBNLNI9k6aRWyTeIliOAVo5u2xgM+Ln7+wHgdKNLmeygyGkq59FoAQtCt5v9ci6OdHRFuzJV0nyTyriuhP1ZJHHSsNEB6AZ826BNCknou7zV1/1kObxrURC7/KpSSEHN9JSyJT9SVVdHW2VhHaVKHoO5CFXXKEQ/2etpHl3tmRo8opMe8BDs7fcIi9W1xDwJwgVH77nf2LVrDGdx/0G8HArtrLVHfxWAV/uUTNM8Ked3oI0vf6+PN0rkn3GWNA5sD3IjQ7QpKQ3A4QuZdPvrE8ISX1bn6kmdC1pIlQcCKIAv9R/p43cLf9md2HYWja+wzDcicFQ+kIEgnSki22WsdbwVtRsM5hto2GU6hCskHDwAQ+OXDCnKKPh6mE9q6Xt+1PC6r14iUgyCK/qoVRMRpLxBLVwBtABliRWau79DgQF9fgSNZFneuVo2N/04eV/z9bEsfYAPK3yZSOzaWjC9iPyYgIFOplvaYSsRGdSfs8QiWKYZfI4Uptl0n7j2MWxyJ+EbTjrePxeSZddXjjG0xwodi3oCkSvHcq97BH7UmQyczWeMW5aYQtSBiUTKplOmA5oyl+MKUPWRz8Ln41gUoFylCL/+3Aa3KpXhCP0iA7A0bXLTLTr9jkVMtfCsneklE35B2xv4gp9x5JSqJfjjxOfaduOlFkwbRjyS4IyyaTLIGQb0gQavW5tbXPdhsLQ11IdvcNng+KQB0ujgtPRkAjUvNwxwt4PnWvDuL8rfnr5abYd2nlP8vhrOZwgCKXSHHCmqpXkEGIWobC+soKn1lmNKh8cCOAlp3LR6RlXqbLToXR6XHXBfEQt6Y3Z7MyJGAcAdpDydZ0pJFbPM/HgCtol44l9fHuWvXfQQqWfF3ojDOPwOGAeAbWnjFBpNxZAleNxg4aWtITRCJCeYuPCQcgTtFlyH1LJSIYyLIL0I1XS/RhsJnAflam2Y9Kit42BWvPUi9QWv9Q1APlXN/AnKorrFG8JNoob9KcyzJO78KH31r+iA8Tj/zdRM/xcAYQrtumYatJSXyKTq3teOfRpInRjNDGVZpGfm87NoHY5nu94x+b3Ula+Zgpi/FC35H3Do5dSvcmUEb+7RwBm1B5vaA8ZEENZ01AJStX985Xw+wrPlJgPTCVU3iwmT1z8l6ztIR46dJp+IsT8MH1HoUxp0NTgBrZM0/6U/WH/Jm3EtUQJiaYN0H0owV0eCq4/ZChKmNE8fdZZlFxi2OgmYiUezfVncERK2KqvPpWuNsrnwIe3b4PFeIk9RxzatGAVrzr1U7zEHsq4ioKPJM310tRc4OB+rgV7A9e4Tu5jZEf66cUyEdxzsvX4xqhHJgQFpbYstgbNu2M2mRF1SGTYoUmJEODyGLMMF3fMF3zfAkM75nlezYfavkmy5OWDKzviHLou76OD2ANJUpw142avV2f79jKaBWXMyIGX2hq/LCec1HmztY3NTWVl8hUj64DqV8lNUAsJgWVCTBSIbZJel3fAT5VLafj8kU6EQ/XjEPlP1sD/MFXniSFoVcUnfJNdMaymsf3JdO6PpyMlVJ2l2O84oQemljy7gOICELjkZ7ejD7M/WY+OHeORQtm9Az8shvG4NwBXSpgsZ38slUFVewINKIIMYvrATIgpL/wzpkte9b/pHMeE4xjhNNYSn81KfLQb9JYfMukvTDxy9J7Rmgf420TWnRXnnU8mvBCIDB1B6U=&u=U2FsdGVkX18CcjO4E6VoeLg2RzSor8D+j0kIU7c4sbw=&y=U2FsdGVkX1+sLXqnGzrh1SN5+0KYVqet+4kBCKe154E= HTTP/1.1" 200 25
186.102.60.197 - - [28/Aug/2022:21:56:25 -0500] "GET /kwssiamovil/sm/acme/a?s=U2FsdGVkX19pOMnKZrYu3XyXyDhPHmyh3HNBdi5un+OMxUwJk4MHldEBZaN+hK4+r4c51rxJ1WuJXBnXwjsY9tSY/Zwk7H8fWcHKnqq8KY44MpjX2laP7PSceGPE0rGxyEUVoG+jjRXnDpiA6Wv4tjeo/n7zd7RWfvDyurirduk=&u=U2FsdGVkX18CcjO4E6VoeLg2RzSor8D+j0kIU7c4sbw=&y=U2FsdGVkX1+sLXqnGzrh1SN5+0KYVqet+4kBCKe154E= HTTP/1.1" 200 25
186.102.60.197 - - [28/Aug/2022:21:56:26 -0500] "GET /kwssiamovil/sm/acme/a?s=U2FsdGVkX1/yrNrrg3niv5WXjONrvhJ/noBTN+7N9FjLPlm3meDtuPeAaPzhcztylc5hxML2M2iauxGJKUFpsf7kL4ordbeRZujw1NGY/QqcSK6A7BISHh8c2sRNgLzcKqMok/+Yn39MWfMEJIiaUPHEixNTNPIzQ4uKokYIwa0=&u=U2FsdGVkX18CcjO4E6VoeLg2RzSor8D+j0kIU7c4sbw=&y=U2FsdGVkX1+sLXqnGzrh1SN5+0KYVqet+4kBCKe154E= HTTP/1.1" 200 25
186.102.60.197 - - [28/Aug/2022:21:56:26 -0500] "GET /kwssiamovil/sm/acme/a?s=U2FsdGVkX19KdYHum3M91RgeCUg5vWThlDmxILkQxOLI6G6lD5Qo/KT9P4EKn8IQ+0eGyZhPQ514dYdMj0S28kPJTCC1Se5uX+gL7moJypY/VTj/wq5ZdPOIJ8k4fGOywxF2Cmd6zA6CmqDz7TC7kswc3SfsiyAeAuJRc9gv3TY=&u=U2FsdGVkX18CcjO4E6VoeLg2RzSor8D+j0kIU7c4sbw=&y=U2FsdGVkX1+sLXqnGzrh1SN5+0KYVqet+4kBCKe154E= HTTP/1.1" 200 25
186.102.60.197 - - [28/Aug/2022:21:56:26 -0500] "GET /kwssiamovil/sm/acme/a?s=U2FsdGVkX1/aUZqM+82amH2U/1G2eLzlMggeRlY8Q7gJSzrKg621zJ803t3ROogl6u8AkEZXZsnyhPET5CzMZDCxSxLQLgiZ8hCwe0bZeCSAa8YFAPcHSCZmNKwwCr5Jt/cKu377+3ffOTZ8piDIIcjl64pI3vSQoGtl34zQZiOOsGvJU7UtlqUDVtADoBlu&u=U2FsdGVkX18CcjO4E6VoeLg2RzSor8D+j0kIU7c4sbw=&y=U2FsdGVkX1+sLXqnGzrh1SN5+0KYVqet+4kBCKe154E= HTTP/1.1" 200 25
172.22.2.4 - - [28/Aug/2022:21:54:48 -0500] "HEAD /BLA/boletinlegal/ HTTP/1.1" 200 -
216.245.221.92 - - [28/Aug/2022:21:56:46 -0500] "HEAD / HTTP/1.1" 200 -
172.22.2.4 - - [28/Aug/2022:21:56:54 -0500] "GET /BLA/boletinlegal/robots.txt HTTP/1.1" 404 1038
201.245.192.253 - - [28/Aug/2022:21:57:13 -0500] "POST /kwsrmcab/Wsrmcab  HTTP/1.1" 200 42753
172.22.2.4 - - [28/Aug/2022:21:55:38 -0500] "GET /BLA/boletinlegal/ HTTP/1.1" 200 54814
172.22.2.4 - - [28/Aug/2022:21:56:26 -0500] "GET /BLA/boletinlegal/index.php HTTP/1.1" 200 58154
172.22.2.4 - - [28/Aug/2022:21:58:26 -0500] "GET /BLA/boletinlegal/conceptos/2022/32.pdf HTTP/1.1" 200 438855
172.22.2.4 - - [28/Aug/2022:21:58:35 -0500] "GET /BLA/boletinlegal/conceptos/2022/30.pdf HTTP/1.1" 200 389146
172.22.2.4 - - [28/Aug/2022:22:00:50 -0500] "GET /BLA/boletinlegal/conceptos.php HTTP/1.1" 200 7443
172.22.2.4 - - [28/Aug/2022:22:00:50 -0500] "GET /BLA/boletinlegal/images/footer_bg.jpg HTTP/1.1" 200 586
172.22.2.4 - - [28/Aug/2022:22:00:52 -0500] "GET /BLA/boletinlegal/consulta_conceptos.php?no=&solicitante=&radicado_entrada=&fecha_concepto=2022&objeto= HTTP/1.1" 200 18450
172.22.2.4 - - [28/Aug/2022:22:00:52 -0500] "GET /BLA/boletinlegal/images/pdf.gif HTTP/1.1" 200 567
213.180.203.65 - - [28/Aug/2022:22:01:17 -0500] "-" 408 -
172.22.2.4 - - [28/Aug/2022:22:00:48 -0500] "GET /BLA/boletinlegal/ HTTP/1.1" 200 24523
216.245.221.92 - - [28/Aug/2022:22:01:46 -0500] "HEAD / HTTP/1.1" 200 -
201.245.192.253 - - [28/Aug/2022:22:02:12 -0500] "POST /kwsrmcab/Wsrmcab  HTTP/1.1" 200 42753
172.22.2.4 - - [28/Aug/2022:22:00:38 -0500] "HEAD /BLA/boletinlegal/ HTTP/1.1" 200 -
172.22.2.4 - - [28/Aug/2022:22:01:28 -0500] "GET /BLA/boletinlegal/ HTTP/1.1" 200 55211
172.22.2.4 - - [28/Aug/2022:22:06:36 -0500] "GET /BLA/boletinlegal/Directivas/2014/Directiva%20No.%205%20del%2026%20de%20Diciembre%20de%202014.pdf HTTP/1.1" 304 -
216.245.221.92 - - [28/Aug/2022:22:06:46 -0500] "HEAD / HTTP/1.1" 200 -
207.46.13.16 - - [28/Aug/2022:22:07:00 -0500] "GET /BLA/boletinlegal/Circulares/2013/Circular%20No.%201%20del%2014%20de%20enero%20de%202013.pdf HTTP/1.1" 304 -
152.89.196.62 - - [28/Aug/2022:22:07:12 -0500] "-" 408 -
201.245.192.253 - - [28/Aug/2022:22:07:11 -0500] "POST /kwsrmcab/Wsrmcab  HTTP/1.1" 200 42753
172.22.2.4 - - [28/Aug/2022:22:06:28 -0500] "HEAD /BLA/boletinlegal/ HTTP/1.1" 200 -
191.242.210.110 - - [28/Aug/2022:22:08:39 -0500] "GET / HTTP/1.1" 200 319
172.22.2.4 - - [28/Aug/2022:22:07:18 -0500] "GET /BLA/boletinlegal/ HTTP/1.1" 200 54347
172.22.2.4 - - [28/Aug/2022:22:09:39 -0500] "GET /BLA/boletinlegal/owa/auth/logon.aspx?url=https%3a%2f%2f1%2fecp%2f HTTP/1.1" 404 1018
66.249.73.161 - - [28/Aug/2022:22:10:31 -0500] "-" 408 -
207.46.13.115 - - [28/Aug/2022:22:10:43 -0500] "GET /BLA/resoluciones/RESOLUCIONES%202000/2000%201900-1949.tif HTTP/1.1" 200 4383060
5.255.253.164 - - [28/Aug/2022:22:11:17 -0500] "-" 408 -
216.245.221.92 - - [28/Aug/2022:22:11:47 -0500] "HEAD / HTTP/1.1" 200 -
172.22.2.4 - - [28/Aug/2022:22:11:47 -0500] "GET /BLA/boletinlegal/jurisprudencia/analisis/Analisis%20Sentencia%20T-1077,%202%20corregida.doc HTTP/1.1" 304 -
201.245.192.253 - - [28/Aug/2022:22:12:10 -0500] "POST /kwsrmcab/Wsrmcab  HTTP/1.1" 200 42753
172.22.2.4 - - [28/Aug/2022:22:12:18 -0500] "HEAD /BLA/boletinlegal/ HTTP/1.1" 200 -
172.22.2.4 - - [28/Aug/2022:22:14:48 -0500] "GET /BLA/boletinlegal/owa/auth/logon.aspx HTTP/1.1" 404 1018
172.22.2.4 - - [28/Aug/2022:22:13:08 -0500] "GET /BLA/boletinlegal/ HTTP/1.1" 200 53281
172.22.2.4 - - [28/Aug/2022:22:14:57 -0500] "GET /BLA/boletinlegal/ecp/Current/exporttool/microsoft.exchange.ediscovery.exporttool.application HTTP/1.1" 404 1018
172.22.2.4 - - [28/Aug/2022:22:15:28 -0500] "GET /BLA/boletinlegal/owa/auth/x.js HTTP/1.1" 404 1018
216.245.221.92 - - [28/Aug/2022:22:16:46 -0500] "HEAD / HTTP/1.1" 200 -
201.245.192.253 - - [28/Aug/2022:22:17:10 -0500] "POST /kwsrmcab/Wsrmcab  HTTP/1.1" 200 42753
64.124.8.58 - - [28/Aug/2022:22:17:48 -0500] "GET /transparencia/financiera/Ejecucion%20Presupuestal/Vigencia%20actual/4.%20EJECUCION%20DE%20VIGENCIAS%20ABRIL%202022.xlsx HTTP/1.1" 200 117516
34.90.104.214 - - [28/Aug/2022:22:19:07 -0500] "GET / HTTP/1.1" 200 319
34.90.104.214 - - [28/Aug/2022:22:19:07 -0500] "GET / HTTP/1.1" 200 4720
201.245.192.253 - - [28/Aug/2022:22:19:16 -0500] "POST /kwsrmcab/Wsrmcab HTTP/1.1" 200 43216
201.245.192.253 - - [28/Aug/2022:22:19:20 -0500] "POST /kwsrmcab/Wsrmcab HTTP/1.1" 200 42699
172.22.2.4 - - [28/Aug/2022:22:18:07 -0500] "HEAD /BLA/boletinlegal/ HTTP/1.1" 200 -
172.22.2.4 - - [28/Aug/2022:22:18:58 -0500] "GET /BLA/boletinlegal/ HTTP/1.1" 200 58154
66.249.73.191 - - [28/Aug/2022:22:20:51 -0500] "-" 408 -
69.171.251.23 - - [28/Aug/2022:22:21:10 -0500] "GET /guadalupe-aguanoso-y-otros-tres-caminos-de-los-cerros-estarin-cerrados-este-fin-de-semana.html HTTP/1.1" 206 797
95.108.213.10 - - [28/Aug/2022:22:21:17 -0500] "-" 408 -
216.245.221.92 - - [28/Aug/2022:22:21:46 -0500] "HEAD / HTTP/1.1" 200 -
157.55.39.80 - - [28/Aug/2022:22:21:59 -0500] "GET /BLA/resoluciones/RESOLUCIONES%202022/0957.pdf HTTP/1.1" 304 -
201.245.192.253 - - [28/Aug/2022:22:22:08 -0500] "POST /kwsrmcab/Wsrmcab  HTTP/1.1" 200 42753
152.89.196.62 - - [28/Aug/2022:22:22:38 -0500] "GET /actuator/gateway/routes HTTP/1.1" 404 1018
71.6.232.8 - - [28/Aug/2022:22:25:11 -0500] "GET / HTTP/1.1" 200 319
173.252.107.5 - - [28/Aug/2022:22:25:36 -0500] "GET /crisis-climatica-distrito-firmo-alianza-para-preservar-la-seguridad-hidrica-de-bogota-y-la-region.html HTTP/1.1" 206 1075
172.22.2.4 - - [28/Aug/2022:22:23:57 -0500] "HEAD /BLA/boletinlegal/ HTTP/1.1" 200 -
172.22.2.4 - - [28/Aug/2022:22:24:48 -0500] "GET /BLA/boletinlegal/ HTTP/1.1" 200 58154
186.155.72.189 - - [28/Aug/2022:22:26:45 -0500] "GET /kwssiamovil/sm/ldap/au?x=U2FsdGVkX1+9aOnrLDlEf42HnDtLhgrE1xudjdmXEB7FR8JFYWAepA8/YS1S9tsR&y=U2FsdGVkX19L1by9XjAr2pI5/4NQEXJbeN9UHPAoGXiPk4GmErxUh2kVPhL2o2O5 HTTP/1.1" 200 30
186.155.72.189 - - [28/Aug/2022:22:26:45 -0500] "GET /kwssiamovil/sm/acme/s?s=U2FsdGVkX1+pLIjNtd+qoNATNRIKhr5M80Ythl08NvJGfdgh0mLWPIB7pYCBe259Ro2IqgTAxt/5gayXaoBq6SRreow24aUV04KClEVVuXI=&u=U2FsdGVkX190jNhvKlU/7yeymWJMiXMGsVCXSbv8gW0/YH+x/+5kvPWuab9/+5Op&y=U2FsdGVkX19L1by9XjAr2pI5/4NQEXJbeN9UHPAoGXiPk4GmErxUh2kVPhL2o2O5 HTTP/1.1" 200 97
216.245.221.92 - - [28/Aug/2022:22:26:46 -0500] "HEAD / HTTP/1.1" 200 -
186.155.72.189 - - [28/Aug/2022:22:26:46 -0500] "GET /kwssiamovil/sm/acme/s?s=U2FsdGVkX1/2Cvg83g8/TPtKnSvJneCbK8X5S10oqRkXXdqQoxT1HlCzqQw7oTHRtIOaBE0QtzpmEBRYQXBuRJq/gKvNyKTCeDHS91/ojWvcUEBhfI3cU73+WraMVIZ4ddfLuu0YduDK4+5OJL8i351kaY9vJqGGSdH3bDVTQq/o8kCVSq8tPqvSjmZKSUV3+Yn6LDTmPrjLRBCuzKrkGX0mOcFEN+78uKXDmmlc2qvG1pcOD5lY6v90Z3ud5jt0hWoDkkiTHb/bk8wG8wQ8gxLRIwRZWj80tti/u6pjCR17/EV5ClpOGQNxHncVEFi0AGgq9w87bi3OEiWgUMoz2WOWHmLgJys6CzhW5qNbqww9PNmDqtkG9nOQBm0clJOyJ2DkTEJP4kovw0AR6ZtqqW5WS9KbcKs3lXopqeNV/lW7rZ8V2L4W4wzKETXQ1hXbu4Kl/i3em0VEUsfs7DLLj+v7KVeQOkKvwkkO8z66GaO/Hq9TeEfG3NfjQ8bx7uy4UwBG4Iu8On577BOio4lPByLUV1HCt9usnlkfAVAfudv08Sd7jHlzqHHoPNjCd+n9uTEEzg7mK1c7HLWpvtbTMHghuoffxENpMHcz4lrcianGCK53iAaTSMhhevr5IZFQ+0qhuUwIlH8YE3qIH4I4V/haw2wOB3zfV+ZnKHRvyd7BxUlW2hvrrPdh25hjZ5t61EqQ0uga1PSWMHPibLv5ijKO3pRdGJR4WqMtUMnR6JkpTnn0RY43hgYaUDkzIpJm4BB4AI8QQBSdP13j0dBGfGENW6bOjrkxNztocBsl4/lASDe5h5Jkthkk1pT1LD2NZT2Pkz4EnkEx+xsYgBb71k+q8DzvMDIHcCvkv0J/dlQfNj07cBEGXeWmQPukiW59srOKu4GvCzTOg+rTiMXlavB8JI1DElNaxKUPbTzGWHVSZ3RZVK+1ASEATqvhW75iK/fPdwk4lc7oZ/TR7FjPYaX0fP4it8I4P1ZdlABx7G89hM7XY36uei1gxDdrwCLnTnnX6D6hMjBNHmnhtJ3LSwz0/4iFSVFxE9HSOyu/jXbKuNvVBUkXbAyioVw+jEabjRIHpyoXi5Hr7hxetHape44FmPXO8BQ0buLTLIdY4yEZwys+LsDHl0gj7UR286rVJgQcBq/ofRGO3KE/noGLZH+bby6sP8RD+d49xbZF8GZA4ZgchWRnsNOR/mViqjysXrfz9WDs1iWXiOlgi37X0TlRB56WMlkrUaVcuYsv+gA9J73nZ6GaFFbAEaeJCNcQZ7QLWxhYJSScddw3CY8537atLuqv5DpiTmjL2LyDspD07/qnGWHphYiwzALxRQ5sIkm2OTck1W5Gw429veEWKTdb3JxreuwXaZ0d4ALkiQ8=&u=U2FsdGVkX190jNhvKlU/7yeymWJMiXMGsVCXSbv8gW0/YH+x/+5kvPWuab9/+5Op&y=U2FsdGVkX19L1by9XjAr2pI5/4NQEXJbeN9UHPAoGXiPk4GmErxUh2kVPhL2o2O5 HTTP/1.1" 200 5835
