172.22.2.4 - - [28/Aug/2022:05:13:13 -0500] "GET /BLA/boletinlegal/images/hover.jpg HTTP/1.1" 200 640
172.22.2.4 - - [28/Aug/2022:05:13:13 -0500] "GET /BLA/boletinlegal/images/menu_bg.jpg HTTP/1.1" 200 620
172.22.2.4 - - [28/Aug/2022:05:13:13 -0500] "GET /BLA/boletinlegal/images/text.jpg HTTP/1.1" 200 568
172.22.2.4 - - [28/Aug/2022:05:13:14 -0500] "GET /BLA/boletinlegal/actos.php HTTP/1.1" 200 9559
172.22.2.4 - - [28/Aug/2022:05:13:14 -0500] "GET /BLA/boletinlegal/js/lib.js HTTP/1.1" 200 6474
172.22.2.4 - - [28/Aug/2022:05:13:14 -0500] "GET /BLA/boletinlegal/niceforms-default.css HTTP/1.1" 200 6694
172.22.2.4 - - [28/Aug/2022:05:13:14 -0500] "GET /BLA/boletinlegal/js/ajax_actos.js HTTP/1.1" 200 1322
172.22.2.4 - - [28/Aug/2022:05:13:14 -0500] "GET /BLA/boletinlegal/niceforms.js HTTP/1.1" 200 22876
172.22.2.4 - - [28/Aug/2022:05:13:14 -0500] "GET /BLA/boletinlegal/js/popup.js HTTP/1.1" 200 1270
172.22.2.4 - - [28/Aug/2022:05:13:14 -0500] "GET /BLA/boletinlegal/js/jquery1.js HTTP/1.1" 200 29846
172.22.2.4 - - [28/Aug/2022:05:13:14 -0500] "GET /BLA/boletinlegal/images/green-yellow-blue-pink-th.png HTTP/1.1" 200 7394
172.22.2.4 - - [28/Aug/2022:05:13:14 -0500] "GET /BLA/boletinlegal/images/abajo.png HTTP/1.1" 200 96676
172.22.2.4 - - [28/Aug/2022:05:13:14 -0500] "GET /BLA/boletinlegal/images/tel.png HTTP/1.1" 200 14477
172.22.2.4 - - [28/Aug/2022:05:13:14 -0500] "GET /BLA/boletinlegal/images/icono-email.png HTTP/1.1" 200 5544
172.22.2.4 - - [28/Aug/2022:05:13:14 -0500] "GET /BLA/boletinlegal/images/footer_bg.jpg HTTP/1.1" 200 586
172.22.2.4 - - [28/Aug/2022:05:13:15 -0500] "GET /BLA/boletinlegal/images/footer_bg_l.jpg HTTP/1.1" 200 776
172.22.2.4 - - [28/Aug/2022:05:13:15 -0500] "GET /BLA/boletinlegal/img/0.png HTTP/1.1" 200 110
172.22.2.4 - - [28/Aug/2022:05:13:15 -0500] "GET /BLA/boletinlegal/img/select-right.png HTTP/1.1" 200 44019
172.22.2.4 - - [28/Aug/2022:05:13:15 -0500] "GET /BLA/boletinlegal/img/select-left.png HTTP/1.1" 200 263
172.22.2.4 - - [28/Aug/2022:05:13:15 -0500] "GET /BLA/boletinlegal/img/button.png HTTP/1.1" 200 43241
172.22.2.4 - - [28/Aug/2022:05:13:15 -0500] "GET /BLA/boletinlegal/img/button-left.png HTTP/1.1" 200 57071
172.22.2.4 - - [28/Aug/2022:05:13:15 -0500] "GET /BLA/boletinlegal/img/button-right.png HTTP/1.1" 200 57878
172.22.2.4 - - [28/Aug/2022:05:13:15 -0500] "GET /BLA/boletinlegal/favicon.ico HTTP/1.1" 404 1326
186.154.32.170 - - [28/Aug/2022:05:13:17 -0500] "GET /BLA/resoluciones/ HTTP/1.1" 200 13093
172.22.2.4 - - [28/Aug/2022:05:13:18 -0500] "GET /BLA/boletinlegal/images/screen_2.png HTTP/1.1" 200 362502
172.22.2.4 - - [28/Aug/2022:05:13:18 -0500] "GET /BLA/boletinlegal/images/screen_3.png HTTP/1.1" 200 210620
172.22.2.4 - - [28/Aug/2022:05:13:18 -0500] "GET /BLA/boletinlegal/images/screen_5.png HTTP/1.1" 200 368876
172.22.2.4 - - [28/Aug/2022:05:13:18 -0500] "GET /BLA/boletinlegal/images/arr_r.jpg HTTP/1.1" 200 1998
186.154.32.170 - - [28/Aug/2022:05:13:18 -0500] "GET /BLA/resoluciones/dlf/folder.png HTTP/1.1" 200 410
186.154.32.170 - - [28/Aug/2022:05:13:18 -0500] "GET /BLA/resoluciones/dlf/styles.css HTTP/1.1" 200 3049
186.154.32.170 - - [28/Aug/2022:05:13:18 -0500] "GET /BLA/resoluciones/dlf/bg.gif HTTP/1.1" 200 54
186.154.32.170 - - [28/Aug/2022:05:13:18 -0500] "GET /favicon.ico HTTP/1.1" 200 7782
186.154.32.170 - - [28/Aug/2022:05:13:22 -0500] "GET /BLA/resoluciones/dlf/dirup.png HTTP/1.1" 200 644
186.154.32.170 - - [28/Aug/2022:05:13:22 -0500] "GET /BLA/resoluciones/dlf/pdf.gif HTTP/1.1" 200 272
186.154.32.170 - - [28/Aug/2022:05:13:22 -0500] "GET /BLA/resoluciones/index.php?dir=AUTOS+2020%2F HTTP/1.1" 200 326166
172.22.2.4 - - [28/Aug/2022:05:13:27 -0500] "GET /BLA/boletinlegal/images/pdf.gif HTTP/1.1" 200 567
201.245.192.253 - - [28/Aug/2022:05:13:26 -0500] "POST /kwsrmcab/Wsrmcab  HTTP/1.1" 200 213
186.154.32.170 - - [28/Aug/2022:05:13:42 -0500] "GET /BLA/resoluciones/AUTOS%202020/1440.pdf HTTP/1.1" 200 323430
64.124.8.26 - - [28/Aug/2022:05:13:50 -0500] "-" 408 -
207.46.13.186 - - [28/Aug/2022:05:13:53 -0500] "GET /BLA/resoluciones/RESOLUCIONES%202022/2443.pdf HTTP/1.1" 200 438764
172.22.2.4 - - [28/Aug/2022:05:12:19 -0500] "GET /BLA/boletinlegal/ HTTP/1.1" 200 54347
172.22.2.4 - - [28/Aug/2022:05:13:09 -0500] "GET /BLA/boletinlegal/ HTTP/1.1" 200 57366
216.245.221.92 - - [28/Aug/2022:05:16:48 -0500] "HEAD / HTTP/1.1" 200 -
5.45.207.98 - - [28/Aug/2022:05:17:15 -0500] "-" 408 -
13.66.139.2 - - [28/Aug/2022:05:18:20 -0500] "GET /BLA/resoluciones/AUTOS%202019/3926.pdf HTTP/1.1" 200 268208
201.245.192.253 - - [28/Aug/2022:05:18:26 -0500] "POST /kwsrmcab/Wsrmcab  HTTP/1.1" 200 213
172.22.2.4 - - [28/Aug/2022:05:17:19 -0500] "HEAD /BLA/boletinlegal/ HTTP/1.1" 200 -
64.124.8.26 - - [28/Aug/2022:05:19:18 -0500] "-" 408 -
201.245.192.253 - - [28/Aug/2022:05:19:20 -0500] "POST /kwsrmcab/Wsrmcab HTTP/1.1" 200 43090
201.245.192.253 - - [28/Aug/2022:05:19:24 -0500] "POST /kwsrmcab/Wsrmcab HTTP/1.1" 200 41102
172.22.2.4 - - [28/Aug/2022:05:18:09 -0500] "GET /BLA/boletinlegal/ HTTP/1.1" 200 59819
173.252.127.116 - - [28/Aug/2022:05:20:38 -0500] "GET /asi-festejamos-el-dia-mundial-y-la-semana-de-los-humedales.html HTTP/1.1" 206 796
216.245.221.92 - - [28/Aug/2022:05:21:48 -0500] "HEAD / HTTP/1.1" 200 -
5.45.207.150 - - [28/Aug/2022:05:22:15 -0500] "-" 408 -
201.245.192.253 - - [28/Aug/2022:05:23:24 -0500] "POST /kwsrmcab/Wsrmcab  HTTP/1.1" 200 213
185.119.81.106 - - [28/Aug/2022:05:24:02 -0500] "GET /portaldeninos/wp-login.php HTTP/1.1" 200 2592
185.119.81.106 - - [28/Aug/2022:05:24:03 -0500] "POST /portaldeninos/wp-login.php HTTP/1.1" 200 3605
172.22.2.4 - - [28/Aug/2022:05:23:09 -0500] "HEAD /BLA/boletinlegal/ HTTP/1.1" 200 -
172.22.2.4 - - [28/Aug/2022:05:23:59 -0500] "GET /BLA/boletinlegal/ HTTP/1.1" 200 58154
157.55.39.8 - - [28/Aug/2022:05:26:20 -0500] "GET / HTTP/1.1" 200 319
216.245.221.92 - - [28/Aug/2022:05:26:48 -0500] "HEAD / HTTP/1.1" 200 -
92.118.39.88 - - [28/Aug/2022:05:27:47 -0500] "GET / HTTP/1.1" 200 319
201.245.192.253 - - [28/Aug/2022:05:28:23 -0500] "POST /kwsrmcab/Wsrmcab  HTTP/1.1" 200 213
31.13.103.8 - - [28/Aug/2022:05:28:53 -0500] "GET /images/avistamiento-aves-humedal-juan-amarillo-3-febrero.jpg HTTP/1.1" 200 45352
69.171.249.13 - - [28/Aug/2022:05:28:53 -0500] "GET /images/avistamiento-aves-humedal-juan-amarillo-3-febrero.jpg HTTP/1.1" 200 45352
201.245.192.253 - - [28/Aug/2022:05:29:20 -0500] "POST /kwsrmcab/Wsrmcab HTTP/1.1" 200 43090
201.245.192.253 - - [28/Aug/2022:05:29:23 -0500] "POST /kwsrmcab/Wsrmcab HTTP/1.1" 200 41102
87.250.224.174 - - [28/Aug/2022:05:30:15 -0500] "-" 408 -
172.22.2.4 - - [28/Aug/2022:05:28:59 -0500] "HEAD /BLA/boletinlegal/ HTTP/1.1" 200 -
172.22.2.4 - - [28/Aug/2022:05:29:49 -0500] "GET /BLA/boletinlegal/ HTTP/1.1" 200 52868
216.245.221.92 - - [28/Aug/2022:05:31:48 -0500] "HEAD / HTTP/1.1" 200 -
64.124.8.26 - - [28/Aug/2022:05:31:57 -0500] "-" 408 -
201.245.192.253 - - [28/Aug/2022:05:33:22 -0500] "POST /kwsrmcab/Wsrmcab  HTTP/1.1" 200 213
64.124.8.26 - - [28/Aug/2022:05:34:49 -0500] "-" 408 -
172.22.2.4 - - [28/Aug/2022:05:34:49 -0500] "HEAD /BLA/boletinlegal/ HTTP/1.1" 200 -
216.245.221.92 - - [28/Aug/2022:05:36:48 -0500] "HEAD / HTTP/1.1" 200 -
172.22.2.4 - - [28/Aug/2022:05:35:39 -0500] "GET /BLA/boletinlegal/ HTTP/1.1" 200 58154
201.245.192.253 - - [28/Aug/2022:05:38:21 -0500] "POST /kwsrmcab/Wsrmcab  HTTP/1.1" 200 213
172.22.2.4 - - [28/Aug/2022:05:39:04 -0500] "GET /BLA/boletinlegal/favicon.ico HTTP/1.1" 404 1018
172.22.2.4 - - [28/Aug/2022:05:39:04 -0500] "GET /BLA/boletinlegal/favicon.ico HTTP/1.1" 404 1018
201.245.192.253 - - [28/Aug/2022:05:39:20 -0500] "POST /kwsrmcab/Wsrmcab HTTP/1.1" 200 43090
201.245.192.253 - - [28/Aug/2022:05:39:24 -0500] "POST /kwsrmcab/Wsrmcab HTTP/1.1" 200 41102
172.22.2.4 - - [28/Aug/2022:05:38:42 -0500] "GET /BLA/boletinlegal/ HTTP/1.1" 200 36811
5.255.253.166 - - [28/Aug/2022:05:40:39 -0500] "-" 408 -
216.245.221.92 - - [28/Aug/2022:05:41:48 -0500] "HEAD / HTTP/1.1" 200 -
64.124.8.26 - - [28/Aug/2022:05:41:56 -0500] "-" 408 -
172.22.2.4 - - [28/Aug/2022:05:40:39 -0500] "HEAD /BLA/boletinlegal/ HTTP/1.1" 200 -
64.124.8.26 - - [28/Aug/2022:05:42:56 -0500] "-" 408 -
172.22.2.4 - - [28/Aug/2022:05:41:29 -0500] "GET /BLA/boletinlegal/ HTTP/1.1" 200 53631
172.22.2.4 - - [28/Aug/2022:05:42:18 -0500] "GET /BLA/boletinlegal/ HTTP/1.1" 200 36811
201.245.192.253 - - [28/Aug/2022:05:43:20 -0500] "POST /kwsrmcab/Wsrmcab  HTTP/1.1" 200 213
216.245.221.92 - - [28/Aug/2022:05:46:48 -0500] "HEAD / HTTP/1.1" 200 -
172.22.2.4 - - [28/Aug/2022:05:46:29 -0500] "HEAD /BLA/boletinlegal/ HTTP/1.1" 200 -
201.245.192.253 - - [28/Aug/2022:05:48:19 -0500] "POST /kwsrmcab/Wsrmcab  HTTP/1.1" 200 213
172.22.2.4 - - [28/Aug/2022:05:47:19 -0500] "GET /BLA/boletinlegal/ HTTP/1.1" 200 58154
5.45.207.140 - - [28/Aug/2022:05:50:39 -0500] "-" 408 -
216.245.221.92 - - [28/Aug/2022:05:51:48 -0500] "HEAD / HTTP/1.1" 200 -
201.245.192.253 - - [28/Aug/2022:05:53:18 -0500] "POST /kwsrmcab/Wsrmcab  HTTP/1.1" 200 213
172.22.2.4 - - [28/Aug/2022:05:53:58 -0500] "GET /BLA/boletinlegal/Circulares/2021/CIRCULAR%20No.%2000009%20DEL%2001%20DE%20OCTUBRE%20DEL%202021.pdf HTTP/1.1" 200 320793
172.22.2.4 - - [28/Aug/2022:05:52:19 -0500] "HEAD /BLA/boletinlegal/ HTTP/1.1" 200 -
172.22.2.4 - - [28/Aug/2022:05:53:09 -0500] "GET /BLA/boletinlegal/ HTTP/1.1" 200 53281
172.22.2.4 - - [28/Aug/2022:05:55:19 -0500] "GET /BLA/boletinlegal/jurisprudencia/analisis/AnalisisC-746-12.docx HTTP/1.1" 304 -
167.94.138.46 - - [28/Aug/2022:05:55:30 -0500] "GET / HTTP/1.1" 200 319
167.94.138.46 - - [28/Aug/2022:05:55:30 -0500] "GET / HTTP/1.1" 200 319
167.94.138.46 - - [28/Aug/2022:05:55:30 -0500] "PRI * HTTP/2.0" 400 946
167.94.138.46 - - [28/Aug/2022:05:55:31 -0500] "GET /favicon.ico HTTP/1.1" 200 7782
216.245.221.92 - - [28/Aug/2022:05:56:48 -0500] "HEAD / HTTP/1.1" 200 -
201.245.192.253 - - [28/Aug/2022:05:58:17 -0500] "POST /kwsrmcab/Wsrmcab  HTTP/1.1" 200 213
172.22.2.4 - - [28/Aug/2022:05:58:09 -0500] "HEAD /BLA/boletinlegal/ HTTP/1.1" 200 -
5.255.231.250 - - [28/Aug/2022:06:00:39 -0500] "-" 408 -
172.22.2.4 - - [28/Aug/2022:05:58:59 -0500] "GET /BLA/boletinlegal/ HTTP/1.1" 200 60272
185.119.81.106 - - [28/Aug/2022:06:01:05 -0500] "GET /portaldeninos/wp-login.php HTTP/1.1" 200 2592
185.119.81.106 - - [28/Aug/2022:06:01:06 -0500] "POST /portaldeninos/wp-login.php HTTP/1.1" 200 3605
216.245.221.92 - - [28/Aug/2022:06:01:48 -0500] "HEAD / HTTP/1.1" 200 -
31.13.115.13 - - [28/Aug/2022:06:02:12 -0500] "GET /images/Junio%2002-experiencias-jardines-verticales-sda.jpeg HTTP/1.1" 200 31171
201.245.192.253 - - [28/Aug/2022:06:03:15 -0500] "POST /kwsrmcab/Wsrmcab  HTTP/1.1" 200 213
172.22.2.4 - - [28/Aug/2022:06:03:33 -0500] "GET /BLA/boletinlegal/index.php?s=/Index/\\think\\app/invokefunction&function=call_user_func_array&vars[0]=md5&vars[1][]=HelloThinkPHP21 HTTP/1.1" 200 36811
172.22.2.4 - - [28/Aug/2022:06:03:59 -0500] "HEAD /BLA/boletinlegal/ HTTP/1.1" 200 -
172.22.2.4 - - [28/Aug/2022:06:04:49 -0500] "GET /BLA/boletinlegal/ HTTP/1.1" 200 55621
216.245.221.92 - - [28/Aug/2022:06:06:48 -0500] "HEAD / HTTP/1.1" 200 -
201.245.192.253 - - [28/Aug/2022:06:08:14 -0500] "POST /kwsrmcab/Wsrmcab  HTTP/1.1" 200 213
87.250.224.76 - - [28/Aug/2022:06:10:46 -0500] "-" 408 -
172.22.2.4 - - [28/Aug/2022:06:09:49 -0500] "HEAD /BLA/boletinlegal/ HTTP/1.1" 200 -
216.245.221.92 - - [28/Aug/2022:06:11:48 -0500] "HEAD / HTTP/1.1" 200 -
172.22.2.4 - - [28/Aug/2022:06:10:39 -0500] "GET /BLA/boletinlegal/ HTTP/1.1" 200 58154
201.245.192.253 - - [28/Aug/2022:06:13:13 -0500] "POST /kwsrmcab/Wsrmcab  HTTP/1.1" 200 213
216.245.221.92 - - [28/Aug/2022:06:16:48 -0500] "HEAD / HTTP/1.1" 200 -
172.22.2.4 - - [28/Aug/2022:06:15:39 -0500] "HEAD /BLA/boletinlegal/ HTTP/1.1" 200 -
172.22.2.4 - - [28/Aug/2022:06:16:29 -0500] "GET /BLA/boletinlegal/ HTTP/1.1" 200 52868
201.245.192.253 - - [28/Aug/2022:06:18:11 -0500] "POST /kwsrmcab/Wsrmcab  HTTP/1.1" 200 213
172.22.2.4 - - [28/Aug/2022:06:18:37 -0500] "GET /BLA/boletinlegal/robots.txt HTTP/1.1" 404 1038
172.22.2.4 - - [28/Aug/2022:06:18:40 -0500] "GET /BLA/boletinlegal/Circulares/2018/CIRCULAR%20COJUNTA%20042%20DE%202018.pdf HTTP/1.1" 200 515008
201.245.192.253 - - [28/Aug/2022:06:19:20 -0500] "POST /kwsrmcab/Wsrmcab HTTP/1.1" 200 42980
201.245.192.253 - - [28/Aug/2022:06:19:24 -0500] "POST /kwsrmcab/Wsrmcab HTTP/1.1" 200 41128
87.250.224.104 - - [28/Aug/2022:06:20:46 -0500] "-" 408 -
66.249.64.47 - - [28/Aug/2022:06:20:56 -0500] "-" 408 -
216.245.221.92 - - [28/Aug/2022:06:21:48 -0500] "HEAD / HTTP/1.1" 200 -
40.77.167.40 - - [28/Aug/2022:06:22:41 -0500] "GET / HTTP/1.1" 200 4720
172.22.2.4 - - [28/Aug/2022:06:21:29 -0500] "HEAD /BLA/boletinlegal/ HTTP/1.1" 200 -
201.245.192.253 - - [28/Aug/2022:06:23:11 -0500] "POST /kwsrmcab/Wsrmcab  HTTP/1.1" 200 213
172.22.2.4 - - [28/Aug/2022:06:22:19 -0500] "GET /BLA/boletinlegal/ HTTP/1.1" 200 59819
216.245.221.92 - - [28/Aug/2022:06:26:48 -0500] "HEAD / HTTP/1.1" 200 -
201.245.192.253 - - [28/Aug/2022:06:28:09 -0500] "POST /kwsrmcab/Wsrmcab  HTTP/1.1" 200 213
172.22.2.4 - - [28/Aug/2022:06:27:19 -0500] "HEAD /BLA/boletinlegal/ HTTP/1.1" 200 -
172.22.2.4 - - [28/Aug/2022:06:29:19 -0500] "GET /BLA/boletinlegal/Directivas/2013/Directiva%20No.%202%20del%2004%20de%20Abril%20de%202013.pdf HTTP/1.1" 200 1182671
201.245.192.253 - - [28/Aug/2022:06:29:20 -0500] "POST /kwsrmcab/Wsrmcab HTTP/1.1" 200 42980
201.245.192.253 - - [28/Aug/2022:06:29:23 -0500] "POST /kwsrmcab/Wsrmcab HTTP/1.1" 200 41128
172.22.2.4 - - [28/Aug/2022:06:28:09 -0500] "GET /BLA/boletinlegal/ HTTP/1.1" 200 60865
213.180.203.65 - - [28/Aug/2022:06:30:46 -0500] "-" 408 -
66.249.64.45 - - [28/Aug/2022:06:31:30 -0500] "-" 408 -
216.245.221.92 - - [28/Aug/2022:06:31:48 -0500] "HEAD / HTTP/1.1" 200 -
201.245.192.253 - - [28/Aug/2022:06:33:08 -0500] "POST /kwsrmcab/Wsrmcab  HTTP/1.1" 200 213
172.22.2.4 - - [28/Aug/2022:06:33:09 -0500] "HEAD /BLA/boletinlegal/ HTTP/1.1" 200 -
172.22.2.4 - - [28/Aug/2022:06:33:59 -0500] "GET /BLA/boletinlegal/ HTTP/1.1" 200 58946
185.119.81.109 - - [28/Aug/2022:06:35:46 -0500] "GET /portaldeninos/wp-login.php HTTP/1.1" 200 2592
185.119.81.109 - - [28/Aug/2022:06:35:47 -0500] "POST /portaldeninos/wp-login.php HTTP/1.1" 200 3650
216.245.221.92 - - [28/Aug/2022:06:36:48 -0500] "HEAD / HTTP/1.1" 200 -
172.22.2.4 - - [28/Aug/2022:06:36:49 -0500] "GET /BLA/boletinlegal/jurisprudencia/analisis/AnalisisT-146-16.docx HTTP/1.1" 200 23021
201.245.192.253 - - [28/Aug/2022:06:38:07 -0500] "POST /kwsrmcab/Wsrmcab  HTTP/1.1" 200 213
207.46.13.36 - - [28/Aug/2022:06:38:37 -0500] "GET /BLA/resoluciones/RESOLUCIONES%202003/RES%202003%20851-900/875.tif HTTP/1.1" 200 221656
201.245.192.253 - - [28/Aug/2022:06:39:20 -0500] "POST /kwsrmcab/Wsrmcab HTTP/1.1" 200 42980
201.245.192.253 - - [28/Aug/2022:06:39:23 -0500] "POST /kwsrmcab/Wsrmcab HTTP/1.1" 200 41128
172.22.2.4 - - [28/Aug/2022:06:38:58 -0500] "GET /BLA/boletinlegal/?XDEBUG_SESSION_START=phpstorm HTTP/1.1" 200 24523
172.22.2.4 - - [28/Aug/2022:06:38:59 -0500] "HEAD /BLA/boletinlegal/ HTTP/1.1" 200 -
5.255.253.164 - - [28/Aug/2022:06:40:46 -0500] "-" 408 -
172.22.2.4 - - [28/Aug/2022:06:39:49 -0500] "GET /BLA/boletinlegal/ HTTP/1.1" 200 57716
216.245.221.92 - - [28/Aug/2022:06:41:48 -0500] "HEAD / HTTP/1.1" 200 -
66.249.64.45 - - [28/Aug/2022:06:41:53 -0500] "-" 408 -
201.245.192.253 - - [28/Aug/2022:06:43:06 -0500] "POST /kwsrmcab/Wsrmcab  HTTP/1.1" 200 213
172.22.2.4 - - [28/Aug/2022:06:44:49 -0500] "HEAD /BLA/boletinlegal/ HTTP/1.1" 200 -
216.245.221.92 - - [28/Aug/2022:06:46:48 -0500] "HEAD / HTTP/1.1" 200 -
172.22.2.4 - - [28/Aug/2022:06:45:39 -0500] "GET /BLA/boletinlegal/ HTTP/1.1" 200 60272
34.90.40.213 - - [28/Aug/2022:06:47:46 -0500] "GET / HTTP/1.1" 200 319
34.90.40.213 - - [28/Aug/2022:06:47:46 -0500] "GET / HTTP/1.1" 200 4720
201.245.192.253 - - [28/Aug/2022:06:48:05 -0500] "POST /kwsrmcab/Wsrmcab  HTTP/1.1" 200 213
66.249.64.45 - - [28/Aug/2022:06:48:49 -0500] "-" 408 -
65.49.20.90 - - [28/Aug/2022:06:50:27 -0500] "GET /favicon.ico HTTP/1.1" 200 7782
95.108.213.10 - - [28/Aug/2022:06:50:52 -0500] "-" 408 -
216.245.221.92 - - [28/Aug/2022:06:51:48 -0500] "HEAD / HTTP/1.1" 200 -
172.22.2.4 - - [28/Aug/2022:06:50:39 -0500] "HEAD /BLA/boletinlegal/ HTTP/1.1" 200 -
201.245.192.253 - - [28/Aug/2022:06:53:04 -0500] "POST /kwsrmcab/Wsrmcab  HTTP/1.1" 200 213
172.22.2.4 - - [28/Aug/2022:06:51:29 -0500] "GET /BLA/boletinlegal/ HTTP/1.1" 200 58154
173.252.127.8 - - [28/Aug/2022:06:55:05 -0500] "GET /acercar-programa-del-distrito-para-ayudar-a-las-empresas-a-crecer-de-manera-sostenible.html HTTP/1.1" 206 979
157.55.39.8 - - [28/Aug/2022:06:56:19 -0500] "GET /Residuos/cosmeticos/files/guia_cosmeticos-aseo.pdf HTTP/1.1" 304 -
216.245.221.92 - - [28/Aug/2022:06:56:48 -0500] "HEAD / HTTP/1.1" 200 -
13.66.139.13 - - [28/Aug/2022:06:58:05 -0500] "-" 408 -
201.245.192.253 - - [28/Aug/2022:06:58:03 -0500] "POST /kwsrmcab/Wsrmcab  HTTP/1.1" 200 213
172.22.2.4 - - [28/Aug/2022:06:56:29 -0500] "HEAD /BLA/boletinlegal/ HTTP/1.1" 200 -
172.22.2.4 - - [28/Aug/2022:06:57:19 -0500] "GET /BLA/boletinlegal/ HTTP/1.1" 200 60272
66.249.64.45 - - [28/Aug/2022:07:00:43 -0500] "-" 408 -
87.250.224.25 - - [28/Aug/2022:07:00:52 -0500] "-" 408 -
216.245.221.92 - - [28/Aug/2022:07:01:48 -0500] "HEAD / HTTP/1.1" 200 -
173.252.79.3 - - [28/Aug/2022:07:02:28 -0500] "GET /images/pieza-mujeres-reverdecen-4-abril.jpg HTTP/1.1" 200 48916
201.245.192.253 - - [28/Aug/2022:07:03:02 -0500] "POST /kwsrmcab/Wsrmcab  HTTP/1.1" 200 213
172.22.2.4 - - [28/Aug/2022:07:02:19 -0500] "HEAD /BLA/boletinlegal/ HTTP/1.1" 200 -
172.22.2.4 - - [28/Aug/2022:07:03:09 -0500] "GET /BLA/boletinlegal/ HTTP/1.1" 200 50790
66.249.64.45 - - [28/Aug/2022:07:06:27 -0500] "-" 408 -
172.22.2.4 - - [28/Aug/2022:07:05:42 -0500] "GET /BLA/boletinlegal/ HTTP/1.1" 200 36811
216.245.221.92 - - [28/Aug/2022:07:06:48 -0500] "HEAD / HTTP/1.1" 200 -
201.245.192.253 - - [28/Aug/2022:07:08:01 -0500] "POST /kwsrmcab/Wsrmcab  HTTP/1.1" 200 213
172.22.2.4 - - [28/Aug/2022:07:08:09 -0500] "HEAD /BLA/boletinlegal/ HTTP/1.1" 200 -
172.22.2.4 - - [28/Aug/2022:07:08:59 -0500] "GET /BLA/boletinlegal/ HTTP/1.1" 200 60272
213.180.203.74 - - [28/Aug/2022:07:10:52 -0500] "-" 408 -
216.245.221.92 - - [28/Aug/2022:07:11:48 -0500] "HEAD / HTTP/1.1" 200 -
172.22.2.4 - - [28/Aug/2022:07:12:25 -0500] "GET /BLA/boletinlegal/styles2.css HTTP/1.1" 200 1838
172.22.2.4 - - [28/Aug/2022:07:12:25 -0500] "GET /BLA/boletinlegal/style.css HTTP/1.1" 200 9406
172.22.2.4 - - [28/Aug/2022:07:12:25 -0500] "GET /BLA/boletinlegal/js/jquery.js HTTP/1.1" 200 57254
172.22.2.4 - - [28/Aug/2022:07:12:25 -0500] "GET /BLA/boletinlegal/js/jquery.scrollTo-min.js HTTP/1.1" 200 1150
172.22.2.4 - - [28/Aug/2022:07:12:25 -0500] "GET /BLA/boletinlegal/js/jquery.scrollShow.js HTTP/1.1" 200 4586
172.22.2.4 - - [28/Aug/2022:07:12:25 -0500] "GET /BLA/boletinlegal/images/cabezote%20BLEGAL.jpg HTTP/1.1" 200 118164
172.22.2.4 - - [28/Aug/2022:07:12:25 -0500] "GET /BLA/boletinlegal/images/subscribe-icon-big.png HTTP/1.1" 200 47702
172.22.2.4 - - [28/Aug/2022:07:12:25 -0500] "GET /BLA/boletinlegal/images/historia.png HTTP/1.1" 200 52775
172.22.2.4 - - [28/Aug/2022:07:12:25 -0500] "GET /BLA/boletinlegal/images/registro-usuarios.png HTTP/1.1" 200 8106
172.22.2.4 - - [28/Aug/2022:07:12:25 -0500] "GET /BLA/boletinlegal/images/arr_l.jpg HTTP/1.1" 200 1979
172.22.2.4 - - [28/Aug/2022:07:12:25 -0500] "GET /BLA/boletinlegal/images/screen_1.png HTTP/1.1" 200 202547
172.22.2.4 - - [28/Aug/2022:07:12:25 -0500] "GET /BLA/boletinlegal/images/launch.jpg HTTP/1.1" 200 14577
172.22.2.4 - - [28/Aug/2022:07:12:26 -0500] "GET /BLA/boletinlegal/actos.php HTTP/1.1" 200 9559
172.22.2.4 - - [28/Aug/2022:07:12:26 -0500] "GET /BLA/boletinlegal/js/ajax_actos.js HTTP/1.1" 200 1322
172.22.2.4 - - [28/Aug/2022:07:12:26 -0500] "GET /BLA/boletinlegal/niceforms.js HTTP/1.1" 200 22876
172.22.2.4 - - [28/Aug/2022:07:12:26 -0500] "GET /BLA/boletinlegal/niceforms-default.css HTTP/1.1" 200 6694
172.22.2.4 - - [28/Aug/2022:07:12:26 -0500] "GET /BLA/boletinlegal/js/lib.js HTTP/1.1" 200 6474
172.22.2.4 - - [28/Aug/2022:07:12:26 -0500] "GET /BLA/boletinlegal/js/popup.js HTTP/1.1" 200 1270
172.22.2.4 - - [28/Aug/2022:07:12:26 -0500] "GET /BLA/boletinlegal/js/jquery1.js HTTP/1.1" 200 29846
172.22.2.4 - - [28/Aug/2022:07:12:26 -0500] "GET /BLA/boletinlegal/images/green-yellow-blue-pink-th.png HTTP/1.1" 200 7394
172.22.2.4 - - [28/Aug/2022:07:12:26 -0500] "GET /BLA/boletinlegal/images/abajo.png HTTP/1.1" 200 96676
172.22.2.4 - - [28/Aug/2022:07:12:26 -0500] "GET /BLA/boletinlegal/images/tel.png HTTP/1.1" 200 14477
172.22.2.4 - - [28/Aug/2022:07:12:26 -0500] "GET /BLA/boletinlegal/images/icono-email.png HTTP/1.1" 200 5544
172.22.2.4 - - [28/Aug/2022:07:12:26 -0500] "GET /BLA/boletinlegal/images/body_bg.jpg HTTP/1.1" 200 1601
172.22.2.4 - - [28/Aug/2022:07:12:26 -0500] "GET /BLA/boletinlegal/images/menu_lft.gif HTTP/1.1" 200 1713
172.22.2.4 - - [28/Aug/2022:07:12:26 -0500] "GET /BLA/boletinlegal/images/menu_rght.gif HTTP/1.1" 200 1627
172.22.2.4 - - [28/Aug/2022:07:12:26 -0500] "GET /BLA/boletinlegal/images/menu_bg.jpg HTTP/1.1" 200 620
172.22.2.4 - - [28/Aug/2022:07:12:26 -0500] "GET /BLA/boletinlegal/images/bg_top.jpg HTTP/1.1" 200 522
172.22.2.4 - - [28/Aug/2022:07:12:26 -0500] "GET /BLA/boletinlegal/images/hover.jpg HTTP/1.1" 200 640
172.22.2.4 - - [28/Aug/2022:07:12:26 -0500] "GET /BLA/boletinlegal/images/text.jpg HTTP/1.1" 200 568
172.22.2.4 - - [28/Aug/2022:07:12:26 -0500] "GET /BLA/boletinlegal/images/footer_bg.jpg HTTP/1.1" 200 586
172.22.2.4 - - [28/Aug/2022:07:12:26 -0500] "GET /BLA/boletinlegal/images/footer_bg_l.jpg HTTP/1.1" 200 776
172.22.2.4 - - [28/Aug/2022:07:12:26 -0500] "GET /BLA/boletinlegal/img/0.png HTTP/1.1" 200 110
172.22.2.4 - - [28/Aug/2022:07:12:26 -0500] "GET /BLA/boletinlegal/img/select-left.png HTTP/1.1" 200 263
172.22.2.4 - - [28/Aug/2022:07:12:26 -0500] "GET /BLA/boletinlegal/img/select-right.png HTTP/1.1" 200 44019
172.22.2.4 - - [28/Aug/2022:07:12:26 -0500] "GET /BLA/boletinlegal/img/button.png HTTP/1.1" 200 43241
172.22.2.4 - - [28/Aug/2022:07:12:26 -0500] "GET /BLA/boletinlegal/img/button-left.png HTTP/1.1" 200 57071
172.22.2.4 - - [28/Aug/2022:07:12:26 -0500] "GET /BLA/boletinlegal/img/button-right.png HTTP/1.1" 200 57878
172.22.2.4 - - [28/Aug/2022:07:12:26 -0500] "GET /BLA/boletinlegal/favicon.ico HTTP/1.1" 404 1326
172.22.2.4 - - [28/Aug/2022:07:12:32 -0500] "GET /BLA/boletinlegal/images/screen_2.png HTTP/1.1" 200 362502
172.22.2.4 - - [28/Aug/2022:07:12:32 -0500] "GET /BLA/boletinlegal/images/screen_3.png HTTP/1.1" 200 210620
172.22.2.4 - - [28/Aug/2022:07:12:32 -0500] "GET /BLA/boletinlegal/images/screen_5.png HTTP/1.1" 200 368876
172.22.2.4 - - [28/Aug/2022:07:12:32 -0500] "GET /BLA/boletinlegal/images/arr_r.jpg HTTP/1.1" 200 1998
172.22.2.4 - - [28/Aug/2022:07:12:38 -0500] "GET /BLA/boletinlegal/consulta_actos.php?tipo=resoluciones&no=1530&usuario=&sector=&fecha=2010&resuelve= HTTP/1.1" 200 1083
172.22.2.4 - - [28/Aug/2022:07:12:38 -0500] "GET /BLA/boletinlegal/images/pdf.gif HTTP/1.1" 200 567
186.155.198.243 - - [28/Aug/2022:07:12:41 -0500] "GET /BLA/resoluciones/RESOLUCIONES%202010/1530.pdf HTTP/1.1" 200 449500
186.155.198.243 - - [28/Aug/2022:07:12:41 -0500] "GET /BLA/resoluciones/RESOLUCIONES%202010/1530.pdf HTTP/1.1" 200 449500
186.155.198.243 - - [28/Aug/2022:07:12:41 -0500] "GET /BLA/resoluciones/RESOLUCIONES%202010/1530.pdf HTTP/1.1" 206 1025
201.245.192.253 - - [28/Aug/2022:07:13:00 -0500] "POST /kwsrmcab/Wsrmcab  HTTP/1.1" 200 213
66.249.64.45 - - [28/Aug/2022:07:13:25 -0500] "-" 408 -
186.155.18.170 - - [28/Aug/2022:07:13:56 -0500] "GET /portaldeninos/ HTTP/1.1" 200 110281
186.155.18.170 - - [28/Aug/2022:07:13:57 -0500] "GET /portaldeninos/wp-content/themes/betheme/css/layout.css?ver=20.9.6 HTTP/1.1" 200 116639
186.155.18.170 - - [28/Aug/2022:07:13:57 -0500] "GET /portaldeninos/wp-content/themes/betheme/css/shortcodes.css?ver=20.9.6 HTTP/1.1" 200 138889
186.155.18.170 - - [28/Aug/2022:07:13:57 -0500] "GET /portaldeninos/wp-content/themes/betheme/js/plugins.js?ver=20.9.6 HTTP/1.1" 200 197151
186.155.18.170 - - [28/Aug/2022:07:13:57 -0500] "GET /portaldeninos/wp-content/uploads/2018/10/oso.jpg HTTP/1.1" 200 305180
186.155.18.170 - - [28/Aug/2022:07:13:57 -0500] "GET /portaldeninos/wp-content/uploads/2018/11/caneca.jpg HTTP/1.1" 200 262661
186.155.18.170 - - [28/Aug/2022:07:13:57 -0500] "GET /portaldeninos/wp-content/uploads/2020/01/Frailejon-escenario.jpg HTTP/1.1" 200 357472
186.155.18.170 - - [28/Aug/2022:07:13:57 -0500] "GET /portaldeninos/wp-content/uploads/2018/11/tigrillo.jpg HTTP/1.1" 200 402961
186.155.18.170 - - [28/Aug/2022:07:13:57 -0500] "GET /portaldeninos/wp-content/uploads/2022/08/Infograf%C3%ADa-humedales-actualizada.png HTTP/1.1" 200 588022
186.155.18.170 - - [28/Aug/2022:07:13:57 -0500] "GET /portaldeninos/wp-content/uploads/2020/01/Tierra-escenario.jpg HTTP/1.1" 200 181491
186.155.18.170 - - [28/Aug/2022:07:13:57 -0500] "GET /portaldeninos/wp-content/uploads/2022/08/HUmedalConejera03-1.jpg HTTP/1.1" 200 12388495
172.22.2.4 - - [28/Aug/2022:07:12:25 -0500] "GET /BLA/boletinlegal/ HTTP/1.1" 200 62763
186.155.18.170 - - [28/Aug/2022:07:13:57 -0500] "GET /portaldeninos/wp-content/uploads/2022/01/Conoce-lo-que-hace-la-Secretar%C3%ADa-de-Ambiente.mp4 HTTP/1.1" 206 5846758
186.155.18.170 - - [28/Aug/2022:07:13:57 -0500] "GET /portaldeninos/wp-content/uploads/2019/06/CabezoteAMBIENTIC.mp4 HTTP/1.1" 206 21630806
172.22.2.4 - - [28/Aug/2022:07:13:59 -0500] "HEAD /BLA/boletinlegal/ HTTP/1.1" 200 -
207.46.13.16 - - [28/Aug/2022:07:16:18 -0500] "GET /BLA/resoluciones/RESOLUCIONES%202003/RES%202003%20851-900/867.tif HTTP/1.1" 200 1293664
172.22.2.4 - - [28/Aug/2022:07:14:49 -0500] "GET /BLA/boletinlegal/ HTTP/1.1" 200 53994
216.245.221.92 - - [28/Aug/2022:07:16:48 -0500] "HEAD / HTTP/1.1" 200 -
23.100.232.233 - - [28/Aug/2022:07:16:50 -0500] "GET /bla/resoluciones/autos%202015/1746.pdf HTTP/1.1" 200 596507
201.245.192.253 - - [28/Aug/2022:07:17:59 -0500] "POST /kwsrmcab/Wsrmcab  HTTP/1.1" 200 213
207.46.13.16 - - [28/Aug/2022:07:18:28 -0500] "GET /BLA/boletinlegal/notificaciones.php HTTP/1.1" 200 15764
201.245.192.253 - - [28/Aug/2022:07:19:20 -0500] "POST /kwsrmcab/Wsrmcab HTTP/1.1" 200 43128
201.245.192.253 - - [28/Aug/2022:07:19:24 -0500] "POST /kwsrmcab/Wsrmcab HTTP/1.1" 200 40978
66.249.64.45 - - [28/Aug/2022:07:21:19 -0500] "-" 408 -
172.22.2.4 - - [28/Aug/2022:07:19:49 -0500] "HEAD /BLA/boletinlegal/ HTTP/1.1" 200 -
87.250.224.4 - - [28/Aug/2022:07:21:42 -0500] "-" 408 -
216.245.221.92 - - [28/Aug/2022:07:21:48 -0500] "HEAD / HTTP/1.1" 200 -
66.220.149.118 - - [28/Aug/2022:07:22:05 -0500] "GET /images/mujeres-cultura-31.jpg HTTP/1.1" 200 33736
172.22.2.4 - - [28/Aug/2022:07:20:39 -0500] "GET /BLA/boletinlegal/ HTTP/1.1" 200 52868
201.245.192.253 - - [28/Aug/2022:07:22:58 -0500] "POST /kwsrmcab/Wsrmcab  HTTP/1.1" 200 213
69.63.184.119 - - [28/Aug/2022:07:23:30 -0500] "GET /mujeres-que-trabajan-por-el-medioambiente-de-bogota.html HTTP/1.1" 206 724
216.245.221.92 - - [28/Aug/2022:07:26:48 -0500] "HEAD / HTTP/1.1" 200 -
185.119.81.109 - - [28/Aug/2022:07:27:14 -0500] "GET /portaldeninos/wp-login.php HTTP/1.1" 200 2592
185.119.81.109 - - [28/Aug/2022:07:27:15 -0500] "POST /portaldeninos/wp-login.php HTTP/1.1" 200 3605
172.22.2.4 - - [28/Aug/2022:07:25:39 -0500] "HEAD /BLA/boletinlegal/ HTTP/1.1" 200 -
66.249.64.45 - - [28/Aug/2022:07:27:40 -0500] "-" 408 -
201.245.192.253 - - [28/Aug/2022:07:27:58 -0500] "POST /kwsrmcab/Wsrmcab  HTTP/1.1" 200 213
172.22.2.4 - - [28/Aug/2022:07:26:29 -0500] "GET /BLA/boletinlegal/ HTTP/1.1" 200 58566
201.245.192.253 - - [28/Aug/2022:07:29:20 -0500] "POST /kwsrmcab/Wsrmcab HTTP/1.1" 200 43128
172.22.2.4 - - [28/Aug/2022:07:28:34 -0500] "GET /BLA/boletinlegal/ HTTP/1.1" 200 36811
201.245.192.253 - - [28/Aug/2022:07:29:23 -0500] "POST /kwsrmcab/Wsrmcab HTTP/1.1" 200 40978
45.134.225.20 - - [28/Aug/2022:07:29:57 -0500] "GET / HTTP/1.1" 200 319
87.250.224.32 - - [28/Aug/2022:07:31:42 -0500] "-" 408 -
216.245.221.92 - - [28/Aug/2022:07:31:48 -0500] "HEAD / HTTP/1.1" 200 -
172.22.2.4 - - [28/Aug/2022:07:32:20 -0500] "GET /BLA/boletinlegal/consulta_actos.php?tipo=autos&no=1520&usuario=&sector=&fecha=2010&resuelve= HTTP/1.1" 200 1034
201.245.192.253 - - [28/Aug/2022:07:32:57 -0500] "POST /kwsrmcab/Wsrmcab  HTTP/1.1" 200 213
172.22.2.4 - - [28/Aug/2022:07:31:29 -0500] "HEAD /BLA/boletinlegal/ HTTP/1.1" 200 -
172.22.2.4 - - [28/Aug/2022:07:33:13 -0500] "GET /BLA/boletinlegal/ HTTP/1.1" 200 24523
172.22.2.4 - - [28/Aug/2022:07:32:19 -0500] "GET /BLA/boletinlegal/ HTTP/1.1" 200 56005
5.45.207.134 - - [28/Aug/2022:07:34:19 -0500] "-" 408 -
40.77.190.104 - - [28/Aug/2022:07:34:22 -0500] "GET /BLA/boletinlegal/styles2.css HTTP/1.1" 200 1838
40.77.190.104 - - [28/Aug/2022:07:34:22 -0500] "GET /BLA/boletinlegal/js/jquery.scrollTo-min.js HTTP/1.1" 200 1150
40.77.190.104 - - [28/Aug/2022:07:34:22 -0500] "GET /BLA/boletinlegal/js/jquery.js HTTP/1.1" 200 57254
5.45.207.68 - - [28/Aug/2022:07:34:24 -0500] "-" 408 -
95.108.213.2 - - [28/Aug/2022:07:34:30 -0500] "-" 408 -
95.108.213.61 - - [28/Aug/2022:07:34:35 -0500] "-" 408 -
207.46.13.16 - - [28/Aug/2022:07:34:40 -0500] "GET /BLA/resoluciones/RESOLUCIONES%202003/RES%202003%20851-900/886.tif HTTP/1.1" 200 131680
87.250.224.67 - - [28/Aug/2022:07:34:50 -0500] "-" 408 -
87.250.224.72 - - [28/Aug/2022:07:35:05 -0500] "-" 408 -
172.22.2.4 - - [28/Aug/2022:07:34:22 -0500] "GET /BLA/boletinlegal/ HTTP/1.1" 200 36811
87.250.224.34 - - [28/Aug/2022:07:35:35 -0500] "-" 408 -
23.100.232.233 - - [28/Aug/2022:07:35:42 -0500] "GET /galeria/galeria/jquery.fancybox.js?v=2.1.5 HTTP/1.1" 200 48706
23.100.232.233 - - [28/Aug/2022:07:35:42 -0500] "GET /galeria/galeria/jquery.fancybox.css?v=2.1.5 HTTP/1.1" 200 4895
87.250.224.139 - - [28/Aug/2022:07:36:35 -0500] "-" 408 -
216.245.221.92 - - [28/Aug/2022:07:36:48 -0500] "HEAD / HTTP/1.1" 200 -
159.242.234.244 - - [28/Aug/2022:07:37:02 -0500] "GET /wp-commentin.php HTTP/1.1" 404 1035
159.242.234.244 - - [28/Aug/2022:07:37:07 -0500] "GET /wp-commentin.php HTTP/1.1" 404 1032
141.8.142.94 - - [28/Aug/2022:07:37:35 -0500] "-" 408 -
185.119.81.109 - - [28/Aug/2022:07:37:36 -0500] "GET /portaldeninos/wp-login.php HTTP/1.1" 200 2592
185.119.81.109 - - [28/Aug/2022:07:37:37 -0500] "POST /portaldeninos/wp-login.php HTTP/1.1" 200 3605
201.245.192.253 - - [28/Aug/2022:07:37:57 -0500] "POST /kwsrmcab/Wsrmcab  HTTP/1.1" 200 213
172.22.2.4 - - [28/Aug/2022:07:36:38 -0500] "GET /BLA/boletinlegal/ HTTP/1.1" 200 56723
172.22.2.4 - - [28/Aug/2022:07:37:19 -0500] "HEAD /BLA/boletinlegal/ HTTP/1.1" 200 -
207.46.13.186 - - [28/Aug/2022:07:39:08 -0500] "GET /Publicaciones/2022EE127946.pdf HTTP/1.1" 404 228
201.245.192.253 - - [28/Aug/2022:07:39:19 -0500] "POST /kwsrmcab/Wsrmcab HTTP/1.1" 200 43128
201.245.192.253 - - [28/Aug/2022:07:39:23 -0500] "POST /kwsrmcab/Wsrmcab HTTP/1.1" 200 40978
172.22.2.4 - - [28/Aug/2022:07:39:46 -0500] "GET /BLA/boletinlegal/robots.txt HTTP/1.1" 404 1038
172.22.2.4 - - [28/Aug/2022:07:38:09 -0500] "GET /BLA/boletinlegal/ HTTP/1.1" 200 58946
5.255.253.178 - - [28/Aug/2022:07:40:03 -0500] "-" 408 -
172.22.2.4 - - [28/Aug/2022:07:39:47 -0500] "GET /BLA/boletinlegal/ HTTP/1.1" 200 40907
216.245.221.92 - - [28/Aug/2022:07:41:48 -0500] "HEAD / HTTP/1.1" 200 -
173.252.107.8 - - [28/Aug/2022:07:42:51 -0500] "GET /bogota-tendra-una-nueva-reciclaton-empresarial.html HTTP/1.1" 206 886
201.245.192.253 - - [28/Aug/2022:07:42:56 -0500] "POST /kwsrmcab/Wsrmcab  HTTP/1.1" 200 213
5.45.207.98 - - [28/Aug/2022:07:43:03 -0500] "-" 408 -
173.252.107.4 - - [28/Aug/2022:07:43:11 -0500] "GET /ciudad-bolivar-y-puente-aranda-se-alistan-para-una-nueva-llantaton.html HTTP/1.1" 206 991
172.22.2.4 - - [28/Aug/2022:07:43:09 -0500] "HEAD /BLA/boletinlegal/ HTTP/1.1" 200 -
172.22.2.4 - - [28/Aug/2022:07:43:59 -0500] "GET /BLA/boletinlegal/ HTTP/1.1" 200 55621
216.245.221.92 - - [28/Aug/2022:07:46:48 -0500] "HEAD / HTTP/1.1" 200 -
208.67.104.120 - - [28/Aug/2022:07:46:49 -0500] "GET /.env HTTP/1.1" 404 1018
208.67.104.120 - - [28/Aug/2022:07:46:49 -0500] "POST / HTTP/1.1" 200 319
201.245.192.253 - - [28/Aug/2022:07:47:55 -0500] "POST /kwsrmcab/Wsrmcab  HTTP/1.1" 200 213
5.45.207.150 - - [28/Aug/2022:07:48:03 -0500] "-" 408 -
66.249.64.49 - - [28/Aug/2022:07:50:03 -0500] "-" 408 -
172.22.2.4 - - [28/Aug/2022:07:48:59 -0500] "HEAD /BLA/boletinlegal/ HTTP/1.1" 200 -
207.46.13.115 - - [28/Aug/2022:07:50:53 -0500] "GET /BLA/resoluciones/RESOLUCIONES%202020/0098.pdf HTTP/1.1" 200 326425
172.22.2.4 - - [28/Aug/2022:07:49:49 -0500] "GET /BLA/boletinlegal/ HTTP/1.1" 200 58566
216.245.221.92 - - [28/Aug/2022:07:51:48 -0500] "HEAD / HTTP/1.1" 200 -
201.245.192.253 - - [28/Aug/2022:07:52:54 -0500] "POST /kwsrmcab/Wsrmcab  HTTP/1.1" 200 213
181.51.27.200 - - [28/Aug/2022:07:54:31 -0500] "GET /BLA/resoluciones/ HTTP/1.1" 200 13093
181.51.27.200 - - [28/Aug/2022:07:54:38 -0500] "GET /BLA/resoluciones/index.php?dir=AUTOS+2020%2F HTTP/1.1" 200 326166
172.22.2.4 - - [28/Aug/2022:07:55:35 -0500] "GET /BLA/boletinlegal/jurisprudencia/analisis/AnalisisT-606-15.docx HTTP/1.1" 200 26698
172.22.2.4 - - [28/Aug/2022:07:55:36 -0500] "GET /BLA/boletinlegal/apple-touch-icon-120x120-precomposed.png HTTP/1.1" 404 1140
172.22.2.4 - - [28/Aug/2022:07:55:36 -0500] "GET /BLA/boletinlegal/apple-touch-icon-120x120.png HTTP/1.1" 404 1140
172.22.2.4 - - [28/Aug/2022:07:55:36 -0500] "GET /BLA/boletinlegal/apple-touch-icon-precomposed.png HTTP/1.1" 404 1140
172.22.2.4 - - [28/Aug/2022:07:55:36 -0500] "GET /BLA/boletinlegal/apple-touch-icon.png HTTP/1.1" 404 1140
172.22.2.4 - - [28/Aug/2022:07:55:36 -0500] "GET /BLA/boletinlegal/favicon.ico HTTP/1.1" 404 1140
172.22.2.4 - - [28/Aug/2022:07:55:36 -0500] "GET /BLA/boletinlegal/apple-touch-icon-120x120-precomposed.png HTTP/1.1" 404 1140
172.22.2.4 - - [28/Aug/2022:07:55:36 -0500] "GET /BLA/boletinlegal/apple-touch-icon-120x120.png HTTP/1.1" 404 1140
172.22.2.4 - - [28/Aug/2022:07:55:36 -0500] "GET /BLA/boletinlegal/apple-touch-icon-precomposed.png HTTP/1.1" 404 1140
172.22.2.4 - - [28/Aug/2022:07:55:36 -0500] "GET /BLA/boletinlegal/apple-touch-icon.png HTTP/1.1" 404 1140
172.22.2.4 - - [28/Aug/2022:07:55:36 -0500] "GET /BLA/boletinlegal/favicon.ico HTTP/1.1" 404 1140
87.250.224.174 - - [28/Aug/2022:07:56:03 -0500] "-" 408 -
172.22.2.4 - - [28/Aug/2022:07:54:49 -0500] "HEAD /BLA/boletinlegal/ HTTP/1.1" 200 -
2.57.122.98 - - [28/Aug/2022:07:56:43 -0500] "GET / HTTP/1.1" 200 319
216.245.221.92 - - [28/Aug/2022:07:56:48 -0500] "HEAD / HTTP/1.1" 200 -
172.22.2.4 - - [28/Aug/2022:07:55:39 -0500] "GET /BLA/boletinlegal/ HTTP/1.1" 200 53631
172.22.2.4 - - [28/Aug/2022:07:56:41 -0500] "GET /BLA/boletinlegal/ HTTP/1.1" 200 32715
23.100.232.233 - - [28/Aug/2022:07:57:55 -0500] "GET /bla/resoluciones/autos%202015/3818.pdf HTTP/1.1" 200 538881
201.245.192.253 - - [28/Aug/2022:07:57:53 -0500] "POST /kwsrmcab/Wsrmcab  HTTP/1.1" 200 213
207.46.13.186 - - [28/Aug/2022:07:58:39 -0500] "GET /BLA/resoluciones/RESOLUCIONES%202019/2304.pdf HTTP/1.1" 304 -
128.1.248.42 - - [28/Aug/2022:08:00:38 -0500] "GET /portaldeninos/ HTTP/1.1" 200 110281
216.245.221.92 - - [28/Aug/2022:08:01:47 -0500] "HEAD / HTTP/1.1" 200 -
172.22.2.4 - - [28/Aug/2022:08:00:39 -0500] "HEAD /BLA/boletinlegal/ HTTP/1.1" 200 -
201.245.192.253 - - [28/Aug/2022:08:02:51 -0500] "POST /kwsrmcab/Wsrmcab  HTTP/1.1" 200 213
172.22.2.4 - - [28/Aug/2022:08:01:29 -0500] "GET /BLA/boletinlegal/ HTTP/1.1" 200 60272
5.255.253.166 - - [28/Aug/2022:08:06:03 -0500] "-" 408 -
216.245.221.92 - - [28/Aug/2022:08:06:47 -0500] "HEAD / HTTP/1.1" 200 -
201.245.192.253 - - [28/Aug/2022:08:07:51 -0500] "POST /kwsrmcab/Wsrmcab  HTTP/1.1" 200 213
172.22.2.4 - - [28/Aug/2022:08:06:29 -0500] "HEAD /BLA/boletinlegal/ HTTP/1.1" 200 -
172.22.2.4 - - [28/Aug/2022:08:07:19 -0500] "GET /BLA/boletinlegal/ HTTP/1.1" 200 58946
216.245.221.92 - - [28/Aug/2022:08:11:47 -0500] "HEAD / HTTP/1.1" 200 -
172.22.2.4 - - [28/Aug/2022:08:12:05 -0500] "GET /BLA/boletinlegal/actuator/gateway/routes HTTP/1.1" 404 1018
201.245.192.253 - - [28/Aug/2022:08:12:50 -0500] "POST /kwsrmcab/Wsrmcab  HTTP/1.1" 200 213
172.22.2.4 - - [28/Aug/2022:08:12:19 -0500] "HEAD /BLA/boletinlegal/ HTTP/1.1" 200 -
172.22.2.4 - - [28/Aug/2022:08:13:09 -0500] "GET /BLA/boletinlegal/ HTTP/1.1" 200 54347
5.45.207.140 - - [28/Aug/2022:08:16:03 -0500] "-" 408 -
216.245.221.92 - - [28/Aug/2022:08:16:47 -0500] "HEAD / HTTP/1.1" 200 -
201.245.192.253 - - [28/Aug/2022:08:17:49 -0500] "POST /kwsrmcab/Wsrmcab  HTTP/1.1" 200 213
201.245.192.253 - - [28/Aug/2022:08:19:19 -0500] "POST /kwsrmcab/Wsrmcab HTTP/1.1" 200 43771
201.245.192.253 - - [28/Aug/2022:08:19:24 -0500] "POST /kwsrmcab/Wsrmcab HTTP/1.1" 200 41130
172.22.2.4 - - [28/Aug/2022:08:18:09 -0500] "HEAD /BLA/boletinlegal/ HTTP/1.1" 200 -
157.55.39.80 - - [28/Aug/2022:08:20:21 -0500] "GET /BLA/resoluciones/RESOLUCIONES%202021/4409.pdf HTTP/1.1" 200 987419
172.22.2.4 - - [28/Aug/2022:08:18:59 -0500] "GET /BLA/boletinlegal/ HTTP/1.1" 200 56005
216.245.221.92 - - [28/Aug/2022:08:21:47 -0500] "HEAD / HTTP/1.1" 200 -
207.46.13.36 - - [28/Aug/2022:08:22:26 -0500] "GET /galeria/nivo-slider/demo/banner.html HTTP/1.1" 200 5446
201.245.192.253 - - [28/Aug/2022:08:22:48 -0500] "POST /kwsrmcab/Wsrmcab  HTTP/1.1" 200 213
172.22.2.4 - - [28/Aug/2022:08:23:46 -0500] "GET /BLA/boletinlegal/ HTTP/1.1" 200 24523
172.22.2.4 - - [28/Aug/2022:08:23:59 -0500] "HEAD /BLA/boletinlegal/ HTTP/1.1" 200 -
5.255.231.250 - - [28/Aug/2022:08:26:03 -0500] "-" 408 -
172.22.2.4 - - [28/Aug/2022:08:24:49 -0500] "GET /BLA/boletinlegal/ HTTP/1.1" 200 58154
216.245.221.92 - - [28/Aug/2022:08:26:47 -0500] "HEAD / HTTP/1.1" 200 -
201.245.192.253 - - [28/Aug/2022:08:27:47 -0500] "POST /kwsrmcab/Wsrmcab  HTTP/1.1" 200 213
201.245.192.253 - - [28/Aug/2022:08:29:19 -0500] "POST /kwsrmcab/Wsrmcab HTTP/1.1" 200 43771
201.245.192.253 - - [28/Aug/2022:08:29:23 -0500] "POST /kwsrmcab/Wsrmcab HTTP/1.1" 200 41130
66.249.64.49 - - [28/Aug/2022:08:30:10 -0500] "-" 408 -
172.22.2.4 - - [28/Aug/2022:08:29:49 -0500] "HEAD /BLA/boletinlegal/ HTTP/1.1" 200 -
216.245.221.92 - - [28/Aug/2022:08:31:47 -0500] "HEAD / HTTP/1.1" 200 -
172.22.2.4 - - [28/Aug/2022:08:30:39 -0500] "GET /BLA/boletinlegal/ HTTP/1.1" 200 58154
201.245.192.253 - - [28/Aug/2022:08:32:46 -0500] "POST /kwsrmcab/Wsrmcab  HTTP/1.1" 200 213
186.155.18.170 - - [28/Aug/2022:08:32:57 -0500] "GET /portaldeninos/ HTTP/1.1" 200 110281
186.155.18.170 - - [28/Aug/2022:08:32:58 -0500] "GET /portaldeninos/wp-content/uploads/2019/06/CabezoteAMBIENTIC.mp4 HTTP/1.1" 206 21677757
186.155.18.170 - - [28/Aug/2022:08:33:57 -0500] "GET /portaldeninos/wp-content/uploads/2022/01/Conoce-lo-que-hace-la-Secretar%C3%ADa-de-Ambiente.mp4 HTTP/1.1" 206 5792396
172.22.2.4 - - [28/Aug/2022:08:34:52 -0500] "GET /BLA/boletinlegal/actos.php HTTP/1.1" 200 9559
172.22.2.4 - - [28/Aug/2022:08:34:52 -0500] "GET /BLA/boletinlegal/niceforms.js HTTP/1.1" 200 22876
172.22.2.4 - - [28/Aug/2022:08:34:52 -0500] "GET /BLA/boletinlegal/js/ajax_actos.js HTTP/1.1" 200 1322
172.22.2.4 - - [28/Aug/2022:08:34:52 -0500] "GET /BLA/boletinlegal/niceforms-default.css HTTP/1.1" 200 6694
172.22.2.4 - - [28/Aug/2022:08:34:52 -0500] "GET /BLA/boletinlegal/js/lib.js HTTP/1.1" 200 6474
172.22.2.4 - - [28/Aug/2022:08:34:52 -0500] "GET /BLA/boletinlegal/js/popup.js HTTP/1.1" 200 1270
172.22.2.4 - - [28/Aug/2022:08:34:52 -0500] "GET /BLA/boletinlegal/js/jquery1.js HTTP/1.1" 200 29846
172.22.2.4 - - [28/Aug/2022:08:34:52 -0500] "GET /BLA/boletinlegal/niceforms.js HTTP/1.1" 200 22876
172.22.2.4 - - [28/Aug/2022:08:34:52 -0500] "GET /BLA/boletinlegal/js/popup.js HTTP/1.1" 200 1270
172.22.2.4 - - [28/Aug/2022:08:34:52 -0500] "GET /BLA/boletinlegal/js/ajax_actos.js HTTP/1.1" 200 1322
172.22.2.4 - - [28/Aug/2022:08:34:52 -0500] "GET /BLA/boletinlegal/images/cabezote%20BLEGAL.jpg HTTP/1.1" 200 118164
172.22.2.4 - - [28/Aug/2022:08:34:52 -0500] "GET /BLA/boletinlegal/js/lib.js HTTP/1.1" 200 6474
172.22.2.4 - - [28/Aug/2022:08:34:52 -0500] "GET /BLA/boletinlegal/images/green-yellow-blue-pink-th.png HTTP/1.1" 200 7394
172.22.2.4 - - [28/Aug/2022:08:34:52 -0500] "GET /BLA/boletinlegal/images/abajo.png HTTP/1.1" 200 96676
172.22.2.4 - - [28/Aug/2022:08:34:52 -0500] "GET /BLA/boletinlegal/images/tel.png HTTP/1.1" 200 14477
172.22.2.4 - - [28/Aug/2022:08:34:52 -0500] "GET /BLA/boletinlegal/images/icono-email.png HTTP/1.1" 200 5544
172.22.2.4 - - [28/Aug/2022:08:34:52 -0500] "GET /BLA/boletinlegal/images/footer_bg.jpg HTTP/1.1" 200 586
172.22.2.4 - - [28/Aug/2022:08:34:52 -0500] "GET /BLA/boletinlegal/images/footer_bg_l.jpg HTTP/1.1" 200 776
172.22.2.4 - - [28/Aug/2022:08:34:52 -0500] "GET /BLA/boletinlegal/js/jquery1.js HTTP/1.1" 200 29846
172.22.2.4 - - [28/Aug/2022:08:34:52 -0500] "GET /BLA/boletinlegal/img/button-left.png HTTP/1.1" 200 57071
172.22.2.4 - - [28/Aug/2022:08:34:52 -0500] "GET /BLA/boletinlegal/img/0.png HTTP/1.1" 200 110
172.22.2.4 - - [28/Aug/2022:08:34:52 -0500] "GET /BLA/boletinlegal/img/select-right.png HTTP/1.1" 200 44019
172.22.2.4 - - [28/Aug/2022:08:34:52 -0500] "GET /BLA/boletinlegal/img/select-left.png HTTP/1.1" 200 263
172.22.2.4 - - [28/Aug/2022:08:34:52 -0500] "GET /BLA/boletinlegal/img/button.png HTTP/1.1" 200 43241
172.22.2.4 - - [28/Aug/2022:08:34:52 -0500] "GET /BLA/boletinlegal/img/button-right.png HTTP/1.1" 200 57878
172.22.2.4 - - [28/Aug/2022:08:34:52 -0500] "GET /BLA/boletinlegal/favicon.ico HTTP/1.1" 404 1326
172.22.2.4 - - [28/Aug/2022:08:35:21 -0500] "GET /BLA/boletinlegal/doctrina.php HTTP/1.1" 200 5604
172.22.2.4 - - [28/Aug/2022:08:35:21 -0500] "GET /BLA/boletinlegal/js/ajax_doctrina.js HTTP/1.1" 200 772
172.22.2.4 - - [28/Aug/2022:08:35:22 -0500] "GET /BLA/boletinlegal/images/sub_ul_li.gif HTTP/1.1" 200 343
172.22.2.4 - - [28/Aug/2022:08:35:22 -0500] "GET /BLA/boletinlegal/js/ajax_doctrina.js HTTP/1.1" 200 772
172.22.2.4 - - [28/Aug/2022:08:35:28 -0500] "GET /BLA/boletinlegal/consulta_doctrina.php?grupo=2 HTTP/1.1" 200 5554
172.22.2.4 - - [28/Aug/2022:08:35:28 -0500] "GET /BLA/boletinlegal/images/pdf.gif HTTP/1.1" 200 567
172.22.2.4 - - [28/Aug/2022:08:35:28 -0500] "GET /BLA/boletinlegal/images/blurry.jpg HTTP/1.1" 200 27450
172.22.2.4 - - [28/Aug/2022:08:35:28 -0500] "GET /BLA/boletinlegal/images/back.png HTTP/1.1" 200 43992
87.250.224.76 - - [28/Aug/2022:08:36:03 -0500] "-" 408 -
69.63.189.120 - - [28/Aug/2022:08:36:16 -0500] "GET /con-la-propuesta-de-pot-garantizamos-la-proteccion-de-los-humedales.html HTTP/1.1" 206 960
216.245.221.92 - - [28/Aug/2022:08:36:47 -0500] "HEAD / HTTP/1.1" 200 -
172.22.2.4 - - [28/Aug/2022:08:35:38 -0500] "HEAD /BLA/boletinlegal/ HTTP/1.1" 200 -
201.245.192.253 - - [28/Aug/2022:08:37:45 -0500] "POST /kwsrmcab/Wsrmcab  HTTP/1.1" 200 213
172.22.2.4 - - [28/Aug/2022:08:36:29 -0500] "GET /BLA/boletinlegal/ HTTP/1.1" 200 58566
40.77.189.192 - - [28/Aug/2022:08:38:22 -0500] "GET /galeria/nivo-slider/themes/pascal/pascal.css HTTP/1.1" 200 2258
40.77.190.35 - - [28/Aug/2022:08:38:22 -0500] "GET /galeria/nivo-slider/nivo-slider.css HTTP/1.1" 200 1507
40.77.189.254 - - [28/Aug/2022:08:38:22 -0500] "GET /galeria/nivo-slider/jquery.nivo.slider.pack.js HTTP/1.1" 200 11561
40.77.189.154 - - [28/Aug/2022:08:38:22 -0500] "GET /galeria/nivo-slider/demo/images/bannertortuga_optimized.jpg HTTP/1.1" 200 39066
40.77.189.92 - - [28/Aug/2022:08:38:22 -0500] "GET /galeria/nivo-slider/demo/images/Bannermujeresquereverdecen.jpg HTTP/1.1" 200 46558
40.77.189.121 - - [28/Aug/2022:08:38:23 -0500] "GET /galeria/nivo-slider/demo/images/bannertrafico_optimized.jpg HTTP/1.1" 200 42578
40.77.188.2 - - [28/Aug/2022:08:38:23 -0500] "GET /galeria/nivo-slider/demo/images/Bannersedeelectronica.jpg HTTP/1.1" 200 40383
40.77.189.154 - - [28/Aug/2022:08:38:23 -0500] "GET /galeria/nivo-slider/demo/images/bannerrutaesperanza.jpg HTTP/1.1" 200 55560
40.77.190.63 - - [28/Aug/2022:08:38:24 -0500] "GET /galeria/nivo-slider/demo/images/banneraire2021.jpg HTTP/1.1" 200 265101
40.77.190.208 - - [28/Aug/2022:08:38:24 -0500] "GET /galeria/nivo-slider/demo/images/Bannerplasticosseptiembre.jpg HTTP/1.1" 200 45633
40.77.189.154 - - [28/Aug/2022:08:38:24 -0500] "GET /galeria/nivo-slider/demo/images/bannerresiduoshospitalariosagosto.jpg HTTP/1.1" 200 36499
40.77.189.50 - - [28/Aug/2022:08:38:24 -0500] "GET /galeria/nivo-slider/demo/images/banneraccionpopularcrr68.jpg HTTP/1.1" 200 51887
40.77.190.241 - - [28/Aug/2022:08:38:24 -0500] "GET /galeria/nivo-slider/demo/images/banneraccionpopular.jpeg HTTP/1.1" 200 41707
40.77.189.92 - - [28/Aug/2022:08:38:24 -0500] "GET /galeria/nivo-slider/demo/images/bannercapacitacionesbogota.jpg HTTP/1.1" 200 42416
40.77.188.24 - - [28/Aug/2022:08:38:25 -0500] "GET /galeria/nivo-slider/demo/images/bannerclases2021.jpg HTTP/1.1" 200 68230
40.77.190.126 - - [28/Aug/2022:08:38:25 -0500] "GET /galeria/nivo-slider/demo/images/Bannerenvases.jpg HTTP/1.1" 200 37316
40.77.188.42 - - [28/Aug/2022:08:38:25 -0500] "GET /galeria/nivo-slider/demo/images/Bannervirtualescanales.jpg HTTP/1.1" 200 174544
40.77.189.254 - - [28/Aug/2022:08:38:26 -0500] "GET /galeria/nivo-slider/demo/images/4Simple_Slider.png HTTP/1.1" 200 11722
40.77.189.64 - - [28/Aug/2022:08:38:26 -0500] "GET /galeria/nivo-slider/themes/default/loading.gif HTTP/1.1" 200 1737
40.77.189.121 - - [28/Aug/2022:08:38:28 -0500] "GET /galeria/nivo-slider/themes/default/arrows.png HTTP/1.1" 200 824
40.77.188.24 - - [28/Aug/2022:08:38:28 -0500] "GET /galeria/nivo-slider/themes/default/bullets.png HTTP/1.1" 200 1281
201.245.192.253 - - [28/Aug/2022:08:39:19 -0500] "POST /kwsrmcab/Wsrmcab HTTP/1.1" 200 43771
201.245.192.253 - - [28/Aug/2022:08:39:23 -0500] "POST /kwsrmcab/Wsrmcab HTTP/1.1" 200 41130
185.119.81.109 - - [28/Aug/2022:08:40:12 -0500] "GET /portaldeninos/wp-login.php HTTP/1.1" 200 2592
185.119.81.109 - - [28/Aug/2022:08:40:13 -0500] "POST /portaldeninos/wp-login.php HTTP/1.1" 200 3605
216.245.221.92 - - [28/Aug/2022:08:41:47 -0500] "HEAD / HTTP/1.1" 200 -
159.203.99.136 - - [28/Aug/2022:08:42:45 -0500] "GET /trang-cam-nang/ HTTP/1.1" 404 1015
201.245.192.253 - - [28/Aug/2022:08:42:44 -0500] "POST /kwsrmcab/Wsrmcab  HTTP/1.1" 200 213
172.22.2.4 - - [28/Aug/2022:08:41:28 -0500] "HEAD /BLA/boletinlegal/ HTTP/1.1" 200 -
172.22.2.4 - - [28/Aug/2022:08:42:19 -0500] "GET /BLA/boletinlegal/ HTTP/1.1" 200 59819
216.245.221.92 - - [28/Aug/2022:08:46:47 -0500] "HEAD / HTTP/1.1" 200 -
173.252.111.20 - - [28/Aug/2022:08:47:10 -0500] "GET /images/jardines-verticales-plantas-24-mayo.jpg HTTP/1.1" 200 148288
201.245.192.253 - - [28/Aug/2022:08:47:43 -0500] "POST /kwsrmcab/Wsrmcab  HTTP/1.1" 200 213
172.22.2.4 - - [28/Aug/2022:08:47:18 -0500] "HEAD /BLA/boletinlegal/ HTTP/1.1" 200 -
172.22.2.4 - - [28/Aug/2022:08:49:31 -0500] "GET /BLA/boletinlegal/robots.txt HTTP/1.1" 404 1038
66.249.64.47 - - [28/Aug/2022:08:49:48 -0500] "-" 408 -
172.22.2.4 - - [28/Aug/2022:08:48:09 -0500] "GET /BLA/boletinlegal/ HTTP/1.1" 200 58566
87.250.224.104 - - [28/Aug/2022:08:50:20 -0500] "-" 408 -
172.22.2.4 - - [28/Aug/2022:08:49:32 -0500] "GET /BLA/boletinlegal/index.php HTTP/1.1" 200 61965
95.161.131.237 - - [28/Aug/2022:08:51:19 -0500] "GET http://query.cleaning/v4/checker.php HTTP/1.1" 404 1018
216.245.221.92 - - [28/Aug/2022:08:51:47 -0500] "HEAD / HTTP/1.1" 200 -
172.22.2.4 - - [28/Aug/2022:08:51:58 -0500] "GET /BLA/boletinlegal/consulta_actos.php?tipo=resoluciones&no=6282&usuario=&sector=&fecha=2011&resuelve= HTTP/1.1" 200 1066
186.155.198.243 - - [28/Aug/2022:08:52:02 -0500] "GET /BLA/resoluciones/RESOLUCIONES%202011/6282.pdf HTTP/1.1" 200 1315035
186.155.198.243 - - [28/Aug/2022:08:52:02 -0500] "GET /BLA/resoluciones/RESOLUCIONES%202011/6282.pdf HTTP/1.1" 206 1025
186.155.198.243 - - [28/Aug/2022:08:52:02 -0500] "GET /BLA/resoluciones/RESOLUCIONES%202011/6282.pdf HTTP/1.1" 200 1315035
207.46.13.16 - - [28/Aug/2022:08:52:27 -0500] "GET /BLA/resoluciones/864.tif HTTP/1.1" 404 1018
172.22.2.4 - - [28/Aug/2022:08:52:42 -0500] "GET /BLA/boletinlegal/consulta_actos.php?tipo=resoluciones&no=6882&usuario=&sector=&fecha=2011&resuelve= HTTP/1.1" 200 626
201.245.192.253 - - [28/Aug/2022:08:52:42 -0500] "POST /kwsrmcab/Wsrmcab  HTTP/1.1" 200 213
172.22.2.4 - - [28/Aug/2022:08:52:46 -0500] "GET /BLA/boletinlegal/consulta_actos.php?tipo=resoluciones&no=6882&usuario=&sector=&fecha=2011&resuelve= HTTP/1.1" 200 626
172.22.2.4 - - [28/Aug/2022:08:52:56 -0500] "GET /BLA/boletinlegal/consulta_actos.php?tipo=resoluciones&no=6882&usuario=&sector=&fecha=2011&resuelve= HTTP/1.1" 200 626
172.22.2.4 - - [28/Aug/2022:08:53:00 -0500] "GET /BLA/boletinlegal/consulta_actos.php?tipo=resoluciones&no=6882&usuario=&sector=&fecha=2011&resuelve= HTTP/1.1" 200 626
172.22.2.4 - - [28/Aug/2022:08:53:02 -0500] "GET /BLA/boletinlegal/actos.php HTTP/1.1" 200 9559
172.22.2.4 - - [28/Aug/2022:08:53:02 -0500] "GET /BLA/boletinlegal/niceforms-default.css HTTP/1.1" 200 6694
172.22.2.4 - - [28/Aug/2022:08:53:14 -0500] "GET /BLA/boletinlegal/consulta_actos.php?tipo=resoluciones&no=6882&usuario=&sector=&fecha=2011&resuelve= HTTP/1.1" 200 626
207.46.13.186 - - [28/Aug/2022:08:53:15 -0500] "GET /BLA/resoluciones/index.php?dir=AUTOS+2021%2F HTTP/1.1" 200 393164
186.102.45.143 - - [28/Aug/2022:08:54:45 -0500] "GET /kwssiamovil/sm/ldap/au?x=U2FsdGVkX19BXe65FuEix+emtfLb/93zYBR9Y4+sTLWLL5PcDqDpuJR2Vgp08NFh&y=U2FsdGVkX19QAGNT7ua3jo6MjnwkpK7mbE/6iZ6HeGffygd1jpIoPckdZ782d10e HTTP/1.1" 200 31
190.27.1.18 - - [28/Aug/2022:08:54:46 -0500] "GET /BLA/resoluciones/index.php?dir=AUTOS+2014%2F HTTP/1.1" 200 876182
172.22.2.4 - - [28/Aug/2022:08:53:09 -0500] "HEAD /BLA/boletinlegal/ HTTP/1.1" 200 -
186.102.45.143 - - [28/Aug/2022:08:54:51 -0500] "GET /kwssiamovil/sm/ldap/au?x=U2FsdGVkX1+BmiKGZw1nEtrXdX+uILJ5FotRCr7CB7NtF0IAzIlBHxMXtyX6JYVS&y=U2FsdGVkX1+tNiTT0hyZ6XbC8mFTPcloUAE1Ipx/3pzXV5GppCp8GFm0oTsgSQcN HTTP/1.1" 200 31
186.102.45.143 - - [28/Aug/2022:08:55:10 -0500] "GET /kwssiamovil/sm/ldap/au?x=U2FsdGVkX1+RXynbr5dCNb3O4F6FeVIP377M4HxsiZZhnU7i/DMLIcuDlStLPdgK&y=U2FsdGVkX19bPFD4C+kiEvgD9pqz77jCxIDk3onLEmzyBSDgleSnvb+KMf4kBeq8 HTTP/1.1" 200 30
