186.84.20.174 - - [30/Aug/2022:14:34:09 -0500] "GET /portaldeninos/wp-content/plugins/gallery-videos/CSS/Total-Soft-Gallery-Video-Widget.css?ver=4.9.8 HTTP/1.1" 200 51554
186.84.20.174 - - [30/Aug/2022:14:34:10 -0500] "GET /portaldeninos/wp-content/themes/betheme/style.css?ver=20.9.6 HTTP/1.1" 200 287
186.84.20.174 - - [30/Aug/2022:14:34:10 -0500] "GET /portaldeninos/wp-content/themes/betheme/css/base.css?ver=20.9.6 HTTP/1.1" 200 57283
186.84.20.174 - - [30/Aug/2022:14:34:10 -0500] "GET /portaldeninos/wp-content/plugins/popup-maker/assets/css/site.min.css?ver=1.8.14 HTTP/1.1" 200 8260
186.84.20.174 - - [30/Aug/2022:14:34:09 -0500] "GET /portaldeninos/wp-content/themes/betheme/css/layout.css?ver=20.9.6 HTTP/1.1" 200 116639
186.84.20.174 - - [30/Aug/2022:14:34:10 -0500] "GET /portaldeninos/wp-content/themes/betheme/assets/ui/jquery.ui.all.css?ver=20.9.6 HTTP/1.1" 200 18765
186.84.20.174 - - [30/Aug/2022:14:34:09 -0500] "GET /portaldeninos/wp-content/themes/betheme/css/shortcodes.css?ver=20.9.6 HTTP/1.1" 200 138889
186.84.20.174 - - [30/Aug/2022:14:34:10 -0500] "GET /portaldeninos/wp-includes/js/jquery/jquery.js?ver=1.12.4 HTTP/1.1" 200 97184
186.84.20.174 - - [30/Aug/2022:14:34:10 -0500] "GET /portaldeninos/wp-includes/js/jquery/jquery-migrate.min.js?ver=1.4.1 HTTP/1.1" 200 10056
186.84.20.174 - - [30/Aug/2022:14:34:10 -0500] "GET /portaldeninos/wp-content/uploads/useanyfont/uaf.css?ver=1589905315 HTTP/1.1" 200 408
186.84.20.174 - - [30/Aug/2022:14:34:10 -0500] "GET /portaldeninos/wp-includes/js/jquery/ui/core.min.js?ver=1.11.4 HTTP/1.1" 200 4000
186.84.20.174 - - [30/Aug/2022:14:34:10 -0500] "GET /portaldeninos/wp-content/plugins/gallery-videos/JS/Total-Soft-Gallery-Video-Widget.js?ver=4.9.8 HTTP/1.1" 200 80264
186.84.20.174 - - [30/Aug/2022:14:34:10 -0500] "GET /portaldeninos/wp-content/plugins/gallery-videos/JS/modernizr.custom.js?ver=4.9.8 HTTP/1.1" 200 9019
186.84.20.174 - - [30/Aug/2022:14:34:10 -0500] "GET /portaldeninos/wp-content/plugins/google-analytics-for-wordpress/assets/js/frontend-gtag.min.js?ver=8.5.0 HTTP/1.1" 200 11801
186.119.242.199 - - [30/Aug/2022:14:34:15 -0500] "POST /sipse/faces/presentacion/financiero/solicitudProceso/crearModificarSolicitudProceso.xhtml HTTP/1.1" 200 51769
186.119.242.199 - - [30/Aug/2022:14:34:18 -0500] "POST /sipse/faces/presentacion/financiero/solicitudProceso/crearModificarSolicitudProceso.xhtml HTTP/1.1" 200 25134
186.119.242.199 - - [30/Aug/2022:14:34:22 -0500] "POST /sipse/faces/presentacion/financiero/solicitudProceso/crearModificarSolicitudProceso.xhtml HTTP/1.1" 200 6291
172.22.2.4 - - [30/Aug/2022:14:34:25 -0500] "GET /BLA/boletinlegal/consulta_actos.php?tipo=resoluciones&no=2092&usuario=900490972&sector=RESIDUOS&fecha=2022&resuelve=RAEE HTTP/1.1" 200 626
190.144.96.61 - - [30/Aug/2022:14:34:26 -0500] "GET /BLA/resoluciones/ HTTP/1.1" 200 13093
186.119.242.199 - - [30/Aug/2022:14:34:29 -0500] "POST /sipse/faces/presentacion/financiero/solicitudProceso/crearModificarSolicitudProceso.xhtml HTTP/1.1" 200 9536
186.119.242.199 - - [30/Aug/2022:14:34:33 -0500] "POST /sipse/faces/presentacion/financiero/solicitudProceso/crearModificarSolicitudProceso.xhtml HTTP/1.1" 200 7330
190.144.96.61 - - [30/Aug/2022:14:34:36 -0500] "GET /BLA/resoluciones/index.php?dir=RESOLUCIONES+2015%2F HTTP/1.1" 200 130562
190.144.96.61 - - [30/Aug/2022:14:34:36 -0500] "GET /BLA/resoluciones/dlf/unknown.png HTTP/1.1" 200 266
172.22.2.4 - - [30/Aug/2022:14:32:59 -0500] "GET /BLA/boletinlegal/ HTTP/1.1" 200 50386
172.22.2.4 - - [30/Aug/2022:14:34:44 -0500] "GET /BLA/boletinlegal/conceptos.php HTTP/1.1" 200 7443
172.22.2.4 - - [30/Aug/2022:14:34:44 -0500] "GET /BLA/boletinlegal/js/ajax_conceptos.js HTTP/1.1" 200 1326
186.145.16.142 - - [30/Aug/2022:14:34:45 -0500] "GET /appsia/controlador HTTP/1.1" 200 4799
186.145.16.142 - - [30/Aug/2022:14:34:45 -0500] "GET /appsia/scripts/validarIngreso.js HTTP/1.1" 200 851
186.145.16.142 - - [30/Aug/2022:14:34:45 -0500] "GET /appsia/css/estilos.css HTTP/1.1" 200 4804
186.145.16.142 - - [30/Aug/2022:14:34:45 -0500] "GET /appsia/images/logo_bogota_p.png HTTP/1.1" 200 14951
186.145.16.142 - - [30/Aug/2022:14:34:45 -0500] "GET /appsia/images/cabezoteHojaVida.png HTTP/1.1" 200 32493
186.145.16.142 - - [30/Aug/2022:14:34:45 -0500] "GET /favicon.ico HTTP/1.1" 200 7782
186.119.242.199 - - [30/Aug/2022:14:34:49 -0500] "POST /sipse/faces/presentacion/financiero/solicitudProceso/crearModificarSolicitudProceso.xhtml HTTP/1.1" 200 24672
186.119.242.199 - - [30/Aug/2022:14:34:50 -0500] "GET /sipse/faces/javax.faces.resource/theme.css?ln=primefaces-sipse HTTP/1.1" 304 -
186.119.242.199 - - [30/Aug/2022:14:34:50 -0500] "GET /sipse/faces/javax.faces.resource/primefaces.css?ln=primefaces&v=4.0 HTTP/1.1" 304 -
186.119.242.199 - - [30/Aug/2022:14:34:50 -0500] "GET /sipse/faces/javax.faces.resource/jquery/jquery.js?ln=primefaces&v=4.0 HTTP/1.1" 304 -
186.119.242.199 - - [30/Aug/2022:14:34:50 -0500] "GET /sipse/faces/javax.faces.resource/primefaces.js?ln=primefaces&v=4.0 HTTP/1.1" 304 -
186.119.242.199 - - [30/Aug/2022:14:34:50 -0500] "GET /sipse/faces/javax.faces.resource/layout/layout.js?ln=primefaces&v=4.0 HTTP/1.1" 304 -
186.119.242.199 - - [30/Aug/2022:14:34:50 -0500] "GET /sipse/faces/javax.faces.resource/layout/layout.css?ln=primefaces&v=4.0 HTTP/1.1" 304 -
186.119.242.199 - - [30/Aug/2022:14:34:50 -0500] "GET /sipse/faces/javax.faces.resource/jquery/jquery-plugins.js?ln=primefaces&v=4.0 HTTP/1.1" 304 -
192.144.113.176 - - [30/Aug/2022:14:34:51 -0500] "GET /galeria/galeria/jquery.fancybox.css?v=2.1.5 HTTP/1.1" 200 4895
201.245.192.253 - - [30/Aug/2022:14:34:52 -0500] "POST /kwsrmcab/Wsrmcab  HTTP/1.1" 200 42606
186.119.242.199 - - [30/Aug/2022:14:34:55 -0500] "POST /sipse/faces/presentacion/financiero/solicitudProyectoActividad/asociarProyectoSolicitud.xhtml HTTP/1.1" 200 6623
186.145.16.142 - - [30/Aug/2022:14:34:57 -0500] "POST /appsia/controlador HTTP/1.1" 200 5437
186.119.242.199 - - [30/Aug/2022:14:34:57 -0500] "POST /sipse/faces/presentacion/financiero/solicitudProyectoActividad/asociarProyectoSolicitud.xhtml HTTP/1.1" 200 1700
190.144.96.61 - - [30/Aug/2022:14:34:59 -0500] "GET /BLA/resoluciones/RESOLUCIONES%202015/0835.pdf HTTP/1.1" 200 2077079
186.119.242.199 - - [30/Aug/2022:14:34:58 -0500] "POST /sipse/faces/presentacion/financiero/solicitudProyectoActividad/asociarProyectoSolicitud.xhtml HTTP/1.1" 200 73814
186.119.242.199 - - [30/Aug/2022:14:34:59 -0500] "GET /sipse/faces/javax.faces.resource/theme.css?ln=primefaces-sipse HTTP/1.1" 304 -
186.119.242.199 - - [30/Aug/2022:14:34:59 -0500] "GET /sipse/faces/javax.faces.resource/primefaces.css?ln=primefaces&v=4.0 HTTP/1.1" 304 -
186.119.242.199 - - [30/Aug/2022:14:34:59 -0500] "GET /sipse/faces/javax.faces.resource/layout/layout.css?ln=primefaces&v=4.0 HTTP/1.1" 304 -
186.119.242.199 - - [30/Aug/2022:14:35:00 -0500] "GET /sipse/faces/javax.faces.resource/jquery/jquery.js?ln=primefaces&v=4.0 HTTP/1.1" 304 -
186.119.242.199 - - [30/Aug/2022:14:35:00 -0500] "GET /sipse/faces/javax.faces.resource/jquery/jquery-plugins.js?ln=primefaces&v=4.0 HTTP/1.1" 304 -
186.119.242.199 - - [30/Aug/2022:14:35:00 -0500] "GET /sipse/faces/javax.faces.resource/primefaces.js?ln=primefaces&v=4.0 HTTP/1.1" 304 -
186.119.242.199 - - [30/Aug/2022:14:35:00 -0500] "GET /sipse/faces/javax.faces.resource/layout/layout.js?ln=primefaces&v=4.0 HTTP/1.1" 304 -
186.119.242.199 - - [30/Aug/2022:14:35:01 -0500] "POST /sipse/faces/presentacion/financiero/solicitudProyectoActividad/asociarActividadSolicitud.xhtml HTTP/1.1" 200 39519
186.145.16.142 - - [30/Aug/2022:14:35:02 -0500] "POST /appsia/controlador HTTP/1.1" 200 7767
172.22.2.4 - - [30/Aug/2022:14:34:33 -0500] "GET /BLA/boletinlegal/ HTTP/1.1" 200 20427
186.119.242.199 - - [30/Aug/2022:14:35:03 -0500] "GET /sipse/faces/javax.faces.resource/images/ui-icons_898989_256x240.png?ln=primefaces-aristo HTTP/1.1" 304 -
186.119.242.199 - - [30/Aug/2022:14:35:05 -0500] "POST /sipse/faces/presentacion/financiero/solicitudProyectoActividad/asociarActividadSolicitud.xhtml HTTP/1.1" 200 20139
186.119.242.199 - - [30/Aug/2022:14:35:05 -0500] "GET /sipse/faces/javax.faces.resource/theme.css?ln=primefaces-sipse HTTP/1.1" 304 -
186.119.242.199 - - [30/Aug/2022:14:35:05 -0500] "GET /sipse/faces/javax.faces.resource/primefaces.css?ln=primefaces&v=4.0 HTTP/1.1" 304 -
186.119.242.199 - - [30/Aug/2022:14:35:05 -0500] "GET /sipse/faces/javax.faces.resource/layout/layout.css?ln=primefaces&v=4.0 HTTP/1.1" 304 -
186.119.242.199 - - [30/Aug/2022:14:35:05 -0500] "GET /sipse/faces/javax.faces.resource/jquery/jquery.js?ln=primefaces&v=4.0 HTTP/1.1" 304 -
186.119.242.199 - - [30/Aug/2022:14:35:05 -0500] "GET /sipse/faces/javax.faces.resource/jquery/jquery-plugins.js?ln=primefaces&v=4.0 HTTP/1.1" 304 -
186.119.242.199 - - [30/Aug/2022:14:35:05 -0500] "GET /sipse/faces/javax.faces.resource/primefaces.js?ln=primefaces&v=4.0 HTTP/1.1" 304 -
186.119.242.199 - - [30/Aug/2022:14:35:05 -0500] "GET /sipse/faces/javax.faces.resource/layout/layout.js?ln=primefaces&v=4.0 HTTP/1.1" 304 -
186.145.16.142 - - [30/Aug/2022:14:35:08 -0500] "POST /appsia/controlador HTTP/1.1" 200 6632
186.145.16.142 - - [30/Aug/2022:14:35:09 -0500] "POST /appsia/controlador HTTP/1.1" 200 10947
172.22.2.4 - - [30/Aug/2022:14:34:37 -0500] "GET /BLA/boletinlegal/ HTTP/1.1" 200 24523
190.144.96.61 - - [30/Aug/2022:14:35:16 -0500] "GET /BLA/resoluciones/ HTTP/1.1" 200 13093
186.119.242.199 - - [30/Aug/2022:14:35:16 -0500] "POST /sipse/faces/presentacion/financiero/solicitudProyectoActividad/asociarFuentesSolicitud.xhtml HTTP/1.1" 200 82375
186.119.242.199 - - [30/Aug/2022:14:35:16 -0500] "GET /sipse/faces/javax.faces.resource/theme.css?ln=primefaces-sipse HTTP/1.1" 304 -
186.119.242.199 - - [30/Aug/2022:14:35:16 -0500] "GET /sipse/faces/javax.faces.resource/layout/layout.css?ln=primefaces&v=4.0 HTTP/1.1" 304 -
186.119.242.199 - - [30/Aug/2022:14:35:16 -0500] "GET /sipse/faces/javax.faces.resource/primefaces.css?ln=primefaces&v=4.0 HTTP/1.1" 304 -
186.119.242.199 - - [30/Aug/2022:14:35:16 -0500] "GET /sipse/faces/javax.faces.resource/jquery/jquery-plugins.js?ln=primefaces&v=4.0 HTTP/1.1" 304 -
186.119.242.199 - - [30/Aug/2022:14:35:16 -0500] "GET /sipse/faces/javax.faces.resource/primefaces.js?ln=primefaces&v=4.0 HTTP/1.1" 304 -
186.119.242.199 - - [30/Aug/2022:14:35:16 -0500] "GET /sipse/faces/javax.faces.resource/jquery/jquery.js?ln=primefaces&v=4.0 HTTP/1.1" 304 -
186.119.242.199 - - [30/Aug/2022:14:35:16 -0500] "GET /sipse/faces/javax.faces.resource/layout/layout.js?ln=primefaces&v=4.0 HTTP/1.1" 304 -
190.144.96.61 - - [30/Aug/2022:14:35:21 -0500] "GET /BLA/resoluciones/index.php?dir=Notificaciones%2F HTTP/1.1" 200 10351
190.144.96.61 - - [30/Aug/2022:14:35:27 -0500] "GET /BLA/resoluciones/index.php HTTP/1.1" 200 13093
190.144.96.61 - - [30/Aug/2022:14:35:28 -0500] "GET /BLA/resoluciones/index.php HTTP/1.1" 200 13093
190.144.96.61 - - [30/Aug/2022:14:35:33 -0500] "GET /BLA/resoluciones/index.php?dir=RESOLUCIONES+2021%2F HTTP/1.1" 200 20427
190.144.96.61 - - [30/Aug/2022:14:35:33 -0500] "GET /BLA/resoluciones/index.php?dir=RESOLUCIONES+2021%2F HTTP/1.1" 200 416337
190.144.96.61 - - [30/Aug/2022:14:35:36 -0500] "GET /BLA/resoluciones/RESOLUCIONES%202021/0067.pdf HTTP/1.1" 200 4058745
190.144.96.61 - - [30/Aug/2022:14:35:36 -0500] "GET /BLA/resoluciones/RESOLUCIONES%202021/0067.pdf HTTP/1.1" 200 4058745
190.144.96.61 - - [30/Aug/2022:14:35:47 -0500] "GET /BLA/resoluciones/ HTTP/1.1" 200 13093
190.144.96.61 - - [30/Aug/2022:14:35:50 -0500] "GET /BLA/resoluciones/index.php?dir=RESOLUCIONES+2021%2F HTTP/1.1" 200 16331
190.144.96.61 - - [30/Aug/2022:14:35:50 -0500] "GET /BLA/resoluciones/index.php?dir=RESOLUCIONES+2021%2F HTTP/1.1" 200 416337
190.144.96.61 - - [30/Aug/2022:14:35:52 -0500] "GET /BLA/resoluciones/RESOLUCIONES%202021/0173.pdf HTTP/1.1" 200 1102767
190.144.96.61 - - [30/Aug/2022:14:35:52 -0500] "GET /BLA/resoluciones/RESOLUCIONES%202021/0173.pdf HTTP/1.1" 206 1
190.144.96.61 - - [30/Aug/2022:14:35:52 -0500] "GET /BLA/resoluciones/RESOLUCIONES%202021/0173.pdf HTTP/1.1" 206 201297
172.22.2.4 - - [30/Aug/2022:14:35:53 -0500] "GET /BLA/boletinlegal/consulta_conceptos.php?no=&solicitante=&radicado_entrada=&fecha_concepto=2022&objeto= HTTP/1.1" 200 18450
186.102.62.130 - - [30/Aug/2022:14:35:54 -0500] "GET /kwssiamovil/sm/ldap/au?x=U2FsdGVkX18nNOAVNwwBOFzRKBeKMeuE3hkpB3iQSXMpCaZHO2ZKNjw+E+173PHE&y=U2FsdGVkX18RmP9R/a2JAqPfSwQJY8TfOE01vg1sMhU= HTTP/1.1" 200 30
186.102.62.130 - - [30/Aug/2022:14:35:54 -0500] "GET /kwssiamovil/sm/acme/s?s=U2FsdGVkX1/OdfNnlOi0EW8OK0t30aEfUbp9wArTYt9lkalIwbU89uRLdRoibX2gmI2pok41xrB5e2cO0RknFgRwQLYgUhKxYcueSLaaWno=&u=U2FsdGVkX18pDpjq5U1j7jWgRtd8e/jj05Ak1YxusT8=&y=U2FsdGVkX18RmP9R/a2JAqPfSwQJY8TfOE01vg1sMhU= HTTP/1.1" 200 97
186.102.62.130 - - [30/Aug/2022:14:35:55 -0500] "GET /kwssiamovil/sm/acme/s?s=U2FsdGVkX19tVGcZnbPX68jBXgkkknEvmW8isqjjcST5xmL65fAoN3uLcRJUS/c9f7upDH8qEEybzPI/SGnmqNbdK/hAw7yOMWMPi4gQQ6zRJsh9zO0bpqwseC0mXhF1ubi7VoP9n8MlGjSX7hm+ZixD/9Ri5skzLn4QP7zyCUJxAltUmWiaENNukBDAz3T83BinqfF+u4fSNE5VYIIkIhgrMK4UKf2B7kWULGyjWNxSGqeNke1pdurmy/LpPTVrIVfE5M8VT1PvX3/G1TbMERvap/v7IPDw4DqsTeFxM26o0OX+AIV54OtxhjAmuMsPyiaE3Ei+dZmlkioIwKk7cAPChHqu3Uja6OIBxt5DA9VSqp6/mf7/igSRQFF0zs7W4Legaq9yAgpoHtS4RaFdBNNx5W8qH74vgPGi9S03lUfV6JqJpalqbXa0OdjVVBGoC4+IOYbCKqVFeFCtGr/ub6G91McsmKwlM4c6qj5j2f52nXmQSwmg6ttVs+io2nvxhDX7KsTSiVv0Bhg0ZYBNACmp4TxIvaqwtUCB+tfgnLGpyM+MEDejkHiG1Jr9Lzl2TUY07i5FcrQm0YcnOR6Ji9StRYTupoDd95cDCpj45XGgBxveAdjnBtO4gCXEuuSI3wBUOImhm8zx3rSr66T90yKt4KvPzzHm/rqUTO1wqpCqOc+RbJl5S2SWOQ2+QMP0CHxeiS1N9XuVzUaE4MxOcHlI6PvH1Q+fCVsNKjo46SWCYXfkVTjSpiCm0QSw7oww7nCy24DT2ePuYRvn7ezHoFtmirNe/+YjncsXtVXm1KMvQH656VONkU1KP8tBy905gpEikKkM0qLSUoinfdh78jqYVq6cfiNDm6aRxGYg04m//Ad/Ifrvn0/x8hWAsGV6BH7J6n9kzepBQ2LYDNVsukYKIWtCJy7KBngiwff/lV86IW7l8xevUEOZ2qHpGWSI0Apz6Qbi7KMU1abx9eHabcRk2Mqsf6usRj62evRR4/FKq8CNukllJhiyFZLcVOZa5T/8XoB34CUOFyXgIdkV/YiBrkqw/TSMXow5R8llNkynU5Sowsrbdp405GvEdapkmufoSLejSMCiYczSuNCJb2gt7Wjb82Znv6KLVBdp05vM5ZNFbOghnTeJ6nGzeyUwWEUE1sTZWzdva8v/k9pzt6GQvG9A9uKl3mv24VnNmjYnJAKwOQmGT6GsEm/x9LCQML5O5HTBl91PdEQQmWAzcOCXTMkLvhpjwBCr0XD1l9UPmWMocraHc9zXpjrBwnBkUlO+kqIo8ZMjY9n28rRuxndmgpjq6O9px32a6fWbVShfsE8utU6sG/StNevSQ6P7ZofcthcQwCJgWavZyJiz4YlvuQ4Nw1p7V3MCRDrT4sU=&u=U2FsdGVkX18pDpjq5U1j7jWgRtd8e/jj05Ak1YxusT8=&y=U2FsdGVkX18RmP9R/a2JAqPfSwQJY8TfOE01vg1sMhU= HTTP/1.1" 200 4158
186.102.62.130 - - [30/Aug/2022:14:35:55 -0500] "GET /kwssiamovil/sm/acme/s?s=U2FsdGVkX18TZcob1PGcJb5vNQ5EoasgmyWwY6bAm4J22sh6g28cMNzC2/fvIdZuKcbuUoJ3AOOjY67n75XnT3TNf2MMUMCcHYZR7LiBwLoGueAjScKmbKU4CgO33K5JEtW60AQEE8tLJlvCvzlb3F0W50PcZez1Y3zXEptrGfZSt1SeaOQIuSkoX1XahUAuq/xYis2OGgiYzRbheE0lmr3wv2sSUP3+bDqSoo9QstM6jJkov/07GAc1hc0a3UaHS18hrTMO7iXqCaoJXWqC0WI4mdU/3gnQg5Weo3uiI7I=&u=U2FsdGVkX18pDpjq5U1j7jWgRtd8e/jj05Ak1YxusT8=&y=U2FsdGVkX18RmP9R/a2JAqPfSwQJY8TfOE01vg1sMhU= HTTP/1.1" 200 176
186.102.62.130 - - [30/Aug/2022:14:35:55 -0500] "GET /kwssiamovil/sm/cjson/pre?f=1&x=U2FsdGVkX18nNOAVNwwBOFzRKBeKMeuE3hkpB3iQSXMpCaZHO2ZKNjw+E+173PHE HTTP/1.1" 200 30992
186.119.242.199 - - [30/Aug/2022:14:35:22 -0500] "POST /sipse/faces/presentacion/financiero/solicitudProceso/crearModificarSolicitudProceso.xhtml HTTP/1.1" 200 45592
186.119.242.199 - - [30/Aug/2022:14:36:08 -0500] "GET /sipse/faces/javax.faces.resource/layout/layout.css?ln=primefaces&v=4.0 HTTP/1.1" 304 -
186.119.242.199 - - [30/Aug/2022:14:36:08 -0500] "GET /sipse/faces/javax.faces.resource/theme.css?ln=primefaces-sipse HTTP/1.1" 304 -
186.119.242.199 - - [30/Aug/2022:14:36:08 -0500] "GET /sipse/faces/javax.faces.resource/primefaces.css?ln=primefaces&v=4.0 HTTP/1.1" 304 -
186.119.242.199 - - [30/Aug/2022:14:36:08 -0500] "GET /sipse/faces/javax.faces.resource/jquery/jquery-plugins.js?ln=primefaces&v=4.0 HTTP/1.1" 304 -
186.119.242.199 - - [30/Aug/2022:14:36:08 -0500] "GET /sipse/faces/javax.faces.resource/jquery/jquery.js?ln=primefaces&v=4.0 HTTP/1.1" 304 -
186.119.242.199 - - [30/Aug/2022:14:36:08 -0500] "GET /sipse/faces/javax.faces.resource/primefaces.js?ln=primefaces&v=4.0 HTTP/1.1" 304 -
186.119.242.199 - - [30/Aug/2022:14:36:08 -0500] "GET /sipse/faces/javax.faces.resource/layout/layout.js?ln=primefaces&v=4.0 HTTP/1.1" 304 -
172.22.2.4 - - [30/Aug/2022:14:36:13 -0500] "GET /BLA/boletinlegal/consulta_conceptos.php?no=&solicitante=&radicado_entrada=&fecha_concepto=2021&objeto= HTTP/1.1" 200 36487
172.22.2.4 - - [30/Aug/2022:14:36:19 -0500] "GET /BLA/boletinlegal/actos.php HTTP/1.1" 200 9559
172.22.2.4 - - [30/Aug/2022:14:36:20 -0500] "GET /BLA/boletinlegal/favicon.ico HTTP/1.1" 404 1326
190.144.96.61 - - [30/Aug/2022:14:36:20 -0500] "GET /BLA/resoluciones/RESOLUCIONES%202021/0263.pdf HTTP/1.1" 200 372842
190.144.96.61 - - [30/Aug/2022:14:36:28 -0500] "GET /BLA/resoluciones/RESOLUCIONES%202021/0257.pdf HTTP/1.1" 200 390706
172.22.2.4 - - [30/Aug/2022:14:36:39 -0500] "GET /BLA/boletinlegal/consulta_conceptos.php?no=&solicitante=&radicado_entrada=&fecha_concepto=2020&objeto= HTTP/1.1" 200 53495
190.144.96.61 - - [30/Aug/2022:14:36:42 -0500] "GET /BLA/resoluciones/RESOLUCIONES%202021/0311.pdf HTTP/1.1" 200 460397
172.22.2.4 - - [30/Aug/2022:14:36:45 -0500] "GET /BLA/boletinlegal/consulta_actos.php?tipo=autos&no=4464&usuario=&sector=&fecha=2020&resuelve= HTTP/1.1" 200 1131
172.22.2.4 - - [30/Aug/2022:14:36:13 -0500] "GET /BLA/boletinlegal/ HTTP/1.1" 200 24523
66.249.73.127 - - [30/Aug/2022:14:36:47 -0500] "-" 408 -
201.245.192.253 - - [30/Aug/2022:14:36:49 -0500] "GET /BLA/resoluciones/AUTOS%202020/4464.pdf HTTP/1.1" 200 421019
190.144.96.61 - - [30/Aug/2022:14:36:53 -0500] "GET /BLA/resoluciones/RESOLUCIONES%202021/0431.pdf HTTP/1.1" 200 486171
186.119.242.199 - - [30/Aug/2022:14:36:49 -0500] "POST /sipse/faces/presentacion/financiero/solicitudBienServicio/asociarBienServicioSolicitud.xhtml HTTP/1.1" 200 28852
185.119.81.103 - - [30/Aug/2022:14:36:58 -0500] "GET /portaldeninos/wp-login.php HTTP/1.1" 200 2592
185.119.81.103 - - [30/Aug/2022:14:36:59 -0500] "POST /portaldeninos/wp-login.php HTTP/1.1" 200 3605
172.22.2.4 - - [30/Aug/2022:14:37:02 -0500] "GET /BLA/boletinlegal/consulta_conceptos.php?no=&solicitante=&radicado_entrada=&fecha_concepto=2019&objeto= HTTP/1.1" 200 28643
186.119.242.199 - - [30/Aug/2022:14:36:58 -0500] "POST /sipse/faces/presentacion/financiero/solicitudBienServicio/asociarBienServicioSolicitud.xhtml HTTP/1.1" 200 28852
190.144.96.61 - - [30/Aug/2022:14:37:09 -0500] "GET /BLA/resoluciones/RESOLUCIONES%202021/5575.pdf HTTP/1.1" 200 674602
172.22.2.4 - - [30/Aug/2022:14:37:16 -0500] "GET /BLA/boletinlegal/consulta_conceptos.php?no=&solicitante=&radicado_entrada=&fecha_concepto=2018&objeto= HTTP/1.1" 200 47035
186.119.242.199 - - [30/Aug/2022:14:37:16 -0500] "POST /sipse/faces/presentacion/financiero/solicitudBienServicio/asociarBienServicioSolicitud.xhtml HTTP/1.1" 200 78139
186.119.242.199 - - [30/Aug/2022:14:37:17 -0500] "GET /sipse/faces/javax.faces.resource/theme.css?ln=primefaces-sipse HTTP/1.1" 304 -
186.119.242.199 - - [30/Aug/2022:14:37:17 -0500] "GET /sipse/faces/javax.faces.resource/primefaces.css?ln=primefaces&v=4.0 HTTP/1.1" 304 -
186.119.242.199 - - [30/Aug/2022:14:37:17 -0500] "GET /sipse/faces/javax.faces.resource/layout/layout.css?ln=primefaces&v=4.0 HTTP/1.1" 304 -
186.119.242.199 - - [30/Aug/2022:14:37:17 -0500] "GET /sipse/faces/javax.faces.resource/jquery/jquery.js?ln=primefaces&v=4.0 HTTP/1.1" 304 -
186.119.242.199 - - [30/Aug/2022:14:37:17 -0500] "GET /sipse/faces/javax.faces.resource/jquery/jquery-plugins.js?ln=primefaces&v=4.0 HTTP/1.1" 304 -
186.119.242.199 - - [30/Aug/2022:14:37:17 -0500] "GET /sipse/faces/javax.faces.resource/primefaces.js?ln=primefaces&v=4.0 HTTP/1.1" 304 -
186.119.242.199 - - [30/Aug/2022:14:37:17 -0500] "GET /sipse/faces/javax.faces.resource/layout/layout.js?ln=primefaces&v=4.0 HTTP/1.1" 304 -
190.144.96.61 - - [30/Aug/2022:14:37:22 -0500] "GET /BLA/resoluciones/RESOLUCIONES%202021/0001.pdf HTTP/1.1" 200 490426
190.144.96.61 - - [30/Aug/2022:14:37:26 -0500] "GET /BLA/resoluciones/RESOLUCIONES%202021/0008.pdf HTTP/1.1" 200 330241
172.22.2.4 - - [30/Aug/2022:14:37:31 -0500] "GET /BLA/boletinlegal/consulta_conceptos.php?no=&solicitante=&radicado_entrada=&fecha_concepto=2017&objeto= HTTP/1.1" 200 80332
186.119.242.199 - - [30/Aug/2022:14:37:33 -0500] "POST /sipse/faces/presentacion/financiero/solicitudProceso/crearModificarSolicitudProceso.xhtml HTTP/1.1" 200 21226
186.119.242.199 - - [30/Aug/2022:14:37:34 -0500] "GET /sipse/faces/javax.faces.resource/theme.css?ln=primefaces-sipse HTTP/1.1" 304 -
186.119.242.199 - - [30/Aug/2022:14:37:34 -0500] "GET /sipse/faces/javax.faces.resource/jquery/jquery-plugins.js?ln=primefaces&v=4.0 HTTP/1.1" 304 -
186.119.242.199 - - [30/Aug/2022:14:37:34 -0500] "GET /sipse/faces/javax.faces.resource/jquery/jquery.js?ln=primefaces&v=4.0 HTTP/1.1" 304 -
186.119.242.199 - - [30/Aug/2022:14:37:34 -0500] "GET /sipse/faces/javax.faces.resource/layout/layout.css?ln=primefaces&v=4.0 HTTP/1.1" 304 -
186.119.242.199 - - [30/Aug/2022:14:37:34 -0500] "GET /sipse/faces/javax.faces.resource/fileupload/fileupload.css?ln=primefaces&v=4.0 HTTP/1.1" 304 -
186.119.242.199 - - [30/Aug/2022:14:37:34 -0500] "GET /sipse/faces/javax.faces.resource/primefaces.js?ln=primefaces&v=4.0 HTTP/1.1" 304 -
186.119.242.199 - - [30/Aug/2022:14:37:34 -0500] "GET /sipse/faces/javax.faces.resource/primefaces.css?ln=primefaces&v=4.0 HTTP/1.1" 304 -
186.119.242.199 - - [30/Aug/2022:14:37:34 -0500] "GET /sipse/faces/javax.faces.resource/layout/layout.js?ln=primefaces&v=4.0 HTTP/1.1" 304 -
186.119.242.199 - - [30/Aug/2022:14:37:34 -0500] "GET /sipse/faces/javax.faces.resource/fileupload/fileupload.js?ln=primefaces&v=4.0 HTTP/1.1" 304 -
190.121.155.132 - - [30/Aug/2022:14:37:36 -0500] "GET /Publicaciones/SSFFS-06877.zip HTTP/1.1" 200 570408
172.22.2.4 - - [30/Aug/2022:14:37:39 -0500] "GET /BLA/boletinlegal/conceptos/2017/138.pdf HTTP/1.1" 200 356087
190.144.96.61 - - [30/Aug/2022:14:37:47 -0500] "GET /BLA/resoluciones/RESOLUCIONES%202021/0069.pdf HTTP/1.1" 200 362085
172.22.2.4 - - [30/Aug/2022:14:37:53 -0500] "GET /BLA/boletinlegal/consulta_conceptos.php?no=&solicitante=&radicado_entrada=&fecha_concepto=2016&objeto= HTTP/1.1" 200 91328
180.163.220.4 - - [30/Aug/2022:14:37:53 -0500] "GET /galeria/galeria/jquery.fancybox.css?v=2.1.5 HTTP/1.1" 200 4895
180.163.220.67 - - [30/Aug/2022:14:37:53 -0500] "GET /galeria/galeria/jquery.fancybox.js?v=2.1.5 HTTP/1.1" 200 48706
180.163.220.68 - - [30/Aug/2022:14:37:53 -0500] "GET /BLA/boletinlegal/js/jquery.scrollShow.js HTTP/1.1" 200 4586
190.144.96.61 - - [30/Aug/2022:14:37:59 -0500] "GET /BLA/resoluciones/RESOLUCIONES%202021/0058.pdf HTTP/1.1" 200 4165558
186.119.242.199 - - [30/Aug/2022:14:38:01 -0500] "GET /sipse/faces/javax.faces.resource/theme.css?ln=primefaces-sipse HTTP/1.1" 304 -
186.119.242.199 - - [30/Aug/2022:14:38:00 -0500] "POST /sipse/faces/presentacion/sistema/anexos/cargarAnexoSolicitudProceso.xhtml HTTP/1.1" 200 84140
186.119.242.199 - - [30/Aug/2022:14:38:01 -0500] "GET /sipse/faces/javax.faces.resource/jquery/jquery.js?ln=primefaces&v=4.0 HTTP/1.1" 304 -
186.119.242.199 - - [30/Aug/2022:14:38:01 -0500] "GET /sipse/faces/javax.faces.resource/layout/layout.css?ln=primefaces&v=4.0 HTTP/1.1" 304 -
186.119.242.199 - - [30/Aug/2022:14:38:01 -0500] "GET /sipse/faces/javax.faces.resource/jquery/jquery-plugins.js?ln=primefaces&v=4.0 HTTP/1.1" 304 -
186.119.242.199 - - [30/Aug/2022:14:38:01 -0500] "GET /sipse/faces/javax.faces.resource/primefaces.css?ln=primefaces&v=4.0 HTTP/1.1" 304 -
186.119.242.199 - - [30/Aug/2022:14:38:01 -0500] "GET /sipse/faces/javax.faces.resource/primefaces.js?ln=primefaces&v=4.0 HTTP/1.1" 304 -
186.119.242.199 - - [30/Aug/2022:14:38:01 -0500] "GET /sipse/faces/javax.faces.resource/layout/layout.js?ln=primefaces&v=4.0 HTTP/1.1" 304 -
40.77.139.127 - - [30/Aug/2022:14:38:03 -0500] "GET /galeria/galeria/jquery.fancybox.css?v=2.1.5 HTTP/1.1" 200 4895
186.145.16.142 - - [30/Aug/2022:14:38:04 -0500] "POST /appsia/controlador HTTP/1.1" 200 7767
172.22.2.1 - - [30/Aug/2022:14:38:04 -0500] "GET /reportes_sipse/sdg/ServletViabilidad?reporte=memo_viabilidad&solicitud=18151 HTTP/1.1" 200 1538
186.119.242.199 - - [30/Aug/2022:14:38:05 -0500] "GET /sipse/faces/javax.faces.resource/jquery/jquery.js?ln=primefaces&v=4.0 HTTP/1.1" 304 -
186.119.242.199 - - [30/Aug/2022:14:38:05 -0500] "GET /sipse/faces/javax.faces.resource/theme.css?ln=primefaces-sipse HTTP/1.1" 304 -
186.119.242.199 - - [30/Aug/2022:14:38:05 -0500] "GET /sipse/faces/javax.faces.resource/primefaces.css?ln=primefaces&v=4.0 HTTP/1.1" 304 -
186.119.242.199 - - [30/Aug/2022:14:38:05 -0500] "GET /sipse/faces/javax.faces.resource/jquery/jquery-plugins.js?ln=primefaces&v=4.0 HTTP/1.1" 304 -
186.119.242.199 - - [30/Aug/2022:14:38:05 -0500] "GET /sipse/faces/javax.faces.resource/layout/layout.css?ln=primefaces&v=4.0 HTTP/1.1" 304 -
186.119.242.199 - - [30/Aug/2022:14:38:05 -0500] "GET /sipse/faces/javax.faces.resource/primefaces.js?ln=primefaces&v=4.0 HTTP/1.1" 304 -
186.119.242.199 - - [30/Aug/2022:14:38:05 -0500] "GET /sipse/faces/javax.faces.resource/fileupload/fileupload.css?ln=primefaces&v=4.0 HTTP/1.1" 304 -
186.119.242.199 - - [30/Aug/2022:14:38:05 -0500] "GET /sipse/faces/javax.faces.resource/layout/layout.js?ln=primefaces&v=4.0 HTTP/1.1" 304 -
186.119.242.199 - - [30/Aug/2022:14:38:05 -0500] "GET /sipse/faces/javax.faces.resource/fileupload/fileupload.js?ln=primefaces&v=4.0 HTTP/1.1" 304 -
186.119.242.199 - - [30/Aug/2022:14:38:05 -0500] "POST /sipse/faces/presentacion/financiero/solicitudProceso/crearModificarSolicitudProceso.xhtml HTTP/1.1" 200 21226
172.22.2.4 - - [30/Aug/2022:14:38:07 -0500] "GET /BLA/boletinlegal/conceptos/2016/126.pdf HTTP/1.1" 200 353506
186.145.16.142 - - [30/Aug/2022:14:38:10 -0500] "POST /appsia/controlador HTTP/1.1" 200 5437
172.22.2.4 - - [30/Aug/2022:14:38:12 -0500] "GET /BLA/boletinlegal/conceptos/2016/79.pdf HTTP/1.1" 200 313560
186.145.16.142 - - [30/Aug/2022:14:38:14 -0500] "POST /appsia/controlador HTTP/1.1" 200 9642
186.145.16.142 - - [30/Aug/2022:14:38:15 -0500] "GET /appsia/images/logo_escudo.png HTTP/1.1" 200 36965
186.119.242.199 - - [30/Aug/2022:14:38:18 -0500] "GET /sipse/faces/javax.faces.resource/theme.css?ln=primefaces-sipse HTTP/1.1" 304 -
186.119.242.199 - - [30/Aug/2022:14:38:18 -0500] "GET /sipse/faces/javax.faces.resource/primefaces.css?ln=primefaces&v=4.0 HTTP/1.1" 304 -
186.119.242.199 - - [30/Aug/2022:14:38:18 -0500] "GET /sipse/faces/javax.faces.resource/jquery/jquery-plugins.js?ln=primefaces&v=4.0 HTTP/1.1" 304 -
186.119.242.199 - - [30/Aug/2022:14:38:18 -0500] "GET /sipse/faces/javax.faces.resource/layout/layout.css?ln=primefaces&v=4.0 HTTP/1.1" 304 -
186.119.242.199 - - [30/Aug/2022:14:38:18 -0500] "GET /sipse/faces/javax.faces.resource/jquery/jquery.js?ln=primefaces&v=4.0 HTTP/1.1" 304 -
186.119.242.199 - - [30/Aug/2022:14:38:18 -0500] "GET /sipse/faces/javax.faces.resource/layout/layout.js?ln=primefaces&v=4.0 HTTP/1.1" 304 -
186.119.242.199 - - [30/Aug/2022:14:38:18 -0500] "GET /sipse/faces/javax.faces.resource/primefaces.js?ln=primefaces&v=4.0 HTTP/1.1" 304 -
186.119.242.199 - - [30/Aug/2022:14:38:18 -0500] "POST /sipse/faces/presentacion/sistema/anexos/cargarAnexoSolicitudProceso.xhtml HTTP/1.1" 200 84787
172.22.2.4 - - [30/Aug/2022:14:38:20 -0500] "GET /BLA/boletinlegal/consulta_actos.php?tipo=resoluciones&no=2092&usuario=900490972&sector=RESIDUOS&fecha=2022&resuelve=WEEE HTTP/1.1" 200 626
172.22.2.4 - - [30/Aug/2022:14:38:24 -0500] "GET /BLA/boletinlegal/consulta_conceptos.php?no=&solicitante=&radicado_entrada=&fecha_concepto=2015&objeto= HTTP/1.1" 200 84769
172.22.2.4 - - [30/Aug/2022:14:38:24 -0500] "GET /BLA/boletinlegal/jurisprudencia/analisis/CUADRO%20ANALISIS%20SENTENCIA%20T-411%20DE%201992.doc HTTP/1.1" 200 41984
172.22.2.4 - - [30/Aug/2022:14:38:24 -0500] "GET /BLA/boletinlegal/consulta_actos.php?tipo=resoluciones&no=2092&usuario=900490972-1&sector=RESIDUOS&fecha=2022&resuelve=WEEE HTTP/1.1" 200 626
186.145.16.142 - - [30/Aug/2022:14:38:26 -0500] "POST /appsia/controlador HTTP/1.1" 200 5437
186.102.8.233 - - [30/Aug/2022:14:38:26 -0500] "GET /kwssiamovil/sm/ldap/au?x=U2FsdGVkX1+jA9oQXwAlIJGYxUr2ZOrZnrLBOTCqRnUyOT+3SmXEL/IE9CeG9hZV&y=U2FsdGVkX18Uk+dIDlFxczLKcVAuwh5WtmjUOGHe+6aMfC7r45REWdm3bw5XcgL2 HTTP/1.1" 200 30
186.102.8.233 - - [30/Aug/2022:14:38:26 -0500] "GET /kwssiamovil/sm/acme/s?s=U2FsdGVkX19v61SdT/vIIye73/oc8KkUCY2/fHH/FNUlMsDT91GyQ+zr2nmc+AuaPzjoIk/rqOwMc9ahW2XXyYmip81Jmytmcs2BzjNLxPc=&u=U2FsdGVkX1+2OqRneAAw3maqPZCZIlDzTu+IgXyS72c=&y=U2FsdGVkX18Uk+dIDlFxczLKcVAuwh5WtmjUOGHe+6aMfC7r45REWdm3bw5XcgL2 HTTP/1.1" 200 97
186.102.8.233 - - [30/Aug/2022:14:38:26 -0500] "GET /kwssiamovil/sm/acme/s?s=U2FsdGVkX1+sXgHCasQo+r5m8SKIE9E61syU9296FiT+Vsb943+KRrqE4f17NYeBCrjqY2qnn0K/9RIVmSDmoi6xNGQ35UDs7wqPul3FRHrQoY8ZHyZ6OTRVzTNj/iUkn6b8MYjQR5dvwswA3vLD1QwWlRG4DKZqx2Nbj95r9h95G32wBTfmvwpYBaSLp4FuCLefwKpBaQq3R6jauPG5sMjE6YXix8Vm/nf/KRr/tKl6JopZ7YIdFU+GsChuDVA5cZvzHRRFQNgM/PjlWQhDl2BkvrYke4Xi8UIvkgGfd5Ieq+tHkC0ZLSqkpjHyrmdHLj6UJIL4cx+6+nXd0rD9zsHkuQV3xJ06IKljoUkyYJiXQo3DrjVjkjB2xG8oIbaoaAiWPCFEQCj/xguRy/h6Nn3BugGMrPeVd3r/qqSnDruXPQC3nCksUIXUM/hESyEc/flivCk55M0DSPFUFMqujml78C2lagKvuh1Yco2b+1SR/0vOgyVFiW4WTp9pzVaZJq+ye97RcMJDnYZn2+olJrIRAuDOJPu6Zn1gJwqeGmOXDIxLsuBgZpu/qrz5qQlpb+R+KWL5ElRqXpioyRv15iK6NKDm+k69vhA1aeK6bVG9TyVJOeiVARKyjTuQWJY6FrFcHJy0T4OBBFInj+MI2+sL1kiUj3Ri4UiO29xCgXX1Q9LOnjeLGnp3+U8/FcFWQVyjWkP4QfWLV1eTDyxGjo2bkY+x6ulIUS+XEtDnEhnIFxVHCY33sLVFcgD2T9d8BmhuIeNRh3enRFLsBjIsjR/KjOVxGVC00sFitescxQ006GUz3Dwsp3jNRuHO7+oP63g1Uz475lQ2dWAmjYR1QUIKtoEWn6hGOCCYmDcIKx2w/+U6Tp6iz+6sXOjujD4YY/89iFiOynDhLlMMLiiKwvVeoTQrRQa5A/FHPeOtZ2FpArJqIorOuq7aMhm6WKBo9bGGfOKZLumUEYLiHU9VaH1hKFJL6sDWP5R69cnaeblGkQcsA3+BzTyYnnQ61Y6mQdrKxEaP0aH06LhCP8+jHo/hwLO1yQpIhf/b/BKsHrDq/iXSqj7yYECknujBacYm/NxOjGPCi4/DKFANb3jBUTWTbN/PfokP9SoPVUawfw4EgQhgO+WZQQ0Hq6IMRmhztxmlcWQohO4wxEKxkm2deL+pk49E4Nypr4W3kRN9CWulsUEzli/BnU5+P8uvAA6BTRNSAFM1cDgx93FeA/gdV4/UJgSoZW8W/z9pjIV3XScAi/jCyur0YUDSZRYCiLM3koeYWN0y3bJvFTfkD9Jl7SXRLpMhyHb5e1TCZhmwR1XQcOXKZpMhwKT3U7CUBZVLhk59Ev12VoEv7BS5iPLifpEbX9vUrOqiOt/zSfze0ZI=&u=U2FsdGVkX1+2OqRneAAw3maqPZCZIlDzTu+IgXyS72c=&y=U2FsdGVkX18Uk+dIDlFxczLKcVAuwh5WtmjUOGHe+6aMfC7r45REWdm3bw5XcgL2 HTTP/1.1" 200 5251
186.102.8.233 - - [30/Aug/2022:14:38:26 -0500] "GET /kwssiamovil/sm/acme/s?s=U2FsdGVkX1/OcGxDrVx2Wa0cENXU9GKEkunwkpnMcmP76gpoTtsD5ARITePNL72CRum4DtkDG25n8V+xDAap65mZXch5dJp7P58qJWpKgdXv/k69eV8qBpB7YJ5mpZXlnT5TO9eYF8tj8sqT2GBM0466nRGfHWg2dqEzIHPsqcT2nLEcZT3X8sveTTx6C5aB1d6atCtICCc4vNSMKPHYKOXWBNoG54J2ipU9hu+07duDIfy/WK3YhmSQJBBGNJngFzwB/5+cxjOYe63vK1SENaIKSTt4xGe1OLmzsSlpn0w=&u=U2FsdGVkX1+2OqRneAAw3maqPZCZIlDzTu+IgXyS72c=&y=U2FsdGVkX18Uk+dIDlFxczLKcVAuwh5WtmjUOGHe+6aMfC7r45REWdm3bw5XcgL2 HTTP/1.1" 200 176
186.102.8.233 - - [30/Aug/2022:14:38:26 -0500] "GET /kwssiamovil/sm/cjson/pre?f=1&x=U2FsdGVkX1+jA9oQXwAlIJGYxUr2ZOrZnrLBOTCqRnUyOT+3SmXEL/IE9CeG9hZV HTTP/1.1" 200 30992
186.145.16.142 - - [30/Aug/2022:14:38:27 -0500] "POST /appsia/controlador HTTP/1.1" 200 4799
186.119.242.199 - - [30/Aug/2022:14:38:21 -0500] "POST /sipse/faces/presentacion/financiero/solicitudProceso/crearModificarSolicitudProceso.xhtml HTTP/1.1" 200 64424
186.119.242.199 - - [30/Aug/2022:14:38:29 -0500] "GET /sipse/faces/javax.faces.resource/layout/layout.css?ln=primefaces&v=4.0 HTTP/1.1" 304 -
186.119.242.199 - - [30/Aug/2022:14:38:29 -0500] "GET /sipse/faces/javax.faces.resource/theme.css?ln=primefaces-sipse HTTP/1.1" 304 -
186.119.242.199 - - [30/Aug/2022:14:38:29 -0500] "GET /sipse/faces/javax.faces.resource/primefaces.css?ln=primefaces&v=4.0 HTTP/1.1" 304 -
186.119.242.199 - - [30/Aug/2022:14:38:29 -0500] "GET /sipse/faces/javax.faces.resource/jquery/jquery.js?ln=primefaces&v=4.0 HTTP/1.1" 304 -
186.119.242.199 - - [30/Aug/2022:14:38:29 -0500] "GET /sipse/faces/javax.faces.resource/jquery/jquery-plugins.js?ln=primefaces&v=4.0 HTTP/1.1" 304 -
186.119.242.199 - - [30/Aug/2022:14:38:29 -0500] "GET /sipse/faces/javax.faces.resource/primefaces.js?ln=primefaces&v=4.0 HTTP/1.1" 304 -
186.119.242.199 - - [30/Aug/2022:14:38:29 -0500] "GET /sipse/faces/javax.faces.resource/layout/layout.js?ln=primefaces&v=4.0 HTTP/1.1" 304 -
216.245.221.92 - - [30/Aug/2022:14:38:32 -0500] "HEAD / HTTP/1.1" 200 -
186.119.242.199 - - [30/Aug/2022:14:38:29 -0500] "POST /sipse/faces/presentacion/financiero/solicitudProceso/listarSolicitudProceso.xhtml HTTP/1.1" 200 1552
172.22.2.4 - - [30/Aug/2022:14:38:41 -0500] "GET /BLA/boletinlegal/consulta_actos.php?tipo=resoluciones&no=&usuario=&sector=VERTIMIENTOS&fecha=2022&resuelve=CONJUNTO%20 HTTP/1.1" 200 626
172.22.2.4 - - [30/Aug/2022:14:38:42 -0500] "GET /BLA/boletinlegal/consulta_actos.php?tipo=resoluciones&no=&usuario=&sector=VERTIMIENTOS&fecha=2022&resuelve=CONJUNTO%20 HTTP/1.1" 200 626
172.22.2.4 - - [30/Aug/2022:14:38:42 -0500] "GET /BLA/boletinlegal/consulta_actos.php?tipo=resoluciones&no=&usuario=&sector=VERTIMIENTOS&fecha=2022&resuelve=CONJUNTO%20 HTTP/1.1" 200 626
186.119.242.199 - - [30/Aug/2022:14:38:42 -0500] "POST /sipse/faces/presentacion/financiero/solicitudProceso/listarSolicitudProceso.xhtml HTTP/1.1" 200 123218
186.119.242.199 - - [30/Aug/2022:14:38:43 -0500] "GET /sipse/faces/javax.faces.resource/layout/layout.css?ln=primefaces&v=4.0 HTTP/1.1" 304 -
186.119.242.199 - - [30/Aug/2022:14:38:43 -0500] "GET /sipse/faces/javax.faces.resource/theme.css?ln=primefaces-sipse HTTP/1.1" 304 -
186.119.242.199 - - [30/Aug/2022:14:38:43 -0500] "GET /sipse/faces/javax.faces.resource/primefaces.css?ln=primefaces&v=4.0 HTTP/1.1" 304 -
186.119.242.199 - - [30/Aug/2022:14:38:43 -0500] "GET /sipse/faces/javax.faces.resource/jquery/jquery.js?ln=primefaces&v=4.0 HTTP/1.1" 304 -
186.119.242.199 - - [30/Aug/2022:14:38:43 -0500] "GET /sipse/faces/javax.faces.resource/jquery/jquery-plugins.js?ln=primefaces&v=4.0 HTTP/1.1" 304 -
186.119.242.199 - - [30/Aug/2022:14:38:43 -0500] "GET /sipse/faces/javax.faces.resource/primefaces.js?ln=primefaces&v=4.0 HTTP/1.1" 304 -
186.119.242.199 - - [30/Aug/2022:14:38:44 -0500] "GET /sipse/faces/javax.faces.resource/layout/layout.js?ln=primefaces&v=4.0 HTTP/1.1" 304 -
190.144.96.61 - - [30/Aug/2022:14:38:43 -0500] "GET /BLA/resoluciones/ HTTP/1.1" 200 13093
172.22.2.4 - - [30/Aug/2022:14:38:47 -0500] "GET /BLA/boletinlegal/consulta_conceptos.php?no=&solicitante=&radicado_entrada=&fecha_concepto=2014&objeto= HTTP/1.1" 200 80780
186.119.242.199 - - [30/Aug/2022:14:38:49 -0500] "POST /sipse/faces/presentacion/financiero/solicitudProceso/consultarSolicitudProceso.xhtml HTTP/1.1" 200 46153
186.119.242.199 - - [30/Aug/2022:14:38:49 -0500] "GET /sipse/faces/javax.faces.resource/primefaces.css?ln=primefaces&v=4.0 HTTP/1.1" 304 -
186.119.242.199 - - [30/Aug/2022:14:38:49 -0500] "GET /sipse/faces/javax.faces.resource/layout/layout.css?ln=primefaces&v=4.0 HTTP/1.1" 304 -
186.119.242.199 - - [30/Aug/2022:14:38:49 -0500] "GET /sipse/faces/javax.faces.resource/theme.css?ln=primefaces-sipse HTTP/1.1" 304 -
186.119.242.199 - - [30/Aug/2022:14:38:49 -0500] "GET /sipse/faces/javax.faces.resource/jquery/jquery.js?ln=primefaces&v=4.0 HTTP/1.1" 304 -
186.119.242.199 - - [30/Aug/2022:14:38:49 -0500] "GET /sipse/faces/javax.faces.resource/jquery/jquery-plugins.js?ln=primefaces&v=4.0 HTTP/1.1" 304 -
186.119.242.199 - - [30/Aug/2022:14:38:50 -0500] "GET /sipse/faces/javax.faces.resource/primefaces.js?ln=primefaces&v=4.0 HTTP/1.1" 304 -
186.119.242.199 - - [30/Aug/2022:14:38:50 -0500] "GET /sipse/faces/javax.faces.resource/layout/layout.js?ln=primefaces&v=4.0 HTTP/1.1" 304 -
190.144.96.61 - - [30/Aug/2022:14:38:50 -0500] "GET /BLA/resoluciones/index.php?dir=RESOLUCIONES+2015%2F HTTP/1.1" 200 130562
190.144.96.61 - - [30/Aug/2022:14:38:54 -0500] "GET /BLA/resoluciones/RESOLUCIONES%202015/0050.pdf HTTP/1.1" 200 673658
172.22.2.4 - - [30/Aug/2022:14:38:59 -0500] "GET /BLA/boletinlegal/consulta_conceptos.php?no=&solicitante=&radicado_entrada=&fecha_concepto=2013&objeto= HTTP/1.1" 200 83094
190.144.96.61 - - [30/Aug/2022:14:38:59 -0500] "GET /BLA/resoluciones/RESOLUCIONES%202015/0016.pdf HTTP/1.1" 200 774686
190.144.96.61 - - [30/Aug/2022:14:39:05 -0500] "GET /BLA/resoluciones/RESOLUCIONES%202015/0193.pdf HTTP/1.1" 200 948534
190.144.96.61 - - [30/Aug/2022:14:39:11 -0500] "GET /BLA/resoluciones/RESOLUCIONES%202015/0330.pdf HTTP/1.1" 200 799433
190.144.96.61 - - [30/Aug/2022:14:39:20 -0500] "GET /BLA/resoluciones/RESOLUCIONES%202015/0666.pdf HTTP/1.1" 200 567536
172.22.2.4 - - [30/Aug/2022:14:39:28 -0500] "GET /BLA/boletinlegal/consulta_conceptos.php?no=&solicitante=&radicado_entrada=&fecha_concepto=2012&objeto= HTTP/1.1" 200 65863
172.22.2.4 - - [30/Aug/2022:14:39:29 -0500] "GET /BLA/boletinlegal/consulta_conceptos.php?no=&solicitante=&radicado_entrada=&fecha_concepto=2012&objeto= HTTP/1.1" 200 65863
186.119.242.199 - - [30/Aug/2022:14:39:30 -0500] "POST /sipse/faces/presentacion/financiero/estudioPrevio/personalSolicitado/personalSolicitadoSolicitudProceso.xhtml HTTP/1.1" 200 36865
186.119.242.199 - - [30/Aug/2022:14:39:32 -0500] "GET /sipse/faces/javax.faces.resource/theme.css?ln=primefaces-sipse HTTP/1.1" 304 -
186.119.242.199 - - [30/Aug/2022:14:39:32 -0500] "GET /sipse/faces/javax.faces.resource/primefaces.css?ln=primefaces&v=4.0 HTTP/1.1" 304 -
186.119.242.199 - - [30/Aug/2022:14:39:32 -0500] "GET /sipse/faces/javax.faces.resource/jquery/jquery.js?ln=primefaces&v=4.0 HTTP/1.1" 304 -
186.119.242.199 - - [30/Aug/2022:14:39:32 -0500] "GET /sipse/faces/javax.faces.resource/layout/layout.css?ln=primefaces&v=4.0 HTTP/1.1" 304 -
186.119.242.199 - - [30/Aug/2022:14:39:33 -0500] "GET /sipse/faces/javax.faces.resource/jquery/jquery-plugins.js?ln=primefaces&v=4.0 HTTP/1.1" 304 -
186.119.242.199 - - [30/Aug/2022:14:39:33 -0500] "GET /sipse/faces/javax.faces.resource/primefaces.js?ln=primefaces&v=4.0 HTTP/1.1" 304 -
186.119.242.199 - - [30/Aug/2022:14:39:33 -0500] "GET /sipse/faces/javax.faces.resource/layout/layout.js?ln=primefaces&v=4.0 HTTP/1.1" 304 -
186.119.242.199 - - [30/Aug/2022:14:39:35 -0500] "POST /sipse/faces/presentacion/financiero/estudioPrevio/personalSolicitado/asociarProfesionPersonalSolicitado.xhtml HTTP/1.1" 200 21210
186.119.242.199 - - [30/Aug/2022:14:39:36 -0500] "POST /sipse/faces/presentacion/financiero/estudioPrevio/personalSolicitado/asociarProfesionPersonalSolicitado.xhtml HTTP/1.1" 200 21287
186.119.242.199 - - [30/Aug/2022:14:39:36 -0500] "POST /sipse/faces/presentacion/financiero/estudioPrevio/personalSolicitado/asociarProfesionPersonalSolicitado.xhtml HTTP/1.1" 200 21287
186.119.242.199 - - [30/Aug/2022:14:39:37 -0500] "POST /sipse/faces/presentacion/financiero/estudioPrevio/personalSolicitado/asociarProfesionPersonalSolicitado.xhtml HTTP/1.1" 200 21375
186.119.242.199 - - [30/Aug/2022:14:39:38 -0500] "POST /sipse/faces/presentacion/financiero/estudioPrevio/personalSolicitado/asociarProfesionPersonalSolicitado.xhtml HTTP/1.1" 200 21379
186.119.242.199 - - [30/Aug/2022:14:39:38 -0500] "POST /sipse/faces/presentacion/financiero/estudioPrevio/personalSolicitado/asociarProfesionPersonalSolicitado.xhtml HTTP/1.1" 200 21375
186.119.242.199 - - [30/Aug/2022:14:39:39 -0500] "POST /sipse/faces/presentacion/financiero/estudioPrevio/personalSolicitado/asociarProfesionPersonalSolicitado.xhtml HTTP/1.1" 200 21379
172.22.2.4 - - [30/Aug/2022:14:37:59 -0500] "HEAD /BLA/boletinlegal/ HTTP/1.1" 200 -
186.119.242.199 - - [30/Aug/2022:14:39:40 -0500] "POST /sipse/faces/presentacion/financiero/estudioPrevio/personalSolicitado/asociarProfesionPersonalSolicitado.xhtml HTTP/1.1" 200 21187
186.119.242.199 - - [30/Aug/2022:14:39:41 -0500] "POST /sipse/faces/presentacion/financiero/estudioPrevio/personalSolicitado/asociarProfesionPersonalSolicitado.xhtml HTTP/1.1" 200 21187
186.119.242.199 - - [30/Aug/2022:14:39:44 -0500] "POST /sipse/faces/presentacion/financiero/estudioPrevio/personalSolicitado/asociarProfesionPersonalSolicitado.xhtml HTTP/1.1" 200 21280
172.22.2.4 - - [30/Aug/2022:14:39:45 -0500] "GET /BLA/boletinlegal/consulta_conceptos.php?no=&solicitante=&radicado_entrada=&fecha_concepto=2011&objeto= HTTP/1.1" 200 86015
186.119.242.199 - - [30/Aug/2022:14:39:46 -0500] "POST /sipse/faces/presentacion/financiero/estudioPrevio/personalSolicitado/asociarProfesionPersonalSolicitado.xhtml HTTP/1.1" 200 21124
186.119.242.199 - - [30/Aug/2022:14:39:47 -0500] "POST /sipse/faces/presentacion/financiero/estudioPrevio/personalSolicitado/asociarProfesionPersonalSolicitado.xhtml HTTP/1.1" 200 21265
186.119.242.199 - - [30/Aug/2022:14:39:48 -0500] "POST /sipse/faces/presentacion/financiero/estudioPrevio/personalSolicitado/asociarProfesionPersonalSolicitado.xhtml HTTP/1.1" 200 21228
186.119.242.199 - - [30/Aug/2022:14:39:51 -0500] "POST /sipse/faces/presentacion/financiero/estudioPrevio/personalSolicitado/asociarProfesionPersonalSolicitado.xhtml HTTP/1.1" 200 50877
186.119.242.199 - - [30/Aug/2022:14:39:52 -0500] "GET /sipse/faces/javax.faces.resource/primefaces.css?ln=primefaces&v=4.0 HTTP/1.1" 304 -
186.119.242.199 - - [30/Aug/2022:14:39:52 -0500] "GET /sipse/faces/javax.faces.resource/theme.css?ln=primefaces-sipse HTTP/1.1" 304 -
186.119.242.199 - - [30/Aug/2022:14:39:52 -0500] "GET /sipse/faces/javax.faces.resource/jquery/jquery.js?ln=primefaces&v=4.0 HTTP/1.1" 304 -
186.119.242.199 - - [30/Aug/2022:14:39:52 -0500] "GET /sipse/faces/javax.faces.resource/layout/layout.css?ln=primefaces&v=4.0 HTTP/1.1" 304 -
186.119.242.199 - - [30/Aug/2022:14:39:52 -0500] "GET /sipse/faces/javax.faces.resource/primefaces.js?ln=primefaces&v=4.0 HTTP/1.1" 304 -
186.119.242.199 - - [30/Aug/2022:14:39:52 -0500] "GET /sipse/faces/javax.faces.resource/jquery/jquery-plugins.js?ln=primefaces&v=4.0 HTTP/1.1" 304 -
186.119.242.199 - - [30/Aug/2022:14:39:52 -0500] "GET /sipse/faces/javax.faces.resource/layout/layout.js?ln=primefaces&v=4.0 HTTP/1.1" 304 -
201.245.192.253 - - [30/Aug/2022:14:39:51 -0500] "POST /kwsrmcab/Wsrmcab  HTTP/1.1" 200 42606
186.119.242.199 - - [30/Aug/2022:14:39:55 -0500] "POST /sipse/faces/presentacion/financiero/estudioPrevio/personalSolicitado/personalSolicitadoSolicitudProceso.xhtml HTTP/1.1" 200 36869
186.119.242.199 - - [30/Aug/2022:14:39:57 -0500] "GET /sipse/faces/javax.faces.resource/layout/layout.css?ln=primefaces&v=4.0 HTTP/1.1" 304 -
186.119.242.199 - - [30/Aug/2022:14:39:57 -0500] "GET /sipse/faces/javax.faces.resource/primefaces.css?ln=primefaces&v=4.0 HTTP/1.1" 304 -
186.119.242.199 - - [30/Aug/2022:14:39:57 -0500] "GET /sipse/faces/javax.faces.resource/theme.css?ln=primefaces-sipse HTTP/1.1" 304 -
186.119.242.199 - - [30/Aug/2022:14:39:57 -0500] "GET /sipse/faces/javax.faces.resource/jquery/jquery.js?ln=primefaces&v=4.0 HTTP/1.1" 304 -
186.119.242.199 - - [30/Aug/2022:14:39:57 -0500] "GET /sipse/faces/javax.faces.resource/jquery/jquery-plugins.js?ln=primefaces&v=4.0 HTTP/1.1" 304 -
186.119.242.199 - - [30/Aug/2022:14:39:57 -0500] "GET /sipse/faces/javax.faces.resource/primefaces.js?ln=primefaces&v=4.0 HTTP/1.1" 304 -
186.119.242.199 - - [30/Aug/2022:14:39:57 -0500] "GET /sipse/faces/javax.faces.resource/layout/layout.js?ln=primefaces&v=4.0 HTTP/1.1" 304 -
186.119.242.199 - - [30/Aug/2022:14:40:00 -0500] "POST /sipse/faces/presentacion/financiero/estudioPrevio/personalSolicitado/asociarProfesionPersonalSolicitado.xhtml HTTP/1.1" 200 1423
186.119.242.199 - - [30/Aug/2022:14:40:02 -0500] "POST /sipse/faces/presentacion/financiero/estudioPrevio/personalSolicitado/asociarProfesionPersonalSolicitado.xhtml HTTP/1.1" 200 21648
172.22.2.4 - - [30/Aug/2022:14:40:03 -0500] "GET /BLA/boletinlegal/consulta_actos.php?tipo=resoluciones&no=2927&usuario=SAUCOS&sector=VERTIMIENTOS&fecha=2022&resuelve=AMBIENTAL HTTP/1.1" 200 626
172.22.2.4 - - [30/Aug/2022:14:40:04 -0500] "GET /BLA/boletinlegal/consulta_actos.php?tipo=resoluciones&no=2927&usuario=SAUCOS&sector=VERTIMIENTOS&fecha=2022&resuelve=AMBIENTAL HTTP/1.1" 200 626
172.22.2.4 - - [30/Aug/2022:14:40:04 -0500] "GET /BLA/boletinlegal/consulta_actos.php?tipo=resoluciones&no=2927&usuario=SAUCOS&sector=VERTIMIENTOS&fecha=2022&resuelve=AMBIENTAL HTTP/1.1" 200 626
172.22.2.4 - - [30/Aug/2022:14:40:04 -0500] "GET /BLA/boletinlegal/consulta_actos.php?tipo=resoluciones&no=2927&usuario=SAUCOS&sector=VERTIMIENTOS&fecha=2022&resuelve=AMBIENTAL HTTP/1.1" 200 626
186.119.242.199 - - [30/Aug/2022:14:40:06 -0500] "POST /sipse/faces/presentacion/financiero/estudioPrevio/personalSolicitado/asociarProfesionPersonalSolicitado.xhtml HTTP/1.1" 200 21499
172.22.2.4 - - [30/Aug/2022:14:40:10 -0500] "GET /BLA/boletinlegal/consulta_actos.php?tipo=resoluciones&no=2927&usuario=SAUCOS&sector=VERTIMIENTOS&fecha=2022&resuelve=TECNICO HTTP/1.1" 200 626
172.22.2.4 - - [30/Aug/2022:14:40:10 -0500] "GET /BLA/boletinlegal/consulta_conceptos.php?no=&solicitante=&radicado_entrada=&fecha_concepto=2010&objeto= HTTP/1.1" 200 68473
201.245.192.253 - - [30/Aug/2022:14:40:09 -0500] "POST /kwsrmcab/Wsrmcab HTTP/1.1" 200 42565
201.245.192.253 - - [30/Aug/2022:14:40:12 -0500] "POST /kwsrmcab/Wsrmcab HTTP/1.1" 200 42727
186.119.242.199 - - [30/Aug/2022:14:40:16 -0500] "POST /sipse/faces/presentacion/financiero/estudioPrevio/personalSolicitado/asociarProfesionPersonalSolicitado.xhtml HTTP/1.1" 200 21389
190.121.155.132 - - [30/Aug/2022:14:40:20 -0500] "GET /Publicaciones/SSFFS-06878.zip HTTP/1.1" 200 876726
172.22.2.4 - - [30/Aug/2022:14:38:49 -0500] "GET /BLA/boletinlegal/ HTTP/1.1" 200 59310
186.119.242.199 - - [30/Aug/2022:14:40:31 -0500] "POST /sipse/faces/presentacion/financiero/estudioPrevio/personalSolicitado/asociarProfesionPersonalSolicitado.xhtml HTTP/1.1" 200 21342
186.119.242.199 - - [30/Aug/2022:14:40:34 -0500] "POST /sipse/faces/presentacion/financiero/estudioPrevio/personalSolicitado/asociarProfesionPersonalSolicitado.xhtml HTTP/1.1" 200 21422
186.119.242.199 - - [30/Aug/2022:14:40:35 -0500] "POST /sipse/faces/presentacion/financiero/estudioPrevio/personalSolicitado/asociarProfesionPersonalSolicitado.xhtml HTTP/1.1" 200 21418
186.119.242.199 - - [30/Aug/2022:14:40:37 -0500] "POST /sipse/faces/presentacion/financiero/estudioPrevio/personalSolicitado/asociarProfesionPersonalSolicitado.xhtml HTTP/1.1" 200 21294
186.119.242.199 - - [30/Aug/2022:14:40:39 -0500] "POST /sipse/faces/presentacion/financiero/estudioPrevio/personalSolicitado/asociarProfesionPersonalSolicitado.xhtml HTTP/1.1" 200 21379
172.22.2.4 - - [30/Aug/2022:14:40:40 -0500] "GET /BLA/boletinlegal/consulta_actos.php?tipo=resoluciones&no=2927&usuario=SAUCOS&sector=VERTIMIENTOS&fecha=2022&resuelve=SAN%20JOSE%20DE%20BAVARIA HTTP/1.1" 200 626
172.22.2.4 - - [30/Aug/2022:14:40:40 -0500] "GET /BLA/boletinlegal/consulta_actos.php?tipo=resoluciones&no=2927&usuario=SAUCOS&sector=VERTIMIENTOS&fecha=2022&resuelve=SAN%20JOSE%20DE%20BAVARIA HTTP/1.1" 200 626
172.22.2.4 - - [30/Aug/2022:14:40:41 -0500] "GET /BLA/boletinlegal/consulta_actos.php?tipo=resoluciones&no=2927&usuario=SAUCOS&sector=VERTIMIENTOS&fecha=2022&resuelve=SAN%20JOSE%20DE%20BAVARIA HTTP/1.1" 200 626
190.144.96.61 - - [30/Aug/2022:14:40:49 -0500] "GET /BLA/resoluciones/ HTTP/1.1" 200 13093
190.144.96.61 - - [30/Aug/2022:14:40:55 -0500] "GET /BLA/resoluciones/index.php?dir=RESOLUCIONES+2022%2F HTTP/1.1" 200 122613
190.144.96.61 - - [30/Aug/2022:14:40:57 -0500] "GET /BLA/resoluciones/RESOLUCIONES%202022/0055.pdf HTTP/1.1" 200 1043118
190.144.96.61 - - [30/Aug/2022:14:41:01 -0500] "GET /BLA/resoluciones/RESOLUCIONES%202022/0160.pdf HTTP/1.1" 200 339547
192.168.174.107 - - [30/Aug/2022:14:41:01 -0500] "GET /laboratorio-de-economia-circular-del-sena-apoyado-por-la-secretaria-de-ambiente-un-ejemplo-de-ciudad-y-de-pais.html HTTP/1.1" 200 865
190.144.96.61 - - [30/Aug/2022:14:41:05 -0500] "GET /BLA/resoluciones/RESOLUCIONES%202022/0282.pdf HTTP/1.1" 200 435168
190.144.96.61 - - [30/Aug/2022:14:41:14 -0500] "GET /BLA/resoluciones/RESOLUCIONES%202022/0373.pdf HTTP/1.1" 200 337892
190.144.96.61 - - [30/Aug/2022:14:41:25 -0500] "GET /BLA/resoluciones/index.php?dir=RESOLUCIONES%202022/&sort=date&order=asc HTTP/1.1" 200 122613
190.144.96.61 - - [30/Aug/2022:14:41:26 -0500] "GET /BLA/resoluciones/index.php?dir=RESOLUCIONES%202022/&sort=date&order=desc HTTP/1.1" 200 122612
190.144.96.61 - - [30/Aug/2022:14:41:27 -0500] "GET /BLA/resoluciones/index.php?dir=RESOLUCIONES%202022/&sort=size&order=asc HTTP/1.1" 200 122613
190.144.96.61 - - [30/Aug/2022:14:41:29 -0500] "GET /BLA/resoluciones/index.php?dir= HTTP/1.1" 200 13093
186.119.242.199 - - [30/Aug/2022:14:41:36 -0500] "POST /sipse/faces/presentacion/financiero/estudioPrevio/personalSolicitado/asociarProfesionPersonalSolicitado.xhtml HTTP/1.1" 200 21354
186.119.242.199 - - [30/Aug/2022:14:41:37 -0500] "POST /sipse/faces/presentacion/financiero/estudioPrevio/personalSolicitado/asociarProfesionPersonalSolicitado.xhtml HTTP/1.1" 200 21358
186.119.242.199 - - [30/Aug/2022:14:41:43 -0500] "POST /sipse/faces/presentacion/financiero/estudioPrevio/personalSolicitado/asociarProfesionPersonalSolicitado.xhtml HTTP/1.1" 200 21313
186.119.242.199 - - [30/Aug/2022:14:41:44 -0500] "POST /sipse/faces/presentacion/financiero/estudioPrevio/personalSolicitado/asociarProfesionPersonalSolicitado.xhtml HTTP/1.1" 200 21535
190.144.96.61 - - [30/Aug/2022:14:41:44 -0500] "GET /BLA/resoluciones/index.php?dir=RESOLUCIONES+2020%2F HTTP/1.1" 200 165824
186.119.242.199 - - [30/Aug/2022:14:41:45 -0500] "POST /sipse/faces/presentacion/financiero/estudioPrevio/personalSolicitado/asociarProfesionPersonalSolicitado.xhtml HTTP/1.1" 200 21450
190.144.96.61 - - [30/Aug/2022:14:41:46 -0500] "GET /BLA/resoluciones/RESOLUCIONES%202020/0029.pdf HTTP/1.1" 200 384367
190.144.96.61 - - [30/Aug/2022:14:41:51 -0500] "GET /BLA/resoluciones/RESOLUCIONES%202020/0044.pdf HTTP/1.1" 200 289756
186.119.242.199 - - [30/Aug/2022:14:41:52 -0500] "POST /sipse/faces/presentacion/financiero/estudioPrevio/personalSolicitado/asociarProfesionPersonalSolicitado.xhtml HTTP/1.1" 200 52163
186.119.242.199 - - [30/Aug/2022:14:41:52 -0500] "GET /sipse/faces/javax.faces.resource/theme.css?ln=primefaces-sipse HTTP/1.1" 304 -
186.119.242.199 - - [30/Aug/2022:14:41:52 -0500] "GET /sipse/faces/javax.faces.resource/primefaces.css?ln=primefaces&v=4.0 HTTP/1.1" 304 -
