!C99Shell v. 1.0 pre-release build #13!

Software: Apache. PHP/5.5.15 

uname -a: Windows NT SVR-DMZ 6.1 build 7600 (Windows Server 2008 R2 Enterprise Edition) i586 

SYSTEM 

Safe-mode: OFF (not secure)

E:\nuevo\apache\logs\   drwxrwxrwx
Free 5.02 GB of 239.26 GB (2.1%)
Detected drives: [ a ] [ c ] [ d ] [ e ] [ f ]
Home    Back    Forward    UPDIR    Refresh    Search    Buffer    Encoder    Tools    Proc.    FTP brute    Sec.    SQL    PHP-code    Update    Feedback    Self remove    Logout    


Viewing file:     access.2022.09.07.log (5.21 MB)      -rw-rw-rw-
Select action/file-type:
(+) | (+) | (+) | Code (+) | Session (+) | (+) | SDB (+) | (+) | (+) | (+) | (+) | (+) |
172.22.2.4 - - [06/Sep/2022:23:58:45 -0500] "GET /BLA/boletinlegal/ HTTP/1.1" 200 58163
172.22.2.4 - - [07/Sep/2022:00:01:26 -0500] "GET /BLA/boletinlegal/login HTTP/1.1" 404 1018
216.245.221.92 - - [07/Sep/2022:00:01:40 -0500] "HEAD / HTTP/1.1" 200 -
172.22.2.4 - - [07/Sep/2022:00:01:44 -0500] "GET /BLA/boletinlegal/ReportServer HTTP/1.1" 404 1018
201.245.192.253 - - [07/Sep/2022:00:02:07 -0500] "POST /kwsrmcab/Wsrmcab  HTTP/1.1" 200 42606
172.22.2.4 - - [07/Sep/2022:00:03:45 -0500] "HEAD /BLA/boletinlegal/ HTTP/1.1" 200 -
172.22.2.4 - - [07/Sep/2022:00:04:35 -0500] "GET /BLA/boletinlegal/ HTTP/1.1" 200 60281
172.22.2.4 - - [07/Sep/2022:00:06:25 -0500] "GET /BLA/boletinlegal/Circulares/2022/CIRCULAR%20No.%2000004%20DEL%2019%20DE%20MAYO%20DEL%202022.pdf HTTP/1.1" 304 -
216.245.221.92 - - [07/Sep/2022:00:06:39 -0500] "HEAD / HTTP/1.1" 200 -
201.245.192.253 - - [07/Sep/2022:00:07:06 -0500] "POST /kwsrmcab/Wsrmcab  HTTP/1.1" 200 42606
66.249.66.78 - - [07/Sep/2022:00:07:20 -0500] "-" 408 -
172.22.2.4 - - [07/Sep/2022:00:09:35 -0500] "HEAD /BLA/boletinlegal/ HTTP/1.1" 200 -
216.245.221.92 - - [07/Sep/2022:00:11:40 -0500] "HEAD / HTTP/1.1" 200 -
172.22.2.4 - - [07/Sep/2022:00:10:25 -0500] "GET /BLA/boletinlegal/ HTTP/1.1" 200 58163
201.245.192.253 - - [07/Sep/2022:00:12:05 -0500] "POST /kwsrmcab/Wsrmcab  HTTP/1.1" 200 42606
152.61.192.232 - - [07/Sep/2022:00:13:30 -0500] "GET / HTTP/1.1" 200 319
207.46.13.86 - - [07/Sep/2022:00:14:46 -0500] "GET /BLA/resoluciones/RESOLUCIONES%202003/RES%202003%20851-900/899.tif HTTP/1.1" 200 401860
216.245.221.92 - - [07/Sep/2022:00:16:40 -0500] "HEAD / HTTP/1.1" 200 -
172.22.2.4 - - [07/Sep/2022:00:15:25 -0500] "HEAD /BLA/boletinlegal/ HTTP/1.1" 200 -
201.245.192.253 - - [07/Sep/2022:00:17:04 -0500] "POST /kwsrmcab/Wsrmcab  HTTP/1.1" 200 42606
172.22.2.4 - - [07/Sep/2022:00:16:15 -0500] "GET /BLA/boletinlegal/ HTTP/1.1" 200 59828
152.61.128.50 - - [07/Sep/2022:00:18:35 -0500] "GET / HTTP/1.1" 200 319
201.245.192.253 - - [07/Sep/2022:00:19:33 -0500] "POST /kwsrmcab/Wsrmcab HTTP/1.1" 200 42019
201.245.192.253 - - [07/Sep/2022:00:19:40 -0500] "POST /kwsrmcab/Wsrmcab HTTP/1.1" 200 42289
216.245.221.92 - - [07/Sep/2022:00:21:39 -0500] "HEAD / HTTP/1.1" 200 -
201.245.192.253 - - [07/Sep/2022:00:22:03 -0500] "POST /kwsrmcab/Wsrmcab  HTTP/1.1" 200 42606
172.22.2.4 - - [07/Sep/2022:00:21:15 -0500] "HEAD /BLA/boletinlegal/ HTTP/1.1" 200 -
185.119.81.99 - - [07/Sep/2022:00:22:56 -0500] "GET /portaldeninos/wp-login.php HTTP/1.1" 200 2592
185.119.81.99 - - [07/Sep/2022:00:22:57 -0500] "POST /portaldeninos/wp-login.php HTTP/1.1" 200 3670
109.205.213.20 - - [07/Sep/2022:00:23:07 -0500] "POST /boaform/admin/formLogin HTTP/1.1" 404 1186
172.22.2.4 - - [07/Sep/2022:00:22:05 -0500] "GET /BLA/boletinlegal/ HTTP/1.1" 200 53290
205.169.39.168 - - [07/Sep/2022:00:24:36 -0500] "GET /portaldeninos/wp-includes/js/wp-emoji-release.min.js?ver=4.9.8 HTTP/1.1" 200 12026
205.169.39.168 - - [07/Sep/2022:00:24:36 -0500] "GET /portaldeninos/wp-content/plugins/google-analytics-for-wordpress/assets/js/frontend-gtag.min.js?ver=8.5.0 HTTP/1.1" 200 11801
205.169.39.168 - - [07/Sep/2022:00:24:36 -0500] "GET /portaldeninos/wp-includes/js/jquery/jquery.js?ver=1.12.4 HTTP/1.1" 200 97184
205.169.39.168 - - [07/Sep/2022:00:24:37 -0500] "GET /portaldeninos/wp-includes/js/jquery/jquery-migrate.min.js?ver=1.4.1 HTTP/1.1" 200 10056
205.169.39.168 - - [07/Sep/2022:00:24:38 -0500] "GET /portaldeninos/wp-includes/js/jquery/ui/core.min.js?ver=1.11.4 HTTP/1.1" 200 4000
205.169.39.168 - - [07/Sep/2022:00:24:38 -0500] "GET /portaldeninos/wp-content/plugins/gallery-videos/JS/modernizr.custom.js?ver=4.9.8 HTTP/1.1" 200 9019
205.169.39.168 - - [07/Sep/2022:00:24:38 -0500] "GET /portaldeninos/wp-content/plugins/gallery-videos/JS/Total-Soft-Gallery-Video-Widget.js?ver=4.9.8 HTTP/1.1" 200 80264
205.169.39.168 - - [07/Sep/2022:00:24:39 -0500] "GET /portaldeninos/wp-includes/js/jquery/ui/widget.min.js?ver=1.11.4 HTTP/1.1" 200 6908
205.169.39.168 - - [07/Sep/2022:00:24:39 -0500] "GET /portaldeninos/wp-includes/js/jquery/ui/mouse.min.js?ver=1.11.4 HTTP/1.1" 200 3148
205.169.39.168 - - [07/Sep/2022:00:24:39 -0500] "GET /portaldeninos/wp-includes/js/jquery/ui/sortable.min.js?ver=1.11.4 HTTP/1.1" 200 24899
205.169.39.168 - - [07/Sep/2022:00:24:39 -0500] "GET /portaldeninos/wp-includes/js/jquery/ui/tabs.min.js?ver=1.11.4 HTTP/1.1" 200 12110
205.169.39.168 - - [07/Sep/2022:00:24:40 -0500] "GET /portaldeninos/wp-includes/js/jquery/ui/accordion.min.js?ver=1.11.4 HTTP/1.1" 200 8584
205.169.39.168 - - [07/Sep/2022:00:24:40 -0500] "GET /portaldeninos/wp-content/themes/betheme/js/plugins.js?ver=20.9.6 HTTP/1.1" 200 197151
205.169.39.168 - - [07/Sep/2022:00:24:41 -0500] "GET /portaldeninos/wp-content/themes/betheme/js/menu.js?ver=20.9.6 HTTP/1.1" 200 2449
205.169.39.168 - - [07/Sep/2022:00:24:41 -0500] "GET /portaldeninos/wp-content/themes/betheme/assets/animations/animations.min.js?ver=20.9.6 HTTP/1.1" 200 1896
205.169.39.168 - - [07/Sep/2022:00:24:41 -0500] "GET /portaldeninos/wp-content/themes/betheme/assets/jplayer/jplayer.min.js?ver=20.9.6 HTTP/1.1" 200 52702
205.169.39.168 - - [07/Sep/2022:00:24:42 -0500] "GET /portaldeninos/wp-content/themes/betheme/js/scripts.js?ver=20.9.6 HTTP/1.1" 200 77162
205.169.39.168 - - [07/Sep/2022:00:24:42 -0500] "GET /portaldeninos/wp-includes/js/wp-embed.min.js?ver=4.9.8 HTTP/1.1" 200 1398
216.245.221.92 - - [07/Sep/2022:00:26:39 -0500] "HEAD / HTTP/1.1" 200 -
201.245.192.253 - - [07/Sep/2022:00:27:02 -0500] "POST /kwsrmcab/Wsrmcab  HTTP/1.1" 200 42606
34.90.12.75 - - [07/Sep/2022:00:28:26 -0500] "GET / HTTP/1.1" 200 319
34.90.12.75 - - [07/Sep/2022:00:28:26 -0500] "GET / HTTP/1.1" 200 4720
172.22.2.4 - - [07/Sep/2022:00:27:05 -0500] "HEAD /BLA/boletinlegal/ HTTP/1.1" 200 -
172.22.2.4 - - [07/Sep/2022:00:27:55 -0500] "GET /BLA/boletinlegal/ HTTP/1.1" 200 60281
201.245.192.253 - - [07/Sep/2022:00:29:33 -0500] "POST /kwsrmcab/Wsrmcab HTTP/1.1" 200 42019
201.245.192.253 - - [07/Sep/2022:00:29:37 -0500] "POST /kwsrmcab/Wsrmcab HTTP/1.1" 200 42289
216.245.221.92 - - [07/Sep/2022:00:31:39 -0500] "HEAD / HTTP/1.1" 200 -
201.245.192.253 - - [07/Sep/2022:00:32:01 -0500] "POST /kwsrmcab/Wsrmcab  HTTP/1.1" 200 42606
173.252.79.20 - - [07/Sep/2022:00:34:16 -0500] "GET /images/JBB1.jpeg HTTP/1.1" 200 90628
172.22.2.4 - - [07/Sep/2022:00:32:55 -0500] "HEAD /BLA/boletinlegal/ HTTP/1.1" 200 -
172.22.2.4 - - [07/Sep/2022:00:33:45 -0500] "GET /BLA/boletinlegal/ HTTP/1.1" 200 60281
172.22.2.4 - - [07/Sep/2022:00:35:50 -0500] "GET /BLA/boletinlegal/Directivas/2011/Directiva%20No.%203%20del%2027%20de%20Mayo%20de%202011.pdf HTTP/1.1" 304 -
216.245.221.92 - - [07/Sep/2022:00:36:39 -0500] "HEAD / HTTP/1.1" 200 -
201.245.192.253 - - [07/Sep/2022:00:37:00 -0500] "POST /kwsrmcab/Wsrmcab  HTTP/1.1" 200 42606
201.245.192.253 - - [07/Sep/2022:00:39:34 -0500] "POST /kwsrmcab/Wsrmcab HTTP/1.1" 200 42019
201.245.192.253 - - [07/Sep/2022:00:39:39 -0500] "POST /kwsrmcab/Wsrmcab HTTP/1.1" 200 42289
172.22.2.4 - - [07/Sep/2022:00:38:45 -0500] "HEAD /BLA/boletinlegal/ HTTP/1.1" 200 -
172.22.2.4 - - [07/Sep/2022:00:39:35 -0500] "GET /BLA/boletinlegal/ HTTP/1.1" 200 58163
66.249.66.78 - - [07/Sep/2022:00:41:17 -0500] "-" 408 -
216.245.221.92 - - [07/Sep/2022:00:41:39 -0500] "HEAD / HTTP/1.1" 200 -
201.245.192.253 - - [07/Sep/2022:00:41:59 -0500] "POST /kwsrmcab/Wsrmcab  HTTP/1.1" 200 42606
185.119.81.101 - - [07/Sep/2022:00:42:25 -0500] "GET /portaldeninos/wp-login.php HTTP/1.1" 200 2592
185.119.81.101 - - [07/Sep/2022:00:42:26 -0500] "POST /portaldeninos/wp-login.php HTTP/1.1" 200 3605
172.22.2.4 - - [07/Sep/2022:00:44:35 -0500] "HEAD /BLA/boletinlegal/ HTTP/1.1" 200 -
216.245.221.92 - - [07/Sep/2022:00:46:39 -0500] "HEAD / HTTP/1.1" 200 -
201.245.192.253 - - [07/Sep/2022:00:46:58 -0500] "POST /kwsrmcab/Wsrmcab  HTTP/1.1" 200 42606
172.22.2.4 - - [07/Sep/2022:00:45:25 -0500] "GET /BLA/boletinlegal/ HTTP/1.1" 200 58575
185.119.81.101 - - [07/Sep/2022:00:47:08 -0500] "GET /portaldeninos/wp-login.php HTTP/1.1" 200 2592
185.119.81.101 - - [07/Sep/2022:00:47:09 -0500] "POST /portaldeninos/wp-login.php HTTP/1.1" 200 3605
207.46.13.90 - - [07/Sep/2022:00:48:01 -0500] "GET /forest/ HTTP/1.1" 200 12041
216.245.221.92 - - [07/Sep/2022:00:51:39 -0500] "HEAD / HTTP/1.1" 200 -
185.119.81.101 - - [07/Sep/2022:00:51:53 -0500] "GET /portaldeninos/wp-login.php HTTP/1.1" 200 2592
185.119.81.101 - - [07/Sep/2022:00:51:54 -0500] "POST /portaldeninos/wp-login.php HTTP/1.1" 200 3670
20.250.41.226 - - [07/Sep/2022:00:51:58 -0500] "GET /wp-content/plugins/core-builder/index.php HTTP/1.1" 404 1022
201.245.192.253 - - [07/Sep/2022:00:51:56 -0500] "POST /kwsrmcab/Wsrmcab  HTTP/1.1" 200 42606
172.22.2.4 - - [07/Sep/2022:00:50:24 -0500] "HEAD /BLA/boletinlegal/ HTTP/1.1" 200 -
172.22.2.4 - - [07/Sep/2022:00:51:15 -0500] "GET /BLA/boletinlegal/ HTTP/1.1" 200 57725
207.46.13.86 - - [07/Sep/2022:00:53:41 -0500] "GET /sipse/faces/javax.faces.resource/primefaces.js;jsessionid=ncdayt+tpukgvir-bn-mnny9.undefined?ln=primefaces&v=4.0 HTTP/1.1" 200 276924
157.55.39.154 - - [07/Sep/2022:00:54:25 -0500] "GET / HTTP/1.1" 200 4720
142.93.79.191 - - [07/Sep/2022:00:55:53 -0500] "GET / HTTP/1.1" 200 319
142.93.79.191 - - [07/Sep/2022:00:55:53 -0500] "GET /favicon.ico HTTP/1.1" 200 7782
66.249.66.75 - - [07/Sep/2022:00:56:03 -0500] "-" 408 -
216.245.221.92 - - [07/Sep/2022:00:56:39 -0500] "HEAD / HTTP/1.1" 200 -
201.245.192.253 - - [07/Sep/2022:00:56:55 -0500] "POST /kwsrmcab/Wsrmcab  HTTP/1.1" 200 42606
185.119.81.102 - - [07/Sep/2022:00:57:45 -0500] "GET /portaldeninos/wp-login.php HTTP/1.1" 200 2592
185.119.81.102 - - [07/Sep/2022:00:57:46 -0500] "POST /portaldeninos/wp-login.php HTTP/1.1" 200 3650
172.22.2.4 - - [07/Sep/2022:00:56:15 -0500] "HEAD /BLA/boletinlegal/ HTTP/1.1" 200 -
69.63.184.3 - - [07/Sep/2022:00:58:18 -0500] "GET /images/Junio%2002-experiencias-jardines-verticales-sda.jpeg HTTP/1.1" 200 31171
172.22.2.4 - - [07/Sep/2022:00:57:05 -0500] "GET /BLA/boletinlegal/ HTTP/1.1" 200 54003
152.61.192.232 - - [07/Sep/2022:01:00:44 -0500] "GET /arcgis/services/Calidad_del_Agua_WQI/MapServer/WMSServer?request=GetCapabilities&service=WMS HTTP/1.1" 503 1020
152.61.192.232 - - [07/Sep/2022:01:00:45 -0500] "GET /arcgis/services/Calidad_del_Agua_WQI/MapServer/WMSServer?SERVICE=WMS&REQUEST=GetCapabilities HTTP/1.1" 503 1020
152.61.192.232 - - [07/Sep/2022:01:00:45 -0500] "GET /arcgis/services/Calidad_del_Agua_WQI/MapServer/WMSServer?WMTVER=1.0.0&REQUEST=capabilities HTTP/1.1" 503 1020
152.61.128.50 - - [07/Sep/2022:01:01:08 -0500] "GET /arcgis/services/Calidad_del_Agua_WQI/MapServer/WMSServer?request=GetCapabilities&service=WMS HTTP/1.1" 503 1020
152.61.128.50 - - [07/Sep/2022:01:01:08 -0500] "GET /arcgis/services/Calidad_del_Agua_WQI/MapServer/WMSServer?SERVICE=WMS&REQUEST=GetCapabilities HTTP/1.1" 503 1020
152.61.128.50 - - [07/Sep/2022:01:01:08 -0500] "GET /arcgis/services/Calidad_del_Agua_WQI/MapServer/WMSServer?WMTVER=1.0.0&REQUEST=capabilities HTTP/1.1" 503 1020
216.245.221.92 - - [07/Sep/2022:01:01:39 -0500] "HEAD / HTTP/1.1" 200 -
186.159.6.178 - - [07/Sep/2022:01:01:54 -0500] "GET / HTTP/1.1" 200 319
201.245.192.253 - - [07/Sep/2022:01:01:54 -0500] "POST /kwsrmcab/Wsrmcab  HTTP/1.1" 200 42606
66.249.66.75 - - [07/Sep/2022:01:02:03 -0500] "-" 408 -
157.55.39.161 - - [07/Sep/2022:01:02:10 -0500] "GET /si-tienes-entre-14-y-25-anos-y-quieres-participar-inscribete-a-la-convocatoria-de-lideres-juveniles-para-la-cumbre-de-alcaldes-c40-2022.html HTTP/1.1" 304 -
185.119.81.99 - - [07/Sep/2022:01:02:27 -0500] "GET /portaldeninos/wp-login.php HTTP/1.1" 200 2592
185.119.81.99 - - [07/Sep/2022:01:02:28 -0500] "POST /portaldeninos/wp-login.php HTTP/1.1" 200 3605
34.76.96.55 - - [07/Sep/2022:01:02:57 -0500] "GET / HTTP/1.1" 200 319
172.22.2.4 - - [07/Sep/2022:01:02:04 -0500] "HEAD /BLA/boletinlegal/ HTTP/1.1" 200 -
172.22.2.4 - - [07/Sep/2022:01:02:55 -0500] "GET /BLA/boletinlegal/ HTTP/1.1" 200 55220
172.22.2.4 - - [07/Sep/2022:01:05:20 -0500] "GET /BLA/boletinlegal/actos.php HTTP/1.1" 200 9559
216.245.221.92 - - [07/Sep/2022:01:06:39 -0500] "HEAD / HTTP/1.1" 200 -
201.245.192.253 - - [07/Sep/2022:01:06:54 -0500] "POST /kwsrmcab/Wsrmcab  HTTP/1.1" 200 42606
64.124.8.45 - - [07/Sep/2022:01:09:09 -0500] "-" 408 -
172.22.2.4 - - [07/Sep/2022:01:07:55 -0500] "HEAD /BLA/boletinlegal/ HTTP/1.1" 200 -
66.249.66.75 - - [07/Sep/2022:01:10:14 -0500] "-" 408 -
172.22.2.4 - - [07/Sep/2022:01:08:45 -0500] "GET /BLA/boletinlegal/ HTTP/1.1" 200 58163
216.245.221.92 - - [07/Sep/2022:01:11:39 -0500] "HEAD / HTTP/1.1" 200 -
201.245.192.253 - - [07/Sep/2022:01:11:52 -0500] "POST /kwsrmcab/Wsrmcab  HTTP/1.1" 200 42606
157.55.39.201 - - [07/Sep/2022:01:14:13 -0500] "GET /BLA/resoluciones/869.tif HTTP/1.1" 404 1018
172.22.2.4 - - [07/Sep/2022:01:13:44 -0500] "HEAD /BLA/boletinlegal/ HTTP/1.1" 200 -
172.22.2.4 - - [07/Sep/2022:01:14:35 -0500] "GET /BLA/boletinlegal/ HTTP/1.1" 200 58163
192.241.219.66 - - [07/Sep/2022:01:16:28 -0500] "GET / HTTP/1.1" 200 319
66.249.66.75 - - [07/Sep/2022:01:16:32 -0500] "-" 408 -
216.245.221.92 - - [07/Sep/2022:01:16:39 -0500] "HEAD / HTTP/1.1" 200 -
201.245.192.253 - - [07/Sep/2022:01:16:52 -0500] "POST /kwsrmcab/Wsrmcab  HTTP/1.1" 200 42606
207.46.13.90 - - [07/Sep/2022:01:17:04 -0500] "GET /SIIPEV/Diseno%20de%20Elementos%20de%20Mobiliario%20Urbano/Registros/css/bootstrap.min.css HTTP/1.1" 200 113504
157.55.39.201 - - [07/Sep/2022:01:17:08 -0500] "GET /SIIPEV/Diseno%20de%20Elementos%20de%20Mobiliario%20Urbano/Registros/css/dataTables.bootstrap.css HTTP/1.1" 200 7679
157.55.39.201 - - [07/Sep/2022:01:17:08 -0500] "GET /SIIPEV/Diseno%20de%20Elementos%20de%20Mobiliario%20Urbano/Registros/js/bootstrap.min.js HTTP/1.1" 200 35601
157.55.39.202 - - [07/Sep/2022:01:17:11 -0500] "GET /SIIPEV/Diseno%20de%20Elementos%20de%20Mobiliario%20Urbano/Registros/js/dataTables.bootstrap.js HTTP/1.1" 200 4287
207.46.13.86 - - [07/Sep/2022:01:17:11 -0500] "GET /SIIPEV/Diseno%20de%20Elementos%20de%20Mobiliario%20Urbano/Registros/js/jquery.min.js HTTP/1.1" 200 95786
157.55.39.200 - - [07/Sep/2022:01:17:13 -0500] "GET /SIIPEV/Diseno%20de%20Elementos%20de%20Mobiliario%20Urbano/Registros/js/jquery.dataTables.min.js HTTP/1.1" 200 78766
201.245.192.253 - - [07/Sep/2022:01:19:34 -0500] "POST /kwsrmcab/Wsrmcab HTTP/1.1" 200 42448
201.245.192.253 - - [07/Sep/2022:01:19:37 -0500] "POST /kwsrmcab/Wsrmcab HTTP/1.1" 200 42453
172.22.2.4 - - [07/Sep/2022:01:20:38 -0500] "GET /BLA/boletinlegal/Circulares/2020/Circular%2000010%20del%2027%20de%20julio%20de%202020.pdf HTTP/1.1" 304 -
172.22.2.4 - - [07/Sep/2022:01:19:34 -0500] "HEAD /BLA/boletinlegal/ HTTP/1.1" 200 -
216.245.221.92 - - [07/Sep/2022:01:21:39 -0500] "HEAD / HTTP/1.1" 200 -
201.245.192.253 - - [07/Sep/2022:01:21:50 -0500] "POST /kwsrmcab/Wsrmcab  HTTP/1.1" 200 42606
172.22.2.4 - - [07/Sep/2022:01:20:25 -0500] "GET /BLA/boletinlegal/ HTTP/1.1" 200 58163
156.146.36.209 - - [07/Sep/2022:01:22:54 -0500] "GET /wp-login.php HTTP/1.1" 404 1018
157.55.39.161 - - [07/Sep/2022:01:23:10 -0500] "GET /portaldeninos/wp-content/uploads/2021/05/los-nevados-mirador-768x429.jpg HTTP/1.1" 200 79761
66.249.66.75 - - [07/Sep/2022:01:24:20 -0500] "-" 408 -
216.245.221.92 - - [07/Sep/2022:01:26:39 -0500] "HEAD / HTTP/1.1" 200 -
201.245.192.253 - - [07/Sep/2022:01:26:50 -0500] "POST /kwsrmcab/Wsrmcab  HTTP/1.1" 200 42606
172.22.2.4 - - [07/Sep/2022:01:25:24 -0500] "HEAD /BLA/boletinlegal/ HTTP/1.1" 200 -
66.249.66.75 - - [07/Sep/2022:01:27:51 -0500] "-" 408 -
172.22.2.4 - - [07/Sep/2022:01:26:15 -0500] "GET /BLA/boletinlegal/ HTTP/1.1" 200 60281
157.55.39.202 - - [07/Sep/2022:01:28:53 -0500] "GET /bla/resoluciones/resoluciones%202011/2239.pdf HTTP/1.1" 200 760266
201.245.192.253 - - [07/Sep/2022:01:29:33 -0500] "POST /kwsrmcab/Wsrmcab HTTP/1.1" 200 42448
201.245.192.253 - - [07/Sep/2022:01:29:36 -0500] "POST /kwsrmcab/Wsrmcab HTTP/1.1" 200 42453
185.119.81.101 - - [07/Sep/2022:01:30:24 -0500] "GET /portaldeninos/wp-login.php HTTP/1.1" 200 2592
185.119.81.101 - - [07/Sep/2022:01:30:25 -0500] "POST /portaldeninos/wp-login.php HTTP/1.1" 200 3650
216.245.221.92 - - [07/Sep/2022:01:31:39 -0500] "HEAD / HTTP/1.1" 200 -
201.245.192.253 - - [07/Sep/2022:01:31:49 -0500] "POST /kwsrmcab/Wsrmcab  HTTP/1.1" 200 42606
172.22.2.4 - - [07/Sep/2022:01:31:14 -0500] "HEAD /BLA/boletinlegal/ HTTP/1.1" 200 -
40.77.191.239 - - [07/Sep/2022:01:33:09 -0500] "GET /SIIPEV/Diseno%20de%20Elementos%20de%20Mobiliario%20Urbano/Registros/images/sort_both.html HTTP/1.1" 200 1236
40.77.191.228 - - [07/Sep/2022:01:33:12 -0500] "GET /SIIPEV/Diseno%20de%20Elementos%20de%20Mobiliario%20Urbano/Registros/images/sort_asc.html HTTP/1.1" 200 1236
66.249.66.75 - - [07/Sep/2022:01:33:30 -0500] "-" 408 -
172.22.2.4 - - [07/Sep/2022:01:32:05 -0500] "GET /BLA/boletinlegal/ HTTP/1.1" 200 57375
192.133.77.18 - - [07/Sep/2022:01:36:35 -0500] "GET /images/actividades-dia-tierra-22-abril.jpg HTTP/1.1" 200 77276
216.245.221.92 - - [07/Sep/2022:01:36:39 -0500] "HEAD / HTTP/1.1" 200 -
201.245.192.253 - - [07/Sep/2022:01:36:48 -0500] "POST /kwsrmcab/Wsrmcab  HTTP/1.1" 200 42606
172.22.2.4 - - [07/Sep/2022:01:38:11 -0500] "GET /BLA/boletinlegal/js/lib.js HTTP/1.1" 200 6474
172.22.2.4 - - [07/Sep/2022:01:38:11 -0500] "GET /BLA/boletinlegal/niceforms-default.css HTTP/1.1" 200 6694
172.22.2.4 - - [07/Sep/2022:01:38:17 -0500] "GET /BLA/boletinlegal/js/jquery1.js HTTP/1.1" 200 29846
172.22.2.4 - - [07/Sep/2022:01:38:17 -0500] "GET /BLA/boletinlegal/js/popup.js HTTP/1.1" 200 1270
172.22.2.4 - - [07/Sep/2022:01:38:21 -0500] "GET /BLA/boletinlegal/js/ajax_actos.js HTTP/1.1" 200 1322
172.22.2.4 - - [07/Sep/2022:01:38:26 -0500] "GET /BLA/boletinlegal/styles2.css HTTP/1.1" 200 1838
172.22.2.4 - - [07/Sep/2022:01:37:04 -0500] "HEAD /BLA/boletinlegal/ HTTP/1.1" 200 -
172.22.2.4 - - [07/Sep/2022:01:37:55 -0500] "GET /BLA/boletinlegal/ HTTP/1.1" 200 59828
201.245.192.253 - - [07/Sep/2022:01:39:34 -0500] "POST /kwsrmcab/Wsrmcab HTTP/1.1" 200 42448
201.245.192.253 - - [07/Sep/2022:01:39:38 -0500] "POST /kwsrmcab/Wsrmcab HTTP/1.1" 200 42453
172.22.2.4 - - [07/Sep/2022:01:40:39 -0500] "GET /BLA/boletinlegal/robots.txt HTTP/1.1" 404 1038
172.22.2.4 - - [07/Sep/2022:01:40:39 -0500] "GET /BLA/boletinlegal/Circulares/2018/Circular%20No.%200015%20del%207%20de%20Diciembre%20de%202018.pdf HTTP/1.1" 304 -
216.245.221.92 - - [07/Sep/2022:01:41:39 -0500] "HEAD / HTTP/1.1" 200 -
201.245.192.253 - - [07/Sep/2022:01:41:47 -0500] "POST /kwsrmcab/Wsrmcab  HTTP/1.1" 200 42606
172.22.2.4 - - [07/Sep/2022:01:42:54 -0500] "HEAD /BLA/boletinlegal/ HTTP/1.1" 200 -
172.22.2.4 - - [07/Sep/2022:01:43:45 -0500] "GET /BLA/boletinlegal/ HTTP/1.1" 200 58163
66.249.66.75 - - [07/Sep/2022:01:46:29 -0500] "-" 408 -
216.245.221.92 - - [07/Sep/2022:01:46:39 -0500] "HEAD / HTTP/1.1" 200 -
172.22.2.4 - - [07/Sep/2022:01:46:43 -0500] "GET /BLA/boletinlegal/jurisprudencia/analisis/CUADRO%20ANALISIS%20SENTENCIA%20T-411%20DE%201992.doc HTTP/1.1" 304 -
201.245.192.253 - - [07/Sep/2022:01:46:46 -0500] "POST /kwsrmcab/Wsrmcab  HTTP/1.1" 200 42606
172.22.2.4 - - [07/Sep/2022:01:48:44 -0500] "HEAD /BLA/boletinlegal/ HTTP/1.1" 200 -
172.22.2.4 - - [07/Sep/2022:01:49:35 -0500] "GET /BLA/boletinlegal/ HTTP/1.1" 200 58163
216.245.221.92 - - [07/Sep/2022:01:51:39 -0500] "HEAD / HTTP/1.1" 200 -
201.245.192.253 - - [07/Sep/2022:01:51:45 -0500] "POST /kwsrmcab/Wsrmcab  HTTP/1.1" 200 42606
66.249.66.75 - - [07/Sep/2022:01:52:19 -0500] "-" 408 -
185.119.81.105 - - [07/Sep/2022:01:53:53 -0500] "GET /portaldeninos/wp-login.php HTTP/1.1" 200 2592
185.119.81.105 - - [07/Sep/2022:01:53:54 -0500] "POST /portaldeninos/wp-login.php HTTP/1.1" 200 3605
172.22.2.4 - - [07/Sep/2022:01:53:49 -0500] "GET /BLA/boletinlegal/ HTTP/1.1" 200 24523
172.22.2.4 - - [07/Sep/2022:01:54:34 -0500] "HEAD /BLA/boletinlegal/ HTTP/1.1" 200 -
216.245.221.92 - - [07/Sep/2022:01:56:39 -0500] "HEAD / HTTP/1.1" 200 -
201.245.192.253 - - [07/Sep/2022:01:56:44 -0500] "POST /kwsrmcab/Wsrmcab  HTTP/1.1" 200 42606
157.55.39.200 - - [07/Sep/2022:01:56:56 -0500] "GET /BLA/resoluciones/index.php?dir=AUTOS+2022%2F HTTP/1.1" 200 245362
172.22.2.4 - - [07/Sep/2022:01:55:25 -0500] "GET /BLA/boletinlegal/ HTTP/1.1" 200 58163
66.249.66.75 - - [07/Sep/2022:01:58:24 -0500] "-" 408 -
216.245.221.92 - - [07/Sep/2022:02:01:39 -0500] "HEAD / HTTP/1.1" 200 -
201.245.192.253 - - [07/Sep/2022:02:01:43 -0500] "POST /kwsrmcab/Wsrmcab  HTTP/1.1" 200 42606
172.22.2.4 - - [07/Sep/2022:02:00:24 -0500] "HEAD /BLA/boletinlegal/ HTTP/1.1" 200 -
172.22.2.4 - - [07/Sep/2022:02:02:14 -0500] "GET /BLA/boletinlegal/robots.txt HTTP/1.1" 404 1038
172.22.2.4 - - [07/Sep/2022:02:02:16 -0500] "GET /BLA/boletinlegal/jurisprudencia.php HTTP/1.1" 200 17573
172.22.2.4 - - [07/Sep/2022:02:01:15 -0500] "GET /BLA/boletinlegal/ HTTP/1.1" 200 56732
157.55.39.201 - - [07/Sep/2022:02:03:52 -0500] "GET /galeria/galeria/fotos/Humedal-la-Isla4G.jpg HTTP/1.1" 200 238346
157.55.39.201 - - [07/Sep/2022:02:05:49 -0500] "GET /BLA/resoluciones/RESOLUCIONES%202003/RES%202003%20851-900/874.tif HTTP/1.1" 200 73632
216.245.221.92 - - [07/Sep/2022:02:06:39 -0500] "HEAD / HTTP/1.1" 200 -
201.245.192.253 - - [07/Sep/2022:02:06:42 -0500] "POST /kwsrmcab/Wsrmcab  HTTP/1.1" 200 42606
172.22.2.4 - - [07/Sep/2022:02:06:14 -0500] "HEAD /BLA/boletinlegal/ HTTP/1.1" 200 -
207.46.13.90 - - [07/Sep/2022:02:08:20 -0500] "GET /forest/ HTTP/1.1" 200 12041
172.22.2.4 - - [07/Sep/2022:02:07:05 -0500] "GET /BLA/boletinlegal/ HTTP/1.1" 200 58955
66.249.66.75 - - [07/Sep/2022:02:10:07 -0500] "-" 408 -
216.245.221.92 - - [07/Sep/2022:02:11:39 -0500] "HEAD / HTTP/1.1" 200 -
201.245.192.253 - - [07/Sep/2022:02:11:40 -0500] "POST /kwsrmcab/Wsrmcab  HTTP/1.1" 200 42606
172.22.2.4 - - [07/Sep/2022:02:12:56 -0500] "GET /BLA/boletinlegal/Circulares/022%20/CIRCULAR%20No.%2000007%20DEL%2025%20DE%20JULIO%20DEL%202022%20.pdf HTTP/1.1" 404 1038
172.22.2.4 - - [07/Sep/2022:02:12:04 -0500] "HEAD /BLA/boletinlegal/ HTTP/1.1" 200 -
207.46.13.86 - - [07/Sep/2022:02:13:56 -0500] "GET /BLA/resoluciones/RESOLUCIONES%202021/3158.pdf HTTP/1.1" 200 521630
172.22.2.4 - - [07/Sep/2022:02:12:55 -0500] "GET /BLA/boletinlegal/ HTTP/1.1" 200 58163
185.119.81.102 - - [07/Sep/2022:02:15:07 -0500] "GET /portaldeninos/wp-login.php HTTP/1.1" 200 2592
185.119.81.102 - - [07/Sep/2022:02:15:08 -0500] "POST /portaldeninos/wp-login.php HTTP/1.1" 200 3670
157.55.39.202 - - [07/Sep/2022:02:16:38 -0500] "GET /bla/resoluciones/resoluciones%201998/RESOLUCION%20239%20DE%201998.pdf HTTP/1.1" 304 -
216.245.221.92 - - [07/Sep/2022:02:16:39 -0500] "HEAD / HTTP/1.1" 200 -
201.245.192.253 - - [07/Sep/2022:02:16:38 -0500] "POST /kwsrmcab/Wsrmcab  HTTP/1.1" 200 42606
66.249.66.75 - - [07/Sep/2022:02:17:41 -0500] "-" 408 -
185.119.81.96 - - [07/Sep/2022:02:18:35 -0500] "GET /portaldeninos/wp-login.php HTTP/1.1" 200 2592
185.119.81.96 - - [07/Sep/2022:02:18:36 -0500] "POST /portaldeninos/wp-login.php HTTP/1.1" 200 3605
172.22.2.4 - - [07/Sep/2022:02:17:54 -0500] "HEAD /BLA/boletinlegal/ HTTP/1.1" 200 -
201.245.192.253 - - [07/Sep/2022:02:19:33 -0500] "POST /kwsrmcab/Wsrmcab HTTP/1.1" 200 42455
201.245.192.253 - - [07/Sep/2022:02:19:36 -0500] "POST /kwsrmcab/Wsrmcab HTTP/1.1" 200 42293
172.22.2.4 - - [07/Sep/2022:02:18:45 -0500] "GET /BLA/boletinlegal/ HTTP/1.1" 200 54356
185.119.81.102 - - [07/Sep/2022:02:20:49 -0500] "GET /portaldeninos/wp-login.php HTTP/1.1" 200 2592
185.119.81.102 - - [07/Sep/2022:02:20:50 -0500] "POST /portaldeninos/wp-login.php HTTP/1.1" 200 3670
216.245.221.92 - - [07/Sep/2022:02:21:39 -0500] "HEAD / HTTP/1.1" 200 -
201.245.192.253 - - [07/Sep/2022:02:21:38 -0500] "POST /kwsrmcab/Wsrmcab  HTTP/1.1" 200 42606
172.22.2.4 - - [07/Sep/2022:02:22:11 -0500] "GET /BLA/boletinlegal/conceptos/2020/46.pdf HTTP/1.1" 200 350199
172.22.2.4 - - [07/Sep/2022:02:20:44 -0500] "GET /BLA/boletinlegal/ HTTP/1.1" 200 53290
172.22.2.4 - - [07/Sep/2022:02:20:44 -0500] "GET /BLA/boletinlegal/ HTTP/1.1" 200 53290
66.249.66.75 - - [07/Sep/2022:02:23:39 -0500] "-" 408 -
172.22.2.4 - - [07/Sep/2022:02:23:44 -0500] "HEAD /BLA/boletinlegal/ HTTP/1.1" 200 -
157.55.39.201 - - [07/Sep/2022:02:25:35 -0500] "GET /Publicaciones/2022EE132964.pdf HTTP/1.1" 404 228
172.22.2.4 - - [07/Sep/2022:02:24:35 -0500] "GET /BLA/boletinlegal/ HTTP/1.1" 200 58163
216.245.221.92 - - [07/Sep/2022:02:26:39 -0500] "HEAD / HTTP/1.1" 200 -
201.245.192.253 - - [07/Sep/2022:02:26:36 -0500] "POST /kwsrmcab/Wsrmcab  HTTP/1.1" 200 42606
185.119.81.101 - - [07/Sep/2022:02:26:53 -0500] "GET /portaldeninos/wp-login.php HTTP/1.1" 200 2592
185.119.81.101 - - [07/Sep/2022:02:26:53 -0500] "POST /portaldeninos/wp-login.php HTTP/1.1" 200 3605
172.22.2.4 - - [07/Sep/2022:02:27:21 -0500] "GET /BLA/boletinlegal/Circulares/2018/Circular%20No.%2010%20del%2021%20de%20Septiembre%20de%202018.pdf HTTP/1.1" 304 -
201.245.192.253 - - [07/Sep/2022:02:29:33 -0500] "POST /kwsrmcab/Wsrmcab HTTP/1.1" 200 42455
201.245.192.253 - - [07/Sep/2022:02:29:37 -0500] "POST /kwsrmcab/Wsrmcab HTTP/1.1" 200 42293
66.249.66.75 - - [07/Sep/2022:02:29:54 -0500] "-" 408 -
172.22.2.4 - - [07/Sep/2022:02:29:34 -0500] "HEAD /BLA/boletinlegal/ HTTP/1.1" 200 -
201.245.192.253 - - [07/Sep/2022:02:31:36 -0500] "POST /kwsrmcab/Wsrmcab  HTTP/1.1" 200 42606
216.245.221.92 - - [07/Sep/2022:02:31:39 -0500] "HEAD / HTTP/1.1" 200 -
172.22.2.4 - - [07/Sep/2022:02:30:25 -0500] "GET /BLA/boletinlegal/ HTTP/1.1" 200 58163
157.55.39.201 - - [07/Sep/2022:02:32:06 -0500] "GET /bla/resoluciones/index.php?dir=resoluciones+2006/res+2006+1-50 HTTP/1.1" 200 11867
194.93.0.40 - - [07/Sep/2022:02:34:49 -0500] "-" 408 -
66.249.66.75 - - [07/Sep/2022:02:35:33 -0500] "-" 408 -
201.245.192.253 - - [07/Sep/2022:02:36:35 -0500] "POST /kwsrmcab/Wsrmcab  HTTP/1.1" 200 42606
216.245.221.92 - - [07/Sep/2022:02:36:39 -0500] "HEAD / HTTP/1.1" 200 -
172.22.2.4 - - [07/Sep/2022:02:35:24 -0500] "HEAD /BLA/boletinlegal/ HTTP/1.1" 200 -
172.22.2.4 - - [07/Sep/2022:02:36:15 -0500] "GET /BLA/boletinlegal/ HTTP/1.1" 200 59828
201.245.192.253 - - [07/Sep/2022:02:39:33 -0500] "POST /kwsrmcab/Wsrmcab HTTP/1.1" 200 42455
201.245.192.253 - - [07/Sep/2022:02:39:36 -0500] "POST /kwsrmcab/Wsrmcab HTTP/1.1" 200 42293
185.119.81.107 - - [07/Sep/2022:02:39:48 -0500] "GET /portaldeninos/wp-login.php HTTP/1.1" 200 2592
185.119.81.107 - - [07/Sep/2022:02:39:49 -0500] "POST /portaldeninos/wp-login.php HTTP/1.1" 200 3650
201.245.192.253 - - [07/Sep/2022:02:41:33 -0500] "POST /kwsrmcab/Wsrmcab  HTTP/1.1" 200 42606
66.249.66.75 - - [07/Sep/2022:02:41:39 -0500] "-" 408 -
216.245.221.92 - - [07/Sep/2022:02:41:39 -0500] "HEAD / HTTP/1.1" 200 -
172.22.2.4 - - [07/Sep/2022:02:41:33 -0500] "GET /BLA/boletinlegal/ HTTP/1.1" 200 24523
172.22.2.4 - - [07/Sep/2022:02:41:14 -0500] "HEAD /BLA/boletinlegal/ HTTP/1.1" 200 -
172.22.2.4 - - [07/Sep/2022:02:42:05 -0500] "GET /BLA/boletinlegal/ HTTP/1.1" 200 57725
172.104.242.173 - - [07/Sep/2022:02:44:49 -0500] "\xba\xabd\xa1EZC\xdbM\x87\xee^\xfd\xbf\x159 X\xd4>\x12\x98\xc4<\xe0\x13\xcf" 400 226
201.245.192.253 - - [07/Sep/2022:02:46:32 -0500] "POST /kwsrmcab/Wsrmcab  HTTP/1.1" 200 42606
216.245.221.92 - - [07/Sep/2022:02:46:39 -0500] "HEAD / HTTP/1.1" 200 -
66.249.66.75 - - [07/Sep/2022:02:47:26 -0500] "-" 408 -
172.22.2.4 - - [07/Sep/2022:02:47:04 -0500] "HEAD /BLA/boletinlegal/ HTTP/1.1" 200 -
172.22.2.4 - - [07/Sep/2022:02:47:54 -0500] "GET /BLA/boletinlegal/ HTTP/1.1" 200 50395
172.22.2.4 - - [07/Sep/2022:02:48:25 -0500] "GET /BLA/boletinlegal/index.php HTTP/1.1" 200 53290
201.245.192.253 - - [07/Sep/2022:02:51:31 -0500] "POST /kwsrmcab/Wsrmcab  HTTP/1.1" 200 42606
216.245.221.92 - - [07/Sep/2022:02:51:39 -0500] "HEAD / HTTP/1.1" 200 -
66.249.66.75 - - [07/Sep/2022:02:53:59 -0500] "-" 408 -
157.55.39.200 - - [07/Sep/2022:02:54:01 -0500] "GET /BLA/resoluciones/index.php?dir=RESOLUCIONES+2017%2F HTTP/1.1" 200 283256
207.46.13.90 - - [07/Sep/2022:02:54:04 -0500] "GET /BLA/boletinlegal/normativa.php HTTP/1.1" 200 8326
157.55.39.202 - - [07/Sep/2022:02:54:05 -0500] "GET /BLA/resoluciones/index.php?dir=RESOLUCIONES+2021%2F HTTP/1.1" 200 417697
172.22.2.4 - - [07/Sep/2022:02:52:54 -0500] "HEAD /BLA/boletinlegal/ HTTP/1.1" 200 -
172.22.2.4 - - [07/Sep/2022:02:53:44 -0500] "GET /BLA/boletinlegal/ HTTP/1.1" 200 53290
201.245.192.253 - - [07/Sep/2022:02:56:30 -0500] "POST /kwsrmcab/Wsrmcab  HTTP/1.1" 200 42606
216.245.221.92 - - [07/Sep/2022:02:56:39 -0500] "HEAD / HTTP/1.1" 200 -
66.249.66.75 - - [07/Sep/2022:02:59:36 -0500] "-" 408 -
172.22.2.4 - - [07/Sep/2022:02:58:44 -0500] "HEAD /BLA/boletinlegal/ HTTP/1.1" 200 -
172.22.2.4 - - [07/Sep/2022:02:59:35 -0500] "GET /BLA/boletinlegal/ HTTP/1.1" 200 60281
201.245.192.253 - - [07/Sep/2022:03:01:29 -0500] "POST /kwsrmcab/Wsrmcab  HTTP/1.1" 200 42606
216.245.221.92 - - [07/Sep/2022:03:01:39 -0500] "HEAD / HTTP/1.1" 200 -
34.147.76.148 - - [07/Sep/2022:03:03:04 -0500] "GET / HTTP/1.1" 200 4720
34.147.76.148 - - [07/Sep/2022:03:03:05 -0500] "GET / HTTP/1.1" 200 319
172.22.2.4 - - [07/Sep/2022:03:04:28 -0500] "GET /BLA/boletinlegal/wp-content/plugins/dzs-zoomsounds/savepng.php?location=1877.php HTTP/1.1" 404 1038
172.22.2.4 - - [07/Sep/2022:03:04:29 -0500] "POST /BLA/boletinlegal/ALFA_DATA/alfacgiapi/perl.alfa HTTP/1.1" 404 1154
172.22.2.4 - - [07/Sep/2022:03:04:29 -0500] "POST /BLA/boletinlegal/wp-plain.php HTTP/1.1" 404 1154
172.22.2.4 - - [07/Sep/2022:03:04:29 -0500] "POST /BLA/boletinlegal/alfacgiapi/perl.alfa HTTP/1.1" 404 1154
172.22.2.4 - - [07/Sep/2022:03:04:29 -0500] "GET /BLA/boletinlegal/omcvwovv.php?Fox=d3wL7 HTTP/1.1" 404 1154
172.22.2.4 - - [07/Sep/2022:03:04:28 -0500] "GET /BLA/boletinlegal/ HTTP/1.1" 200 24523
172.22.2.4 - - [07/Sep/2022:03:04:33 -0500] "GET /BLA/boletinlegal/ HTTP/1.1" 200 24523
172.22.2.4 - - [07/Sep/2022:03:04:39 -0500] "GET /BLA/boletinlegal/ HTTP/1.1" 200 24523
172.22.2.4 - - [07/Sep/2022:03:04:44 -0500] "GET /BLA/boletinlegal/ HTTP/1.1" 200 24523
172.22.2.4 - - [07/Sep/2022:03:04:34 -0500] "HEAD /BLA/boletinlegal/ HTTP/1.1" 200 -
201.245.192.253 - - [07/Sep/2022:03:06:27 -0500] "POST /kwsrmcab/Wsrmcab  HTTP/1.1" 200 42606
216.245.221.92 - - [07/Sep/2022:03:06:39 -0500] "HEAD / HTTP/1.1" 200 -
172.22.2.4 - - [07/Sep/2022:03:05:24 -0500] "GET /BLA/boletinlegal/ HTTP/1.1" 200 56732
66.249.66.75 - - [07/Sep/2022:03:08:38 -0500] "-" 408 -
185.119.81.107 - - [07/Sep/2022:03:11:26 -0500] "GET /portaldeninos/wp-login.php HTTP/1.1" 200 2592
185.119.81.107 - - [07/Sep/2022:03:11:27 -0500] "POST /portaldeninos/wp-login.php HTTP/1.1" 200 3605
201.245.192.253 - - [07/Sep/2022:03:11:27 -0500] "POST /kwsrmcab/Wsrmcab  HTTP/1.1" 200 42606
216.245.221.92 - - [07/Sep/2022:03:11:39 -0500] "HEAD / HTTP/1.1" 200 -
172.22.2.4 - - [07/Sep/2022:03:10:24 -0500] "HEAD /BLA/boletinlegal/ HTTP/1.1" 200 -
185.119.81.105 - - [07/Sep/2022:03:12:44 -0500] "GET /portaldeninos/wp-login.php HTTP/1.1" 200 2592
185.119.81.105 - - [07/Sep/2022:03:12:45 -0500] "POST /portaldeninos/wp-login.php HTTP/1.1" 200 3650
172.22.2.4 - - [07/Sep/2022:03:11:14 -0500] "GET /BLA/boletinlegal/ HTTP/1.1" 200 58163
185.119.81.102 - - [07/Sep/2022:03:13:14 -0500] "GET /portaldeninos/wp-login.php HTTP/1.1" 200 2592
185.119.81.102 - - [07/Sep/2022:03:13:15 -0500] "POST /portaldeninos/wp-login.php HTTP/1.1" 200 3605
172.22.2.4 - - [07/Sep/2022:03:14:12 -0500] "GET /BLA/boletinlegal/favicon.ico HTTP/1.1" 404 1018
172.22.2.4 - - [07/Sep/2022:03:14:14 -0500] "GET /BLA/boletinlegal/favicon.ico HTTP/1.1" 404 1018
172.22.2.4 - - [07/Sep/2022:03:14:17 -0500] "GET /BLA/boletinlegal/manage/account/login HTTP/1.1" 404 1018
172.22.2.4 - - [07/Sep/2022:03:14:19 -0500] "GET /BLA/boletinlegal/manage/account/login HTTP/1.1" 404 1018
172.22.2.4 - - [07/Sep/2022:03:14:21 -0500] "GET /BLA/boletinlegal/admin/index.html HTTP/1.1" 200 1692
172.22.2.4 - - [07/Sep/2022:03:14:23 -0500] "GET /BLA/boletinlegal/admin/index.html HTTP/1.1" 200 1692
172.22.2.4 - - [07/Sep/2022:03:14:25 -0500] "GET /BLA/boletinlegal/index.html HTTP/1.1" 404 1018
172.22.2.4 - - [07/Sep/2022:03:14:27 -0500] "GET /BLA/boletinlegal/index.html HTTP/1.1" 404 1018
172.22.2.4 - - [07/Sep/2022:03:14:29 -0500] "GET /BLA/boletinlegal/ HTTP/1.1" 200 50799
172.22.2.4 - - [07/Sep/2022:03:14:32 -0500] "GET /BLA/boletinlegal/ HTTP/1.1" 200 50395
201.245.192.253 - - [07/Sep/2022:03:16:26 -0500] "POST /kwsrmcab/Wsrmcab  HTTP/1.1" 200 42606
192.133.77.18 - - [07/Sep/2022:03:16:31 -0500] "-" 408 -
66.249.66.75 - - [07/Sep/2022:03:16:35 -0500] "-" 408 -
216.245.221.92 - - [07/Sep/2022:03:16:39 -0500] "HEAD / HTTP/1.1" 200 -
172.22.2.4 - - [07/Sep/2022:03:16:14 -0500] "HEAD /BLA/boletinlegal/ HTTP/1.1" 200 -
172.22.2.4 - - [07/Sep/2022:03:17:04 -0500] "GET /BLA/boletinlegal/ HTTP/1.1" 200 58163
201.245.192.253 - - [07/Sep/2022:03:19:32 -0500] "POST /kwsrmcab/Wsrmcab HTTP/1.1" 200 42444
201.245.192.253 - - [07/Sep/2022:03:19:36 -0500] "POST /kwsrmcab/Wsrmcab HTTP/1.1" 200 42466
201.245.192.253 - - [07/Sep/2022:03:21:24 -0500] "POST /kwsrmcab/Wsrmcab  HTTP/1.1" 200 42606
216.245.221.92 - - [07/Sep/2022:03:21:39 -0500] "HEAD / HTTP/1.1" 200 -
172.22.2.4 - - [07/Sep/2022:03:22:04 -0500] "HEAD /BLA/boletinlegal/ HTTP/1.1" 200 -
185.119.81.101 - - [07/Sep/2022:03:24:08 -0500] "GET /portaldeninos/wp-login.php HTTP/1.1" 200 2592
185.119.81.101 - - [07/Sep/2022:03:24:09 -0500] "POST /portaldeninos/wp-login.php HTTP/1.1" 200 3670
66.249.66.75 - - [07/Sep/2022:03:24:22 -0500] "-" 408 -
172.22.2.4 - - [07/Sep/2022:03:22:54 -0500] "GET /BLA/boletinlegal/ HTTP/1.1" 200 59828
201.245.192.253 - - [07/Sep/2022:03:26:23 -0500] "POST /kwsrmcab/Wsrmcab  HTTP/1.1" 200 42606
216.245.221.92 - - [07/Sep/2022:03:26:39 -0500] "HEAD / HTTP/1.1" 200 -
172.22.2.4 - - [07/Sep/2022:03:27:54 -0500] "HEAD /BLA/boletinlegal/ HTTP/1.1" 200 -
201.245.192.253 - - [07/Sep/2022:03:29:33 -0500] "POST /kwsrmcab/Wsrmcab HTTP/1.1" 200 42444
201.245.192.253 - - [07/Sep/2022:03:29:36 -0500] "POST /kwsrmcab/Wsrmcab HTTP/1.1" 200 42466
172.22.2.4 - - [07/Sep/2022:03:28:44 -0500] "GET /BLA/boletinlegal/ HTTP/1.1" 200 60281
201.245.192.253 - - [07/Sep/2022:03:31:21 -0500] "POST /kwsrmcab/Wsrmcab  HTTP/1.1" 200 42606
216.245.221.92 - - [07/Sep/2022:03:31:39 -0500] "HEAD / HTTP/1.1" 200 -
172.22.2.4 - - [07/Sep/2022:03:32:55 -0500] "GET /BLA/boletinlegal/xmlrpc.php HTTP/1.1" 404 1038
66.249.66.75 - - [07/Sep/2022:03:34:03 -0500] "-" 408 -
172.22.2.4 - - [07/Sep/2022:03:33:44 -0500] "HEAD /BLA/boletinlegal/ HTTP/1.1" 200 -
172.22.2.4 - - [07/Sep/2022:03:34:12 -0500] "GET /BLA/boletinlegal/ HTTP/1.1" 200 51183
172.22.2.4 - - [07/Sep/2022:03:36:03 -0500] "GET /BLA/boletinlegal/pycsw?service=CSW&version=3.0.0&request=GetCapabilities HTTP/1.1" 404 1037
172.22.2.4 - - [07/Sep/2022:03:34:34 -0500] "GET /BLA/boletinlegal/ HTTP/1.1" 200 53290
201.245.192.253 - - [07/Sep/2022:03:36:21 -0500] "POST /kwsrmcab/Wsrmcab  HTTP/1.1" 200 42606
207.46.13.176 - - [07/Sep/2022:03:36:33 -0500] "GET /participa-en-la-cuarta-convocatoria-de-sembradoras-por-la-reactivaccion.html HTTP/1.1" 200 757
216.245.221.92 - - [07/Sep/2022:03:36:39 -0500] "HEAD / HTTP/1.1" 200 -
201.245.192.253 - - [07/Sep/2022:03:39:32 -0500] "POST /kwsrmcab/Wsrmcab HTTP/1.1" 200 42444
201.245.192.253 - - [07/Sep/2022:03:39:36 -0500] "POST /kwsrmcab/Wsrmcab HTTP/1.1" 200 42466
66.249.66.75 - - [07/Sep/2022:03:39:53 -0500] "-" 408 -
172.22.2.4 - - [07/Sep/2022:03:39:34 -0500] "HEAD /BLA/boletinlegal/ HTTP/1.1" 200 -
201.245.192.253 - - [07/Sep/2022:03:41:20 -0500] "POST /kwsrmcab/Wsrmcab  HTTP/1.1" 200 42606
216.245.221.92 - - [07/Sep/2022:03:41:39 -0500] "HEAD / HTTP/1.1" 200 -
172.22.2.4 - - [07/Sep/2022:03:40:24 -0500] "GET /BLA/boletinlegal/ HTTP/1.1" 200 60281
172.22.2.4 - - [07/Sep/2022:03:42:49 -0500] "GET /BLA/boletinlegal/Directivas/2012/Directiva%20No.%201%20del%2030%20de%20octubre%20de%202012.pdf HTTP/1.1" 304 -
185.119.81.105 - - [07/Sep/2022:03:45:03 -0500] "GET /portaldeninos/wp-login.php HTTP/1.1" 200 2592
185.119.81.105 - - [07/Sep/2022:03:45:04 -0500] "POST /portaldeninos/wp-login.php HTTP/1.1" 200 3650
201.245.192.253 - - [07/Sep/2022:03:46:19 -0500] "POST /kwsrmcab/Wsrmcab  HTTP/1.1" 200 42606
216.245.221.92 - - [07/Sep/2022:03:46:39 -0500] "HEAD / HTTP/1.1" 200 -
172.22.2.4 - - [07/Sep/2022:03:45:24 -0500] "HEAD /BLA/boletinlegal/ HTTP/1.1" 200 -
172.22.2.4 - - [07/Sep/2022:03:46:14 -0500] "GET /BLA/boletinlegal/ HTTP/1.1" 200 56014
201.245.192.253 - - [07/Sep/2022:03:51:17 -0500] "POST /kwsrmcab/Wsrmcab  HTTP/1.1" 200 42606
216.245.221.92 - - [07/Sep/2022:03:51:39 -0500] "HEAD / HTTP/1.1" 200 -
172.22.2.4 - - [07/Sep/2022:03:51:44 -0500] "GET /BLA/boletinlegal/actos.php HTTP/1.1" 200 9559
172.22.2.4 - - [07/Sep/2022:03:51:14 -0500] "HEAD /BLA/boletinlegal/ HTTP/1.1" 200 -
172.22.2.4 - - [07/Sep/2022:03:52:04 -0500] "GET /BLA/boletinlegal/ HTTP/1.1" 200 53290
185.119.81.102 - - [07/Sep/2022:03:54:33 -0500] "GET /portaldeninos/wp-login.php HTTP/1.1" 200 2592
185.119.81.102 - - [07/Sep/2022:03:54:34 -0500] "POST /portaldeninos/wp-login.php HTTP/1.1" 200 3605
201.245.192.253 - - [07/Sep/2022:03:56:16 -0500] "POST /kwsrmcab/Wsrmcab  HTTP/1.1" 200 42606
216.245.221.92 - - [07/Sep/2022:03:56:39 -0500] "HEAD / HTTP/1.1" 200 -
157.55.39.201 - - [07/Sep/2022:03:57:13 -0500] "GET /sipse/faces/faces/autenticacion.xhtml HTTP/1.1" 200 12500
172.22.2.4 - - [07/Sep/2022:03:57:50 -0500] "GET /BLA/boletinlegal/favicon.ico HTTP/1.1" 404 1018
172.22.2.4 - - [07/Sep/2022:03:57:34 -0500] "GET /BLA/boletinlegal/ HTTP/1.1" 200 20427
172.22.2.4 - - [07/Sep/2022:03:57:34 -0500] "GET /BLA/boletinlegal/ HTTP/1.1" 200 32715
172.22.2.4 - - [07/Sep/2022:03:57:04 -0500] "HEAD /BLA/boletinlegal/ HTTP/1.1" 200 -
172.22.2.4 - - [07/Sep/2022:03:57:55 -0500] "GET /BLA/boletinlegal/ HTTP/1.1" 200 54003
172.22.2.4 - - [07/Sep/2022:03:59:03 -0500] "GET /BLA/boletinlegal/ HTTP/1.1" 200 61445
201.245.192.253 - - [07/Sep/2022:04:01:15 -0500] "POST /kwsrmcab/Wsrmcab  HTTP/1.1" 200 42606
216.245.221.92 - - [07/Sep/2022:04:01:39 -0500] "HEAD / HTTP/1.1" 200 -
172.22.2.4 - - [07/Sep/2022:04:02:54 -0500] "HEAD /BLA/boletinlegal/ HTTP/1.1" 200 -
172.22.2.4 - - [07/Sep/2022:04:03:44 -0500] "GET /BLA/boletinlegal/ HTTP/1.1" 200 58163
201.245.192.253 - - [07/Sep/2022:04:06:14 -0500] "POST /kwsrmcab/Wsrmcab  HTTP/1.1" 200 42606
216.245.221.92 - - [07/Sep/2022:04:06:39 -0500] "HEAD / HTTP/1.1" 200 -
172.22.2.4 - - [07/Sep/2022:04:07:19 -0500] "GET /BLA/boletinlegal/robots.txt HTTP/1.1" 404 1038
172.22.2.4 - - [07/Sep/2022:04:07:21 -0500] "GET /BLA/boletinlegal/ads.txt HTTP/1.1" 404 1038
172.22.2.4 - - [07/Sep/2022:04:06:17 -0500] "GET /BLA/boletinlegal/ HTTP/1.1" 200 45003
172.22.2.4 - - [07/Sep/2022:04:08:22 -0500] "GET /BLA/boletinlegal/remote/fgt_lang?lang=/../../../..//////////dev/ HTTP/1.1" 404 1018
185.119.81.105 - - [07/Sep/2022:04:08:32 -0500] "GET /portaldeninos/wp-login.php HTTP/1.1" 200 2592
185.119.81.105 - - [07/Sep/2022:04:08:33 -0500] "POST /portaldeninos/wp-login.php HTTP/1.1" 200 3605
172.22.2.4 - - [07/Sep/2022:04:08:44 -0500] "HEAD /BLA/boletinlegal/ HTTP/1.1" 200 -
172.22.2.4 - - [07/Sep/2022:04:09:34 -0500] "GET /BLA/boletinlegal/ HTTP/1.1" 200 58163
201.245.192.253 - - [07/Sep/2022:04:11:13 -0500] "POST /kwsrmcab/Wsrmcab  HTTP/1.1" 200 42606
216.245.221.92 - - [07/Sep/2022:04:11:39 -0500] "HEAD / HTTP/1.1" 200 -
172.22.2.4 - - [07/Sep/2022:04:14:34 -0500] "HEAD /BLA/boletinlegal/ HTTP/1.1" 200 -
201.245.192.253 - - [07/Sep/2022:04:16:12 -0500] "POST /kwsrmcab/Wsrmcab  HTTP/1.1" 200 42606
216.245.221.92 - - [07/Sep/2022:04:16:39 -0500] "HEAD / HTTP/1.1" 200 -
172.22.2.4 - - [07/Sep/2022:04:15:24 -0500] "GET /BLA/boletinlegal/ HTTP/1.1" 200 51993
172.22.2.4 - - [07/Sep/2022:04:18:03 -0500] "GET /BLA/boletinlegal/ HTTP/1.1" 200 24523
186.71.57.155 - - [07/Sep/2022:04:18:55 -0500] "\x16\x03\x01" 400 226
186.71.57.155 - - [07/Sep/2022:04:18:55 -0500] "GET /phpmyadmin/index.php HTTP/1.1" 403 1165
201.245.192.253 - - [07/Sep/2022:04:19:32 -0500] "POST /kwsrmcab/Wsrmcab HTTP/1.1" 200 42174
201.245.192.253 - - [07/Sep/2022:04:19:36 -0500] "POST /kwsrmcab/Wsrmcab HTTP/1.1" 200 42451
157.55.39.200 - - [07/Sep/2022:04:20:08 -0500] "GET /appsia/css/estilos.css HTTP/1.1" 200 4804
207.46.13.86 - - [07/Sep/2022:04:20:12 -0500] "GET /appsia/scripts/validarIngreso.js HTTP/1.1" 200 851
201.245.192.253 - - [07/Sep/2022:04:21:11 -0500] "POST /kwsrmcab/Wsrmcab  HTTP/1.1" 200 42606
216.245.221.92 - - [07/Sep/2022:04:21:39 -0500] "HEAD / HTTP/1.1" 200 -
185.119.81.96 - - [07/Sep/2022:04:21:58 -0500] "GET /portaldeninos/wp-login.php HTTP/1.1" 200 2592
185.119.81.96 - - [07/Sep/2022:04:21:59 -0500] "POST /portaldeninos/wp-login.php HTTP/1.1" 200 3670
172.22.2.4 - - [07/Sep/2022:04:20:24 -0500] "HEAD /BLA/boletinlegal/ HTTP/1.1" 200 -
172.22.2.4 - - [07/Sep/2022:04:21:14 -0500] "GET /BLA/boletinlegal/ HTTP/1.1" 200 52877
204.199.94.93 - - [07/Sep/2022:04:24:16 -0500] "GET /secretaria-de-ambiente-invita-a-proteger-la-culebra-sabanera.html HTTP/1.1" 200 924
185.119.81.96 - - [07/Sep/2022:04:25:06 -0500] "GET /portaldeninos/wp-login.php HTTP/1.1" 200 2592
185.119.81.96 - - [07/Sep/2022:04:25:07 -0500] "POST /portaldeninos/wp-login.php HTTP/1.1" 200 3650
201.245.192.253 - - [07/Sep/2022:04:26:10 -0500] "POST /kwsrmcab/Wsrmcab  HTTP/1.1" 200 42606
216.245.221.92 - - [07/Sep/2022:04:26:39 -0500] "HEAD / HTTP/1.1" 200 -
66.249.66.23 - - [07/Sep/2022:04:27:07 -0500] "-" 408 -
172.22.2.4 - - [07/Sep/2022:04:26:14 -0500] "HEAD /BLA/boletinlegal/ HTTP/1.1" 200 -
172.22.2.4 - - [07/Sep/2022:04:27:04 -0500] "GET /BLA/boletinlegal/ HTTP/1.1" 200 58163
201.245.192.253 - - [07/Sep/2022:04:29:33 -0500] "POST /kwsrmcab/Wsrmcab HTTP/1.1" 200 42174
201.245.192.253 - - [07/Sep/2022:04:29:37 -0500] "POST /kwsrmcab/Wsrmcab HTTP/1.1" 200 42451
20.250.41.226 - - [07/Sep/2022:04:30:03 -0500] "GET /wp-content/plugins/core-builder/index.php HTTP/1.1" 404 1035
20.250.41.226 - - [07/Sep/2022:04:30:05 -0500] "GET /wp-content/plugins/core-builder/index.php HTTP/1.1" 404 1032
201.245.192.253 - - [07/Sep/2022:04:31:08 -0500] "POST /kwsrmcab/Wsrmcab  HTTP/1.1" 200 42606
172.22.2.4 - - [07/Sep/2022:04:31:32 -0500] "GET /BLA/boletinlegal/jurisprudencia/analisis/analisis%20C-595-2010.doc HTTP/1.1" 304 -
216.245.221.92 - - [07/Sep/2022:04:31:39 -0500] "HEAD / HTTP/1.1" 200 -
64.62.197.189 - - [07/Sep/2022:04:32:54 -0500] "GET /favicon.ico HTTP/1.1" 200 7782
172.22.2.4 - - [07/Sep/2022:04:32:04 -0500] "HEAD /BLA/boletinlegal/ HTTP/1.1" 200 -
172.22.2.4 - - [07/Sep/2022:04:32:54 -0500] "GET /BLA/boletinlegal/ HTTP/1.1" 200 44896
128.14.133.58 - - [07/Sep/2022:04:36:01 -0500] "GET / HTTP/1.1" 200 319
201.245.192.253 - - [07/Sep/2022:04:36:07 -0500] "POST /kwsrmcab/Wsrmcab  HTTP/1.1" 200 42606
216.245.221.92 - - [07/Sep/2022:04:36:39 -0500] "HEAD / HTTP/1.1" 200 -
186.145.89.81 - - [07/Sep/2022:04:37:54 -0500] "GET /catalogoisis/ HTTP/1.1" 200 8575
186.145.89.81 - - [07/Sep/2022:04:37:55 -0500] "GET /catalogoisis/Css/Busqueda.css HTTP/1.1" 200 1995
186.145.89.81 - - [07/Sep/2022:04:37:55 -0500] "GET /catalogoisis/Js/AceptarLimpiar.js HTTP/1.1" 200 331
186.145.89.81 - - [07/Sep/2022:04:37:55 -0500] "GET /catalogoisis/Js/CriterioCombinada.js HTTP/1.1" 200 1843
186.145.89.81 - - [07/Sep/2022:04:37:55 -0500] "GET /catalogoisis/Js/LimpiarCombinada.js HTTP/1.1" 200 207
186.145.89.81 - - [07/Sep/2022:04:37:55 -0500] "GET /catalogoisis/Js/Remote.js HTTP/1.1" 200 436
186.145.89.81 - - [07/Sep/2022:04:37:55 -0500] "GET /catalogoisis/Js/Cookies.js HTTP/1.1" 200 1369
186.145.89.81 - - [07/Sep/2022:04:37:55 -0500] "GET /catalogoisis/Js/Numero.js HTTP/1.1" 200 398
186.145.89.81 - - [07/Sep/2022:04:37:55 -0500] "GET /catalogoisis/Js/Go.js HTTP/1.1" 200 364
186.145.89.81 - - [07/Sep/2022:04:37:55 -0500] "GET /catalogoisis/Js/Enter.js HTTP/1.1" 200 1208
186.145.89.81 - - [07/Sep/2022:04:37:55 -0500] "GET /catalogoisis/imagenes/br1c1.gif HTTP/1.1" 200 172
186.145.89.81 - - [07/Sep/2022:04:37:55 -0500] "GET /catalogoisis/imagenes/br1c3.gif HTTP/1.1" 200 302
186.145.89.81 - - [07/Sep/2022:04:37:55 -0500] "GET /catalogoisis/imagenes/Header.gif HTTP/1.1" 200 30313
186.145.89.81 - - [07/Sep/2022:04:37:55 -0500] "GET /catalogoisis/imagenes/aceptar1.gif HTTP/1.1" 200 604
186.145.89.81 - - [07/Sep/2022:04:37:55 -0500] "GET /catalogoisis/imagenes/limpiar1.gif HTTP/1.1" 200 606
186.145.89.81 - - [07/Sep/2022:04:37:55 -0500] "GET /catalogoisis/imagenes/Turnbo1.gif HTTP/1.1" 200 227
186.145.89.81 - - [07/Sep/2022:04:37:55 -0500] "GET /catalogoisis/imagenes/br3c1.gif HTTP/1.1" 200 177
186.145.89.81 - - [07/Sep/2022:04:37:55 -0500] "GET /catalogoisis/imagenes/br2c2.gif HTTP/1.1" 200 302
186.145.89.81 - - [07/Sep/2022:04:37:55 -0500] "GET /catalogoisis/imagenes/br3c2.gif HTTP/1.1" 200 285
186.145.89.81 - - [07/Sep/2022:04:37:55 -0500] "GET /catalogoisis/imagenes/br2c3.gif HTTP/1.1" 200 416
186.145.89.81 - - [07/Sep/2022:04:37:55 -0500] "GET /catalogoisis/imagenes/br1c2.gif HTTP/1.1" 200 297
186.145.89.81 - - [07/Sep/2022:04:37:55 -0500] "GET /catalogoisis/imagenes/br3c3.gif HTTP/1.1" 200 186
186.145.89.81 - - [07/Sep/2022:04:37:55 -0500] "GET /catalogoisis/imagenes/br2c1.gif HTTP/1.1" 200 297
186.145.89.81 - - [07/Sep/2022:04:37:55 -0500] "GET /favicon.ico HTTP/1.1" 200 7782
178.79.169.64 - - [07/Sep/2022:04:39:25 -0500] "GET /portaldeninos/ HTTP/1.1" 200 110197
172.22.2.4 - - [07/Sep/2022:04:37:54 -0500] "HEAD /BLA/boletinlegal/ HTTP/1.1" 200 -
201.245.192.253 - - [07/Sep/2022:04:39:33 -0500] "POST /kwsrmcab/Wsrmcab HTTP/1.1" 200 42174
201.245.192.253 - - [07/Sep/2022:04:39:36 -0500] "POST /kwsrmcab/Wsrmcab HTTP/1.1" 200 42451
172.22.2.4 - - [07/Sep/2022:04:38:44 -0500] "GET /BLA/boletinlegal/ HTTP/1.1" 200 52877
201.245.192.253 - - [07/Sep/2022:04:41:06 -0500] "POST /kwsrmcab/Wsrmcab  HTTP/1.1" 200 42606
216.245.221.92 - - [07/Sep/2022:04:41:39 -0500] "HEAD / HTTP/1.1" 200 -
186.84.91.125 - - [07/Sep/2022:04:44:01 -0500] "GET /galeria/galeria/jquery.fancybox.css?v=2.1.5 HTTP/1.1" 200 4895
186.84.91.125 - - [07/Sep/2022:04:44:01 -0500] "GET /BLA/boletinlegal/js/jquery.scrollShow.js HTTP/1.1" 200 4586
186.84.91.125 - - [07/Sep/2022:04:44:01 -0500] "GET /galeria/galeria/jquery.fancybox.js?v=2.1.5 HTTP/1.1" 200 48706
186.84.91.125 - - [07/Sep/2022:04:44:04 -0500] "GET /autoliquidacion2020 HTTP/1.1" 301 250
186.84.91.125 - - [07/Sep/2022:04:44:04 -0500] "GET /autoliquidacion2020/ HTTP/1.1" 200 6146
186.84.91.125 - - [07/Sep/2022:04:44:04 -0500] "GET /autoliquidacion2020/dlf/folder.png HTTP/1.1" 200 410
186.84.91.125 - - [07/Sep/2022:04:44:04 -0500] "GET /autoliquidacion2020/dlf/styles.css HTTP/1.1" 200 3045
186.84.91.125 - - [07/Sep/2022:04:44:04 -0500] "GET /autoliquidacion2020/dlf/bg.gif HTTP/1.1" 200 54
186.84.91.125 - - [07/Sep/2022:04:44:09 -0500] "GET /autoliquidacion2020/index.php?dir=Grupo+Forestal+-+Silvicultura%2F HTTP/1.1" 200 2799
186.84.91.125 - - [07/Sep/2022:04:44:09 -0500] "GET /autoliquidacion2020/dlf/html.gif HTTP/1.1" 200 632
186.84.91.125 - - [07/Sep/2022:04:44:09 -0500] "GET /autoliquidacion2020/dlf/dirup.png HTTP/1.1" 200 644
186.84.91.125 - - [07/Sep/2022:04:44:13 -0500] "GET /autoliquidacion2020/index.php?dir=Grupo+Forestal+-+Silvicultura%2FPermiso+o+autorizaci%F3n+para+aprovechamiento+forestal+de+%E1rboles+aislados%2F HTTP/1.1" 200 3777
186.84.91.125 - - [07/Sep/2022:04:44:13 -0500] "GET /autoliquidacion2020/index.php?dir=Grupo+Forestal+-+Silvicultura%2FPermiso+o+autorizaci%F3n+para+aprovechamiento+forestal+de+%E1rboles+aislados%2F HTTP/1.1" 200 3777
186.84.91.125 - - [07/Sep/2022:04:44:14 -0500] "GET /autoliquidacion2020/dlf/unknown.png HTTP/1.1" 200 266
186.84.91.125 - - [07/Sep/2022:04:44:14 -0500] "GET /autoliquidacion2020/dlf/xls.gif HTTP/1.1" 200 636
186.84.91.125 - - [07/Sep/2022:04:44:19 -0500] "GET /autoliquidacion2020/Grupo%20Forestal%20-%20Silvicultura/Permiso%20o%20autorizaci%C3%B3n%20para%20aprovechamiento%20forestal%20de%20%C3%A1rboles%20aislados/PM04-PR30-F1%20Formulario%20de%20solicitud%20de%20manejo%20o%20aprovechamiento%20forestal.xlsx HTTP/1.1" 200 69007
172.22.2.4 - - [07/Sep/2022:04:43:44 -0500] "HEAD /BLA/boletinlegal/ HTTP/1.1" 200 -
201.245.192.253 - - [07/Sep/2022:04:46:05 -0500] "POST /kwsrmcab/Wsrmcab  HTTP/1.1" 200 42606
185.119.81.102 - - [07/Sep/2022:04:46:12 -0500] "GET /portaldeninos/wp-login.php HTTP/1.1" 200 2592
185.119.81.102 - - [07/Sep/2022:04:46:12 -0500] "POST /portaldeninos/wp-login.php HTTP/1.1" 200 3605
172.22.2.4 - - [07/Sep/2022:04:44:34 -0500] "GET /BLA/boletinlegal/ HTTP/1.1" 200 57375
216.245.221.92 - - [07/Sep/2022:04:46:39 -0500] "HEAD / HTTP/1.1" 200 -
201.245.192.253 - - [07/Sep/2022:04:51:04 -0500] "POST /kwsrmcab/Wsrmcab  HTTP/1.1" 200 42606
172.22.2.4 - - [07/Sep/2022:04:49:34 -0500] "HEAD /BLA/boletinlegal/ HTTP/1.1" 200 -
216.245.221.92 - - [07/Sep/2022:04:51:39 -0500] "HEAD / HTTP/1.1" 200 -
172.22.2.4 - - [07/Sep/2022:04:50:24 -0500] "GET /BLA/boletinlegal/ HTTP/1.1" 200 53640
207.46.13.86 - - [07/Sep/2022:04:54:12 -0500] "GET /sendero/ HTTP/1.1" 200 36439
172.22.2.4 - - [07/Sep/2022:04:55:53 -0500] "GET /BLA/boletinlegal/Directivas/2017/Directiva%20No.%2006%20del%2016%20de%20Agosto%20de%202017.pdf HTTP/1.1" 304 -
201.245.192.253 - - [07/Sep/2022:04:56:04 -0500] "POST /kwsrmcab/Wsrmcab  HTTP/1.1" 200 42606
216.245.221.92 - - [07/Sep/2022:04:56:39 -0500] "HEAD / HTTP/1.1" 200 -
185.119.81.102 - - [07/Sep/2022:04:56:58 -0500] "GET /portaldeninos/wp-login.php HTTP/1.1" 200 2592
185.119.81.102 - - [07/Sep/2022:04:56:59 -0500] "POST /portaldeninos/wp-login.php HTTP/1.1" 200 3650
