172.22.2.4 - - [10/Sep/2022:00:23:47 -0500] "GET /BLA/boletinlegal/ HTTP/1.1" 200 47210
186.80.52.223 - - [10/Sep/2022:00:25:28 -0500] "POST /sipse/faces/autenticacion.xhtml HTTP/1.1" 200 16236
186.80.52.223 - - [10/Sep/2022:00:25:29 -0500] "GET /sipse/faces/javax.faces.resource/theme.css?ln=primefaces-sipse HTTP/1.1" 304 -
186.80.52.223 - - [10/Sep/2022:00:25:29 -0500] "GET /sipse/faces/javax.faces.resource/primefaces.css?ln=primefaces&v=4.0 HTTP/1.1" 304 -
186.80.52.223 - - [10/Sep/2022:00:25:29 -0500] "GET /sipse/faces/javax.faces.resource/layout/layout.css?ln=primefaces&v=4.0 HTTP/1.1" 304 -
186.80.52.223 - - [10/Sep/2022:00:25:29 -0500] "GET /sipse/faces/javax.faces.resource/jquery/jquery.js?ln=primefaces&v=4.0 HTTP/1.1" 304 -
186.80.52.223 - - [10/Sep/2022:00:25:29 -0500] "GET /sipse/faces/javax.faces.resource/jquery/jquery-plugins.js?ln=primefaces&v=4.0 HTTP/1.1" 304 -
186.80.52.223 - - [10/Sep/2022:00:25:29 -0500] "GET /sipse/faces/javax.faces.resource/primefaces.js?ln=primefaces&v=4.0 HTTP/1.1" 304 -
186.80.52.223 - - [10/Sep/2022:00:25:29 -0500] "GET /sipse/faces/javax.faces.resource/layout/layout.js?ln=primefaces&v=4.0 HTTP/1.1" 304 -
186.80.52.223 - - [10/Sep/2022:00:25:29 -0500] "GET /sipse/css/imagen/contrasena.png HTTP/1.1" 404 383
186.80.52.223 - - [10/Sep/2022:00:25:41 -0500] "GET /sipse/faces/javax.faces.resource/images/ui-bg_flat_0_2d5972_40x100.png?ln=primefaces-aristo HTTP/1.1" 304 -
186.80.52.223 - - [10/Sep/2022:00:25:42 -0500] "POST /sipse/faces/bienvenido.xhtml HTTP/1.1" 200 2658
186.80.52.223 - - [10/Sep/2022:00:25:43 -0500] "POST /sipse/faces/bienvenido.xhtml HTTP/1.1" 200 65039
186.80.52.223 - - [10/Sep/2022:00:25:43 -0500] "GET /sipse/faces/javax.faces.resource/theme.css?ln=primefaces-sipse HTTP/1.1" 304 -
186.80.52.223 - - [10/Sep/2022:00:25:43 -0500] "GET /sipse/faces/javax.faces.resource/primefaces.css?ln=primefaces&v=4.0 HTTP/1.1" 304 -
186.80.52.223 - - [10/Sep/2022:00:25:43 -0500] "GET /sipse/faces/javax.faces.resource/layout/layout.css?ln=primefaces&v=4.0 HTTP/1.1" 304 -
186.80.52.223 - - [10/Sep/2022:00:25:43 -0500] "GET /sipse/faces/javax.faces.resource/jquery/jquery.js?ln=primefaces&v=4.0 HTTP/1.1" 304 -
186.80.52.223 - - [10/Sep/2022:00:25:43 -0500] "GET /sipse/faces/javax.faces.resource/jquery/jquery-plugins.js?ln=primefaces&v=4.0 HTTP/1.1" 304 -
186.80.52.223 - - [10/Sep/2022:00:25:43 -0500] "GET /sipse/faces/javax.faces.resource/primefaces.js?ln=primefaces&v=4.0 HTTP/1.1" 304 -
186.80.52.223 - - [10/Sep/2022:00:25:43 -0500] "GET /sipse/faces/javax.faces.resource/layout/layout.js?ln=primefaces&v=4.0 HTTP/1.1" 304 -
186.80.52.223 - - [10/Sep/2022:00:25:44 -0500] "POST /sipse/faces/presentacion/financiero/solicitudProceso/listarSolicitudProceso.xhtml HTTP/1.1" 200 1544
201.245.192.253 - - [10/Sep/2022:00:25:49 -0500] "POST /kwsrmcab/Wsrmcab  HTTP/1.1" 200 42606
172.22.2.4 - - [10/Sep/2022:00:24:27 -0500] "GET /BLA/boletinlegal/ HTTP/1.1" 200 52493
186.80.52.223 - - [10/Sep/2022:00:26:18 -0500] "POST /sipse/faces/presentacion/financiero/solicitudProceso/listarSolicitudProceso.xhtml HTTP/1.1" 200 911
216.245.221.92 - - [10/Sep/2022:00:26:29 -0500] "HEAD / HTTP/1.1" 200 -
172.22.2.4 - - [10/Sep/2022:00:28:05 -0500] "GET /BLA/boletinlegal/Circulares/2019/.pdf HTTP/1.1" 404 1218
201.245.192.253 - - [10/Sep/2022:00:29:18 -0500] "POST /kwsrmcab/Wsrmcab HTTP/1.1" 200 41188
201.245.192.253 - - [10/Sep/2022:00:29:22 -0500] "POST /kwsrmcab/Wsrmcab HTTP/1.1" 200 35989
201.245.192.253 - - [10/Sep/2022:00:30:49 -0500] "POST /kwsrmcab/Wsrmcab  HTTP/1.1" 200 42606
172.22.2.4 - - [10/Sep/2022:00:29:27 -0500] "HEAD /BLA/boletinlegal/ HTTP/1.1" 200 -
216.245.221.92 - - [10/Sep/2022:00:31:29 -0500] "HEAD / HTTP/1.1" 200 -
172.22.2.4 - - [10/Sep/2022:00:30:18 -0500] "GET /BLA/boletinlegal/ HTTP/1.1" 200 58163
201.244.243.72 - - [10/Sep/2022:00:33:38 -0500] "GET /BLA/resoluciones/index.php?dir= HTTP/1.1" 200 13093
201.244.243.72 - - [10/Sep/2022:00:33:41 -0500] "GET /BLA/resoluciones/index.php?dir=AUTOS+2013%2F HTTP/1.1" 200 406124
201.244.243.72 - - [10/Sep/2022:00:33:51 -0500] "GET /BLA/resoluciones/index.php?dir=AUTOS+2012%2F HTTP/1.1" 200 274033
201.245.192.253 - - [10/Sep/2022:00:35:47 -0500] "POST /kwsrmcab/Wsrmcab  HTTP/1.1" 200 42606
216.245.221.92 - - [10/Sep/2022:00:36:29 -0500] "HEAD / HTTP/1.1" 200 -
172.22.2.4 - - [10/Sep/2022:00:35:17 -0500] "HEAD /BLA/boletinlegal/ HTTP/1.1" 200 -
172.22.2.4 - - [10/Sep/2022:00:36:07 -0500] "GET /BLA/boletinlegal/ HTTP/1.1" 200 58163
66.249.73.100 - - [10/Sep/2022:00:38:11 -0500] "-" 408 -
201.245.192.253 - - [10/Sep/2022:00:39:19 -0500] "POST /kwsrmcab/Wsrmcab HTTP/1.1" 200 41188
201.245.192.253 - - [10/Sep/2022:00:39:22 -0500] "POST /kwsrmcab/Wsrmcab HTTP/1.1" 200 35989
201.245.192.253 - - [10/Sep/2022:00:40:45 -0500] "POST /kwsrmcab/Wsrmcab  HTTP/1.1" 200 42606
216.245.221.92 - - [10/Sep/2022:00:41:29 -0500] "HEAD / HTTP/1.1" 200 -
172.22.2.4 - - [10/Sep/2022:00:41:07 -0500] "HEAD /BLA/boletinlegal/ HTTP/1.1" 200 -
172.22.2.4 - - [10/Sep/2022:00:41:57 -0500] "GET /BLA/boletinlegal/ HTTP/1.1" 200 58163
167.0.142.94 - - [10/Sep/2022:00:44:26 -0500] "GET /sipse/faces/faces/index.xhtml HTTP/1.1" 200 677
167.0.142.94 - - [10/Sep/2022:00:44:26 -0500] "GET /sipse/faces/javax.faces.resource/theme.css?ln=primefaces-sipse HTTP/1.1" 304 -
167.0.142.94 - - [10/Sep/2022:00:44:26 -0500] "GET /sipse/faces/faces/faces/autenticacion.xhtml HTTP/1.1" 200 12176
167.0.142.94 - - [10/Sep/2022:00:44:26 -0500] "GET /sipse/js/disable_browser_buttons.js HTTP/1.1" 304 -
167.0.142.94 - - [10/Sep/2022:00:44:26 -0500] "GET /sipse/css/custom_css_sg.css HTTP/1.1" 304 -
167.0.142.94 - - [10/Sep/2022:00:44:26 -0500] "GET /sipse/js/funciones.js HTTP/1.1" 304 -
167.0.142.94 - - [10/Sep/2022:00:44:26 -0500] "GET /sipse/css/custom_css_sg_prime_login.css HTTP/1.1" 304 -
167.0.142.94 - - [10/Sep/2022:00:44:26 -0500] "GET /sipse/faces/javax.faces.resource/theme.css?ln=primefaces-sipse HTTP/1.1" 304 -
167.0.142.94 - - [10/Sep/2022:00:44:26 -0500] "GET /sipse/faces/javax.faces.resource/layout/layout.css?ln=primefaces&v=4.0 HTTP/1.1" 304 -
167.0.142.94 - - [10/Sep/2022:00:44:26 -0500] "GET /sipse/faces/javax.faces.resource/primefaces.css?ln=primefaces&v=4.0 HTTP/1.1" 304 -
167.0.142.94 - - [10/Sep/2022:00:44:26 -0500] "GET /sipse/faces/javax.faces.resource/jquery/jquery.js?ln=primefaces&v=4.0 HTTP/1.1" 304 -
167.0.142.94 - - [10/Sep/2022:00:44:26 -0500] "GET /sipse/faces/javax.faces.resource/jquery/jquery-plugins.js?ln=primefaces&v=4.0 HTTP/1.1" 304 -
167.0.142.94 - - [10/Sep/2022:00:44:26 -0500] "GET /sipse/faces/javax.faces.resource/layout/layout.js?ln=primefaces&v=4.0 HTTP/1.1" 304 -
167.0.142.94 - - [10/Sep/2022:00:44:26 -0500] "GET /sipse/faces/javax.faces.resource/primefaces.js?ln=primefaces&v=4.0 HTTP/1.1" 304 -
167.0.142.94 - - [10/Sep/2022:00:44:26 -0500] "GET /sipse/css/imagen/logoSDG.png HTTP/1.1" 304 -
167.0.142.94 - - [10/Sep/2022:00:44:26 -0500] "GET /sipse/css/imagen/loginimg.png HTTP/1.1" 304 -
167.0.142.94 - - [10/Sep/2022:00:44:26 -0500] "GET /sipse/faces/javax.faces.resource/images/ui-icons_898989_256x240.png?ln=primefaces-aristo HTTP/1.1" 304 -
167.0.142.94 - - [10/Sep/2022:00:44:30 -0500] "POST /sipse/faces/autenticacion.xhtml HTTP/1.1" 200 16068
167.0.142.94 - - [10/Sep/2022:00:44:30 -0500] "GET /sipse/faces/javax.faces.resource/theme.css?ln=primefaces-sipse HTTP/1.1" 304 -
167.0.142.94 - - [10/Sep/2022:00:44:30 -0500] "GET /sipse/css/custom_css_sg_prime.css HTTP/1.1" 304 -
167.0.142.94 - - [10/Sep/2022:00:44:30 -0500] "GET /sipse/faces/javax.faces.resource/primefaces.css?ln=primefaces&v=4.0 HTTP/1.1" 304 -
167.0.142.94 - - [10/Sep/2022:00:44:30 -0500] "GET /sipse/faces/javax.faces.resource/layout/layout.css?ln=primefaces&v=4.0 HTTP/1.1" 304 -
167.0.142.94 - - [10/Sep/2022:00:44:30 -0500] "GET /sipse/js/jquery.min.js HTTP/1.1" 304 -
167.0.142.94 - - [10/Sep/2022:00:44:30 -0500] "GET /sipse/faces/javax.faces.resource/jquery/jquery.js?ln=primefaces&v=4.0 HTTP/1.1" 304 -
167.0.142.94 - - [10/Sep/2022:00:44:31 -0500] "GET /sipse/faces/javax.faces.resource/jquery/jquery-plugins.js?ln=primefaces&v=4.0 HTTP/1.1" 304 -
167.0.142.94 - - [10/Sep/2022:00:44:31 -0500] "GET /sipse/faces/javax.faces.resource/primefaces.js?ln=primefaces&v=4.0 HTTP/1.1" 304 -
167.0.142.94 - - [10/Sep/2022:00:44:31 -0500] "GET /sipse/faces/javax.faces.resource/layout/layout.js?ln=primefaces&v=4.0 HTTP/1.1" 304 -
167.0.142.94 - - [10/Sep/2022:00:44:31 -0500] "GET /sipse/css/imagen/contrasena.png HTTP/1.1" 404 383
167.0.142.94 - - [10/Sep/2022:00:44:31 -0500] "GET /sipse/imagenes/cargando.gif HTTP/1.1" 304 -
167.0.142.94 - - [10/Sep/2022:00:44:31 -0500] "GET /sipse/imagenes/logoAplicacion.jpg HTTP/1.1" 304 -
167.0.142.94 - - [10/Sep/2022:00:44:31 -0500] "GET /sipse/faces/javax.faces.resource/messages/messages.png?ln=primefaces&v=4.0 HTTP/1.1" 304 -
167.0.142.94 - - [10/Sep/2022:00:44:33 -0500] "GET /sipse/faces/javax.faces.resource/images/ui-bg_flat_0_2d5972_40x100.png?ln=primefaces-aristo HTTP/1.1" 304 -
167.0.142.94 - - [10/Sep/2022:00:44:33 -0500] "POST /sipse/faces/bienvenido.xhtml HTTP/1.1" 200 1471
167.0.142.94 - - [10/Sep/2022:00:44:35 -0500] "POST /sipse/faces/bienvenido.xhtml HTTP/1.1" 200 60833
167.0.142.94 - - [10/Sep/2022:00:44:35 -0500] "GET /sipse/faces/javax.faces.resource/theme.css?ln=primefaces-sipse HTTP/1.1" 304 -
167.0.142.94 - - [10/Sep/2022:00:44:35 -0500] "GET /sipse/faces/javax.faces.resource/primefaces.css?ln=primefaces&v=4.0 HTTP/1.1" 304 -
167.0.142.94 - - [10/Sep/2022:00:44:35 -0500] "GET /sipse/faces/javax.faces.resource/layout/layout.css?ln=primefaces&v=4.0 HTTP/1.1" 304 -
167.0.142.94 - - [10/Sep/2022:00:44:35 -0500] "GET /sipse/faces/javax.faces.resource/jquery/jquery.js?ln=primefaces&v=4.0 HTTP/1.1" 304 -
167.0.142.94 - - [10/Sep/2022:00:44:36 -0500] "GET /sipse/faces/javax.faces.resource/jquery/jquery-plugins.js?ln=primefaces&v=4.0 HTTP/1.1" 304 -
167.0.142.94 - - [10/Sep/2022:00:44:36 -0500] "GET /sipse/faces/javax.faces.resource/primefaces.js?ln=primefaces&v=4.0 HTTP/1.1" 304 -
167.0.142.94 - - [10/Sep/2022:00:44:36 -0500] "GET /sipse/faces/javax.faces.resource/layout/layout.js?ln=primefaces&v=4.0 HTTP/1.1" 304 -
167.0.142.94 - - [10/Sep/2022:00:44:36 -0500] "POST /sipse/faces/presentacion/financiero/solicitudProceso/listarSolicitudProceso.xhtml HTTP/1.1" 200 1544
167.0.142.94 - - [10/Sep/2022:00:44:44 -0500] "POST /sipse/faces/presentacion/financiero/solicitudProceso/listarSolicitudProceso.xhtml HTTP/1.1" 200 117980
167.0.142.94 - - [10/Sep/2022:00:44:45 -0500] "GET /sipse/faces/javax.faces.resource/primefaces.css?ln=primefaces&v=4.0 HTTP/1.1" 304 -
167.0.142.94 - - [10/Sep/2022:00:44:45 -0500] "GET /sipse/faces/javax.faces.resource/layout/layout.css?ln=primefaces&v=4.0 HTTP/1.1" 304 -
167.0.142.94 - - [10/Sep/2022:00:44:45 -0500] "GET /sipse/faces/javax.faces.resource/theme.css?ln=primefaces-sipse HTTP/1.1" 304 -
167.0.142.94 - - [10/Sep/2022:00:44:45 -0500] "GET /sipse/faces/javax.faces.resource/jquery/jquery.js?ln=primefaces&v=4.0 HTTP/1.1" 304 -
167.0.142.94 - - [10/Sep/2022:00:44:45 -0500] "GET /sipse/faces/javax.faces.resource/jquery/jquery-plugins.js?ln=primefaces&v=4.0 HTTP/1.1" 304 -
167.0.142.94 - - [10/Sep/2022:00:44:45 -0500] "GET /sipse/faces/javax.faces.resource/primefaces.js?ln=primefaces&v=4.0 HTTP/1.1" 304 -
167.0.142.94 - - [10/Sep/2022:00:44:45 -0500] "GET /sipse/faces/javax.faces.resource/layout/layout.js?ln=primefaces&v=4.0 HTTP/1.1" 304 -
167.0.142.94 - - [10/Sep/2022:00:44:50 -0500] "POST /sipse/faces/presentacion/financiero/solicitudProceso/consultarSolicitudProceso.xhtml HTTP/1.1" 200 19318
167.0.142.94 - - [10/Sep/2022:00:44:50 -0500] "GET /sipse/faces/javax.faces.resource/theme.css?ln=primefaces-sipse HTTP/1.1" 304 -
167.0.142.94 - - [10/Sep/2022:00:44:50 -0500] "GET /sipse/faces/javax.faces.resource/primefaces.css?ln=primefaces&v=4.0 HTTP/1.1" 304 -
167.0.142.94 - - [10/Sep/2022:00:44:50 -0500] "GET /sipse/faces/javax.faces.resource/layout/layout.css?ln=primefaces&v=4.0 HTTP/1.1" 304 -
167.0.142.94 - - [10/Sep/2022:00:44:50 -0500] "GET /sipse/faces/javax.faces.resource/fileupload/fileupload.css?ln=primefaces&v=4.0 HTTP/1.1" 304 -
167.0.142.94 - - [10/Sep/2022:00:44:50 -0500] "GET /sipse/faces/javax.faces.resource/jquery/jquery.js?ln=primefaces&v=4.0 HTTP/1.1" 304 -
167.0.142.94 - - [10/Sep/2022:00:44:50 -0500] "GET /sipse/faces/javax.faces.resource/fileupload/fileupload.js?ln=primefaces&v=4.0 HTTP/1.1" 304 -
167.0.142.94 - - [10/Sep/2022:00:44:50 -0500] "GET /sipse/faces/javax.faces.resource/primefaces.js?ln=primefaces&v=4.0 HTTP/1.1" 304 -
167.0.142.94 - - [10/Sep/2022:00:44:50 -0500] "GET /sipse/faces/javax.faces.resource/jquery/jquery-plugins.js?ln=primefaces&v=4.0 HTTP/1.1" 304 -
167.0.142.94 - - [10/Sep/2022:00:44:50 -0500] "GET /sipse/faces/javax.faces.resource/layout/layout.js?ln=primefaces&v=4.0 HTTP/1.1" 304 -
66.249.73.127 - - [10/Sep/2022:00:44:54 -0500] "-" 408 -
167.0.142.94 - - [10/Sep/2022:00:45:00 -0500] "GET /sipse/faces/javax.faces.resource/layout/layout.css?ln=primefaces&v=4.0 HTTP/1.1" 304 -
167.0.142.94 - - [10/Sep/2022:00:45:00 -0500] "GET /sipse/faces/javax.faces.resource/primefaces.css?ln=primefaces&v=4.0 HTTP/1.1" 304 -
167.0.142.94 - - [10/Sep/2022:00:45:00 -0500] "GET /sipse/faces/javax.faces.resource/jquery/jquery-plugins.js?ln=primefaces&v=4.0 HTTP/1.1" 304 -
167.0.142.94 - - [10/Sep/2022:00:45:00 -0500] "GET /sipse/faces/javax.faces.resource/theme.css?ln=primefaces-sipse HTTP/1.1" 304 -
167.0.142.94 - - [10/Sep/2022:00:45:00 -0500] "GET /sipse/faces/javax.faces.resource/jquery/jquery.js?ln=primefaces&v=4.0 HTTP/1.1" 304 -
167.0.142.94 - - [10/Sep/2022:00:44:59 -0500] "POST /sipse/faces/presentacion/sistema/anexos/cargarAnexoSolicitudProceso.xhtml HTTP/1.1" 200 165305
167.0.142.94 - - [10/Sep/2022:00:45:00 -0500] "GET /sipse/faces/javax.faces.resource/primefaces.js?ln=primefaces&v=4.0 HTTP/1.1" 304 -
167.0.142.94 - - [10/Sep/2022:00:45:00 -0500] "GET /sipse/faces/javax.faces.resource/layout/layout.js?ln=primefaces&v=4.0 HTTP/1.1" 304 -
167.0.142.94 - - [10/Sep/2022:00:45:05 -0500] "POST /sipse/faces/presentacion/financiero/solicitudProceso/consultarSolicitudProceso.xhtml HTTP/1.1" 200 19318
167.0.142.94 - - [10/Sep/2022:00:45:05 -0500] "GET /sipse/faces/javax.faces.resource/theme.css?ln=primefaces-sipse HTTP/1.1" 304 -
167.0.142.94 - - [10/Sep/2022:00:45:05 -0500] "GET /sipse/faces/javax.faces.resource/primefaces.css?ln=primefaces&v=4.0 HTTP/1.1" 304 -
167.0.142.94 - - [10/Sep/2022:00:45:05 -0500] "GET /sipse/faces/javax.faces.resource/layout/layout.css?ln=primefaces&v=4.0 HTTP/1.1" 304 -
167.0.142.94 - - [10/Sep/2022:00:45:05 -0500] "GET /sipse/faces/javax.faces.resource/jquery/jquery.js?ln=primefaces&v=4.0 HTTP/1.1" 304 -
167.0.142.94 - - [10/Sep/2022:00:45:05 -0500] "GET /sipse/faces/javax.faces.resource/fileupload/fileupload.css?ln=primefaces&v=4.0 HTTP/1.1" 304 -
167.0.142.94 - - [10/Sep/2022:00:45:05 -0500] "GET /sipse/faces/javax.faces.resource/primefaces.js?ln=primefaces&v=4.0 HTTP/1.1" 304 -
167.0.142.94 - - [10/Sep/2022:00:45:05 -0500] "GET /sipse/faces/javax.faces.resource/layout/layout.js?ln=primefaces&v=4.0 HTTP/1.1" 304 -
167.0.142.94 - - [10/Sep/2022:00:45:05 -0500] "GET /sipse/faces/javax.faces.resource/jquery/jquery-plugins.js?ln=primefaces&v=4.0 HTTP/1.1" 304 -
167.0.142.94 - - [10/Sep/2022:00:45:05 -0500] "GET /sipse/faces/javax.faces.resource/fileupload/fileupload.js?ln=primefaces&v=4.0 HTTP/1.1" 304 -
167.0.142.94 - - [10/Sep/2022:00:45:11 -0500] "POST /sipse/faces/presentacion/sistema/anexos/cargarAnexoSolicitudProceso.xhtml HTTP/1.1" 200 167710
167.0.142.94 - - [10/Sep/2022:00:45:12 -0500] "GET /sipse/faces/javax.faces.resource/theme.css?ln=primefaces-sipse HTTP/1.1" 304 -
167.0.142.94 - - [10/Sep/2022:00:45:12 -0500] "GET /sipse/faces/javax.faces.resource/primefaces.css?ln=primefaces&v=4.0 HTTP/1.1" 304 -
167.0.142.94 - - [10/Sep/2022:00:45:12 -0500] "GET /sipse/faces/javax.faces.resource/layout/layout.css?ln=primefaces&v=4.0 HTTP/1.1" 304 -
167.0.142.94 - - [10/Sep/2022:00:45:12 -0500] "GET /sipse/faces/javax.faces.resource/jquery/jquery.js?ln=primefaces&v=4.0 HTTP/1.1" 304 -
167.0.142.94 - - [10/Sep/2022:00:45:12 -0500] "GET /sipse/faces/javax.faces.resource/jquery/jquery-plugins.js?ln=primefaces&v=4.0 HTTP/1.1" 304 -
167.0.142.94 - - [10/Sep/2022:00:45:12 -0500] "GET /sipse/faces/javax.faces.resource/primefaces.js?ln=primefaces&v=4.0 HTTP/1.1" 304 -
167.0.142.94 - - [10/Sep/2022:00:45:12 -0500] "GET /sipse/faces/javax.faces.resource/layout/layout.js?ln=primefaces&v=4.0 HTTP/1.1" 304 -
167.0.142.94 - - [10/Sep/2022:00:45:18 -0500] "GET /sipse/faces/javax.faces.resource/theme.css?ln=primefaces-sipse HTTP/1.1" 304 -
167.0.142.94 - - [10/Sep/2022:00:45:18 -0500] "GET /sipse/faces/javax.faces.resource/primefaces.css?ln=primefaces&v=4.0 HTTP/1.1" 304 -
167.0.142.94 - - [10/Sep/2022:00:45:18 -0500] "GET /sipse/faces/javax.faces.resource/layout/layout.css?ln=primefaces&v=4.0 HTTP/1.1" 304 -
167.0.142.94 - - [10/Sep/2022:00:45:18 -0500] "GET /sipse/faces/javax.faces.resource/jquery/jquery-plugins.js?ln=primefaces&v=4.0 HTTP/1.1" 304 -
167.0.142.94 - - [10/Sep/2022:00:45:18 -0500] "GET /sipse/faces/javax.faces.resource/jquery/jquery.js?ln=primefaces&v=4.0 HTTP/1.1" 304 -
167.0.142.94 - - [10/Sep/2022:00:45:18 -0500] "GET /sipse/faces/javax.faces.resource/primefaces.js?ln=primefaces&v=4.0 HTTP/1.1" 304 -
167.0.142.94 - - [10/Sep/2022:00:45:18 -0500] "POST /sipse/faces/presentacion/financiero/solicitudProceso/consultarSolicitudProceso.xhtml HTTP/1.1" 200 168382
167.0.142.94 - - [10/Sep/2022:00:45:18 -0500] "GET /sipse/faces/javax.faces.resource/layout/layout.js?ln=primefaces&v=4.0 HTTP/1.1" 304 -
167.0.142.94 - - [10/Sep/2022:00:45:21 -0500] "POST /sipse/faces/presentacion/financiero/solicitudProceso/consultarSolicitudProceso.xhtml HTTP/1.1" 200 61102
167.0.142.94 - - [10/Sep/2022:00:45:24 -0500] "GET /sipse/faces/javax.faces.resource/theme.css?ln=primefaces-sipse HTTP/1.1" 304 -
167.0.142.94 - - [10/Sep/2022:00:45:24 -0500] "GET /sipse/faces/javax.faces.resource/primefaces.css?ln=primefaces&v=4.0 HTTP/1.1" 304 -
167.0.142.94 - - [10/Sep/2022:00:45:24 -0500] "GET /sipse/faces/javax.faces.resource/layout/layout.css?ln=primefaces&v=4.0 HTTP/1.1" 304 -
167.0.142.94 - - [10/Sep/2022:00:45:24 -0500] "GET /sipse/faces/javax.faces.resource/jquery/jquery.js?ln=primefaces&v=4.0 HTTP/1.1" 304 -
167.0.142.94 - - [10/Sep/2022:00:45:24 -0500] "GET /sipse/faces/javax.faces.resource/jquery/jquery-plugins.js?ln=primefaces&v=4.0 HTTP/1.1" 304 -
167.0.142.94 - - [10/Sep/2022:00:45:24 -0500] "GET /sipse/faces/javax.faces.resource/primefaces.js?ln=primefaces&v=4.0 HTTP/1.1" 304 -
167.0.142.94 - - [10/Sep/2022:00:45:24 -0500] "GET /sipse/faces/javax.faces.resource/layout/layout.js?ln=primefaces&v=4.0 HTTP/1.1" 304 -
167.0.142.94 - - [10/Sep/2022:00:45:25 -0500] "POST /sipse/faces/presentacion/financiero/solicitudProceso/listarSolicitudProceso.xhtml HTTP/1.1" 200 1544
201.245.192.253 - - [10/Sep/2022:00:45:45 -0500] "POST /kwsrmcab/Wsrmcab  HTTP/1.1" 200 42606
216.245.221.92 - - [10/Sep/2022:00:46:29 -0500] "HEAD / HTTP/1.1" 200 -
207.46.13.90 - - [10/Sep/2022:00:47:38 -0500] "GET /Publicaciones/2022EE85046.pdf HTTP/1.1" 404 227
172.22.2.4 - - [10/Sep/2022:00:46:57 -0500] "HEAD /BLA/boletinlegal/ HTTP/1.1" 200 -
172.22.2.4 - - [10/Sep/2022:00:47:47 -0500] "GET /BLA/boletinlegal/ HTTP/1.1" 200 58163
157.55.39.201 - - [10/Sep/2022:00:49:29 -0500] "GET /BLA/resoluciones/AUTOS%202022/2008.pdf HTTP/1.1" 200 379830
66.249.73.127 - - [10/Sep/2022:00:50:32 -0500] "-" 408 -
201.245.192.253 - - [10/Sep/2022:00:50:44 -0500] "POST /kwsrmcab/Wsrmcab  HTTP/1.1" 200 42606
216.245.221.92 - - [10/Sep/2022:00:51:29 -0500] "HEAD / HTTP/1.1" 200 -
185.119.81.104 - - [10/Sep/2022:00:51:31 -0500] "GET /portaldeninos/wp-login.php HTTP/1.1" 200 2592
185.119.81.104 - - [10/Sep/2022:00:51:32 -0500] "POST /portaldeninos/wp-login.php HTTP/1.1" 200 3605
157.55.39.201 - - [10/Sep/2022:00:52:05 -0500] "GET /BLA/resoluciones/AUTOS%202022/0355.pdf HTTP/1.1" 200 467970
172.22.2.4 - - [10/Sep/2022:00:52:47 -0500] "HEAD /BLA/boletinlegal/ HTTP/1.1" 200 -
172.22.2.4 - - [10/Sep/2022:00:53:37 -0500] "GET /BLA/boletinlegal/ HTTP/1.1" 200 58163
201.245.192.253 - - [10/Sep/2022:00:55:42 -0500] "POST /kwsrmcab/Wsrmcab  HTTP/1.1" 200 42606
66.249.73.127 - - [10/Sep/2022:00:56:10 -0500] "-" 408 -
216.245.221.92 - - [10/Sep/2022:00:56:29 -0500] "HEAD / HTTP/1.1" 200 -
152.61.192.232 - - [10/Sep/2022:00:58:40 -0500] "GET /arcgis/services/Calidad_del_Agua_WQI/MapServer/WMSServer?request=GetCapabilities&service=WMS HTTP/1.1" 503 1020
152.61.192.232 - - [10/Sep/2022:00:58:41 -0500] "GET /arcgis/services/Calidad_del_Agua_WQI/MapServer/WMSServer?SERVICE=WMS&REQUEST=GetCapabilities HTTP/1.1" 503 1020
152.61.192.232 - - [10/Sep/2022:00:58:42 -0500] "GET /arcgis/services/Calidad_del_Agua_WQI/MapServer/WMSServer?WMTVER=1.0.0&REQUEST=capabilities HTTP/1.1" 503 1020
172.22.2.4 - - [10/Sep/2022:00:58:37 -0500] "HEAD /BLA/boletinlegal/ HTTP/1.1" 200 -
172.22.2.4 - - [10/Sep/2022:01:00:21 -0500] "GET /BLA/boletinlegal/images/cabezote%20BLEGAL.jpg HTTP/1.1" 304 -
201.245.192.253 - - [10/Sep/2022:01:00:41 -0500] "POST /kwsrmcab/Wsrmcab  HTTP/1.1" 200 42606
172.22.2.4 - - [10/Sep/2022:00:59:27 -0500] "GET /BLA/boletinlegal/ HTTP/1.1" 200 53640
216.245.221.92 - - [10/Sep/2022:01:01:29 -0500] "HEAD / HTTP/1.1" 200 -
173.252.107.21 - - [10/Sep/2022:01:02:05 -0500] "GET /images/pieza-global-day-5-octubre.jpg HTTP/1.1" 200 242505
201.245.192.253 - - [10/Sep/2022:01:05:40 -0500] "POST /kwsrmcab/Wsrmcab  HTTP/1.1" 200 42606
95.217.144.156 - - [10/Sep/2022:01:05:52 -0500] "-" 408 -
172.22.2.4 - - [10/Sep/2022:01:04:27 -0500] "HEAD /BLA/boletinlegal/ HTTP/1.1" 200 -
95.217.144.249 - - [10/Sep/2022:01:06:16 -0500] "-" 408 -
95.217.144.238 - - [10/Sep/2022:01:06:25 -0500] "-" 408 -
216.245.221.92 - - [10/Sep/2022:01:06:29 -0500] "HEAD / HTTP/1.1" 200 -
172.22.2.4 - - [10/Sep/2022:01:05:17 -0500] "GET /BLA/boletinlegal/ HTTP/1.1" 200 53290
40.77.189.63 - - [10/Sep/2022:01:08:12 -0500] "GET /galeria/galeria/jquery.fancybox.js?v=2.1.5 HTTP/1.1" 200 48706
201.245.192.253 - - [10/Sep/2022:01:10:39 -0500] "POST /kwsrmcab/Wsrmcab  HTTP/1.1" 200 42606
216.245.221.92 - - [10/Sep/2022:01:11:29 -0500] "HEAD / HTTP/1.1" 200 -
172.22.2.4 - - [10/Sep/2022:01:10:17 -0500] "HEAD /BLA/boletinlegal/ HTTP/1.1" 200 -
152.61.128.50 - - [10/Sep/2022:01:12:19 -0500] "GET /arcgis/services/Calidad_del_Agua_WQI/MapServer/WMSServer?request=GetCapabilities&service=WMS HTTP/1.1" 503 1020
152.61.128.50 - - [10/Sep/2022:01:12:21 -0500] "GET /arcgis/services/Calidad_del_Agua_WQI/MapServer/WMSServer?SERVICE=WMS&REQUEST=GetCapabilities HTTP/1.1" 503 1020
152.61.128.50 - - [10/Sep/2022:01:12:21 -0500] "GET /arcgis/services/Calidad_del_Agua_WQI/MapServer/WMSServer?WMTVER=1.0.0&REQUEST=capabilities HTTP/1.1" 503 1020
172.22.2.4 - - [10/Sep/2022:01:11:07 -0500] "GET /BLA/boletinlegal/ HTTP/1.1" 200 60874
66.249.73.127 - - [10/Sep/2022:01:14:52 -0500] "-" 408 -
201.245.192.253 - - [10/Sep/2022:01:15:37 -0500] "POST /kwsrmcab/Wsrmcab  HTTP/1.1" 200 42606
216.245.221.92 - - [10/Sep/2022:01:16:29 -0500] "HEAD / HTTP/1.1" 200 -
172.22.2.4 - - [10/Sep/2022:01:16:07 -0500] "HEAD /BLA/boletinlegal/ HTTP/1.1" 200 -
172.22.2.4 - - [10/Sep/2022:01:18:14 -0500] "GET /BLA/boletinlegal/favicon.ico HTTP/1.1" 404 1018
172.22.2.4 - - [10/Sep/2022:01:17:59 -0500] "GET /BLA/boletinlegal/ HTTP/1.1" 200 16331
172.22.2.4 - - [10/Sep/2022:01:16:57 -0500] "GET /BLA/boletinlegal/ HTTP/1.1" 200 54003
207.46.13.90 - - [10/Sep/2022:01:18:38 -0500] "GET /BLA/resoluciones/RESOLUCIONES%202021/1622.pdf HTTP/1.1" 200 564591
172.22.2.4 - - [10/Sep/2022:01:17:59 -0500] "GET /BLA/boletinlegal/ HTTP/1.1" 200 32715
201.245.192.253 - - [10/Sep/2022:01:19:19 -0500] "POST /kwsrmcab/Wsrmcab HTTP/1.1" 200 41369
201.245.192.253 - - [10/Sep/2022:01:19:22 -0500] "POST /kwsrmcab/Wsrmcab HTTP/1.1" 200 36141
201.245.192.253 - - [10/Sep/2022:01:20:36 -0500] "POST /kwsrmcab/Wsrmcab  HTTP/1.1" 200 42606
172.22.2.4 - - [10/Sep/2022:01:20:38 -0500] "GET /BLA/boletinlegal/ HTTP/1.1" 200 32715
216.245.221.92 - - [10/Sep/2022:01:21:29 -0500] "HEAD / HTTP/1.1" 200 -
172.22.2.4 - - [10/Sep/2022:01:21:07 -0500] "GET /BLA/boletinlegal/ HTTP/1.1" 200 59319
172.22.2.4 - - [10/Sep/2022:01:21:57 -0500] "HEAD /BLA/boletinlegal/ HTTP/1.1" 200 -
157.55.39.196 - - [10/Sep/2022:01:23:47 -0500] "GET /BLA/resoluciones/RESOLUCIONES%202003/RES%202003%20851-900/890.tif HTTP/1.1" 200 142064
172.22.2.4 - - [10/Sep/2022:01:22:47 -0500] "GET /BLA/boletinlegal/ HTTP/1.1" 200 58163
172.22.2.4 - - [10/Sep/2022:01:25:05 -0500] "GET /BLA/boletinlegal/Circulares/2019/.pdf HTTP/1.1" 404 1218
172.22.2.4 - - [10/Sep/2022:01:25:15 -0500] "GET /BLA/boletinlegal/Circulares/2012/Circular%20No.%2010%20del%2026%20de%20Enero%20de%202012.pdf HTTP/1.1" 404 1218
201.245.192.253 - - [10/Sep/2022:01:25:35 -0500] "POST /kwsrmcab/Wsrmcab  HTTP/1.1" 200 42606
31.13.127.8 - - [10/Sep/2022:01:25:53 -0500] "GET /images/mercados-campesinos-5-mayo.jpg HTTP/1.1" 200 95848
157.55.39.201 - - [10/Sep/2022:01:26:20 -0500] "GET /BLA/boletinlegal/Circulares/2018/Circular%20No.%200015%20del%207%20de%20Diciembre%20de%202018.pdf HTTP/1.1" 304 -
216.245.221.92 - - [10/Sep/2022:01:26:29 -0500] "HEAD / HTTP/1.1" 200 -
201.245.192.253 - - [10/Sep/2022:01:29:18 -0500] "POST /kwsrmcab/Wsrmcab HTTP/1.1" 200 41369
201.245.192.253 - - [10/Sep/2022:01:29:22 -0500] "POST /kwsrmcab/Wsrmcab HTTP/1.1" 200 36141
172.22.2.4 - - [10/Sep/2022:01:27:47 -0500] "HEAD /BLA/boletinlegal/ HTTP/1.1" 200 -
172.22.2.4 - - [10/Sep/2022:01:28:37 -0500] "GET /BLA/boletinlegal/ HTTP/1.1" 200 53290
201.245.192.253 - - [10/Sep/2022:01:30:34 -0500] "POST /kwsrmcab/Wsrmcab  HTTP/1.1" 200 42606
157.55.39.201 - - [10/Sep/2022:01:31:09 -0500] "GET /BLA/resoluciones/AUTOS%202019/4369.pdf HTTP/1.1" 304 -
185.119.81.108 - - [10/Sep/2022:01:31:20 -0500] "GET /portaldeninos/wp-login.php HTTP/1.1" 200 2592
185.119.81.108 - - [10/Sep/2022:01:31:21 -0500] "POST /portaldeninos/wp-login.php HTTP/1.1" 200 3605
66.249.73.127 - - [10/Sep/2022:01:31:22 -0500] "-" 408 -
216.245.221.92 - - [10/Sep/2022:01:31:29 -0500] "HEAD / HTTP/1.1" 200 -
172.22.2.4 - - [10/Sep/2022:01:34:23 -0500] "GET /BLA/boletinlegal/Circulares/2022/CIRCULAR%20No.%2000003%20DEL%2007%20DE%20MARZO%20DEL%202022.pdf HTTP/1.1" 304 -
172.22.2.4 - - [10/Sep/2022:01:33:37 -0500] "HEAD /BLA/boletinlegal/ HTTP/1.1" 200 -
201.245.192.253 - - [10/Sep/2022:01:35:33 -0500] "POST /kwsrmcab/Wsrmcab  HTTP/1.1" 200 42606
172.22.2.4 - - [10/Sep/2022:01:34:27 -0500] "GET /BLA/boletinlegal/ HTTP/1.1" 200 60281
216.245.221.92 - - [10/Sep/2022:01:36:29 -0500] "HEAD / HTTP/1.1" 200 -
172.22.2.4 - - [10/Sep/2022:01:36:44 -0500] "GET /BLA/boletinlegal/robots.txt HTTP/1.1" 404 1038
172.22.2.4 - - [10/Sep/2022:01:36:45 -0500] "GET /BLA/boletinlegal/actos.php HTTP/1.1" 200 9559
172.22.2.4 - - [10/Sep/2022:01:37:31 -0500] "GET /BLA/boletinlegal/normativa.php HTTP/1.1" 200 8326
201.245.192.253 - - [10/Sep/2022:01:39:19 -0500] "POST /kwsrmcab/Wsrmcab HTTP/1.1" 200 41369
201.245.192.253 - - [10/Sep/2022:01:39:24 -0500] "POST /kwsrmcab/Wsrmcab HTTP/1.1" 200 36141
201.245.192.253 - - [10/Sep/2022:01:40:32 -0500] "POST /kwsrmcab/Wsrmcab  HTTP/1.1" 200 42606
172.22.2.4 - - [10/Sep/2022:01:39:27 -0500] "HEAD /BLA/boletinlegal/ HTTP/1.1" 200 -
69.171.251.120 - - [10/Sep/2022:01:41:08 -0500] "GET /reporte-calidad-del-aire-jueves.html HTTP/1.1" 206 750
66.249.73.127 - - [10/Sep/2022:01:41:14 -0500] "-" 408 -
216.245.221.92 - - [10/Sep/2022:01:41:29 -0500] "HEAD / HTTP/1.1" 200 -
172.22.2.4 - - [10/Sep/2022:01:40:17 -0500] "GET /BLA/boletinlegal/ HTTP/1.1" 200 56376
172.22.2.4 - - [10/Sep/2022:01:42:33 -0500] "GET /BLA/boletinlegal/doctrina.php HTTP/1.1" 200 5604
172.22.2.4 - - [10/Sep/2022:01:42:52 -0500] "GET /BLA/boletinlegal/jurisprudencia.php HTTP/1.1" 200 17573
172.22.2.4 - - [10/Sep/2022:01:42:55 -0500] "GET /BLA/boletinlegal/conceptos.php HTTP/1.1" 200 7443
172.22.2.4 - - [10/Sep/2022:01:42:58 -0500] "GET /BLA/boletinlegal/sugerencias.php HTTP/1.1" 200 8615
172.22.2.4 - - [10/Sep/2022:01:41:26 -0500] "GET /BLA/boletinlegal/index.php HTTP/1.1" 200 59828
201.245.192.253 - - [10/Sep/2022:01:45:31 -0500] "POST /kwsrmcab/Wsrmcab  HTTP/1.1" 200 42606
216.245.221.92 - - [10/Sep/2022:01:46:29 -0500] "HEAD / HTTP/1.1" 200 -
172.22.2.4 - - [10/Sep/2022:01:45:17 -0500] "HEAD /BLA/boletinlegal/ HTTP/1.1" 200 -
64.62.197.20 - - [10/Sep/2022:01:46:57 -0500] "GET /favicon.ico HTTP/1.1" 200 7782
172.22.2.4 - - [10/Sep/2022:01:46:07 -0500] "GET /BLA/boletinlegal/ HTTP/1.1" 200 58163
136.243.228.197 - - [10/Sep/2022:01:48:23 -0500] "GET /BLA/resoluciones/ HTTP/1.1" 200 13093
136.243.228.194 - - [10/Sep/2022:01:50:06 -0500] "GET /sitemap.xml HTTP/1.1" 404 1034
66.249.73.127 - - [10/Sep/2022:01:50:11 -0500] "-" 408 -
136.243.228.194 - - [10/Sep/2022:01:50:14 -0500] "GET /participa-en-la-cuarta-convocatoria-de-sembradoras-por-la-reactivaccion.html HTTP/1.1" 304 -
136.243.228.194 - - [10/Sep/2022:01:50:15 -0500] "GET /atrapamoscas-coronidorado-ave-austral-que-se-registro-en-el-humedal-cordoba.html HTTP/1.1" 200 991
201.245.192.253 - - [10/Sep/2022:01:50:30 -0500] "POST /kwsrmcab/Wsrmcab  HTTP/1.1" 200 42606
136.243.228.194 - - [10/Sep/2022:01:50:36 -0500] "GET /secretaria-de-ambiente-se-unio-al-operativo-nacional-de-control-al-trafico-ilegal-de-maderas.html HTTP/1.1" 304 -
216.245.221.92 - - [10/Sep/2022:01:51:29 -0500] "HEAD / HTTP/1.1" 200 -
191.95.170.166 - - [10/Sep/2022:01:52:10 -0500] "GET /BLA/resoluciones/RESOLUCIONES%202011/6971.pdf HTTP/1.1" 200 637749
191.95.170.166 - - [10/Sep/2022:01:52:10 -0500] "GET /favicon.ico HTTP/1.1" 200 7782
136.243.228.179 - - [10/Sep/2022:01:52:21 -0500] "GET /sitemap.xml HTTP/1.1" 404 1035
136.243.228.179 - - [10/Sep/2022:01:52:20 -0500] "GET /portaldeninos/ HTTP/1.1" 200 110197
136.243.228.194 - - [10/Sep/2022:01:52:25 -0500] "GET /con-participacion-bogota-avanza-en-la-construccion-de-la-politica-publica-de-accion-climatica-2050.html HTTP/1.1" 304 -
172.22.2.4 - - [10/Sep/2022:01:51:07 -0500] "HEAD /BLA/boletinlegal/ HTTP/1.1" 200 -
172.22.2.4 - - [10/Sep/2022:01:51:57 -0500] "GET /BLA/boletinlegal/ HTTP/1.1" 200 54823
201.245.192.253 - - [10/Sep/2022:01:55:29 -0500] "POST /kwsrmcab/Wsrmcab  HTTP/1.1" 200 42606
185.119.81.99 - - [10/Sep/2022:01:55:46 -0500] "GET /portaldeninos/wp-login.php HTTP/1.1" 200 2592
185.119.81.99 - - [10/Sep/2022:01:55:47 -0500] "POST /portaldeninos/wp-login.php HTTP/1.1" 200 3605
216.245.221.92 - - [10/Sep/2022:01:56:29 -0500] "HEAD / HTTP/1.1" 200 -
66.249.73.127 - - [10/Sep/2022:01:56:49 -0500] "-" 408 -
192.241.205.251 - - [10/Sep/2022:01:57:26 -0500] "GET / HTTP/1.1" 200 319
188.191.236.128 - - [10/Sep/2022:01:58:21 -0500] "GET /portaldeninos/ HTTP/1.0" 200 110197
188.191.236.128 - - [10/Sep/2022:01:58:25 -0500] "GET /portaldeninos/contactanos/ HTTP/1.0" 200 88135
172.22.2.4 - - [10/Sep/2022:01:56:57 -0500] "HEAD /BLA/boletinlegal/ HTTP/1.1" 200 -
128.14.134.134 - - [10/Sep/2022:01:58:42 -0500] "GET / HTTP/1.1" 200 319
172.22.2.4 - - [10/Sep/2022:01:57:47 -0500] "GET /BLA/boletinlegal/ HTTP/1.1" 200 58955
201.245.192.253 - - [10/Sep/2022:02:00:28 -0500] "POST /kwsrmcab/Wsrmcab  HTTP/1.1" 200 42606
216.245.221.92 - - [10/Sep/2022:02:01:29 -0500] "HEAD / HTTP/1.1" 200 -
66.249.73.127 - - [10/Sep/2022:02:02:46 -0500] "-" 408 -
172.22.2.4 - - [10/Sep/2022:02:03:33 -0500] "GET /BLA/boletinlegal/norma_menu.php HTTP/1.1" 200 6318
172.22.2.4 - - [10/Sep/2022:02:02:04 -0500] "GET /BLA/boletinlegal/ HTTP/1.1" 200 54356
172.22.2.4 - - [10/Sep/2022:02:02:47 -0500] "HEAD /BLA/boletinlegal/ HTTP/1.1" 200 -
172.22.2.4 - - [10/Sep/2022:02:03:37 -0500] "GET /BLA/boletinlegal/ HTTP/1.1" 200 54356
172.22.2.4 - - [10/Sep/2022:02:05:29 -0500] "GET /BLA/boletinlegal/Circulares/2021/CIRCULAR%20No.%2000009%20DEL%2001%20DE%20OCTUBRE%20DEL%202021.pdf HTTP/1.1" 304 -
201.245.192.253 - - [10/Sep/2022:02:05:26 -0500] "POST /kwsrmcab/Wsrmcab  HTTP/1.1" 200 42606
216.245.221.92 - - [10/Sep/2022:02:06:29 -0500] "HEAD / HTTP/1.1" 200 -
34.90.12.75 - - [10/Sep/2022:02:06:49 -0500] "GET / HTTP/1.1" 200 4720
34.90.12.75 - - [10/Sep/2022:02:06:50 -0500] "GET / HTTP/1.1" 200 319
172.22.2.4 - - [10/Sep/2022:02:07:46 -0500] "GET /BLA/boletinlegal/jurisprudencia/analisis/null HTTP/1.1" 404 1038
122.194.11.66 - - [10/Sep/2022:02:08:09 -0500] "POST /HNAP1/ HTTP/1.0" 400 945
66.249.73.127 - - [10/Sep/2022:02:08:38 -0500] "-" 408 -
172.22.2.4 - - [10/Sep/2022:02:08:20 -0500] "GET /BLA/boletinlegal/ HTTP/1.1" 200 54003
172.22.2.4 - - [10/Sep/2022:02:08:37 -0500] "HEAD /BLA/boletinlegal/ HTTP/1.1" 200 -
201.245.192.253 - - [10/Sep/2022:02:10:24 -0500] "POST /kwsrmcab/Wsrmcab  HTTP/1.1" 200 42606
172.22.2.4 - - [10/Sep/2022:02:09:27 -0500] "GET /BLA/boletinlegal/ HTTP/1.1" 200 53290
216.245.221.92 - - [10/Sep/2022:02:11:29 -0500] "HEAD / HTTP/1.1" 200 -
172.22.2.4 - - [10/Sep/2022:02:12:14 -0500] "GET /BLA/boletinlegal/Circulares/2019/.pdf HTTP/1.1" 404 1218
66.249.73.127 - - [10/Sep/2022:02:14:34 -0500] "-" 408 -
201.245.192.253 - - [10/Sep/2022:02:15:24 -0500] "POST /kwsrmcab/Wsrmcab  HTTP/1.1" 200 42606
185.180.143.77 - - [10/Sep/2022:02:15:37 -0500] "GET / HTTP/1.1" 200 319
172.22.2.4 - - [10/Sep/2022:02:14:27 -0500] "HEAD /BLA/boletinlegal/ HTTP/1.1" 200 -
172.22.2.4 - - [10/Sep/2022:02:16:14 -0500] "GET /BLA/boletinlegal/jurisprudencia/analisis/G__Jurisp.%20Junio%202014_Sent%20Tutela%20Drumond.docx HTTP/1.1" 304 -
216.245.221.92 - - [10/Sep/2022:02:16:28 -0500] "HEAD / HTTP/1.1" 200 -
172.22.2.4 - - [10/Sep/2022:02:15:17 -0500] "GET /BLA/boletinlegal/ HTTP/1.1" 200 60281
157.55.39.196 - - [10/Sep/2022:02:18:09 -0500] "GET /BLA/resoluciones/RESOLUCIONES%202007/RES%202007%20701%20AL%20800/RESOLUCION%200705%20DE%202007.pdf HTTP/1.1" 304 -
157.55.39.201 - - [10/Sep/2022:02:18:53 -0500] "GET /BLA/resoluciones/RESOLUCIONES%202001/2001%20300-349.TIF HTTP/1.1" 200 9570664
172.22.2.4 - - [10/Sep/2022:02:19:09 -0500] "GET /BLA/boletinlegal/documentos-importantes.php HTTP/1.1" 200 4822
201.245.192.253 - - [10/Sep/2022:02:19:18 -0500] "POST /kwsrmcab/Wsrmcab HTTP/1.1" 200 40941
201.245.192.253 - - [10/Sep/2022:02:19:22 -0500] "POST /kwsrmcab/Wsrmcab HTTP/1.1" 200 36311
157.55.39.201 - - [10/Sep/2022:02:20:19 -0500] "GET /BLA/resoluciones/AUTOS%202022/0757.pdf HTTP/1.1" 200 372143
201.245.192.253 - - [10/Sep/2022:02:20:23 -0500] "POST /kwsrmcab/Wsrmcab  HTTP/1.1" 200 42606
66.249.73.127 - - [10/Sep/2022:02:20:41 -0500] "-" 408 -
157.55.39.202 - - [10/Sep/2022:02:20:55 -0500] "GET /sipse/faces/autenticacion.xhtml HTTP/1.1" 200 12498
216.245.221.92 - - [10/Sep/2022:02:21:28 -0500] "HEAD / HTTP/1.1" 200 -
136.243.228.179 - - [10/Sep/2022:02:21:50 -0500] "GET /portaldeninos/biodiversidad HTTP/1.1" 301 -
172.22.2.4 - - [10/Sep/2022:02:20:17 -0500] "HEAD /BLA/boletinlegal/ HTTP/1.1" 200 -
136.243.228.179 - - [10/Sep/2022:02:22:20 -0500] "GET /portaldeninos/humedal-capellania-2/ HTTP/1.1" 200 87949
172.22.2.4 - - [10/Sep/2022:02:21:07 -0500] "GET /BLA/boletinlegal/ HTTP/1.1" 200 55630
136.243.228.179 - - [10/Sep/2022:02:22:52 -0500] "GET /portaldeninos/parque-ecologico-distrital-humedal-santa-maria-del-lago/ HTTP/1.1" 200 90199
172.22.2.4 - - [10/Sep/2022:02:22:22 -0500] "GET /BLA/boletinlegal/ HTTP/1.1" 200 24523
136.243.228.179 - - [10/Sep/2022:02:23:22 -0500] "GET /portaldeninos/humedal-el-tunjo/ HTTP/1.1" 200 87661
136.243.228.179 - - [10/Sep/2022:02:23:52 -0500] "GET /portaldeninos/los-arboles/ HTTP/1.1" 200 87546
136.243.228.179 - - [10/Sep/2022:02:24:23 -0500] "GET /portaldeninos/agua-y-estructura-ecologica-principal HTTP/1.1" 301 -
136.243.228.179 - - [10/Sep/2022:02:24:49 -0500] "GET /portaldeninos/humedal-santa-maria-del-lago/ HTTP/1.1" 200 88988
136.243.228.179 - - [10/Sep/2022:02:25:16 -0500] "GET /portaldeninos/contactanos/ HTTP/1.1" 200 88135
201.245.192.253 - - [10/Sep/2022:02:25:22 -0500] "POST /kwsrmcab/Wsrmcab  HTTP/1.1" 200 42606
69.63.184.4 - - [10/Sep/2022:02:25:36 -0500] "GET /images/Junio%2002-experiencias-jardines-verticales-sda.jpeg HTTP/1.1" 200 31171
136.243.228.179 - - [10/Sep/2022:02:25:43 -0500] "GET /portaldeninos/aire/ HTTP/1.1" 200 88215
136.243.228.179 - - [10/Sep/2022:02:26:10 -0500] "GET /portaldeninos/humedal-tibanica-2/ HTTP/1.1" 200 87771
216.245.221.92 - - [10/Sep/2022:02:26:28 -0500] "HEAD / HTTP/1.1" 200 -
66.249.73.127 - - [10/Sep/2022:02:26:32 -0500] "-" 408 -
136.243.228.179 - - [10/Sep/2022:02:26:37 -0500] "GET /portaldeninos/gestion-del-riesgo-incendios-forestales HTTP/1.1" 301 -
136.243.228.179 - - [10/Sep/2022:02:27:01 -0500] "GET /portaldeninos/humedal-torca-y-guaymaral-2/ HTTP/1.1" 200 88086
136.243.228.179 - - [10/Sep/2022:02:27:31 -0500] "GET /portaldeninos/aulas-ambientales/aula-ambiental-sorotama/ HTTP/1.1" 200 89596
172.22.2.4 - - [10/Sep/2022:02:26:07 -0500] "HEAD /BLA/boletinlegal/ HTTP/1.1" 200 -
136.243.228.179 - - [10/Sep/2022:02:27:59 -0500] "GET /portaldeninos/aulas-ambientales/ HTTP/1.1" 200 88416
136.243.228.179 - - [10/Sep/2022:02:28:23 -0500] "GET /portaldeninos/humedales-ramsar/ HTTP/1.1" 200 89255
172.22.2.4 - - [10/Sep/2022:02:26:57 -0500] "GET /BLA/boletinlegal/ HTTP/1.1" 200 58163
136.243.228.179 - - [10/Sep/2022:02:28:53 -0500] "GET /portaldeninos/publicidad/ HTTP/1.1" 200 87569
136.243.228.179 - - [10/Sep/2022:02:29:15 -0500] "GET /portaldeninos/humedal-jaboque-2/ HTTP/1.1" 200 87846
201.245.192.253 - - [10/Sep/2022:02:29:18 -0500] "POST /kwsrmcab/Wsrmcab HTTP/1.1" 200 40941
201.245.192.253 - - [10/Sep/2022:02:29:23 -0500] "POST /kwsrmcab/Wsrmcab HTTP/1.1" 200 36311
136.243.228.179 - - [10/Sep/2022:02:29:41 -0500] "GET /portaldeninos/glosario/ HTTP/1.1" 200 97198
136.243.228.179 - - [10/Sep/2022:02:30:05 -0500] "GET /portaldeninos/relatos-urbanos-de-los-ecosistemas-bogotanos-2/ HTTP/1.1" 200 88374
201.245.192.253 - - [10/Sep/2022:02:30:21 -0500] "POST /kwsrmcab/Wsrmcab  HTTP/1.1" 200 42606
136.243.228.179 - - [10/Sep/2022:02:30:31 -0500] "GET /portaldeninos/humedal-cordoba-2/ HTTP/1.1" 200 88041
136.243.228.179 - - [10/Sep/2022:02:31:00 -0500] "GET /portaldeninos/residuos HTTP/1.1" 301 -
136.243.228.179 - - [10/Sep/2022:02:31:22 -0500] "GET /portaldeninos/corresponsal-ambiental/ HTTP/1.1" 200 93768
216.245.221.92 - - [10/Sep/2022:02:31:28 -0500] "HEAD / HTTP/1.1" 200 -
136.243.228.179 - - [10/Sep/2022:02:31:47 -0500] "GET /portaldeninos/fauna/ HTTP/1.1" 200 88429
157.55.39.201 - - [10/Sep/2022:02:32:05 -0500] "GET /catalogoisis/ HTTP/1.1" 200 8575
136.243.228.179 - - [10/Sep/2022:02:32:11 -0500] "GET /portaldeninos/humedal-juan-amarillo-2/ HTTP/1.1" 200 88155
136.243.228.179 - - [10/Sep/2022:02:32:38 -0500] "GET /portaldeninos/parque-mirador-de-los-nevados/ HTTP/1.1" 200 89855
66.249.73.127 - - [10/Sep/2022:02:32:49 -0500] "-" 408 -
136.243.228.179 - - [10/Sep/2022:02:33:02 -0500] "GET /portaldeninos/humedal-la-conejera-2/ HTTP/1.1" 200 88020
136.243.228.179 - - [10/Sep/2022:02:33:25 -0500] "GET /portaldeninos/aulas-ambientales-2/parque-ecologico-distrital-de-montana-entrenubes/ HTTP/1.1" 200 90406
172.22.2.4 - - [10/Sep/2022:02:31:57 -0500] "HEAD /BLA/boletinlegal/ HTTP/1.1" 200 -
136.243.228.179 - - [10/Sep/2022:02:33:52 -0500] "GET /portaldeninos/que-es-cambio-climatico HTTP/1.1" 301 -
136.243.228.179 - - [10/Sep/2022:02:34:11 -0500] "GET /portaldeninos/los-arboles/tips/ HTTP/1.1" 200 87677
172.22.2.4 - - [10/Sep/2022:02:32:47 -0500] "GET /BLA/boletinlegal/ HTTP/1.1" 200 51630
136.243.228.179 - - [10/Sep/2022:02:34:35 -0500] "GET /portaldeninos/ruido/ HTTP/1.1" 200 88494
136.243.228.179 - - [10/Sep/2022:02:34:58 -0500] "GET /portaldeninos/humedal-el-burro-2/ HTTP/1.1" 200 87926
185.119.81.99 - - [10/Sep/2022:02:35:07 -0500] "GET /portaldeninos/wp-login.php HTTP/1.1" 200 2592
185.119.81.99 - - [10/Sep/2022:02:35:08 -0500] "POST /portaldeninos/wp-login.php HTTP/1.1" 200 3670
201.245.192.253 - - [10/Sep/2022:02:35:20 -0500] "POST /kwsrmcab/Wsrmcab  HTTP/1.1" 200 42606
136.243.228.179 - - [10/Sep/2022:02:35:23 -0500] "GET /portaldeninos/tipos-de-arboles-en-bogota/ HTTP/1.1" 200 109802
207.46.13.86 - - [10/Sep/2022:02:33:53 -0500] "GET /BLA/boletinlegal/index.php HTTP/1.1" 200 56014
136.243.228.179 - - [10/Sep/2022:02:35:49 -0500] "GET /portaldeninos/aula-ambiental-artistica-itinerante-auambari/ HTTP/1.1" 200 89306
136.243.228.179 - - [10/Sep/2022:02:36:13 -0500] "GET /portaldeninos/humedal-la-vaca-2/ HTTP/1.1" 200 87837
216.245.221.92 - - [10/Sep/2022:02:36:28 -0500] "HEAD / HTTP/1.1" 200 -
66.249.73.127 - - [10/Sep/2022:02:38:29 -0500] "-" 408 -
201.245.192.253 - - [10/Sep/2022:02:39:18 -0500] "POST /kwsrmcab/Wsrmcab HTTP/1.1" 200 40941
201.245.192.253 - - [10/Sep/2022:02:39:22 -0500] "POST /kwsrmcab/Wsrmcab HTTP/1.1" 200 36311
172.22.2.4 - - [10/Sep/2022:02:37:47 -0500] "HEAD /BLA/boletinlegal/ HTTP/1.1" 200 -
172.22.2.4 - - [10/Sep/2022:02:38:37 -0500] "GET /BLA/boletinlegal/ HTTP/1.1" 200 57375
201.245.192.253 - - [10/Sep/2022:02:40:19 -0500] "POST /kwsrmcab/Wsrmcab  HTTP/1.1" 200 42606
216.245.221.92 - - [10/Sep/2022:02:41:28 -0500] "HEAD / HTTP/1.1" 200 -
66.249.73.127 - - [10/Sep/2022:02:44:17 -0500] "-" 408 -
157.55.39.200 - - [10/Sep/2022:02:44:40 -0500] "GET /BLA/resoluciones/index.php?dir=RESOLUCIONES+2017%2F HTTP/1.1" 200 283596
172.22.2.4 - - [10/Sep/2022:02:43:37 -0500] "HEAD /BLA/boletinlegal/ HTTP/1.1" 200 -
201.245.192.253 - - [10/Sep/2022:02:45:18 -0500] "POST /kwsrmcab/Wsrmcab  HTTP/1.1" 200 42606
172.22.2.4 - - [10/Sep/2022:02:44:27 -0500] "GET /BLA/boletinlegal/ HTTP/1.1" 200 50046
216.245.221.92 - - [10/Sep/2022:02:46:28 -0500] "HEAD / HTTP/1.1" 200 -
157.55.39.201 - - [10/Sep/2022:02:48:07 -0500] "GET /sipse/faces/javax.faces.resource/layout/layout.js;jsessionid=d0y9laj1qf7zswf2+75eolab.undefined?ln=primefaces&v=4.0 HTTP/1.1" 200 87560
201.245.192.253 - - [10/Sep/2022:02:50:17 -0500] "POST /kwsrmcab/Wsrmcab  HTTP/1.1" 200 42606
207.46.13.90 - - [10/Sep/2022:02:50:30 -0500] "GET /BLA/resoluciones/AUTOS%202014/0621.pdf HTTP/1.1" 304 -
207.46.13.90 - - [10/Sep/2022:02:50:30 -0500] "GET /BLA/boletinlegal/normativa.php HTTP/1.1" 200 8326
66.249.73.127 - - [10/Sep/2022:02:50:33 -0500] "-" 408 -
172.22.2.4 - - [10/Sep/2022:02:49:27 -0500] "HEAD /BLA/boletinlegal/ HTTP/1.1" 200 -
216.245.221.92 - - [10/Sep/2022:02:51:28 -0500] "HEAD / HTTP/1.1" 200 -
163.220.128.41 - - [10/Sep/2022:02:51:49 -0500] "GET /galeria/galeria/fotos/Humedal-Tibanica3P.jpg HTTP/1.1" 200 28016
172.22.2.4 - - [10/Sep/2022:02:50:17 -0500] "GET /BLA/boletinlegal/ HTTP/1.1" 200 57375
173.252.107.18 - - [10/Sep/2022:02:52:00 -0500] "GET /mas-de-70-animales-silvestres-regresaron-a-la-libertad-en-el-humedal-juan-amarillo.html HTTP/1.1" 206 958
201.245.192.253 - - [10/Sep/2022:02:55:16 -0500] "POST /kwsrmcab/Wsrmcab  HTTP/1.1" 200 42606
216.245.221.92 - - [10/Sep/2022:02:56:28 -0500] "HEAD / HTTP/1.1" 200 -
172.22.2.4 - - [10/Sep/2022:02:55:17 -0500] "HEAD /BLA/boletinlegal/ HTTP/1.1" 200 -
66.249.73.127 - - [10/Sep/2022:02:57:06 -0500] "-" 408 -
172.22.2.4 - - [10/Sep/2022:02:56:07 -0500] "GET /BLA/boletinlegal/ HTTP/1.1" 200 60281
65.49.20.111 - - [10/Sep/2022:02:58:27 -0500] "GET /favicon.ico HTTP/1.1" 200 7782
157.55.39.202 - - [10/Sep/2022:02:58:47 -0500] "GET /BLA/resoluciones/index.php?dir=RESOLUCIONES+2021%2F HTTP/1.1" 200 422289
201.245.192.253 - - [10/Sep/2022:03:00:13 -0500] "POST /kwsrmcab/Wsrmcab  HTTP/1.1" 200 42606
216.245.221.92 - - [10/Sep/2022:03:01:28 -0500] "HEAD / HTTP/1.1" 200 -
172.22.2.4 - - [10/Sep/2022:03:01:07 -0500] "HEAD /BLA/boletinlegal/ HTTP/1.1" 200 -
172.22.2.4 - - [10/Sep/2022:03:01:57 -0500] "GET /BLA/boletinlegal/ HTTP/1.1" 200 58575
66.249.73.127 - - [10/Sep/2022:03:04:04 -0500] "-" 408 -
201.245.192.253 - - [10/Sep/2022:03:05:13 -0500] "POST /kwsrmcab/Wsrmcab  HTTP/1.1" 200 42606
216.245.221.92 - - [10/Sep/2022:03:06:28 -0500] "HEAD / HTTP/1.1" 200 -
172.22.2.4 - - [10/Sep/2022:03:06:56 -0500] "HEAD /BLA/boletinlegal/ HTTP/1.1" 200 -
172.22.2.4 - - [10/Sep/2022:03:07:47 -0500] "GET /BLA/boletinlegal/ HTTP/1.1" 200 54356
201.245.192.253 - - [10/Sep/2022:03:10:11 -0500] "POST /kwsrmcab/Wsrmcab  HTTP/1.1" 200 42606
66.249.73.127 - - [10/Sep/2022:03:10:23 -0500] "-" 408 -
172.22.2.4 - - [10/Sep/2022:03:10:58 -0500] "GET /BLA/boletinlegal/actuator/health HTTP/1.1" 404 1018
136.243.228.179 - - [10/Sep/2022:03:11:15 -0500] "GET /portaldeninos/biodiversidad/ HTTP/1.1" 200 86633
216.245.221.92 - - [10/Sep/2022:03:11:28 -0500] "HEAD / HTTP/1.1" 200 -
136.243.228.179 - - [10/Sep/2022:03:11:42 -0500] "GET /portaldeninos/gestion-del-riesgo-incendios-forestales/ HTTP/1.1" 200 86825
136.243.228.179 - - [10/Sep/2022:03:12:14 -0500] "GET /portaldeninos/agua-y-estructura-ecologica-principal/ HTTP/1.1" 200 87488
136.243.228.179 - - [10/Sep/2022:03:12:39 -0500] "GET /portaldeninos/residuos/ HTTP/1.1" 200 87443
136.243.228.179 - - [10/Sep/2022:03:13:05 -0500] "GET /portaldeninos/que-es-cambio-climatico/ HTTP/1.1" 200 86727
172.22.2.4 - - [10/Sep/2022:03:12:47 -0500] "HEAD /BLA/boletinlegal/ HTTP/1.1" 200 -
201.245.192.253 - - [10/Sep/2022:03:15:11 -0500] "POST /kwsrmcab/Wsrmcab  HTTP/1.1" 200 42606
172.22.2.4 - - [10/Sep/2022:03:13:37 -0500] "GET /BLA/boletinlegal/ HTTP/1.1" 200 60281
216.245.221.92 - - [10/Sep/2022:03:16:28 -0500] "HEAD / HTTP/1.1" 200 -
66.249.73.127 - - [10/Sep/2022:03:18:19 -0500] "-" 408 -
201.245.192.253 - - [10/Sep/2022:03:19:18 -0500] "POST /kwsrmcab/Wsrmcab HTTP/1.1" 200 41373
201.245.192.253 - - [10/Sep/2022:03:19:23 -0500] "POST /kwsrmcab/Wsrmcab HTTP/1.1" 200 36130
201.245.192.253 - - [10/Sep/2022:03:20:11 -0500] "POST /kwsrmcab/Wsrmcab  HTTP/1.1" 200 42606
172.22.2.4 - - [10/Sep/2022:03:18:36 -0500] "HEAD /BLA/boletinlegal/ HTTP/1.1" 200 -
172.22.2.4 - - [10/Sep/2022:03:19:27 -0500] "GET /BLA/boletinlegal/ HTTP/1.1" 200 60281
216.245.221.92 - - [10/Sep/2022:03:21:28 -0500] "HEAD / HTTP/1.1" 200 -
207.46.13.90 - - [10/Sep/2022:03:23:35 -0500] "GET /sipse/faces/javax.faces.resource/jquery/jquery.js;jsessionid=d0y9laj1qf7zswf2+75eolab.undefined?ln=primefaces&v=4.0 HTTP/1.1" 200 105384
66.249.73.127 - - [10/Sep/2022:03:23:55 -0500] "-" 408 -
157.55.39.202 - - [10/Sep/2022:03:24:13 -0500] "GET /autoliquidacion2020 HTTP/1.1" 301 250
157.55.39.202 - - [10/Sep/2022:03:24:13 -0500] "GET /autoliquidacion2020/ HTTP/1.1" 200 6146
201.245.192.253 - - [10/Sep/2022:03:25:10 -0500] "POST /kwsrmcab/Wsrmcab  HTTP/1.1" 200 42606
157.55.39.196 - - [10/Sep/2022:03:26:04 -0500] "GET /galeria/galeria/fotos/cusumbo4G.jpg HTTP/1.1" 200 292522
172.22.2.4 - - [10/Sep/2022:03:24:26 -0500] "HEAD /BLA/boletinlegal/ HTTP/1.1" 200 -
216.245.221.92 - - [10/Sep/2022:03:26:28 -0500] "HEAD / HTTP/1.1" 200 -
136.243.228.197 - - [10/Sep/2022:03:26:32 -0500] "-" 408 -
172.22.2.4 - - [10/Sep/2022:03:25:17 -0500] "GET /BLA/boletinlegal/ HTTP/1.1" 200 58163
157.55.39.153 - - [10/Sep/2022:03:27:05 -0500] "GET /portaldeninos/wp-content/uploads/2021/11/Pieza-concurso-corresponsal-ambiental-16-mayo-1200x480.jpg HTTP/1.1" 200 82333
157.55.39.201 - - [10/Sep/2022:03:28:35 -0500] "GET /sipse/faces/faces/autenticacion.xhtml HTTP/1.1" 200 12498
40.77.139.74 - - [10/Sep/2022:03:28:40 -0500] "GET /dlf/styles.css HTTP/1.1" 404 1018
136.243.228.194 - - [10/Sep/2022:03:29:14 -0500] "-" 408 -
201.245.192.253 - - [10/Sep/2022:03:29:18 -0500] "POST /kwsrmcab/Wsrmcab HTTP/1.1" 200 41373
201.245.192.253 - - [10/Sep/2022:03:29:22 -0500] "POST /kwsrmcab/Wsrmcab HTTP/1.1" 200 36130
207.46.13.90 - - [10/Sep/2022:03:29:49 -0500] "GET /forest/ HTTP/1.1" 200 12041
66.249.73.127 - - [10/Sep/2022:03:30:04 -0500] "-" 408 -
201.245.192.253 - - [10/Sep/2022:03:30:08 -0500] "POST /kwsrmcab/Wsrmcab  HTTP/1.1" 200 42606
136.243.228.179 - - [10/Sep/2022:03:31:26 -0500] "-" 408 -
216.245.221.92 - - [10/Sep/2022:03:31:28 -0500] "HEAD / HTTP/1.1" 200 -
172.22.2.4 - - [10/Sep/2022:03:30:16 -0500] "HEAD /BLA/boletinlegal/ HTTP/1.1" 200 -
172.22.2.4 - - [10/Sep/2022:03:31:07 -0500] "GET /BLA/boletinlegal/ HTTP/1.1" 200 58163
201.245.192.253 - - [10/Sep/2022:03:35:07 -0500] "POST /kwsrmcab/Wsrmcab  HTTP/1.1" 200 42606
216.245.221.92 - - [10/Sep/2022:03:36:28 -0500] "HEAD / HTTP/1.1" 200 -
172.22.2.4 - - [10/Sep/2022:03:36:06 -0500] "HEAD /BLA/boletinlegal/ HTTP/1.1" 200 -
66.249.73.127 - - [10/Sep/2022:03:38:16 -0500] "-" 408 -
172.22.2.4 - - [10/Sep/2022:03:36:57 -0500] "GET /BLA/boletinlegal/ HTTP/1.1" 200 60281
201.245.192.253 - - [10/Sep/2022:03:39:19 -0500] "POST /kwsrmcab/Wsrmcab HTTP/1.1" 200 41373
201.245.192.253 - - [10/Sep/2022:03:39:22 -0500] "POST /kwsrmcab/Wsrmcab HTTP/1.1" 200 36130
207.46.13.86 - - [10/Sep/2022:03:39:55 -0500] "GET /BLA/resoluciones/RESOLUCIONES%202000/2000%201400-1449.tif HTTP/1.1" 200 5424715
201.245.192.253 - - [10/Sep/2022:03:40:05 -0500] "POST /kwsrmcab/Wsrmcab  HTTP/1.1" 200 42606
191.156.180.63 - - [10/Sep/2022:03:40:44 -0500] "GET /inventario-de-emisiones-2020-transporte-publico-sitp-redujo-emisiones-de-pm-2-5-en-un-37.html HTTP/1.1" 200 925
216.245.221.92 - - [10/Sep/2022:03:41:28 -0500] "HEAD / HTTP/1.1" 200 -
172.22.2.4 - - [10/Sep/2022:03:41:56 -0500] "HEAD /BLA/boletinlegal/ HTTP/1.1" 200 -
172.22.2.4 - - [10/Sep/2022:03:42:47 -0500] "GET /BLA/boletinlegal/ HTTP/1.1" 200 24523
172.22.2.4 - - [10/Sep/2022:03:42:47 -0500] "GET /BLA/boletinlegal/ HTTP/1.1" 200 53290
201.245.192.253 - - [10/Sep/2022:03:45:05 -0500] "POST /kwsrmcab/Wsrmcab  HTTP/1.1" 200 42606
66.249.73.127 - - [10/Sep/2022:03:45:47 -0500] "-" 408 -
216.245.221.92 - - [10/Sep/2022:03:46:28 -0500] "HEAD / HTTP/1.1" 200 -
172.22.2.4 - - [10/Sep/2022:03:47:46 -0500] "HEAD /BLA/boletinlegal/ HTTP/1.1" 200 -
201.245.192.253 - - [10/Sep/2022:03:50:04 -0500] "POST /kwsrmcab/Wsrmcab  HTTP/1.1" 200 42606
172.22.2.4 - - [10/Sep/2022:03:48:37 -0500] "GET /BLA/boletinlegal/ HTTP/1.1" 200 58163
216.245.221.92 - - [10/Sep/2022:03:51:28 -0500] "HEAD / HTTP/1.1" 200 -
157.55.39.201 - - [10/Sep/2022:03:53:07 -0500] "GET /BLA/resoluciones/RESOLUCIONES%202000/2000%201550-1599.tif HTTP/1.1" 200 4511112
201.245.192.253 - - [10/Sep/2022:03:55:03 -0500] "POST /kwsrmcab/Wsrmcab  HTTP/1.1" 200 42606
