191.95.51.220 - - [11/Sep/2022:20:16:57 -0500] "GET /kwssiamovil/sm/acme/a?s=U2FsdGVkX1+z7ihj1DakBqi5NgEvl9udsjvXKwxb81EjYrw7rvBAc0m/dZv7ihrUISHdYjjK91aEFOTD8xVTYj+LNvjaadXmLd4NDR9MIX4YJnO68zLjTMmNByQJfMXuSMkzeqRGvQ89aBiCisZRCdIwBMh2cWQe3saOMDSW1g+EUNPxMqgMZlJVsQKbrd94Z5CJEdSFVTSnv+x0DoXFlNX5kcXaIsa40L5DGMfGcFe70XWoyNcb/RoJd2g3SyHVLvuIsoMjTSBg9XDXBprxqYStwljM4dheJzgWBo57GZK6ik7nU/P7dVM/1m/lcIyhCx1B2TkwGZUuhSApKIV9VwBLk9G05ee+69U7I/zsxcm88NzlAmyk/U5RkO/u7GERjDmyk5nLhKnbo4l8Z9WNHVUb2SBfXX7F7OFRUgqjP3Zqe9/ivAaqcmu+HfedlwE1jeyzqWjyVzdLjaL6ve/BVGzNnf6Cc7b9TBhVNXAVeQeGQmZR1q0BJmh8fXDI66ai&u=U2FsdGVkX186P0/GPFkMb4ajBdAQ27mqLXSNiNV/dTtWJhbH3ksTJ+dbiQXSMkga&y=U2FsdGVkX18Sn2NkzF1qflzWUXokRGRwPIR03bAIcivec62b4ooCv21D6lDkmiY2 HTTP/1.1" 200 25
66.249.73.97 - - [11/Sep/2022:20:17:35 -0500] "-" 408 -
216.245.221.92 - - [11/Sep/2022:20:18:04 -0500] "HEAD / HTTP/1.1" 200 -
201.245.192.253 - - [11/Sep/2022:20:19:10 -0500] "POST /kwsrmcab/Wsrmcab HTTP/1.1" 200 42537
201.245.192.253 - - [11/Sep/2022:20:19:14 -0500] "POST /kwsrmcab/Wsrmcab HTTP/1.1" 200 36539
172.22.2.4 - - [11/Sep/2022:20:18:18 -0500] "HEAD /BLA/boletinlegal/ HTTP/1.1" 200 -
172.22.2.4 - - [11/Sep/2022:20:19:09 -0500] "GET /BLA/boletinlegal/ HTTP/1.1" 200 59319
5.255.253.136 - - [11/Sep/2022:20:20:52 -0500] "-" 408 -
185.220.101.163 - - [11/Sep/2022:20:20:58 -0500] "GET /portaldeninos/ HTTP/1.1" 200 110197
172.22.2.4 - - [11/Sep/2022:20:20:36 -0500] "GET /BLA/boletinlegal/ HTTP/1.1" 200 24523
172.22.2.4 - - [11/Sep/2022:20:21:25 -0500] "GET /BLA/boletinlegal/actos.php HTTP/1.1" 200 9559
186.80.52.211 - - [11/Sep/2022:20:21:28 -0500] "GET /BLA/resoluciones/ HTTP/1.1" 200 13093
201.245.192.253 - - [11/Sep/2022:20:21:43 -0500] "POST /kwsrmcab/Wsrmcab  HTTP/1.1" 200 42606
186.80.52.211 - - [11/Sep/2022:20:21:47 -0500] "GET /BLA/resoluciones/index.php?dir=AUTOS+2021%2F HTTP/1.1" 200 393816
186.80.52.211 - - [11/Sep/2022:20:22:12 -0500] "GET /BLA/resoluciones/index.php?dir=AUTOS+2022%2F HTTP/1.1" 200 250581
186.80.52.211 - - [11/Sep/2022:20:22:23 -0500] "GET /BLA/resoluciones/AUTOS%202022/4945.pdf HTTP/1.1" 200 405623
172.22.2.4 - - [11/Sep/2022:20:21:18 -0500] "GET /BLA/boletinlegal/ HTTP/1.1" 200 63207
216.245.221.92 - - [11/Sep/2022:20:23:04 -0500] "HEAD / HTTP/1.1" 200 -
34.251.235.54 - - [11/Sep/2022:20:24:16 -0500] "GET /BLA/resoluciones/RESOLUCIONES%202013/0715.pdf HTTP/1.1" 200 497969
207.46.13.90 - - [11/Sep/2022:20:25:03 -0500] "GET /Publicaciones/2022EE184763.pdf HTTP/1.1" 404 228
172.22.2.4 - - [11/Sep/2022:20:24:08 -0500] "HEAD /BLA/boletinlegal/ HTTP/1.1" 200 -
172.22.2.4 - - [11/Sep/2022:20:24:59 -0500] "GET /BLA/boletinlegal/ HTTP/1.1" 200 59828
201.245.192.253 - - [11/Sep/2022:20:26:43 -0500] "POST /kwsrmcab/Wsrmcab  HTTP/1.1" 200 42606
216.245.221.92 - - [11/Sep/2022:20:28:04 -0500] "HEAD / HTTP/1.1" 200 -
201.245.192.253 - - [11/Sep/2022:20:29:10 -0500] "POST /kwsrmcab/Wsrmcab HTTP/1.1" 200 42537
201.245.192.253 - - [11/Sep/2022:20:29:14 -0500] "POST /kwsrmcab/Wsrmcab HTTP/1.1" 200 36539
87.250.224.72 - - [11/Sep/2022:20:30:52 -0500] "-" 408 -
152.89.196.211 - - [11/Sep/2022:20:31:37 -0500] "GET /actuator/gateway/routes HTTP/1.1" 404 1018
172.22.2.4 - - [11/Sep/2022:20:29:59 -0500] "HEAD /BLA/boletinlegal/ HTTP/1.1" 200 -
201.245.192.253 - - [11/Sep/2022:20:31:41 -0500] "POST /kwsrmcab/Wsrmcab  HTTP/1.1" 200 42606
172.22.2.4 - - [11/Sep/2022:20:30:49 -0500] "GET /BLA/boletinlegal/ HTTP/1.1" 200 56376
216.245.221.92 - - [11/Sep/2022:20:33:04 -0500] "HEAD / HTTP/1.1" 200 -
172.22.2.4 - - [11/Sep/2022:20:34:09 -0500] "GET /BLA/boletinlegal/actos.php HTTP/1.1" 200 9559
172.22.2.4 - - [11/Sep/2022:20:34:10 -0500] "GET /BLA/boletinlegal/styles2.css HTTP/1.1" 200 1838
172.22.2.4 - - [11/Sep/2022:20:34:10 -0500] "GET /BLA/boletinlegal/js/popup.js HTTP/1.1" 200 1270
172.22.2.4 - - [11/Sep/2022:20:34:10 -0500] "GET /BLA/boletinlegal/js/ajax_actos.js HTTP/1.1" 200 1322
172.22.2.4 - - [11/Sep/2022:20:34:10 -0500] "GET /BLA/boletinlegal/js/jquery1.js HTTP/1.1" 200 29846
172.22.2.4 - - [11/Sep/2022:20:34:10 -0500] "GET /BLA/boletinlegal/style.css HTTP/1.1" 200 9406
172.22.2.4 - - [11/Sep/2022:20:34:10 -0500] "GET /BLA/boletinlegal/js/lib.js HTTP/1.1" 200 6474
172.22.2.4 - - [11/Sep/2022:20:34:10 -0500] "GET /BLA/boletinlegal/niceforms.js HTTP/1.1" 200 22876
172.22.2.4 - - [11/Sep/2022:20:34:10 -0500] "GET /BLA/boletinlegal/niceforms-default.css HTTP/1.1" 200 6694
172.22.2.4 - - [11/Sep/2022:20:34:10 -0500] "GET /BLA/boletinlegal/images/cabezote%20BLEGAL.jpg HTTP/1.1" 200 118164
172.22.2.4 - - [11/Sep/2022:20:34:10 -0500] "GET /BLA/boletinlegal/images/subscribe-icon-big.png HTTP/1.1" 200 47702
172.22.2.4 - - [11/Sep/2022:20:34:10 -0500] "GET /BLA/boletinlegal/images/menu_rght.gif HTTP/1.1" 200 1627
172.22.2.4 - - [11/Sep/2022:20:34:10 -0500] "GET /BLA/boletinlegal/images/tel.png HTTP/1.1" 200 14477
172.22.2.4 - - [11/Sep/2022:20:34:10 -0500] "GET /BLA/boletinlegal/images/body_bg.jpg HTTP/1.1" 200 1601
172.22.2.4 - - [11/Sep/2022:20:34:10 -0500] "GET /BLA/boletinlegal/images/hover.jpg HTTP/1.1" 200 640
172.22.2.4 - - [11/Sep/2022:20:34:10 -0500] "GET /BLA/boletinlegal/images/icono-email.png HTTP/1.1" 200 5544
172.22.2.4 - - [11/Sep/2022:20:34:10 -0500] "GET /BLA/boletinlegal/images/menu_bg.jpg HTTP/1.1" 200 620
172.22.2.4 - - [11/Sep/2022:20:34:10 -0500] "GET /BLA/boletinlegal/images/green-yellow-blue-pink-th.png HTTP/1.1" 200 7394
172.22.2.4 - - [11/Sep/2022:20:34:10 -0500] "GET /BLA/boletinlegal/images/historia.png HTTP/1.1" 200 52775
172.22.2.4 - - [11/Sep/2022:20:34:10 -0500] "GET /BLA/boletinlegal/images/footer_bg.jpg HTTP/1.1" 200 586
172.22.2.4 - - [11/Sep/2022:20:34:10 -0500] "GET /BLA/boletinlegal/images/registro-usuarios.png HTTP/1.1" 200 8106
172.22.2.4 - - [11/Sep/2022:20:34:10 -0500] "GET /BLA/boletinlegal/images/bg_top.jpg HTTP/1.1" 200 522
172.22.2.4 - - [11/Sep/2022:20:34:10 -0500] "GET /BLA/boletinlegal/images/footer_bg_l.jpg HTTP/1.1" 200 776
172.22.2.4 - - [11/Sep/2022:20:34:10 -0500] "GET /BLA/boletinlegal/images/text.jpg HTTP/1.1" 200 568
172.22.2.4 - - [11/Sep/2022:20:34:10 -0500] "GET /BLA/boletinlegal/images/menu_lft.gif HTTP/1.1" 200 1713
172.22.2.4 - - [11/Sep/2022:20:34:10 -0500] "GET /BLA/boletinlegal/images/abajo.png HTTP/1.1" 200 96676
172.22.2.4 - - [11/Sep/2022:20:34:10 -0500] "GET /BLA/boletinlegal/img/0.png HTTP/1.1" 200 110
172.22.2.4 - - [11/Sep/2022:20:34:10 -0500] "GET /BLA/boletinlegal/img/select-left.png HTTP/1.1" 200 263
172.22.2.4 - - [11/Sep/2022:20:34:10 -0500] "GET /BLA/boletinlegal/img/select-right.png HTTP/1.1" 200 44019
172.22.2.4 - - [11/Sep/2022:20:34:10 -0500] "GET /BLA/boletinlegal/img/button-left.png HTTP/1.1" 200 57071
172.22.2.4 - - [11/Sep/2022:20:34:10 -0500] "GET /BLA/boletinlegal/img/button.png HTTP/1.1" 200 43241
172.22.2.4 - - [11/Sep/2022:20:34:10 -0500] "GET /BLA/boletinlegal/img/button-right.png HTTP/1.1" 200 57878
172.22.2.4 - - [11/Sep/2022:20:34:10 -0500] "GET /BLA/boletinlegal/favicon.ico HTTP/1.1" 404 1326
201.245.192.253 - - [11/Sep/2022:20:36:40 -0500] "POST /kwsrmcab/Wsrmcab  HTTP/1.1" 200 42606
172.22.2.4 - - [11/Sep/2022:20:35:48 -0500] "HEAD /BLA/boletinlegal/ HTTP/1.1" 200 -
172.22.2.4 - - [11/Sep/2022:20:36:06 -0500] "GET /BLA/boletinlegal/ HTTP/1.1" 200 52877
216.245.221.92 - - [11/Sep/2022:20:38:04 -0500] "HEAD / HTTP/1.1" 200 -
172.22.2.4 - - [11/Sep/2022:20:36:39 -0500] "GET /BLA/boletinlegal/ HTTP/1.1" 200 56014
157.55.39.200 - - [11/Sep/2022:20:39:13 -0500] "GET /BLA/boletinlegal/images/nuevo.gif HTTP/1.1" 200 26475
201.245.192.253 - - [11/Sep/2022:20:39:10 -0500] "POST /kwsrmcab/Wsrmcab HTTP/1.1" 200 42537
201.245.192.253 - - [11/Sep/2022:20:39:14 -0500] "POST /kwsrmcab/Wsrmcab HTTP/1.1" 200 36539
172.22.2.4 - - [11/Sep/2022:20:40:00 -0500] "GET /BLA/boletinlegal/Circulares/2019/.pdf HTTP/1.1" 404 1218
172.22.2.4 - - [11/Sep/2022:20:40:25 -0500] "GET /BLA/boletinlegal/Circulares/2012/Circular%20No.%2016%20del%2022%20de%20octubre%20de%202012.pdf HTTP/1.1" 304 -
5.255.253.156 - - [11/Sep/2022:20:41:09 -0500] "-" 408 -
190.69.232.102 - - [11/Sep/2022:20:41:40 -0500] "GET /BLA/resoluciones/index.php?dir=RESOLUCIONES+2019%2F HTTP/1.1" 200 245239
201.245.192.253 - - [11/Sep/2022:20:41:39 -0500] "POST /kwsrmcab/Wsrmcab  HTTP/1.1" 200 42606
45.238.183.96 - - [11/Sep/2022:20:41:51 -0500] "GET /portaldeninos/wp-content/uploads/useanyfont/uaf.css?ver=1589905315 HTTP/1.1" 200 408
45.238.183.96 - - [11/Sep/2022:20:41:51 -0500] "GET /portaldeninos/wp-content/themes/betheme/style.css?ver=20.9.6 HTTP/1.1" 200 287
45.238.183.96 - - [11/Sep/2022:20:41:51 -0500] "GET /portaldeninos/wp-includes/js/wp-emoji-release.min.js?ver=4.9.8 HTTP/1.1" 200 12026
45.238.183.96 - - [11/Sep/2022:20:41:51 -0500] "GET /portaldeninos/wp-content/plugins/gallery-videos/CSS/Total-Soft-Gallery-Video-Widget.css?ver=4.9.8 HTTP/1.1" 200 51554
45.238.183.96 - - [11/Sep/2022:20:41:50 -0500] "GET /portaldeninos/residuos/ HTTP/1.1" 200 87443
45.238.183.96 - - [11/Sep/2022:20:41:51 -0500] "GET /portaldeninos/wp-content/plugins/gallery-videos/CSS/totalsoft.css?ver=4.9.8 HTTP/1.1" 200 40622
45.238.183.96 - - [11/Sep/2022:20:41:51 -0500] "GET /portaldeninos/wp-content/themes/betheme/css/base.css?ver=20.9.6 HTTP/1.1" 200 57283
45.238.183.96 - - [11/Sep/2022:20:41:51 -0500] "GET /portaldeninos/wp-content/themes/betheme/assets/ui/jquery.ui.all.css?ver=20.9.6 HTTP/1.1" 200 18765
45.238.183.96 - - [11/Sep/2022:20:41:51 -0500] "GET /portaldeninos/wp-content/themes/betheme/assets/jplayer/css/jplayer.blue.monday.css?ver=20.9.6 HTTP/1.1" 200 9834
45.238.183.96 - - [11/Sep/2022:20:41:51 -0500] "GET /portaldeninos/wp-content/plugins/google-analytics-for-wordpress/assets/js/frontend-gtag.min.js?ver=8.5.0 HTTP/1.1" 200 11801
45.238.183.96 - - [11/Sep/2022:20:41:51 -0500] "GET /portaldeninos/wp-content/themes/betheme/css/responsive.css?ver=20.9.6 HTTP/1.1" 200 55740
45.238.183.96 - - [11/Sep/2022:20:41:52 -0500] "GET /portaldeninos/wp-includes/js/jquery/jquery-migrate.min.js?ver=1.4.1 HTTP/1.1" 200 10056
45.238.183.96 - - [11/Sep/2022:20:41:52 -0500] "GET /portaldeninos/wp-includes/js/jquery/ui/core.min.js?ver=1.11.4 HTTP/1.1" 200 4000
45.238.183.96 - - [11/Sep/2022:20:41:52 -0500] "GET /portaldeninos/wp-content/plugins/gallery-videos/JS/modernizr.custom.js?ver=4.9.8 HTTP/1.1" 200 9019
45.238.183.96 - - [11/Sep/2022:20:41:51 -0500] "GET /portaldeninos/wp-content/themes/betheme/css/shortcodes.css?ver=20.9.6 HTTP/1.1" 200 138889
45.238.183.96 - - [11/Sep/2022:20:41:52 -0500] "GET /portaldeninos/wp-includes/js/jquery/jquery.js?ver=1.12.4 HTTP/1.1" 200 97184
45.238.183.96 - - [11/Sep/2022:20:41:51 -0500] "GET /portaldeninos/wp-content/themes/betheme/assets/animations/animations.min.css?ver=20.9.6 HTTP/1.1" 200 58508
45.238.183.96 - - [11/Sep/2022:20:41:52 -0500] "GET /portaldeninos/wp-content/plugins/gallery-videos/JS/Total-Soft-Gallery-Video-Widget.js?ver=4.9.8 HTTP/1.1" 200 80264
45.238.183.96 - - [11/Sep/2022:20:41:51 -0500] "GET /portaldeninos/wp-content/themes/betheme/css/layout.css?ver=20.9.6 HTTP/1.1" 200 116639
45.238.183.96 - - [11/Sep/2022:20:41:53 -0500] "GET /portaldeninos/wp-includes/js/jquery/ui/widget.min.js?ver=1.11.4 HTTP/1.1" 200 6908
45.238.183.96 - - [11/Sep/2022:20:41:53 -0500] "GET /portaldeninos/wp-includes/js/jquery/ui/mouse.min.js?ver=1.11.4 HTTP/1.1" 200 3148
45.238.183.96 - - [11/Sep/2022:20:41:53 -0500] "GET /portaldeninos/wp-includes/js/jquery/ui/tabs.min.js?ver=1.11.4 HTTP/1.1" 200 12110
45.238.183.96 - - [11/Sep/2022:20:41:53 -0500] "GET /portaldeninos/wp-includes/js/jquery/ui/sortable.min.js?ver=1.11.4 HTTP/1.1" 200 24899
45.238.183.96 - - [11/Sep/2022:20:41:53 -0500] "GET /portaldeninos/wp-content/uploads/2019/08/Logo-Ambientic.png HTTP/1.1" 200 21546
216.245.221.92 - - [11/Sep/2022:20:43:04 -0500] "HEAD / HTTP/1.1" 200 -
172.22.2.4 - - [11/Sep/2022:20:41:38 -0500] "HEAD /BLA/boletinlegal/ HTTP/1.1" 200 -
172.22.2.4 - - [11/Sep/2022:20:42:29 -0500] "GET /BLA/boletinlegal/ HTTP/1.1" 200 44471
172.22.2.4 - - [11/Sep/2022:20:42:58 -0500] "GET /BLA/boletinlegal/index.php HTTP/1.1" 200 50046
40.77.167.81 - - [11/Sep/2022:20:44:46 -0500] "GET /inicio/humedal-salitre/ HTTP/1.1" 404 1049
207.46.13.90 - - [11/Sep/2022:20:44:46 -0500] "GET /BLA/resoluciones/AUTOS%202022/2068.pdf HTTP/1.1" 200 377823
172.22.2.4 - - [11/Sep/2022:20:46:31 -0500] "GET /BLA/boletinlegal/actos.php HTTP/1.1" 200 9559
186.80.52.211 - - [11/Sep/2022:20:46:33 -0500] "GET /BLA/resoluciones/ HTTP/1.1" 200 13093
201.245.192.253 - - [11/Sep/2022:20:46:39 -0500] "POST /kwsrmcab/Wsrmcab  HTTP/1.1" 200 42606
69.171.249.22 - - [11/Sep/2022:20:46:44 -0500] "GET /bogota-lanza-la-red-colaborativa-de-microsensores-para-medir-la-calidad-del-aire-en-microambientes.html HTTP/1.1" 206 1008
69.171.249.22 - - [11/Sep/2022:20:46:44 -0500] "GET /bogota-lanza-la-red-colaborativa-de-microsensores-para-medir-la-calidad-del-aire-en-microambientes.html HTTP/1.1" 206 1008
186.80.52.211 - - [11/Sep/2022:20:46:57 -0500] "GET /BLA/resoluciones/index.php?dir=AUTOS+2022%2F HTTP/1.1" 200 250581
191.156.54.195 - - [11/Sep/2022:20:47:09 -0500] "GET /participa-en-el-proceso-de-formacion-%C3%82%C2%A8nuevos-liderazgos-ciudadanos-en-la-gestion-ambiental-del-distrito%C3%82%C2%A8.html HTTP/1.1" 200 868
191.156.54.195 - - [11/Sep/2022:20:47:09 -0500] "GET /images/Nuevosl%20liderazgos_Mesa%20de%20trabajo%201%20(1)%20(1).jpg HTTP/1.1" 200 32363
191.156.56.9 - - [11/Sep/2022:20:47:14 -0500] "GET /participa-en-el-proceso-de-formacion-%C3%82%C2%A8nuevos-liderazgos-ciudadanos-en-la-gestion-ambiental-del-distrito%C3%82%C2%A8.html HTTP/1.1" 200 868
172.22.2.4 - - [11/Sep/2022:20:46:24 -0500] "GET /BLA/boletinlegal/ HTTP/1.1" 200 57725
216.245.221.92 - - [11/Sep/2022:20:48:04 -0500] "HEAD / HTTP/1.1" 200 -
157.55.39.201 - - [11/Sep/2022:20:48:18 -0500] "GET /BLA/resoluciones/RESOLUCIONES%202003/RES%202003%20851-900/874.tif HTTP/1.1" 200 73632
95.161.131.235 - - [11/Sep/2022:20:49:08 -0500] "GET /../../mnt/mtd/Config/Account1 HTTP/1.1" 400 945
172.22.2.4 - - [11/Sep/2022:20:47:28 -0500] "HEAD /BLA/boletinlegal/ HTTP/1.1" 200 -
172.22.2.4 - - [11/Sep/2022:20:48:19 -0500] "GET /BLA/boletinlegal/ HTTP/1.1" 200 59828
185.225.73.224 - - [11/Sep/2022:20:50:04 -0500] "GET / HTTP/1.1" 200 319
185.225.73.224 - - [11/Sep/2022:20:50:20 -0500] "GET / HTTP/1.1" 200 319
185.225.73.224 - - [11/Sep/2022:20:50:39 -0500] "GET /wp-includes/wlwmanifest.xml HTTP/1.1" 404 1018
5.45.207.125 - - [11/Sep/2022:20:51:09 -0500] "-" 408 -
185.225.73.224 - - [11/Sep/2022:20:50:56 -0500] "GET /xmlrpc.php?rsd HTTP/1.1" 404 1018
185.225.73.224 - - [11/Sep/2022:20:51:12 -0500] "GET / HTTP/1.1" 200 319
201.245.192.253 - - [11/Sep/2022:20:51:38 -0500] "POST /kwsrmcab/Wsrmcab  HTTP/1.1" 200 42606
185.225.73.224 - - [11/Sep/2022:20:51:28 -0500] "GET /blog/wp-includes/wlwmanifest.xml HTTP/1.1" 404 1018
185.225.73.224 - - [11/Sep/2022:20:51:50 -0500] "GET /web/wp-includes/wlwmanifest.xml HTTP/1.1" 404 1018
185.225.73.224 - - [11/Sep/2022:20:52:07 -0500] "GET /wordpress/wp-includes/wlwmanifest.xml HTTP/1.1" 404 1018
185.225.73.224 - - [11/Sep/2022:20:52:23 -0500] "GET /website/wp-includes/wlwmanifest.xml HTTP/1.1" 404 1018
69.171.231.5 - - [11/Sep/2022:20:52:47 -0500] "GET /images/buenas-practicas-ambientales21-octubre.jpg HTTP/1.1" 200 77514
185.225.73.224 - - [11/Sep/2022:20:52:42 -0500] "GET /wp/wp-includes/wlwmanifest.xml HTTP/1.1" 404 1018
216.245.221.92 - - [11/Sep/2022:20:53:04 -0500] "HEAD / HTTP/1.1" 200 -
185.225.73.224 - - [11/Sep/2022:20:52:58 -0500] "GET /news/wp-includes/wlwmanifest.xml HTTP/1.1" 404 1018
185.225.73.224 - - [11/Sep/2022:20:53:14 -0500] "GET /wp1/wp-includes/wlwmanifest.xml HTTP/1.1" 404 1018
185.225.73.224 - - [11/Sep/2022:20:53:31 -0500] "GET /test/wp-includes/wlwmanifest.xml HTTP/1.1" 404 1018
185.225.73.224 - - [11/Sep/2022:20:53:47 -0500] "GET /wp2/wp-includes/wlwmanifest.xml HTTP/1.1" 404 1018
172.22.2.4 - - [11/Sep/2022:20:54:09 -0500] "GET /BLA/boletinlegal/Directivas/2022/DIRECTIVA%20No.%2000001%20DEL%2015%20DE%20JUNIO%20DEL%202022.pdf HTTP/1.1" 304 -
185.225.73.224 - - [11/Sep/2022:20:54:03 -0500] "GET /site/wp-includes/wlwmanifest.xml HTTP/1.1" 404 1018
80.94.92.239 - - [11/Sep/2022:20:54:19 -0500] "GET / HTTP/1.1" 200 319
185.225.73.224 - - [11/Sep/2022:20:54:19 -0500] "GET /cms/wp-includes/wlwmanifest.xml HTTP/1.1" 404 1018
185.225.73.224 - - [11/Sep/2022:20:54:36 -0500] "GET /sito/wp-includes/wlwmanifest.xml HTTP/1.1" 404 1018
172.22.2.4 - - [11/Sep/2022:20:53:18 -0500] "HEAD /BLA/boletinlegal/ HTTP/1.1" 200 -
172.22.2.4 - - [11/Sep/2022:20:54:09 -0500] "GET /BLA/boletinlegal/ HTTP/1.1" 200 58575
201.245.192.253 - - [11/Sep/2022:20:56:37 -0500] "POST /kwsrmcab/Wsrmcab  HTTP/1.1" 200 42606
157.55.39.201 - - [11/Sep/2022:20:58:02 -0500] "GET /Publicaciones/2022EE28113.pdf HTTP/1.1" 404 227
216.245.221.92 - - [11/Sep/2022:20:58:04 -0500] "HEAD / HTTP/1.1" 200 -
185.119.81.107 - - [11/Sep/2022:20:58:35 -0500] "GET /portaldeninos/wp-login.php HTTP/1.1" 200 2592
185.119.81.107 - - [11/Sep/2022:20:58:36 -0500] "POST /portaldeninos/wp-login.php HTTP/1.1" 200 3605
157.55.39.201 - - [11/Sep/2022:20:58:40 -0500] "GET /BLA/resoluciones/AUTOS%202022/1028.pdf HTTP/1.1" 200 390070
172.22.2.4 - - [11/Sep/2022:20:59:08 -0500] "HEAD /BLA/boletinlegal/ HTTP/1.1" 200 -
5.255.253.176 - - [11/Sep/2022:21:01:09 -0500] "-" 408 -
201.245.192.253 - - [11/Sep/2022:21:01:36 -0500] "POST /kwsrmcab/Wsrmcab  HTTP/1.1" 200 42606
172.22.2.4 - - [11/Sep/2022:20:59:59 -0500] "GET /BLA/boletinlegal/ HTTP/1.1" 200 58163
216.245.221.92 - - [11/Sep/2022:21:03:04 -0500] "HEAD / HTTP/1.1" 200 -
20.125.145.138 - - [11/Sep/2022:21:04:14 -0500] "GET /.env HTTP/1.1" 404 1018
20.125.145.138 - - [11/Sep/2022:21:04:14 -0500] "GET /conf/.env HTTP/1.1" 404 1018
20.125.145.138 - - [11/Sep/2022:21:04:14 -0500] "GET /wp-content/.env HTTP/1.1" 404 1018
20.125.145.138 - - [11/Sep/2022:21:04:15 -0500] "GET /wp-admin/.env HTTP/1.1" 404 1018
20.125.145.138 - - [11/Sep/2022:21:04:15 -0500] "GET /library/.env HTTP/1.1" 404 1018
20.125.145.138 - - [11/Sep/2022:21:04:15 -0500] "GET /new/.env HTTP/1.1" 404 1018
20.125.145.138 - - [11/Sep/2022:21:04:15 -0500] "GET /vendor/.env HTTP/1.1" 404 1018
20.125.145.138 - - [11/Sep/2022:21:04:15 -0500] "GET /old/.env HTTP/1.1" 404 1018
20.125.145.138 - - [11/Sep/2022:21:04:16 -0500] "GET /local/.env HTTP/1.1" 404 1018
20.125.145.138 - - [11/Sep/2022:21:04:16 -0500] "GET /api/.env HTTP/1.1" 404 1018
20.125.145.138 - - [11/Sep/2022:21:04:16 -0500] "GET /blog/.env HTTP/1.1" 404 1018
20.125.145.138 - - [11/Sep/2022:21:04:16 -0500] "GET /crm/.env HTTP/1.1" 404 1018
20.125.145.138 - - [11/Sep/2022:21:04:16 -0500] "GET /admin/.env HTTP/1.1" 404 1018
20.125.145.138 - - [11/Sep/2022:21:04:17 -0500] "GET /laravel/.env HTTP/1.1" 404 1018
20.125.145.138 - - [11/Sep/2022:21:04:17 -0500] "GET /app/.env HTTP/1.1" 404 1018
20.125.145.138 - - [11/Sep/2022:21:04:17 -0500] "GET /app/config/.env HTTP/1.1" 404 1018
20.125.145.138 - - [11/Sep/2022:21:04:17 -0500] "GET /apps/.env HTTP/1.1" 404 1018
20.125.145.138 - - [11/Sep/2022:21:04:17 -0500] "GET /audio/.env HTTP/1.1" 404 1018
20.125.145.138 - - [11/Sep/2022:21:04:17 -0500] "GET /cgi-bin/.env HTTP/1.1" 404 1018
20.125.145.138 - - [11/Sep/2022:21:04:18 -0500] "GET /backend/.env HTTP/1.1" 404 1018
20.125.145.138 - - [11/Sep/2022:21:04:18 -0500] "GET /src/.env HTTP/1.1" 404 1018
20.125.145.138 - - [11/Sep/2022:21:04:18 -0500] "GET /base/.env HTTP/1.1" 404 1018
20.125.145.138 - - [11/Sep/2022:21:04:18 -0500] "GET /core/.env HTTP/1.1" 404 1018
20.125.145.138 - - [11/Sep/2022:21:04:18 -0500] "GET /vendor/laravel/.env HTTP/1.1" 404 1018
20.125.145.138 - - [11/Sep/2022:21:04:19 -0500] "GET /storage/.env HTTP/1.1" 404 1018
20.125.145.138 - - [11/Sep/2022:21:04:19 -0500] "GET /protected/.env HTTP/1.1" 404 1018
20.125.145.138 - - [11/Sep/2022:21:04:19 -0500] "GET /newsite/.env HTTP/1.1" 404 1018
20.125.145.138 - - [11/Sep/2022:21:04:19 -0500] "GET /www/.env HTTP/1.1" 404 1018
20.125.145.138 - - [11/Sep/2022:21:04:19 -0500] "GET /sites/all/libraries/mailchimp/.env HTTP/1.1" 404 1018
20.125.145.138 - - [11/Sep/2022:21:04:19 -0500] "GET /database/.env HTTP/1.1" 404 1018
20.125.145.138 - - [11/Sep/2022:21:04:20 -0500] "GET /public/.env HTTP/1.1" 404 1018
20.125.145.138 - - [11/Sep/2022:21:04:20 -0500] "GET /static-190-27-245-106.static.etb.net.co/.env HTTP/1.1" 404 1018
20.125.145.138 - - [11/Sep/2022:21:04:20 -0500] "POST / HTTP/1.1" 200 319
20.125.145.138 - - [11/Sep/2022:21:04:20 -0500] "GET /vendor/phpunit/phpunit/src/Util/PHP/eval-stdin.php HTTP/1.1" 404 1018
157.55.39.200 - - [11/Sep/2022:21:06:26 -0500] "GET /Publicaciones/2022EE187152.pdf HTTP/1.1" 404 228
201.245.192.253 - - [11/Sep/2022:21:06:34 -0500] "POST /kwsrmcab/Wsrmcab  HTTP/1.1" 200 42606
172.22.2.4 - - [11/Sep/2022:21:04:58 -0500] "HEAD /BLA/boletinlegal/ HTTP/1.1" 200 -
172.22.2.4 - - [11/Sep/2022:21:05:49 -0500] "GET /BLA/boletinlegal/ HTTP/1.1" 200 58575
216.245.221.92 - - [11/Sep/2022:21:08:04 -0500] "HEAD / HTTP/1.1" 200 -
172.22.2.4 - - [11/Sep/2022:21:08:50 -0500] "GET /BLA/boletinlegal/jurisprudencia/analisis/SENTENCIA%20C-703%20DE%202010.xls HTTP/1.1" 200 38912
172.22.2.4 - - [11/Sep/2022:21:09:15 -0500] "GET /BLA/boletinlegal/jurisprudencia/analisis/SENTENCIA%20C-703%20DE%202010.xls HTTP/1.1" 200 38912
172.22.2.4 - - [11/Sep/2022:21:08:42 -0500] "GET /BLA/boletinlegal/ HTTP/1.1" 200 36811
172.22.2.4 - - [11/Sep/2022:21:10:55 -0500] "GET /BLA/boletinlegal/jurisprudencia/analisis/SENTENCIA%20C-703%20DE%202010.xls HTTP/1.1" 200 38912
172.22.2.4 - - [11/Sep/2022:21:11:07 -0500] "GET /BLA/boletinlegal/jurisprudencia/analisis/SENTENCIA%20C-703%20DE%202010.xls HTTP/1.1" 200 38912
5.45.207.154 - - [11/Sep/2022:21:11:31 -0500] "-" 408 -
201.245.192.253 - - [11/Sep/2022:21:11:33 -0500] "POST /kwsrmcab/Wsrmcab  HTTP/1.1" 200 42606
109.205.213.16 - - [11/Sep/2022:21:12:04 -0500] "GET / HTTP/1.1" 200 319
172.22.2.4 - - [11/Sep/2022:21:10:48 -0500] "HEAD /BLA/boletinlegal/ HTTP/1.1" 200 -
216.245.221.92 - - [11/Sep/2022:21:13:04 -0500] "HEAD / HTTP/1.1" 200 -
172.22.2.4 - - [11/Sep/2022:21:11:38 -0500] "GET /BLA/boletinlegal/ HTTP/1.1" 200 58575
87.250.224.14 - - [11/Sep/2022:21:14:11 -0500] "-" 408 -
5.45.207.102 - - [11/Sep/2022:21:14:18 -0500] "-" 408 -
87.250.224.70 - - [11/Sep/2022:21:14:26 -0500] "-" 408 -
172.22.2.4 - - [11/Sep/2022:21:14:33 -0500] "GET /BLA/boletinlegal/jurisprudencia/analisis/SENTENCIA%20C-703%20DE%202010.xls HTTP/1.1" 200 38912
5.45.207.93 - - [11/Sep/2022:21:14:34 -0500] "-" 408 -
191.67.198.17 - - [11/Sep/2022:21:14:40 -0500] "GET /BLA/resoluciones/ HTTP/1.1" 200 13093
191.67.198.17 - - [11/Sep/2022:21:14:46 -0500] "GET /BLA/resoluciones/index.php?dir=AUTOS+2021%2F HTTP/1.1" 200 393816
95.108.213.43 - - [11/Sep/2022:21:14:49 -0500] "-" 408 -
172.22.2.4 - - [11/Sep/2022:21:14:55 -0500] "GET /BLA/boletinlegal/jurisprudencia/analisis/SENTENCIA%20C-703%20DE%202010.xls HTTP/1.1" 200 38912
213.180.203.87 - - [11/Sep/2022:21:15:04 -0500] "-" 408 -
87.250.224.2 - - [11/Sep/2022:21:15:34 -0500] "-" 408 -
87.250.224.109 - - [11/Sep/2022:21:16:34 -0500] "-" 408 -
201.245.192.253 - - [11/Sep/2022:21:16:33 -0500] "POST /kwsrmcab/Wsrmcab  HTTP/1.1" 200 42606
173.252.107.12 - - [11/Sep/2022:21:17:01 -0500] "GET /images/Junio%2002-experiencias-jardines-verticales-sda.jpeg HTTP/1.1" 200 31171
5.45.207.142 - - [11/Sep/2022:21:17:34 -0500] "-" 408 -
172.22.2.4 - - [11/Sep/2022:21:17:45 -0500] "GET /BLA/boletinlegal/jurisprudencia/analisis/SENTENCIA%20C-703%20DE%202010.xls HTTP/1.1" 200 38912
199.16.157.181 - - [11/Sep/2022:21:17:57 -0500] "GET /en-este-pot-se-le-da-la-relevancia-que-merece-a-la-emergencia-climatica-y-la-proteccion-de-la-estructura-ecologica-principal-carolina-urrutia.html HTTP/1.1" 200 1047
216.245.221.92 - - [11/Sep/2022:21:18:04 -0500] "HEAD / HTTP/1.1" 200 -
172.22.2.4 - - [11/Sep/2022:21:18:05 -0500] "GET /BLA/boletinlegal/jurisprudencia/analisis/SENTENCIA%20C-703%20DE%202010.xls HTTP/1.1" 200 38912
172.22.2.4 - - [11/Sep/2022:21:16:38 -0500] "HEAD /BLA/boletinlegal/ HTTP/1.1" 200 -
172.22.2.4 - - [11/Sep/2022:21:18:52 -0500] "GET /BLA/boletinlegal/jurisprudencia/analisis/SENTENCIA%20C-703%20DE%202010.xls HTTP/1.1" 200 38912
172.22.2.4 - - [11/Sep/2022:21:17:28 -0500] "GET /BLA/boletinlegal/ HTTP/1.1" 200 53290
186.31.43.59 - - [11/Sep/2022:21:19:07 -0500] "GET /BLA/resoluciones/index.php?dir=RESOLUCIONES+2016%2F HTTP/1.1" 200 170796
201.245.192.253 - - [11/Sep/2022:21:19:10 -0500] "POST /kwsrmcab/Wsrmcab HTTP/1.1" 200 42227
201.245.192.253 - - [11/Sep/2022:21:19:14 -0500] "POST /kwsrmcab/Wsrmcab HTTP/1.1" 200 36530
172.22.2.4 - - [11/Sep/2022:21:21:25 -0500] "GET /BLA/boletinlegal/jurisprudencia/analisis/SENTENCIA%20C-703%20DE%202010.xls HTTP/1.1" 200 38912
201.245.192.253 - - [11/Sep/2022:21:21:32 -0500] "POST /kwsrmcab/Wsrmcab  HTTP/1.1" 200 42606
179.6.25.58 - - [11/Sep/2022:21:22:27 -0500] "GET /galeria/galeria/jquery.fancybox.css?v=2.1.5 HTTP/1.1" 200 4895
179.6.25.58 - - [11/Sep/2022:21:22:28 -0500] "GET /galeria/galeria/jquery.fancybox.js?v=2.1.5 HTTP/1.1" 200 48706
172.22.2.4 - - [11/Sep/2022:21:22:56 -0500] "GET /BLA/boletinlegal/.env HTTP/1.1" 404 1025
216.245.221.92 - - [11/Sep/2022:21:23:07 -0500] "HEAD / HTTP/1.1" 200 -
40.77.167.101 - - [11/Sep/2022:21:23:40 -0500] "-" 408 -
172.22.2.4 - - [11/Sep/2022:21:22:28 -0500] "HEAD /BLA/boletinlegal/ HTTP/1.1" 200 -
172.22.2.4 - - [11/Sep/2022:21:23:18 -0500] "GET /BLA/boletinlegal/ HTTP/1.1" 200 55630
190.93.140.233 - - [11/Sep/2022:21:26:24 -0500] "GET /kwssiamovil/sm/acme/a?s=U2FsdGVkX1/zz8SHnBX+9w8v77aB1JcqmQ0jNlrSdfFeDcLYMHUGkNqVZ7tlgIWnuT+YFR8nXSCVjNwAa6OUBwAZWLHM1H1zRlXKgUjn32PfZySXKcV/zOPDBLWmQYJPIsyv7FGSbxUOBix1f96+NhCBDsdg2xTbjfsQYHLVpN9wlWRb8IzscU9eOxSXS7Utt/tVusFZA0gxTyB51HUR9GOxCslGsW/ksXSNnsqTvarie5o7oppM3XyysqnsiZ2OumomWVMttzxuUaWFbDVqbw==&u=U2FsdGVkX1+77b+UVnmUKT0CNGe+XvoeEPGiQCgclZUg1d41lh58BNfA2oX4vDoN&y=U2FsdGVkX1/hay7Io5ZdGEg6dn4qsnJaE91ifVk8xULs4wsLI2LdtZAUdKdzCMtM HTTP/1.1" 200 25
190.93.140.233 - - [11/Sep/2022:21:26:25 -0500] "GET /kwssiamovil/sm/acme/a?s=U2FsdGVkX186UetQFH6t5u/5IXz9S5YNFrXCIioOiLEU4A91WlU32a4t8uCXxwOpz491wxyaoCa2+27pK3p9RV0efGVb9S6RLtqc+yTR1nxt0byjceBpjHxaUrSgbzZswF5uBnmL6KtCBGd66T05ALQ9Ur5Ych26C0HKRwTQJ/lLOdOQj7homK2Yus37GXkVveSQkkPpHBB717JUlKpTAxmd5dlRSnsDaeVJjrtotGswYzVsfg2NMB7qrnCWB+idLS/SqB6bQOVJyzISIiLIKdkZ4zlRiAPHmPxvxi2NXXF2dtuXM1Xz2aTcoERWvO3shgsTpy4dXCLG8GVk0IYoxPPYFxFdIENU5o2MC/8TyUys15rkon4mbWNYhI82vQWpy4eIiSI0vr0vCSVUq4mEN5BI93GRQy/G1E54kEY8/gUFUxCXBq2aqzDstvoJST8EY2stBvV1T3adYeFN4RhhkrdzgIVA+a8fCC8bbWFXzQuDl/04MrjUuHEEvVioBxJTvFcRvFKWz12UqLVLl7vqRj0lT0lS1QR08F8tH3SKPIy/cfJvdcRJUDBCfgRUW4iRmkzE2Tyup5o25IHjjANVg43/nADTI7hAd+nblxJqo596hf+CceLQcPTg/l97mahBu8FsYoOXYLk03UVNGKXZnTZ/gkI2lKJFaof08pSh6cainGM1raj0iAQYD+86t78dWa+IWJgUQDqxMNUHnHjGzYTXk3azm5bVNqQj76kZP3MapTBRbhvSkODstM8sBuntA7rIGfR3ezQdyJMdfLc4BznzeopOQL1pDD876994JlHTF/C/wsad8zXVz2CZHGB/c2eEr9VuNZvcAPJlqXtW6xKko9IOhP+WGiR8mTSWfNva++zrzCo1FRkolSi9/maNk9e5g6uCywM2ourDAM+vAcxfRn1yjb72I+pM7/+re1QKiW5Er0PcTgSFZYFM22L0J+JvRuP6c7UgikkcHG02P2vvAF74H0m8UJcCw3YNRMDBLpL+sFvSMSNLTVrHOMZVeqvfo0fyngUGsJiizLYgbc5QvI+JEWy2u1MJKXeqJhsRfs8u5ATFMlD5VEU5wLrw7ZQHJc43cPfLoWPxXiTgdSLTiZ2NoTL7zipLgW4HlivKWq1JthIGrfCEi8nLlYUuA0A8bCWcDqumq9vzV2XM2AkQE/b8mZuWmM+iLVci3qcGNLNHY1PtU2GqiL65QHG4OaC9dLBstpCTfYN6jFDFFJbIO/pv4b8iTslmKXbegNsQHxZKb3Q0RiwJegoDg+Qp2xs8aDKrakpBelnwNVsHCxRd2TvUiJ3led8ktE9pjdVgK5mHUblvQeQ0Za25jB/AvjmYw75X4gujNDCuFy04CMdXYQmkzxAw1/kqqqVwlPl/912jsTwHyGtsH5CLvPB0gklE+M+6y9WYCbTcxiq0GVw8YTJtfxb7iG8tjpmdMiGmtyNeqQrqx53J3vJJY/9MPx6LAsig7ol0mXZDinHVFBLm3LFk0oe5MYDs5+hCcv6syb4lUnz1ADig8YLbvWbI37NiUqDSZcUEYb4JTYMK5tmxww8eRKX2gLFA/cb/JvYYnXqyaueRfu5pFuKZ8GFia8jHC4Bfp8Y0uwMVm5CvqDUgtwnoL/uuys/SIgjX7G0q3PwEeYHaD5zDkd7Ae+3IhLB2iMf6naS5tUJ2ych5Qo20mk7dPkDDDl+z1/PmVRhQMfvNbilko+Jn3jSD3lRCkVHkRfvaZAMtczaHBVcUnTLaWLH+XWRSX4pGFAqjl77Q2FDSpyj+o0AutKr5j2bcR8xeeteWhkxQ49Zr9r/TnLATMNSjoN7GYN6d4P4ZbVail6mDmZguJ9Z1OC1PtASqDyDdDMHtwuiwqU1ezzgigVrGvl0haUiWEGXkyohfXDvbUsDOv6l2QxCaL7FvbPonDUjBkNI3pqhk0AAUY9qDUg==&u=U2FsdGVkX1+77b+UVnmUKT0CNGe+XvoeEPGiQCgclZUg1d41lh58BNfA2oX4vDoN&y=U2FsdGVkX1/hay7Io5ZdGEg6dn4qsnJaE91ifVk8xULs4wsLI2LdtZAUdKdzCMtM HTTP/1.1" 200 25
190.93.140.233 - - [11/Sep/2022:21:26:25 -0500] "GET /kwssiamovil/sm/acme/a?s=U2FsdGVkX1+UMBGKOUjhc4ScwcHb1pMrAtEJxDyUpLRhE4so0/1ERF5I/A++lUEQ3UCvl+uJIrBbDodVUaF4LB/QBCoRhOeec/0Ivl2qzy23bDiae0DB7H6f91khKaPWTxtK91LEEue//DtJjHo0dIbr+ufmBI1zsahQYZl1i94=&u=U2FsdGVkX1+77b+UVnmUKT0CNGe+XvoeEPGiQCgclZUg1d41lh58BNfA2oX4vDoN&y=U2FsdGVkX1/hay7Io5ZdGEg6dn4qsnJaE91ifVk8xULs4wsLI2LdtZAUdKdzCMtM HTTP/1.1" 200 25
190.93.140.233 - - [11/Sep/2022:21:26:25 -0500] "GET /kwssiamovil/sm/acme/a?s=U2FsdGVkX18dOnLswcLKoazyKFQe8uDDW6DL5sJ98nEex4lPagcFLAnxKG5MaS8bKHetEWGN6aizWOCuvQHnpwscouAIgR/TjcV1mgNqPX9Tr/jlSJRzok/j2ie0W0sVOhfjDL1mz9OjDQpmWhyAHGC52MjYvXf5wolrAvZtflM=&u=U2FsdGVkX1+77b+UVnmUKT0CNGe+XvoeEPGiQCgclZUg1d41lh58BNfA2oX4vDoN&y=U2FsdGVkX1/hay7Io5ZdGEg6dn4qsnJaE91ifVk8xULs4wsLI2LdtZAUdKdzCMtM HTTP/1.1" 200 25
190.93.140.233 - - [11/Sep/2022:21:26:25 -0500] "GET /kwssiamovil/sm/acme/a?s=U2FsdGVkX1/DMjgOGM37968mKJJz730f3n+6wn6nBgYg/LkfISkSL035SC3q/9CwZ1LKTMazAt4VM/z3TT4QL+YJSdJ0vyWlWWU+nshWUMv2qvBkrl0lh23ZzgZ3rnpASqdL74Xr0xzETbSi5PIh8kN+xxSIOa3IrvhdSjLhB+8=&u=U2FsdGVkX1+77b+UVnmUKT0CNGe+XvoeEPGiQCgclZUg1d41lh58BNfA2oX4vDoN&y=U2FsdGVkX1/hay7Io5ZdGEg6dn4qsnJaE91ifVk8xULs4wsLI2LdtZAUdKdzCMtM HTTP/1.1" 200 25
190.93.140.233 - - [11/Sep/2022:21:26:26 -0500] "GET /kwssiamovil/sm/acme/a?s=U2FsdGVkX1+zl7P9rHv5GaNe9+tv4P3UsW2pp9iUYSCGZQQrZSbSWkYikmyvDzXZe/YgIDB7n9q05qmLOybgai+nL+cts1rmXSZUZRbuU/GbT1kA/fR2FtcY4YviEDPrmKsVWe9qq/4SjTXM0dw+jXiZJens0Xz3XmiMbxnDLzYmx6U/4k4mg28cwc3ssJ+m&u=U2FsdGVkX1+77b+UVnmUKT0CNGe+XvoeEPGiQCgclZUg1d41lh58BNfA2oX4vDoN&y=U2FsdGVkX1/hay7Io5ZdGEg6dn4qsnJaE91ifVk8xULs4wsLI2LdtZAUdKdzCMtM HTTP/1.1" 200 25
201.245.192.253 - - [11/Sep/2022:21:26:31 -0500] "POST /kwsrmcab/Wsrmcab  HTTP/1.1" 200 42606
185.119.81.107 - - [11/Sep/2022:21:27:03 -0500] "GET /portaldeninos/wp-login.php HTTP/1.1" 200 2592
185.119.81.107 - - [11/Sep/2022:21:27:04 -0500] "POST /portaldeninos/wp-login.php HTTP/1.1" 200 3605
216.245.221.92 - - [11/Sep/2022:21:28:04 -0500] "HEAD / HTTP/1.1" 200 -
201.245.192.253 - - [11/Sep/2022:21:29:10 -0500] "POST /kwsrmcab/Wsrmcab HTTP/1.1" 200 42227
201.245.192.253 - - [11/Sep/2022:21:29:14 -0500] "POST /kwsrmcab/Wsrmcab HTTP/1.1" 200 36530
172.22.2.4 - - [11/Sep/2022:21:28:18 -0500] "HEAD /BLA/boletinlegal/ HTTP/1.1" 200 -
186.31.43.59 - - [11/Sep/2022:21:30:01 -0500] "GET /BLA/resoluciones/index.php?dir=RESOLUCIONES+2016%2F HTTP/1.1" 200 170796
172.22.2.4 - - [11/Sep/2022:21:29:08 -0500] "GET /BLA/boletinlegal/ HTTP/1.1" 200 58163
201.245.192.253 - - [11/Sep/2022:21:31:30 -0500] "POST /kwsrmcab/Wsrmcab  HTTP/1.1" 200 42606
179.33.127.116 - - [11/Sep/2022:21:32:24 -0500] "GET /secretaria-de-ambiente-alerta-sobre-falso-formulario-para-inscripciones-al-programa-%C3%82%C2%A8mujeres-que-reverdecen%C3%82%C2%A8.html HTTP/1.1" 200 866
172.22.2.4 - - [11/Sep/2022:21:32:17 -0500] "GET /BLA/boletinlegal/ HTTP/1.1" 200 20427
216.245.221.92 - - [11/Sep/2022:21:33:04 -0500] "HEAD / HTTP/1.1" 200 -
64.124.8.22 - - [11/Sep/2022:21:33:35 -0500] "-" 408 -
72.52.161.87 - - [11/Sep/2022:21:34:10 -0500] "GET /wp-includes/customize/class-wp-customize-nav-menu.php?null=1 HTTP/1.1" 404 1035
172.22.2.4 - - [11/Sep/2022:21:34:22 -0500] "GET /BLA/boletinlegal/Circulares/2019/Circular%2000020%20del%2020%20de%20diciembre%20de%202019.pdf HTTP/1.1" 304 -
72.52.161.87 - - [11/Sep/2022:21:34:32 -0500] "GET /wp-includes/customize/class-wp-customize-nav-menu.php?null=1 HTTP/1.1" 404 1032
172.22.2.4 - - [11/Sep/2022:21:34:08 -0500] "HEAD /BLA/boletinlegal/ HTTP/1.1" 200 -
172.22.2.4 - - [11/Sep/2022:21:34:23 -0500] "GET /BLA/boletinlegal/ HTTP/1.1" 200 50046
201.245.192.253 - - [11/Sep/2022:21:36:29 -0500] "POST /kwsrmcab/Wsrmcab  HTTP/1.1" 200 42606
172.22.2.4 - - [11/Sep/2022:21:34:58 -0500] "GET /BLA/boletinlegal/ HTTP/1.1" 200 51993
216.245.221.92 - - [11/Sep/2022:21:38:04 -0500] "HEAD / HTTP/1.1" 200 -
172.22.2.4 - - [11/Sep/2022:21:38:11 -0500] "GET /BLA/boletinlegal/Circulares/2019/.pdf HTTP/1.1" 404 1218
201.245.192.253 - - [11/Sep/2022:21:39:10 -0500] "POST /kwsrmcab/Wsrmcab HTTP/1.1" 200 42227
201.245.192.253 - - [11/Sep/2022:21:39:13 -0500] "POST /kwsrmcab/Wsrmcab HTTP/1.1" 200 36530
72.52.161.87 - - [11/Sep/2022:21:39:51 -0500] "GET /wp-includes/customize/class-wp-customize-nav-menu.php?null=1 HTTP/1.1" 404 1022
5.255.253.162 - - [11/Sep/2022:21:41:05 -0500] "-" 408 -
190.25.18.203 - - [11/Sep/2022:21:41:20 -0500] "GET /BLA/resoluciones/index.php?dir= HTTP/1.1" 200 13093
190.25.18.203 - - [11/Sep/2022:21:41:25 -0500] "GET /BLA/resoluciones/index.php?dir=RESOLUCIONES+2017%2F HTTP/1.1" 200 283766
201.245.192.253 - - [11/Sep/2022:21:41:27 -0500] "POST /kwsrmcab/Wsrmcab  HTTP/1.1" 200 42606
172.22.2.4 - - [11/Sep/2022:21:39:58 -0500] "HEAD /BLA/boletinlegal/ HTTP/1.1" 200 -
172.22.2.4 - - [11/Sep/2022:21:40:49 -0500] "GET /BLA/boletinlegal/ HTTP/1.1" 200 60281
216.245.221.92 - - [11/Sep/2022:21:43:04 -0500] "HEAD / HTTP/1.1" 200 -
95.108.213.56 - - [11/Sep/2022:21:44:22 -0500] "-" 408 -
69.171.251.6 - - [11/Sep/2022:21:44:25 -0500] "GET /secretaria-de-ambiente-invita-a-comunidad-de-bosa-a-entregar-residuos-especiales-y-peligrosos.html HTTP/1.1" 206 992
64.124.8.36 - - [11/Sep/2022:21:44:49 -0500] "GET /portaldeninos/2021/07/11/asi-monitoreamos-las-condiciones-y-caracteristicas-de-algunos-animales/feed/ HTTP/1.1" 200 1139
207.46.13.184 - - [11/Sep/2022:21:45:32 -0500] "GET /portaldeninos/contactanos/ HTTP/1.1" 200 88135
201.245.192.253 - - [11/Sep/2022:21:46:26 -0500] "POST /kwsrmcab/Wsrmcab  HTTP/1.1" 200 42606
172.22.2.4 - - [11/Sep/2022:21:45:48 -0500] "HEAD /BLA/boletinlegal/ HTTP/1.1" 200 -
66.249.74.88 - - [11/Sep/2022:21:47:35 -0500] "-" 408 -
216.245.221.92 - - [11/Sep/2022:21:48:04 -0500] "HEAD / HTTP/1.1" 200 -
172.22.2.4 - - [11/Sep/2022:21:46:38 -0500] "GET /BLA/boletinlegal/ HTTP/1.1" 200 60281
87.250.224.18 - - [11/Sep/2022:21:49:22 -0500] "-" 408 -
34.141.148.183 - - [11/Sep/2022:21:51:26 -0500] "GET / HTTP/1.1" 200 319
34.141.148.183 - - [11/Sep/2022:21:51:26 -0500] "GET / HTTP/1.1" 200 4720
201.245.192.253 - - [11/Sep/2022:21:51:25 -0500] "POST /kwsrmcab/Wsrmcab  HTTP/1.1" 200 42606
172.22.2.4 - - [11/Sep/2022:21:51:30 -0500] "GET /BLA/boletinlegal/Circulares/2020/Circular%2000010%20del%2027%20de%20julio%20de%202020.pdf HTTP/1.1" 304 -
216.245.221.92 - - [11/Sep/2022:21:53:04 -0500] "HEAD / HTTP/1.1" 200 -
172.22.2.4 - - [11/Sep/2022:21:51:38 -0500] "HEAD /BLA/boletinlegal/ HTTP/1.1" 200 -
172.22.2.4 - - [11/Sep/2022:21:52:28 -0500] "GET /BLA/boletinlegal/ HTTP/1.1" 200 58163
64.233.172.21 - - [11/Sep/2022:21:56:12 -0500] "GET /galeria/mapa/humedal2017.jpg HTTP/1.1" 200 644667
201.245.192.253 - - [11/Sep/2022:21:56:25 -0500] "POST /kwsrmcab/Wsrmcab  HTTP/1.1" 200 42606
191.156.247.42 - - [11/Sep/2022:21:56:58 -0500] "GET /galeria/galeria/jquery.fancybox.css?v=2.1.5 HTTP/1.1" 200 4895
191.156.247.42 - - [11/Sep/2022:21:56:58 -0500] "GET /BLA/boletinlegal/js/jquery.scrollShow.js HTTP/1.1" 200 4586
191.156.247.42 - - [11/Sep/2022:21:56:58 -0500] "GET /galeria/galeria/jquery.fancybox.js?v=2.1.5 HTTP/1.1" 200 48706
87.250.224.156 - - [11/Sep/2022:21:57:36 -0500] "-" 408 -
216.245.221.92 - - [11/Sep/2022:21:58:04 -0500] "HEAD / HTTP/1.1" 200 -
172.22.2.4 - - [11/Sep/2022:21:57:28 -0500] "HEAD /BLA/boletinlegal/ HTTP/1.1" 200 -
172.22.2.4 - - [11/Sep/2022:21:58:18 -0500] "GET /BLA/boletinlegal/ HTTP/1.1" 200 59828
185.119.81.107 - - [11/Sep/2022:22:00:04 -0500] "GET /portaldeninos/wp-login.php HTTP/1.1" 200 2592
185.119.81.107 - - [11/Sep/2022:22:00:05 -0500] "POST /portaldeninos/wp-login.php HTTP/1.1" 200 3670
172.22.2.4 - - [11/Sep/2022:22:00:24 -0500] "GET /BLA/boletinlegal/ HTTP/1.1" 200 20427
201.245.192.253 - - [11/Sep/2022:22:01:23 -0500] "POST /kwsrmcab/Wsrmcab  HTTP/1.1" 200 42606
216.245.221.92 - - [11/Sep/2022:22:03:04 -0500] "HEAD / HTTP/1.1" 200 -
172.22.2.4 - - [11/Sep/2022:22:03:18 -0500] "HEAD /BLA/boletinlegal/ HTTP/1.1" 200 -
172.22.2.4 - - [11/Sep/2022:22:04:08 -0500] "GET /BLA/boletinlegal/ HTTP/1.1" 200 59828
201.245.192.253 - - [11/Sep/2022:22:06:22 -0500] "POST /kwsrmcab/Wsrmcab  HTTP/1.1" 200 42606
216.245.221.92 - - [11/Sep/2022:22:08:04 -0500] "HEAD / HTTP/1.1" 200 -
172.22.2.4 - - [11/Sep/2022:22:08:15 -0500] "GET /BLA/boletinlegal/favicon.ico HTTP/1.1" 404 1018
5.255.253.136 - - [11/Sep/2022:22:08:23 -0500] "-" 408 -
172.22.2.4 - - [11/Sep/2022:22:08:05 -0500] "GET /BLA/boletinlegal/ HTTP/1.1" 200 20427
172.22.2.4 - - [11/Sep/2022:22:09:08 -0500] "HEAD /BLA/boletinlegal/ HTTP/1.1" 200 -
201.245.192.253 - - [11/Sep/2022:22:11:21 -0500] "POST /kwsrmcab/Wsrmcab  HTTP/1.1" 200 42606
200.29.113.38 - - [11/Sep/2022:22:11:31 -0500] "-" 408 -
172.22.2.4 - - [11/Sep/2022:22:09:58 -0500] "GET /BLA/boletinlegal/ HTTP/1.1" 200 60281
185.119.81.107 - - [11/Sep/2022:22:12:17 -0500] "GET /portaldeninos/wp-login.php HTTP/1.1" 200 2592
185.119.81.107 - - [11/Sep/2022:22:12:18 -0500] "POST /portaldeninos/wp-login.php HTTP/1.1" 200 3605
216.245.221.92 - - [11/Sep/2022:22:13:05 -0500] "HEAD / HTTP/1.1" 200 -
173.252.107.15 - - [11/Sep/2022:22:13:48 -0500] "GET /secretaria-de-ambiente-rechaza-actos-que-habrian-podido-afectar-la-fauna-y-flora-en-el-humedal-jaboque.html HTTP/1.1" 206 1121
207.46.13.90 - - [11/Sep/2022:22:14:13 -0500] "GET /BLA/boletinlegal/js/jquery.scrollShow.js HTTP/1.1" 200 4586
172.22.2.4 - - [11/Sep/2022:22:14:35 -0500] "GET /BLA/boletinlegal/actas/acta%20de%20acuerdo%2001%20adop%20regla%20inter%20CISPAER.pdf HTTP/1.1" 304 -
66.249.74.86 - - [11/Sep/2022:22:15:32 -0500] "-" 408 -
157.55.39.153 - - [11/Sep/2022:22:15:43 -0500] "GET /portaldeninos/parque-ecologico-distrital-humedal-santa-maria-del-lago/ HTTP/1.1" 200 90199
201.245.192.253 - - [11/Sep/2022:22:16:20 -0500] "POST /kwsrmcab/Wsrmcab  HTTP/1.1" 200 42606
157.55.39.201 - - [11/Sep/2022:22:16:38 -0500] "GET /BLA/resoluciones/AUTOS%202022/0388.pdf HTTP/1.1" 200 569928
172.22.2.4 - - [11/Sep/2022:22:14:58 -0500] "HEAD /BLA/boletinlegal/ HTTP/1.1" 200 -
172.22.2.4 - - [11/Sep/2022:22:15:48 -0500] "GET /BLA/boletinlegal/ HTTP/1.1" 200 57725
216.245.221.92 - - [11/Sep/2022:22:18:05 -0500] "HEAD / HTTP/1.1" 200 -
87.250.224.72 - - [11/Sep/2022:22:19:08 -0500] "-" 408 -
201.245.192.253 - - [11/Sep/2022:22:19:09 -0500] "POST /kwsrmcab/Wsrmcab HTTP/1.1" 200 42225
201.245.192.253 - - [11/Sep/2022:22:19:13 -0500] "POST /kwsrmcab/Wsrmcab HTTP/1.1" 200 37129
201.245.192.253 - - [11/Sep/2022:22:21:19 -0500] "POST /kwsrmcab/Wsrmcab  HTTP/1.1" 200 42606
66.249.74.84 - - [11/Sep/2022:22:21:31 -0500] "-" 408 -
172.22.2.4 - - [11/Sep/2022:22:20:48 -0500] "HEAD /BLA/boletinlegal/ HTTP/1.1" 200 -
216.245.221.92 - - [11/Sep/2022:22:23:04 -0500] "HEAD / HTTP/1.1" 200 -
172.22.2.4 - - [11/Sep/2022:22:21:38 -0500] "GET /BLA/boletinlegal/ HTTP/1.1" 200 57375
186.102.34.140 - - [11/Sep/2022:22:23:46 -0500] "GET /kwssiamovil/sm/acme/u?s=U2FsdGVkX1+b9J4sKDuIUAIqPdHVpvaQ4ds5ovZ8tOsvepRMMJ9dtz+RklnZJ8vhXJ7i9UYwC5Q0i/guCJb66pBUxqRaoklNjot7+QfFeXudKXclA2QnJce07uqqfNwe+twdGB9fh2ckhBky60iqUA==&u=U2FsdGVkX1/tJpy89lTBCoWRqwIanUnmIDGaIELTiGc=&y=U2FsdGVkX1/z4IWWCnkChcFhMLd0Q0t+kxXFOpNyp7A= HTTP/1.1" 200 60
186.102.34.140 - - [11/Sep/2022:22:23:50 -0500] "GET /kwssiamovil/sm/ldap/au?x=U2FsdGVkX1/KtuhX6KQIFvr7EIGFaxX7I1bYzhEZzgWFp2f3dxZhKxMKio+EOplW&y=U2FsdGVkX199HSUqai02G/5Upo/9YpzwLx4Qt8oyTJM= HTTP/1.1" 200 30
186.102.34.140 - - [11/Sep/2022:22:23:50 -0500] "GET /kwssiamovil/sm/acme/s?s=U2FsdGVkX1+NLx6/sRwJ6i9n26aUrTOwKRchRWihEXNftb1QUquJjk776eV7HfDcZ9VhLbtM/zqU8MaDwlHNNRJ63W1NE22IXvMm+0Vi+LI=&u=U2FsdGVkX19so5IPJPto+6eFnAQw6CeFrA9IUxz2WGU=&y=U2FsdGVkX199HSUqai02G/5Upo/9YpzwLx4Qt8oyTJM= HTTP/1.1" 200 97
186.102.34.140 - - [11/Sep/2022:22:23:51 -0500] "GET /kwssiamovil/sm/acme/s?s=U2FsdGVkX18nbFoQeHZUHxcFFjdS7JAfQJhuPcoUbEjD0i40/UAuKR3QYtuoOa7NXreEiJsPieCGhlEqScaoLGbQT1AKkgsDfKJXJz/f46QT1xrZ1cG+CTJLcyBqVzcxSKA5US8433var6feLCjZ0Ojhgugg+nd4MzJ6WcXi/91YdIQB/8PWZPskzH1OslLyETIf9rc1Smx8OM3yDiuPqp57jHGMDHlBrcIyNJXaQIJ4ur5kkXhj5XU0qedeTshbHoPHeSOgJkALCAHieTXz9HzWvTvf/5WjhSXczoF0sQwOQM9hnjEPzHSzhY1mtplX/OE3kgiWV3IPdtJjZ49h3VBQTqDFnqVotLNhmmMlJ4RUjP47vB5hqo3TZNW5s8FdNJBbKd46AQpLOtlBnHZQvhRh3RJdY2gC/PVtS+J/BEgpSfOW3huh6BKklJ/W0RjDU9mTVG/BC8IAn7aCeYa2u3wAh9wCjLT7L8Th28DLZjUQsCMdTCCQnP2T19s+puYMKn4OurVr5Rz++L994EpwgAjG8Xxp2M/HiH4qet1SpEGYerF1QTl0DwpOAuVxzn7rx9ikHCXZqCmFLxzKOYVOqxbAtbXNViudZXAM5hUL8c0pG+L8BF0EeXgcBrb1/SyIbjxmJxox+1gi+34kL6tiVxjFzte5RK5gfWc1zer5oHJnGDB52uhyQ2PDbVpokESdyqPjAtfFaXhT14EuldcujsGwG7E64i7sMVBu9CcFGnkPwDejiwIB4Sy9pAy2fqL3S5PyZxuleYOnlpA8NZCuvlHivXBPjxqH5xI3Ji6pkZlFqIQMSjDabhU1XlTO0MlgNhuCSc8to0JM3wfy8W/nseRcivKkfb6x6yhGhbFUt/pH56IxHF0K3mxvsTd4ibB6L/iY7FeGGUS4rlJtMY5xE4EnvotOYkhkEDMcrWS0WCnFtdpYawHzK1DthjTHbZLnl5S4DPSMjjEdo2G39laV1vx+xXCfE12f4d56Gc9BmmQsaW9TSEuS85P5PBCmf5hJwn66J+hpYCFC4mPmySe0l1zAmUjOp/ZqlI3bhSPV3BtJj7p7Db+SPSXGJtKf9RpW06LWWWIkqBFin18kN9U1dPulbeD98fd12iXUDDOz7ryE3RbN8LCCtDI+YgZHzz5AKLbGUXzo9X3AAQbkjP4yUELy6+NQoKqd5CDJV9aHPp9kCEjVa4lMQwacD/0JsyFPGrWq7sA95cri8z5rA6dkOUGC7uQzK7P7NLSuchhwvz1Zsk0WvT6yT1NtEW3UAUX6V6MB2XAsJ62NfD/QtazRKJRbyGvqFPzfWdnbOG59j0jpF+MjMHE5WPDS+Xa0hDVImNEey7pzQZcZxOH6TcDIkpyo2T6/0hNnJ0T/p+N2bjc=&u=U2FsdGVkX19so5IPJPto+6eFnAQw6CeFrA9IUxz2WGU=&y=U2FsdGVkX199HSUqai02G/5Upo/9YpzwLx4Qt8oyTJM= HTTP/1.1" 200 394
186.102.34.140 - - [11/Sep/2022:22:23:51 -0500] "GET /kwssiamovil/sm/acme/s?s=U2FsdGVkX1+2NEAQXaQL+QOc3jutMwPkpVhWU2its2o5u1HNn/IorED6M5qi1TWg3XJbsM/WWO/cF0jP0y1VioRDpZZj0TIAFiZkkFzhMftSCBeim06cqQzM5MmLkqAACsnKHCPhOaqgV1c2R3VI2PBkLQQAz59J4FoSeTKd85P3YUbDfJglLKkWRFfbmHZhPX++E+KT3xThI61BOmYlHqZVl8n5aGHECAxVM1cJIM9UjGdFyJyCuRcBBQWadwOSjIsMgim8b+GAmUhds2Kl4um54I/of/RsvcqlQWQaLjA=&u=U2FsdGVkX19so5IPJPto+6eFnAQw6CeFrA9IUxz2WGU=&y=U2FsdGVkX199HSUqai02G/5Upo/9YpzwLx4Qt8oyTJM= HTTP/1.1" 200 176
186.102.34.140 - - [11/Sep/2022:22:23:51 -0500] "GET /kwssiamovil/sm/cjson/pre?f=1&x=U2FsdGVkX1/KtuhX6KQIFvr7EIGFaxX7I1bYzhEZzgWFp2f3dxZhKxMKio+EOplW HTTP/1.1" 200 14478
185.119.81.107 - - [11/Sep/2022:22:24:10 -0500] "GET /portaldeninos/wp-login.php HTTP/1.1" 200 2592
185.119.81.107 - - [11/Sep/2022:22:24:11 -0500] "POST /portaldeninos/wp-login.php HTTP/1.1" 200 3670
186.155.16.4 - - [11/Sep/2022:22:24:58 -0500] "GET /en-el-dia-nacional-de-la-biodiversidad-secretaria-de-ambiente-inicio-la-plantacion-de-mas-de-2-mil-nuevos-arboles.html HTTP/1.1" 200 869
201.245.192.253 - - [11/Sep/2022:22:26:18 -0500] "POST /kwsrmcab/Wsrmcab  HTTP/1.1" 200 42606
157.55.39.201 - - [11/Sep/2022:22:27:49 -0500] "GET /BLA/resoluciones/AUTOS%202022/1173.pdf HTTP/1.1" 200 5660443
216.245.221.92 - - [11/Sep/2022:22:28:04 -0500] "HEAD / HTTP/1.1" 200 -
172.22.2.4 - - [11/Sep/2022:22:26:38 -0500] "HEAD /BLA/boletinlegal/ HTTP/1.1" 200 -
172.22.2.4 - - [11/Sep/2022:22:27:28 -0500] "GET /BLA/boletinlegal/ HTTP/1.1" 200 58163
5.255.253.156 - - [11/Sep/2022:22:29:09 -0500] "-" 408 -
201.245.192.253 - - [11/Sep/2022:22:29:10 -0500] "POST /kwsrmcab/Wsrmcab HTTP/1.1" 200 42225
201.245.192.253 - - [11/Sep/2022:22:29:13 -0500] "POST /kwsrmcab/Wsrmcab HTTP/1.1" 200 37129
172.22.2.4 - - [11/Sep/2022:22:30:01 -0500] "GET /BLA/boletinlegal/ HTTP/1.1" 200 32715
186.102.34.140 - - [11/Sep/2022:22:30:50 -0500] "GET /kwssiamovil/sm/acme/a?s=U2FsdGVkX1+xLMvdDyob9TCKw9cReb6viK00Lj/a5MLMMqe2IZd/eeVIQBvRmSfMCQdTUmzcGnkL3VPnk6sXmmgoiEv7gMBekSJYzBi8IOnDopVUYCds1XLRwphnH99wrl8PivhpYIEnaYHARc5xlxaochZ8X8wWOwfbBX24mye/XaGsYyYXrulPGGp2kiuHKE49L6dZrSaoIVQOTMsOorS1SMoL7iujXpx68bQeEIWHeMGR6FnbKHUEd1uRXN2s4BIb3M9rgkhUis4txFG2ng==&u=U2FsdGVkX19so5IPJPto+6eFnAQw6CeFrA9IUxz2WGU=&y=U2FsdGVkX199HSUqai02G/5Upo/9YpzwLx4Qt8oyTJM= HTTP/1.1" 200 25
186.102.34.140 - - [11/Sep/2022:22:30:50 -0500] "GET /kwssiamovil/sm/acme/a?s=U2FsdGVkX1/aoUD/lX4TJAYfgiPa1mXJC5iHMvdEUE2D2zh7xhrb48CNIDMfW0HFr1uf4BymB4n+9QRjSwFQMNeu0MOb589fkrVDqIdGyzupqgLDMscY+sSa/BX2XvcR6oxreTSr8RyNB/snaQ2ZYeToVUfYFOFfHFkIOE0IuBK/agVSD9dxulNYCDvu6iKp60wgE03eefdQsjWc2UIQtl2zRoG11+pJgYSe+QdlUpHm7sU/x6QOFv7gSdNxIE75GYUhbUCuhzOjZWqJ7ETWPk5hICbBS95D5V9VSoXpLhZHHiUkNCC9VQ7Pom20wyM3IQl+PerLiiJ8VEhLscrwgKsfDF0Qtr/CYwL7lB4ECjmTgM8R5q2DbVvWe0KL/4vZNhazxHHpM03UrvR87QYA4DU76FwVHm4gdK0zYvDyJ+gQf8crCEN0MKEX2O3Wtxz/fB6wK4IGY0vTkGQUAo7LvjuJjxttsyirIY2uulVXHrLxogM4bsTLkMaINmFr657uPu6B0VowvKJvynoh/jvnYDBicmgKM73/DQz6ZVv9ObStUGx7gdjn8QOSSTHikkN2oQapqFwQRMCuU3oHKCauPLWWylO6DGfhDtpySg9z0GELJTI79kjz44T1w5wEhjP6OvNM3xde+kr0mPOJ3iuMDuLKCzn/NyOdAZtlZQnj+SA5n6NHyA664QiktG2447ufFIsxVtx4vYmLPWSeOdtKikwhZzqVmafH5Sx0tkWF4V8Pp75pQ1OFv+dyiQhfqF9BCRwrs60kae0RcZ2+8zX+wkeReqAB9EmMKS41Ee6PgcCvaASElBHB9+oqEIC9rwblQD2HssVJ7p6CPWiSaRr9/6O55feCd6EozKPSg7ra0ZclDpmmz/JmXIjEiD4Qp+igHhM3d6GfuH/dNQNJ9AOkgNMu/dPMFH5o091axTPDNMf/0t9CRAmwMTiaus2BvB0yttsn6exqCGxoHAxPWfMgO81eqa2AwIpVjmlUoVincNSglk7Qdng38ewKTNvMSbo6Zji35FW84PSip1xun3uLz8Zab/tb9hi5wi5Qr7mM53t5V2yO4CSkwR2zzkxDF+prAlPYuw3i5lAmqPdDdhcGfeWa8zkxzPaBfLcioanNMAbHm/buxUjhmstOf7c2+iwnniXAMxF+6zFlRA1HKVnvm+ruxXGlfqanipR10QhjCOB/UULAHRAg7SCI782izWlsdoGyYrwSW8PfpKdv6z2HPRdodr05JdS7TAz3+v8ZG3teRxPkH6VFMLjQjCERJEyt8Z+nV25KJdem/6JAFemuHq6ZX6eqJLXEh5ZyNNSNz5m54W4dYrM3kuy2+VOeuMVhnOHuPp98U0cjQkhlOo643z0I/AwINTAtxxGNhV5wFHXXnnN1xnOY2HSrb8/2YJp0KYrcVLISQb/Fg/43ktpdLoYWPC7MFA/hse+kV+gVYFAr9VVoSBgsTc8hc5rSRKNJXhDokInwlRF4vcuVAJ6D5PvtWC0Q+uDyovRZLPhwhtVGtKWqNkdU1/fdzVxor4WdFJ7jae473sxhWgJEBNhe1yOjX4UOx4f84L3gJCmhzx3ZFlw2UtbtVsswrHyI2h188LL2c6KyfV0TYcTVuj9V0e+10XYkhv7o88r8kyv58cX76G1JtaX2Wf0VhcPwRQjbOtLERFBjvaGIlMHChp2Wi7ZkyG33tXwuThJfHjnE16NJIX4tpgAUCBIb3JxG2iEE&u=U2FsdGVkX19so5IPJPto+6eFnAQw6CeFrA9IUxz2WGU=&y=U2FsdGVkX199HSUqai02G/5Upo/9YpzwLx4Qt8oyTJM= HTTP/1.1" 200 25
186.102.34.140 - - [11/Sep/2022:22:30:51 -0500] "GET /kwssiamovil/sm/acme/a?s=U2FsdGVkX1+UJTrAKv/0Yr6AtZEPd/4WsTK5JBgmLqBVgTxzY6fiGy9nM5aBp/fqDyaKsR3RTEyVab05UqcrBhM/tBJiIjY2sstlCrWHZwjCQHljA98FaFIjjZZcm+s2nFGkhnFHi7hXyVJV54uL1N+u66kBq3euibrMZKYv8Q4=&u=U2FsdGVkX19so5IPJPto+6eFnAQw6CeFrA9IUxz2WGU=&y=U2FsdGVkX199HSUqai02G/5Upo/9YpzwLx4Qt8oyTJM= HTTP/1.1" 200 25
186.102.34.140 - - [11/Sep/2022:22:30:51 -0500] "GET /kwssiamovil/sm/acme/a?s=U2FsdGVkX1+TyV/4iU5hCHH6LXBMmQEM3/Y0zmGd1jJ1Ue0tlqvK0Ax7J2YG/BUC4XWDqPySBG+Pkg3dUDCdOYzGCQmhu8wSuOsBp0XEqKExRS5dnsoVjnkSop6Wv/mhVkj/fAnd+64bOwmMCuFuFnUCQvdLLGP/WsghW0SmfXc=&u=U2FsdGVkX19so5IPJPto+6eFnAQw6CeFrA9IUxz2WGU=&y=U2FsdGVkX199HSUqai02G/5Upo/9YpzwLx4Qt8oyTJM= HTTP/1.1" 200 25
186.102.34.140 - - [11/Sep/2022:22:30:51 -0500] "GET /kwssiamovil/sm/acme/a?s=U2FsdGVkX1+UjldAeTE5lx6z3zmHyOPzIKQ3mqbZs46TkBBToToLUVQNhm0+eEGk1VI68hA8wkQPH5XAuNiQeWGaoekqbES12A4IShgZd7HCsH8PqX9pyvRHNGja7ejX/ODdqlvTuz7QbJRcTgx4d5sphwb+Yv33FBZ9cHOwRGQ=&u=U2FsdGVkX19so5IPJPto+6eFnAQw6CeFrA9IUxz2WGU=&y=U2FsdGVkX199HSUqai02G/5Upo/9YpzwLx4Qt8oyTJM= HTTP/1.1" 200 25
186.102.34.140 - - [11/Sep/2022:22:30:51 -0500] "GET /kwssiamovil/sm/acme/a?s=U2FsdGVkX1+fu5axaW3Te8XdHCHuml377m2UHOTspwu/cRTumXayyqkKJW2wx5Jq27G13GsYWNWhGkQMua/uI01MonsRUZXZsZv/I6/06yWqs/HLIFk9D7cp4GFRWhYoOdEgjW+xkqgu2B+zXKW5G0MHAeVXRF2gGCc7rXbu6nvUYcN4IEwohX/ck/ERYrhc&u=U2FsdGVkX19so5IPJPto+6eFnAQw6CeFrA9IUxz2WGU=&y=U2FsdGVkX199HSUqai02G/5Upo/9YpzwLx4Qt8oyTJM= HTTP/1.1" 200 25
201.245.192.253 - - [11/Sep/2022:22:31:17 -0500] "POST /kwsrmcab/Wsrmcab  HTTP/1.1" 200 42606
186.155.16.4 - - [11/Sep/2022:22:31:22 -0500] "GET /premio-nobel-de-economia-conocio-programa-de-microsensores-de-calidad-del-aire-en-colegios-publicos-de-bogota.html HTTP/1.1" 200 858
172.22.2.4 - - [11/Sep/2022:22:31:55 -0500] "GET /BLA/boletinlegal/actos.php HTTP/1.1" 200 9559
172.22.2.4 - - [11/Sep/2022:22:31:55 -0500] "GET /BLA/boletinlegal/js/ajax_actos.js HTTP/1.1" 200 1322
172.22.2.4 - - [11/Sep/2022:22:31:55 -0500] "GET /BLA/boletinlegal/niceforms-default.css HTTP/1.1" 200 6694
172.22.2.4 - - [11/Sep/2022:22:31:55 -0500] "GET /BLA/boletinlegal/niceforms.js HTTP/1.1" 200 22876
172.22.2.4 - - [11/Sep/2022:22:31:55 -0500] "GET /BLA/boletinlegal/style.css HTTP/1.1" 200 9406
172.22.2.4 - - [11/Sep/2022:22:31:55 -0500] "GET /BLA/boletinlegal/js/lib.js HTTP/1.1" 200 6474
172.22.2.4 - - [11/Sep/2022:22:31:55 -0500] "GET /BLA/boletinlegal/js/popup.js HTTP/1.1" 200 1270
172.22.2.4 - - [11/Sep/2022:22:31:55 -0500] "GET /BLA/boletinlegal/styles2.css HTTP/1.1" 200 1838
172.22.2.4 - - [11/Sep/2022:22:31:55 -0500] "GET /BLA/boletinlegal/js/jquery1.js HTTP/1.1" 200 29846
172.22.2.4 - - [11/Sep/2022:22:31:55 -0500] "GET /BLA/boletinlegal/images/cabezote%20BLEGAL.jpg HTTP/1.1" 200 118164
172.22.2.4 - - [11/Sep/2022:22:31:55 -0500] "GET /BLA/boletinlegal/images/subscribe-icon-big.png HTTP/1.1" 200 47702
172.22.2.4 - - [11/Sep/2022:22:31:55 -0500] "GET /BLA/boletinlegal/images/historia.png HTTP/1.1" 200 52775
172.22.2.4 - - [11/Sep/2022:22:31:55 -0500] "GET /BLA/boletinlegal/images/registro-usuarios.png HTTP/1.1" 200 8106
172.22.2.4 - - [11/Sep/2022:22:31:55 -0500] "GET /BLA/boletinlegal/images/green-yellow-blue-pink-th.png HTTP/1.1" 200 7394
172.22.2.4 - - [11/Sep/2022:22:31:55 -0500] "GET /BLA/boletinlegal/images/abajo.png HTTP/1.1" 200 96676
172.22.2.4 - - [11/Sep/2022:22:31:55 -0500] "GET /BLA/boletinlegal/images/tel.png HTTP/1.1" 200 14477
172.22.2.4 - - [11/Sep/2022:22:31:55 -0500] "GET /BLA/boletinlegal/images/icono-email.png HTTP/1.1" 200 5544
172.22.2.4 - - [11/Sep/2022:22:31:55 -0500] "GET /BLA/boletinlegal/images/body_bg.jpg HTTP/1.1" 200 1601
172.22.2.4 - - [11/Sep/2022:22:31:55 -0500] "GET /BLA/boletinlegal/images/menu_lft.gif HTTP/1.1" 200 1713
172.22.2.4 - - [11/Sep/2022:22:31:55 -0500] "GET /BLA/boletinlegal/images/menu_rght.gif HTTP/1.1" 200 1627
172.22.2.4 - - [11/Sep/2022:22:31:55 -0500] "GET /BLA/boletinlegal/images/bg_top.jpg HTTP/1.1" 200 522
172.22.2.4 - - [11/Sep/2022:22:31:55 -0500] "GET /BLA/boletinlegal/images/menu_bg.jpg HTTP/1.1" 200 620
172.22.2.4 - - [11/Sep/2022:22:31:55 -0500] "GET /BLA/boletinlegal/images/hover.jpg HTTP/1.1" 200 640
172.22.2.4 - - [11/Sep/2022:22:31:55 -0500] "GET /BLA/boletinlegal/images/text.jpg HTTP/1.1" 200 568
172.22.2.4 - - [11/Sep/2022:22:31:55 -0500] "GET /BLA/boletinlegal/images/footer_bg.jpg HTTP/1.1" 200 586
172.22.2.4 - - [11/Sep/2022:22:31:55 -0500] "GET /BLA/boletinlegal/images/footer_bg_l.jpg HTTP/1.1" 200 776
172.22.2.4 - - [11/Sep/2022:22:31:55 -0500] "GET /BLA/boletinlegal/img/button.png HTTP/1.1" 200 43241
