186.80.52.211 - - [11/Sep/2022:17:21:54 -0500] "GET /sipse/faces/javax.faces.resource/layout/layout.css?ln=primefaces&v=4.0 HTTP/1.1" 304 -
186.80.52.211 - - [11/Sep/2022:17:21:54 -0500] "GET /sipse/faces/javax.faces.resource/primefaces.js?ln=primefaces&v=4.0 HTTP/1.1" 304 -
186.80.52.211 - - [11/Sep/2022:17:21:54 -0500] "GET /sipse/faces/javax.faces.resource/jquery/jquery-plugins.js?ln=primefaces&v=4.0 HTTP/1.1" 304 -
186.80.52.211 - - [11/Sep/2022:17:21:54 -0500] "GET /sipse/faces/javax.faces.resource/layout/layout.js?ln=primefaces&v=4.0 HTTP/1.1" 304 -
186.80.52.211 - - [11/Sep/2022:17:21:58 -0500] "GET /sipse/faces/javax.faces.resource/theme.css?ln=primefaces-sipse HTTP/1.1" 304 -
186.80.52.211 - - [11/Sep/2022:17:21:58 -0500] "GET /sipse/faces/javax.faces.resource/jquery/jquery-plugins.js?ln=primefaces&v=4.0 HTTP/1.1" 304 -
186.80.52.211 - - [11/Sep/2022:17:21:58 -0500] "GET /sipse/faces/javax.faces.resource/layout/layout.css?ln=primefaces&v=4.0 HTTP/1.1" 304 -
186.80.52.211 - - [11/Sep/2022:17:21:58 -0500] "GET /sipse/faces/javax.faces.resource/primefaces.css?ln=primefaces&v=4.0 HTTP/1.1" 304 -
186.80.52.211 - - [11/Sep/2022:17:21:58 -0500] "GET /sipse/faces/javax.faces.resource/jquery/jquery.js?ln=primefaces&v=4.0 HTTP/1.1" 304 -
186.80.52.211 - - [11/Sep/2022:17:21:58 -0500] "POST /sipse/faces/presentacion/financiero/solicitudProceso/consultarHistorialSolProceso.xhtml HTTP/1.1" 200 149142
186.80.52.211 - - [11/Sep/2022:17:21:58 -0500] "GET /sipse/faces/javax.faces.resource/primefaces.js?ln=primefaces&v=4.0 HTTP/1.1" 304 -
186.80.52.211 - - [11/Sep/2022:17:21:58 -0500] "GET /sipse/faces/javax.faces.resource/layout/layout.js?ln=primefaces&v=4.0 HTTP/1.1" 304 -
201.245.192.253 - - [11/Sep/2022:17:22:20 -0500] "POST /kwsrmcab/Wsrmcab  HTTP/1.1" 200 42606
216.245.221.92 - - [11/Sep/2022:17:23:05 -0500] "HEAD / HTTP/1.1" 200 -
5.255.253.136 - - [11/Sep/2022:17:23:12 -0500] "-" 408 -
172.22.2.4 - - [11/Sep/2022:17:23:16 -0500] "HEAD /BLA/boletinlegal/ HTTP/1.1" 200 -
23.100.232.233 - - [11/Sep/2022:17:25:27 -0500] "GET /galeria/galeria/jquery.fancybox.js?v=2.1.5 HTTP/1.1" 200 48706
23.100.232.233 - - [11/Sep/2022:17:25:27 -0500] "GET /BLA/boletinlegal/js/jquery.scrollShow.js HTTP/1.1" 200 4586
23.100.232.233 - - [11/Sep/2022:17:25:27 -0500] "GET /galeria/galeria/jquery.fancybox.css?v=2.1.5 HTTP/1.1" 200 4895
181.62.149.79 - - [11/Sep/2022:17:25:37 -0500] "GET /BLA/resoluciones/ HTTP/1.1" 200 13093
181.62.149.79 - - [11/Sep/2022:17:25:44 -0500] "GET /BLA/resoluciones/index.php?dir=RESOLUCIONES+2011%2F HTTP/1.1" 200 746823
172.22.2.4 - - [11/Sep/2022:17:24:06 -0500] "GET /BLA/boletinlegal/ HTTP/1.1" 200 58575
172.22.2.4 - - [11/Sep/2022:17:26:40 -0500] "GET /BLA/boletinlegal/actos.php HTTP/1.1" 200 9559
172.22.2.4 - - [11/Sep/2022:17:26:43 -0500] "GET /BLA/boletinlegal/styles2.css HTTP/1.1" 200 1838
172.22.2.4 - - [11/Sep/2022:17:26:44 -0500] "GET /BLA/boletinlegal/niceforms-default.css HTTP/1.1" 200 6694
172.22.2.4 - - [11/Sep/2022:17:26:45 -0500] "GET /BLA/boletinlegal/style.css HTTP/1.1" 200 9406
172.22.2.4 - - [11/Sep/2022:17:26:46 -0500] "GET /BLA/boletinlegal/js/ajax_actos.js HTTP/1.1" 200 1322
172.22.2.4 - - [11/Sep/2022:17:26:46 -0500] "GET /BLA/boletinlegal/niceforms.js HTTP/1.1" 200 22876
172.22.2.4 - - [11/Sep/2022:17:26:46 -0500] "GET /BLA/boletinlegal/js/lib.js HTTP/1.1" 200 6474
172.22.2.4 - - [11/Sep/2022:17:26:46 -0500] "GET /BLA/boletinlegal/js/popup.js HTTP/1.1" 200 1270
172.22.2.4 - - [11/Sep/2022:17:26:47 -0500] "GET /BLA/boletinlegal/js/jquery1.js HTTP/1.1" 200 29846
157.55.39.201 - - [11/Sep/2022:17:26:50 -0500] "GET /BLA/resoluciones/AUTOS%202022/0998.pdf HTTP/1.1" 200 443390
172.22.2.4 - - [11/Sep/2022:17:26:54 -0500] "GET /BLA/boletinlegal/images/abajo.png HTTP/1.1" 200 96676
172.22.2.4 - - [11/Sep/2022:17:26:57 -0500] "GET /BLA/boletinlegal/images/body_bg.jpg HTTP/1.1" 200 1601
172.22.2.4 - - [11/Sep/2022:17:26:57 -0500] "GET /BLA/boletinlegal/images/footer_bg.jpg HTTP/1.1" 200 586
172.22.2.4 - - [11/Sep/2022:17:26:57 -0500] "GET /BLA/boletinlegal/images/menu_lft.gif HTTP/1.1" 200 1713
172.22.2.4 - - [11/Sep/2022:17:27:11 -0500] "GET /BLA/boletinlegal/images/menu_bg.jpg HTTP/1.1" 200 620
201.245.192.253 - - [11/Sep/2022:17:27:20 -0500] "POST /kwsrmcab/Wsrmcab  HTTP/1.1" 200 42606
172.22.2.4 - - [11/Sep/2022:17:27:26 -0500] "GET /BLA/boletinlegal/images/tel.png HTTP/1.1" 200 14477
172.22.2.4 - - [11/Sep/2022:17:27:27 -0500] "GET /BLA/boletinlegal/images/icono-email.png HTTP/1.1" 200 5544
172.22.2.4 - - [11/Sep/2022:17:27:27 -0500] "GET /BLA/boletinlegal/images/green-yellow-blue-pink-th.png HTTP/1.1" 200 7394
172.22.2.4 - - [11/Sep/2022:17:27:28 -0500] "GET /BLA/boletinlegal/images/registro-usuarios.png HTTP/1.1" 200 8106
172.22.2.4 - - [11/Sep/2022:17:27:31 -0500] "GET /BLA/boletinlegal/images/historia.png HTTP/1.1" 200 52775
172.22.2.4 - - [11/Sep/2022:17:27:37 -0500] "GET /BLA/boletinlegal/images/bg_top.jpg HTTP/1.1" 200 522
172.22.2.4 - - [11/Sep/2022:17:27:39 -0500] "GET /BLA/boletinlegal/images/hover.jpg HTTP/1.1" 200 640
172.22.2.4 - - [11/Sep/2022:17:28:00 -0500] "GET /BLA/boletinlegal/images/footer_bg_l.jpg HTTP/1.1" 200 776
172.22.2.4 - - [11/Sep/2022:17:28:02 -0500] "GET /BLA/boletinlegal/images/cabezote%20BLEGAL.jpg HTTP/1.1" 200 118164
216.245.221.92 - - [11/Sep/2022:17:28:05 -0500] "HEAD / HTTP/1.1" 200 -
172.22.2.4 - - [11/Sep/2022:17:28:29 -0500] "GET /BLA/boletinlegal/images/menu_rght.gif HTTP/1.1" 200 1627
172.22.2.4 - - [11/Sep/2022:17:28:32 -0500] "GET /BLA/boletinlegal/consulta_actos.php?tipo=resoluciones&no=7654&usuario=&sector=PEV&fecha=2016&resuelve= HTTP/1.1" 200 626
172.22.2.4 - - [11/Sep/2022:17:28:35 -0500] "GET /BLA/boletinlegal/images/text.jpg HTTP/1.1" 200 568
172.22.2.4 - - [11/Sep/2022:17:28:40 -0500] "GET /BLA/boletinlegal/consulta_actos.php?tipo=resoluciones&no=7654&usuario=&sector=PEV&fecha=2016&resuelve= HTTP/1.1" 200 626
172.22.2.4 - - [11/Sep/2022:17:28:55 -0500] "GET /BLA/boletinlegal/consulta_actos.php?tipo=resoluciones&no=7654&usuario=&sector=PEV&fecha=2016&resuelve= HTTP/1.1" 200 626
172.22.2.4 - - [11/Sep/2022:17:28:56 -0500] "GET /BLA/boletinlegal/images/subscribe-icon-big.png HTTP/1.1" 200 47702
201.245.192.253 - - [11/Sep/2022:17:29:11 -0500] "POST /kwsrmcab/Wsrmcab HTTP/1.1" 200 42410
172.22.2.4 - - [11/Sep/2022:17:29:16 -0500] "GET /BLA/boletinlegal/consulta_actos.php?tipo=resoluciones&no=7654&usuario=&sector=PEV&fecha=2016&resuelve= HTTP/1.1" 200 626
201.245.192.253 - - [11/Sep/2022:17:29:15 -0500] "POST /kwsrmcab/Wsrmcab HTTP/1.1" 200 36549
172.22.2.4 - - [11/Sep/2022:17:29:20 -0500] "GET /BLA/boletinlegal/consulta_actos.php?tipo=resoluciones&no=7654&usuario=&sector=PEV&fecha=2016&resuelve= HTTP/1.1" 200 626
172.22.2.4 - - [11/Sep/2022:17:29:25 -0500] "GET /BLA/boletinlegal/consulta_actos.php?tipo=resoluciones&no=7654&usuario=&sector=PEV&fecha=2016&resuelve= HTTP/1.1" 200 626
172.22.2.4 - - [11/Sep/2022:17:29:44 -0500] "GET /BLA/boletinlegal/consulta_actos.php?tipo=resoluciones&no=7654&usuario=&sector=PEV&fecha=2016&resuelve= HTTP/1.1" 200 626
172.22.2.4 - - [11/Sep/2022:17:29:45 -0500] "GET /BLA/boletinlegal/consulta_actos.php?tipo=resoluciones&no=7654&usuario=&sector=PEV&fecha=2016&resuelve= HTTP/1.1" 200 626
172.22.2.4 - - [11/Sep/2022:17:30:02 -0500] "GET /BLA/boletinlegal/consulta_actos.php?tipo=resoluciones&no=7654&usuario=&sector=PEV&fecha=2016&resuelve= HTTP/1.1" 200 626
172.22.2.4 - - [11/Sep/2022:17:30:04 -0500] "GET /BLA/boletinlegal/consulta_actos.php?tipo=resoluciones&no=7654&usuario=&sector=PEV&fecha=2016&resuelve= HTTP/1.1" 200 626
172.22.2.4 - - [11/Sep/2022:17:30:04 -0500] "GET /BLA/boletinlegal/consulta_actos.php?tipo=resoluciones&no=7654&usuario=&sector=PEV&fecha=2016&resuelve= HTTP/1.1" 200 626
172.22.2.4 - - [11/Sep/2022:17:30:04 -0500] "GET /BLA/boletinlegal/consulta_actos.php?tipo=resoluciones&no=7654&usuario=&sector=PEV&fecha=2016&resuelve= HTTP/1.1" 200 626
172.22.2.4 - - [11/Sep/2022:17:30:07 -0500] "GET /BLA/boletinlegal/consulta_actos.php?tipo=resoluciones&no=7654&usuario=&sector=PEV&fecha=2016&resuelve= HTTP/1.1" 200 626
172.22.2.4 - - [11/Sep/2022:17:30:07 -0500] "GET /BLA/boletinlegal/consulta_actos.php?tipo=resoluciones&no=7654&usuario=&sector=PEV&fecha=2016&resuelve= HTTP/1.1" 200 626
172.22.2.4 - - [11/Sep/2022:17:30:08 -0500] "GET /BLA/boletinlegal/consulta_actos.php?tipo=resoluciones&no=7654&usuario=&sector=PEV&fecha=2016&resuelve= HTTP/1.1" 200 626
172.22.2.4 - - [11/Sep/2022:17:30:09 -0500] "GET /BLA/boletinlegal/consulta_actos.php?tipo=resoluciones&no=7654&usuario=&sector=PEV&fecha=2016&resuelve= HTTP/1.1" 200 626
172.22.2.4 - - [11/Sep/2022:17:30:10 -0500] "GET /BLA/boletinlegal/consulta_actos.php?tipo=resoluciones&no=7654&usuario=&sector=PEV&fecha=2016&resuelve= HTTP/1.1" 200 626
172.22.2.4 - - [11/Sep/2022:17:30:16 -0500] "GET /BLA/boletinlegal/consulta_actos.php?tipo=resoluciones&no=7654&usuario=&sector=PEV&fecha=2016&resuelve= HTTP/1.1" 200 626
172.22.2.4 - - [11/Sep/2022:17:30:17 -0500] "GET /BLA/boletinlegal/consulta_actos.php?tipo=resoluciones&no=7654&usuario=&sector=PEV&fecha=2016&resuelve= HTTP/1.1" 200 626
172.22.2.4 - - [11/Sep/2022:17:30:18 -0500] "GET /BLA/boletinlegal/consulta_actos.php?tipo=resoluciones&no=7654&usuario=&sector=PEV&fecha=2016&resuelve= HTTP/1.1" 200 626
172.22.2.4 - - [11/Sep/2022:17:30:20 -0500] "GET /BLA/boletinlegal/consulta_actos.php?tipo=resoluciones&no=7654&usuario=&sector=PEV&fecha=2016&resuelve= HTTP/1.1" 200 626
172.22.2.4 - - [11/Sep/2022:17:30:27 -0500] "GET /BLA/boletinlegal/consulta_actos.php?tipo=resoluciones&no=7654&usuario=&sector=PEV&fecha=2016&resuelve= HTTP/1.1" 200 626
172.22.2.4 - - [11/Sep/2022:17:30:39 -0500] "GET /BLA/boletinlegal/consulta_actos.php?tipo=resoluciones&no=7654&usuario=&sector=PEV&fecha=2016&resuelve= HTTP/1.1" 200 626
172.22.2.4 - - [11/Sep/2022:17:30:40 -0500] "GET /BLA/boletinlegal/consulta_actos.php?tipo=resoluciones&no=7654&usuario=&sector=PEV&fecha=2016&resuelve= HTTP/1.1" 200 626
172.22.2.4 - - [11/Sep/2022:17:29:06 -0500] "HEAD /BLA/boletinlegal/ HTTP/1.1" 200 -
172.22.2.4 - - [11/Sep/2022:17:30:46 -0500] "GET /BLA/boletinlegal/consulta_actos.php?tipo=resoluciones&no=7654&usuario=&sector=PEV&fecha=2016&resuelve= HTTP/1.1" 200 626
172.22.2.4 - - [11/Sep/2022:17:30:52 -0500] "GET /BLA/boletinlegal/consulta_actos.php?tipo=resoluciones&no=7654&usuario=&sector=PEV&fecha=2016&resuelve= HTTP/1.1" 200 626
172.22.2.4 - - [11/Sep/2022:17:31:08 -0500] "GET /BLA/boletinlegal/consulta_actos.php?tipo=resoluciones&no=7654&usuario=&sector=PEV&fecha=2016&resuelve= HTTP/1.1" 200 626
172.22.2.4 - - [11/Sep/2022:17:31:10 -0500] "GET /BLA/boletinlegal/consulta_actos.php?tipo=resoluciones&no=7654&usuario=&sector=PEV&fecha=2016&resuelve= HTTP/1.1" 200 626
23.100.232.233 - - [11/Sep/2022:17:31:18 -0500] "GET /BLA/boletinlegal/js/jquery.scrollShow.js HTTP/1.1" 200 4586
23.100.232.233 - - [11/Sep/2022:17:31:18 -0500] "GET /galeria/galeria/jquery.fancybox.js?v=2.1.5 HTTP/1.1" 200 48706
23.100.232.233 - - [11/Sep/2022:17:31:18 -0500] "GET /galeria/galeria/jquery.fancybox.css?v=2.1.5 HTTP/1.1" 200 4895
172.22.2.4 - - [11/Sep/2022:17:31:31 -0500] "GET /BLA/boletinlegal/consulta_actos.php?tipo=resoluciones&no=7654&usuario=&sector=PEV&fecha=2016&resuelve= HTTP/1.1" 200 626
172.22.2.4 - - [11/Sep/2022:17:31:31 -0500] "GET /BLA/boletinlegal/consulta_actos.php?tipo=resoluciones&no=7654&usuario=&sector=PEV&fecha=2016&resuelve= HTTP/1.1" 200 626
172.22.2.4 - - [11/Sep/2022:17:31:32 -0500] "GET /BLA/boletinlegal/consulta_actos.php?tipo=resoluciones&no=7654&usuario=&sector=PEV&fecha=2016&resuelve= HTTP/1.1" 200 626
172.22.2.4 - - [11/Sep/2022:17:31:32 -0500] "GET /BLA/boletinlegal/consulta_actos.php?tipo=resoluciones&no=7654&usuario=&sector=PEV&fecha=2016&resuelve= HTTP/1.1" 200 626
172.22.2.4 - - [11/Sep/2022:17:31:32 -0500] "GET /BLA/boletinlegal/consulta_actos.php?tipo=resoluciones&no=7654&usuario=&sector=PEV&fecha=2016&resuelve= HTTP/1.1" 200 626
172.22.2.4 - - [11/Sep/2022:17:29:56 -0500] "GET /BLA/boletinlegal/ HTTP/1.1" 200 58163
172.22.2.4 - - [11/Sep/2022:17:31:36 -0500] "GET /BLA/boletinlegal/consulta_actos.php?tipo=resoluciones&no=7654&usuario=&sector=PEV&fecha=2016&resuelve= HTTP/1.1" 200 626
172.22.2.4 - - [11/Sep/2022:17:31:42 -0500] "GET /BLA/boletinlegal/actos.php HTTP/1.1" 200 9559
172.22.2.4 - - [11/Sep/2022:17:31:45 -0500] "GET /BLA/boletinlegal/images/subscribe-icon-big.png HTTP/1.1" 200 47702
172.22.2.4 - - [11/Sep/2022:17:31:45 -0500] "GET /BLA/boletinlegal/images/historia.png HTTP/1.1" 206 1
172.22.2.4 - - [11/Sep/2022:17:31:46 -0500] "GET /BLA/boletinlegal/images/icono-email.png HTTP/1.1" 200 5544
172.22.2.4 - - [11/Sep/2022:17:31:49 -0500] "GET /BLA/boletinlegal/images/historia.png HTTP/1.1" 206 28199
172.22.2.4 - - [11/Sep/2022:17:31:50 -0500] "GET /BLA/boletinlegal/images/abajo.png HTTP/1.1" 206 1
172.22.2.4 - - [11/Sep/2022:17:31:57 -0500] "GET /BLA/boletinlegal/images/abajo.png HTTP/1.1" 206 39101
172.22.2.4 - - [11/Sep/2022:17:31:57 -0500] "GET /BLA/boletinlegal/images/tel.png HTTP/1.1" 206 1
172.22.2.4 - - [11/Sep/2022:17:32:01 -0500] "GET /BLA/boletinlegal/images/tel.png HTTP/1.1" 206 6285
172.22.2.4 - - [11/Sep/2022:17:32:02 -0500] "GET /BLA/boletinlegal/consulta_actos.php?tipo=resoluciones&no=7654&usuario=&sector=PEV&fecha=2016&resuelve= HTTP/1.1" 200 626
172.22.2.4 - - [11/Sep/2022:17:32:04 -0500] "GET /BLA/boletinlegal/consulta_actos.php?tipo=resoluciones&no=7654&usuario=&sector=PEV&fecha=2016&resuelve= HTTP/1.1" 200 626
152.89.196.211 - - [11/Sep/2022:17:32:14 -0500] "GET /?XDEBUG_SESSION_START=phpstorm HTTP/1.1" 200 319
172.22.2.4 - - [11/Sep/2022:17:32:19 -0500] "GET /BLA/boletinlegal/actos.php HTTP/1.1" 200 9559
201.245.192.253 - - [11/Sep/2022:17:32:19 -0500] "POST /kwsrmcab/Wsrmcab  HTTP/1.1" 200 42606
172.22.2.4 - - [11/Sep/2022:17:32:25 -0500] "GET /BLA/boletinlegal/img/0.png HTTP/1.1" 200 110
172.22.2.4 - - [11/Sep/2022:17:32:25 -0500] "GET /BLA/boletinlegal/img/select-left.png HTTP/1.1" 200 263
172.22.2.4 - - [11/Sep/2022:17:32:26 -0500] "GET /BLA/boletinlegal/favicon.ico HTTP/1.1" 404 1326
172.22.2.4 - - [11/Sep/2022:17:32:26 -0500] "GET /BLA/boletinlegal/img/select-right.png HTTP/1.1" 200 44019
172.22.2.4 - - [11/Sep/2022:17:32:26 -0500] "GET /BLA/boletinlegal/img/button-left.png HTTP/1.1" 200 57071
172.22.2.4 - - [11/Sep/2022:17:32:26 -0500] "GET /BLA/boletinlegal/img/button.png HTTP/1.1" 200 43241
172.22.2.4 - - [11/Sep/2022:17:33:02 -0500] "GET /BLA/boletinlegal/consulta_actos.php?tipo=resoluciones&no=7655&usuario=&sector=PEV&fecha=2016&resuelve= HTTP/1.1" 200 626
216.245.221.92 - - [11/Sep/2022:17:33:05 -0500] "HEAD / HTTP/1.1" 200 -
172.22.2.4 - - [11/Sep/2022:17:33:07 -0500] "GET /BLA/boletinlegal/consulta_actos.php?tipo=resoluciones&no=7655&usuario=&sector=PEV&fecha=2016&resuelve= HTTP/1.1" 200 626
172.22.2.4 - - [11/Sep/2022:17:33:10 -0500] "GET /BLA/boletinlegal/consulta_actos.php?tipo=resoluciones&no=7655&usuario=&sector=PEV&fecha=2016&resuelve= HTTP/1.1" 200 626
172.22.2.4 - - [11/Sep/2022:17:33:11 -0500] "GET /BLA/boletinlegal/consulta_actos.php?tipo=resoluciones&no=7655&usuario=&sector=PEV&fecha=2016&resuelve= HTTP/1.1" 200 626
172.22.2.4 - - [11/Sep/2022:17:33:15 -0500] "GET /BLA/boletinlegal/consulta_actos.php?tipo=resoluciones&no=7655&usuario=&sector=PEV&fecha=2016&resuelve= HTTP/1.1" 200 626
173.252.95.13 - - [11/Sep/2022:17:33:19 -0500] "GET /bogota-consolida-avances-ambientales-con-el-compromiso-ciudadano-planes-estrategicos-y-acuerdos-con-diversos-sectores.html HTTP/1.1" 206 1348
172.22.2.4 - - [11/Sep/2022:17:33:20 -0500] "GET /BLA/boletinlegal/consulta_actos.php?tipo=resoluciones&no=7655&usuario=&sector=PEV&fecha=2016&resuelve= HTTP/1.1" 200 626
172.22.2.4 - - [11/Sep/2022:17:33:41 -0500] "GET /BLA/boletinlegal/consulta_actos.php?tipo=resoluciones&no=7655&usuario=&sector=PEV&fecha=2016&resuelve= HTTP/1.1" 200 626
172.22.2.4 - - [11/Sep/2022:17:33:45 -0500] "GET /BLA/boletinlegal/consulta_actos.php?tipo=resoluciones&no=7655&usuario=&sector=PEV&fecha=2016&resuelve= HTTP/1.1" 200 626
172.22.2.4 - - [11/Sep/2022:17:33:50 -0500] "GET /BLA/boletinlegal/consulta_actos.php?tipo=resoluciones&no=7655&usuario=&sector=PEV&fecha=2016&resuelve= HTTP/1.1" 200 626
172.22.2.4 - - [11/Sep/2022:17:33:51 -0500] "GET /BLA/boletinlegal/consulta_actos.php?tipo=resoluciones&no=7655&usuario=&sector=PEV&fecha=2016&resuelve= HTTP/1.1" 200 626
172.22.2.4 - - [11/Sep/2022:17:33:52 -0500] "GET /BLA/boletinlegal/consulta_actos.php?tipo=resoluciones&no=7655&usuario=&sector=PEV&fecha=2016&resuelve= HTTP/1.1" 200 626
172.22.2.4 - - [11/Sep/2022:17:33:59 -0500] "GET /BLA/boletinlegal/consulta_actos.php?tipo=resoluciones&no=7654&usuario=&sector=PEV&fecha=2016&resuelve= HTTP/1.1" 200 626
172.22.2.4 - - [11/Sep/2022:17:34:10 -0500] "GET /BLA/boletinlegal/consulta_actos.php?tipo=resoluciones&no=7655&usuario=&sector=PEV&fecha=2016&resuelve= HTTP/1.1" 200 626
172.22.2.4 - - [11/Sep/2022:17:35:02 -0500] "GET /BLA/boletinlegal/consulta_actos.php?tipo=resoluciones&no=7824&usuario=&sector=PEV&fecha=2015&resuelve= HTTP/1.1" 200 626
172.22.2.4 - - [11/Sep/2022:17:35:03 -0500] "GET /BLA/boletinlegal/consulta_actos.php?tipo=resoluciones&no=7824&usuario=&sector=PEV&fecha=2015&resuelve= HTTP/1.1" 200 626
172.22.2.4 - - [11/Sep/2022:17:35:07 -0500] "GET /BLA/boletinlegal/consulta_actos.php?tipo=resoluciones&no=7824&usuario=&sector=PEV&fecha=2015&resuelve= HTTP/1.1" 200 626
172.22.2.4 - - [11/Sep/2022:17:35:09 -0500] "GET /BLA/boletinlegal/consulta_actos.php?tipo=resoluciones&no=7824&usuario=&sector=PEV&fecha=2016&resuelve= HTTP/1.1" 200 626
172.22.2.4 - - [11/Sep/2022:17:35:10 -0500] "GET /BLA/boletinlegal/consulta_actos.php?tipo=resoluciones&no=7824&usuario=&sector=PEV&fecha=2016&resuelve= HTTP/1.1" 200 626
172.22.2.4 - - [11/Sep/2022:17:35:11 -0500] "GET /BLA/boletinlegal/consulta_actos.php?tipo=resoluciones&no=7824&usuario=&sector=PEV&fecha=2016&resuelve= HTTP/1.1" 200 626
172.22.2.4 - - [11/Sep/2022:17:35:25 -0500] "GET /BLA/boletinlegal/consulta_actos.php?tipo=resoluciones&no=7824&usuario=&sector=PEV&fecha=2015&resuelve= HTTP/1.1" 200 626
172.22.2.4 - - [11/Sep/2022:17:35:32 -0500] "GET /BLA/boletinlegal/consulta_actos.php?tipo=resoluciones&no=7824&usuario=&sector=PEV&fecha=2018&resuelve= HTTP/1.1" 200 626
172.22.2.4 - - [11/Sep/2022:17:35:33 -0500] "GET /BLA/boletinlegal/consulta_actos.php?tipo=resoluciones&no=7824&usuario=&sector=PEV&fecha=2017&resuelve= HTTP/1.1" 200 626
172.22.2.4 - - [11/Sep/2022:17:35:35 -0500] "GET /BLA/boletinlegal/consulta_actos.php?tipo=resoluciones&no=7824&usuario=&sector=PEV&fecha=2014&resuelve= HTTP/1.1" 200 626
172.22.2.4 - - [11/Sep/2022:17:35:46 -0500] "GET /BLA/boletinlegal/consulta_actos.php?tipo=resoluciones&no=7828&usuario=&sector=PEV&fecha=2017&resuelve= HTTP/1.1" 200 626
172.22.2.4 - - [11/Sep/2022:17:36:11 -0500] "GET /BLA/boletinlegal/consulta_actos.php?tipo=resoluciones&no=2483&usuario=&sector=PEV&fecha=2010&resuelve= HTTP/1.1" 200 1019
172.22.2.4 - - [11/Sep/2022:17:36:12 -0500] "GET /BLA/boletinlegal/images/pdf.gif HTTP/1.1" 200 567
161.18.181.66 - - [11/Sep/2022:17:36:22 -0500] "GET /BLA/resoluciones/RESOLUCIONES%202010/2483.pdf HTTP/1.1" 200 782550
172.22.2.4 - - [11/Sep/2022:17:34:56 -0500] "HEAD /BLA/boletinlegal/ HTTP/1.1" 200 -
201.245.192.253 - - [11/Sep/2022:17:37:18 -0500] "POST /kwsrmcab/Wsrmcab  HTTP/1.1" 200 42606
172.22.2.4 - - [11/Sep/2022:17:35:46 -0500] "GET /BLA/boletinlegal/ HTTP/1.1" 200 60281
157.55.39.201 - - [11/Sep/2022:17:37:43 -0500] "GET /BLA/resoluciones/AUTOS%202022/1313.pdf HTTP/1.1" 304 -
216.245.221.92 - - [11/Sep/2022:17:38:05 -0500] "HEAD / HTTP/1.1" 200 -
172.22.2.4 - - [11/Sep/2022:17:39:01 -0500] "GET /BLA/boletinlegal/a2billing/customer/templates/default/footer.tpl HTTP/1.1" 404 1018
201.245.192.253 - - [11/Sep/2022:17:39:11 -0500] "POST /kwsrmcab/Wsrmcab HTTP/1.1" 200 42410
201.245.192.253 - - [11/Sep/2022:17:39:15 -0500] "POST /kwsrmcab/Wsrmcab HTTP/1.1" 200 36549
173.252.95.6 - - [11/Sep/2022:17:39:51 -0500] "GET /secretaria-de-ambiente-avanza-con-la-implementacion-de-viveros-y-sistemas-de-recoleccion-de-agua-lluvia-en-humedales.html HTTP/1.1" 206 1031
172.22.2.4 - - [11/Sep/2022:17:40:11 -0500] "GET /BLA/boletinlegal/actos.php HTTP/1.1" 200 9559
172.22.2.4 - - [11/Sep/2022:17:40:12 -0500] "GET /BLA/boletinlegal/img/button-right.png HTTP/1.1" 200 57878
172.22.2.4 - - [11/Sep/2022:17:40:13 -0500] "GET /BLA/boletinlegal/favicon.ico HTTP/1.1" 404 1326
172.22.2.4 - - [11/Sep/2022:17:42:15 -0500] "GET /BLA/boletinlegal/consulta_actos.php?tipo=autos&no=7654&usuario=&sector=PEV&fecha=2016&resuelve= HTTP/1.1" 200 626
201.245.192.253 - - [11/Sep/2022:17:42:17 -0500] "POST /kwsrmcab/Wsrmcab  HTTP/1.1" 200 42606
172.22.2.4 - - [11/Sep/2022:17:40:46 -0500] "HEAD /BLA/boletinlegal/ HTTP/1.1" 200 -
172.22.2.4 - - [11/Sep/2022:17:42:41 -0500] "GET /BLA/boletinlegal/consulta_actos.php?tipo=autos&no=2483&usuario=&sector=PEV&fecha=2010&resuelve= HTTP/1.1" 200 626
87.250.224.72 - - [11/Sep/2022:17:42:54 -0500] "-" 408 -
172.22.2.4 - - [11/Sep/2022:17:43:00 -0500] "GET /BLA/boletinlegal/consulta_actos.php?tipo=autos&no=2483&usuario=&sector=PEV&fecha=2010&resuelve= HTTP/1.1" 200 626
216.245.221.92 - - [11/Sep/2022:17:43:05 -0500] "HEAD / HTTP/1.1" 200 -
172.22.2.4 - - [11/Sep/2022:17:43:16 -0500] "GET /BLA/boletinlegal/consulta_actos.php?tipo=autos&no=2483&usuario=&sector=PEV&fecha=2010&resuelve= HTTP/1.1" 200 626
172.22.2.4 - - [11/Sep/2022:17:41:36 -0500] "GET /BLA/boletinlegal/ HTTP/1.1" 200 53290
172.22.2.4 - - [11/Sep/2022:17:44:04 -0500] "GET /BLA/boletinlegal/consulta_actos.php?tipo=resoluciones&no=2502&usuario=&sector=PEV&fecha=2010&resuelve= HTTP/1.1" 200 1019
172.22.2.4 - - [11/Sep/2022:17:44:04 -0500] "GET /BLA/boletinlegal/consulta_actos.php?tipo=resoluciones&no=2502&usuario=&sector=PEV&fecha=2010&resuelve= HTTP/1.1" 200 1019
172.22.2.4 - - [11/Sep/2022:17:44:04 -0500] "GET /BLA/boletinlegal/consulta_actos.php?tipo=resoluciones&no=2502&usuario=&sector=PEV&fecha=2010&resuelve= HTTP/1.1" 200 1019
172.22.2.4 - - [11/Sep/2022:17:44:05 -0500] "GET /BLA/boletinlegal/consulta_actos.php?tipo=resoluciones&no=2502&usuario=&sector=PEV&fecha=2010&resuelve= HTTP/1.1" 200 1019
172.22.2.4 - - [11/Sep/2022:17:44:06 -0500] "GET /BLA/boletinlegal/consulta_actos.php?tipo=resoluciones&no=2502&usuario=&sector=PEV&fecha=2010&resuelve= HTTP/1.1" 200 1019
172.22.2.4 - - [11/Sep/2022:17:44:15 -0500] "GET /BLA/boletinlegal/consulta_actos.php?tipo=resoluciones&no=2351&usuario=&sector=PEV&fecha=2011&resuelve= HTTP/1.1" 200 626
172.22.2.4 - - [11/Sep/2022:17:44:19 -0500] "GET /BLA/boletinlegal/consulta_actos.php?tipo=resoluciones&no=2351&usuario=&sector=PEV&fecha=2011&resuelve= HTTP/1.1" 200 626
172.22.2.4 - - [11/Sep/2022:17:44:31 -0500] "GET /BLA/boletinlegal/consulta_actos.php?tipo=resoluciones&no=2502&usuario=&sector=PEV&fecha=2011&resuelve= HTTP/1.1" 200 626
172.22.2.4 - - [11/Sep/2022:17:44:32 -0500] "GET /BLA/boletinlegal/consulta_actos.php?tipo=resoluciones&no=2502&usuario=&sector=PEV&fecha=2011&resuelve= HTTP/1.1" 200 626
172.22.2.4 - - [11/Sep/2022:17:44:58 -0500] "GET /BLA/boletinlegal/consulta_actos.php?tipo=resoluciones&no=2502&usuario=&sector=PEV&fecha=2010&resuelve= HTTP/1.1" 200 1019
172.22.2.4 - - [11/Sep/2022:17:45:03 -0500] "GET /BLA/boletinlegal/consulta_actos.php?tipo=resoluciones&no=2502&usuario=&sector=PEV&fecha=2010&resuelve= HTTP/1.1" 200 1019
172.22.2.4 - - [11/Sep/2022:17:45:04 -0500] "GET /BLA/boletinlegal/consulta_actos.php?tipo=resoluciones&no=2502&usuario=&sector=PEV&fecha=2010&resuelve= HTTP/1.1" 200 1019
161.18.181.66 - - [11/Sep/2022:17:45:22 -0500] "GET /BLA/resoluciones/RESOLUCIONES%202010/2502.pdf HTTP/1.1" 200 672620
172.22.2.4 - - [11/Sep/2022:17:46:19 -0500] "GET /BLA/boletinlegal/jurisprudencia/analisis/CUADRO%20ANALISIS%20SENTENCIA%20T-411%20DE%201992.doc HTTP/1.1" 200 41984
157.55.39.196 - - [11/Sep/2022:17:47:12 -0500] "GET /Publicaciones/2022EE29248.pdf HTTP/1.1" 404 227
201.245.192.253 - - [11/Sep/2022:17:47:16 -0500] "POST /kwsrmcab/Wsrmcab  HTTP/1.1" 200 42606
216.245.221.92 - - [11/Sep/2022:17:48:05 -0500] "HEAD / HTTP/1.1" 200 -
172.22.2.4 - - [11/Sep/2022:17:46:36 -0500] "HEAD /BLA/boletinlegal/ HTTP/1.1" 200 -
172.22.2.4 - - [11/Sep/2022:17:47:26 -0500] "GET /BLA/boletinlegal/ HTTP/1.1" 200 58163
172.22.2.4 - - [11/Sep/2022:17:50:15 -0500] "GET /BLA/boletinlegal/Circulares/2011/Circular%20No.%205%20del%2014%20de%20Julio%20de%202011.pdf HTTP/1.1" 304 -
172.22.2.4 - - [11/Sep/2022:17:51:18 -0500] "GET /BLA/boletinlegal/actos.php HTTP/1.1" 200 9559
172.22.2.4 - - [11/Sep/2022:17:51:18 -0500] "GET /BLA/boletinlegal/favicon.ico HTTP/1.1" 404 1326
186.80.52.211 - - [11/Sep/2022:17:51:20 -0500] "GET /BLA/resoluciones/ HTTP/1.1" 200 13093
186.80.52.211 - - [11/Sep/2022:17:51:21 -0500] "GET /BLA/resoluciones/index.php?dir=AUTOS+2021%2F HTTP/1.1" 200 393816
172.22.2.4 - - [11/Sep/2022:17:49:49 -0500] "GET /BLA/boletinlegal/ HTTP/1.1" 200 61445
201.245.192.253 - - [11/Sep/2022:17:52:14 -0500] "POST /kwsrmcab/Wsrmcab  HTTP/1.1" 200 42606
172.22.2.4 - - [11/Sep/2022:17:51:11 -0500] "GET /BLA/boletinlegal/ HTTP/1.1" 200 59319
5.255.253.156 - - [11/Sep/2022:17:52:53 -0500] "-" 408 -
216.245.221.92 - - [11/Sep/2022:17:53:05 -0500] "HEAD / HTTP/1.1" 200 -
172.22.2.4 - - [11/Sep/2022:17:53:38 -0500] "GET /BLA/boletinlegal/Circulares/2019/.pdf HTTP/1.1" 404 1218
172.22.2.4 - - [11/Sep/2022:17:53:47 -0500] "GET /BLA/boletinlegal/Circulares/2012/Circular%20No.%2010%20del%2026%20de%20Enero%20de%202012.pdf HTTP/1.1" 404 1218
172.22.2.4 - - [11/Sep/2022:17:52:26 -0500] "HEAD /BLA/boletinlegal/ HTTP/1.1" 200 -
172.22.2.4 - - [11/Sep/2022:17:53:16 -0500] "GET /BLA/boletinlegal/ HTTP/1.1" 200 58163
152.89.196.211 - - [11/Sep/2022:17:56:26 -0500] "GET /console/ HTTP/1.1" 404 1018
201.245.192.253 - - [11/Sep/2022:17:57:13 -0500] "POST /kwsrmcab/Wsrmcab  HTTP/1.1" 200 42606
216.245.221.92 - - [11/Sep/2022:17:58:05 -0500] "HEAD / HTTP/1.1" 200 -
186.102.39.66 - - [11/Sep/2022:17:58:54 -0500] "GET /kwssiamovil/sm/acme/a?s=U2FsdGVkX18hAaSeWvDn7AQV7jIbsCzK8wARbtT7kmpaDZ0xWrbqIf2DCjkfGR3xo14h/DCXJO9meCjvnw/3aAQ7hxfEisIybxFQkFMKLPFJsSQFTRiwSeoqRn3bGr7V+VErQ6J5xTYWjOjLOyISiUS82NsUH4MDg/ycildzvI+Ju7V+JbeI4chbIorqH7hGbqne4M+jQKeXYxlmB1BmRrlZkm70yx348Jgk029ttcbUpmiHFsapMKoj1fZB3KIhXRKB8AO88tvsjdawEqa3pA==&u=U2FsdGVkX1+kPf3bypfSthXJweS8T7sgzKqZKD9gHo7ctZhnTI8gNWofP0doJAYe&y=U2FsdGVkX1/ztcfynWo/zCJnFUarCJKNJSovOGSbVgpKKG7xjZPeZxiJl0+SmqyX HTTP/1.1" 200 25
186.102.39.66 - - [11/Sep/2022:17:58:55 -0500] "GET /kwssiamovil/sm/acme/a?s=U2FsdGVkX1/HkEdYwghmvEoEhuMNZ3R91aYi9mSrP5kGRIxit37QYrljlBI/aZXpHdOct7WQTVdkgrPrFgCpuqB36AA/9Lt9hORkONkitLJpKJKQZHAEMtD+/ezOSysHoErxEy0u1J1BusTXQPovTLa4ztSuzy1AMNyVCyMKfhgTxoDaHvbTwJea79m0xnsRnVX0iSpDBemgMhxLbH5yt/HhYkjmF7xSbFDpyqMPeXa3SZYntIe80Jx6wruCT94ChpO1B29Vta1zPoptsqzs54zdQ+Jgb/E5ga28iwz6wAmSkbo5zU7feO9TOtjzRsxngor/ihRTVdNVRFx7nEp3/VuikVRdo/7MebKDe08kwmczOxsIgcvQwwH5VePvtUwNM1qv75nLAyXw8iyFgccTuG24CSbOBbydZxwXDm+l07J5Ed+HKTmDm8NGr+mlB0KGlG11+pIkuw+AAJ5/PzZCJKvo0fEmMOjD5lmLu2vxzolJAcoCWxYgtkK/cMMrWeFeTANh3A6rpJAmQhMTCWRdZ0fVbQHpuOqP+davUmEhwjO1WoMU3qIKAtI9X24ExXm5moeeYV/Ij9OjMgUbLeWIVA2YcqONrpkcNF/fmG5LLRm+7KYJFwtPo+4VbDqwEa741sjCG//YxL3clmwaxnySyjbCHlBRQjgnstauFVRaw1TRb7ybymoTO8nALhTx3qg8Cf4DkzBMGnQEpQH5QOxNf7g0JJ3cDl5MyR/31nh8kjSZJOiUu4vLkUnPGEb3bF05kd3YTcXEU82NIEK2PU4k9RtQ2VqCxOYs0AQS9QxbjdUytmDOVdTAXQZxk1UE1+oEb3+oPN4zbm4b+/oCmGZYLmRHigGelW7MXD7YsTKXsjRLS49FRoPjSZZrEbwjiY1RDRRPDck6Eefn66bB5qgSRuAIWpS/wdXYbYsI6UV7Fv3g9JdqhgQ4XbM1JLvAtS60dvYPp51uvID2SbuD4JrN81g+l5VyX4DJd2UfKdsZRaS3g2ZjZHcxQJwuLyyUweONDIYlfiYte0E1bs9TVnZY2+EiKw4VGHqctwl8JH/NTCVJo389KZ/i6VtLNo8uL4NhDpx3oYvG0bIWwtc3UlohOpQf5goYWu1fhhNM8/V3LIRFEMoGij5i7fvoYyY9dZWPDxWLSUmfJj858Lv6rtzkfG+OEorrpLRXD74YVvJrW5pFCFPYw/kq+7j4fs/hVgqr2QBayoAFL5mHl/LGxAyHaS15na8C+ZpmLE44p9E7GfD7xrx5rx52yF2+zmMwnKcaagPLEoOyiATAdTIQzwPSQvSw9ZhuqPEfOrnfuoZRKevea8OWihi998uETz2tJ5nq/dqxDEwji2f7Ijb7OLV858oArcOttBo4umQU+8I8AuAS1jhBEsPs5ePhqS3X+myqRPdXICHJNucjyWDImGa7M+aLBjmoQACH/bdU7wSEHyk8mNZO/lH3P/MmKRMNrLY/IpSlTO37ssTccops8X/Wauj0YJw+YjX98uAu8uAuDmK7/zIFKWUjzGN4FMyCTU0r1SjXhLrALN/Ww1JMtoIet7rfQ8ApA89pEhqQXvb9U96arVWre+nGgAObRnJmpKNTwlilGtY4mcCtxwoaBtEbXtqGvZ1eSAQVCJeMWYzowMEpktaJoSW9lda7eDkagTuhI+IydlIlqz8Q1RAVh//F5K2+tGk2eYGzh8H6Sq+NKVIinOXzUKkw0lmLloou+DfFZ8vJ8SvH9toYFT4gUDGqSQVLvdcRlaVr89+91+RUlmE0T5cA4Rrx1Y2xnGr4yb81hYJmz+Je86WyE3uazpqBg7sZWpWudauTNJh5wLj2nLR8UEN8Cx/+r3Mor4Wln+fbdZAOf4PyUepq09p3pLY2Pze4bBKTIheIVxvUdLKuSr/27j3Pn6cRExuLp1WGw77k3wqavBlJZbEAT05/4NlLgviDgXYcQvDZNb1z9324GGz0MVGrTVxES1DXTIQQO/Fb7IgeZUrzWG6Cu1fO/byzCQztnS2rGpOZml3jLzlw9qKpWxxl+E8jMpEKksjn2MniiMtG2tdpZIYg4VAmvbaC4D6bdSZwjp4EamZgImcD9lmIathp5RjNz2EAZIOrc7aKjF+AXSHY7pLhGw4AAC05Iq3LNTvYJEKnMxtMYePTXNur35vRo1mZ9/1i22LAUnI636gliR3LC0EH/8H8YdCKCo++LXoCu7YtSHBrqwz/atIDnaRxbGRHB/LYGcUCA89DarydiWSVdpNCi/dp9k5HCLxDilRc9ystHeG5VzMBZexBglvfKjeBCwBI2dLy4zhXZCBs+hBqdqNK6QCfLY069zV/B4lSnEcYlnZJaNmawQxF0clqzBCHP4XAet3ktSqB0IJ0JqvoteSeWn4qT/tuuH2P9SUYbfIwoqdtc+hT/JmbVSDzXwOJV1tot4j5peBGothcTnho/jQRox4q0eXzhmHWsmcSSvDBtGz0eLhZcHue8/Fmxblb5PkyItWuMI9YVx+3B4QpIOaf+sTDOyAidGl0gwTwEXhrSsDafGyspBnP5v0x0G9xkmZLnYLd2NGrqQXcTOgUilDI1WdNqdgiRob9bpiLmmEVrgE3651j+74wQvuJ7hGqM3gCX6krxut/&u=U2FsdGVkX1+kPf3bypfSthXJweS8T7sgzKqZKD9gHo7ctZhnTI8gNWofP0doJAYe&y=U2FsdGVkX1/ztcfynWo/zCJnFUarCJKNJSovOGSbVgpKKG7xjZPeZxiJl0+SmqyX HTTP/1.1" 200 25
186.102.39.66 - - [11/Sep/2022:17:58:55 -0500] "GET /kwssiamovil/sm/acme/a?s=U2FsdGVkX1/C+o6a0weC6Z4f3XsfM7TvPyx8HwlzQRRPTHpnAgt6GdglAPTCiMGu4F6vfRquupgMLt6sI70PrvWeUl7UX/lUYv3q5calEKK/ueMR2a8ucWn6hoq6HMLddGjklLLLep3+GlQfcYtHVA1LaK8gNlIQhiaB34uLDyc=&u=U2FsdGVkX1+kPf3bypfSthXJweS8T7sgzKqZKD9gHo7ctZhnTI8gNWofP0doJAYe&y=U2FsdGVkX1/ztcfynWo/zCJnFUarCJKNJSovOGSbVgpKKG7xjZPeZxiJl0+SmqyX HTTP/1.1" 200 25
186.102.39.66 - - [11/Sep/2022:17:58:55 -0500] "GET /kwssiamovil/sm/acme/a?s=U2FsdGVkX1+/KkwUIn3GS5es1FDHlaMMQXjtygV4CbNjQ2ZrLXO2zPWkTGKWtWc+mL0EIb+dFlugKucQqRccCHT6LyMTLJq2Z7l3nqtWVouwAthdLzMXJaQGiqoY9JUs+PsWaLvNCtIemRDK8agGvhct9YmeOdcImUKQj0sMcbQ=&u=U2FsdGVkX1+kPf3bypfSthXJweS8T7sgzKqZKD9gHo7ctZhnTI8gNWofP0doJAYe&y=U2FsdGVkX1/ztcfynWo/zCJnFUarCJKNJSovOGSbVgpKKG7xjZPeZxiJl0+SmqyX HTTP/1.1" 200 25
186.102.39.66 - - [11/Sep/2022:17:58:55 -0500] "GET /kwssiamovil/sm/acme/a?s=U2FsdGVkX1/Xk+QK8y7bjgovQ7dwcBuSdAg7mP310Xwik6FBFOusrngX8EtlNdvcOlz8m8QunZmKRRDfmsMyhPcjAzdxnj3I+mag9Yi8k6HgvHZUOHn5nEuhfXJms11uvj+ZVS0QXwX9F0vjjMfTd+anAn3/qYttx9iY9I3VXPA=&u=U2FsdGVkX1+kPf3bypfSthXJweS8T7sgzKqZKD9gHo7ctZhnTI8gNWofP0doJAYe&y=U2FsdGVkX1/ztcfynWo/zCJnFUarCJKNJSovOGSbVgpKKG7xjZPeZxiJl0+SmqyX HTTP/1.1" 200 25
186.102.39.66 - - [11/Sep/2022:17:58:56 -0500] "GET /kwssiamovil/sm/acme/a?s=U2FsdGVkX1/l9rTGtW9XM+vE2Vm4TP5KHY8a366lnjwfYrMqNNibcup2sHX0TMS3ASSvdej/DAr4nrh0kdyhz4VEd2vasGyCYqJIhUiPPVk7JPWcFSEXkSovYHk8qaHKlfz0r32R4RECxXjDKZnBRH+1ObIpJ63CAbwJmKS9fLmJ7Yk3BNNwn44bwpnu73Rn&u=U2FsdGVkX1+kPf3bypfSthXJweS8T7sgzKqZKD9gHo7ctZhnTI8gNWofP0doJAYe&y=U2FsdGVkX1/ztcfynWo/zCJnFUarCJKNJSovOGSbVgpKKG7xjZPeZxiJl0+SmqyX HTTP/1.1" 200 25
172.22.2.4 - - [11/Sep/2022:17:59:19 -0500] "GET /BLA/boletinlegal/favicon.ico HTTP/1.1" 404 1018
172.22.2.4 - - [11/Sep/2022:17:58:16 -0500] "HEAD /BLA/boletinlegal/ HTTP/1.1" 200 -
172.22.2.4 - - [11/Sep/2022:17:59:09 -0500] "GET /BLA/boletinlegal/ HTTP/1.1" 200 24523
172.22.2.4 - - [11/Sep/2022:17:59:07 -0500] "GET /BLA/boletinlegal/ HTTP/1.1" 200 53290
201.245.192.253 - - [11/Sep/2022:18:02:12 -0500] "POST /kwsrmcab/Wsrmcab  HTTP/1.1" 200 42606
181.62.149.79 - - [11/Sep/2022:18:02:24 -0500] "GET /BLA/resoluciones/ HTTP/1.1" 200 13093
181.62.149.79 - - [11/Sep/2022:18:02:27 -0500] "GET /BLA/resoluciones/index.php?dir=RESOLUCIONES+2021%2F HTTP/1.1" 200 422800
181.62.149.79 - - [11/Sep/2022:18:02:34 -0500] "GET /BLA/resoluciones/RESOLUCIONES%202021/1865.pdf HTTP/1.1" 200 466582
5.45.207.125 - - [11/Sep/2022:18:02:53 -0500] "-" 408 -
216.245.221.92 - - [11/Sep/2022:18:03:05 -0500] "HEAD / HTTP/1.1" 200 -
161.18.181.66 - - [11/Sep/2022:18:03:44 -0500] "GET /BLA/resoluciones/RESOLUCIONES%202010/2502.pdf HTTP/1.1" 200 672620
172.22.2.4 - - [11/Sep/2022:18:04:06 -0500] "HEAD /BLA/boletinlegal/ HTTP/1.1" 200 -
172.22.2.4 - - [11/Sep/2022:18:04:56 -0500] "GET /BLA/boletinlegal/ HTTP/1.1" 200 57725
201.245.192.253 - - [11/Sep/2022:18:07:11 -0500] "POST /kwsrmcab/Wsrmcab  HTTP/1.1" 200 42606
216.245.221.92 - - [11/Sep/2022:18:08:05 -0500] "HEAD / HTTP/1.1" 200 -
173.252.83.19 - - [11/Sep/2022:18:09:37 -0500] "GET /images/Junio%2002-experiencias-jardines-verticales-sda.jpeg HTTP/1.1" 200 31171
207.46.13.86 - - [11/Sep/2022:18:08:16 -0500] "GET /BLA/boletinlegal/index.php HTTP/1.1" 200 63207
172.22.2.4 - - [11/Sep/2022:18:09:56 -0500] "HEAD /BLA/boletinlegal/ HTTP/1.1" 200 -
54.89.132.24 - - [11/Sep/2022:18:12:07 -0500] "GET /galeria/galeria/fotos/Entrenube4P.jpg HTTP/1.1" 200 10881
201.245.192.253 - - [11/Sep/2022:18:12:09 -0500] "POST /kwsrmcab/Wsrmcab  HTTP/1.1" 200 42606
172.22.2.4 - - [11/Sep/2022:18:10:46 -0500] "GET /BLA/boletinlegal/ HTTP/1.1" 200 60281
216.245.221.92 - - [11/Sep/2022:18:13:05 -0500] "HEAD / HTTP/1.1" 200 -
152.89.196.211 - - [11/Sep/2022:18:13:13 -0500] "POST /Autodiscover/Autodiscover.xml HTTP/1.1" 404 1018
181.62.149.79 - - [11/Sep/2022:18:13:53 -0500] "GET /BLA/resoluciones/ HTTP/1.1" 200 13093
181.62.149.79 - - [11/Sep/2022:18:13:57 -0500] "GET /BLA/resoluciones/index.php?dir=RESOLUCIONES+2008%2F HTTP/1.1" 200 976272
201.245.192.253 - - [11/Sep/2022:18:17:08 -0500] "POST /kwsrmcab/Wsrmcab  HTTP/1.1" 200 42606
172.22.2.4 - - [11/Sep/2022:18:15:46 -0500] "HEAD /BLA/boletinlegal/ HTTP/1.1" 200 -
213.252.140.118 - - [11/Sep/2022:18:17:29 -0500] "GET / HTTP/1.1" 200 319
185.220.101.169 - - [11/Sep/2022:18:17:38 -0500] "GET /favicon.ico HTTP/1.1" 200 7782
216.245.221.92 - - [11/Sep/2022:18:18:08 -0500] "HEAD / HTTP/1.1" 200 -
172.22.2.4 - - [11/Sep/2022:18:16:36 -0500] "GET /BLA/boletinlegal/ HTTP/1.1" 200 60281
201.245.192.253 - - [11/Sep/2022:18:19:11 -0500] "POST /kwsrmcab/Wsrmcab HTTP/1.1" 200 42407
201.245.192.253 - - [11/Sep/2022:18:19:14 -0500] "POST /kwsrmcab/Wsrmcab HTTP/1.1" 200 36535
80.94.92.239 - - [11/Sep/2022:18:20:16 -0500] "GET / HTTP/1.1" 200 319
5.255.253.176 - - [11/Sep/2022:18:20:46 -0500] "-" 408 -
66.220.149.20 - - [11/Sep/2022:18:21:28 -0500] "GET /images/pieza-voluntariado-ambiental.jpg HTTP/1.1" 200 41042
201.245.192.253 - - [11/Sep/2022:18:22:07 -0500] "POST /kwsrmcab/Wsrmcab  HTTP/1.1" 200 42606
216.245.221.92 - - [11/Sep/2022:18:23:05 -0500] "HEAD / HTTP/1.1" 200 -
172.22.2.4 - - [11/Sep/2022:18:21:36 -0500] "HEAD /BLA/boletinlegal/ HTTP/1.1" 200 -
172.22.2.4 - - [11/Sep/2022:18:22:26 -0500] "GET /BLA/boletinlegal/ HTTP/1.1" 200 56014
152.89.196.211 - - [11/Sep/2022:18:25:23 -0500] "GET /_ignition/execute-solution HTTP/1.1" 404 1018
190.2.214.66 - - [11/Sep/2022:18:25:24 -0500] "GET /BLA/resoluciones/ HTTP/1.1" 200 13093
190.2.214.66 - - [11/Sep/2022:18:25:29 -0500] "GET /BLA/resoluciones/index.php?dir=RESOLUCIONES+2010%2F HTTP/1.1" 200 1307967
190.2.214.66 - - [11/Sep/2022:18:26:00 -0500] "GET /BLA/resoluciones/RESOLUCIONES%202010/4566.pdf HTTP/1.1" 200 590507
201.245.192.253 - - [11/Sep/2022:18:27:06 -0500] "POST /kwsrmcab/Wsrmcab  HTTP/1.1" 200 42606
186.154.44.228 - - [11/Sep/2022:18:27:25 -0500] "GET /BLA/resoluciones/RESOLUCIONES%202019/1785.pdf HTTP/1.1" 200 300363
190.2.214.66 - - [11/Sep/2022:18:27:53 -0500] "GET /BLA/resoluciones/ HTTP/1.1" 200 13093
216.245.221.92 - - [11/Sep/2022:18:28:05 -0500] "HEAD / HTTP/1.1" 200 -
190.2.214.66 - - [11/Sep/2022:18:28:11 -0500] "GET /BLA/resoluciones/RESOLUCIONES%202009/0460.pdf HTTP/1.1" 200 454224
190.2.214.66 - - [11/Sep/2022:18:28:00 -0500] "GET /BLA/resoluciones/index.php?dir=RESOLUCIONES+2009%2F HTTP/1.1" 200 438219
80.94.92.231 - - [11/Sep/2022:18:28:52 -0500] "GET / HTTP/1.1" 200 319
172.22.2.4 - - [11/Sep/2022:18:27:26 -0500] "HEAD /BLA/boletinlegal/ HTTP/1.1" 200 -
201.245.192.253 - - [11/Sep/2022:18:29:11 -0500] "POST /kwsrmcab/Wsrmcab HTTP/1.1" 200 42407
201.245.192.253 - - [11/Sep/2022:18:29:14 -0500] "POST /kwsrmcab/Wsrmcab HTTP/1.1" 200 36535
172.22.2.4 - - [11/Sep/2022:18:28:16 -0500] "GET /BLA/boletinlegal/ HTTP/1.1" 200 58163
201.245.192.253 - - [11/Sep/2022:18:32:05 -0500] "POST /kwsrmcab/Wsrmcab  HTTP/1.1" 200 42606
216.245.221.92 - - [11/Sep/2022:18:33:05 -0500] "HEAD / HTTP/1.1" 200 -
172.22.2.4 - - [11/Sep/2022:18:33:16 -0500] "HEAD /BLA/boletinlegal/ HTTP/1.1" 200 -
172.22.2.4 - - [11/Sep/2022:18:34:06 -0500] "GET /BLA/boletinlegal/ HTTP/1.1" 200 46728
172.22.2.4 - - [11/Sep/2022:18:34:08 -0500] "GET /BLA/boletinlegal/ HTTP/1.1" 200 45693
201.245.192.253 - - [11/Sep/2022:18:37:04 -0500] "POST /kwsrmcab/Wsrmcab  HTTP/1.1" 200 42606
190.69.232.102 - - [11/Sep/2022:18:37:18 -0500] "GET /BLA/resoluciones/index.php?dir=RESOLUCIONES+2018%2F HTTP/1.1" 200 270756
190.69.232.102 - - [11/Sep/2022:18:37:22 -0500] "GET /BLA/resoluciones/index.php?dir=RESOLUCIONES+2018%2F HTTP/1.1" 200 270756
216.245.221.92 - - [11/Sep/2022:18:38:05 -0500] "HEAD / HTTP/1.1" 200 -
172.22.2.4 - - [11/Sep/2022:18:38:09 -0500] "GET /BLA/boletinlegal/Circulares/2019/.pdf HTTP/1.1" 404 1218
87.250.224.14 - - [11/Sep/2022:18:38:16 -0500] "-" 408 -
172.22.2.4 - - [11/Sep/2022:18:38:50 -0500] "GET /BLA/boletinlegal/actos.php HTTP/1.1" 200 9559
172.22.2.4 - - [11/Sep/2022:18:38:50 -0500] "GET /BLA/boletinlegal/styles2.css HTTP/1.1" 200 1838
172.22.2.4 - - [11/Sep/2022:18:38:50 -0500] "GET /BLA/boletinlegal/js/ajax_actos.js HTTP/1.1" 200 1322
172.22.2.4 - - [11/Sep/2022:18:38:50 -0500] "GET /BLA/boletinlegal/niceforms-default.css HTTP/1.1" 200 6694
172.22.2.4 - - [11/Sep/2022:18:38:50 -0500] "GET /BLA/boletinlegal/niceforms.js HTTP/1.1" 200 22876
172.22.2.4 - - [11/Sep/2022:18:38:50 -0500] "GET /BLA/boletinlegal/style.css HTTP/1.1" 200 9406
172.22.2.4 - - [11/Sep/2022:18:38:50 -0500] "GET /BLA/boletinlegal/js/lib.js HTTP/1.1" 200 6474
172.22.2.4 - - [11/Sep/2022:18:38:50 -0500] "GET /BLA/boletinlegal/js/popup.js HTTP/1.1" 200 1270
172.22.2.4 - - [11/Sep/2022:18:38:50 -0500] "GET /BLA/boletinlegal/images/cabezote%20BLEGAL.jpg HTTP/1.1" 200 118164
172.22.2.4 - - [11/Sep/2022:18:38:50 -0500] "GET /BLA/boletinlegal/images/subscribe-icon-big.png HTTP/1.1" 200 47702
172.22.2.4 - - [11/Sep/2022:18:38:50 -0500] "GET /BLA/boletinlegal/images/historia.png HTTP/1.1" 200 52775
172.22.2.4 - - [11/Sep/2022:18:38:50 -0500] "GET /BLA/boletinlegal/js/jquery1.js HTTP/1.1" 200 29846
172.22.2.4 - - [11/Sep/2022:18:38:50 -0500] "GET /BLA/boletinlegal/images/registro-usuarios.png HTTP/1.1" 200 8106
172.22.2.4 - - [11/Sep/2022:18:38:50 -0500] "GET /BLA/boletinlegal/images/green-yellow-blue-pink-th.png HTTP/1.1" 200 7394
172.22.2.4 - - [11/Sep/2022:18:38:50 -0500] "GET /BLA/boletinlegal/images/abajo.png HTTP/1.1" 200 96676
172.22.2.4 - - [11/Sep/2022:18:38:50 -0500] "GET /BLA/boletinlegal/images/tel.png HTTP/1.1" 200 14477
172.22.2.4 - - [11/Sep/2022:18:38:50 -0500] "GET /BLA/boletinlegal/images/icono-email.png HTTP/1.1" 200 5544
172.22.2.4 - - [11/Sep/2022:18:38:50 -0500] "GET /BLA/boletinlegal/images/body_bg.jpg HTTP/1.1" 200 1601
172.22.2.4 - - [11/Sep/2022:18:38:50 -0500] "GET /BLA/boletinlegal/images/menu_lft.gif HTTP/1.1" 200 1713
172.22.2.4 - - [11/Sep/2022:18:38:50 -0500] "GET /BLA/boletinlegal/images/menu_rght.gif HTTP/1.1" 200 1627
172.22.2.4 - - [11/Sep/2022:18:38:50 -0500] "GET /BLA/boletinlegal/images/bg_top.jpg HTTP/1.1" 200 522
172.22.2.4 - - [11/Sep/2022:18:38:50 -0500] "GET /BLA/boletinlegal/images/menu_bg.jpg HTTP/1.1" 200 620
172.22.2.4 - - [11/Sep/2022:18:38:50 -0500] "GET /BLA/boletinlegal/images/hover.jpg HTTP/1.1" 200 640
172.22.2.4 - - [11/Sep/2022:18:38:50 -0500] "GET /BLA/boletinlegal/images/text.jpg HTTP/1.1" 200 568
172.22.2.4 - - [11/Sep/2022:18:38:50 -0500] "GET /BLA/boletinlegal/images/footer_bg.jpg HTTP/1.1" 200 586
172.22.2.4 - - [11/Sep/2022:18:38:51 -0500] "GET /BLA/boletinlegal/images/footer_bg_l.jpg HTTP/1.1" 200 776
172.22.2.4 - - [11/Sep/2022:18:38:51 -0500] "GET /BLA/boletinlegal/img/0.png HTTP/1.1" 200 110
172.22.2.4 - - [11/Sep/2022:18:38:51 -0500] "GET /BLA/boletinlegal/img/select-left.png HTTP/1.1" 200 263
172.22.2.4 - - [11/Sep/2022:18:38:51 -0500] "GET /BLA/boletinlegal/img/select-right.png HTTP/1.1" 200 44019
172.22.2.4 - - [11/Sep/2022:18:38:51 -0500] "GET /BLA/boletinlegal/img/button-left.png HTTP/1.1" 200 57071
172.22.2.4 - - [11/Sep/2022:18:38:51 -0500] "GET /BLA/boletinlegal/img/button.png HTTP/1.1" 200 43241
172.22.2.4 - - [11/Sep/2022:18:38:51 -0500] "GET /BLA/boletinlegal/favicon.ico HTTP/1.1" 404 1326
172.22.2.4 - - [11/Sep/2022:18:38:51 -0500] "GET /BLA/boletinlegal/img/button-right.png HTTP/1.1" 200 57878
172.22.2.4 - - [11/Sep/2022:18:39:01 -0500] "GET /BLA/boletinlegal/consulta_actos.php?tipo=resoluciones&no=0267&usuario=&sector=&fecha=2019&resuelve= HTTP/1.1" 200 626
172.22.2.4 - - [11/Sep/2022:18:39:02 -0500] "GET /BLA/boletinlegal/consulta_actos.php?tipo=resoluciones&no=0267&usuario=&sector=&fecha=2019&resuelve= HTTP/1.1" 200 626
172.22.2.4 - - [11/Sep/2022:18:39:04 -0500] "GET /BLA/boletinlegal/consulta_actos.php?tipo=resoluciones&no=0267&usuario=&sector=&fecha=2019&resuelve= HTTP/1.1" 200 626
172.22.2.4 - - [11/Sep/2022:18:39:05 -0500] "GET /BLA/boletinlegal/consulta_actos.php?tipo=resoluciones&no=0267&usuario=&sector=&fecha=2019&resuelve= HTTP/1.1" 200 626
172.22.2.4 - - [11/Sep/2022:18:39:05 -0500] "GET /BLA/boletinlegal/consulta_actos.php?tipo=resoluciones&no=0267&usuario=&sector=&fecha=2019&resuelve= HTTP/1.1" 200 626
172.22.2.4 - - [11/Sep/2022:18:39:06 -0500] "GET /BLA/boletinlegal/consulta_actos.php?tipo=resoluciones&no=0267&usuario=&sector=&fecha=2019&resuelve= HTTP/1.1" 200 626
172.22.2.4 - - [11/Sep/2022:18:39:06 -0500] "GET /BLA/boletinlegal/consulta_actos.php?tipo=resoluciones&no=0267&usuario=&sector=&fecha=2019&resuelve= HTTP/1.1" 200 626
172.22.2.4 - - [11/Sep/2022:18:39:07 -0500] "GET /BLA/boletinlegal/actos.php HTTP/1.1" 200 9559
201.245.192.253 - - [11/Sep/2022:18:39:10 -0500] "POST /kwsrmcab/Wsrmcab HTTP/1.1" 200 42407
172.22.2.4 - - [11/Sep/2022:18:39:16 -0500] "GET /BLA/boletinlegal/consulta_actos.php?tipo=resoluciones&no=0267&usuario=&sector=&fecha=2022&resuelve= HTTP/1.1" 200 626
201.245.192.253 - - [11/Sep/2022:18:39:14 -0500] "POST /kwsrmcab/Wsrmcab HTTP/1.1" 200 36535
172.22.2.4 - - [11/Sep/2022:18:39:22 -0500] "GET /BLA/boletinlegal/consulta_actos.php?tipo=resoluciones&no=0267&usuario=&sector=&fecha=2019&resuelve= HTTP/1.1" 200 626
172.22.2.4 - - [11/Sep/2022:18:39:24 -0500] "GET /BLA/boletinlegal/consulta_actos.php?tipo=resoluciones&no=0267&usuario=&sector=&fecha=2019&resuelve= HTTP/1.1" 200 626
172.22.2.4 - - [11/Sep/2022:18:39:24 -0500] "GET /BLA/boletinlegal/consulta_actos.php?tipo=resoluciones&no=0267&usuario=&sector=&fecha=2019&resuelve= HTTP/1.1" 200 626
172.22.2.4 - - [11/Sep/2022:18:39:29 -0500] "GET /BLA/boletinlegal/consulta_actos.php?tipo=resoluciones&no=0267&usuario=&sector=SILVICULTURA&fecha=2019&resuelve= HTTP/1.1" 200 626
186.102.39.66 - - [11/Sep/2022:18:39:30 -0500] "GET /kwssiamovil/sm/acme/a?s=U2FsdGVkX1+QLyqdrqloLzARQNQc0KDsaoa0sei9lcUYGwF/eUGwBFwMbMLCftqO7a5E0WHfpDSsoIgtB4DxYGiE9cuvZ/xEMFmHqeFk08lZVRSZv3f8msW5AXkIUnleYVf5mrwyS9gF6z1m4MFLKgCzg8KK28SmPubqn08WDeG7i2fKqEYcZS39jc4hnujTv+6XVguuwCkXIplYtugcBKWCTu/xHDVK6h02G92bdcuQIIfmEdycHvyTEvNX/W/HqKtK0t/VUHYFGkhdCsNA9Q==&u=U2FsdGVkX1+kPf3bypfSthXJweS8T7sgzKqZKD9gHo7ctZhnTI8gNWofP0doJAYe&y=U2FsdGVkX1/ztcfynWo/zCJnFUarCJKNJSovOGSbVgpKKG7xjZPeZxiJl0+SmqyX HTTP/1.1" 200 25
172.22.2.4 - - [11/Sep/2022:18:39:30 -0500] "GET /BLA/boletinlegal/consulta_actos.php?tipo=resoluciones&no=0267&usuario=&sector=SILVICULTURA&fecha=2019&resuelve= HTTP/1.1" 200 626
186.102.39.66 - - [11/Sep/2022:18:39:31 -0500] "GET /kwssiamovil/sm/acme/a?s=U2FsdGVkX19bLv5fUvr4Lu4APEjbM6ycBrLirXUCEF/cQETh/FUBgqajJE83aZKHaWmzzlxRwd0GpGIHHRk9x0mJAu8Im3FNTk4wGSObNbSZVefUpKP8j8OCTrFg/0ERLI9asTy5/I3Xj123CuEHmzJvJnC6kzbNcqDLcxCHHQb4bda1tjgUiRMoctVTJzQZC2ekYDh8AFaydXLr01uPo9mTt7YhOalvuoHEEpclvitpD8ZZCR5DoW0/M69tBnFlnI4xJswenROMtn+vbsK11i739VNVHbj+Iuu+/u/XjlQKI7c4sKADyABlgEveVo12M5y/Qj9JfmyxlsSwhI+O5pzWUwwNYN2BbtUEyQlia3RhiCAtbbmDd3zcSJ+9ZmOQ1fy7r7MUP0aAclZZRjDLX6iNM0NTXe1LpuHXpfXdSVlHa1HSasW2y/MGhDrEWxyt1VVLMDNSyvMIdsI+kgVXUiehwZvNWNoT4L0naWV3GlB9fHitykwpgaflqyCBTKp006A1dn837ZjwldOabkbqEaIFjILJAeVIbiWk3n2tMwJlhXJd8sxf+KueyIx9af0wLhoGf+B/nIUUWziUQWGo7TN7NiYmvccdAAyyg51XlvCUgrk1KmRoIFpHUBC8wMHxGUOx59mfQrNwqwN0R7DajGmzJRNRR5fSYB6xrocW+klrXGTA6yOF5nOT4QCoa/NSL1VeOqhX5DVC+VfbJHv0DE5DVe2cKuMAfXSQIFDwQQOyrqfh5EnKQtwInBY/selkJs8EciKRHiPnRyECsvwMVl3pk8/tZ2KxzcT3hhGp4SLGyD0XJxPgTpKP6owiSZu3cmUE8dUZioE0z1bnu8DjxeTI5tOY1/xRa0YS+gtRRXHklnxlrnRviAkd2rgWuyUoRi1nwFU8AfIxOMvZYiebcWEah6+1YJIae4Msrw7Jlr8pomajArXP/CirWxZX2yzwa/lBRcFgGEQo7VVUkTHiBjvoWyov4JVL8n0S4n5+bxotNI57C2XUnvNQ8Upqra+izDkXsTzUb3s/lSBE3hb4r4si9xs63kkRm/JWXlDLV6jlvE3Ag1gMzVxsQROqELBzwbUYhGqezVs/0WzxripzGEcxN80Juj9lIH4MnCU5hHYoGrp4u8EDV361bSrhSV9wtyChwlye5+PYqrAS9nOnIPrJitt7ZmuZ9UBdy4BpfOLZw1Q5I416RzcTKyxg4DxYcALtvKWsivCdFIRlFDmvu4xrml7th77JuzXQMIVfBl3FNXcnXGzvJlxnKZNqtXtEkGHv/4kC+PISEvBfzUWvWUJN8U26lTBmoVyOciXvDkaZ5+sXszZ7TG+C/DMzuPiy6V4jMe9JGbu5tXxsBEy+QQuhmYbWXOLv9d/vfP6NW5RPGMFm00aqq7bEeaUEM7q08Qld0BPZanj8Dm0Gn+JIztSrr0iotN4t9ke/5T549Yycttca0UmsDHx8ecSrlS6mCyJWudPRukgHmvUVKylMtdCueU6dKfHYMQq+7roZrlsVXDIhC5ssvQdT5GJsiRSGY5pO7BplzobMJx3Ub0ddGU2UG9yXvTYeHDHMFQpyrlnqC+LC9eD242t76Wo95Bbj0iP2o2gtZdKTpnUfeISHfwXOAX+owUKBhNBqhxsTzVsQsLmNSnwfLrGjREIvm9QKB42WelYgg7OGqnEyYdsrCmgUfhkG43nvdHpDnDioVK9E8mb2Qzn23/H1Y6yJ0bxBl0BPBVrnwUXQTPf8vG5PvuUdSlnskEPrGLKmT+FJX4pkkM6p6SyeSSjpf2sLt22qz1MEoDMD53iIFtXZG4UXQAR/E97GIMq6ZEouNMdDczCVswgTe+F7D6K1MivAYumP&u=U2FsdGVkX1+kPf3bypfSthXJweS8T7sgzKqZKD9gHo7ctZhnTI8gNWofP0doJAYe&y=U2FsdGVkX1/ztcfynWo/zCJnFUarCJKNJSovOGSbVgpKKG7xjZPeZxiJl0+SmqyX HTTP/1.1" 200 25
186.102.39.66 - - [11/Sep/2022:18:39:31 -0500] "GET /kwssiamovil/sm/acme/a?s=U2FsdGVkX1+0zhKHil7zJhuJooyTODsSqY3Whlexljt0GDyT5em3Q+YcrkIZCmidCR5wbl5NR71AK/REdNQYPiChTWjKSuFmOoge8xomCmRFXQ4vrzt1NQP//7CW+NsEptluOEFuEfXQjCDkCIiTuvZLnB+JbNGHZAhyOYmgo1g=&u=U2FsdGVkX1+kPf3bypfSthXJweS8T7sgzKqZKD9gHo7ctZhnTI8gNWofP0doJAYe&y=U2FsdGVkX1/ztcfynWo/zCJnFUarCJKNJSovOGSbVgpKKG7xjZPeZxiJl0+SmqyX HTTP/1.1" 200 25
186.102.39.66 - - [11/Sep/2022:18:39:31 -0500] "GET /kwssiamovil/sm/acme/a?s=U2FsdGVkX1/Kth/8JO3ICpAsSdb+j1Nm+GPRv8/ic2odRRFzuCFNI7WbFm57uI+NtZgN7/bvsmLHjUFMUzjyGZtNzMRHBJL8NcTYIkfndmiMKX/QFv48yEORMdMwVwFpWq4tH98d3ssmn4y01Rsejv5+FElyU64yjSuJUZM7AKQ=&u=U2FsdGVkX1+kPf3bypfSthXJweS8T7sgzKqZKD9gHo7ctZhnTI8gNWofP0doJAYe&y=U2FsdGVkX1/ztcfynWo/zCJnFUarCJKNJSovOGSbVgpKKG7xjZPeZxiJl0+SmqyX HTTP/1.1" 200 25
186.102.39.66 - - [11/Sep/2022:18:39:32 -0500] "GET /kwssiamovil/sm/acme/a?s=U2FsdGVkX18Co06qkCatUn6ZCUZSzwR3KNmTr+I7EiiWfGV0S8Pgjeq8PHWCuWDGJYA6TQ116VOTry5+b1fmZMG/TbTDeD5oe+p0iuTPidYD5wjJen9OWq+vfxiOZWtHvxFsf1iXiU6zsrNGba8AYeUNlmW2SUo3ChhOT9hyGqE=&u=U2FsdGVkX1+kPf3bypfSthXJweS8T7sgzKqZKD9gHo7ctZhnTI8gNWofP0doJAYe&y=U2FsdGVkX1/ztcfynWo/zCJnFUarCJKNJSovOGSbVgpKKG7xjZPeZxiJl0+SmqyX HTTP/1.1" 200 25
186.102.39.66 - - [11/Sep/2022:18:39:32 -0500] "GET /kwssiamovil/sm/acme/a?s=U2FsdGVkX18CBOCTIxJLh/fH7TGMgPcmBX10aajmNeHRSpG19jGlSP39vm8vCbf2W3vwe6XcVx3/VfIqpryECj+tDSr55ql6DuamCEx3VWLttVO3f5Seh7qDP29XVMQu1U1ZpKAv/+FbQk99NESJz5ca6osLTU3lLh0uUsWithzdtBhYWR5HK8a4LkNkJlhW&u=U2FsdGVkX1+kPf3bypfSthXJweS8T7sgzKqZKD9gHo7ctZhnTI8gNWofP0doJAYe&y=U2FsdGVkX1/ztcfynWo/zCJnFUarCJKNJSovOGSbVgpKKG7xjZPeZxiJl0+SmqyX HTTP/1.1" 200 25
172.22.2.4 - - [11/Sep/2022:18:39:45 -0500] "GET /BLA/boletinlegal/consulta_actos.php?tipo=resoluciones&no=&usuario=&sector=SILVICULTURA&fecha=2019&resuelve= HTTP/1.1" 200 183821
172.22.2.4 - - [11/Sep/2022:18:39:46 -0500] "GET /BLA/boletinlegal/consulta_actos.php?tipo=resoluciones&no=&usuario=&sector=SILVICULTURA&fecha=2019&resuelve= HTTP/1.1" 200 183821
172.22.2.4 - - [11/Sep/2022:18:39:46 -0500] "GET /BLA/boletinlegal/images/pdf.gif HTTP/1.1" 200 567
172.22.2.4 - - [11/Sep/2022:18:39:46 -0500] "GET /BLA/boletinlegal/images/background.gif HTTP/1.1" 200 -
5.45.207.102 - - [11/Sep/2022:18:40:11 -0500] "-" 408 -
87.250.224.70 - - [11/Sep/2022:18:40:18 -0500] "-" 408 -
5.45.207.93 - - [11/Sep/2022:18:40:26 -0500] "-" 408 -
95.108.213.43 - - [11/Sep/2022:18:40:41 -0500] "-" 408 -
172.22.2.4 - - [11/Sep/2022:18:39:06 -0500] "HEAD /BLA/boletinlegal/ HTTP/1.1" 200 -
213.180.203.87 - - [11/Sep/2022:18:40:56 -0500] "-" 408 -
87.250.224.2 - - [11/Sep/2022:18:41:26 -0500] "-" 408 -
172.22.2.4 - - [11/Sep/2022:18:39:56 -0500] "GET /BLA/boletinlegal/ HTTP/1.1" 200 58575
157.55.39.200 - - [11/Sep/2022:18:42:03 -0500] "GET /Publicaciones/2022EE28407.pdf HTTP/1.1" 404 227
201.245.192.253 - - [11/Sep/2022:18:42:03 -0500] "POST /kwsrmcab/Wsrmcab  HTTP/1.1" 200 42606
87.250.224.109 - - [11/Sep/2022:18:42:26 -0500] "-" 408 -
172.22.2.4 - - [11/Sep/2022:18:42:31 -0500] "GET /BLA/boletinlegal/solr/ HTTP/1.1" 404 1018
157.55.39.202 - - [11/Sep/2022:18:43:01 -0500] "GET /BLA/resoluciones/883.tif HTTP/1.1" 404 1018
216.245.221.92 - - [11/Sep/2022:18:43:05 -0500] "HEAD / HTTP/1.1" 200 -
5.255.231.250 - - [11/Sep/2022:18:43:26 -0500] "-" 408 -
95.108.213.63 - - [11/Sep/2022:18:45:27 -0500] "-" 408 -
186.102.39.66 - - [11/Sep/2022:18:45:43 -0500] "GET /kwssiamovil/sm/acme/a?s=U2FsdGVkX18xqHx4pxPpcF+jIOXnfy5I18i18tKdoMIV6E+R1aAEKYGId+8oip8ryJ+tgUP0wB7ewyUJS6BBGcpSFnGvmeVMJCabW2p/bwnwKK2/8XoNmYgLARCJyinhLHJKdFQb24kxreuwHvW9xkbUJwoDJlYFMyZB+B5nILD/XbG9tkTciBkjArVg+I69TbKgwPljw1CPvy/rsoyFpJI6jajMwqU0YDkEc+xKcSfpIId2IZt8wchBDaX6x10yXwMWEDbG+AwOG8RfZvbJoQ==&u=U2FsdGVkX1+kPf3bypfSthXJweS8T7sgzKqZKD9gHo7ctZhnTI8gNWofP0doJAYe&y=U2FsdGVkX1/ztcfynWo/zCJnFUarCJKNJSovOGSbVgpKKG7xjZPeZxiJl0+SmqyX HTTP/1.1" 200 25
