190.26.164.189 - - [12/Sep/2022:08:03:54 -0500] "GET /BLA/resoluciones/index.php?dir=AUTOS+2014%2F HTTP/1.1" 200 878301
190.121.155.132 - - [12/Sep/2022:08:04:12 -0500] "GET /Publicaciones/SSFFS-09926.zip HTTP/1.1" 200 40000369
172.22.2.4 - - [12/Sep/2022:08:03:00 -0500] "GET /BLA/boletinlegal/ HTTP/1.1" 200 57291
186.102.31.230 - - [12/Sep/2022:08:05:41 -0500] "GET /kwssiamovil/sm/ldap/au?x=U2FsdGVkX19q9efDv3qPUsq2yMq4xYP0gUwbZGHp9b8vlQeokvmtfj0nBXyrSrQv&y=U2FsdGVkX1/przU4+WolFbTfVoG4ls8Tz04Y+/dEBOm5pn2hacNOydMd5Ak7fwzD HTTP/1.1" 200 30
186.102.31.230 - - [12/Sep/2022:08:05:41 -0500] "GET /kwssiamovil/sm/acme/s?s=U2FsdGVkX198x2myB3H7znqJFQF4KFMWvd+T85hJ7KDx7b/qUqne1nMdnU8mpVA9sMZpbTq0S2QzCKuEixgt8EkrqL1aNLkuVBbtq+nfxHA=&u=U2FsdGVkX19ZX6sED7Rc87F4yIIAWii+86CU1TUlX8gY4pW03kFFJKA1XSoq9Q2e&y=U2FsdGVkX1/przU4+WolFbTfVoG4ls8Tz04Y+/dEBOm5pn2hacNOydMd5Ak7fwzD HTTP/1.1" 200 97
186.102.31.230 - - [12/Sep/2022:08:05:41 -0500] "GET /kwssiamovil/sm/acme/s?s=U2FsdGVkX1/HtyBNuqBEbOgrVuTSkWpBjCVyWhOrv1bLuYVLfBad1+a5ZIMEaWWBeXa+Akg6/YyZdCwYryE1npRZQ0QvZdbnvlmPsVvn0+Y1NZwccBlGXD+d60CIj6lcV7Vdh7gyj2reGpcPnia5WzQ6xxAdiCw9g90eJLpv+Ht9pT6dVUoss8305M3soKhhuhtJyZ6bOt7NdSuNUZ2+LBsghUsNLqzvFhPgjmYfdkfWAPFysZQ+hnJQ2RsKEASYBrsEXFBdofELYqIpBMIMbXgxXqm3U5rt5uI7bHxK+H0lWpNfGZ34dnLKFeXn8A/TBZQjZBkcA6KZk7JctzDJg0gmoe8QXFDmypG5tSHmJLFd/ILBFiI2p8VhF4YTYlJ2XJGY6OwmAvx4Pa6XytcA62VYa1k7XJUEgZsudct6zv252WunFux/SSx+o/OuazKXhvQh8L+Tz7FEFso5m5pWnT+Ep7IwNtnAlhGyFL6rvsdWYgZqx8OYTLZEWvWqAkzLIjUtrhVGTT71VbXpTa956bVEHGYIspnOfoOJL10lvAZf/KRucpBCyBbKW9NrWQbmjwgpsB4JD2YSs/RzNyUNyR8DWlI694UnmpPbG/+U8BXwHrrh5qKAjT5DmUrgnGL2WEy6C/GEtA9da7YVfUDkSeHqF+2kSv6+rbGGjBVU3uT5ZuWvqfOWasxsBgjiN5gW28NlamusWBrp440iatmzr2MiLpaSkr3+UEXVIJIDqNL79iH13NXnb2NhtyRbL9X/p6U6MYQbqH+w4v5aaQ9jgfBzAh45jS/WhE97ty8LQKi0d2gAwloQnNkTehrLWfFnLJeobNzZ55mPsGD4eIi+K6bg+xX8w07ER76/RK66ZTggekZRRcMhX0nzoA7DG8Y1Wmz+SQKv7FxAEoWhdXbmPZ/f9OQUF0vfgYX3ugkRTM1r+ypKrcByKmrE+JybOPYsbGI80bTMJS5uD8qlbOkHXefYL9LN+QHGdrV+c9Rp1Snzv+k4q4SudhZbSoe+GVVBym0oOu2ZGjC4uwwdRTVpw4LSpWDktcf9fZi6pZ36NnVVSDLvolv/UzpXqN4f0vzkr71xnDRpDHoT1kxPGAxUkhMKZ3SkDpj55NvhbnpuO9ofZNSCbpuIq+c4o+4H1sVVjkweOdoxDEG+IYDzNMp/q+0MhNxyNwCKzqKsBoD/f6kfxVC5xBjAXaM6g5xBcVJScC2sRwx4xUdzmBmy9niN/Plw5hKGv3BGG9RGhyD0pPhU1NFS22c/NAkiFToxc/XIPrn4EaGZ5OoBgAQ2I95Ytt46oGmjRxd48V2Khl4r7viCXcsP5DIfobyQsJMCxI8A0uhQLgwF1V/0iSaEz8/nix5zrgqKidlQz12GUypVz5s=&u=U2FsdGVkX19ZX6sED7Rc87F4yIIAWii+86CU1TUlX8gY4pW03kFFJKA1XSoq9Q2e&y=U2FsdGVkX1/przU4+WolFbTfVoG4ls8Tz04Y+/dEBOm5pn2hacNOydMd5Ak7fwzD HTTP/1.1" 200 72
186.102.31.230 - - [12/Sep/2022:08:05:42 -0500] "GET /kwssiamovil/sm/acme/s?s=U2FsdGVkX19gMbYtz9BT7KueHvK9fKc8c86xmC7b+qoP/1jeRqIRn5v+Fg3fOIV6cAJhuOQt20fiVB1784meUqXRu1LEi/0c3nelOG4Qi6kKk3w8N6xQxwI8DBD0dVbarGMSvHhDgYNpQSnsADVFJ8SrYixL9qRP5TqF36W36SPbNXhvbLNsWc6Kwx2rG3C6pQL3ylsv/NiHqKN+XBvtHgEyyzsGcgSTeFJQUQUx+wpMl5+FG9uhDquePO9os4GYsk18ALrWpf4RAmjFGpXRaL+z18hz23U7v0OAmlLBqWk=&u=U2FsdGVkX19ZX6sED7Rc87F4yIIAWii+86CU1TUlX8gY4pW03kFFJKA1XSoq9Q2e&y=U2FsdGVkX1/przU4+WolFbTfVoG4ls8Tz04Y+/dEBOm5pn2hacNOydMd5Ak7fwzD HTTP/1.1" 200 176
186.102.31.230 - - [12/Sep/2022:08:05:42 -0500] "GET /kwssiamovil/sm/cjson/pre?f=1&x=U2FsdGVkX19q9efDv3qPUsq2yMq4xYP0gUwbZGHp9b8vlQeokvmtfj0nBXyrSrQv HTTP/1.1" 200 30992
172.22.2.4 - - [12/Sep/2022:08:04:07 -0500] "HEAD /BLA/boletinlegal/ HTTP/1.1" 200 -
172.22.2.4 - - [12/Sep/2022:08:05:51 -0500] "GET /BLA/boletinlegal/consulta_actos.php?tipo=resoluciones&no=7654&usuario=&sector=PEV&fecha=2016&resuelve= HTTP/1.1" 200 626
172.22.2.4 - - [12/Sep/2022:08:05:52 -0500] "GET /BLA/boletinlegal/consulta_actos.php?tipo=resoluciones&no=7654&usuario=&sector=PEV&fecha=2016&resuelve= HTTP/1.1" 200 626
172.22.2.4 - - [12/Sep/2022:08:05:53 -0500] "GET /BLA/boletinlegal/consulta_actos.php?tipo=resoluciones&no=7654&usuario=&sector=PEV&fecha=2016&resuelve= HTTP/1.1" 200 626
172.22.2.4 - - [12/Sep/2022:08:05:59 -0500] "GET /BLA/boletinlegal/consulta_actos.php?tipo=resoluciones&no=7655&usuario=&sector=PEV&fecha=2016&resuelve= HTTP/1.1" 200 626
172.22.2.4 - - [12/Sep/2022:08:06:00 -0500] "GET /BLA/boletinlegal/consulta_actos.php?tipo=resoluciones&no=7655&usuario=&sector=PEV&fecha=2016&resuelve= HTTP/1.1" 200 626
186.102.31.230 - - [12/Sep/2022:08:06:05 -0500] "GET /kwssiamovil/sm/ldap/au?x=U2FsdGVkX1/4M3Njj8N6FmviXYyl1RVYW1BFxw/j0DIdun2+GxcolbR406e9pnaR&y=U2FsdGVkX1+rT1xiJ2VF6k3PrN31b5clDGGjhsxWaXA//xBsElyAWGUQyfrjhITm HTTP/1.1" 200 30
186.102.31.230 - - [12/Sep/2022:08:06:05 -0500] "GET /kwssiamovil/sm/acme/s?s=U2FsdGVkX1/ihcypkUAn+F3/xFLFDfwv3bazGuWSBSh7qDkQI1Gf8OODbbG/3hu41gNDgSpehz7KiNs+0TRzPSE1zY+LkN5VUTM3jCNqJAI=&u=U2FsdGVkX19ygxKIjG8FIxZsc8qJYz/YA1uqlus2bTZI1UVJzNRqVczNdCdOjRpm&y=U2FsdGVkX1+rT1xiJ2VF6k3PrN31b5clDGGjhsxWaXA//xBsElyAWGUQyfrjhITm HTTP/1.1" 200 97
186.102.31.230 - - [12/Sep/2022:08:06:05 -0500] "GET /kwssiamovil/sm/acme/s?s=U2FsdGVkX19qsLWbtZhhpbUmWekz+XgIkG+rLdMuZvwHDRW3Eyyg00BO09406OSb3qGMym1a9aHX47KBi/+itL9Kc9afRK7a1NZZOCYsOL1slApieiusUBru67G3iYYsG4D+OOKA7tbbJKU76ZNSdiu4vPI2cxxWM7Vi4lv8/N9C2fsuEBspzoLaeVjzJTDA7A/RlcFtpZCOL8ysxeP5pt9HodScgHG0/k5XQYh8u/837ANbGbddVM+ok5cyJ4IEuJ2qxJvrv50ZQokZnkx49r6m35H9Qix9GLBElCCKj6FwONtwE+iaBgLUsx2kFms49/51Vvh7O0CstRxD0SyvLSSgf+RW3TNyNBzy9ZEHGmTtNT+7zrYnCUV4XqEvFyMyxZPA1eXUEBGdMzw17Jiag4V0wdYQL54+jvFo/hr8oRSm3gT+42vndQnav8HdvmlBjXdaGpeMhzS1JPBTEWzFVrv4DeHBJ256ctZDCSS9AaFZK3t34AUtMlXd8FctQG7ZapR9qhfQbqnemjLZ2FYhrQbi7Tf0zS224Zg5/c5PSWdyHCgkPSJoEu1xf0u2sC5g8riRPDEPGIU+15x5Wo0iEHriqeu3CVy3O9eIn76z1awgNHEkeyjQHqUL9jki9sWu3nX41ZTh+kOhLGnL6OIXRy8kxLga5hCRPIr8kXPqqsH/5n26nb0h/qbrqyzaltXqcI1/0mMj8ZW5OA+VJ88WnpAthat1vi12nKIFrBXGuVrGDYtWGeuP+5cWiKf9az1C/HqOCQmrwtmAHSuRrbOoZ9FzhnllSeQ/FP/b1Xsx4cVNLY6AmyM8FitrfMCHA0+XjSc2j+AEyBMadsI7rHVWgpI0/QPXvU1FLib+v+FuYfKJfdh0r+j+Urtod7hM+E7bp3N4NEQX5qladKJGFwbw3/fLz4t75prhxuhHo9o3oUhkomDEHKKF8FEj0XYMftpgTM9DcOL1QbrkDHgLlm1FQK0VS7swXVSYjPqvH46YI9O8KNQ+wtXZ4A1bDE4ffngY49NC/wA30hxwPO14XJ7cxDByZiigZ0O/oQ65Kf15T/hrj/MRrtJJouXXUVZwmwaE/Vedb5HhA1fvaJYsA/Cqvgp9IGwohYYyVlm8d2eJcBVhDpVUDjaoWBDcUXu1xj1fOjFk4l0YR1ME34+AFEBtFCmi0aXs8KZW8w8xI+aAXd6TSqUth2TTkV0UpAOT5rQ3QX8KAuIGe+3spElRPzkRVGP8QXF1pboz7i8zfIZ3HzDZIthucxouUem04vylq33gXV0jDQJdhMIv0Q7DzkDUtyNIA1S/hFGVU+aqU2KFbSUKWNJxFt5uXheoC3G0BZ/zdImn4KFb5IMdtTdc1qXdn3Y7ktCVPz1JONjAAQ+QDsg=&u=U2FsdGVkX19ygxKIjG8FIxZsc8qJYz/YA1uqlus2bTZI1UVJzNRqVczNdCdOjRpm&y=U2FsdGVkX1+rT1xiJ2VF6k3PrN31b5clDGGjhsxWaXA//xBsElyAWGUQyfrjhITm HTTP/1.1" 200 72
186.102.31.230 - - [12/Sep/2022:08:06:05 -0500] "GET /kwssiamovil/sm/acme/s?s=U2FsdGVkX1863VY9wM5eXB7g4W8j6FwXiL2vKjGLNgZwLIYavfo3bzOMA7F83Md2y/Wtap5HMEpY9ZgB/A/jIkQyKeeTjSRm283qDsbGqJ2kQZt9K4h0shY7O3aVMHYySjH/M0r05Gxb1gUcWi971/kTNYbkZIrA6XXPXpcifXctnRU7lHmSvdRT5N7/07l1K/zV0RrAKBk5ODika9a4y0Yu8s9rZTYbbSwFlFzEUjQKUjpuXEOQ2H3b/sk5k5HiKRCPfeVt0yU3bEnuACuntAHaEsstiK6jbRXZFXLp3rk=&u=U2FsdGVkX19ygxKIjG8FIxZsc8qJYz/YA1uqlus2bTZI1UVJzNRqVczNdCdOjRpm&y=U2FsdGVkX1+rT1xiJ2VF6k3PrN31b5clDGGjhsxWaXA//xBsElyAWGUQyfrjhITm HTTP/1.1" 200 176
186.102.31.230 - - [12/Sep/2022:08:06:05 -0500] "GET /kwssiamovil/sm/cjson/pre?f=1&x=U2FsdGVkX1/4M3Njj8N6FmviXYyl1RVYW1BFxw/j0DIdun2+GxcolbR406e9pnaR HTTP/1.1" 200 30992
172.22.2.4 - - [12/Sep/2022:08:06:13 -0500] "GET /BLA/boletinlegal/consulta_actos.php?tipo=resoluciones&no=7824&usuario=&sector=PEV&fecha=2016&resuelve= HTTP/1.1" 200 626
172.22.2.4 - - [12/Sep/2022:08:06:14 -0500] "GET /BLA/boletinlegal/consulta_actos.php?tipo=resoluciones&no=7824&usuario=&sector=PEV&fecha=2016&resuelve= HTTP/1.1" 200 626
172.22.2.4 - - [12/Sep/2022:08:06:16 -0500] "GET /BLA/boletinlegal/consulta_actos.php?tipo=resoluciones&no=7824&usuario=&sector=PEV&fecha=2016&resuelve= HTTP/1.1" 200 626
172.22.2.4 - - [12/Sep/2022:08:06:19 -0500] "GET /BLA/boletinlegal/consulta_actos.php?tipo=resoluciones&no=7824&usuario=&sector=PEV&fecha=2015&resuelve= HTTP/1.1" 200 626
172.22.2.4 - - [12/Sep/2022:08:06:22 -0500] "GET /BLA/boletinlegal/consulta_actos.php?tipo=resoluciones&no=7824&usuario=&sector=PEV&fecha=2017&resuelve= HTTP/1.1" 200 626
172.22.2.4 - - [12/Sep/2022:08:06:22 -0500] "GET /BLA/boletinlegal/consulta_actos.php?tipo=resoluciones&no=7824&usuario=&sector=PEV&fecha=2017&resuelve= HTTP/1.1" 200 626
172.22.2.4 - - [12/Sep/2022:08:06:25 -0500] "GET /BLA/boletinlegal/consulta_actos.php?tipo=resoluciones&no=7824&usuario=&sector=PEV&fecha=2013&resuelve= HTTP/1.1" 200 626
172.22.2.4 - - [12/Sep/2022:08:06:28 -0500] "GET /BLA/boletinlegal/consulta_actos.php?tipo=resoluciones&no=7824&usuario=&sector=PEV&fecha=2018&resuelve= HTTP/1.1" 200 626
172.22.2.4 - - [12/Sep/2022:08:06:31 -0500] "GET /BLA/boletinlegal/consulta_actos.php?tipo=resoluciones&no=7824&usuario=&sector=PEV&fecha=2016&resuelve= HTTP/1.1" 200 626
172.22.2.4 - - [12/Sep/2022:08:04:57 -0500] "GET /BLA/boletinlegal/ HTTP/1.1" 200 54356
172.22.2.4 - - [12/Sep/2022:08:06:42 -0500] "GET /BLA/boletinlegal/consulta_actos.php?tipo=resoluciones&no=7828&usuario=&sector=PEV&fecha=2016&resuelve= HTTP/1.1" 200 626
172.22.2.4 - - [12/Sep/2022:08:06:43 -0500] "GET /BLA/boletinlegal/consulta_actos.php?tipo=resoluciones&no=7828&usuario=&sector=PEV&fecha=2016&resuelve= HTTP/1.1" 200 626
173.252.107.24 - - [12/Sep/2022:08:06:52 -0500] "GET /chulo-o-gallinazo-un-carronero-que-cumple-un-papel-fundamental-en-los-ecosistemas.html HTTP/1.1" 206 784
172.22.2.4 - - [12/Sep/2022:08:07:02 -0500] "GET /BLA/boletinlegal/consulta_actos.php?tipo=resoluciones&no=2483&usuario=&sector=PEV&fecha=2010&resuelve= HTTP/1.1" 200 1019
190.146.120.243 - - [12/Sep/2022:08:07:04 -0500] "GET /BLA/resoluciones/RESOLUCIONES%202010/2483.pdf HTTP/1.1" 200 782550
190.146.120.243 - - [12/Sep/2022:08:07:05 -0500] "GET /favicon.ico HTTP/1.1" 200 7782
201.245.192.253 - - [12/Sep/2022:08:07:05 -0500] "GET /sipse/faces/index.xhtml HTTP/1.1" 200 677
201.245.192.253 - - [12/Sep/2022:08:07:05 -0500] "GET /sipse/faces/javax.faces.resource/theme.css?ln=primefaces-sipse HTTP/1.1" 304 -
201.245.192.253 - - [12/Sep/2022:08:07:05 -0500] "GET /sipse/faces/faces/autenticacion.xhtml HTTP/1.1" 200 12174
201.245.192.253 - - [12/Sep/2022:08:07:05 -0500] "GET /sipse/js/disable_browser_buttons.js HTTP/1.1" 304 -
201.245.192.253 - - [12/Sep/2022:08:07:05 -0500] "GET /sipse/js/funciones.js HTTP/1.1" 304 -
201.245.192.253 - - [12/Sep/2022:08:07:05 -0500] "GET /sipse/css/custom_css_sg_prime_login.css HTTP/1.1" 304 -
201.245.192.253 - - [12/Sep/2022:08:07:05 -0500] "GET /sipse/faces/javax.faces.resource/jquery/jquery.js?ln=primefaces&v=4.0 HTTP/1.1" 304 -
201.245.192.253 - - [12/Sep/2022:08:07:05 -0500] "GET /sipse/faces/javax.faces.resource/jquery/jquery-plugins.js?ln=primefaces&v=4.0 HTTP/1.1" 304 -
201.245.192.253 - - [12/Sep/2022:08:07:05 -0500] "GET /sipse/faces/javax.faces.resource/primefaces.js?ln=primefaces&v=4.0 HTTP/1.1" 304 -
201.245.192.253 - - [12/Sep/2022:08:07:05 -0500] "GET /sipse/faces/javax.faces.resource/layout/layout.js?ln=primefaces&v=4.0 HTTP/1.1" 304 -
201.245.192.253 - - [12/Sep/2022:08:07:05 -0500] "GET /sipse/css/custom_css_sg.css HTTP/1.1" 304 -
201.245.192.253 - - [12/Sep/2022:08:07:05 -0500] "GET /sipse/faces/javax.faces.resource/theme.css?ln=primefaces-sipse HTTP/1.1" 304 -
201.245.192.253 - - [12/Sep/2022:08:07:05 -0500] "GET /sipse/faces/javax.faces.resource/primefaces.css?ln=primefaces&v=4.0 HTTP/1.1" 304 -
201.245.192.253 - - [12/Sep/2022:08:07:05 -0500] "GET /sipse/faces/javax.faces.resource/layout/layout.css?ln=primefaces&v=4.0 HTTP/1.1" 304 -
201.245.192.253 - - [12/Sep/2022:08:07:05 -0500] "GET /sipse/css/imagen/logoSDG.png HTTP/1.1" 304 -
201.245.192.253 - - [12/Sep/2022:08:07:05 -0500] "GET /sipse/css/imagen/loginimg.png HTTP/1.1" 304 -
201.245.192.253 - - [12/Sep/2022:08:07:05 -0500] "GET /sipse/faces/javax.faces.resource/images/ui-icons_898989_256x240.png?ln=primefaces-aristo HTTP/1.1" 304 -
201.245.192.253 - - [12/Sep/2022:08:07:09 -0500] "POST /sipse/faces/autenticacion.xhtml HTTP/1.1" 200 12261
201.245.192.253 - - [12/Sep/2022:08:07:09 -0500] "GET /sipse/css/custom_css_sg_prime.css HTTP/1.1" 304 -
201.245.192.253 - - [12/Sep/2022:08:07:09 -0500] "GET /sipse/faces/javax.faces.resource/layout/layout.css?ln=primefaces&v=4.0 HTTP/1.1" 304 -
201.245.192.253 - - [12/Sep/2022:08:07:09 -0500] "GET /sipse/faces/javax.faces.resource/theme.css?ln=primefaces-sipse HTTP/1.1" 304 -
201.245.192.253 - - [12/Sep/2022:08:07:09 -0500] "GET /sipse/faces/javax.faces.resource/primefaces.css?ln=primefaces&v=4.0 HTTP/1.1" 304 -
201.245.192.253 - - [12/Sep/2022:08:07:09 -0500] "GET /sipse/faces/javax.faces.resource/jquery/jquery.js?ln=primefaces&v=4.0 HTTP/1.1" 304 -
201.245.192.253 - - [12/Sep/2022:08:07:09 -0500] "GET /sipse/faces/javax.faces.resource/jquery/jquery-plugins.js?ln=primefaces&v=4.0 HTTP/1.1" 304 -
201.245.192.253 - - [12/Sep/2022:08:07:09 -0500] "GET /sipse/faces/javax.faces.resource/primefaces.js?ln=primefaces&v=4.0 HTTP/1.1" 304 -
201.245.192.253 - - [12/Sep/2022:08:07:09 -0500] "GET /sipse/faces/javax.faces.resource/layout/layout.js?ln=primefaces&v=4.0 HTTP/1.1" 304 -
201.245.192.253 - - [12/Sep/2022:08:07:10 -0500] "GET /sipse/faces/javax.faces.resource/messages/messages.png?ln=primefaces&v=4.0 HTTP/1.1" 304 -
201.245.192.253 - - [12/Sep/2022:08:07:14 -0500] "POST /sipse/faces/presentacion/sistema/seguridad/seleccionRol.xhtml HTTP/1.1" 200 6694
201.245.192.253 - - [12/Sep/2022:08:07:15 -0500] "POST /sipse/faces/presentacion/sistema/seguridad/seleccionRol.xhtml HTTP/1.1" 200 17464
201.245.192.253 - - [12/Sep/2022:08:07:15 -0500] "GET /sipse/faces/javax.faces.resource/primefaces.css?ln=primefaces&v=4.0 HTTP/1.1" 304 -
201.245.192.253 - - [12/Sep/2022:08:07:15 -0500] "GET /sipse/faces/javax.faces.resource/theme.css?ln=primefaces-sipse HTTP/1.1" 304 -
201.245.192.253 - - [12/Sep/2022:08:07:15 -0500] "GET /sipse/faces/javax.faces.resource/layout/layout.css?ln=primefaces&v=4.0 HTTP/1.1" 304 -
201.245.192.253 - - [12/Sep/2022:08:07:15 -0500] "GET /sipse/js/jquery.min.js HTTP/1.1" 304 -
201.245.192.253 - - [12/Sep/2022:08:07:15 -0500] "GET /sipse/faces/javax.faces.resource/jquery/jquery.js?ln=primefaces&v=4.0 HTTP/1.1" 304 -
201.245.192.253 - - [12/Sep/2022:08:07:15 -0500] "GET /sipse/faces/javax.faces.resource/jquery/jquery-plugins.js?ln=primefaces&v=4.0 HTTP/1.1" 304 -
201.245.192.253 - - [12/Sep/2022:08:07:15 -0500] "GET /sipse/faces/javax.faces.resource/primefaces.js?ln=primefaces&v=4.0 HTTP/1.1" 304 -
201.245.192.253 - - [12/Sep/2022:08:07:15 -0500] "GET /sipse/faces/javax.faces.resource/layout/layout.js?ln=primefaces&v=4.0 HTTP/1.1" 304 -
201.245.192.253 - - [12/Sep/2022:08:07:16 -0500] "GET /sipse/imagenes/cargando.gif HTTP/1.1" 304 -
201.245.192.253 - - [12/Sep/2022:08:07:16 -0500] "GET /sipse/imagenes/logoAplicacion.jpg HTTP/1.1" 304 -
201.245.192.253 - - [12/Sep/2022:08:07:16 -0500] "GET /sipse/css/imagen/contrasena.png HTTP/1.1" 404 383
201.245.192.253 - - [12/Sep/2022:08:07:35 -0500] "GET /sipse/faces/javax.faces.resource/images/ui-bg_flat_0_2d5972_40x100.png?ln=primefaces-aristo HTTP/1.1" 304 -
201.245.192.253 - - [12/Sep/2022:08:07:35 -0500] "POST /sipse/faces/bienvenido.xhtml HTTP/1.1" 200 5029
201.245.192.253 - - [12/Sep/2022:08:07:36 -0500] "POST /sipse/faces/bienvenido.xhtml HTTP/1.1" 200 43145
201.245.192.253 - - [12/Sep/2022:08:07:37 -0500] "GET /sipse/faces/javax.faces.resource/theme.css?ln=primefaces-sipse HTTP/1.1" 304 -
201.245.192.253 - - [12/Sep/2022:08:07:37 -0500] "GET /sipse/faces/javax.faces.resource/primefaces.css?ln=primefaces&v=4.0 HTTP/1.1" 304 -
201.245.192.253 - - [12/Sep/2022:08:07:37 -0500] "GET /sipse/faces/javax.faces.resource/layout/layout.css?ln=primefaces&v=4.0 HTTP/1.1" 304 -
201.245.192.253 - - [12/Sep/2022:08:07:37 -0500] "GET /sipse/faces/javax.faces.resource/jquery/jquery.js?ln=primefaces&v=4.0 HTTP/1.1" 304 -
201.245.192.253 - - [12/Sep/2022:08:07:37 -0500] "GET /sipse/faces/javax.faces.resource/jquery/jquery-plugins.js?ln=primefaces&v=4.0 HTTP/1.1" 304 -
201.245.192.253 - - [12/Sep/2022:08:07:37 -0500] "GET /sipse/faces/javax.faces.resource/primefaces.js?ln=primefaces&v=4.0 HTTP/1.1" 304 -
201.245.192.253 - - [12/Sep/2022:08:07:37 -0500] "GET /sipse/faces/javax.faces.resource/layout/layout.js?ln=primefaces&v=4.0 HTTP/1.1" 304 -
172.22.2.4 - - [12/Sep/2022:08:07:39 -0500] "GET /BLA/boletinlegal/actos.php HTTP/1.1" 200 9559
172.22.2.4 - - [12/Sep/2022:08:07:40 -0500] "GET /BLA/boletinlegal/favicon.ico HTTP/1.1" 404 1326
128.1.248.26 - - [12/Sep/2022:08:07:43 -0500] "GET /portaldeninos/ HTTP/1.1" 200 110197
172.22.2.4 - - [12/Sep/2022:08:07:52 -0500] "GET /BLA/boletinlegal/consulta_actos.php?tipo=resoluciones&no=2035&usuario=&sector=&fecha=2019&resuelve= HTTP/1.1" 200 1065
201.245.192.253 - - [12/Sep/2022:08:07:59 -0500] "POST /sipse/faces/presentacion/financiero/solicitudProceso/consultar.xhtml HTTP/1.1" 200 3171
216.245.221.92 - - [12/Sep/2022:08:08:02 -0500] "HEAD / HTTP/1.1" 200 -
181.53.13.61 - - [12/Sep/2022:08:08:04 -0500] "GET /forest/ HTTP/1.1" 200 12041
172.22.2.4 - - [12/Sep/2022:08:08:14 -0500] "GET /BLA/boletinlegal/consulta_actos.php?tipo=resoluciones&no=2502&usuario=&sector=PEV&fecha=2010&resuelve= HTTP/1.1" 200 1019
190.146.120.243 - - [12/Sep/2022:08:08:16 -0500] "GET /BLA/resoluciones/RESOLUCIONES%202010/2502.pdf HTTP/1.1" 200 672620
201.245.192.253 - - [12/Sep/2022:08:08:00 -0500] "POST /sipse/faces/presentacion/financiero/solicitudProceso/consultar.xhtml HTTP/1.1" 200 85730
201.245.192.253 - - [12/Sep/2022:08:08:33 -0500] "GET /sipse/faces/javax.faces.resource/theme.css?ln=primefaces-sipse HTTP/1.1" 304 -
201.245.192.253 - - [12/Sep/2022:08:08:33 -0500] "GET /sipse/faces/javax.faces.resource/layout/layout.css?ln=primefaces&v=4.0 HTTP/1.1" 304 -
201.245.192.253 - - [12/Sep/2022:08:08:33 -0500] "GET /sipse/faces/javax.faces.resource/primefaces.css?ln=primefaces&v=4.0 HTTP/1.1" 304 -
201.245.192.253 - - [12/Sep/2022:08:08:33 -0500] "GET /sipse/faces/javax.faces.resource/jquery/jquery.js?ln=primefaces&v=4.0 HTTP/1.1" 304 -
201.245.192.253 - - [12/Sep/2022:08:08:33 -0500] "GET /sipse/faces/javax.faces.resource/jquery/jquery-plugins.js?ln=primefaces&v=4.0 HTTP/1.1" 304 -
201.245.192.253 - - [12/Sep/2022:08:08:33 -0500] "GET /sipse/faces/javax.faces.resource/primefaces.js?ln=primefaces&v=4.0 HTTP/1.1" 304 -
201.245.192.253 - - [12/Sep/2022:08:08:33 -0500] "GET /sipse/faces/javax.faces.resource/layout/layout.js?ln=primefaces&v=4.0 HTTP/1.1" 304 -
201.245.192.253 - - [12/Sep/2022:08:08:33 -0500] "POST /sipse/faces/presentacion/proyectos/proyecto/listarProyecto.xhtml HTTP/1.1" 200 79159
201.245.192.253 - - [12/Sep/2022:08:08:38 -0500] "POST /kwsrmcab/Wsrmcab  HTTP/1.1" 200 213
172.22.2.4 - - [12/Sep/2022:08:08:52 -0500] "GET /BLA/boletinlegal/consulta_actos.php?tipo=resoluciones&no=3683&usuario=&sector=PEV&fecha=2010&resuelve= HTTP/1.1" 200 1165
190.146.120.243 - - [12/Sep/2022:08:08:54 -0500] "GET /BLA/resoluciones/RESOLUCIONES%202010/3683.pdf HTTP/1.1" 200 902038
172.22.2.4 - - [12/Sep/2022:08:09:08 -0500] "GET /BLA/boletinlegal/consulta_actos.php?tipo=resoluciones&no=3680&usuario=&sector=PEV&fecha=2010&resuelve= HTTP/1.1" 200 1165
190.146.120.243 - - [12/Sep/2022:08:09:13 -0500] "GET /BLA/resoluciones/RESOLUCIONES%202010/3680.pdf HTTP/1.1" 200 914636
172.22.2.4 - - [12/Sep/2022:08:07:38 -0500] "GET /BLA/boletinlegal/ HTTP/1.1" 200 63702
87.250.224.18 - - [12/Sep/2022:08:09:31 -0500] "-" 408 -
172.22.2.4 - - [12/Sep/2022:08:09:44 -0500] "GET /BLA/boletinlegal/consulta_actos.php?tipo=resoluciones&no=2351&usuario=&sector=PEV&fecha=2011&resuelve= HTTP/1.1" 200 626
172.22.2.4 - - [12/Sep/2022:08:09:51 -0500] "GET /BLA/boletinlegal/consulta_actos.php?tipo=resoluciones&no=2351&usuario=&sector=PEV&fecha=2010&resuelve= HTTP/1.1" 200 1101
179.19.139.22 - - [12/Sep/2022:08:09:56 -0500] "GET /mesa/contrasena.pdf HTTP/1.1" 200 443199
179.19.139.22 - - [12/Sep/2022:08:09:57 -0500] "GET /mesa/contrasena.pdf HTTP/1.1" 206 1
179.19.139.22 - - [12/Sep/2022:08:09:57 -0500] "GET /mesa/contrasena.pdf HTTP/1.1" 206 423871
190.146.120.243 - - [12/Sep/2022:08:09:59 -0500] "GET /BLA/resoluciones/RESOLUCIONES%202010/2351.pdf HTTP/1.1" 200 456328
186.102.46.179 - - [12/Sep/2022:08:10:01 -0500] "OPTIONS /kwssiamovil/sm/setfile/f? HTTP/1.1" 200 13
186.102.46.179 - - [12/Sep/2022:08:10:01 -0500] "POST /kwssiamovil/sm/setfile/f? HTTP/1.1" 200 381
186.102.46.179 - - [12/Sep/2022:08:10:06 -0500] "OPTIONS /kwssiamovil/sm/setfile/f? HTTP/1.1" 200 13
186.102.46.179 - - [12/Sep/2022:08:10:06 -0500] "POST /kwssiamovil/sm/setfile/f? HTTP/1.1" 200 381
186.102.46.179 - - [12/Sep/2022:08:10:09 -0500] "OPTIONS /kwssiamovil/sm/setfile/f? HTTP/1.1" 200 13
186.102.46.179 - - [12/Sep/2022:08:10:09 -0500] "POST /kwssiamovil/sm/setfile/f? HTTP/1.1" 200 381
172.22.2.4 - - [12/Sep/2022:08:10:10 -0500] "GET /BLA/boletinlegal/consulta_actos.php?tipo=resoluciones&no=2353&usuario=&sector=PEV&fecha=2010&resuelve= HTTP/1.1" 200 1102
190.146.120.243 - - [12/Sep/2022:08:10:11 -0500] "GET /BLA/resoluciones/RESOLUCIONES%202010/2353.pdf HTTP/1.1" 200 451238
186.102.46.179 - - [12/Sep/2022:08:10:20 -0500] "GET /kwssiamovil/sm/acme/a?s=U2FsdGVkX19O8+UYT2Aq8U/LaGxxdzJUQgGVNcdHfXPxcTGFZzOXSvEhjJ85r/ntvVDKzDAqricbE49HFyCXT1ETf46Zt/41cECZSQ1D8QMF5V8CZT+eBPUG2RZTGs/Mt0lZP15NSHoNiedyVrC+XgvUbZqslm3twrlR+lxg5/5XSCDNBG/7dbLg4WElA/GeGoG79pwgOpmoFhij2+S7FmXOR957Azkw7TW14uJzEYMnT30yXJ5+P0SgygLDFerQCVpXTMZtDZ6EnDehFuyJwg==&u=U2FsdGVkX1+0ufGPITJEpVA1GdEqYtxs+i8E/em/7UY=&y=U2FsdGVkX1/V3eaOpUKC9kIVry5A5bdGIEozTkjh8oI= HTTP/1.1" 200 25
69.63.184.117 - - [12/Sep/2022:08:10:21 -0500] "GET /en-esta-navidad-bogota-esta-mejorando-con-mas-espacios-verdes-para-el-disfrute-de-la-ciudadania.html HTTP/1.1" 206 1114
186.102.46.179 - - [12/Sep/2022:08:10:20 -0500] "GET /kwssiamovil/sm/acme/a?s=U2FsdGVkX184yZrck2ut8WhQ1Xx0+hZ7JTG+4BQ8vAfYnMcTL4gdD9G0mThBQFH97/UxoCbyKiS8vyV9zOQZLOLrcl+0ENe/0QieSnTtfUdEqr5c0CxHQACLY+G2issJ+3xXBhrK8R/DVaf1St4EJjsvJ6x3F+cmelopOY3y7N+bJUfx2+eT60wSNuz1wpZgyNblYPOAxyi9PQVhqYKbGnNMiyE/lGDVGdP5ChjFtnXN0hZXnyhewsUahu8vQYcRxPZw/q1czC6I8Q25IjK9hnue1vj3uDk+iEv00AWJmntQH6PLqRD1GFdDe0EA7gaXQ+ce318zfaMB1NUkyK2z+k10/jDaZjGuSEuQLFzZgoBqOU9rXDsjod65xAXCpRZJVRSzchkIfwZqy5lCKtz3gm1z+v5tIwAQue4cdlwSgtDb335Kfa6YfAzxm6f1BZOoib1467Uau5Yc5LXqXQ5CJrIlkrCZXSpRTLwZmKB/mRfWY32n1b8llTlkWueKzumevkXKQhUBsD0uCxTkBxmEyuawrSjojMgWh690o0dsnJeSZguUV/fYIGK5Ng3LLCanMys/3vWIENulrBO8yk9STrdiKxJh29CTLbWk9CxUwe/4ZsNH/ThNX24f3IguYjjtEGQ5DKPhXkXE7NDuFPEda97GmEqmcQTUsQuc+R2kb1lTl4iaqAh9cvcCD32QE08ltj9XeknZAplkx4rzYAGDazvlO0rIC1fFTSdiDmbP1vL74CoeX6geSIp+mUNnOJiGOmTFrkqWcYTQG+tnNOjsUwpzNPTaKw8v/JIzJxBqCdVlQHSh1rC9vSZ/59LWUsfyjfZ3XMQyQ106YNXiGJd5dm6ZAxE9j28pCRngUt1ml3e8d0smJeCDiXDaM8IHbHymTO5TEAGEp75Yv2sh75kNf/CoHEmzg+ncKz3Nj+C1HDl1e9gW7ZR3vTYGANghzdHGtpC5fh06H9yaTIf0XcQ66YqOZRy38jN/Y25eyinhdDvy0/Kb6zWhXx/lBbovQPKWuZo+HJuxrGu61AS6CxZwucyiDghUXwJEqLSShXQYmGO3YPYtmQs7fLuh7id9hAcdiZRp23QRQ+zEGQHd2DElvFW0DffK9Mzfw/NcXR3virKYGCmoydg6cj5psMLdj+QS+TLB46d3CzZxj69TPZf+or8oKuwxitZ4msn0gu7ifKRDDb3EQrxtEY6PVLemkHjbvrJ/xnn9s+h7QBne5qJCC/c+tWtvxy8LveQbHxiVMSVz8NVXvnbgqFS8P0gbVVMElybQ6uvaEhQIfnvy7DvFZMDxVF2uLdAeqjBgKJxZ9MLdyojlSPcEF/48kbrYHNsvBk52nrzTHvYFoGdlJtP2tIz7fpXk+hXaKvE7k675Zrm4pS9C8vaQ+rdCvpfzYGyIQPjBhmHQDol8owzvfHwiwc6eo4/Zp/l8IpuyVMB68qDYBNSm9eHQ8sj/0HYO3ShxVsabPZLWx/ravfZF2bgXmSMlyIPNiyxRnzfdieFIvCu2+N6s/O8UBSfRJ39mEO/GUrdmxnCdrb57yY64MsQmnLdyZPGfVyMF/ziDDA1n/9AsJz/aWd60ffqoD+guxCd9NbC538XTViKSxLxJ1BfVobzkWC562WH7eYDjGRoj2hJF2u4WMfBJNkcYSvCv96qHRkFmohizAt9GMuezS+JyM1Qqzm/zP67XOJ2U0LPPl4OTe988bqefrb7oO95D2KTAgJ5JG8jzfSrdWhByv5b2G27DmJKZAh/8gfc7ChIVNlZnQo+0L0q20Kqv9DoizRCJxFht54kZeSV8L1APsvKGEqyzUlaZkeU++OkqGUHriqvkF7mJqDj7b5Z/JVCjuXzUdA83/fS0d2IJQy0AMz0g7Q==&u=U2FsdGVkX1+0ufGPITJEpVA1GdEqYtxs+i8E/em/7UY=&y=U2FsdGVkX1/V3eaOpUKC9kIVry5A5bdGIEozTkjh8oI= HTTP/1.1" 200 25
186.102.46.179 - - [12/Sep/2022:08:10:21 -0500] "GET /kwssiamovil/sm/acme/a?s=U2FsdGVkX1+dOd/ihkkpxahzpiBeyCRdm6hmpL42yA6v1mKgnW/ULACaj+0wI0sDVlv9h2fgIyt0ipzEqlz5GSxcH6ybnV7H99OIfBZbsAY4ROZauz0+mvtvPPI0lM8BnbpXTygvh6lCLAl0zgzvuylcmZHbFqft80xic4gaj7I=&u=U2FsdGVkX1+0ufGPITJEpVA1GdEqYtxs+i8E/em/7UY=&y=U2FsdGVkX1/V3eaOpUKC9kIVry5A5bdGIEozTkjh8oI= HTTP/1.1" 200 25
186.102.46.179 - - [12/Sep/2022:08:10:21 -0500] "GET /kwssiamovil/sm/acme/a?s=U2FsdGVkX198tENFhHlBSUzu5tCer3JwET1mgIlGBUx1CAg4xZKW7k1QmMVApnSZTIwtr/R///RJbMN7kS8aAov3FyP+9PdFgZW2kW+tHNg2asChQCET+jz2UBPxI1+qGMroQsByqsWMOfwfKNUkUVrNhk0cIGTuoXQzJdUFsw8=&u=U2FsdGVkX1+0ufGPITJEpVA1GdEqYtxs+i8E/em/7UY=&y=U2FsdGVkX1/V3eaOpUKC9kIVry5A5bdGIEozTkjh8oI= HTTP/1.1" 200 25
186.102.46.179 - - [12/Sep/2022:08:10:21 -0500] "GET /kwssiamovil/sm/acme/a?s=U2FsdGVkX1+UDHKtmHOZ6+sw/suX7BJS+t3BvQN7KNrZuarjNGglO06o1Yv3iE+OolscgJgrNSXQo7YC2D/0Go6ds/b7Vkobj1ZUymgC2fXyHBxPWvh0qyl1j2DZ79ZWms7Nd7izOj3Guo8ihhZhUqlo2MPivqLt9ku1XhsOpTw=&u=U2FsdGVkX1+0ufGPITJEpVA1GdEqYtxs+i8E/em/7UY=&y=U2FsdGVkX1/V3eaOpUKC9kIVry5A5bdGIEozTkjh8oI= HTTP/1.1" 200 25
186.102.46.179 - - [12/Sep/2022:08:10:22 -0500] "GET /kwssiamovil/sm/acme/a?s=U2FsdGVkX1+dp4/U2N564dVGlldnABe+mDesv40EhRLXkcPQv1v2Kwg9PA8NyE/IhbC5mrjgNxFlVX8bSEyTJKwiqklCd5m7+tJQ97a1Hv9mIy9cHRua4x4ypStJQkPdlHABTNz3fLiGQnSL2cz/IkPlJLtuozNePH7TaoaRpORrYFx7gGeCXEatqAqmcVd1&u=U2FsdGVkX1+0ufGPITJEpVA1GdEqYtxs+i8E/em/7UY=&y=U2FsdGVkX1/V3eaOpUKC9kIVry5A5bdGIEozTkjh8oI= HTTP/1.1" 200 25
186.102.46.179 - - [12/Sep/2022:08:10:22 -0500] "GET /kwssiamovil/sm/acme/a?s=U2FsdGVkX18OB3/2zFSwr+doW3S2pxELxfM/Fk4JXoh35dp4MSfj2SunxKJsHmqqVgdv3/YVupv2Rfqpa5HpXMoppGNU4cfyPI+NJPRD+PzHSv/E2e0KeiQlKzSC89D9LVp8OSbupamFCDxmsZUBt2aQGkSPznebNsh1SMtFDmZdjEIVuGkmU6DVcjv3vGFtx1KEcmR2pKO6u5HuNm10+Q==&u=U2FsdGVkX1+0ufGPITJEpVA1GdEqYtxs+i8E/em/7UY=&y=U2FsdGVkX1/V3eaOpUKC9kIVry5A5bdGIEozTkjh8oI= HTTP/1.1" 200 25
186.102.46.179 - - [12/Sep/2022:08:10:22 -0500] "GET /kwssiamovil/sm/acme/a?s=U2FsdGVkX1+R3oQVSMA+e6NfexfWdqs29wqzm3b0mm3EgUsIUn4Ea7T28kcji/abQIeECjqMrdSsZ4+lAhm4udAFDJ9Cau1SRINXbnSveqzZH5on96W2aBYgbr3ozqOMb589HyEHYyye8uVQNbpzZXWjEZp9CkRvE4SHpKSK8/WiwwFFb3y87ipRqdzTKSLaQUrO+ETzoXIFkIIx4TmHu+VMSAc/YuE07nqKDzNhL2Nf9gx+LcTtb6gHLVS4XpbGJFJCKjH5gkunMM/Jbig6hDmpIKClArlqNkbuYA1ezcTWEECYx7MDwpK5oJU4XeVDr9Y3jJvFY9lxhibOnx18EynawAOerdL1iLTQNY0mxkSsEzhtMHtJo7lmxcLlUT4KfBq1qYhfec7qUIMHnFCMZA==&u=U2FsdGVkX1+0ufGPITJEpVA1GdEqYtxs+i8E/em/7UY=&y=U2FsdGVkX1/V3eaOpUKC9kIVry5A5bdGIEozTkjh8oI= HTTP/1.1" 200 25
186.102.46.179 - - [12/Sep/2022:08:10:22 -0500] "GET /kwssiamovil/sm/acme/a?s=U2FsdGVkX19uqGhtCypzKFPRFmjewmmXEE391k9lHXMhd0F1jCf4dCMufvIe/2PWswfMYh1CHpE6514VR/gtkwbDCAakwGNqXEUaqACisD09KfQ3CMlpA2/cZYEI3lOuRRoqKWHSthYWKAMA8ER5LRCNdhlHmpfxIaIKYFZkSKtyPNm5A6SOPsCAQT2oVhyddILsJqV3XlpBAR4onsRPXA==&u=U2FsdGVkX1+0ufGPITJEpVA1GdEqYtxs+i8E/em/7UY=&y=U2FsdGVkX1/V3eaOpUKC9kIVry5A5bdGIEozTkjh8oI= HTTP/1.1" 200 25
186.102.46.179 - - [12/Sep/2022:08:10:23 -0500] "GET /kwssiamovil/sm/acme/a?s=U2FsdGVkX1+GK5bOuGnOXjkR0eXKhZ1cIKfwbxEtfcm6mz4GcYQw0+W3g/ZpiIfHu8plhPRoZLdpjzslZZROZjil86SQ2AU5KSetk9YDbBCS3nByEhD0zVYg+jK/v249Jirt36YbSENh6syu0ldfxNW//GqtYfokGSlYyJEYdZn1MtrFHlE8rYLIJqjL7iTtWiBhFQNvCs6dzOP64JkV/Fs0LkP71S2lMddZ5SGGg/rKB4WIFbh/iAgboxuzA4iY7MS72PoYJ4YYW2mwXS1R3r3/K+8O/gSxEvXVKBKesuTJu9wtPYhOGcC9OsAJ8V2xcR25UUCvDBVQQ1ukftNnOVhhEhun+F3ZESKofXowoNU=&u=U2FsdGVkX1+0ufGPITJEpVA1GdEqYtxs+i8E/em/7UY=&y=U2FsdGVkX1/V3eaOpUKC9kIVry5A5bdGIEozTkjh8oI= HTTP/1.1" 200 25
186.102.46.179 - - [12/Sep/2022:08:10:23 -0500] "GET /kwssiamovil/sm/acme/a?s=U2FsdGVkX18xLQR0ENTeJDWZeRHINMkrdzkNM3q8AaOuKcsQImAVjXjI9V2dCl89tz8uNUB8u/PSmxy/hsS/9Gwf6Cx93M7UOxwqYU+UwcRE+vbC4TqDKs7pvdarB4U0+MSNaoTt4/NuDmtrHp15eYSOxmUcw/wizhhO7OrQWz2yZyBKKoq27MtsnhgdNkIRl7OHZGB+Q4mWukz5FbER5lQE/H/Qb6svIkKTe6J2FOg=&u=U2FsdGVkX1+0ufGPITJEpVA1GdEqYtxs+i8E/em/7UY=&y=U2FsdGVkX1/V3eaOpUKC9kIVry5A5bdGIEozTkjh8oI= HTTP/1.1" 200 25
186.102.46.179 - - [12/Sep/2022:08:10:23 -0500] "GET /kwssiamovil/sm/acme/a?s=U2FsdGVkX1+ASs5NBY+eQ1R3Qi9KhgviPTOjqlui3422GjQvcux2vJ5X/0LZzs59Z+lNERB7ZoDowlW+Wv6+5XejPOzBqXk04oQLEMWhMDKbbMGvjqeLDBAnfQaPr/T7EJU4WCU91dgRt30y5WM2qf4lKCuabmxqxq5TRE2E/j4NLyw9gHRzYHn1xJkz1XFx5Ru+tJDjs5Wd//IvMt2VPQ==&u=U2FsdGVkX1+0ufGPITJEpVA1GdEqYtxs+i8E/em/7UY=&y=U2FsdGVkX1/V3eaOpUKC9kIVry5A5bdGIEozTkjh8oI= HTTP/1.1" 200 25
172.22.2.4 - - [12/Sep/2022:08:10:44 -0500] "GET /BLA/boletinlegal/consulta_actos.php?tipo=resoluciones&no=2349&usuario=&sector=PEV&fecha=2010&resuelve= HTTP/1.1" 200 1102
190.146.120.243 - - [12/Sep/2022:08:10:46 -0500] "GET /BLA/resoluciones/RESOLUCIONES%202010/2349.pdf HTTP/1.1" 200 381020
172.22.2.4 - - [12/Sep/2022:08:11:00 -0500] "GET /BLA/boletinlegal/consulta_actos.php?tipo=resoluciones&no=2350&usuario=&sector=PEV&fecha=2010&resuelve= HTTP/1.1" 200 1101
157.55.39.202 - - [12/Sep/2022:08:11:04 -0500] "GET /BLA/resoluciones/RESOLUCIONES%202022/2443.pdf HTTP/1.1" 200 438764
190.146.120.243 - - [12/Sep/2022:08:11:10 -0500] "GET /BLA/resoluciones/RESOLUCIONES%202010/2350.pdf HTTP/1.1" 200 467412
172.22.2.4 - - [12/Sep/2022:08:09:57 -0500] "HEAD /BLA/boletinlegal/ HTTP/1.1" 200 -
172.22.2.4 - - [12/Sep/2022:08:11:43 -0500] "GET /BLA/boletinlegal/consulta_actos.php?tipo=resoluciones&no=2767&usuario=&sector=PEV&fecha=2009&resuelve= HTTP/1.1" 200 1078
190.146.120.243 - - [12/Sep/2022:08:11:50 -0500] "GET /BLA/resoluciones/RESOLUCIONES%202009/2767.pdf HTTP/1.1" 200 408439
201.245.192.253 - - [12/Sep/2022:08:12:02 -0500] "POST /sipse/faces/presentacion/proyectos/proyecto/listarProyecto.xhtml HTTP/1.1" 200 163
201.245.192.253 - - [12/Sep/2022:08:12:02 -0500] "POST /sipse/faces/presentacion/proyectos/proyecto/listarProyecto.xhtml HTTP/1.1" 200 4867
201.245.192.253 - - [12/Sep/2022:08:12:02 -0500] "GET /sipse/faces/presentacion/proyectos/proyecto/proyecto.xhtml HTTP/1.1" 200 90347
201.245.192.253 - - [12/Sep/2022:08:12:04 -0500] "GET /sipse/faces/javax.faces.resource/theme.css?ln=primefaces-sipse HTTP/1.1" 304 -
201.245.192.253 - - [12/Sep/2022:08:12:04 -0500] "GET /sipse/faces/javax.faces.resource/layout/layout.css?ln=primefaces&v=4.0 HTTP/1.1" 304 -
201.245.192.253 - - [12/Sep/2022:08:12:04 -0500] "GET /sipse/faces/javax.faces.resource/primefaces.css?ln=primefaces&v=4.0 HTTP/1.1" 304 -
201.245.192.253 - - [12/Sep/2022:08:12:04 -0500] "GET /sipse/faces/javax.faces.resource/jquery/jquery-plugins.js?ln=primefaces&v=4.0 HTTP/1.1" 304 -
201.245.192.253 - - [12/Sep/2022:08:12:04 -0500] "GET /sipse/faces/javax.faces.resource/primefaces.js?ln=primefaces&v=4.0 HTTP/1.1" 304 -
201.245.192.253 - - [12/Sep/2022:08:12:04 -0500] "GET /sipse/faces/javax.faces.resource/jquery/jquery.js?ln=primefaces&v=4.0 HTTP/1.1" 304 -
201.245.192.253 - - [12/Sep/2022:08:12:04 -0500] "GET /sipse/faces/javax.faces.resource/layout/layout.js?ln=primefaces&v=4.0 HTTP/1.1" 304 -
201.245.192.253 - - [12/Sep/2022:08:12:05 -0500] "GET /sipse/css/imagen/contrasena.png HTTP/1.1" 404 383
201.245.192.253 - - [12/Sep/2022:08:12:05 -0500] "GET /sipse/faces/javax.faces.resource/images/ui-icons_898989_256x240.png?ln=primefaces-aristo HTTP/1.1" 304 -
201.245.192.253 - - [12/Sep/2022:08:12:05 -0500] "GET /sipse/faces/javax.faces.resource/images/ui-bg_flat_0_2d5972_40x100.png?ln=primefaces-aristo HTTP/1.1" 304 -
201.245.192.253 - - [12/Sep/2022:08:12:04 -0500] "POST /sipse/faces/presentacion/proyectos/proyecto/listarProyecto.xhtml HTTP/1.1" 200 163
201.245.192.253 - - [12/Sep/2022:08:12:05 -0500] "POST /sipse/faces/presentacion/proyectos/proyecto/proyecto.xhtml HTTP/1.1" 200 3253
172.22.2.4 - - [12/Sep/2022:08:12:05 -0500] "GET /BLA/boletinlegal/consulta_actos.php?tipo=resoluciones&no=3684&usuario=&sector=PEV&fecha=2009&resuelve= HTTP/1.1" 200 626
172.22.2.4 - - [12/Sep/2022:08:12:09 -0500] "GET /BLA/boletinlegal/consulta_actos.php?tipo=resoluciones&no=3684&usuario=&sector=PEV&fecha=2010&resuelve= HTTP/1.1" 200 1165
190.146.120.243 - - [12/Sep/2022:08:12:16 -0500] "GET /BLA/resoluciones/RESOLUCIONES%202010/3684.pdf HTTP/1.1" 200 901504
172.22.2.4 - - [12/Sep/2022:08:10:47 -0500] "GET /BLA/boletinlegal/ HTTP/1.1" 200 53640
172.22.2.4 - - [12/Sep/2022:08:12:30 -0500] "GET /BLA/boletinlegal/consulta_actos.php?tipo=resoluciones&no=3681&usuario=&sector=PEV&fecha=2010&resuelve= HTTP/1.1" 200 1165
190.146.120.243 - - [12/Sep/2022:08:12:31 -0500] "GET /BLA/resoluciones/RESOLUCIONES%202010/3681.pdf HTTP/1.1" 200 897646
172.22.2.4 - - [12/Sep/2022:08:12:54 -0500] "GET /BLA/boletinlegal/consulta_actos.php?tipo=resoluciones&no=2635&usuario=&sector=PEV&fecha=2009&resuelve= HTTP/1.1" 200 1284
190.146.120.243 - - [12/Sep/2022:08:12:56 -0500] "GET /BLA/resoluciones/RESOLUCIONES%202009/2635.pdf HTTP/1.1" 200 1227140
216.245.221.92 - - [12/Sep/2022:08:13:02 -0500] "HEAD / HTTP/1.1" 200 -
172.22.2.4 - - [12/Sep/2022:08:13:17 -0500] "GET /BLA/boletinlegal/consulta_actos.php?tipo=resoluciones&no=3679&usuario=&sector=PEV&fecha=2009&resuelve= HTTP/1.1" 200 626
172.22.2.4 - - [12/Sep/2022:08:13:18 -0500] "GET /BLA/boletinlegal/consulta_actos.php?tipo=resoluciones&no=3679&usuario=&sector=PEV&fecha=2009&resuelve= HTTP/1.1" 200 626
172.22.2.4 - - [12/Sep/2022:08:13:21 -0500] "GET /BLA/boletinlegal/consulta_actos.php?tipo=resoluciones&no=3679&usuario=&sector=PEV&fecha=2010&resuelve= HTTP/1.1" 200 1165
190.146.120.243 - - [12/Sep/2022:08:13:23 -0500] "GET /BLA/resoluciones/RESOLUCIONES%202010/3679.pdf HTTP/1.1" 200 884176
201.245.192.253 - - [12/Sep/2022:08:13:37 -0500] "POST /kwsrmcab/Wsrmcab  HTTP/1.1" 200 213
172.22.2.4 - - [12/Sep/2022:08:13:41 -0500] "GET /BLA/boletinlegal/consulta_actos.php?tipo=resoluciones&no=2769&usuario=&sector=PEV&fecha=2010&resuelve= HTTP/1.1" 200 1075
190.146.120.243 - - [12/Sep/2022:08:13:42 -0500] "GET /BLA/resoluciones/RESOLUCIONES%202010/2769.pdf HTTP/1.1" 200 496765
172.22.2.4 - - [12/Sep/2022:08:14:36 -0500] "GET /BLA/boletinlegal/consulta_actos.php?tipo=resoluciones&no=4610&usuario=&sector=PEV&fecha=2010&resuelve= HTTP/1.1" 200 1165
190.146.120.243 - - [12/Sep/2022:08:14:37 -0500] "GET /BLA/resoluciones/RESOLUCIONES%202010/4610.pdf HTTP/1.1" 200 966735
34.141.253.63 - - [12/Sep/2022:08:14:45 -0500] "GET / HTTP/1.1" 200 319
34.141.253.63 - - [12/Sep/2022:08:14:45 -0500] "GET / HTTP/1.1" 200 4720
181.53.12.137 - - [12/Sep/2022:08:15:41 -0500] "GET /BLA/resoluciones/ HTTP/1.1" 200 13093
172.22.2.4 - - [12/Sep/2022:08:16:35 -0500] "GET /BLA/boletinlegal/Circulares/2012/Circular%20No.%204%20del%2019%20de%20abril%20de%202012.pdf HTTP/1.1" 304 -
201.245.192.253 - - [12/Sep/2022:08:16:35 -0500] "POST /sipse/faces/presentacion/proyectos/proyecto/proyecto.xhtml HTTP/1.1" 200 43860
201.245.192.253 - - [12/Sep/2022:08:16:38 -0500] "GET /sipse/faces/javax.faces.resource/spacer/dot_clear.gif?ln=primefaces&v=4.0 HTTP/1.1" 200 42
201.245.192.253 - - [12/Sep/2022:08:16:38 -0500] "POST /sipse/faces/presentacion/proyectos/proyecto/proyecto.xhtml HTTP/1.1" 200 3936
181.53.12.137 - - [12/Sep/2022:08:17:25 -0500] "GET /BLA/resoluciones/index.php?dir=RESOLUCIONES+2021%2F HTTP/1.1" 200 12235
181.53.12.137 - - [12/Sep/2022:08:17:25 -0500] "GET /BLA/resoluciones/index.php?dir=RESOLUCIONES+2021%2F HTTP/1.1" 200 422800
172.22.2.4 - - [12/Sep/2022:08:15:47 -0500] "HEAD /BLA/boletinlegal/ HTTP/1.1" 200 -
181.53.12.137 - - [12/Sep/2022:08:17:36 -0500] "GET /BLA/resoluciones/RESOLUCIONES%202021/1824.pdf HTTP/1.1" 200 472506
216.245.221.92 - - [12/Sep/2022:08:18:02 -0500] "HEAD / HTTP/1.1" 200 -
172.22.2.4 - - [12/Sep/2022:08:16:37 -0500] "GET /BLA/boletinlegal/ HTTP/1.1" 200 60281
172.22.2.4 - - [12/Sep/2022:08:18:19 -0500] "GET /BLA/boletinlegal/style.css HTTP/1.1" 200 9406
172.22.2.4 - - [12/Sep/2022:08:18:19 -0500] "GET /BLA/boletinlegal/styles2.css HTTP/1.1" 200 1838
172.22.2.4 - - [12/Sep/2022:08:18:19 -0500] "GET /BLA/boletinlegal/js/jquery.js HTTP/1.1" 200 57254
172.22.2.4 - - [12/Sep/2022:08:18:19 -0500] "GET /BLA/boletinlegal/js/jquery.scrollShow.js HTTP/1.1" 200 4586
172.22.2.4 - - [12/Sep/2022:08:18:19 -0500] "GET /BLA/boletinlegal/js/jquery.scrollTo-min.js HTTP/1.1" 200 1150
172.22.2.4 - - [12/Sep/2022:08:18:19 -0500] "GET /BLA/boletinlegal/images/cabezote%20BLEGAL.jpg HTTP/1.1" 200 118164
172.22.2.4 - - [12/Sep/2022:08:18:19 -0500] "GET /BLA/boletinlegal/images/subscribe-icon-big.png HTTP/1.1" 200 47702
172.22.2.4 - - [12/Sep/2022:08:18:19 -0500] "GET /BLA/boletinlegal/images/historia.png HTTP/1.1" 200 52775
172.22.2.4 - - [12/Sep/2022:08:18:19 -0500] "GET /BLA/boletinlegal/images/registro-usuarios.png HTTP/1.1" 200 8106
172.22.2.4 - - [12/Sep/2022:08:18:19 -0500] "GET /BLA/boletinlegal/images/arr_l.jpg HTTP/1.1" 200 1979
172.22.2.4 - - [12/Sep/2022:08:18:19 -0500] "GET /BLA/boletinlegal/images/launch.jpg HTTP/1.1" 200 14577
172.22.2.4 - - [12/Sep/2022:08:18:19 -0500] "GET /BLA/boletinlegal/images/screen_1.png HTTP/1.1" 200 202547
172.22.2.4 - - [12/Sep/2022:08:18:19 -0500] "GET /BLA/boletinlegal/images/body_bg.jpg HTTP/1.1" 200 1601
172.22.2.4 - - [12/Sep/2022:08:18:19 -0500] "GET /BLA/boletinlegal/images/bg_top.jpg HTTP/1.1" 200 522
172.22.2.4 - - [12/Sep/2022:08:18:19 -0500] "GET /BLA/boletinlegal/images/menu_lft.gif HTTP/1.1" 200 1713
172.22.2.4 - - [12/Sep/2022:08:18:19 -0500] "GET /BLA/boletinlegal/images/menu_rght.gif HTTP/1.1" 200 1627
172.22.2.4 - - [12/Sep/2022:08:18:19 -0500] "GET /BLA/boletinlegal/images/text.jpg HTTP/1.1" 200 568
172.22.2.4 - - [12/Sep/2022:08:18:19 -0500] "GET /BLA/boletinlegal/images/menu_bg.jpg HTTP/1.1" 200 620
172.22.2.4 - - [12/Sep/2022:08:18:19 -0500] "GET /BLA/boletinlegal/images/hover.jpg HTTP/1.1" 200 640
172.22.2.4 - - [12/Sep/2022:08:18:26 -0500] "GET /BLA/boletinlegal/images/screen_2.png HTTP/1.1" 200 362502
172.22.2.4 - - [12/Sep/2022:08:18:26 -0500] "GET /BLA/boletinlegal/images/screen_3.png HTTP/1.1" 200 210620
172.22.2.4 - - [12/Sep/2022:08:18:26 -0500] "GET /BLA/boletinlegal/images/screen_5.png HTTP/1.1" 200 368876
172.22.2.4 - - [12/Sep/2022:08:18:26 -0500] "GET /BLA/boletinlegal/images/arr_r.jpg HTTP/1.1" 200 1998
172.22.2.4 - - [12/Sep/2022:08:18:26 -0500] "GET /BLA/boletinlegal/images/footer_bg.jpg HTTP/1.1" 200 586
172.22.2.4 - - [12/Sep/2022:08:18:34 -0500] "GET /BLA/boletinlegal/images/pdf.gif HTTP/1.1" 200 567
190.121.155.132 - - [12/Sep/2022:08:18:29 -0500] "GET /Publicaciones/SSFFS-09928.zip HTTP/1.1" 200 21124930
201.245.192.253 - - [12/Sep/2022:08:18:35 -0500] "POST /kwsrmcab/Wsrmcab  HTTP/1.1" 200 213
201.245.192.253 - - [12/Sep/2022:08:19:07 -0500] "POST /kwsrmcab/Wsrmcab HTTP/1.1" 200 42460
172.22.2.4 - - [12/Sep/2022:08:19:14 -0500] "GET /BLA/boletinlegal/consulta_actos.php?tipo=resoluciones&no=0307&usuario=&sector=PEV&fecha=2016&resuelve= HTTP/1.1" 200 626
201.245.192.253 - - [12/Sep/2022:08:19:11 -0500] "POST /kwsrmcab/Wsrmcab HTTP/1.1" 200 40167
172.22.2.4 - - [12/Sep/2022:08:19:16 -0500] "GET /BLA/boletinlegal/consulta_actos.php?tipo=resoluciones&no=0307&usuario=&sector=PEV&fecha=2016&resuelve= HTTP/1.1" 200 626
66.220.149.13 - - [12/Sep/2022:08:19:18 -0500] "GET /images/jardines-verticales-plantas-24-mayo.jpg HTTP/1.1" 200 148288
173.252.107.18 - - [12/Sep/2022:08:19:18 -0500] "GET /quieres-saber-como-ahorrar-energia-en-tu-empresa-secretaria-de-ambiente-lanza-guia-que-te-ayudara.html HTTP/1.1" 206 998
173.252.95.119 - - [12/Sep/2022:08:19:19 -0500] "GET /images/eficiencia-energetica-11-marzo.jpg HTTP/1.1" 200 46478
172.22.2.4 - - [12/Sep/2022:08:19:29 -0500] "GET /BLA/boletinlegal/consulta_actos.php?tipo=resoluciones&no=3073&usuario=&sector=PEV&fecha=2016&resuelve= HTTP/1.1" 200 626
172.22.2.4 - - [12/Sep/2022:08:19:30 -0500] "GET /BLA/boletinlegal/consulta_actos.php?tipo=resoluciones&no=3073&usuario=&sector=PEV&fecha=2016&resuelve= HTTP/1.1" 200 626
172.22.2.4 - - [12/Sep/2022:08:19:30 -0500] "GET /BLA/boletinlegal/consulta_actos.php?tipo=resoluciones&no=3073&usuario=&sector=PEV&fecha=2016&resuelve= HTTP/1.1" 200 626
87.250.224.4 - - [12/Sep/2022:08:19:31 -0500] "-" 408 -
172.22.2.4 - - [12/Sep/2022:08:19:34 -0500] "GET /BLA/boletinlegal/consulta_actos.php?tipo=resoluciones&no=3073&usuario=&sector=PEV&fecha=2015&resuelve= HTTP/1.1" 200 626
173.252.107.7 - - [12/Sep/2022:08:19:35 -0500] "GET /secretaria-de-ambiente-y-sena-abren-curso-de-jardines-verticales.html HTTP/1.1" 206 734
173.252.107.120 - - [12/Sep/2022:08:19:36 -0500] "GET /secretaria-de-ambiente-y-sena-abren-curso-de-jardines-verticales.html HTTP/1.1" 206 734
186.155.109.66 - - [12/Sep/2022:08:19:38 -0500] "GET /secretaria-de-ambiente-y-sena-abren-curso-de-jardines-verticales.html?fbclid=IwAR2kfLqKwPj978k_Vh6gOfKggqMJ45PQSqWY1IlLvLpQO4-oe0lxBvlRkGU HTTP/1.1" 200 734
172.22.2.4 - - [12/Sep/2022:08:19:39 -0500] "GET /BLA/boletinlegal/consulta_actos.php?tipo=resoluciones&no=3073&usuario=&sector=PEV&fecha=2015&resuelve= HTTP/1.1" 200 626
172.22.2.4 - - [12/Sep/2022:08:19:42 -0500] "GET /BLA/boletinlegal/consulta_actos.php?tipo=resoluciones&no=3073&usuario=&sector=PEV&fecha=2017&resuelve= HTTP/1.1" 200 626
172.22.2.4 - - [12/Sep/2022:08:19:48 -0500] "GET /BLA/boletinlegal/consulta_actos.php?tipo=resoluciones&no=3072&usuario=&sector=PEV&fecha=2017&resuelve= HTTP/1.1" 200 626
172.22.2.4 - - [12/Sep/2022:08:19:53 -0500] "GET /BLA/boletinlegal/consulta_actos.php?tipo=resoluciones&no=3072&usuario=&sector=PEV&fecha=2016&resuelve= HTTP/1.1" 200 626
172.22.2.4 - - [12/Sep/2022:08:19:54 -0500] "GET /BLA/boletinlegal/consulta_actos.php?tipo=resoluciones&no=3072&usuario=&sector=PEV&fecha=2016&resuelve= HTTP/1.1" 200 626
172.22.2.4 - - [12/Sep/2022:08:19:56 -0500] "GET /BLA/boletinlegal/consulta_actos.php?tipo=resoluciones&no=3072&usuario=&sector=PEV&fecha=2016&resuelve= HTTP/1.1" 200 626
172.22.2.4 - - [12/Sep/2022:08:18:19 -0500] "GET /BLA/boletinlegal/ HTTP/1.1" 200 63207
172.22.2.4 - - [12/Sep/2022:08:19:59 -0500] "GET /BLA/boletinlegal/favicon.ico HTTP/1.1" 404 1308
201.245.192.253 - - [12/Sep/2022:08:20:05 -0500] "POST /sipse/faces/presentacion/proyectos/proyecto/proyecto.xhtml HTTP/1.1" 200 71234
191.108.7.60 - - [12/Sep/2022:08:20:15 -0500] "GET /kwssiamovil/sm/ldap/au?x=U2FsdGVkX1/ZMQRFz4oVxKMq+FtT24kwp0nzYCKMfPK5IzU9V5Zc0FH4i3qFX+ug&y=U2FsdGVkX19G/KA54VjhhF1BxG2RijPvD8h2NIqZzcqIwVVMlYAW2yaAztVcxkNa HTTP/1.1" 200 30
191.108.7.60 - - [12/Sep/2022:08:20:15 -0500] "GET /kwssiamovil/sm/acme/s?s=U2FsdGVkX180diKSQp2S8yS1K5OQrZZ2CxDae53ljXntBL8TbRuKIiRzwtUaNXYs+mN8ITIWVN05enlkuXs+uUvk5kiWm6nXbMPKhAsMOIo=&u=U2FsdGVkX18KbKgqUYi1zEhFSlG0HyskGnriEiz65dQ=&y=U2FsdGVkX19G/KA54VjhhF1BxG2RijPvD8h2NIqZzcqIwVVMlYAW2yaAztVcxkNa HTTP/1.1" 200 97
191.108.7.60 - - [12/Sep/2022:08:20:15 -0500] "GET /kwssiamovil/sm/acme/s?s=U2FsdGVkX18BNR6k0Y/aB59PChxtYvTfXaw4z5pvHlxMBNWDsQNC/vmkDpOhdVkDdnlsMd4QQZ9Zli5GfECtfDwM69lW57eBqJF5b19p3gX+LYS+zUTKXQy1qkCCjRQix6Pog0efcwaNc+2SjI32wNwSTaOrdXaHkK8ArjKvnecf5Xmc1rD20rm1k+XUaVXQw1jVnZjhPek38vDMMwzqDsFXaRmkTJ8wR/+iKDzNmPNHJfxt7opclo/HsppB5clt+oy2X75W1egFbslojqLVwgzez9C9MBw0WZmIPG+MfhK4PinMzhJQUIbg9VgALa4k0aQP//1grfwisthMg+I8hr+U0rcDhooRxaqLMSVRNlD8TJA5ZyB/S4BkpY7XXihQ82VHFb6MCRxNrxBw0cfp72suuAXoPRVoQ6OPNh5F1UVTWKtDHNEfg1brfqdp9RIMjT+CI3ECb/1bk1ouvrURHoBXI4VXEoMPfhhuBRYocBFuLM8p4Et1hyANM+flzB4swj/R29er5Wuwmf7MBkGxiorIBG/F4iFqs7JS7iQjp9vvC4jBISd9+Dq3bmaRlT8O3r6410WBAPP9HInm61znKmDBCjsGWO1DHh6SWjyN0+c1ZrQVbUrOs85k3LUbNBy7kLCAPDCMLN82HsvdUSs/5TMGQIc8EFSgVRNRITxjV0815ZqgMwLqjx4X+x9xnE+MwMzdvxeTak6PIa5gbg4XDrW+rl5x/iv/HvMUfWGAWd7GFEI7w1reWxfFmy+dKz8lkraySvkwm8yCk14JsPJI2+ouQhEgEDTwBzatFBpK+F65hXFl9kxTYzdWUd3Oy4hyhaqytWCmImAi3UFb4s/FtOsvCcexJwq+GkMs/NdcGm7FhAHrtmnoOtFzZgVkFcvx4E4sxH2FQ85IOkM1riVK4UwtbSl2zbi9hCFsLSFAQM8cOfuybq93kH+91XmRZNesEushGrDjq4ImC74H+XRcRs2CfdikpAhGOSsZ7E3zsQMc3DTR8fu75oq4AdiasrfJpU9742fhYpW6H1fQpOSXBhKw+o3/8xumiGRCK0qMpgAdvALTPqggNLQWPWuG/NWvBozY9JHqtxSD3xq770BSXR/KvM/Tm8Tfj51DjrBMGmetubUT1Hw2s2E49B8Z1SyYNGQaMJyeV1hj13TV49snuAUYE19mLgIYbei9unL4HJNHLru4NnYe8NzSIEHzikY6CirAYsfsmAIkY21o1AnKYTNqvgJ+AdH6Qg3k22iYD8q/6kMeOHqdvXyBWMM09nVDOXecnJc504vyABPoST/3J2dNQOB/OdxP2bR0RVWv88mfWCxsZ8xqjGrM4YCdrStBYajOfO3PIOrK55MptBWQ+hbh85Sf32IrZWnvffiAODg=&u=U2FsdGVkX18KbKgqUYi1zEhFSlG0HyskGnriEiz65dQ=&y=U2FsdGVkX19G/KA54VjhhF1BxG2RijPvD8h2NIqZzcqIwVVMlYAW2yaAztVcxkNa HTTP/1.1" 200 4763
191.108.7.60 - - [12/Sep/2022:08:20:15 -0500] "GET /kwssiamovil/sm/acme/s?s=U2FsdGVkX19e9wOPo74qNjnufi9CXVNvLx9s/a/DZaDuEQuiobemmQTwOOJcOzmlajQ54/QC/vBjeIDUahr1YfjxA8BmieZDSBeJrMEJ+bcUD2SyNFYljd6cJSdZOFq0Q8EYz9+IQb5P3ud5Njg0LyihboUP9FLQEhFBXwr64oJfxPbvZasjoZI8IGcFxVoJBdxuRe7ExeD+ewwRy8dPPQeAjNOM7ePT7kZ7A4lzZgLmrAbfGDhaVxN+HqYNFE3Dm2r/tVbsT6Iif/ShotP5OXfj6AiT8pM2br+ScOEgv+Q=&u=U2FsdGVkX18KbKgqUYi1zEhFSlG0HyskGnriEiz65dQ=&y=U2FsdGVkX19G/KA54VjhhF1BxG2RijPvD8h2NIqZzcqIwVVMlYAW2yaAztVcxkNa HTTP/1.1" 200 176
191.108.7.60 - - [12/Sep/2022:08:20:16 -0500] "GET /kwssiamovil/sm/cjson/pre?f=1&x=U2FsdGVkX1/ZMQRFz4oVxKMq+FtT24kwp0nzYCKMfPK5IzU9V5Zc0FH4i3qFX+ug HTTP/1.1" 200 30992
172.22.2.4 - - [12/Sep/2022:08:20:24 -0500] "GET /BLA/boletinlegal/consulta_actos.php?tipo=resoluciones&no=3032&usuario=&sector=PEV&fecha=2016&resuelve= HTTP/1.1" 200 626
172.22.2.4 - - [12/Sep/2022:08:20:25 -0500] "GET /BLA/boletinlegal/consulta_actos.php?tipo=resoluciones&no=3032&usuario=&sector=PEV&fecha=2016&resuelve= HTTP/1.1" 200 626
172.22.2.4 - - [12/Sep/2022:08:20:26 -0500] "GET /BLA/boletinlegal/consulta_actos.php?tipo=resoluciones&no=3032&usuario=&sector=PEV&fecha=2016&resuelve= HTTP/1.1" 200 626
172.22.2.4 - - [12/Sep/2022:08:20:29 -0500] "GET /BLA/boletinlegal/consulta_actos.php?tipo=resoluciones&no=3032&usuario=&sector=PEV&fecha=2015&resuelve= HTTP/1.1" 200 1110
201.245.192.253 - - [12/Sep/2022:08:20:33 -0500] "POST /sipse/faces/presentacion/proyectos/proyecto/proyecto.xhtml HTTP/1.1" 200 71784
190.146.120.243 - - [12/Sep/2022:08:20:38 -0500] "GET /BLA/resoluciones/RESOLUCIONES%202015/3032.pdf HTTP/1.1" 200 562368
172.22.2.4 - - [12/Sep/2022:08:20:50 -0500] "GET /BLA/boletinlegal/consulta_actos.php?tipo=resoluciones&no=3055&usuario=&sector=PEV&fecha=2015&resuelve= HTTP/1.1" 200 1116
190.146.120.243 - - [12/Sep/2022:08:20:51 -0500] "GET /BLA/resoluciones/RESOLUCIONES%202015/3055.pdf HTTP/1.1" 200 716631
201.245.192.253 - - [12/Sep/2022:08:20:50 -0500] "POST /sipse/faces/presentacion/proyectos/proyecto/proyecto.xhtml HTTP/1.1" 200 34422
201.245.192.253 - - [12/Sep/2022:08:21:06 -0500] "POST /sipse/faces/presentacion/proyectos/proyecto/proyecto.xhtml HTTP/1.1" 200 175504
201.245.192.253 - - [12/Sep/2022:08:21:07 -0500] "GET /sipse/faces/javax.faces.resource/theme.css?ln=primefaces-sipse HTTP/1.1" 304 -
201.245.192.253 - - [12/Sep/2022:08:21:07 -0500] "GET /sipse/faces/javax.faces.resource/layout/layout.css?ln=primefaces&v=4.0 HTTP/1.1" 304 -
201.245.192.253 - - [12/Sep/2022:08:21:07 -0500] "GET /sipse/faces/javax.faces.resource/primefaces.css?ln=primefaces&v=4.0 HTTP/1.1" 304 -
201.245.192.253 - - [12/Sep/2022:08:21:07 -0500] "GET /sipse/faces/javax.faces.resource/jquery/jquery.js?ln=primefaces&v=4.0 HTTP/1.1" 304 -
201.245.192.253 - - [12/Sep/2022:08:21:07 -0500] "GET /sipse/faces/javax.faces.resource/jquery/jquery-plugins.js?ln=primefaces&v=4.0 HTTP/1.1" 304 -
201.245.192.253 - - [12/Sep/2022:08:21:07 -0500] "GET /sipse/faces/javax.faces.resource/primefaces.js?ln=primefaces&v=4.0 HTTP/1.1" 304 -
201.245.192.253 - - [12/Sep/2022:08:21:07 -0500] "GET /sipse/faces/javax.faces.resource/layout/layout.js?ln=primefaces&v=4.0 HTTP/1.1" 304 -
172.22.2.4 - - [12/Sep/2022:08:21:11 -0500] "GET /BLA/boletinlegal/consulta_actos.php?tipo=resoluciones&no=0245&usuario=&sector=PEV&fecha=2009&resuelve= HTTP/1.1" 200 1179
190.146.120.243 - - [12/Sep/2022:08:21:12 -0500] "GET /BLA/resoluciones/RESOLUCIONES%202009/0245.pdf HTTP/1.1" 200 563534
172.22.2.4 - - [12/Sep/2022:08:21:48 -0500] "GET /BLA/boletinlegal/consulta_actos.php?tipo=resoluciones&no=2483&usuario=&sector=PEV&fecha=2010&resuelve= HTTP/1.1" 200 1019
186.84.88.155 - - [12/Sep/2022:08:21:54 -0500] "GET /sipse/faces/faces/autenticacion.xhtml HTTP/1.1" 200 12496
186.84.88.155 - - [12/Sep/2022:08:21:54 -0500] "GET /sipse/js/disable_browser_buttons.js HTTP/1.1" 200 3230
186.84.88.155 - - [12/Sep/2022:08:21:54 -0500] "GET /sipse/css/custom_css_sg.css HTTP/1.1" 200 9694
186.84.88.155 - - [12/Sep/2022:08:21:54 -0500] "GET /sipse/css/custom_css_sg_prime_login.css HTTP/1.1" 200 443
186.84.88.155 - - [12/Sep/2022:08:21:54 -0500] "GET /sipse/faces/javax.faces.resource/layout/layout.css;jsessionid=s9ZOANz4lG8VNDrgn7EP+LSa.undefined?ln=primefaces&v=4.0 HTTP/1.1" 200 542
186.84.88.155 - - [12/Sep/2022:08:21:54 -0500] "GET /sipse/js/funciones.js HTTP/1.1" 200 12592
186.84.88.155 - - [12/Sep/2022:08:21:54 -0500] "GET /sipse/faces/javax.faces.resource/primefaces.css;jsessionid=s9ZOANz4lG8VNDrgn7EP+LSa.undefined?ln=primefaces&v=4.0 HTTP/1.1" 200 53295
186.84.88.155 - - [12/Sep/2022:08:21:54 -0500] "GET /sipse/faces/javax.faces.resource/theme.css?ln=primefaces-sipse HTTP/1.1" 200 50058
186.84.88.155 - - [12/Sep/2022:08:21:55 -0500] "GET /sipse/faces/javax.faces.resource/jquery/jquery.js;jsessionid=s9ZOANz4lG8VNDrgn7EP+LSa.undefined?ln=primefaces&v=4.0 HTTP/1.1" 200 105384
186.84.88.155 - - [12/Sep/2022:08:21:55 -0500] "GET /sipse/faces/javax.faces.resource/layout/layout.js;jsessionid=s9ZOANz4lG8VNDrgn7EP+LSa.undefined?ln=primefaces&v=4.0 HTTP/1.1" 200 87560
186.84.88.155 - - [12/Sep/2022:08:21:55 -0500] "GET /sipse/faces/javax.faces.resource/jquery/jquery-plugins.js;jsessionid=s9ZOANz4lG8VNDrgn7EP+LSa.undefined?ln=primefaces&v=4.0 HTTP/1.1" 200 220526
186.84.88.155 - - [12/Sep/2022:08:21:55 -0500] "GET /sipse/faces/javax.faces.resource/primefaces.js;jsessionid=s9ZOANz4lG8VNDrgn7EP+LSa.undefined?ln=primefaces&v=4.0 HTTP/1.1" 200 276924
186.84.88.155 - - [12/Sep/2022:08:21:55 -0500] "GET /sipse/css/imagen/logoSDG.png HTTP/1.1" 200 53064
186.84.88.155 - - [12/Sep/2022:08:21:55 -0500] "GET /sipse/css/imagen/loginimg.png HTTP/1.1" 200 71635
186.84.88.155 - - [12/Sep/2022:08:21:55 -0500] "GET /sipse/faces/javax.faces.resource/images/ui-icons_898989_256x240.png?ln=primefaces-aristo HTTP/1.1" 200 5355
186.84.88.155 - - [12/Sep/2022:08:21:55 -0500] "GET /sipse/faces/faces/index.xhtml HTTP/1.1" 200 677
186.84.88.155 - - [12/Sep/2022:08:21:56 -0500] "GET /sipse/faces/javax.faces.resource/theme.css?ln=primefaces-sipse HTTP/1.1" 304 -
186.84.88.155 - - [12/Sep/2022:08:21:56 -0500] "GET /sipse/faces/faces/faces/autenticacion.xhtml HTTP/1.1" 200 12174
186.84.88.155 - - [12/Sep/2022:08:21:56 -0500] "GET /sipse/faces/javax.faces.resource/theme.css?ln=primefaces-sipse HTTP/1.1" 304 -
186.84.88.155 - - [12/Sep/2022:08:21:56 -0500] "GET /sipse/faces/javax.faces.resource/layout/layout.css?ln=primefaces&v=4.0 HTTP/1.1" 200 542
186.84.88.155 - - [12/Sep/2022:08:21:56 -0500] "GET /sipse/faces/javax.faces.resource/primefaces.css?ln=primefaces&v=4.0 HTTP/1.1" 200 53295
