201.245.192.253 - - [13/Sep/2022:12:41:54 -0500] "GET /sipse/faces/javax.faces.resource/primefaces.js?ln=primefaces&v=4.0 HTTP/1.1" 304 -
201.245.192.253 - - [13/Sep/2022:12:41:54 -0500] "GET /sipse/faces/javax.faces.resource/layout/layout.js?ln=primefaces&v=4.0 HTTP/1.1" 304 -
201.245.192.253 - - [13/Sep/2022:12:41:54 -0500] "POST /sipse/faces/presentacion/financiero/solicitudProceso/listarSolicitudProceso.xhtml HTTP/1.1" 200 39501
201.245.192.253 - - [13/Sep/2022:12:41:54 -0500] "POST /sipse/faces/presentacion/financiero/solicitudProceso/listarSolicitudProceso.xhtml HTTP/1.1" 200 39501
201.245.192.253 - - [13/Sep/2022:12:41:54 -0500] "POST /sipse/faces/presentacion/financiero/solicitudProceso/listarSolicitudProceso.xhtml HTTP/1.1" 200 39501
201.245.192.253 - - [13/Sep/2022:12:41:54 -0500] "POST /sipse/faces/presentacion/financiero/solicitudProceso/listarSolicitudProceso.xhtml HTTP/1.1" 200 1460
201.245.192.253 - - [13/Sep/2022:12:41:55 -0500] "POST /sipse/faces/presentacion/financiero/solicitudProceso/listarSolicitudProceso.xhtml HTTP/1.1" 200 1448
201.245.192.253 - - [13/Sep/2022:12:41:55 -0500] "POST /sipse/faces/presentacion/financiero/solicitudProceso/listarSolicitudProceso.xhtml HTTP/1.1" 200 1464
201.245.192.253 - - [13/Sep/2022:12:41:55 -0500] "POST /sipse/faces/presentacion/financiero/solicitudProceso/listarSolicitudProceso.xhtml HTTP/1.1" 200 1448
199.16.157.182 - - [13/Sep/2022:12:42:07 -0500] "GET /images/zorro-12-sept_optimized.jpeg HTTP/1.1" 200 26663
199.16.157.182 - - [13/Sep/2022:12:42:07 -0500] "GET /images/zorro-12-sept_optimized.jpeg HTTP/1.1" 200 26663
199.16.157.182 - - [13/Sep/2022:12:42:07 -0500] "GET /images/zorro-12-sept_optimized.jpeg HTTP/1.1" 200 26663
199.16.157.183 - - [13/Sep/2022:12:42:07 -0500] "GET /images/zorro-12-sept_optimized.jpeg HTTP/1.1" 200 26663
199.16.157.183 - - [13/Sep/2022:12:42:10 -0500] "GET /images/zorro-12-sept_optimized.jpeg HTTP/1.1" 200 26663
199.16.157.180 - - [13/Sep/2022:12:42:12 -0500] "GET /images/zorro-12-sept_optimized.jpeg HTTP/1.1" 200 26663
201.245.192.253 - - [13/Sep/2022:12:42:24 -0500] "POST /sipse/faces/presentacion/financiero/solicitudProceso/listarSolicitudProceso.xhtml HTTP/1.1" 200 118140
201.245.192.253 - - [13/Sep/2022:12:42:25 -0500] "GET /sipse/faces/javax.faces.resource/jquery/jquery.js?ln=primefaces&v=4.0 HTTP/1.1" 304 -
201.245.192.253 - - [13/Sep/2022:12:42:25 -0500] "GET /sipse/faces/javax.faces.resource/jquery/jquery-plugins.js?ln=primefaces&v=4.0 HTTP/1.1" 304 -
201.245.192.253 - - [13/Sep/2022:12:42:25 -0500] "GET /sipse/faces/javax.faces.resource/primefaces.js?ln=primefaces&v=4.0 HTTP/1.1" 304 -
201.245.192.253 - - [13/Sep/2022:12:42:25 -0500] "GET /sipse/faces/javax.faces.resource/layout/layout.js?ln=primefaces&v=4.0 HTTP/1.1" 304 -
201.245.192.253 - - [13/Sep/2022:12:42:25 -0500] "GET /sipse/faces/javax.faces.resource/dynamiccontent.properties?ln=primefaces&pfdrid=XjOR5%2F%2FfPAZAuY9TpWQeCiM0BhlXxYRBGKi%2FQcXXfeA%3D&pfdrid_c=false HTTP/1.1" 500 383
216.245.221.92 - - [13/Sep/2022:12:42:57 -0500] "HEAD / HTTP/1.1" 200 -
199.16.157.181 - - [13/Sep/2022:12:43:14 -0500] "GET /images/zorro-12-sept_optimized.jpeg HTTP/1.1" 200 26663
201.245.192.253 - - [13/Sep/2022:12:43:44 -0500] "POST /sipse/faces/presentacion/financiero/solicitudProceso/listarSolicitudProceso.xhtml HTTP/1.1" 200 147797
201.245.192.253 - - [13/Sep/2022:12:43:46 -0500] "GET /sipse/faces/javax.faces.resource/theme.css?ln=primefaces-sipse HTTP/1.1" 304 -
201.245.192.253 - - [13/Sep/2022:12:43:46 -0500] "GET /sipse/faces/javax.faces.resource/primefaces.css?ln=primefaces&v=4.0 HTTP/1.1" 304 -
201.245.192.253 - - [13/Sep/2022:12:43:46 -0500] "GET /sipse/faces/javax.faces.resource/layout/layout.css?ln=primefaces&v=4.0 HTTP/1.1" 304 -
201.245.192.253 - - [13/Sep/2022:12:43:46 -0500] "GET /sipse/faces/javax.faces.resource/jquery/jquery.js?ln=primefaces&v=4.0 HTTP/1.1" 304 -
201.245.192.253 - - [13/Sep/2022:12:43:46 -0500] "GET /sipse/faces/javax.faces.resource/jquery/jquery-plugins.js?ln=primefaces&v=4.0 HTTP/1.1" 304 -
201.245.192.253 - - [13/Sep/2022:12:43:47 -0500] "GET /sipse/faces/javax.faces.resource/primefaces.js?ln=primefaces&v=4.0 HTTP/1.1" 304 -
201.245.192.253 - - [13/Sep/2022:12:43:47 -0500] "GET /sipse/faces/javax.faces.resource/layout/layout.js?ln=primefaces&v=4.0 HTTP/1.1" 304 -
201.245.192.253 - - [13/Sep/2022:12:43:47 -0500] "GET /sipse/faces/javax.faces.resource/dynamiccontent.properties?ln=primefaces&pfdrid=XjOR5%2F%2FfPAZAuY9TpWQeCiM0BhlXxYRBGKi%2FQcXXfeA%3D&pfdrid_c=false HTTP/1.1" 500 383
201.245.192.253 - - [13/Sep/2022:12:43:51 -0500] "POST /sipse/faces/presentacion/financiero/solicitudProceso/consultarSolicitudProceso.xhtml HTTP/1.1" 200 280744
201.245.192.253 - - [13/Sep/2022:12:43:53 -0500] "POST /sipse/faces/presentacion/financiero/solicitudProceso/consultarSolicitudProceso.xhtml HTTP/1.1" 200 642304
199.16.157.182 - - [13/Sep/2022:12:44:12 -0500] "GET /images/zorro-12-sept_optimized.jpeg HTTP/1.1" 200 26663
199.16.157.180 - - [13/Sep/2022:12:44:12 -0500] "GET /images/zorro-12-sept_optimized.jpeg HTTP/1.1" 200 26663
199.16.157.180 - - [13/Sep/2022:12:44:12 -0500] "GET /images/zorro-12-sept_optimized.jpeg HTTP/1.1" 200 26663
199.16.157.180 - - [13/Sep/2022:12:44:12 -0500] "GET /images/zorro-12-sept_optimized.jpeg HTTP/1.1" 200 26663
66.249.75.63 - - [13/Sep/2022:12:44:24 -0500] "-" 408 -
199.16.157.182 - - [13/Sep/2022:12:44:29 -0500] "GET /images/zorro-12-sept_optimized.jpeg HTTP/1.1" 200 26663
172.22.2.4 - - [13/Sep/2022:12:44:32 -0500] "GET /BLA/boletinlegal/jurisprudencia/analisis/analisis%20C-595-2010.doc HTTP/1.1" 200 39424
207.46.13.86 - - [13/Sep/2022:12:44:33 -0500] "GET /BLA/resoluciones/index.php?dir=RESOLUCIONES+1999%2F HTTP/1.1" 200 10377
172.22.2.4 - - [13/Sep/2022:12:44:41 -0500] "GET /BLA/boletinlegal/jurisprudencia/analisis/analisis%20C-595-2010.doc HTTP/1.1" 200 39424
201.245.192.253 - - [13/Sep/2022:12:44:49 -0500] "POST /kwsrmcab/Wsrmcab  HTTP/1.1" 200 38139
157.55.39.196 - - [13/Sep/2022:12:46:03 -0500] "GET /BLA/resoluciones/RESOLUCIONES%202016/1009.pdf HTTP/1.1" 200 332065
199.16.157.180 - - [13/Sep/2022:12:46:15 -0500] "GET /images/zorro-12-sept_optimized.jpeg HTTP/1.1" 200 26663
172.22.2.4 - - [13/Sep/2022:12:46:16 -0500] "GET /BLA/boletinlegal/consulta_actos.php?tipo=autos&no=&usuario=&sector=VERTIMIENTOS&fecha=2022&resuelve= HTTP/1.1" 200 153288
199.16.157.180 - - [13/Sep/2022:12:46:29 -0500] "GET /images/zorro-12-sept_optimized.jpeg HTTP/1.1" 200 26663
199.16.157.182 - - [13/Sep/2022:12:46:29 -0500] "GET /images/zorro-12-sept_optimized.jpeg HTTP/1.1" 200 26663
199.16.157.183 - - [13/Sep/2022:12:46:29 -0500] "GET /images/zorro-12-sept_optimized.jpeg HTTP/1.1" 200 26663
199.16.157.180 - - [13/Sep/2022:12:46:29 -0500] "GET /images/zorro-12-sept_optimized.jpeg HTTP/1.1" 200 26663
199.16.157.180 - - [13/Sep/2022:12:46:29 -0500] "GET /images/zorro-12-sept_optimized.jpeg HTTP/1.1" 200 26663
199.16.157.181 - - [13/Sep/2022:12:46:29 -0500] "GET /images/zorro-12-sept_optimized.jpeg HTTP/1.1" 200 26663
199.16.157.182 - - [13/Sep/2022:12:46:29 -0500] "GET /images/zorro-12-sept_optimized.jpeg HTTP/1.1" 200 26663
199.16.157.182 - - [13/Sep/2022:12:46:29 -0500] "GET /images/zorro-12-sept_optimized.jpeg HTTP/1.1" 200 26663
172.22.2.4 - - [13/Sep/2022:12:44:56 -0500] "HEAD /BLA/boletinlegal/ HTTP/1.1" 200 -
199.16.157.181 - - [13/Sep/2022:12:46:41 -0500] "GET /images/zorro-12-sept_optimized.jpeg HTTP/1.1" 200 26663
181.235.115.108 - - [13/Sep/2022:12:46:51 -0500] "GET /BLA/resoluciones/AUTOS%202022/2441.pdf HTTP/1.1" 200 397359
181.235.115.108 - - [13/Sep/2022:12:47:11 -0500] "GET /BLA/resoluciones/AUTOS%202022/2973.pdf HTTP/1.1" 200 469780
181.235.115.108 - - [13/Sep/2022:12:47:12 -0500] "GET /BLA/resoluciones/AUTOS%202022/2793.pdf HTTP/1.1" 200 435804
181.235.115.108 - - [13/Sep/2022:12:47:12 -0500] "GET /BLA/resoluciones/AUTOS%202022/2849.pdf HTTP/1.1" 200 470636
181.235.115.108 - - [13/Sep/2022:12:47:12 -0500] "GET /BLA/resoluciones/AUTOS%202022/2897.pdf HTTP/1.1" 200 456366
181.235.115.108 - - [13/Sep/2022:12:47:13 -0500] "GET /BLA/resoluciones/AUTOS%202022/2938.pdf HTTP/1.1" 200 396289
181.235.115.108 - - [13/Sep/2022:12:47:13 -0500] "GET /BLA/resoluciones/AUTOS%202022/2987.pdf HTTP/1.1" 200 404386
181.235.115.108 - - [13/Sep/2022:12:47:14 -0500] "GET /BLA/resoluciones/AUTOS%202022/3001.pdf HTTP/1.1" 200 421600
181.235.115.108 - - [13/Sep/2022:12:47:14 -0500] "GET /BLA/resoluciones/AUTOS%202022/3023.pdf HTTP/1.1" 200 373109
181.235.115.108 - - [13/Sep/2022:12:47:15 -0500] "GET /BLA/resoluciones/AUTOS%202022/3069.pdf HTTP/1.1" 200 491468
181.235.115.108 - - [13/Sep/2022:12:47:15 -0500] "GET /BLA/resoluciones/AUTOS%202022/3265.pdf HTTP/1.1" 200 386252
199.16.157.180 - - [13/Sep/2022:12:47:26 -0500] "GET /images/zorro-12-sept_optimized.jpeg HTTP/1.1" 200 26663
172.22.2.4 - - [13/Sep/2022:12:45:47 -0500] "GET /BLA/boletinlegal/ HTTP/1.1" 200 58163
181.235.115.108 - - [13/Sep/2022:12:47:34 -0500] "GET /BLA/resoluciones/AUTOS%202022/2439.pdf HTTP/1.1" 200 408748
216.245.221.92 - - [13/Sep/2022:12:47:57 -0500] "HEAD / HTTP/1.1" 200 -
172.22.2.4 - - [13/Sep/2022:12:48:17 -0500] "GET /BLA/boletinlegal/actos.php HTTP/1.1" 200 9559
172.22.2.4 - - [13/Sep/2022:12:48:17 -0500] "GET /BLA/boletinlegal/js/ajax_actos.js HTTP/1.1" 200 1322
172.22.2.4 - - [13/Sep/2022:12:48:17 -0500] "GET /BLA/boletinlegal/niceforms-default.css HTTP/1.1" 200 6694
172.22.2.4 - - [13/Sep/2022:12:48:17 -0500] "GET /BLA/boletinlegal/style.css HTTP/1.1" 200 9406
172.22.2.4 - - [13/Sep/2022:12:48:17 -0500] "GET /BLA/boletinlegal/niceforms.js HTTP/1.1" 200 22876
172.22.2.4 - - [13/Sep/2022:12:48:17 -0500] "GET /BLA/boletinlegal/js/lib.js HTTP/1.1" 200 6474
172.22.2.4 - - [13/Sep/2022:12:48:17 -0500] "GET /BLA/boletinlegal/styles2.css HTTP/1.1" 200 1838
172.22.2.4 - - [13/Sep/2022:12:48:17 -0500] "GET /BLA/boletinlegal/js/popup.js HTTP/1.1" 200 1270
172.22.2.4 - - [13/Sep/2022:12:48:17 -0500] "GET /BLA/boletinlegal/js/jquery1.js HTTP/1.1" 200 29846
172.22.2.4 - - [13/Sep/2022:12:48:17 -0500] "GET /BLA/boletinlegal/images/cabezote%20BLEGAL.jpg HTTP/1.1" 200 118164
172.22.2.4 - - [13/Sep/2022:12:48:17 -0500] "GET /BLA/boletinlegal/images/subscribe-icon-big.png HTTP/1.1" 200 47702
172.22.2.4 - - [13/Sep/2022:12:48:17 -0500] "GET /BLA/boletinlegal/images/registro-usuarios.png HTTP/1.1" 200 8106
172.22.2.4 - - [13/Sep/2022:12:48:17 -0500] "GET /BLA/boletinlegal/images/historia.png HTTP/1.1" 200 52775
172.22.2.4 - - [13/Sep/2022:12:48:17 -0500] "GET /BLA/boletinlegal/images/green-yellow-blue-pink-th.png HTTP/1.1" 200 7394
172.22.2.4 - - [13/Sep/2022:12:48:17 -0500] "GET /BLA/boletinlegal/images/abajo.png HTTP/1.1" 200 96676
172.22.2.4 - - [13/Sep/2022:12:48:17 -0500] "GET /BLA/boletinlegal/images/tel.png HTTP/1.1" 200 14477
172.22.2.4 - - [13/Sep/2022:12:48:17 -0500] "GET /BLA/boletinlegal/images/icono-email.png HTTP/1.1" 200 5544
172.22.2.4 - - [13/Sep/2022:12:48:17 -0500] "GET /BLA/boletinlegal/images/body_bg.jpg HTTP/1.1" 200 1601
172.22.2.4 - - [13/Sep/2022:12:48:17 -0500] "GET /BLA/boletinlegal/images/menu_lft.gif HTTP/1.1" 200 1713
172.22.2.4 - - [13/Sep/2022:12:48:17 -0500] "GET /BLA/boletinlegal/images/menu_rght.gif HTTP/1.1" 200 1627
172.22.2.4 - - [13/Sep/2022:12:48:17 -0500] "GET /BLA/boletinlegal/images/bg_top.jpg HTTP/1.1" 200 522
172.22.2.4 - - [13/Sep/2022:12:48:17 -0500] "GET /BLA/boletinlegal/images/menu_bg.jpg HTTP/1.1" 200 620
172.22.2.4 - - [13/Sep/2022:12:48:17 -0500] "GET /BLA/boletinlegal/images/hover.jpg HTTP/1.1" 200 640
172.22.2.4 - - [13/Sep/2022:12:48:17 -0500] "GET /BLA/boletinlegal/images/text.jpg HTTP/1.1" 200 568
172.22.2.4 - - [13/Sep/2022:12:48:17 -0500] "GET /BLA/boletinlegal/images/footer_bg.jpg HTTP/1.1" 200 586
172.22.2.4 - - [13/Sep/2022:12:48:17 -0500] "GET /BLA/boletinlegal/images/footer_bg_l.jpg HTTP/1.1" 200 776
172.22.2.4 - - [13/Sep/2022:12:48:17 -0500] "GET /BLA/boletinlegal/img/0.png HTTP/1.1" 200 110
172.22.2.4 - - [13/Sep/2022:12:48:17 -0500] "GET /BLA/boletinlegal/img/select-left.png HTTP/1.1" 200 263
172.22.2.4 - - [13/Sep/2022:12:48:17 -0500] "GET /BLA/boletinlegal/img/select-right.png HTTP/1.1" 200 44019
172.22.2.4 - - [13/Sep/2022:12:48:17 -0500] "GET /BLA/boletinlegal/img/button-left.png HTTP/1.1" 200 57071
172.22.2.4 - - [13/Sep/2022:12:48:17 -0500] "GET /BLA/boletinlegal/img/button.png HTTP/1.1" 200 43241
172.22.2.4 - - [13/Sep/2022:12:48:17 -0500] "GET /BLA/boletinlegal/img/button-right.png HTTP/1.1" 200 57878
172.22.2.4 - - [13/Sep/2022:12:48:17 -0500] "GET /BLA/boletinlegal/favicon.ico HTTP/1.1" 404 1326
199.16.157.180 - - [13/Sep/2022:12:48:18 -0500] "GET /images/zorro-12-sept_optimized.jpeg HTTP/1.1" 200 26663
66.249.72.73 - - [13/Sep/2022:12:48:31 -0500] "-" 408 -
199.16.157.180 - - [13/Sep/2022:12:48:41 -0500] "GET /images/zorro-12-sept_optimized.jpeg HTTP/1.1" 200 26663
199.16.157.182 - - [13/Sep/2022:12:48:41 -0500] "GET /images/zorro-12-sept_optimized.jpeg HTTP/1.1" 200 26663
199.16.157.182 - - [13/Sep/2022:12:48:41 -0500] "GET /images/zorro-12-sept_optimized.jpeg HTTP/1.1" 200 26663
199.16.157.182 - - [13/Sep/2022:12:48:41 -0500] "GET /images/zorro-12-sept_optimized.jpeg HTTP/1.1" 200 26663
199.16.157.182 - - [13/Sep/2022:12:48:42 -0500] "GET /images/zorro-12-sept_optimized.jpeg HTTP/1.1" 200 26663
199.16.157.182 - - [13/Sep/2022:12:48:42 -0500] "GET /images/zorro-12-sept_optimized.jpeg HTTP/1.1" 200 26663
199.16.157.182 - - [13/Sep/2022:12:48:43 -0500] "GET /images/zorro-12-sept_optimized.jpeg HTTP/1.1" 200 26663
199.16.157.181 - - [13/Sep/2022:12:48:50 -0500] "GET /images/zorro-12-sept_optimized.jpeg HTTP/1.1" 200 26663
199.16.157.181 - - [13/Sep/2022:12:48:56 -0500] "GET /images/zorro-12-sept_optimized.jpeg HTTP/1.1" 200 26663
172.22.2.4 - - [13/Sep/2022:12:48:59 -0500] "GET /BLA/boletinlegal/consulta_actos.php?tipo=resoluciones&no=1791&usuario=&sector=&fecha=2020&resuelve= HTTP/1.1" 200 626
172.22.2.4 - - [13/Sep/2022:12:49:06 -0500] "GET /BLA/boletinlegal/consulta_actos.php?tipo=resoluciones&no=1791&usuario=&sector=&fecha=2021&resuelve= HTTP/1.1" 200 626
172.22.2.4 - - [13/Sep/2022:12:49:15 -0500] "GET /BLA/boletinlegal/consulta_actos.php?tipo=resoluciones&no=1791&usuario=&sector=&fecha=2022&resuelve= HTTP/1.1" 200 626
181.235.115.108 - - [13/Sep/2022:12:49:21 -0500] "GET /BLA/resoluciones/AUTOS%202022/2166.pdf HTTP/1.1" 200 415536
186.102.41.250 - - [13/Sep/2022:12:49:24 -0500] "GET /mesa/contrasena.pdf HTTP/1.1" 200 443199
186.102.41.250 - - [13/Sep/2022:12:49:25 -0500] "GET /mesa/contrasena.pdf HTTP/1.1" 206 1
186.102.41.250 - - [13/Sep/2022:12:49:25 -0500] "GET /mesa/contrasena.pdf HTTP/1.1" 206 401471
207.46.13.90 - - [13/Sep/2022:12:49:44 -0500] "GET /BLA/resoluciones/AUTOS%202021/3379.pdf HTTP/1.1" 304 -
201.245.192.253 - - [13/Sep/2022:12:49:48 -0500] "POST /kwsrmcab/Wsrmcab  HTTP/1.1" 200 38139
181.235.115.108 - - [13/Sep/2022:12:49:58 -0500] "GET /BLA/resoluciones/AUTOS%202022/2123.pdf HTTP/1.1" 200 448070
66.249.75.63 - - [13/Sep/2022:12:50:19 -0500] "-" 408 -
199.16.157.180 - - [13/Sep/2022:12:50:24 -0500] "GET /images/zorro-12-sept_optimized.jpeg HTTP/1.1" 200 26663
190.69.232.102 - - [13/Sep/2022:12:50:36 -0500] "GET /BLA/resoluciones/index.php?dir=AUTOS+2011%2F HTTP/1.1" 200 635935
190.69.232.102 - - [13/Sep/2022:12:50:43 -0500] "GET /BLA/resoluciones/AUTOS%202011/0637.pdf HTTP/1.1" 200 157487
199.16.157.181 - - [13/Sep/2022:12:50:56 -0500] "GET /images/zorro-12-sept_optimized.jpeg HTTP/1.1" 200 26663
199.16.157.180 - - [13/Sep/2022:12:50:56 -0500] "GET /images/zorro-12-sept_optimized.jpeg HTTP/1.1" 200 26663
199.16.157.182 - - [13/Sep/2022:12:50:56 -0500] "GET /images/zorro-12-sept_optimized.jpeg HTTP/1.1" 200 26663
199.16.157.182 - - [13/Sep/2022:12:50:56 -0500] "GET /images/zorro-12-sept_optimized.jpeg HTTP/1.1" 200 26663
181.235.115.108 - - [13/Sep/2022:12:51:28 -0500] "GET /BLA/resoluciones/AUTOS%202022/2101.pdf HTTP/1.1" 200 417675
199.16.157.182 - - [13/Sep/2022:12:51:34 -0500] "GET /images/zorro-12-sept_optimized.jpeg HTTP/1.1" 200 26663
181.53.12.137 - - [13/Sep/2022:12:51:45 -0500] "GET /BLA/resoluciones/ HTTP/1.1" 200 13093
199.16.157.183 - - [13/Sep/2022:12:51:45 -0500] "GET /images/zorro-12-sept_optimized.jpeg HTTP/1.1" 200 26663
181.53.12.137 - - [13/Sep/2022:12:51:48 -0500] "GET /BLA/resoluciones/index.php?dir=AUTOS+2018%2F HTTP/1.1" 200 12235
181.53.12.137 - - [13/Sep/2022:12:51:48 -0500] "GET /BLA/resoluciones/index.php?dir=AUTOS+2018%2F HTTP/1.1" 200 437904
172.22.2.4 - - [13/Sep/2022:12:50:19 -0500] "GET /BLA/boletinlegal/ HTTP/1.1" 200 51993
172.22.2.4 - - [13/Sep/2022:12:52:18 -0500] "GET /BLA/boletinlegal/js/jquery.scrollShow.js HTTP/1.1" 200 4586
172.22.2.4 - - [13/Sep/2022:12:52:18 -0500] "GET /BLA/boletinlegal/js/jquery.scrollTo-min.js HTTP/1.1" 200 1150
172.22.2.4 - - [13/Sep/2022:12:52:23 -0500] "GET /BLA/boletinlegal/js/jquery.js HTTP/1.1" 200 57254
199.16.157.182 - - [13/Sep/2022:12:52:24 -0500] "GET /images/zorro-12-sept_optimized.jpeg HTTP/1.1" 200 26663
199.16.157.183 - - [13/Sep/2022:12:52:24 -0500] "GET /images/zorro-12-sept_optimized.jpeg HTTP/1.1" 200 26663
172.22.2.4 - - [13/Sep/2022:12:50:46 -0500] "HEAD /BLA/boletinlegal/ HTTP/1.1" 200 -
216.245.221.92 - - [13/Sep/2022:12:52:57 -0500] "HEAD / HTTP/1.1" 200 -
172.22.2.4 - - [13/Sep/2022:12:51:37 -0500] "GET /BLA/boletinlegal/ HTTP/1.1" 200 56376
199.16.157.182 - - [13/Sep/2022:12:53:38 -0500] "GET /images/zorro-12-sept_optimized.jpeg HTTP/1.1" 200 26663
201.245.192.253 - - [13/Sep/2022:12:53:43 -0500] "GET /sipse/faces/index.xhtml HTTP/1.1" 200 677
201.245.192.253 - - [13/Sep/2022:12:53:44 -0500] "GET /sipse/faces/javax.faces.resource/theme.css?ln=primefaces-sipse HTTP/1.1" 304 -
201.245.192.253 - - [13/Sep/2022:12:53:44 -0500] "GET /sipse/faces/faces/autenticacion.xhtml HTTP/1.1" 200 12181
201.245.192.253 - - [13/Sep/2022:12:53:44 -0500] "GET /sipse/faces/javax.faces.resource/theme.css?ln=primefaces-sipse HTTP/1.1" 304 -
201.245.192.253 - - [13/Sep/2022:12:53:44 -0500] "GET /sipse/faces/javax.faces.resource/primefaces.js?ln=primefaces&v=4.0 HTTP/1.1" 304 -
201.245.192.253 - - [13/Sep/2022:12:53:44 -0500] "GET /sipse/faces/javax.faces.resource/jquery/jquery.js?ln=primefaces&v=4.0 HTTP/1.1" 304 -
201.245.192.253 - - [13/Sep/2022:12:53:44 -0500] "GET /sipse/faces/javax.faces.resource/jquery/jquery-plugins.js?ln=primefaces&v=4.0 HTTP/1.1" 304 -
201.245.192.253 - - [13/Sep/2022:12:53:44 -0500] "GET /sipse/faces/javax.faces.resource/layout/layout.css?ln=primefaces&v=4.0 HTTP/1.1" 304 -
201.245.192.253 - - [13/Sep/2022:12:53:44 -0500] "GET /sipse/faces/javax.faces.resource/primefaces.css?ln=primefaces&v=4.0 HTTP/1.1" 304 -
201.245.192.253 - - [13/Sep/2022:12:53:44 -0500] "GET /sipse/faces/javax.faces.resource/layout/layout.js?ln=primefaces&v=4.0 HTTP/1.1" 304 -
201.245.192.253 - - [13/Sep/2022:12:53:44 -0500] "GET /sipse/faces/javax.faces.resource/images/ui-icons_898989_256x240.png?ln=primefaces-aristo HTTP/1.1" 304 -
201.245.192.253 - - [13/Sep/2022:12:53:45 -0500] "POST /sipse/faces/autenticacion.xhtml HTTP/1.1" 200 2217
201.245.192.253 - - [13/Sep/2022:12:53:45 -0500] "GET /sipse/faces/javax.faces.resource/messages/messages.png?ln=primefaces&v=4.0 HTTP/1.1" 304 -
172.22.2.4 - - [13/Sep/2022:12:53:46 -0500] "GET /BLA/boletinlegal/normativa.php HTTP/1.1" 200 8326
201.245.192.253 - - [13/Sep/2022:12:53:46 -0500] "POST /sipse/faces/autenticacion.xhtml HTTP/1.1" 200 16267
201.245.192.253 - - [13/Sep/2022:12:53:46 -0500] "GET /sipse/faces/javax.faces.resource/primefaces.css?ln=primefaces&v=4.0 HTTP/1.1" 304 -
201.245.192.253 - - [13/Sep/2022:12:53:46 -0500] "GET /sipse/faces/javax.faces.resource/theme.css?ln=primefaces-sipse HTTP/1.1" 304 -
201.245.192.253 - - [13/Sep/2022:12:53:46 -0500] "GET /sipse/faces/javax.faces.resource/layout/layout.css?ln=primefaces&v=4.0 HTTP/1.1" 304 -
201.245.192.253 - - [13/Sep/2022:12:53:46 -0500] "GET /sipse/faces/javax.faces.resource/jquery/jquery.js?ln=primefaces&v=4.0 HTTP/1.1" 304 -
201.245.192.253 - - [13/Sep/2022:12:53:46 -0500] "GET /sipse/faces/javax.faces.resource/jquery/jquery-plugins.js?ln=primefaces&v=4.0 HTTP/1.1" 304 -
201.245.192.253 - - [13/Sep/2022:12:53:46 -0500] "GET /sipse/faces/javax.faces.resource/primefaces.js?ln=primefaces&v=4.0 HTTP/1.1" 304 -
201.245.192.253 - - [13/Sep/2022:12:53:46 -0500] "GET /sipse/faces/javax.faces.resource/layout/layout.js?ln=primefaces&v=4.0 HTTP/1.1" 304 -
201.245.192.253 - - [13/Sep/2022:12:53:46 -0500] "GET /sipse/css/imagen/contrasena.png HTTP/1.1" 404 383
201.245.192.253 - - [13/Sep/2022:12:53:48 -0500] "GET /sipse/faces/javax.faces.resource/images/ui-bg_flat_0_2d5972_40x100.png?ln=primefaces-aristo HTTP/1.1" 304 -
201.245.192.253 - - [13/Sep/2022:12:53:48 -0500] "POST /sipse/faces/bienvenido.xhtml HTTP/1.1" 200 2658
201.245.192.253 - - [13/Sep/2022:12:53:48 -0500] "POST /sipse/faces/bienvenido.xhtml HTTP/1.1" 200 64807
201.245.192.253 - - [13/Sep/2022:12:53:50 -0500] "GET /sipse/faces/javax.faces.resource/primefaces.css?ln=primefaces&v=4.0 HTTP/1.1" 304 -
201.245.192.253 - - [13/Sep/2022:12:53:50 -0500] "GET /sipse/faces/javax.faces.resource/layout/layout.css?ln=primefaces&v=4.0 HTTP/1.1" 304 -
201.245.192.253 - - [13/Sep/2022:12:53:50 -0500] "GET /sipse/faces/javax.faces.resource/theme.css?ln=primefaces-sipse HTTP/1.1" 304 -
201.245.192.253 - - [13/Sep/2022:12:53:50 -0500] "GET /sipse/faces/javax.faces.resource/jquery/jquery.js?ln=primefaces&v=4.0 HTTP/1.1" 304 -
201.245.192.253 - - [13/Sep/2022:12:53:50 -0500] "GET /sipse/faces/javax.faces.resource/jquery/jquery-plugins.js?ln=primefaces&v=4.0 HTTP/1.1" 304 -
201.245.192.253 - - [13/Sep/2022:12:53:50 -0500] "GET /sipse/faces/javax.faces.resource/primefaces.js?ln=primefaces&v=4.0 HTTP/1.1" 304 -
201.245.192.253 - - [13/Sep/2022:12:53:50 -0500] "GET /sipse/faces/javax.faces.resource/layout/layout.js?ln=primefaces&v=4.0 HTTP/1.1" 304 -
201.245.192.253 - - [13/Sep/2022:12:53:50 -0500] "POST /sipse/faces/presentacion/financiero/solicitudProceso/listarSolicitudProceso.xhtml HTTP/1.1" 200 1544
201.245.192.253 - - [13/Sep/2022:12:53:55 -0500] "POST /sipse/faces/presentacion/financiero/solicitudProceso/listarSolicitudProceso.xhtml HTTP/1.1" 200 103802
201.245.192.253 - - [13/Sep/2022:12:53:56 -0500] "GET /sipse/faces/javax.faces.resource/theme.css?ln=primefaces-sipse HTTP/1.1" 304 -
201.245.192.253 - - [13/Sep/2022:12:53:56 -0500] "GET /sipse/faces/javax.faces.resource/layout/layout.css?ln=primefaces&v=4.0 HTTP/1.1" 304 -
201.245.192.253 - - [13/Sep/2022:12:53:56 -0500] "GET /sipse/faces/javax.faces.resource/primefaces.css?ln=primefaces&v=4.0 HTTP/1.1" 304 -
201.245.192.253 - - [13/Sep/2022:12:53:56 -0500] "GET /sipse/faces/javax.faces.resource/jquery/jquery.js?ln=primefaces&v=4.0 HTTP/1.1" 304 -
201.245.192.253 - - [13/Sep/2022:12:53:56 -0500] "GET /sipse/faces/javax.faces.resource/jquery/jquery-plugins.js?ln=primefaces&v=4.0 HTTP/1.1" 304 -
201.245.192.253 - - [13/Sep/2022:12:53:56 -0500] "GET /sipse/faces/javax.faces.resource/primefaces.js?ln=primefaces&v=4.0 HTTP/1.1" 304 -
201.245.192.253 - - [13/Sep/2022:12:53:56 -0500] "GET /sipse/faces/javax.faces.resource/layout/layout.js?ln=primefaces&v=4.0 HTTP/1.1" 304 -
201.245.192.253 - - [13/Sep/2022:12:53:56 -0500] "GET /sipse/faces/javax.faces.resource/dynamiccontent.properties?ln=primefaces&pfdrid=XjOR5%2F%2FfPAZAuY9TpWQeCiM0BhlXxYRBGKi%2FQcXXfeA%3D&pfdrid_c=false HTTP/1.1" 500 383
201.245.192.253 - - [13/Sep/2022:12:53:58 -0500] "POST /sipse/faces/presentacion/financiero/solicitudProceso/consultarSolicitudProceso.xhtml HTTP/1.1" 200 21111
201.245.192.253 - - [13/Sep/2022:12:53:58 -0500] "GET /sipse/faces/javax.faces.resource/primefaces.css?ln=primefaces&v=4.0 HTTP/1.1" 304 -
201.245.192.253 - - [13/Sep/2022:12:53:58 -0500] "GET /sipse/faces/javax.faces.resource/theme.css?ln=primefaces-sipse HTTP/1.1" 304 -
201.245.192.253 - - [13/Sep/2022:12:53:58 -0500] "GET /sipse/faces/javax.faces.resource/jquery/jquery.js?ln=primefaces&v=4.0 HTTP/1.1" 304 -
201.245.192.253 - - [13/Sep/2022:12:53:58 -0500] "GET /sipse/faces/javax.faces.resource/fileupload/fileupload.css?ln=primefaces&v=4.0 HTTP/1.1" 304 -
201.245.192.253 - - [13/Sep/2022:12:53:58 -0500] "GET /sipse/faces/javax.faces.resource/layout/layout.css?ln=primefaces&v=4.0 HTTP/1.1" 304 -
201.245.192.253 - - [13/Sep/2022:12:53:58 -0500] "GET /sipse/faces/javax.faces.resource/jquery/jquery-plugins.js?ln=primefaces&v=4.0 HTTP/1.1" 304 -
201.245.192.253 - - [13/Sep/2022:12:53:58 -0500] "GET /sipse/faces/javax.faces.resource/primefaces.js?ln=primefaces&v=4.0 HTTP/1.1" 304 -
201.245.192.253 - - [13/Sep/2022:12:53:58 -0500] "GET /sipse/faces/javax.faces.resource/layout/layout.js?ln=primefaces&v=4.0 HTTP/1.1" 304 -
201.245.192.253 - - [13/Sep/2022:12:53:58 -0500] "GET /sipse/faces/javax.faces.resource/fileupload/fileupload.js?ln=primefaces&v=4.0 HTTP/1.1" 304 -
181.235.115.108 - - [13/Sep/2022:12:54:03 -0500] "GET /BLA/resoluciones/AUTOS%202022/2096.pdf HTTP/1.1" 200 474054
172.22.2.4 - - [13/Sep/2022:12:54:04 -0500] "GET /BLA/boletinlegal/js/ajax_normativa.js HTTP/1.1" 200 1154
201.245.192.253 - - [13/Sep/2022:12:54:05 -0500] "GET /sipse/faces/javax.faces.resource/theme.css?ln=primefaces-sipse HTTP/1.1" 304 -
201.245.192.253 - - [13/Sep/2022:12:54:05 -0500] "GET /sipse/faces/javax.faces.resource/primefaces.css?ln=primefaces&v=4.0 HTTP/1.1" 304 -
201.245.192.253 - - [13/Sep/2022:12:54:05 -0500] "GET /sipse/faces/javax.faces.resource/layout/layout.css?ln=primefaces&v=4.0 HTTP/1.1" 304 -
201.245.192.253 - - [13/Sep/2022:12:54:05 -0500] "GET /sipse/faces/javax.faces.resource/jquery/jquery-plugins.js?ln=primefaces&v=4.0 HTTP/1.1" 304 -
201.245.192.253 - - [13/Sep/2022:12:54:05 -0500] "GET /sipse/faces/javax.faces.resource/primefaces.js?ln=primefaces&v=4.0 HTTP/1.1" 304 -
201.245.192.253 - - [13/Sep/2022:12:54:05 -0500] "GET /sipse/faces/javax.faces.resource/layout/layout.js?ln=primefaces&v=4.0 HTTP/1.1" 304 -
201.245.192.253 - - [13/Sep/2022:12:54:05 -0500] "POST /sipse/faces/presentacion/sistema/anexos/cargarAnexoSolicitudProceso.xhtml HTTP/1.1" 200 149548
201.245.192.253 - - [13/Sep/2022:12:54:05 -0500] "GET /sipse/faces/javax.faces.resource/jquery/jquery.js?ln=primefaces&v=4.0 HTTP/1.1" 304 -
201.245.192.253 - - [13/Sep/2022:12:54:06 -0500] "GET /sipse/faces/javax.faces.resource/dynamiccontent.properties?ln=primefaces&pfdrid=XjOR5%2F%2FfPAZAuY9TpWQeCiM0BhlXxYRBGKi%2FQcXXfeA%3D&pfdrid_c=false HTTP/1.1" 500 383
201.245.192.253 - - [13/Sep/2022:12:54:07 -0500] "POST /sipse/faces/presentacion/financiero/solicitudProceso/consultarSolicitudProceso.xhtml HTTP/1.1" 200 21111
201.245.192.253 - - [13/Sep/2022:12:54:07 -0500] "GET /sipse/faces/javax.faces.resource/theme.css?ln=primefaces-sipse HTTP/1.1" 304 -
201.245.192.253 - - [13/Sep/2022:12:54:07 -0500] "GET /sipse/faces/javax.faces.resource/primefaces.css?ln=primefaces&v=4.0 HTTP/1.1" 304 -
201.245.192.253 - - [13/Sep/2022:12:54:07 -0500] "GET /sipse/faces/javax.faces.resource/jquery/jquery.js?ln=primefaces&v=4.0 HTTP/1.1" 304 -
201.245.192.253 - - [13/Sep/2022:12:54:07 -0500] "GET /sipse/faces/javax.faces.resource/layout/layout.css?ln=primefaces&v=4.0 HTTP/1.1" 304 -
201.245.192.253 - - [13/Sep/2022:12:54:07 -0500] "GET /sipse/faces/javax.faces.resource/fileupload/fileupload.css?ln=primefaces&v=4.0 HTTP/1.1" 304 -
201.245.192.253 - - [13/Sep/2022:12:54:07 -0500] "GET /sipse/faces/javax.faces.resource/jquery/jquery-plugins.js?ln=primefaces&v=4.0 HTTP/1.1" 304 -
201.245.192.253 - - [13/Sep/2022:12:54:07 -0500] "GET /sipse/faces/javax.faces.resource/layout/layout.js?ln=primefaces&v=4.0 HTTP/1.1" 304 -
201.245.192.253 - - [13/Sep/2022:12:54:07 -0500] "GET /sipse/faces/javax.faces.resource/primefaces.js?ln=primefaces&v=4.0 HTTP/1.1" 304 -
201.245.192.253 - - [13/Sep/2022:12:54:07 -0500] "GET /sipse/faces/javax.faces.resource/fileupload/fileupload.js?ln=primefaces&v=4.0 HTTP/1.1" 304 -
199.16.157.182 - - [13/Sep/2022:12:54:11 -0500] "GET /images/zorro-12-sept_optimized.jpeg HTTP/1.1" 200 26663
201.245.192.253 - - [13/Sep/2022:12:54:14 -0500] "POST /sipse/faces/presentacion/sistema/anexos/cargarAnexoSolicitudProceso.xhtml HTTP/1.1" 200 151364
201.245.192.253 - - [13/Sep/2022:12:54:15 -0500] "GET /sipse/faces/javax.faces.resource/primefaces.css?ln=primefaces&v=4.0 HTTP/1.1" 304 -
201.245.192.253 - - [13/Sep/2022:12:54:15 -0500] "GET /sipse/faces/javax.faces.resource/theme.css?ln=primefaces-sipse HTTP/1.1" 304 -
201.245.192.253 - - [13/Sep/2022:12:54:15 -0500] "GET /sipse/faces/javax.faces.resource/jquery/jquery-plugins.js?ln=primefaces&v=4.0 HTTP/1.1" 304 -
201.245.192.253 - - [13/Sep/2022:12:54:15 -0500] "GET /sipse/faces/javax.faces.resource/jquery/jquery.js?ln=primefaces&v=4.0 HTTP/1.1" 304 -
201.245.192.253 - - [13/Sep/2022:12:54:15 -0500] "GET /sipse/faces/javax.faces.resource/layout/layout.css?ln=primefaces&v=4.0 HTTP/1.1" 304 -
201.245.192.253 - - [13/Sep/2022:12:54:15 -0500] "GET /sipse/faces/javax.faces.resource/primefaces.js?ln=primefaces&v=4.0 HTTP/1.1" 304 -
201.245.192.253 - - [13/Sep/2022:12:54:15 -0500] "GET /sipse/faces/javax.faces.resource/layout/layout.js?ln=primefaces&v=4.0 HTTP/1.1" 304 -
201.245.192.253 - - [13/Sep/2022:12:54:16 -0500] "GET /sipse/faces/javax.faces.resource/dynamiccontent.properties?ln=primefaces&pfdrid=XjOR5%2F%2FfPAZAuY9TpWQeCiM0BhlXxYRBGKi%2FQcXXfeA%3D&pfdrid_c=false HTTP/1.1" 500 383
199.16.157.182 - - [13/Sep/2022:12:54:24 -0500] "GET /images/zorro-12-sept_optimized.jpeg HTTP/1.1" 200 26663
201.245.192.253 - - [13/Sep/2022:12:54:46 -0500] "POST /kwsrmcab/Wsrmcab  HTTP/1.1" 200 38139
181.235.115.108 - - [13/Sep/2022:12:55:37 -0500] "GET /BLA/resoluciones/AUTOS%202022/2070.pdf HTTP/1.1" 200 426735
199.16.157.182 - - [13/Sep/2022:12:55:40 -0500] "GET /images/zorro-12-sept_optimized.jpeg HTTP/1.1" 200 26663
201.245.192.253 - - [13/Sep/2022:12:55:53 -0500] "POST /sipse/faces/presentacion/financiero/solicitudProceso/consultarSolicitudProceso.xhtml HTTP/1.1" 200 228373
201.245.192.253 - - [13/Sep/2022:12:56:23 -0500] "POST /sipse/faces/presentacion/financiero/solicitudProceso/consultarSolicitudProceso.xhtml HTTP/1.1" 200 46135
201.245.192.253 - - [13/Sep/2022:12:56:24 -0500] "GET /sipse/faces/javax.faces.resource/theme.css?ln=primefaces-sipse HTTP/1.1" 304 -
201.245.192.253 - - [13/Sep/2022:12:56:24 -0500] "GET /sipse/faces/javax.faces.resource/layout/layout.css?ln=primefaces&v=4.0 HTTP/1.1" 304 -
201.245.192.253 - - [13/Sep/2022:12:56:24 -0500] "GET /sipse/faces/javax.faces.resource/primefaces.css?ln=primefaces&v=4.0 HTTP/1.1" 304 -
201.245.192.253 - - [13/Sep/2022:12:56:24 -0500] "GET /sipse/faces/javax.faces.resource/jquery/jquery.js?ln=primefaces&v=4.0 HTTP/1.1" 304 -
201.245.192.253 - - [13/Sep/2022:12:56:24 -0500] "GET /sipse/faces/javax.faces.resource/jquery/jquery-plugins.js?ln=primefaces&v=4.0 HTTP/1.1" 304 -
201.245.192.253 - - [13/Sep/2022:12:56:24 -0500] "GET /sipse/css/imagen/contrasena.png HTTP/1.1" 404 383
201.245.192.253 - - [13/Sep/2022:12:56:24 -0500] "GET /sipse/faces/javax.faces.resource/primefaces.js?ln=primefaces&v=4.0 HTTP/1.1" 304 -
201.245.192.253 - - [13/Sep/2022:12:56:24 -0500] "GET /sipse/faces/javax.faces.resource/layout/layout.js?ln=primefaces&v=4.0 HTTP/1.1" 304 -
201.245.192.253 - - [13/Sep/2022:12:56:24 -0500] "GET /sipse/faces/javax.faces.resource/images/ui-icons_898989_256x240.png?ln=primefaces-aristo HTTP/1.1" 304 -
201.245.192.253 - - [13/Sep/2022:12:56:24 -0500] "POST /sipse/faces/presentacion/financiero/solicitudProceso/listarSolicitudProceso.xhtml HTTP/1.1" 200 39501
201.245.192.253 - - [13/Sep/2022:12:56:24 -0500] "GET /sipse/faces/javax.faces.resource/images/ui-bg_flat_0_2d5972_40x100.png?ln=primefaces-aristo HTTP/1.1" 304 -
201.245.192.253 - - [13/Sep/2022:12:56:24 -0500] "POST /sipse/faces/presentacion/financiero/solicitudProceso/listarSolicitudProceso.xhtml HTTP/1.1" 200 39501
201.245.192.253 - - [13/Sep/2022:12:56:24 -0500] "POST /sipse/faces/presentacion/financiero/solicitudProceso/listarSolicitudProceso.xhtml HTTP/1.1" 200 39501
201.245.192.253 - - [13/Sep/2022:12:56:24 -0500] "POST /sipse/faces/presentacion/financiero/solicitudProceso/listarSolicitudProceso.xhtml HTTP/1.1" 200 39501
199.16.157.181 - - [13/Sep/2022:12:56:25 -0500] "GET /images/zorro-12-sept_optimized.jpeg HTTP/1.1" 200 26663
199.16.157.181 - - [13/Sep/2022:12:56:25 -0500] "GET /images/zorro-12-sept_optimized.jpeg HTTP/1.1" 200 26663
199.16.157.181 - - [13/Sep/2022:12:56:25 -0500] "GET /images/zorro-12-sept_optimized.jpeg HTTP/1.1" 200 26663
199.16.157.183 - - [13/Sep/2022:12:56:25 -0500] "GET /images/zorro-12-sept_optimized.jpeg HTTP/1.1" 200 26663
199.16.157.182 - - [13/Sep/2022:12:56:25 -0500] "GET /images/zorro-12-sept_optimized.jpeg HTTP/1.1" 200 26663
199.16.157.182 - - [13/Sep/2022:12:56:25 -0500] "GET /images/zorro-12-sept_optimized.jpeg HTTP/1.1" 200 26663
201.245.192.253 - - [13/Sep/2022:12:56:25 -0500] "POST /sipse/faces/presentacion/financiero/solicitudProceso/listarSolicitudProceso.xhtml HTTP/1.1" 200 39501
201.245.192.253 - - [13/Sep/2022:12:56:25 -0500] "POST /sipse/faces/presentacion/financiero/solicitudProceso/listarSolicitudProceso.xhtml HTTP/1.1" 200 1460
201.245.192.253 - - [13/Sep/2022:12:56:25 -0500] "POST /sipse/faces/presentacion/financiero/solicitudProceso/listarSolicitudProceso.xhtml HTTP/1.1" 200 1448
201.245.192.253 - - [13/Sep/2022:12:56:25 -0500] "POST /sipse/faces/presentacion/financiero/solicitudProceso/listarSolicitudProceso.xhtml HTTP/1.1" 200 1464
201.245.192.253 - - [13/Sep/2022:12:56:25 -0500] "POST /sipse/faces/presentacion/financiero/solicitudProceso/listarSolicitudProceso.xhtml HTTP/1.1" 200 1448
201.245.192.253 - - [13/Sep/2022:12:56:25 -0500] "POST /sipse/faces/presentacion/financiero/solicitudProceso/listarSolicitudProceso.xhtml HTTP/1.1" 200 1460
201.245.192.253 - - [13/Sep/2022:12:56:25 -0500] "POST /sipse/faces/presentacion/financiero/solicitudProceso/listarSolicitudProceso.xhtml HTTP/1.1" 200 1448
201.245.192.253 - - [13/Sep/2022:12:56:26 -0500] "POST /sipse/faces/presentacion/financiero/solicitudProceso/listarSolicitudProceso.xhtml HTTP/1.1" 200 144138
201.245.192.253 - - [13/Sep/2022:12:56:27 -0500] "GET /sipse/faces/javax.faces.resource/layout/layout.css?ln=primefaces&v=4.0 HTTP/1.1" 304 -
201.245.192.253 - - [13/Sep/2022:12:56:27 -0500] "GET /sipse/faces/javax.faces.resource/theme.css?ln=primefaces-sipse HTTP/1.1" 304 -
201.245.192.253 - - [13/Sep/2022:12:56:27 -0500] "GET /sipse/faces/javax.faces.resource/primefaces.css?ln=primefaces&v=4.0 HTTP/1.1" 304 -
201.245.192.253 - - [13/Sep/2022:12:56:27 -0500] "GET /sipse/faces/javax.faces.resource/jquery/jquery.js?ln=primefaces&v=4.0 HTTP/1.1" 304 -
201.245.192.253 - - [13/Sep/2022:12:56:27 -0500] "GET /sipse/faces/javax.faces.resource/jquery/jquery-plugins.js?ln=primefaces&v=4.0 HTTP/1.1" 304 -
201.245.192.253 - - [13/Sep/2022:12:56:27 -0500] "GET /sipse/faces/javax.faces.resource/primefaces.js?ln=primefaces&v=4.0 HTTP/1.1" 304 -
201.245.192.253 - - [13/Sep/2022:12:56:27 -0500] "GET /sipse/faces/javax.faces.resource/layout/layout.js?ln=primefaces&v=4.0 HTTP/1.1" 304 -
201.245.192.253 - - [13/Sep/2022:12:56:27 -0500] "GET /sipse/faces/javax.faces.resource/dynamiccontent.properties?ln=primefaces&pfdrid=XjOR5%2F%2FfPAZAuY9TpWQeCiM0BhlXxYRBGKi%2FQcXXfeA%3D&pfdrid_c=false HTTP/1.1" 500 383
199.16.157.181 - - [13/Sep/2022:12:56:28 -0500] "GET /images/zorro-12-sept_optimized.jpeg HTTP/1.1" 200 26663
201.245.192.253 - - [13/Sep/2022:12:56:33 -0500] "POST /sipse/faces/presentacion/financiero/solicitudProceso/consultarSolicitudProceso.xhtml HTTP/1.1" 200 600218
201.245.192.253 - - [13/Sep/2022:12:56:36 -0500] "POST /sipse/faces/presentacion/financiero/solicitudProceso/consultarSolicitudProceso.xhtml HTTP/1.1" 200 278636
172.22.2.4 - - [13/Sep/2022:12:56:38 -0500] "GET /BLA/boletinlegal/Circulares/2017/Circular%20No.%201%20del%2030%20de%20Marzo%20de%202017.pdf HTTP/1.1" 304 -
66.249.72.73 - - [13/Sep/2022:12:57:08 -0500] "-" 408 -
201.245.192.253 - - [13/Sep/2022:12:57:28 -0500] "POST /sipse/faces/presentacion/financiero/solicitudProceso/consultarSolicitudProceso.xhtml HTTP/1.1" 200 5431
199.16.157.181 - - [13/Sep/2022:12:57:45 -0500] "GET /images/zorro-12-sept_optimized.jpeg HTTP/1.1" 200 26663
216.245.221.92 - - [13/Sep/2022:12:57:57 -0500] "HEAD / HTTP/1.1" 200 -
181.235.115.108 - - [13/Sep/2022:12:58:03 -0500] "GET /BLA/resoluciones/AUTOS%202022/2045.pdf HTTP/1.1" 200 404506
80.94.92.231 - - [13/Sep/2022:12:58:05 -0500] "GET / HTTP/1.1" 200 319
201.245.192.253 - - [13/Sep/2022:12:58:09 -0500] "POST /sipse/faces/presentacion/financiero/solicitudProceso/consultarSolicitudProceso.xhtml HTTP/1.1" 200 5449
201.245.192.253 - - [13/Sep/2022:12:58:09 -0500] "GET /sipse/faces/javax.faces.resource/dynamiccontent.properties?ln=primefaces&pfdrid=XjOR5%2F%2FfPAZAuY9TpWQeCiM0BhlXxYRBGKi%2FQcXXfeA%3D&pfdrid_c=false HTTP/1.1" 200 165371
172.22.2.4 - - [13/Sep/2022:12:56:36 -0500] "HEAD /BLA/boletinlegal/ HTTP/1.1" 200 -
201.245.192.253 - - [13/Sep/2022:12:58:23 -0500] "POST /sipse/faces/presentacion/financiero/solicitudProceso/consultarSolicitudProceso.xhtml HTTP/1.1" 200 36117
201.245.192.253 - - [13/Sep/2022:12:58:23 -0500] "GET /sipse/faces/javax.faces.resource/theme.css?ln=primefaces-sipse HTTP/1.1" 304 -
201.245.192.253 - - [13/Sep/2022:12:58:23 -0500] "GET /sipse/faces/javax.faces.resource/primefaces.css?ln=primefaces&v=4.0 HTTP/1.1" 304 -
201.245.192.253 - - [13/Sep/2022:12:58:23 -0500] "GET /sipse/faces/javax.faces.resource/jquery/jquery-plugins.js?ln=primefaces&v=4.0 HTTP/1.1" 304 -
201.245.192.253 - - [13/Sep/2022:12:58:23 -0500] "GET /sipse/faces/javax.faces.resource/layout/layout.js?ln=primefaces&v=4.0 HTTP/1.1" 304 -
201.245.192.253 - - [13/Sep/2022:12:58:23 -0500] "GET /sipse/faces/javax.faces.resource/primefaces.js?ln=primefaces&v=4.0 HTTP/1.1" 304 -
201.245.192.253 - - [13/Sep/2022:12:58:23 -0500] "GET /sipse/faces/javax.faces.resource/layout/layout.css?ln=primefaces&v=4.0 HTTP/1.1" 304 -
201.245.192.253 - - [13/Sep/2022:12:58:23 -0500] "GET /sipse/faces/javax.faces.resource/jquery/jquery.js?ln=primefaces&v=4.0 HTTP/1.1" 304 -
201.245.192.253 - - [13/Sep/2022:12:58:23 -0500] "GET /sipse/faces/javax.faces.resource/images/ui-icons_898989_256x240.png?ln=primefaces-aristo HTTP/1.1" 304 -
199.16.157.181 - - [13/Sep/2022:12:58:25 -0500] "GET /images/zorro-12-sept_optimized.jpeg HTTP/1.1" 200 26663
199.16.157.183 - - [13/Sep/2022:12:58:25 -0500] "GET /images/zorro-12-sept_optimized.jpeg HTTP/1.1" 200 26663
199.16.157.180 - - [13/Sep/2022:12:58:25 -0500] "GET /images/zorro-12-sept_optimized.jpeg HTTP/1.1" 200 26663
199.16.157.180 - - [13/Sep/2022:12:58:25 -0500] "GET /images/zorro-12-sept_optimized.jpeg HTTP/1.1" 200 26663
199.16.157.182 - - [13/Sep/2022:12:58:34 -0500] "GET /images/zorro-12-sept_optimized.jpeg HTTP/1.1" 200 26663
201.245.192.253 - - [13/Sep/2022:12:58:51 -0500] "GET /sipse/faces/javax.faces.resource/theme.css?ln=primefaces-sipse HTTP/1.1" 304 -
201.245.192.253 - - [13/Sep/2022:12:58:51 -0500] "GET /sipse/faces/javax.faces.resource/primefaces.css?ln=primefaces&v=4.0 HTTP/1.1" 304 -
201.245.192.253 - - [13/Sep/2022:12:58:51 -0500] "GET /sipse/faces/javax.faces.resource/layout/layout.css?ln=primefaces&v=4.0 HTTP/1.1" 304 -
201.245.192.253 - - [13/Sep/2022:12:58:51 -0500] "GET /sipse/faces/javax.faces.resource/jquery/jquery.js?ln=primefaces&v=4.0 HTTP/1.1" 304 -
201.245.192.253 - - [13/Sep/2022:12:58:51 -0500] "GET /sipse/faces/javax.faces.resource/jquery/jquery-plugins.js?ln=primefaces&v=4.0 HTTP/1.1" 304 -
201.245.192.253 - - [13/Sep/2022:12:58:51 -0500] "GET /sipse/faces/javax.faces.resource/primefaces.js?ln=primefaces&v=4.0 HTTP/1.1" 304 -
201.245.192.253 - - [13/Sep/2022:12:58:51 -0500] "GET /sipse/faces/javax.faces.resource/layout/layout.js?ln=primefaces&v=4.0 HTTP/1.1" 304 -
201.245.192.253 - - [13/Sep/2022:12:58:51 -0500] "GET /sipse/faces/javax.faces.resource/images/ui-icons_898989_256x240.png?ln=primefaces-aristo HTTP/1.1" 304 -
201.245.192.253 - - [13/Sep/2022:12:58:51 -0500] "POST /sipse/faces/presentacion/financiero/solicitudProceso/consultarHistorialSolProceso.xhtml HTTP/1.1" 200 163022
201.245.192.253 - - [13/Sep/2022:12:58:51 -0500] "GET /sipse/faces/javax.faces.resource/dynamiccontent.properties?ln=primefaces&pfdrid=XjOR5%2F%2FfPAZAuY9TpWQeCiM0BhlXxYRBGKi%2FQcXXfeA%3D&pfdrid_c=false HTTP/1.1" 500 383
201.245.192.253 - - [13/Sep/2022:12:58:57 -0500] "POST /sipse/faces/presentacion/financiero/solicitudProceso/consultarSolicitudProceso.xhtml HTTP/1.1" 200 31897
201.245.192.253 - - [13/Sep/2022:12:58:57 -0500] "GET /sipse/faces/javax.faces.resource/primefaces.css?ln=primefaces&v=4.0 HTTP/1.1" 304 -
201.245.192.253 - - [13/Sep/2022:12:58:57 -0500] "GET /sipse/faces/javax.faces.resource/layout/layout.css?ln=primefaces&v=4.0 HTTP/1.1" 304 -
201.245.192.253 - - [13/Sep/2022:12:58:57 -0500] "GET /sipse/faces/javax.faces.resource/theme.css?ln=primefaces-sipse HTTP/1.1" 304 -
201.245.192.253 - - [13/Sep/2022:12:58:57 -0500] "GET /sipse/faces/javax.faces.resource/jquery/jquery.js?ln=primefaces&v=4.0 HTTP/1.1" 304 -
201.245.192.253 - - [13/Sep/2022:12:58:57 -0500] "GET /sipse/faces/javax.faces.resource/jquery/jquery-plugins.js?ln=primefaces&v=4.0 HTTP/1.1" 304 -
201.245.192.253 - - [13/Sep/2022:12:58:57 -0500] "GET /sipse/faces/javax.faces.resource/primefaces.js?ln=primefaces&v=4.0 HTTP/1.1" 304 -
201.245.192.253 - - [13/Sep/2022:12:58:57 -0500] "GET /sipse/faces/javax.faces.resource/layout/layout.js?ln=primefaces&v=4.0 HTTP/1.1" 304 -
201.245.192.253 - - [13/Sep/2022:12:58:57 -0500] "GET /sipse/faces/javax.faces.resource/images/ui-icons_898989_256x240.png?ln=primefaces-aristo HTTP/1.1" 304 -
201.245.192.253 - - [13/Sep/2022:12:59:06 -0500] "GET /sipse/faces/javax.faces.resource/images/ui-bg_flat_0_2d5972_40x100.png?ln=primefaces-aristo HTTP/1.1" 304 -
172.22.2.4 - - [13/Sep/2022:12:57:27 -0500] "GET /BLA/boletinlegal/ HTTP/1.1" 200 58163
201.245.192.253 - - [13/Sep/2022:12:59:06 -0500] "POST /sipse/faces/presentacion/financiero/solicitudProceso/registrarAnotacion.xhtml HTTP/1.1" 200 118140
201.245.192.253 - - [13/Sep/2022:12:59:07 -0500] "GET /sipse/faces/javax.faces.resource/jquery/jquery.js?ln=primefaces&v=4.0 HTTP/1.1" 304 -
201.245.192.253 - - [13/Sep/2022:12:59:07 -0500] "GET /sipse/faces/javax.faces.resource/jquery/jquery-plugins.js?ln=primefaces&v=4.0 HTTP/1.1" 304 -
201.245.192.253 - - [13/Sep/2022:12:59:07 -0500] "GET /sipse/faces/javax.faces.resource/primefaces.js?ln=primefaces&v=4.0 HTTP/1.1" 304 -
201.245.192.253 - - [13/Sep/2022:12:59:07 -0500] "GET /sipse/faces/javax.faces.resource/layout/layout.js?ln=primefaces&v=4.0 HTTP/1.1" 304 -
201.245.192.253 - - [13/Sep/2022:12:59:07 -0500] "GET /sipse/faces/javax.faces.resource/dynamiccontent.properties?ln=primefaces&pfdrid=XjOR5%2F%2FfPAZAuY9TpWQeCiM0BhlXxYRBGKi%2FQcXXfeA%3D&pfdrid_c=false HTTP/1.1" 500 383
181.235.115.108 - - [13/Sep/2022:12:59:15 -0500] "GET /BLA/resoluciones/AUTOS%202022/1890.pdf HTTP/1.1" 200 465888
201.245.192.253 - - [13/Sep/2022:12:59:13 -0500] "POST /sipse/faces/presentacion/financiero/solicitudProceso/consultarSolicitudProceso.xhtml HTTP/1.1" 200 71030
201.245.192.253 - - [13/Sep/2022:12:59:15 -0500] "GET /sipse/faces/javax.faces.resource/jquery/jquery.js?ln=primefaces&v=4.0 HTTP/1.1" 304 -
201.245.192.253 - - [13/Sep/2022:12:59:15 -0500] "GET /sipse/faces/javax.faces.resource/jquery/jquery-plugins.js?ln=primefaces&v=4.0 HTTP/1.1" 304 -
201.245.192.253 - - [13/Sep/2022:12:59:15 -0500] "GET /sipse/faces/javax.faces.resource/primefaces.js?ln=primefaces&v=4.0 HTTP/1.1" 304 -
201.245.192.253 - - [13/Sep/2022:12:59:15 -0500] "GET /sipse/faces/javax.faces.resource/layout/layout.js?ln=primefaces&v=4.0 HTTP/1.1" 304 -
201.245.192.253 - - [13/Sep/2022:12:59:15 -0500] "GET /sipse/faces/javax.faces.resource/messages/messages.png?ln=primefaces&v=4.0 HTTP/1.1" 304 -
201.245.192.253 - - [13/Sep/2022:12:59:15 -0500] "POST /sipse/faces/presentacion/financiero/solicitudProceso/listarSolicitudProceso.xhtml HTTP/1.1" 200 1544
201.245.192.253 - - [13/Sep/2022:12:59:19 -0500] "POST /sipse/faces/presentacion/financiero/solicitudProceso/listarSolicitudProceso.xhtml HTTP/1.1" 200 14105
201.245.192.253 - - [13/Sep/2022:12:59:44 -0500] "POST /kwsrmcab/Wsrmcab  HTTP/1.1" 200 38139
172.22.2.4 - - [13/Sep/2022:12:59:29 -0500] "GET /BLA/boletinlegal/ HTTP/1.1" 200 24523
199.16.157.180 - - [13/Sep/2022:13:00:14 -0500] "GET /images/zorro-12-sept_optimized.jpeg HTTP/1.1" 200 26663
199.16.157.182 - - [13/Sep/2022:13:00:25 -0500] "GET /images/zorro-12-sept_optimized.jpeg HTTP/1.1" 200 26663
199.16.157.181 - - [13/Sep/2022:13:00:25 -0500] "GET /images/zorro-12-sept_optimized.jpeg HTTP/1.1" 200 26663
199.16.157.182 - - [13/Sep/2022:13:00:25 -0500] "GET /images/zorro-12-sept_optimized.jpeg HTTP/1.1" 200 26663
199.16.157.181 - - [13/Sep/2022:13:00:37 -0500] "GET /images/zorro-12-sept_optimized.jpeg HTTP/1.1" 200 26663
199.16.157.180 - - [13/Sep/2022:13:00:38 -0500] "GET /images/zorro-12-sept_optimized.jpeg HTTP/1.1" 200 26663
181.235.115.108 - - [13/Sep/2022:13:00:54 -0500] "GET /BLA/resoluciones/AUTOS%202022/1751.pdf HTTP/1.1" 200 365309
172.22.2.4 - - [13/Sep/2022:13:01:04 -0500] "GET /BLA/boletinlegal/images/pdf.gif HTTP/1.1" 200 567
181.235.115.108 - - [13/Sep/2022:13:01:48 -0500] "GET /BLA/resoluciones/AUTOS%202022/1732.pdf HTTP/1.1" 200 361583
172.22.2.4 - - [13/Sep/2022:13:02:20 -0500] "GET /BLA/boletinlegal/Circulares/2010/Circular%2001%20de%2018%20de%20febrero%20de%202010.pdf HTTP/1.1" 304 -
172.22.2.4 - - [13/Sep/2022:13:00:49 -0500] "GET /BLA/boletinlegal/ HTTP/1.1" 200 63207
172.22.2.4 - - [13/Sep/2022:13:02:29 -0500] "GET /BLA/boletinlegal/favicon.ico HTTP/1.1" 404 1308
199.16.157.183 - - [13/Sep/2022:13:02:30 -0500] "GET /images/zorro-12-sept_optimized.jpeg HTTP/1.1" 200 26663
199.16.157.183 - - [13/Sep/2022:13:02:38 -0500] "GET /images/zorro-12-sept_optimized.jpeg HTTP/1.1" 200 26663
199.16.157.181 - - [13/Sep/2022:13:02:38 -0500] "GET /images/zorro-12-sept_optimized.jpeg HTTP/1.1" 200 26663
199.16.157.182 - - [13/Sep/2022:13:02:38 -0500] "GET /images/zorro-12-sept_optimized.jpeg HTTP/1.1" 200 26663
181.235.115.108 - - [13/Sep/2022:13:02:38 -0500] "GET /BLA/resoluciones/AUTOS%202022/1343.pdf HTTP/1.1" 200 383064
199.16.157.181 - - [13/Sep/2022:13:02:38 -0500] "GET /images/zorro-12-sept_optimized.jpeg HTTP/1.1" 200 26663
199.16.157.182 - - [13/Sep/2022:13:02:38 -0500] "GET /images/zorro-12-sept_optimized.jpeg HTTP/1.1" 200 26663
199.16.157.182 - - [13/Sep/2022:13:02:41 -0500] "GET /images/zorro-12-sept_optimized.jpeg HTTP/1.1" 200 26663
216.245.221.92 - - [13/Sep/2022:13:02:57 -0500] "HEAD / HTTP/1.1" 200 -
198.235.24.139 - - [13/Sep/2022:13:03:07 -0500] "GET / HTTP/1.1" 200 319
201.245.192.253 - - [13/Sep/2022:13:03:15 -0500] "POST /sipse/faces/presentacion/financiero/solicitudProceso/consultarSolicitudProceso.xhtml HTTP/1.1" 200 21111
201.245.192.253 - - [13/Sep/2022:13:03:15 -0500] "GET /sipse/faces/javax.faces.resource/theme.css?ln=primefaces-sipse HTTP/1.1" 304 -
201.245.192.253 - - [13/Sep/2022:13:03:15 -0500] "GET /sipse/faces/javax.faces.resource/jquery/jquery.js?ln=primefaces&v=4.0 HTTP/1.1" 304 -
201.245.192.253 - - [13/Sep/2022:13:03:15 -0500] "GET /sipse/faces/javax.faces.resource/primefaces.css?ln=primefaces&v=4.0 HTTP/1.1" 304 -
201.245.192.253 - - [13/Sep/2022:13:03:15 -0500] "GET /sipse/faces/javax.faces.resource/layout/layout.css?ln=primefaces&v=4.0 HTTP/1.1" 304 -
201.245.192.253 - - [13/Sep/2022:13:03:15 -0500] "GET /sipse/faces/javax.faces.resource/jquery/jquery-plugins.js?ln=primefaces&v=4.0 HTTP/1.1" 304 -
201.245.192.253 - - [13/Sep/2022:13:03:15 -0500] "GET /sipse/faces/javax.faces.resource/fileupload/fileupload.css?ln=primefaces&v=4.0 HTTP/1.1" 304 -
201.245.192.253 - - [13/Sep/2022:13:03:15 -0500] "GET /sipse/faces/javax.faces.resource/primefaces.js?ln=primefaces&v=4.0 HTTP/1.1" 304 -
201.245.192.253 - - [13/Sep/2022:13:03:15 -0500] "GET /sipse/faces/javax.faces.resource/layout/layout.js?ln=primefaces&v=4.0 HTTP/1.1" 304 -
201.245.192.253 - - [13/Sep/2022:13:03:15 -0500] "GET /sipse/faces/javax.faces.resource/fileupload/fileupload.js?ln=primefaces&v=4.0 HTTP/1.1" 304 -
201.245.192.253 - - [13/Sep/2022:13:03:15 -0500] "GET /sipse/css/imagen/contrasena.png HTTP/1.1" 404 383
201.245.192.253 - - [13/Sep/2022:13:03:15 -0500] "GET /sipse/faces/javax.faces.resource/images/ui-icons_898989_256x240.png?ln=primefaces-aristo HTTP/1.1" 304 -
190.24.132.26 - - [13/Sep/2022:13:03:17 -0500] "GET /galeria/galeria/jquery.fancybox.js?v=2.1.5 HTTP/1.1" 200 48706
190.24.132.26 - - [13/Sep/2022:13:03:17 -0500] "GET /galeria/galeria/jquery.fancybox.css?v=2.1.5 HTTP/1.1" 200 4895
190.24.132.26 - - [13/Sep/2022:13:03:17 -0500] "GET /BLA/boletinlegal/js/jquery.scrollShow.js HTTP/1.1" 200 4586
201.245.192.253 - - [13/Sep/2022:13:03:20 -0500] "GET /sipse/faces/javax.faces.resource/primefaces.css?ln=primefaces&v=4.0 HTTP/1.1" 304 -
201.245.192.253 - - [13/Sep/2022:13:03:20 -0500] "GET /sipse/faces/javax.faces.resource/theme.css?ln=primefaces-sipse HTTP/1.1" 304 -
201.245.192.253 - - [13/Sep/2022:13:03:20 -0500] "GET /sipse/faces/javax.faces.resource/jquery/jquery.js?ln=primefaces&v=4.0 HTTP/1.1" 304 -
201.245.192.253 - - [13/Sep/2022:13:03:20 -0500] "GET /sipse/faces/javax.faces.resource/jquery/jquery-plugins.js?ln=primefaces&v=4.0 HTTP/1.1" 304 -
201.245.192.253 - - [13/Sep/2022:13:03:20 -0500] "GET /sipse/faces/javax.faces.resource/layout/layout.css?ln=primefaces&v=4.0 HTTP/1.1" 304 -
201.245.192.253 - - [13/Sep/2022:13:03:20 -0500] "POST /sipse/faces/presentacion/sistema/anexos/cargarAnexoSolicitudProceso.xhtml HTTP/1.1" 200 153164
201.245.192.253 - - [13/Sep/2022:13:03:20 -0500] "GET /sipse/faces/javax.faces.resource/primefaces.js?ln=primefaces&v=4.0 HTTP/1.1" 304 -
201.245.192.253 - - [13/Sep/2022:13:03:20 -0500] "GET /sipse/faces/javax.faces.resource/layout/layout.js?ln=primefaces&v=4.0 HTTP/1.1" 304 -
201.245.192.253 - - [13/Sep/2022:13:03:20 -0500] "GET /sipse/faces/javax.faces.resource/images/ui-icons_898989_256x240.png?ln=primefaces-aristo HTTP/1.1" 304 -
