186.117.158.252 - - [13/Sep/2022:08:41:38 -0500] "GET /BLA/boletinlegal/images/footer_bg_l.jpg HTTP/1.1" 304 -
186.117.158.252 - - [13/Sep/2022:08:41:44 -0500] "GET /BLA/boletinlegal/actos.php HTTP/1.1" 200 9559
186.117.158.252 - - [13/Sep/2022:08:41:44 -0500] "GET /BLA/boletinlegal/js/ajax_actos.js HTTP/1.1" 304 -
186.117.158.252 - - [13/Sep/2022:08:41:44 -0500] "GET /BLA/boletinlegal/niceforms-default.css HTTP/1.1" 304 -
186.117.158.252 - - [13/Sep/2022:08:41:44 -0500] "GET /BLA/boletinlegal/niceforms.js HTTP/1.1" 304 -
186.117.158.252 - - [13/Sep/2022:08:41:44 -0500] "GET /BLA/boletinlegal/images/green-yellow-blue-pink-th.png HTTP/1.1" 304 -
186.117.158.252 - - [13/Sep/2022:08:41:44 -0500] "GET /BLA/boletinlegal/images/tel.png HTTP/1.1" 304 -
186.117.158.252 - - [13/Sep/2022:08:41:44 -0500] "GET /BLA/boletinlegal/images/abajo.png HTTP/1.1" 304 -
186.117.158.252 - - [13/Sep/2022:08:41:44 -0500] "GET /BLA/boletinlegal/images/icono-email.png HTTP/1.1" 304 -
186.117.158.252 - - [13/Sep/2022:08:41:45 -0500] "GET /BLA/boletinlegal/img/select-left.png HTTP/1.1" 304 -
186.117.158.252 - - [13/Sep/2022:08:41:45 -0500] "GET /BLA/boletinlegal/img/0.png HTTP/1.1" 304 -
186.117.158.252 - - [13/Sep/2022:08:41:45 -0500] "GET /BLA/boletinlegal/img/select-right.png HTTP/1.1" 304 -
186.117.158.252 - - [13/Sep/2022:08:41:45 -0500] "GET /BLA/boletinlegal/img/button.png HTTP/1.1" 304 -
186.117.158.252 - - [13/Sep/2022:08:41:45 -0500] "GET /BLA/boletinlegal/img/button-left.png HTTP/1.1" 304 -
186.117.158.252 - - [13/Sep/2022:08:41:45 -0500] "GET /BLA/boletinlegal/img/button-right.png HTTP/1.1" 304 -
186.117.158.252 - - [13/Sep/2022:08:41:47 -0500] "GET /BLA/boletinlegal/consulta_actos.php?tipo=autos&no=&usuario=&sector=&fecha=2022&resuelve= HTTP/1.1" 200 903721
186.169.217.163 - - [13/Sep/2022:08:41:48 -0500] "GET /kwssiamovil/sm/acme/a?s=U2FsdGVkX19rqjI4n7TtRAtUCin8bDQqUxq446ynmlQcta/FqHcv4RlnPy5ZimNUSXrZ4gHhjoy6gkApdYVf7U1J4RJGCsRZujobEwA2B+S9UWbL1z53pHhF6WFVuDVnfEeOXHAJaKpKkEhiK4ZwnwHRBsGAHOWXJ1cWA+BjmGDw8gool/1J0ATF497DpzRXI2azsa2nTI2rFjWs/wu+V1inJHeKaBXIGA8of7TPnyQrYhgevVI0oT9KKjjjaCzzWvjVXq3/KGNq/no0Ury/sg==&u=U2FsdGVkX1/Td5wFeQqsyjFBR75Ps2UJt6n/E1dOOPPsfzPDLkn7HZG8NhygTO9Y&y=U2FsdGVkX19mqMXw3qhNkgleDpetyesodk7sONQW/cuT2hEXO/xkT4XrMNgwyms2 HTTP/1.1" 200 25
186.169.217.163 - - [13/Sep/2022:08:41:48 -0500] "GET /kwssiamovil/sm/acme/a?s=U2FsdGVkX19Ja7IvZ5Dxz/ui0M2hEh7VswpIB4wrsfdL3dDww0A2JAL2UBTtM2t3zwJBRnnewZr0Y5dhXpS0foeU0XL/e2SWZpAGGzezprPeeYb0rsr56/4Dd16fRmhqwrZUZ/h7DQbtpbttWDPcYQAEznB/WuOXg0/CXwoMGZlxISpdy/aU6sUeXqQ82ofZGJIvf2FHz+OUhmbDmjrWWIuTI1MqFZjE2HSiMJEXRXoL890N9jj6EVPfIwkCykK+dRIYyjbfWgAKsashZf+byxnCmJO9e7M3dqgC/6hGUTvpXpIQDdttde9szEiw/SBkOklJX2Q4NmNNoVfTpkoMBbU1KFuVisIa3pImbOIrD4Aww02iYJBSvWHJIEuhlRGb/Kkb3LaGcQjabjKPY1IN/wk5guxmG856G3meyimMFSVm4pMRor6t/T8JGedfx0nChfuFHrhgfpsx+ctQ4hzbzRX+dkHOCwcmrYpL4PwhP2bIS5UkmKlMWQxsWgdhOydjssyaCjM1FqJSdudQcUnWB65AwN4wsSGpQP4I78fZedHos12onXTAyOjH0ZnZVFRGPqNR9D8gAfrmh39fxypDXAnkWQO9cDEz8WRqqofMjrZIXdxxAvBsjBIS7TO+v3JFJVkjR30XUCjdDK6QH/YJEr7+IEmju7oPsGORcA97NkNbWvoEEhLqCoxX1t8YlBcZ/ABOlGG3dPtSTL3YZj2za49vBbkb0Om21Blf10kAraxBjrsnUQfVlJ1x+0qX2ogNDpxFjSymkSCzpGUms1t7CHKveLyM7r24HdQYIBy9sxKtu9yLlOBdzhPoqdjJghXKcC6mUdo86KEtx20z3eK8XabD4JBYJUOTK57e5tghfKII5PJ49Y048mEa6uRuG4gXAqWAKaK0X6q+VDmI/DSQ73v4ngIAPuRDDmobDqfyy8pbBRQCk9trxxDOwOLuOHTRPEY+BatdfSAoFfaYw4nlYvEif9EJW9kEzz2cFlm0TvXbFCEmNWpzXlA9+bD+va/cISoC9paRwjUlAYjKD3LbCtnCSNunFf5QRqH5Ddr2yMRJ/hniYHpDfBRZFZk56/+XEIZL2G0GHAyFNp6/GDURYkLGm+bhtwH41oOTiOVmXqtbYnl1NilnJHXpcS2yTBw/0FIfsnpyDweJhOtxgwlWLCugwvI1g79z1RtCpeG/3jeXg37Th1nr4FcUxbNzYWufqYky1YMtg2pktC+4B7Rp9beB2xaBcRZmxn04ICRC10Um+y+s90V7bY0/tOC1Y0KVMvb1m47IfhrUPuQpjheGYaDTKVfbSnZsfjVvQ57JA4CPJXSc/NonAIr5+nl656elnIYqdtp49O4NqU2T4lUzUj9UjDbFWZ9H2Ufssd6c0Fmw8deSiek9K3FG8/KW4Aj5IabcKhC70DEpHAFt8IZVsGWj/j5P3Z/AKONchIBtdlTKahgitqyNqr+vS/hxOB7QIfObNKe1FblNbRZlE0MwH0LiI33ws7LzkF4Hu68SG0ab+MIKRuCi0XKvYTff/ILg3zBkzwQeOIFzxR1wip5vsZ25KL2GtAVs/7UK4aswj3DLAAeU31vXm1dAocZcRplup7lv2rMuTmcNOjO3fk+mtba/dS1KMeGhmpmFI7ZvNDQ0WEfA8pPWSWq3zgOcEth/2hKe2z1IO3neW7x1FmxumGjM6rPOidFzNEvnkKC2EFyt8zMritJ9dIvk4Rd4Qh6DxBjSZL1uUkncpKm9vO6uKayLNxeLdwf+DnckqC9JRGCpzy3Mn/0wOsVvSlABtbzfwoyTroD/O9EXJ5BjpmZ0Ggpaj5gzi/QIdRFnFy2h/UVsciTyLny1kepTazDYVJgg4hgLU2YJlnAGBgkH1y2Gtm2bkffyi9CHnPQ8IxMpPBJTU5r+fM18bimU5QLNvxvJsT+oaIVxodp6vIUvtZYAp9Upvynl9tE5YnQebhT+JYvVB9q9bicG80HFuuWK+WU8+dzm1xUf7gpMqYfQPADiAi/EcFGyPRALRTmj6MGY0yHEkqJPq5Vf9yXbIoCOSBfGm957K+Zw3jR1Wb7DJAk48liqUwnW2Bi3tto4OmWmU8Ke4NrsQHM650CHDQpvvpANY0AQsRpFT0tEDNMI3O0umJNHWdtsAi93bP67F+jy0bA=&u=U2FsdGVkX1/Td5wFeQqsyjFBR75Ps2UJt6n/E1dOOPPsfzPDLkn7HZG8NhygTO9Y&y=U2FsdGVkX19mqMXw3qhNkgleDpetyesodk7sONQW/cuT2hEXO/xkT4XrMNgwyms2 HTTP/1.1" 200 25
186.169.217.163 - - [13/Sep/2022:08:41:48 -0500] "GET /kwssiamovil/sm/acme/a?s=U2FsdGVkX1/ilr3SmIXyjDsjXsRmoOwxK2PxyALN8YsPjDWvwjJtlm+NaO/XelwkO/R0B02gKKjyo2uhYvfmJUZNMfhv3u6zq4MNtyuyjsSg2PKF5GTcshan5XZHLaKXvXtPU/QArayJXU8azPoE+f6XiMLtdt/yfITN7cs/224=&u=U2FsdGVkX1/Td5wFeQqsyjFBR75Ps2UJt6n/E1dOOPPsfzPDLkn7HZG8NhygTO9Y&y=U2FsdGVkX19mqMXw3qhNkgleDpetyesodk7sONQW/cuT2hEXO/xkT4XrMNgwyms2 HTTP/1.1" 200 25
186.169.217.163 - - [13/Sep/2022:08:41:49 -0500] "GET /kwssiamovil/sm/acme/a?s=U2FsdGVkX1859tcIYsgz0KoL5pM1ToEHVzqvdNvaNxAhUfi4uObl4vO2IC+S9QT571ihuVS8ur0prb4k/mKngBCXjcQrW8jMbpwwESf1wuyKMy2ePp15Y7S3YDEKDek9YTsXfHqz6j4Hv/XmePKF2b8nXSNeiPcKXWg16QgNCww=&u=U2FsdGVkX1/Td5wFeQqsyjFBR75Ps2UJt6n/E1dOOPPsfzPDLkn7HZG8NhygTO9Y&y=U2FsdGVkX19mqMXw3qhNkgleDpetyesodk7sONQW/cuT2hEXO/xkT4XrMNgwyms2 HTTP/1.1" 200 25
186.169.217.163 - - [13/Sep/2022:08:41:49 -0500] "GET /kwssiamovil/sm/acme/a?s=U2FsdGVkX18WZIQbEEdV6iswSY7prslLc9af06ZKL+i46ITr5wvITSgZHfpUOZlZZ/h9q7kwNgxNxoxMI0YcY0TIGT7Iq15gsHfUuEPsAZcSQeK1Tk7l8CPt2+VdADsmF+0hCL64bDVnWTP6fVuVph8LCKpBTQgZeerrB8JDlEs=&u=U2FsdGVkX1/Td5wFeQqsyjFBR75Ps2UJt6n/E1dOOPPsfzPDLkn7HZG8NhygTO9Y&y=U2FsdGVkX19mqMXw3qhNkgleDpetyesodk7sONQW/cuT2hEXO/xkT4XrMNgwyms2 HTTP/1.1" 200 25
186.169.217.163 - - [13/Sep/2022:08:41:49 -0500] "GET /kwssiamovil/sm/acme/a?s=U2FsdGVkX199OYASl0Ac8sEAv7yIKfJwuhDPj1WUgVq20MpOHtCJJ8PZ52/GkdJATXkVSVhtlnMxflhshVZbcPGj/wTF0T7GmjqKsO/5t/mz+RFz7hwE3y+qSr1xlwzIdr76svzOx+JvXhQ1GI8A/6tBCqEQNQkU8TCzvH64wossphr78RgOZFftppQSMnu1+CKQFKfn8atrq683vsyl8g==&u=U2FsdGVkX1/Td5wFeQqsyjFBR75Ps2UJt6n/E1dOOPPsfzPDLkn7HZG8NhygTO9Y&y=U2FsdGVkX19mqMXw3qhNkgleDpetyesodk7sONQW/cuT2hEXO/xkT4XrMNgwyms2 HTTP/1.1" 200 25
186.169.217.163 - - [13/Sep/2022:08:41:50 -0500] "GET /kwssiamovil/sm/acme/a?s=U2FsdGVkX18DU+T9JEmaTOaNPP23mQSiiwngYQTYWOe4NHGQyw9MT03lpeXuaiZEAcGjIEOYFyP05vVkYc+2qAuKRo+dZRwERfTo9Cgu4AwUlTKLZoXAXEQNQO/bCg+ijFP81m11r2BFy4LkV6a03cmp998J3sh21rdrO3vY4cTfNKRG78FDxpKSKyvs41buhMW2KKIZeSDqvd68S6bSiw==&u=U2FsdGVkX1/Td5wFeQqsyjFBR75Ps2UJt6n/E1dOOPPsfzPDLkn7HZG8NhygTO9Y&y=U2FsdGVkX19mqMXw3qhNkgleDpetyesodk7sONQW/cuT2hEXO/xkT4XrMNgwyms2 HTTP/1.1" 200 25
186.169.217.163 - - [13/Sep/2022:08:41:50 -0500] "GET /kwssiamovil/sm/acme/a?s=U2FsdGVkX180wHEhzauerzCtP9junshQiwP15ONqNEe/pBjUEV8845d7O/8czcEdzZ8YQppXRFAGYoZ837RD6BNMv1jKpJ/sUSPoz4MB4Bitn8mh2lusosVhQAKtNmdDS8UmhTM3YI4DhWFJ/92F9mpmKVgBgOvH+L/vlFXy7U2tiT7oDt4TdDR3SZya6IKm&u=U2FsdGVkX1/Td5wFeQqsyjFBR75Ps2UJt6n/E1dOOPPsfzPDLkn7HZG8NhygTO9Y&y=U2FsdGVkX19mqMXw3qhNkgleDpetyesodk7sONQW/cuT2hEXO/xkT4XrMNgwyms2 HTTP/1.1" 200 25
186.117.158.252 - - [13/Sep/2022:08:41:49 -0500] "GET /BLA/boletinlegal/consulta_actos.php?tipo=autos&no=&usuario=&sector=&fecha=2022&resuelve= HTTP/1.1" 200 903721
186.117.158.252 - - [13/Sep/2022:08:42:02 -0500] "GET /BLA/boletinlegal/consulta_actos.php?tipo=resoluciones&no=&usuario=&sector=&fecha=2022&resuelve= HTTP/1.1" 200 1332685
186.117.158.252 - - [13/Sep/2022:08:42:04 -0500] "GET /BLA/boletinlegal/consulta_actos.php?tipo=resoluciones&no=&usuario=&sector=&fecha=2022&resuelve= HTTP/1.1" 200 1332685
186.117.158.252 - - [13/Sep/2022:08:42:06 -0500] "GET /BLA/boletinlegal/consulta_actos.php?tipo=resoluciones&no=&usuario=&sector=&fecha=2022&resuelve= HTTP/1.1" 200 1332685
186.117.158.252 - - [13/Sep/2022:08:42:10 -0500] "GET /BLA/boletinlegal/consulta_actos.php?tipo=resoluciones&no=&usuario=&sector=&fecha=2022&resuelve= HTTP/1.1" 200 1332685
199.16.157.182 - - [13/Sep/2022:08:42:13 -0500] "GET /images/zorro-12-sept_optimized.jpeg HTTP/1.1" 200 26663
172.22.2.4 - - [13/Sep/2022:08:40:46 -0500] "GET /BLA/boletinlegal/ HTTP/1.1" 200 55630
186.117.158.252 - - [13/Sep/2022:08:42:32 -0500] "GET /BLA/boletinlegal/normativa.php HTTP/1.1" 200 8326
186.117.158.252 - - [13/Sep/2022:08:42:32 -0500] "GET /BLA/boletinlegal/js/ajax_normativa.js HTTP/1.1" 304 -
199.16.157.182 - - [13/Sep/2022:08:42:56 -0500] "GET /images/zorro-12-sept_optimized.jpeg HTTP/1.1" 200 26663
199.16.157.182 - - [13/Sep/2022:08:42:57 -0500] "GET /images/zorro-12-sept_optimized.jpeg HTTP/1.1" 200 26663
199.16.157.180 - - [13/Sep/2022:08:42:57 -0500] "GET /images/zorro-12-sept_optimized.jpeg HTTP/1.1" 200 26663
199.16.157.181 - - [13/Sep/2022:08:42:57 -0500] "GET /images/zorro-12-sept_optimized.jpeg HTTP/1.1" 200 26663
216.245.221.92 - - [13/Sep/2022:08:42:58 -0500] "HEAD / HTTP/1.1" 200 -
185.180.143.137 - - [13/Sep/2022:08:43:05 -0500] "GET / HTTP/1.1" 200 319
201.245.192.253 - - [13/Sep/2022:08:43:28 -0500] "POST /kwsrmcab/Wsrmcab  HTTP/1.1" 200 36144
199.16.157.180 - - [13/Sep/2022:08:44:18 -0500] "GET /images/zorro-12-sept_optimized.jpeg HTTP/1.1" 200 26663
107.178.232.189 - - [13/Sep/2022:08:44:41 -0500] "HEAD /portaldeninos/humedal-el-tunjo/ HTTP/1.1" 200 -
107.178.232.189 - - [13/Sep/2022:08:44:41 -0500] "GET /portaldeninos/humedal-el-tunjo/ HTTP/1.1" 200 87661
3.232.207.53 - - [13/Sep/2022:08:44:42 -0500] "GET /portaldeninos/humedal-el-tunjo/ HTTP/1.1" 200 87661
50.17.48.57 - - [13/Sep/2022:08:44:42 -0500] "GET /portaldeninos/humedal-el-tunjo/ HTTP/1.1" 200 87661
35.203.245.150 - - [13/Sep/2022:08:44:52 -0500] "HEAD /portaldeninos/humedal-el-tunjo/ HTTP/1.1" 200 -
35.203.245.150 - - [13/Sep/2022:08:44:53 -0500] "GET /portaldeninos/humedal-el-tunjo/ HTTP/1.1" 200 87661
107.178.238.59 - - [13/Sep/2022:08:44:54 -0500] "HEAD /portaldeninos/wp-includes/js/jquery/ui/tabs.min.js?ver=1.11.4 HTTP/1.1" 200 -
107.178.236.18 - - [13/Sep/2022:08:44:54 -0500] "HEAD /portaldeninos/wp-content/plugins/google-analytics-for-wordpress/assets/js/frontend-gtag.min.js?ver=8.5.0 HTTP/1.1" 200 -
107.178.238.59 - - [13/Sep/2022:08:44:54 -0500] "GET /portaldeninos/wp-includes/js/jquery/ui/tabs.min.js?ver=1.11.4 HTTP/1.1" 200 12110
107.178.238.59 - - [13/Sep/2022:08:44:55 -0500] "HEAD /portaldeninos/wp-includes/js/jquery/ui/accordion.min.js?ver=1.11.4 HTTP/1.1" 200 -
107.178.236.18 - - [13/Sep/2022:08:44:54 -0500] "GET /portaldeninos/wp-content/plugins/google-analytics-for-wordpress/assets/js/frontend-gtag.min.js?ver=8.5.0 HTTP/1.1" 200 11801
107.178.238.59 - - [13/Sep/2022:08:44:55 -0500] "GET /portaldeninos/wp-includes/js/jquery/ui/accordion.min.js?ver=1.11.4 HTTP/1.1" 200 8584
107.178.236.18 - - [13/Sep/2022:08:44:55 -0500] "HEAD /portaldeninos/wp-includes/js/jquery/jquery.js?ver=1.12.4 HTTP/1.1" 200 -
107.178.238.59 - - [13/Sep/2022:08:44:55 -0500] "HEAD /portaldeninos/wp-content/themes/betheme/js/plugins.js?ver=20.9.6 HTTP/1.1" 200 -
107.178.236.18 - - [13/Sep/2022:08:44:55 -0500] "GET /portaldeninos/wp-includes/js/jquery/jquery.js?ver=1.12.4 HTTP/1.1" 200 97184
107.178.236.18 - - [13/Sep/2022:08:44:56 -0500] "HEAD /portaldeninos/wp-includes/js/jquery/jquery-migrate.min.js?ver=1.4.1 HTTP/1.1" 200 -
107.178.236.18 - - [13/Sep/2022:08:44:56 -0500] "GET /portaldeninos/wp-includes/js/jquery/jquery-migrate.min.js?ver=1.4.1 HTTP/1.1" 200 10056
107.178.238.59 - - [13/Sep/2022:08:44:55 -0500] "GET /portaldeninos/wp-content/themes/betheme/js/plugins.js?ver=20.9.6 HTTP/1.1" 200 197151
107.178.238.59 - - [13/Sep/2022:08:44:56 -0500] "HEAD /portaldeninos/wp-content/themes/betheme/js/menu.js?ver=20.9.6 HTTP/1.1" 200 -
107.178.236.18 - - [13/Sep/2022:08:44:56 -0500] "HEAD /portaldeninos/wp-includes/js/jquery/ui/core.min.js?ver=1.11.4 HTTP/1.1" 200 -
107.178.238.59 - - [13/Sep/2022:08:44:57 -0500] "GET /portaldeninos/wp-content/themes/betheme/js/menu.js?ver=20.9.6 HTTP/1.1" 200 2449
107.178.236.18 - - [13/Sep/2022:08:44:57 -0500] "GET /portaldeninos/wp-includes/js/jquery/ui/core.min.js?ver=1.11.4 HTTP/1.1" 200 4000
107.178.238.59 - - [13/Sep/2022:08:44:57 -0500] "HEAD /portaldeninos/wp-content/themes/betheme/assets/animations/animations.min.js?ver=20.9.6 HTTP/1.1" 200 -
107.178.236.18 - - [13/Sep/2022:08:44:57 -0500] "HEAD /portaldeninos/wp-content/plugins/gallery-videos/JS/modernizr.custom.js?ver=4.9.8 HTTP/1.1" 200 -
107.178.238.59 - - [13/Sep/2022:08:44:57 -0500] "GET /portaldeninos/wp-content/themes/betheme/assets/animations/animations.min.js?ver=20.9.6 HTTP/1.1" 200 1896
107.178.236.18 - - [13/Sep/2022:08:44:57 -0500] "GET /portaldeninos/wp-content/plugins/gallery-videos/JS/modernizr.custom.js?ver=4.9.8 HTTP/1.1" 200 9019
107.178.238.59 - - [13/Sep/2022:08:44:57 -0500] "HEAD /portaldeninos/wp-content/themes/betheme/assets/jplayer/jplayer.min.js?ver=20.9.6 HTTP/1.1" 200 -
107.178.236.18 - - [13/Sep/2022:08:44:57 -0500] "HEAD /portaldeninos/wp-content/plugins/gallery-videos/JS/Total-Soft-Gallery-Video-Widget.js?ver=4.9.8 HTTP/1.1" 200 -
199.16.157.180 - - [13/Sep/2022:08:44:58 -0500] "GET /images/zorro-12-sept_optimized.jpeg HTTP/1.1" 200 26663
107.178.238.59 - - [13/Sep/2022:08:44:57 -0500] "GET /portaldeninos/wp-content/themes/betheme/assets/jplayer/jplayer.min.js?ver=20.9.6 HTTP/1.1" 200 52702
107.178.236.18 - - [13/Sep/2022:08:44:58 -0500] "GET /portaldeninos/wp-content/plugins/gallery-videos/JS/Total-Soft-Gallery-Video-Widget.js?ver=4.9.8 HTTP/1.1" 200 80264
107.178.238.59 - - [13/Sep/2022:08:44:58 -0500] "HEAD /portaldeninos/wp-content/themes/betheme/js/scripts.js?ver=20.9.6 HTTP/1.1" 200 -
107.178.236.18 - - [13/Sep/2022:08:44:58 -0500] "HEAD /portaldeninos/wp-includes/js/jquery/ui/widget.min.js?ver=1.11.4 HTTP/1.1" 200 -
107.178.238.59 - - [13/Sep/2022:08:44:58 -0500] "GET /portaldeninos/wp-content/themes/betheme/js/scripts.js?ver=20.9.6 HTTP/1.1" 200 77162
107.178.236.18 - - [13/Sep/2022:08:44:59 -0500] "GET /portaldeninos/wp-includes/js/jquery/ui/widget.min.js?ver=1.11.4 HTTP/1.1" 200 6908
107.178.236.18 - - [13/Sep/2022:08:44:59 -0500] "HEAD /portaldeninos/wp-includes/js/jquery/ui/mouse.min.js?ver=1.11.4 HTTP/1.1" 200 -
107.178.238.59 - - [13/Sep/2022:08:44:59 -0500] "HEAD /portaldeninos/wp-includes/js/wp-embed.min.js?ver=4.9.8 HTTP/1.1" 200 -
107.178.236.18 - - [13/Sep/2022:08:44:59 -0500] "GET /portaldeninos/wp-includes/js/jquery/ui/mouse.min.js?ver=1.11.4 HTTP/1.1" 200 3148
107.178.238.59 - - [13/Sep/2022:08:44:59 -0500] "GET /portaldeninos/wp-includes/js/wp-embed.min.js?ver=4.9.8 HTTP/1.1" 200 1398
107.178.236.18 - - [13/Sep/2022:08:44:59 -0500] "HEAD /portaldeninos/wp-includes/js/jquery/ui/sortable.min.js?ver=1.11.4 HTTP/1.1" 200 -
107.178.236.18 - - [13/Sep/2022:08:45:00 -0500] "GET /portaldeninos/wp-includes/js/jquery/ui/sortable.min.js?ver=1.11.4 HTTP/1.1" 200 24899
157.55.39.201 - - [13/Sep/2022:08:45:11 -0500] "GET /sipse/faces/faces/autenticacion.xhtml HTTP/1.1" 200 12497
199.16.157.181 - - [13/Sep/2022:08:45:15 -0500] "GET /images/zorro-12-sept_optimized.jpeg HTTP/1.1" 200 26663
199.16.157.180 - - [13/Sep/2022:08:45:15 -0500] "GET /images/zorro-12-sept_optimized.jpeg HTTP/1.1" 200 26663
199.16.157.181 - - [13/Sep/2022:08:45:15 -0500] "GET /images/zorro-12-sept_optimized.jpeg HTTP/1.1" 200 26663
199.16.157.183 - - [13/Sep/2022:08:45:15 -0500] "GET /images/zorro-12-sept_optimized.jpeg HTTP/1.1" 200 26663
199.16.157.182 - - [13/Sep/2022:08:45:16 -0500] "GET /images/zorro-12-sept_optimized.jpeg HTTP/1.1" 200 26663
199.16.157.182 - - [13/Sep/2022:08:45:19 -0500] "GET /images/zorro-12-sept_optimized.jpeg HTTP/1.1" 200 26663
199.16.157.183 - - [13/Sep/2022:08:45:22 -0500] "GET /images/zorro-12-sept_optimized.jpeg HTTP/1.1" 200 26663
199.16.157.181 - - [13/Sep/2022:08:45:23 -0500] "GET /images/zorro-12-sept_optimized.jpeg HTTP/1.1" 200 26663
199.16.157.180 - - [13/Sep/2022:08:45:26 -0500] "GET /images/zorro-12-sept_optimized.jpeg HTTP/1.1" 200 26663
199.16.157.182 - - [13/Sep/2022:08:46:19 -0500] "GET /images/zorro-12-sept_optimized.jpeg HTTP/1.1" 200 26663
66.249.75.63 - - [13/Sep/2022:08:46:23 -0500] "-" 408 -
199.16.157.181 - - [13/Sep/2022:08:46:59 -0500] "GET /images/zorro-12-sept_optimized.jpeg HTTP/1.1" 200 26663
172.22.2.4 - - [13/Sep/2022:08:45:46 -0500] "HEAD /BLA/boletinlegal/ HTTP/1.1" 200 -
199.16.157.181 - - [13/Sep/2022:08:47:26 -0500] "GET /images/zorro-12-sept_optimized.jpeg HTTP/1.1" 200 26663
199.16.157.181 - - [13/Sep/2022:08:47:26 -0500] "GET /images/zorro-12-sept_optimized.jpeg HTTP/1.1" 200 26663
199.16.157.181 - - [13/Sep/2022:08:47:32 -0500] "GET /images/zorro-12-sept_optimized.jpeg HTTP/1.1" 200 26663
199.16.157.182 - - [13/Sep/2022:08:47:35 -0500] "GET /images/zorro-12-sept_optimized.jpeg HTTP/1.1" 200 26663
199.16.157.181 - - [13/Sep/2022:08:47:35 -0500] "GET /images/zorro-12-sept_optimized.jpeg HTTP/1.1" 200 26663
199.16.157.181 - - [13/Sep/2022:08:47:41 -0500] "GET /images/zorro-12-sept_optimized.jpeg HTTP/1.1" 200 26663
89.208.29.160 - - [13/Sep/2022:08:47:55 -0500] "GET /Publicaciones/2022EE222201.pdf HTTP/1.1" 404 228
216.245.221.92 - - [13/Sep/2022:08:47:58 -0500] "HEAD / HTTP/1.1" 200 -
199.16.157.182 - - [13/Sep/2022:08:48:14 -0500] "GET /images/zorro-12-sept_optimized.jpeg HTTP/1.1" 200 26663
172.22.2.4 - - [13/Sep/2022:08:46:36 -0500] "GET /BLA/boletinlegal/ HTTP/1.1" 200 58163
194.186.142.133 - - [13/Sep/2022:08:48:16 -0500] "GET /Publicaciones/2022EE223726.pdf HTTP/1.1" 200 231825
199.16.157.182 - - [13/Sep/2022:08:48:19 -0500] "GET /images/zorro-12-sept_optimized.jpeg HTTP/1.1" 200 26663
45.67.97.17 - - [13/Sep/2022:08:48:18 -0500] "GET /Publicaciones/2022EE229878.pdf HTTP/1.1" 200 365502
193.56.117.222 - - [13/Sep/2022:08:48:20 -0500] "GET /Publicaciones/2022EE230325.pdf HTTP/1.1" 200 231936
45.67.97.17 - - [13/Sep/2022:08:48:22 -0500] "GET /Publicaciones/2022EE226180.pdf HTTP/1.1" 200 364443
191.101.252.89 - - [13/Sep/2022:08:48:26 -0500] "GET /Publicaciones/2022EE220868.pdf HTTP/1.1" 404 228
213.33.190.148 - - [13/Sep/2022:08:48:24 -0500] "GET /Publicaciones/2022EE230307.pdf HTTP/1.1" 200 231954
201.245.192.253 - - [13/Sep/2022:08:48:27 -0500] "POST /kwsrmcab/Wsrmcab  HTTP/1.1" 200 36144
154.6.19.252 - - [13/Sep/2022:08:48:31 -0500] "GET /Publicaciones/2022EE220867.pdf HTTP/1.1" 404 228
89.208.29.160 - - [13/Sep/2022:08:48:37 -0500] "GET /Publicaciones/2022EE220862.pdf HTTP/1.1" 404 228
89.208.29.160 - - [13/Sep/2022:08:48:37 -0500] "GET /Publicaciones/2022EE226626.pdf HTTP/1.1" 200 232000
199.16.157.180 - - [13/Sep/2022:08:48:59 -0500] "GET /images/zorro-12-sept_optimized.jpeg HTTP/1.1" 200 26663
45.67.97.17 - - [13/Sep/2022:08:49:20 -0500] "GET /Publicaciones/2022EE222203.pdf HTTP/1.1" 404 228
193.56.117.222 - - [13/Sep/2022:08:49:26 -0500] "GET /BLA/resoluciones/Notificaciones/RESOLUCIONES%202022/2722.pdf HTTP/1.1" 200 406243
185.220.100.255 - - [13/Sep/2022:08:49:26 -0500] "GET /BLA/resoluciones/Notificaciones/RESOLUCIONES%202022/1356.pdf HTTP/1.1" 200 1011664
45.67.97.17 - - [13/Sep/2022:08:49:25 -0500] "GET /Publicaciones/2022EE223640.pdf HTTP/1.1" 200 795654
199.16.157.181 - - [13/Sep/2022:08:49:41 -0500] "GET /images/zorro-12-sept_optimized.jpeg HTTP/1.1" 200 26663
199.16.157.183 - - [13/Sep/2022:08:49:41 -0500] "GET /images/zorro-12-sept_optimized.jpeg HTTP/1.1" 200 26663
199.16.157.182 - - [13/Sep/2022:08:49:47 -0500] "GET /images/zorro-12-sept_optimized.jpeg HTTP/1.1" 200 26663
199.16.157.183 - - [13/Sep/2022:08:49:50 -0500] "GET /images/zorro-12-sept_optimized.jpeg HTTP/1.1" 200 26663
172.22.2.4 - - [13/Sep/2022:08:49:51 -0500] "GET /BLA/boletinlegal/robots.txt HTTP/1.1" 404 1134
172.22.2.4 - - [13/Sep/2022:08:49:51 -0500] "GET /BLA/boletinlegal/normativa.php HTTP/1.1" 200 8326
191.79.1.88 - - [13/Sep/2022:08:49:54 -0500] "GET /sipse/faces/faces/faces/autenticacion.xhtml HTTP/1.1" 200 12497
191.79.1.88 - - [13/Sep/2022:08:49:54 -0500] "GET /sipse/faces/javax.faces.resource/layout/layout.css;jsessionid=I68f49hr5SycgqFPv8kenjr4.undefined?ln=primefaces&v=4.0 HTTP/1.1" 200 542
191.79.1.88 - - [13/Sep/2022:08:49:54 -0500] "GET /sipse/css/custom_css_sg.css HTTP/1.1" 304 -
191.79.1.88 - - [13/Sep/2022:08:49:54 -0500] "GET /sipse/css/custom_css_sg_prime_login.css HTTP/1.1" 304 -
191.79.1.88 - - [13/Sep/2022:08:49:54 -0500] "GET /sipse/faces/javax.faces.resource/theme.css?ln=primefaces-sipse HTTP/1.1" 304 -
191.79.1.88 - - [13/Sep/2022:08:49:54 -0500] "GET /sipse/js/disable_browser_buttons.js HTTP/1.1" 304 -
191.79.1.88 - - [13/Sep/2022:08:49:54 -0500] "GET /sipse/faces/javax.faces.resource/primefaces.css;jsessionid=I68f49hr5SycgqFPv8kenjr4.undefined?ln=primefaces&v=4.0 HTTP/1.1" 200 53295
191.79.1.88 - - [13/Sep/2022:08:49:54 -0500] "GET /sipse/js/funciones.js HTTP/1.1" 304 -
191.79.1.88 - - [13/Sep/2022:08:49:54 -0500] "GET /sipse/faces/javax.faces.resource/jquery/jquery.js;jsessionid=I68f49hr5SycgqFPv8kenjr4.undefined?ln=primefaces&v=4.0 HTTP/1.1" 200 105384
191.79.1.88 - - [13/Sep/2022:08:49:54 -0500] "GET /sipse/faces/javax.faces.resource/layout/layout.js;jsessionid=I68f49hr5SycgqFPv8kenjr4.undefined?ln=primefaces&v=4.0 HTTP/1.1" 200 87560
191.79.1.88 - - [13/Sep/2022:08:49:54 -0500] "GET /sipse/faces/javax.faces.resource/jquery/jquery-plugins.js;jsessionid=I68f49hr5SycgqFPv8kenjr4.undefined?ln=primefaces&v=4.0 HTTP/1.1" 200 220526
191.79.1.88 - - [13/Sep/2022:08:49:54 -0500] "GET /sipse/faces/javax.faces.resource/primefaces.js;jsessionid=I68f49hr5SycgqFPv8kenjr4.undefined?ln=primefaces&v=4.0 HTTP/1.1" 200 276924
191.79.1.88 - - [13/Sep/2022:08:49:56 -0500] "GET /sipse/css/imagen/loginimg.png HTTP/1.1" 304 -
191.79.1.88 - - [13/Sep/2022:08:49:56 -0500] "GET /sipse/css/imagen/logoSDG.png HTTP/1.1" 304 -
191.79.1.88 - - [13/Sep/2022:08:49:56 -0500] "GET /sipse/faces/javax.faces.resource/images/ui-icons_898989_256x240.png?ln=primefaces-aristo HTTP/1.1" 304 -
191.79.1.88 - - [13/Sep/2022:08:49:56 -0500] "GET /sipse/faces/faces/faces/index.xhtml HTTP/1.1" 200 677
191.79.1.88 - - [13/Sep/2022:08:49:56 -0500] "GET /sipse/faces/javax.faces.resource/theme.css?ln=primefaces-sipse HTTP/1.1" 304 -
191.79.1.88 - - [13/Sep/2022:08:49:57 -0500] "GET /sipse/faces/faces/faces/faces/autenticacion.xhtml HTTP/1.1" 200 12175
191.79.1.88 - - [13/Sep/2022:08:49:57 -0500] "GET /sipse/faces/javax.faces.resource/theme.css?ln=primefaces-sipse HTTP/1.1" 304 -
191.79.1.88 - - [13/Sep/2022:08:49:57 -0500] "GET /sipse/faces/javax.faces.resource/jquery/jquery-plugins.js?ln=primefaces&v=4.0 HTTP/1.1" 304 -
191.79.1.88 - - [13/Sep/2022:08:49:57 -0500] "GET /sipse/faces/javax.faces.resource/jquery/jquery.js?ln=primefaces&v=4.0 HTTP/1.1" 304 -
191.79.1.88 - - [13/Sep/2022:08:49:57 -0500] "GET /sipse/faces/javax.faces.resource/layout/layout.css?ln=primefaces&v=4.0 HTTP/1.1" 304 -
191.79.1.88 - - [13/Sep/2022:08:49:57 -0500] "GET /sipse/faces/javax.faces.resource/primefaces.css?ln=primefaces&v=4.0 HTTP/1.1" 304 -
191.79.1.88 - - [13/Sep/2022:08:49:57 -0500] "GET /sipse/faces/javax.faces.resource/primefaces.js?ln=primefaces&v=4.0 HTTP/1.1" 304 -
191.79.1.88 - - [13/Sep/2022:08:49:57 -0500] "GET /sipse/faces/javax.faces.resource/layout/layout.js?ln=primefaces&v=4.0 HTTP/1.1" 304 -
199.16.157.182 - - [13/Sep/2022:08:50:00 -0500] "GET /images/zorro-12-sept_optimized.jpeg HTTP/1.1" 200 26663
212.30.36.79 - - [13/Sep/2022:08:50:02 -0500] "GET /BLA/resoluciones/Notificaciones/RESOLUCIONES%202022/3210.pdf HTTP/1.1" 200 951708
186.169.217.163 - - [13/Sep/2022:08:50:04 -0500] "GET /kwssiamovil/sm/acme/u?s=U2FsdGVkX1/1szmSycR1ImsnzwE3Fm/5Z8XVnwSo743iEI9XHF4DbiFBrGMUmqXk3GH86bJLu61XVPbLSxg6ktPoBE+166C3r2Wq62OhxHymDvFymqPKLhWmzTBT7woISVAtIyMMyUTgaO5ruEeFVg==&u=U2FsdGVkX1/Td5wFeQqsyjFBR75Ps2UJt6n/E1dOOPPsfzPDLkn7HZG8NhygTO9Y&y=U2FsdGVkX19mqMXw3qhNkgleDpetyesodk7sONQW/cuT2hEXO/xkT4XrMNgwyms2 HTTP/1.1" 200 60
199.16.157.180 - - [13/Sep/2022:08:50:20 -0500] "GET /images/zorro-12-sept_optimized.jpeg HTTP/1.1" 200 26663
51.195.103.74 - - [13/Sep/2022:08:50:38 -0500] "GET /BLA/resoluciones/Notificaciones/AUTOS%202021/5100.pdf HTTP/1.1" 200 355213
199.16.157.183 - - [13/Sep/2022:08:50:59 -0500] "GET /images/zorro-12-sept_optimized.jpeg HTTP/1.1" 200 26663
45.67.97.17 - - [13/Sep/2022:08:51:19 -0500] "GET /BLA/resoluciones/Notificaciones/RESOLUCIONES%202022/1371.pdf HTTP/1.1" 200 513051
20.211.47.146 - - [13/Sep/2022:08:51:24 -0500] "GET /.git/config HTTP/1.1" 404 1018
98.159.226.56 - - [13/Sep/2022:08:51:38 -0500] "GET /BLA/resoluciones/Notificaciones/RESOLUCIONES%202022/2346.pdf HTTP/1.1" 200 417631
172.22.2.4 - - [13/Sep/2022:08:51:42 -0500] "GET /BLA/boletinlegal/actos.php HTTP/1.1" 200 9559
172.22.2.4 - - [13/Sep/2022:08:51:43 -0500] "GET /BLA/boletinlegal/favicon.ico HTTP/1.1" 404 1326
172.22.2.4 - - [13/Sep/2022:08:51:56 -0500] "GET /BLA/boletinlegal/consulta_actos.php?tipo=resoluciones&no=2053&usuario=&sector=&fecha=2020&resuelve= HTTP/1.1" 200 1164
199.16.157.181 - - [13/Sep/2022:08:52:00 -0500] "GET /images/zorro-12-sept_optimized.jpeg HTTP/1.1" 200 26663
199.16.157.183 - - [13/Sep/2022:08:52:00 -0500] "GET /images/zorro-12-sept_optimized.jpeg HTTP/1.1" 200 26663
199.16.157.183 - - [13/Sep/2022:08:52:12 -0500] "GET /images/zorro-12-sept_optimized.jpeg HTTP/1.1" 200 26663
199.16.157.181 - - [13/Sep/2022:08:52:21 -0500] "GET /images/zorro-12-sept_optimized.jpeg HTTP/1.1" 200 26663
201.245.192.253 - - [13/Sep/2022:08:52:27 -0500] "GET /sipse/faces/faces/autenticacion.xhtml HTTP/1.1" 200 12497
201.245.192.253 - - [13/Sep/2022:08:52:27 -0500] "GET /sipse/faces/javax.faces.resource/primefaces.css;jsessionid=tHBhGEff8QHGdX3288432JZg.undefined?ln=primefaces&v=4.0 HTTP/1.1" 200 53295
201.245.192.253 - - [13/Sep/2022:08:52:27 -0500] "GET /sipse/faces/javax.faces.resource/theme.css?ln=primefaces-sipse HTTP/1.1" 304 -
201.245.192.253 - - [13/Sep/2022:08:52:27 -0500] "GET /sipse/faces/javax.faces.resource/layout/layout.css;jsessionid=tHBhGEff8QHGdX3288432JZg.undefined?ln=primefaces&v=4.0 HTTP/1.1" 200 542
201.245.192.253 - - [13/Sep/2022:08:52:27 -0500] "GET /sipse/faces/javax.faces.resource/layout/layout.js;jsessionid=tHBhGEff8QHGdX3288432JZg.undefined?ln=primefaces&v=4.0 HTTP/1.1" 200 87560
201.245.192.253 - - [13/Sep/2022:08:52:27 -0500] "GET /sipse/faces/javax.faces.resource/jquery/jquery.js;jsessionid=tHBhGEff8QHGdX3288432JZg.undefined?ln=primefaces&v=4.0 HTTP/1.1" 200 105384
201.245.192.253 - - [13/Sep/2022:08:52:27 -0500] "GET /sipse/faces/javax.faces.resource/primefaces.js;jsessionid=tHBhGEff8QHGdX3288432JZg.undefined?ln=primefaces&v=4.0 HTTP/1.1" 200 276924
201.245.192.253 - - [13/Sep/2022:08:52:27 -0500] "GET /sipse/faces/javax.faces.resource/jquery/jquery-plugins.js;jsessionid=tHBhGEff8QHGdX3288432JZg.undefined?ln=primefaces&v=4.0 HTTP/1.1" 200 220526
201.245.192.253 - - [13/Sep/2022:08:52:27 -0500] "GET /sipse/faces/javax.faces.resource/images/ui-icons_898989_256x240.png?ln=primefaces-aristo HTTP/1.1" 304 -
201.245.192.253 - - [13/Sep/2022:08:52:27 -0500] "GET /sipse/faces/faces/index.xhtml HTTP/1.1" 200 677
201.245.192.253 - - [13/Sep/2022:08:52:27 -0500] "GET /sipse/faces/javax.faces.resource/theme.css?ln=primefaces-sipse HTTP/1.1" 304 -
201.245.192.253 - - [13/Sep/2022:08:52:27 -0500] "GET /sipse/faces/faces/faces/autenticacion.xhtml HTTP/1.1" 200 12175
201.245.192.253 - - [13/Sep/2022:08:52:27 -0500] "GET /sipse/faces/javax.faces.resource/theme.css?ln=primefaces-sipse HTTP/1.1" 304 -
201.245.192.253 - - [13/Sep/2022:08:52:27 -0500] "GET /sipse/faces/javax.faces.resource/jquery/jquery.js?ln=primefaces&v=4.0 HTTP/1.1" 304 -
201.245.192.253 - - [13/Sep/2022:08:52:27 -0500] "GET /sipse/faces/javax.faces.resource/layout/layout.css?ln=primefaces&v=4.0 HTTP/1.1" 200 542
201.245.192.253 - - [13/Sep/2022:08:52:27 -0500] "GET /sipse/faces/javax.faces.resource/jquery/jquery-plugins.js?ln=primefaces&v=4.0 HTTP/1.1" 304 -
201.245.192.253 - - [13/Sep/2022:08:52:27 -0500] "GET /sipse/faces/javax.faces.resource/primefaces.js?ln=primefaces&v=4.0 HTTP/1.1" 304 -
201.245.192.253 - - [13/Sep/2022:08:52:27 -0500] "GET /sipse/faces/javax.faces.resource/layout/layout.js?ln=primefaces&v=4.0 HTTP/1.1" 304 -
201.245.192.253 - - [13/Sep/2022:08:52:27 -0500] "GET /sipse/faces/javax.faces.resource/primefaces.css?ln=primefaces&v=4.0 HTTP/1.1" 200 53295
201.245.192.253 - - [13/Sep/2022:08:52:27 -0500] "GET /sipse/faces/javax.faces.resource/images/ui-icons_898989_256x240.png?ln=primefaces-aristo HTTP/1.1" 304 -
201.245.192.253 - - [13/Sep/2022:08:52:42 -0500] "POST /sipse/faces/autenticacion.xhtml HTTP/1.1" 200 11169
201.245.192.253 - - [13/Sep/2022:08:52:42 -0500] "GET /sipse/css/custom_css_sg_prime.css HTTP/1.1" 200 5201
201.245.192.253 - - [13/Sep/2022:08:52:42 -0500] "GET /sipse/faces/javax.faces.resource/jquery/jquery.js?ln=primefaces&v=4.0 HTTP/1.1" 304 -
201.245.192.253 - - [13/Sep/2022:08:52:42 -0500] "GET /sipse/faces/javax.faces.resource/jquery/jquery-plugins.js?ln=primefaces&v=4.0 HTTP/1.1" 304 -
201.245.192.253 - - [13/Sep/2022:08:52:42 -0500] "GET /sipse/faces/javax.faces.resource/primefaces.js?ln=primefaces&v=4.0 HTTP/1.1" 304 -
201.245.192.253 - - [13/Sep/2022:08:52:42 -0500] "GET /sipse/faces/javax.faces.resource/layout/layout.js?ln=primefaces&v=4.0 HTTP/1.1" 304 -
201.245.192.253 - - [13/Sep/2022:08:52:42 -0500] "GET /sipse/faces/javax.faces.resource/messages/messages.png?ln=primefaces&v=4.0 HTTP/1.1" 200 27209
201.245.192.253 - - [13/Sep/2022:08:52:45 -0500] "POST /sipse/faces/presentacion/sistema/seguridad/seleccionRol.xhtml HTTP/1.1" 200 5600
201.245.192.253 - - [13/Sep/2022:08:52:53 -0500] "POST /sipse/faces/presentacion/sistema/seguridad/seleccionRol.xhtml HTTP/1.1" 200 17463
201.245.192.253 - - [13/Sep/2022:08:52:53 -0500] "GET /sipse/faces/javax.faces.resource/jquery/jquery.js?ln=primefaces&v=4.0 HTTP/1.1" 304 -
201.245.192.253 - - [13/Sep/2022:08:52:53 -0500] "GET /sipse/faces/javax.faces.resource/jquery/jquery-plugins.js?ln=primefaces&v=4.0 HTTP/1.1" 304 -
201.245.192.253 - - [13/Sep/2022:08:52:53 -0500] "GET /sipse/faces/javax.faces.resource/primefaces.js?ln=primefaces&v=4.0 HTTP/1.1" 304 -
201.245.192.253 - - [13/Sep/2022:08:52:53 -0500] "GET /sipse/faces/javax.faces.resource/layout/layout.js?ln=primefaces&v=4.0 HTTP/1.1" 304 -
201.245.192.253 - - [13/Sep/2022:08:52:53 -0500] "GET /sipse/imagenes/cargando.gif HTTP/1.1" 200 16770
201.245.192.253 - - [13/Sep/2022:08:52:53 -0500] "GET /sipse/css/imagen/contrasena.png HTTP/1.1" 404 383
201.245.192.253 - - [13/Sep/2022:08:52:55 -0500] "GET /sipse/faces/javax.faces.resource/images/ui-bg_flat_0_2d5972_40x100.png?ln=primefaces-aristo HTTP/1.1" 200 183
201.245.192.253 - - [13/Sep/2022:08:52:55 -0500] "POST /sipse/faces/bienvenido.xhtml HTTP/1.1" 200 2055
216.245.221.92 - - [13/Sep/2022:08:52:58 -0500] "HEAD / HTTP/1.1" 200 -
199.16.157.181 - - [13/Sep/2022:08:53:04 -0500] "GET /images/zorro-12-sept_optimized.jpeg HTTP/1.1" 200 26663
172.22.2.4 - - [13/Sep/2022:08:51:36 -0500] "HEAD /BLA/boletinlegal/ HTTP/1.1" 200 -
172.22.2.4 - - [13/Sep/2022:08:51:41 -0500] "GET /BLA/boletinlegal/ HTTP/1.1" 200 51993
201.245.192.253 - - [13/Sep/2022:08:52:56 -0500] "POST /sipse/faces/bienvenido.xhtml HTTP/1.1" 200 81600
201.245.192.253 - - [13/Sep/2022:08:53:25 -0500] "GET /sipse/faces/javax.faces.resource/jquery/jquery.js?ln=primefaces&v=4.0 HTTP/1.1" 304 -
201.245.192.253 - - [13/Sep/2022:08:53:25 -0500] "GET /sipse/faces/javax.faces.resource/jquery/jquery-plugins.js?ln=primefaces&v=4.0 HTTP/1.1" 304 -
201.245.192.253 - - [13/Sep/2022:08:53:26 -0500] "GET /sipse/faces/javax.faces.resource/primefaces.js?ln=primefaces&v=4.0 HTTP/1.1" 304 -
201.245.192.253 - - [13/Sep/2022:08:53:26 -0500] "GET /sipse/faces/javax.faces.resource/layout/layout.js?ln=primefaces&v=4.0 HTTP/1.1" 304 -
201.245.192.253 - - [13/Sep/2022:08:53:26 -0500] "POST /kwsrmcab/Wsrmcab  HTTP/1.1" 200 36144
172.22.2.4 - - [13/Sep/2022:08:52:26 -0500] "GET /BLA/boletinlegal/ HTTP/1.1" 200 55630
201.245.192.253 - - [13/Sep/2022:08:54:07 -0500] "POST /sipse/faces/presentacion/proyectos/proyecto/listarProyecto.xhtml HTTP/1.1" 200 163
201.245.192.253 - - [13/Sep/2022:08:54:09 -0500] "GET /sipse/faces/presentacion/proyectos/proyecto/proyecto.xhtml HTTP/1.1" 200 87509
201.245.192.253 - - [13/Sep/2022:08:54:10 -0500] "GET /sipse/faces/javax.faces.resource/theme.css?ln=primefaces-sipse HTTP/1.1" 304 -
201.245.192.253 - - [13/Sep/2022:08:54:10 -0500] "GET /sipse/faces/javax.faces.resource/primefaces.css?ln=primefaces&v=4.0 HTTP/1.1" 304 -
201.245.192.253 - - [13/Sep/2022:08:54:10 -0500] "GET /sipse/faces/javax.faces.resource/jquery/jquery.js?ln=primefaces&v=4.0 HTTP/1.1" 304 -
201.245.192.253 - - [13/Sep/2022:08:54:10 -0500] "GET /sipse/faces/javax.faces.resource/primefaces.js?ln=primefaces&v=4.0 HTTP/1.1" 304 -
201.245.192.253 - - [13/Sep/2022:08:54:10 -0500] "GET /sipse/faces/javax.faces.resource/jquery/jquery-plugins.js?ln=primefaces&v=4.0 HTTP/1.1" 304 -
201.245.192.253 - - [13/Sep/2022:08:54:10 -0500] "GET /sipse/faces/javax.faces.resource/layout/layout.js?ln=primefaces&v=4.0 HTTP/1.1" 304 -
201.245.192.253 - - [13/Sep/2022:08:54:10 -0500] "GET /sipse/faces/javax.faces.resource/layout/layout.css?ln=primefaces&v=4.0 HTTP/1.1" 304 -
201.245.192.253 - - [13/Sep/2022:08:54:10 -0500] "GET /sipse/faces/javax.faces.resource/images/ui-icons_898989_256x240.png?ln=primefaces-aristo HTTP/1.1" 304 -
201.245.192.253 - - [13/Sep/2022:08:54:11 -0500] "GET /sipse/faces/javax.faces.resource/images/ui-bg_flat_0_2d5972_40x100.png?ln=primefaces-aristo HTTP/1.1" 304 -
201.245.192.253 - - [13/Sep/2022:08:54:11 -0500] "POST /sipse/faces/presentacion/proyectos/proyecto/proyecto.xhtml HTTP/1.1" 200 3257
199.16.157.180 - - [13/Sep/2022:08:54:12 -0500] "GET /images/zorro-12-sept_optimized.jpeg HTTP/1.1" 200 26663
199.16.157.181 - - [13/Sep/2022:08:54:12 -0500] "GET /images/zorro-12-sept_optimized.jpeg HTTP/1.1" 200 26663
199.16.157.181 - - [13/Sep/2022:08:54:13 -0500] "GET /images/zorro-12-sept_optimized.jpeg HTTP/1.1" 200 26663
199.16.157.181 - - [13/Sep/2022:08:54:14 -0500] "GET /images/zorro-12-sept_optimized.jpeg HTTP/1.1" 200 26663
199.16.157.180 - - [13/Sep/2022:08:54:15 -0500] "GET /images/zorro-12-sept_optimized.jpeg HTTP/1.1" 200 26663
201.245.192.253 - - [13/Sep/2022:08:54:19 -0500] "POST /sipse/faces/presentacion/proyectos/proyecto/proyecto.xhtml HTTP/1.1" 200 44002
201.245.192.253 - - [13/Sep/2022:08:54:21 -0500] "GET /sipse/faces/javax.faces.resource/spacer/dot_clear.gif?ln=primefaces&v=4.0 HTTP/1.1" 200 42
201.245.192.253 - - [13/Sep/2022:08:54:21 -0500] "POST /sipse/faces/presentacion/proyectos/proyecto/proyecto.xhtml HTTP/1.1" 200 3944
199.16.157.183 - - [13/Sep/2022:08:54:28 -0500] "GET /images/zorro-12-sept_optimized.jpeg HTTP/1.1" 200 26663
201.245.192.253 - - [13/Sep/2022:08:54:25 -0500] "POST /sipse/faces/presentacion/proyectos/proyecto/proyecto.xhtml HTTP/1.1" 200 71179
199.16.157.181 - - [13/Sep/2022:08:54:29 -0500] "GET /images/zorro-12-sept_optimized.jpeg HTTP/1.1" 200 26663
199.16.157.181 - - [13/Sep/2022:08:54:30 -0500] "GET /images/zorro-12-sept_optimized.jpeg HTTP/1.1" 200 26663
199.16.157.183 - - [13/Sep/2022:08:54:36 -0500] "GET /images/zorro-12-sept_optimized.jpeg HTTP/1.1" 200 26663
199.16.157.181 - - [13/Sep/2022:08:55:07 -0500] "GET /images/zorro-12-sept_optimized.jpeg HTTP/1.1" 200 26663
199.16.157.182 - - [13/Sep/2022:08:56:04 -0500] "GET /images/zorro-12-sept_optimized.jpeg HTTP/1.1" 200 26663
199.16.157.183 - - [13/Sep/2022:08:56:28 -0500] "GET /images/zorro-12-sept_optimized.jpeg HTTP/1.1" 200 26663
199.16.157.180 - - [13/Sep/2022:08:56:36 -0500] "GET /images/zorro-12-sept_optimized.jpeg HTTP/1.1" 200 26663
199.16.157.182 - - [13/Sep/2022:08:56:39 -0500] "GET /images/zorro-12-sept_optimized.jpeg HTTP/1.1" 200 26663
199.16.157.181 - - [13/Sep/2022:08:56:44 -0500] "GET /images/zorro-12-sept_optimized.jpeg HTTP/1.1" 200 26663
199.16.157.180 - - [13/Sep/2022:08:56:47 -0500] "GET /images/zorro-12-sept_optimized.jpeg HTTP/1.1" 200 26663
199.16.157.180 - - [13/Sep/2022:08:57:15 -0500] "GET /images/zorro-12-sept_optimized.jpeg HTTP/1.1" 200 26663
216.245.221.92 - - [13/Sep/2022:08:57:58 -0500] "HEAD / HTTP/1.1" 200 -
199.16.157.181 - - [13/Sep/2022:08:58:28 -0500] "GET /images/zorro-12-sept_optimized.jpeg HTTP/1.1" 200 26663
201.245.192.253 - - [13/Sep/2022:08:58:26 -0500] "POST /kwsrmcab/Wsrmcab  HTTP/1.1" 200 36144
199.16.157.181 - - [13/Sep/2022:08:58:47 -0500] "GET /images/zorro-12-sept_optimized.jpeg HTTP/1.1" 200 26663
199.16.157.181 - - [13/Sep/2022:08:58:47 -0500] "GET /images/zorro-12-sept_optimized.jpeg HTTP/1.1" 200 26663
199.16.157.181 - - [13/Sep/2022:08:58:47 -0500] "GET /images/zorro-12-sept_optimized.jpeg HTTP/1.1" 200 26663
199.16.157.182 - - [13/Sep/2022:08:58:47 -0500] "GET /images/zorro-12-sept_optimized.jpeg HTTP/1.1" 200 26663
199.16.157.180 - - [13/Sep/2022:08:58:48 -0500] "GET /images/zorro-12-sept_optimized.jpeg HTTP/1.1" 200 26663
172.22.2.4 - - [13/Sep/2022:08:57:26 -0500] "HEAD /BLA/boletinlegal/ HTTP/1.1" 200 -
199.16.157.183 - - [13/Sep/2022:08:59:07 -0500] "GET /images/zorro-12-sept_optimized.jpeg HTTP/1.1" 200 26663
199.16.157.182 - - [13/Sep/2022:08:59:17 -0500] "GET /images/zorro-12-sept_optimized.jpeg HTTP/1.1" 200 26663
172.22.2.4 - - [13/Sep/2022:08:58:16 -0500] "GET /BLA/boletinlegal/ HTTP/1.1" 200 53640
186.82.87.159 - - [13/Sep/2022:08:59:59 -0500] "GET /galeria/galeria/jquery.fancybox.css?v=2.1.5 HTTP/1.1" 200 4895
186.82.87.159 - - [13/Sep/2022:08:59:59 -0500] "GET /BLA/boletinlegal/js/jquery.scrollShow.js HTTP/1.1" 200 4586
186.82.87.159 - - [13/Sep/2022:08:59:59 -0500] "GET /galeria/galeria/jquery.fancybox.js?v=2.1.5 HTTP/1.1" 200 48706
186.82.87.159 - - [13/Sep/2022:09:00:02 -0500] "GET /galeria/carrusel/Carrusel/jquery.thumbnailScroller.css HTTP/1.1" 200 2066
186.82.87.159 - - [13/Sep/2022:09:00:02 -0500] "GET /galeria/carrusel/Carrusel/jquery-ui-1.8.13.custom.min.js HTTP/1.1" 200 10800
186.82.87.159 - - [13/Sep/2022:09:00:02 -0500] "GET /galeria/carrusel/Carrusel/jquery.thumbnailScroller.js HTTP/1.1" 200 8157
186.82.87.159 - - [13/Sep/2022:09:00:05 -0500] "GET /galeria/nivo-slider/demo/banner.html HTTP/1.1" 200 5446
186.82.87.159 - - [13/Sep/2022:09:00:05 -0500] "GET /galeria/nivo-slider/themes/default/default.css HTTP/1.1" 200 1569
186.82.87.159 - - [13/Sep/2022:09:00:05 -0500] "GET /galeria/nivo-slider/themes/pascal/pascal.css HTTP/1.1" 200 2258
186.82.87.159 - - [13/Sep/2022:09:00:05 -0500] "GET /galeria/nivo-slider/themes/orman/orman.css HTTP/1.1" 200 2152
186.82.87.159 - - [13/Sep/2022:09:00:05 -0500] "GET /galeria/nivo-slider/nivo-slider.css HTTP/1.1" 200 1507
186.82.87.159 - - [13/Sep/2022:09:00:05 -0500] "GET /galeria/nivo-slider/demo/style.css HTTP/1.1" 200 2222
186.82.87.159 - - [13/Sep/2022:09:00:05 -0500] "GET /galeria/nivo-slider/jquery.nivo.slider.pack.js HTTP/1.1" 200 11561
186.82.87.159 - - [13/Sep/2022:09:00:05 -0500] "GET /galeria/nivo-slider/demo/scripts/jquery-1.7.1.min.js HTTP/1.1" 200 93868
186.82.87.159 - - [13/Sep/2022:09:00:05 -0500] "GET /galeria/nivo-slider/demo/images/bannertortuga_optimized.jpg HTTP/1.1" 200 39066
186.82.87.159 - - [13/Sep/2022:09:00:05 -0500] "GET /galeria/nivo-slider/demo/images/Bannermujeresquereverdecen.jpg HTTP/1.1" 200 46558
186.82.87.159 - - [13/Sep/2022:09:00:05 -0500] "GET /galeria/nivo-slider/demo/images/bannertrafico_optimized.jpg HTTP/1.1" 200 42578
186.82.87.159 - - [13/Sep/2022:09:00:05 -0500] "GET /galeria/nivo-slider/demo/images/Bannersedeelectronica.jpg HTTP/1.1" 200 40383
186.82.87.159 - - [13/Sep/2022:09:00:05 -0500] "GET /galeria/nivo-slider/demo/images/4Simple_Slider.png HTTP/1.1" 200 11722
186.82.87.159 - - [13/Sep/2022:09:00:05 -0500] "GET /galeria/nivo-slider/themes/default/loading.gif HTTP/1.1" 200 1737
186.82.87.159 - - [13/Sep/2022:09:00:06 -0500] "GET /galeria/nivo-slider/demo/images/bannerrutaesperanza.jpg HTTP/1.1" 200 55560
186.82.87.159 - - [13/Sep/2022:09:00:06 -0500] "GET /galeria/nivo-slider/demo/images/banneraire2021.jpg HTTP/1.1" 200 265101
186.82.87.159 - - [13/Sep/2022:09:00:06 -0500] "GET /galeria/nivo-slider/demo/images/Bannerplasticosseptiembre.jpg HTTP/1.1" 200 45633
186.82.87.159 - - [13/Sep/2022:09:00:06 -0500] "GET /galeria/nivo-slider/demo/images/bannerresiduoshospitalariosagosto.jpg HTTP/1.1" 200 36499
186.82.87.159 - - [13/Sep/2022:09:00:06 -0500] "GET /galeria/nivo-slider/demo/images/banneraccionpopularcrr68.jpg HTTP/1.1" 200 51887
186.82.87.159 - - [13/Sep/2022:09:00:06 -0500] "GET /galeria/nivo-slider/demo/images/banneraccionpopular.jpeg HTTP/1.1" 200 41707
186.82.87.159 - - [13/Sep/2022:09:00:06 -0500] "GET /galeria/nivo-slider/demo/images/bannercapacitacionesbogota.jpg HTTP/1.1" 200 42416
186.82.87.159 - - [13/Sep/2022:09:00:06 -0500] "GET /galeria/nivo-slider/demo/images/bannerclases2021.jpg HTTP/1.1" 200 68230
186.82.87.159 - - [13/Sep/2022:09:00:06 -0500] "GET /galeria/nivo-slider/demo/images/Bannervirtualescanales.jpg HTTP/1.1" 200 174544
186.82.87.159 - - [13/Sep/2022:09:00:06 -0500] "GET /galeria/nivo-slider/demo/images/Bannerenvases.jpg HTTP/1.1" 200 37316
186.82.87.159 - - [13/Sep/2022:09:00:06 -0500] "GET /galeria/nivo-slider/themes/default/arrows.png HTTP/1.1" 200 824
186.82.87.159 - - [13/Sep/2022:09:00:06 -0500] "GET /galeria/nivo-slider/themes/default/bullets.png HTTP/1.1" 200 1281
199.16.157.182 - - [13/Sep/2022:09:00:28 -0500] "GET /images/zorro-12-sept_optimized.jpeg HTTP/1.1" 200 26663
199.16.157.180 - - [13/Sep/2022:09:01:07 -0500] "GET /images/zorro-12-sept_optimized.jpeg HTTP/1.1" 200 26663
199.16.157.182 - - [13/Sep/2022:09:01:07 -0500] "GET /images/zorro-12-sept_optimized.jpeg HTTP/1.1" 200 26663
199.16.157.182 - - [13/Sep/2022:09:01:07 -0500] "GET /images/zorro-12-sept_optimized.jpeg HTTP/1.1" 200 26663
199.16.157.181 - - [13/Sep/2022:09:01:09 -0500] "GET /images/zorro-12-sept_optimized.jpeg HTTP/1.1" 200 26663
186.80.52.223 - - [13/Sep/2022:09:01:14 -0500] "GET /sipse/faces/index.xhtml HTTP/1.1" 200 677
186.80.52.223 - - [13/Sep/2022:09:01:14 -0500] "GET /sipse/faces/javax.faces.resource/theme.css?ln=primefaces-sipse HTTP/1.1" 304 -
186.80.52.223 - - [13/Sep/2022:09:01:14 -0500] "GET /sipse/faces/faces/autenticacion.xhtml HTTP/1.1" 200 12175
186.80.52.223 - - [13/Sep/2022:09:01:15 -0500] "GET /sipse/faces/javax.faces.resource/theme.css?ln=primefaces-sipse HTTP/1.1" 304 -
186.80.52.223 - - [13/Sep/2022:09:01:15 -0500] "GET /sipse/css/custom_css_sg_prime_login.css HTTP/1.1" 304 -
186.80.52.223 - - [13/Sep/2022:09:01:15 -0500] "GET /sipse/faces/javax.faces.resource/primefaces.css?ln=primefaces&v=4.0 HTTP/1.1" 304 -
186.80.52.223 - - [13/Sep/2022:09:01:15 -0500] "GET /sipse/css/custom_css_sg.css HTTP/1.1" 304 -
186.80.52.223 - - [13/Sep/2022:09:01:15 -0500] "GET /sipse/faces/javax.faces.resource/layout/layout.css?ln=primefaces&v=4.0 HTTP/1.1" 304 -
186.80.52.223 - - [13/Sep/2022:09:01:15 -0500] "GET /sipse/faces/javax.faces.resource/jquery/jquery.js?ln=primefaces&v=4.0 HTTP/1.1" 304 -
186.80.52.223 - - [13/Sep/2022:09:01:15 -0500] "GET /sipse/js/disable_browser_buttons.js HTTP/1.1" 304 -
186.80.52.223 - - [13/Sep/2022:09:01:15 -0500] "GET /sipse/faces/javax.faces.resource/layout/layout.js?ln=primefaces&v=4.0 HTTP/1.1" 304 -
186.80.52.223 - - [13/Sep/2022:09:01:15 -0500] "GET /sipse/faces/javax.faces.resource/jquery/jquery-plugins.js?ln=primefaces&v=4.0 HTTP/1.1" 304 -
186.80.52.223 - - [13/Sep/2022:09:01:15 -0500] "GET /sipse/js/funciones.js HTTP/1.1" 304 -
186.80.52.223 - - [13/Sep/2022:09:01:15 -0500] "GET /sipse/faces/javax.faces.resource/primefaces.js?ln=primefaces&v=4.0 HTTP/1.1" 304 -
186.80.52.223 - - [13/Sep/2022:09:01:15 -0500] "GET /sipse/css/imagen/logoSDG.png HTTP/1.1" 304 -
186.80.52.223 - - [13/Sep/2022:09:01:15 -0500] "GET /sipse/css/imagen/loginimg.png HTTP/1.1" 304 -
186.80.52.223 - - [13/Sep/2022:09:01:15 -0500] "GET /sipse/faces/javax.faces.resource/images/ui-icons_898989_256x240.png?ln=primefaces-aristo HTTP/1.1" 304 -
199.16.157.183 - - [13/Sep/2022:09:01:19 -0500] "GET /images/zorro-12-sept_optimized.jpeg HTTP/1.1" 200 26663
186.80.52.223 - - [13/Sep/2022:09:01:24 -0500] "POST /sipse/faces/autenticacion.xhtml HTTP/1.1" 200 2220
186.80.52.223 - - [13/Sep/2022:09:01:25 -0500] "GET /sipse/faces/javax.faces.resource/messages/messages.png?ln=primefaces&v=4.0 HTTP/1.1" 304 -
186.80.52.223 - - [13/Sep/2022:09:01:26 -0500] "POST /sipse/faces/autenticacion.xhtml HTTP/1.1" 200 16235
186.80.52.223 - - [13/Sep/2022:09:01:26 -0500] "GET /sipse/css/custom_css_sg_prime.css HTTP/1.1" 304 -
186.80.52.223 - - [13/Sep/2022:09:01:26 -0500] "GET /sipse/faces/javax.faces.resource/theme.css?ln=primefaces-sipse HTTP/1.1" 304 -
186.80.52.223 - - [13/Sep/2022:09:01:26 -0500] "GET /sipse/faces/javax.faces.resource/primefaces.css?ln=primefaces&v=4.0 HTTP/1.1" 304 -
186.80.52.223 - - [13/Sep/2022:09:01:26 -0500] "GET /sipse/faces/javax.faces.resource/layout/layout.css?ln=primefaces&v=4.0 HTTP/1.1" 304 -
186.80.52.223 - - [13/Sep/2022:09:01:26 -0500] "GET /sipse/js/jquery.min.js HTTP/1.1" 304 -
186.80.52.223 - - [13/Sep/2022:09:01:26 -0500] "GET /sipse/faces/javax.faces.resource/jquery/jquery.js?ln=primefaces&v=4.0 HTTP/1.1" 304 -
186.80.52.223 - - [13/Sep/2022:09:01:26 -0500] "GET /sipse/faces/javax.faces.resource/jquery/jquery-plugins.js?ln=primefaces&v=4.0 HTTP/1.1" 304 -
186.80.52.223 - - [13/Sep/2022:09:01:26 -0500] "GET /sipse/faces/javax.faces.resource/primefaces.js?ln=primefaces&v=4.0 HTTP/1.1" 304 -
186.80.52.223 - - [13/Sep/2022:09:01:27 -0500] "GET /sipse/faces/javax.faces.resource/layout/layout.js?ln=primefaces&v=4.0 HTTP/1.1" 304 -
186.80.52.223 - - [13/Sep/2022:09:01:27 -0500] "GET /sipse/imagenes/logoAplicacion.jpg HTTP/1.1" 304 -
186.80.52.223 - - [13/Sep/2022:09:01:27 -0500] "GET /sipse/imagenes/cargando.gif HTTP/1.1" 304 -
186.80.52.223 - - [13/Sep/2022:09:01:27 -0500] "GET /sipse/css/imagen/contrasena.png HTTP/1.1" 404 383
186.80.52.223 - - [13/Sep/2022:09:01:29 -0500] "GET /sipse/faces/javax.faces.resource/images/ui-bg_flat_0_2d5972_40x100.png?ln=primefaces-aristo HTTP/1.1" 304 -
186.80.52.223 - - [13/Sep/2022:09:01:29 -0500] "POST /sipse/faces/bienvenido.xhtml HTTP/1.1" 200 2658
186.80.52.223 - - [13/Sep/2022:09:01:30 -0500] "POST /sipse/faces/bienvenido.xhtml HTTP/1.1" 200 65056
186.80.52.223 - - [13/Sep/2022:09:01:31 -0500] "GET /sipse/faces/javax.faces.resource/theme.css?ln=primefaces-sipse HTTP/1.1" 304 -
186.80.52.223 - - [13/Sep/2022:09:01:31 -0500] "GET /sipse/faces/javax.faces.resource/primefaces.css?ln=primefaces&v=4.0 HTTP/1.1" 304 -
186.80.52.223 - - [13/Sep/2022:09:01:31 -0500] "GET /sipse/faces/javax.faces.resource/layout/layout.css?ln=primefaces&v=4.0 HTTP/1.1" 304 -
186.80.52.223 - - [13/Sep/2022:09:01:31 -0500] "GET /sipse/faces/javax.faces.resource/jquery/jquery.js?ln=primefaces&v=4.0 HTTP/1.1" 304 -
186.80.52.223 - - [13/Sep/2022:09:01:31 -0500] "GET /sipse/faces/javax.faces.resource/jquery/jquery-plugins.js?ln=primefaces&v=4.0 HTTP/1.1" 304 -
186.80.52.223 - - [13/Sep/2022:09:01:31 -0500] "GET /sipse/faces/javax.faces.resource/primefaces.js?ln=primefaces&v=4.0 HTTP/1.1" 304 -
186.80.52.223 - - [13/Sep/2022:09:01:32 -0500] "GET /sipse/faces/javax.faces.resource/layout/layout.js?ln=primefaces&v=4.0 HTTP/1.1" 304 -
186.80.52.223 - - [13/Sep/2022:09:01:32 -0500] "POST /sipse/faces/presentacion/financiero/solicitudProceso/listarSolicitudProceso.xhtml HTTP/1.1" 200 1544
186.80.52.223 - - [13/Sep/2022:09:01:41 -0500] "POST /sipse/faces/presentacion/financiero/solicitudProceso/listarSolicitudProceso.xhtml HTTP/1.1" 200 113417
186.80.52.223 - - [13/Sep/2022:09:01:42 -0500] "GET /sipse/faces/javax.faces.resource/theme.css?ln=primefaces-sipse HTTP/1.1" 304 -
186.80.52.223 - - [13/Sep/2022:09:01:42 -0500] "GET /sipse/faces/javax.faces.resource/primefaces.css?ln=primefaces&v=4.0 HTTP/1.1" 304 -
186.80.52.223 - - [13/Sep/2022:09:01:42 -0500] "GET /sipse/faces/javax.faces.resource/layout/layout.css?ln=primefaces&v=4.0 HTTP/1.1" 304 -
186.80.52.223 - - [13/Sep/2022:09:01:42 -0500] "GET /sipse/faces/javax.faces.resource/jquery/jquery.js?ln=primefaces&v=4.0 HTTP/1.1" 304 -
186.80.52.223 - - [13/Sep/2022:09:01:42 -0500] "GET /sipse/faces/javax.faces.resource/jquery/jquery-plugins.js?ln=primefaces&v=4.0 HTTP/1.1" 304 -
186.80.52.223 - - [13/Sep/2022:09:01:43 -0500] "GET /sipse/faces/javax.faces.resource/primefaces.js?ln=primefaces&v=4.0 HTTP/1.1" 304 -
186.80.52.223 - - [13/Sep/2022:09:01:43 -0500] "GET /sipse/faces/javax.faces.resource/layout/layout.js?ln=primefaces&v=4.0 HTTP/1.1" 304 -
186.80.52.223 - - [13/Sep/2022:09:01:49 -0500] "POST /sipse/faces/presentacion/financiero/solicitudProceso/consultarSolicitudProceso.xhtml HTTP/1.1" 200 65056
186.80.52.223 - - [13/Sep/2022:09:01:49 -0500] "GET /sipse/faces/javax.faces.resource/theme.css?ln=primefaces-sipse HTTP/1.1" 304 -
186.80.52.223 - - [13/Sep/2022:09:01:49 -0500] "GET /sipse/faces/javax.faces.resource/primefaces.css?ln=primefaces&v=4.0 HTTP/1.1" 304 -
186.80.52.223 - - [13/Sep/2022:09:01:49 -0500] "GET /sipse/faces/javax.faces.resource/layout/layout.css?ln=primefaces&v=4.0 HTTP/1.1" 304 -
186.80.52.223 - - [13/Sep/2022:09:01:49 -0500] "GET /sipse/faces/javax.faces.resource/jquery/jquery.js?ln=primefaces&v=4.0 HTTP/1.1" 304 -
186.80.52.223 - - [13/Sep/2022:09:01:49 -0500] "GET /sipse/faces/javax.faces.resource/jquery/jquery-plugins.js?ln=primefaces&v=4.0 HTTP/1.1" 304 -
186.80.52.223 - - [13/Sep/2022:09:01:50 -0500] "GET /sipse/faces/javax.faces.resource/primefaces.js?ln=primefaces&v=4.0 HTTP/1.1" 304 -
186.80.52.223 - - [13/Sep/2022:09:01:50 -0500] "GET /sipse/faces/javax.faces.resource/layout/layout.js?ln=primefaces&v=4.0 HTTP/1.1" 304 -
186.80.52.223 - - [13/Sep/2022:09:01:50 -0500] "POST /sipse/faces/presentacion/financiero/solicitudProceso/listarSolicitudProceso.xhtml HTTP/1.1" 200 58449
186.80.52.223 - - [13/Sep/2022:09:01:50 -0500] "POST /sipse/faces/presentacion/financiero/solicitudProceso/listarSolicitudProceso.xhtml HTTP/1.1" 200 58449
186.80.52.223 - - [13/Sep/2022:09:01:51 -0500] "POST /sipse/faces/presentacion/financiero/solicitudProceso/listarSolicitudProceso.xhtml HTTP/1.1" 200 1544
