201.245.192.253 - - [13/Sep/2022:11:24:38 -0500] "GET /sipse/faces/javax.faces.resource/layout/layout.css?ln=primefaces&v=4.0 HTTP/1.1" 304 -
201.245.192.253 - - [13/Sep/2022:11:24:38 -0500] "GET /sipse/faces/javax.faces.resource/jquery/jquery-plugins.js?ln=primefaces&v=4.0 HTTP/1.1" 304 -
201.245.192.253 - - [13/Sep/2022:11:24:38 -0500] "GET /sipse/faces/javax.faces.resource/jquery/jquery.js?ln=primefaces&v=4.0 HTTP/1.1" 304 -
201.245.192.253 - - [13/Sep/2022:11:24:38 -0500] "GET /sipse/faces/javax.faces.resource/layout/layout.js?ln=primefaces&v=4.0 HTTP/1.1" 304 -
201.245.192.253 - - [13/Sep/2022:11:24:38 -0500] "GET /sipse/faces/javax.faces.resource/primefaces.js?ln=primefaces&v=4.0 HTTP/1.1" 304 -
201.245.192.253 - - [13/Sep/2022:11:24:38 -0500] "GET /sipse/faces/javax.faces.resource/images/ui-icons_898989_256x240.png?ln=primefaces-aristo HTTP/1.1" 304 -
201.245.192.253 - - [13/Sep/2022:11:24:37 -0500] "POST /sipse/faces/presentacion/proyectos/proyecto/presupuesto/presupuestoEntreActividades/seleccionarActividadesDestino.xhtml HTTP/1.1" 200 99701
201.245.192.253 - - [13/Sep/2022:11:24:38 -0500] "GET /sipse/faces/javax.faces.resource/spacer/dot_clear.gif?ln=primefaces&v=4.0 HTTP/1.1" 304 -
201.245.192.253 - - [13/Sep/2022:11:24:48 -0500] "GET /sipse/faces/javax.faces.resource/images/ui-bg_flat_0_2d5972_40x100.png?ln=primefaces-aristo HTTP/1.1" 304 -
201.245.192.253 - - [13/Sep/2022:11:24:48 -0500] "POST /sipse/faces/presentacion/proyectos/proyecto/presupuesto/presupuestoEntreActividades/seleccionarActividadesOrigen.xhtml HTTP/1.1" 200 2327
201.245.192.253 - - [13/Sep/2022:11:24:48 -0500] "GET /sipse/faces/javax.faces.resource/messages/messages.png?ln=primefaces&v=4.0 HTTP/1.1" 304 -
172.22.2.4 - - [13/Sep/2022:11:23:16 -0500] "HEAD /BLA/boletinlegal/ HTTP/1.1" 200 -
172.22.2.4 - - [13/Sep/2022:11:23:33 -0500] "GET /BLA/boletinlegal/ HTTP/1.1" 200 49099
201.245.192.253 - - [13/Sep/2022:11:25:07 -0500] "POST /sipse/faces/presentacion/proyectos/proyecto/presupuesto/presupuestoEntreActividades/seleccionarActividadesOrigen.xhtml HTTP/1.1" 200 1916
201.245.192.253 - - [13/Sep/2022:11:25:05 -0500] "POST /kwsrmcab/Wsrmcab  HTTP/1.1" 200 38139
201.245.192.253 - - [13/Sep/2022:11:25:15 -0500] "POST /sipse/faces/presentacion/proyectos/proyecto/presupuesto/presupuestoEntreActividades/seleccionarActividadesOrigen.xhtml HTTP/1.1" 200 1916
199.16.157.182 - - [13/Sep/2022:11:25:17 -0500] "GET /images/zorro-12-sept_optimized.jpeg HTTP/1.1" 200 26663
201.245.192.253 - - [13/Sep/2022:11:25:22 -0500] "POST /sipse/faces/presentacion/proyectos/proyecto/presupuesto/presupuestoEntreActividades/seleccionarActividadesOrigen.xhtml HTTP/1.1" 200 98225
201.245.192.253 - - [13/Sep/2022:11:25:23 -0500] "GET /sipse/faces/javax.faces.resource/jquery/jquery.js?ln=primefaces&v=4.0 HTTP/1.1" 304 -
201.245.192.253 - - [13/Sep/2022:11:25:23 -0500] "GET /sipse/faces/javax.faces.resource/jquery/jquery-plugins.js?ln=primefaces&v=4.0 HTTP/1.1" 304 -
201.245.192.253 - - [13/Sep/2022:11:25:23 -0500] "GET /sipse/faces/javax.faces.resource/primefaces.js?ln=primefaces&v=4.0 HTTP/1.1" 304 -
201.245.192.253 - - [13/Sep/2022:11:25:23 -0500] "GET /sipse/faces/javax.faces.resource/layout/layout.js?ln=primefaces&v=4.0 HTTP/1.1" 304 -
172.22.2.4 - - [13/Sep/2022:11:25:30 -0500] "GET /BLA/boletinlegal/Directivas/2018/Directiva%20No.%2023%20del%2026%20de%20diciembre%20de%202018.pdf HTTP/1.1" 304 -
172.22.2.4 - - [13/Sep/2022:11:25:31 -0500] "GET /BLA/boletinlegal/admin/ HTTP/1.1" 200 2324
172.22.2.4 - - [13/Sep/2022:11:25:31 -0500] "GET /BLA/boletinlegal/favicon.ico HTTP/1.1" 404 1320
172.22.2.4 - - [13/Sep/2022:11:25:44 -0500] "POST /BLA/boletinlegal/admin/usuarios/process.php HTTP/1.1" 302 -
172.22.2.4 - - [13/Sep/2022:11:25:44 -0500] "GET /BLA/boletinlegal/BLA/boletinlegal/admin/index.php HTTP/1.1" 404 1320
172.22.2.4 - - [13/Sep/2022:11:24:06 -0500] "GET /BLA/boletinlegal/ HTTP/1.1" 200 54823
66.249.72.73 - - [13/Sep/2022:11:25:56 -0500] "-" 408 -
172.22.2.4 - - [13/Sep/2022:11:25:45 -0500] "GET /BLA/boletinlegal/admin/ HTTP/1.1" 200 7254
172.22.2.4 - - [13/Sep/2022:11:26:02 -0500] "GET /BLA/boletinlegal/admin/index_files/index_files/tback.gif HTTP/1.1" 404 1362
201.245.192.253 - - [13/Sep/2022:11:26:00 -0500] "POST /sipse/faces/presentacion/proyectos/proyecto/presupuesto/presupuestoEntreActividades/seleccionarActividadesDestino.xhtml HTTP/1.1" 200 44986
201.245.192.253 - - [13/Sep/2022:11:26:04 -0500] "GET /sipse/faces/javax.faces.resource/jquery/jquery.js?ln=primefaces&v=4.0 HTTP/1.1" 304 -
201.245.192.253 - - [13/Sep/2022:11:26:04 -0500] "GET /sipse/faces/javax.faces.resource/jquery/jquery-plugins.js?ln=primefaces&v=4.0 HTTP/1.1" 304 -
201.245.192.253 - - [13/Sep/2022:11:26:04 -0500] "GET /sipse/faces/javax.faces.resource/primefaces.js?ln=primefaces&v=4.0 HTTP/1.1" 304 -
201.245.192.253 - - [13/Sep/2022:11:26:04 -0500] "GET /sipse/faces/javax.faces.resource/layout/layout.js?ln=primefaces&v=4.0 HTTP/1.1" 304 -
199.16.157.182 - - [13/Sep/2022:11:26:04 -0500] "GET /images/zorro-12-sept_optimized.jpeg HTTP/1.1" 200 26663
199.16.157.180 - - [13/Sep/2022:11:26:16 -0500] "GET /images/zorro-12-sept_optimized.jpeg HTTP/1.1" 200 26663
199.16.157.183 - - [13/Sep/2022:11:26:16 -0500] "GET /images/zorro-12-sept_optimized.jpeg HTTP/1.1" 200 26663
199.16.157.181 - - [13/Sep/2022:11:26:16 -0500] "GET /images/zorro-12-sept_optimized.jpeg HTTP/1.1" 200 26663
199.16.157.181 - - [13/Sep/2022:11:26:17 -0500] "GET /images/zorro-12-sept_optimized.jpeg HTTP/1.1" 200 26663
199.16.157.182 - - [13/Sep/2022:11:26:24 -0500] "GET /images/zorro-12-sept_optimized.jpeg HTTP/1.1" 200 26663
201.245.192.253 - - [13/Sep/2022:11:26:33 -0500] "POST /sipse/faces/presentacion/proyectos/proyecto/presupuesto/presupuestoEntreActividades/resumen.xhtml HTTP/1.1" 200 2882
201.245.192.253 - - [13/Sep/2022:11:26:34 -0500] "POST /sipse/faces/presentacion/proyectos/proyecto/presupuesto/presupuestoEntreActividades/resumen.xhtml HTTP/1.1" 200 2714
201.245.192.253 - - [13/Sep/2022:11:27:02 -0500] "POST /sipse/faces/presentacion/proyectos/proyecto/presupuesto/presupuestoEntreActividades/resumen.xhtml HTTP/1.1" 200 2363
201.245.192.253 - - [13/Sep/2022:11:27:16 -0500] "POST /sipse/faces/presentacion/proyectos/proyecto/presupuesto/presupuestoEntreActividades/resumen.xhtml HTTP/1.1" 200 2359
199.16.157.182 - - [13/Sep/2022:11:27:18 -0500] "GET /images/zorro-12-sept_optimized.jpeg HTTP/1.1" 200 26663
201.245.192.253 - - [13/Sep/2022:11:27:38 -0500] "POST /sipse/faces/presentacion/proyectos/proyecto/presupuesto/presupuestoEntreActividades/resumen.xhtml HTTP/1.1" 200 2359
201.245.192.253 - - [13/Sep/2022:11:27:42 -0500] "POST /sipse/faces/presentacion/proyectos/proyecto/presupuesto/presupuestoEntreActividades/resumen.xhtml HTTP/1.1" 200 89985
201.245.192.253 - - [13/Sep/2022:11:27:47 -0500] "GET /sipse/faces/javax.faces.resource/jquery/jquery.js?ln=primefaces&v=4.0 HTTP/1.1" 304 -
201.245.192.253 - - [13/Sep/2022:11:27:47 -0500] "GET /sipse/faces/javax.faces.resource/jquery/jquery-plugins.js?ln=primefaces&v=4.0 HTTP/1.1" 304 -
201.245.192.253 - - [13/Sep/2022:11:27:47 -0500] "GET /sipse/faces/javax.faces.resource/primefaces.js?ln=primefaces&v=4.0 HTTP/1.1" 304 -
201.245.192.253 - - [13/Sep/2022:11:27:47 -0500] "GET /sipse/faces/javax.faces.resource/layout/layout.js?ln=primefaces&v=4.0 HTTP/1.1" 304 -
201.245.192.253 - - [13/Sep/2022:11:27:47 -0500] "POST /sipse/faces/presentacion/proyectos/proyecto/proyecto.xhtml HTTP/1.1" 200 3812
201.245.192.253 - - [13/Sep/2022:11:27:49 -0500] "POST /sipse/faces/presentacion/proyectos/proyecto/proyecto.xhtml HTTP/1.1" 200 3812
201.245.192.253 - - [13/Sep/2022:11:27:52 -0500] "POST /sipse/faces/presentacion/proyectos/proyecto/proyecto.xhtml HTTP/1.1" 200 71101
216.245.221.92 - - [13/Sep/2022:11:27:57 -0500] "HEAD / HTTP/1.1" 200 -
199.16.157.181 - - [13/Sep/2022:11:28:08 -0500] "GET /images/zorro-12-sept_optimized.jpeg HTTP/1.1" 200 26663
201.245.192.253 - - [13/Sep/2022:11:28:12 -0500] "POST /sipse/faces/presentacion/proyectos/proyecto/proyecto.xhtml HTTP/1.1" 200 71804
201.245.192.253 - - [13/Sep/2022:11:28:20 -0500] "POST /sipse/faces/presentacion/proyectos/proyecto/proyecto.xhtml HTTP/1.1" 200 41154
199.16.157.182 - - [13/Sep/2022:11:28:25 -0500] "GET /images/zorro-12-sept_optimized.jpeg HTTP/1.1" 200 26663
199.16.157.182 - - [13/Sep/2022:11:28:25 -0500] "GET /images/zorro-12-sept_optimized.jpeg HTTP/1.1" 200 26663
199.16.157.181 - - [13/Sep/2022:11:28:25 -0500] "GET /images/zorro-12-sept_optimized.jpeg HTTP/1.1" 200 26663
201.245.192.253 - - [13/Sep/2022:11:28:35 -0500] "POST /sipse/faces/presentacion/proyectos/proyecto/proyecto.xhtml HTTP/1.1" 200 71265
201.245.192.253 - - [13/Sep/2022:11:28:42 -0500] "POST /sipse/faces/presentacion/proyectos/proyecto/proyecto.xhtml HTTP/1.1" 200 71860
201.245.192.253 - - [13/Sep/2022:11:29:02 -0500] "POST /kwsrmcab/Wsrmcab HTTP/1.1" 200 36868
186.154.99.27 - - [13/Sep/2022:11:29:09 -0500] "GET /BLA/resoluciones/RESOLUCIONES%202021/4319.pdf HTTP/1.1" 200 723018
201.245.192.253 - - [13/Sep/2022:11:29:07 -0500] "POST /kwsrmcab/Wsrmcab HTTP/1.1" 200 40418
201.245.192.253 - - [13/Sep/2022:11:29:10 -0500] "POST /sipse/faces/presentacion/proyectos/proyecto/proyecto.xhtml HTTP/1.1" 200 41150
199.16.157.181 - - [13/Sep/2022:11:29:20 -0500] "GET /images/zorro-12-sept_optimized.jpeg HTTP/1.1" 200 26663
201.245.192.253 - - [13/Sep/2022:11:29:39 -0500] "POST /sipse/faces/presentacion/proyectos/proyecto/proyecto.xhtml HTTP/1.1" 200 71860
201.245.192.253 - - [13/Sep/2022:11:29:47 -0500] "POST /sipse/faces/presentacion/proyectos/proyecto/proyecto.xhtml HTTP/1.1" 200 71265
201.245.192.253 - - [13/Sep/2022:11:30:04 -0500] "POST /kwsrmcab/Wsrmcab  HTTP/1.1" 200 38139
199.16.157.180 - - [13/Sep/2022:11:30:09 -0500] "GET /images/zorro-12-sept_optimized.jpeg HTTP/1.1" 200 26663
186.154.99.27 - - [13/Sep/2022:11:30:22 -0500] "GET /BLA/resoluciones/RESOLUCIONES%202021/3871.pdf HTTP/1.1" 200 3706561
199.16.157.183 - - [13/Sep/2022:11:30:24 -0500] "GET /images/zorro-12-sept_optimized.jpeg HTTP/1.1" 200 26663
199.16.157.182 - - [13/Sep/2022:11:30:24 -0500] "GET /images/zorro-12-sept_optimized.jpeg HTTP/1.1" 200 26663
172.22.2.4 - - [13/Sep/2022:11:29:06 -0500] "HEAD /BLA/boletinlegal/ HTTP/1.1" 200 -
65.154.226.169 - - [13/Sep/2022:11:30:52 -0500] "GET /portaldeninos/wp-content/themes/betheme/style.css?ver=20.9.6 HTTP/1.1" 200 287
65.154.226.169 - - [13/Sep/2022:11:30:52 -0500] "GET /portaldeninos/wp-content/uploads/useanyfont/uaf.css?ver=1589905315 HTTP/1.1" 200 408
65.154.226.169 - - [13/Sep/2022:11:30:52 -0500] "GET /portaldeninos/wp-content/plugins/gallery-videos/CSS/Total-Soft-Gallery-Video-Widget.css?ver=4.9.8 HTTP/1.1" 200 51554
65.154.226.169 - - [13/Sep/2022:11:30:52 -0500] "GET /portaldeninos/wp-content/themes/betheme/css/base.css?ver=20.9.6 HTTP/1.1" 200 57283
65.154.226.169 - - [13/Sep/2022:11:30:52 -0500] "GET /portaldeninos/wp-content/plugins/gallery-videos/CSS/totalsoft.css?ver=4.9.8 HTTP/1.1" 200 40622
65.154.226.169 - - [13/Sep/2022:11:30:52 -0500] "GET /portaldeninos/wp-content/themes/betheme/assets/animations/animations.min.css?ver=20.9.6 HTTP/1.1" 200 58508
65.154.226.169 - - [13/Sep/2022:11:30:52 -0500] "GET /portaldeninos/wp-content/themes/betheme/css/layout.css?ver=20.9.6 HTTP/1.1" 200 116639
65.154.226.169 - - [13/Sep/2022:11:30:53 -0500] "GET /portaldeninos/wp-content/themes/betheme/assets/jplayer/css/jplayer.blue.monday.css?ver=20.9.6 HTTP/1.1" 200 9834
65.154.226.169 - - [13/Sep/2022:11:30:53 -0500] "GET /portaldeninos/wp-content/themes/betheme/assets/ui/jquery.ui.all.css?ver=20.9.6 HTTP/1.1" 200 18765
65.154.226.169 - - [13/Sep/2022:11:30:53 -0500] "GET /portaldeninos/wp-includes/js/jquery/jquery-migrate.min.js?ver=1.4.1 HTTP/1.1" 200 10056
65.154.226.169 - - [13/Sep/2022:11:30:52 -0500] "GET /portaldeninos/wp-content/themes/betheme/css/shortcodes.css?ver=20.9.6 HTTP/1.1" 200 138889
65.154.226.169 - - [13/Sep/2022:11:30:53 -0500] "GET /portaldeninos/wp-includes/js/jquery/ui/core.min.js?ver=1.11.4 HTTP/1.1" 200 4000
65.154.226.169 - - [13/Sep/2022:11:30:53 -0500] "GET /portaldeninos/wp-content/themes/betheme/css/responsive.css?ver=20.9.6 HTTP/1.1" 200 55740
65.154.226.169 - - [13/Sep/2022:11:30:53 -0500] "GET /portaldeninos/wp-content/plugins/google-analytics-for-wordpress/assets/js/frontend-gtag.min.js?ver=8.5.0 HTTP/1.1" 200 11801
65.154.226.169 - - [13/Sep/2022:11:30:53 -0500] "GET /portaldeninos/wp-content/plugins/gallery-videos/JS/modernizr.custom.js?ver=4.9.8 HTTP/1.1" 200 9019
65.154.226.169 - - [13/Sep/2022:11:30:53 -0500] "GET /portaldeninos/wp-includes/js/jquery/ui/widget.min.js?ver=1.11.4 HTTP/1.1" 200 6908
65.154.226.169 - - [13/Sep/2022:11:30:53 -0500] "GET /portaldeninos/wp-includes/js/jquery/ui/mouse.min.js?ver=1.11.4 HTTP/1.1" 200 3148
65.154.226.169 - - [13/Sep/2022:11:30:53 -0500] "GET /portaldeninos/wp-includes/js/jquery/ui/accordion.min.js?ver=1.11.4 HTTP/1.1" 200 8584
65.154.226.169 - - [13/Sep/2022:11:30:53 -0500] "GET /portaldeninos/wp-includes/js/jquery/jquery.js?ver=1.12.4 HTTP/1.1" 200 97184
65.154.226.169 - - [13/Sep/2022:11:30:53 -0500] "GET /portaldeninos/wp-content/plugins/gallery-videos/JS/Total-Soft-Gallery-Video-Widget.js?ver=4.9.8 HTTP/1.1" 200 80264
65.154.226.169 - - [13/Sep/2022:11:30:53 -0500] "GET /portaldeninos/wp-includes/js/jquery/ui/tabs.min.js?ver=1.11.4 HTTP/1.1" 200 12110
65.154.226.169 - - [13/Sep/2022:11:30:54 -0500] "GET /portaldeninos/wp-content/themes/betheme/js/menu.js?ver=20.9.6 HTTP/1.1" 200 2449
65.154.226.169 - - [13/Sep/2022:11:30:53 -0500] "GET /portaldeninos/wp-includes/js/jquery/ui/sortable.min.js?ver=1.11.4 HTTP/1.1" 200 24899
65.154.226.169 - - [13/Sep/2022:11:30:54 -0500] "GET /portaldeninos/wp-content/themes/betheme/assets/animations/animations.min.js?ver=20.9.6 HTTP/1.1" 200 1896
65.154.226.169 - - [13/Sep/2022:11:30:54 -0500] "GET /portaldeninos/wp-includes/js/wp-embed.min.js?ver=4.9.8 HTTP/1.1" 200 1398
65.154.226.169 - - [13/Sep/2022:11:30:54 -0500] "GET /portaldeninos/wp-content/themes/betheme/images/box_shadow.png HTTP/1.1" 200 108
65.154.226.169 - - [13/Sep/2022:11:30:54 -0500] "GET /portaldeninos/wp-includes/js/wp-emoji-release.min.js?ver=4.9.8 HTTP/1.1" 200 12026
65.154.226.169 - - [13/Sep/2022:11:30:54 -0500] "GET /portaldeninos/wp-content/themes/betheme/assets/jplayer/jplayer.min.js?ver=20.9.6 HTTP/1.1" 200 52702
65.154.226.169 - - [13/Sep/2022:11:30:54 -0500] "GET /portaldeninos/wp-content/themes/betheme/js/scripts.js?ver=20.9.6 HTTP/1.1" 200 77162
65.154.226.169 - - [13/Sep/2022:11:30:54 -0500] "GET /portaldeninos/wp-content/themes/betheme/js/plugins.js?ver=20.9.6 HTTP/1.1" 200 197151
65.154.226.169 - - [13/Sep/2022:11:30:54 -0500] "GET /portaldeninos/wp-content/themes/betheme/fonts/mfn-icons.woff?93978679 HTTP/1.1" 200 80932
65.154.226.169 - - [13/Sep/2022:11:30:55 -0500] "GET /portaldeninos/wp-content/themes/betheme/fonts/mfn-icons.ttf?93978679 HTTP/1.1" 200 90577
199.16.157.182 - - [13/Sep/2022:11:31:17 -0500] "GET /images/zorro-12-sept_optimized.jpeg HTTP/1.1" 200 26663
199.16.157.183 - - [13/Sep/2022:11:31:23 -0500] "GET /images/zorro-12-sept_optimized.jpeg HTTP/1.1" 200 26663
186.102.25.225 - - [13/Sep/2022:11:31:31 -0500] "GET /kwssiamovil/sm/ldap/au?x=U2FsdGVkX18tTil4EPUoufM7qaSMU6mpo6yBJUNbcCXaorIlXZemq2rz+htEV//E&y=U2FsdGVkX1+dhvf6PGiHtC7Hg8Mbs4jup+r5QGa2RRNujXLRS0GffH6/KtmUnxzy HTTP/1.1" 200 30
186.102.25.225 - - [13/Sep/2022:11:31:32 -0500] "GET /kwssiamovil/sm/acme/s?s=U2FsdGVkX1+esTMIcZEPOAWemK3bLKmWIAhJRCLp/wf4PuT+yFDHXFMoLnEY/bNdHRppAvpdEw7cJUSnNFvUePSRVH8H33mL5LdAtAiU3pE=&u=U2FsdGVkX19S8K4zgd6wIQahjkkca/ErLRUUuLLsikCI9rdgtcIOJRaCSmva/5Dy&y=U2FsdGVkX1+dhvf6PGiHtC7Hg8Mbs4jup+r5QGa2RRNujXLRS0GffH6/KtmUnxzy HTTP/1.1" 200 97
186.102.25.225 - - [13/Sep/2022:11:31:32 -0500] "GET /kwssiamovil/sm/acme/s?s=U2FsdGVkX1+iLBdXt2vr5mLy7/lBcDXwWfz/TeeN0bO4bVb4YfWC28I+lYw7KirmWJgEG5wXKk0E9l3E6Q05CpBilmBG1l0g8LRHt1TN6Vmts70LIFUi7FaHWFvQ5wluJCYtYxxIsgZNYPF9OvlQKgwrrTRsrpI2JydhGrxturZDnBU4qGD+K7WV7jLeM5ilr1euQW7jF8vyY1V0wKS35XHuBFDivbc4+0Y5lIvLSkelQoq/99qm+W4Q3BK+VryojwgS1ZdBM2z/D2aQ2l35T8sWeqDAD42FvK54bq2SvuytGT93RQ+Zc+M5ndD82KQB/OJ7dZ4duJUynxaE5ZeApoXFIimFu0UJFvLD/3Nm4OzLQCn/JTWlc9F+ucmSNOrTb6cKUmNwNZsJ2YUJ8oA66go8KFPU88mzXH57NRAEko7UFA4WvXW0ihZ/EEBcSsYzaUJISmScvfuLSJo5hT23xezw0pZgKzb96fM6hEVsMTQjXbgctYMzbRSSAiI8FzOI8pD5m2t+J8TOT1ifAXdWNdqjo0AvL3ctDzDJwe+aqrxfKfovI8Z5n15+ZOaMIerYpNX4D33nympsUBJJR/erWddU1bh8x9wpPdZL2tXIoJLHKUpj74DIqmTEa59Le4M3YJiy3buKlq6mBDRmSP5oAshdwGnRFpSJJC5OKw/KBQgcNjuBQBWY36eDdS3bDiJmZTdk6CyAH31/N876d10pvRUAwgG2o/YG4p8+sQPQM8nTQtEtAAVFpEvzfYbeDwLb2+rAlhlppxp6LlfR20LpOhGm6pXdZEQd9NvimLWWzt0dGDWDb5kDorRziZTrLwIhxMHnWAKrN5w8Wk1kNCqEEiiPn1jzkvFlfdAcCoyhAef3bCTtK/nO4f2eN1dquRqcBUhYo480/G7G7EG4tD+yw351KdN3Gn6ar1Xn3YrJKaKE+M0aFCeV2DO9B0RmVmE6CLd3UFU4juaIlH1P/jdz1n5ognoY7w7yi2JrX6q+wGPbTwIlR2rTdC4Eicrp7Bzmi+lO/UV6v3+HJNtP+SGz79poN0REEVrLl8EpF9lEUIjIvGrybzdcESNeebgV5cXRHD521d+uNmVCTqYQrD0KTQinUvK7E/JvI4K0UVkSpPyasaWS63IHdzpLR+ecVAdGEMtCjT0siwwND8VJWi2g1xXb6maUMari0h+t/ps0UHayFqTJcg6xZAm0Bt73i4oWN6jjeNf5thoMYRl9hrP7HJiGrEF6sKENnFLMnC7BxyUfwVzI8ynBwbVpZxdJv5NEejXISXgAoAABRMrMopH6te7P2sE7pUpMJ3DUIxygLtEtRAbSQLr5T5wmLx162QvKdIhWGjrbIffuWU7/dGJtS2NEM02u+Rc1VX2Z4YkKFmU=&u=U2FsdGVkX19S8K4zgd6wIQahjkkca/ErLRUUuLLsikCI9rdgtcIOJRaCSmva/5Dy&y=U2FsdGVkX1+dhvf6PGiHtC7Hg8Mbs4jup+r5QGa2RRNujXLRS0GffH6/KtmUnxzy HTTP/1.1" 200 1578
186.102.25.225 - - [13/Sep/2022:11:31:32 -0500] "GET /kwssiamovil/sm/acme/s?s=U2FsdGVkX1+Ar0RO3pgWxHbwr1J2HP2QCWsM/rdLEkaWySPYy3z1/AMbygm1arYZTQNIjbXQFeIUxml4nBjQ9Q0UHNNAXchrnd2vhchg4i9w7HF9mzpR5ah2NaATInEcOwgm0Y6HL4faRcv/ophociDp+vu1jpHoe+rubDkH3sl7Z71zrmM5N2JMIpYtfUNJ+g6n3Ui9cZDcb8ULdx5JC6Ez9hdWafEswFLmdWEqgea/1flXl5W0DjuYyJlwVBD7Jc4NpTd7+0OMydIXTS1DT7Pe/K05EzzLczHpEwSh8/E=&u=U2FsdGVkX19S8K4zgd6wIQahjkkca/ErLRUUuLLsikCI9rdgtcIOJRaCSmva/5Dy&y=U2FsdGVkX1+dhvf6PGiHtC7Hg8Mbs4jup+r5QGa2RRNujXLRS0GffH6/KtmUnxzy HTTP/1.1" 200 176
186.102.25.225 - - [13/Sep/2022:11:31:32 -0500] "GET /kwssiamovil/sm/cjson/pre?f=1&x=U2FsdGVkX18tTil4EPUoufM7qaSMU6mpo6yBJUNbcCXaorIlXZemq2rz+htEV//E HTTP/1.1" 200 30992
172.22.2.4 - - [13/Sep/2022:11:29:56 -0500] "GET /BLA/boletinlegal/ HTTP/1.1" 200 54003
66.249.75.63 - - [13/Sep/2022:11:32:03 -0500] "-" 408 -
201.245.192.253 - - [13/Sep/2022:11:32:03 -0500] "POST /sipse/faces/presentacion/financiero/solicitudProceso/listarSolicitudProceso.xhtml HTTP/1.1" 200 111931
201.245.192.253 - - [13/Sep/2022:11:32:04 -0500] "GET /sipse/faces/javax.faces.resource/jquery/jquery.js?ln=primefaces&v=4.0 HTTP/1.1" 304 -
201.245.192.253 - - [13/Sep/2022:11:32:04 -0500] "GET /sipse/faces/javax.faces.resource/jquery/jquery-plugins.js?ln=primefaces&v=4.0 HTTP/1.1" 304 -
201.245.192.253 - - [13/Sep/2022:11:32:04 -0500] "GET /sipse/faces/javax.faces.resource/primefaces.js?ln=primefaces&v=4.0 HTTP/1.1" 304 -
201.245.192.253 - - [13/Sep/2022:11:32:04 -0500] "GET /sipse/faces/javax.faces.resource/layout/layout.js?ln=primefaces&v=4.0 HTTP/1.1" 304 -
199.16.157.182 - - [13/Sep/2022:11:32:13 -0500] "GET /images/zorro-12-sept_optimized.jpeg HTTP/1.1" 200 26663
201.245.192.253 - - [13/Sep/2022:11:32:14 -0500] "POST /sipse/faces/presentacion/financiero/solicitudProceso/consultarSolicitudProceso.xhtml HTTP/1.1" 200 27557
201.245.192.253 - - [13/Sep/2022:11:32:14 -0500] "GET /sipse/faces/javax.faces.resource/theme.css?ln=primefaces-sipse HTTP/1.1" 304 -
201.245.192.253 - - [13/Sep/2022:11:32:14 -0500] "GET /sipse/faces/javax.faces.resource/jquery/jquery-plugins.js?ln=primefaces&v=4.0 HTTP/1.1" 304 -
201.245.192.253 - - [13/Sep/2022:11:32:14 -0500] "GET /sipse/faces/javax.faces.resource/layout/layout.css?ln=primefaces&v=4.0 HTTP/1.1" 304 -
201.245.192.253 - - [13/Sep/2022:11:32:14 -0500] "GET /sipse/faces/javax.faces.resource/primefaces.js?ln=primefaces&v=4.0 HTTP/1.1" 304 -
201.245.192.253 - - [13/Sep/2022:11:32:14 -0500] "GET /sipse/faces/javax.faces.resource/primefaces.css?ln=primefaces&v=4.0 HTTP/1.1" 304 -
201.245.192.253 - - [13/Sep/2022:11:32:14 -0500] "GET /sipse/faces/javax.faces.resource/jquery/jquery.js?ln=primefaces&v=4.0 HTTP/1.1" 304 -
201.245.192.253 - - [13/Sep/2022:11:32:14 -0500] "GET /sipse/faces/javax.faces.resource/layout/layout.js?ln=primefaces&v=4.0 HTTP/1.1" 304 -
201.245.192.253 - - [13/Sep/2022:11:32:14 -0500] "GET /sipse/faces/javax.faces.resource/images/ui-icons_898989_256x240.png?ln=primefaces-aristo HTTP/1.1" 304 -
201.245.192.253 - - [13/Sep/2022:11:32:19 -0500] "POST /sipse/faces/presentacion/financiero/solicitudProceso/consultarHistorialSolProceso.xhtml HTTP/1.1" 200 155997
201.245.192.253 - - [13/Sep/2022:11:32:19 -0500] "GET /sipse/faces/javax.faces.resource/theme.css?ln=primefaces-sipse HTTP/1.1" 304 -
201.245.192.253 - - [13/Sep/2022:11:32:19 -0500] "GET /sipse/faces/javax.faces.resource/primefaces.css?ln=primefaces&v=4.0 HTTP/1.1" 304 -
201.245.192.253 - - [13/Sep/2022:11:32:19 -0500] "GET /sipse/faces/javax.faces.resource/layout/layout.css?ln=primefaces&v=4.0 HTTP/1.1" 304 -
201.245.192.253 - - [13/Sep/2022:11:32:19 -0500] "GET /sipse/faces/javax.faces.resource/jquery/jquery.js?ln=primefaces&v=4.0 HTTP/1.1" 304 -
201.245.192.253 - - [13/Sep/2022:11:32:19 -0500] "GET /sipse/faces/javax.faces.resource/jquery/jquery-plugins.js?ln=primefaces&v=4.0 HTTP/1.1" 304 -
201.245.192.253 - - [13/Sep/2022:11:32:19 -0500] "GET /sipse/faces/javax.faces.resource/layout/layout.js?ln=primefaces&v=4.0 HTTP/1.1" 304 -
201.245.192.253 - - [13/Sep/2022:11:32:19 -0500] "GET /sipse/faces/javax.faces.resource/primefaces.js?ln=primefaces&v=4.0 HTTP/1.1" 304 -
201.245.192.253 - - [13/Sep/2022:11:32:19 -0500] "GET /sipse/faces/javax.faces.resource/images/ui-icons_898989_256x240.png?ln=primefaces-aristo HTTP/1.1" 304 -
199.16.157.180 - - [13/Sep/2022:11:32:24 -0500] "GET /images/zorro-12-sept_optimized.jpeg HTTP/1.1" 200 26663
199.16.157.181 - - [13/Sep/2022:11:32:24 -0500] "GET /images/zorro-12-sept_optimized.jpeg HTTP/1.1" 200 26663
66.249.72.73 - - [13/Sep/2022:11:32:25 -0500] "-" 408 -
172.22.2.4 - - [13/Sep/2022:11:32:32 -0500] "GET /BLA/boletinlegal/admin/actos/ingresar.php HTTP/1.1" 200 7143
172.22.2.4 - - [13/Sep/2022:11:32:32 -0500] "GET /BLA/boletinlegal/images/favicon.ico HTTP/1.1" 404 1356
216.245.221.92 - - [13/Sep/2022:11:32:57 -0500] "HEAD / HTTP/1.1" 200 -
172.22.2.4 - - [13/Sep/2022:11:33:08 -0500] "POST /BLA/boletinlegal/admin/actos/ingresar.php HTTP/1.1" 200 7236
199.16.157.180 - - [13/Sep/2022:11:33:25 -0500] "GET /images/zorro-12-sept_optimized.jpeg HTTP/1.1" 200 26663
201.245.192.253 - - [13/Sep/2022:11:33:37 -0500] "GET /sipse/faces/index.xhtml HTTP/1.1" 200 677
201.245.192.253 - - [13/Sep/2022:11:33:37 -0500] "GET /sipse/faces/javax.faces.resource/theme.css?ln=primefaces-sipse HTTP/1.1" 304 -
201.245.192.253 - - [13/Sep/2022:11:33:37 -0500] "GET /sipse/faces/faces/autenticacion.xhtml HTTP/1.1" 200 12182
201.245.192.253 - - [13/Sep/2022:11:33:37 -0500] "GET /sipse/faces/javax.faces.resource/theme.css?ln=primefaces-sipse HTTP/1.1" 304 -
201.245.192.253 - - [13/Sep/2022:11:33:37 -0500] "GET /sipse/faces/javax.faces.resource/primefaces.css?ln=primefaces&v=4.0 HTTP/1.1" 304 -
201.245.192.253 - - [13/Sep/2022:11:33:37 -0500] "GET /sipse/faces/javax.faces.resource/layout/layout.css?ln=primefaces&v=4.0 HTTP/1.1" 304 -
201.245.192.253 - - [13/Sep/2022:11:33:37 -0500] "GET /sipse/faces/javax.faces.resource/jquery/jquery.js?ln=primefaces&v=4.0 HTTP/1.1" 304 -
201.245.192.253 - - [13/Sep/2022:11:33:37 -0500] "GET /sipse/faces/javax.faces.resource/primefaces.js?ln=primefaces&v=4.0 HTTP/1.1" 304 -
201.245.192.253 - - [13/Sep/2022:11:33:37 -0500] "GET /sipse/faces/javax.faces.resource/jquery/jquery-plugins.js?ln=primefaces&v=4.0 HTTP/1.1" 304 -
201.245.192.253 - - [13/Sep/2022:11:33:37 -0500] "GET /sipse/faces/javax.faces.resource/layout/layout.js?ln=primefaces&v=4.0 HTTP/1.1" 304 -
201.245.192.253 - - [13/Sep/2022:11:33:37 -0500] "GET /sipse/faces/javax.faces.resource/images/ui-icons_898989_256x240.png?ln=primefaces-aristo HTTP/1.1" 304 -
201.245.192.253 - - [13/Sep/2022:11:33:42 -0500] "POST /sipse/faces/autenticacion.xhtml HTTP/1.1" 200 2219
201.245.192.253 - - [13/Sep/2022:11:33:42 -0500] "GET /sipse/faces/javax.faces.resource/messages/messages.png?ln=primefaces&v=4.0 HTTP/1.1" 304 -
201.245.192.253 - - [13/Sep/2022:11:33:44 -0500] "POST /sipse/faces/autenticacion.xhtml HTTP/1.1" 200 16284
201.245.192.253 - - [13/Sep/2022:11:33:44 -0500] "GET /sipse/faces/javax.faces.resource/primefaces.css?ln=primefaces&v=4.0 HTTP/1.1" 304 -
201.245.192.253 - - [13/Sep/2022:11:33:44 -0500] "GET /sipse/faces/javax.faces.resource/theme.css?ln=primefaces-sipse HTTP/1.1" 304 -
201.245.192.253 - - [13/Sep/2022:11:33:44 -0500] "GET /sipse/faces/javax.faces.resource/layout/layout.css?ln=primefaces&v=4.0 HTTP/1.1" 304 -
201.245.192.253 - - [13/Sep/2022:11:33:44 -0500] "GET /sipse/faces/javax.faces.resource/jquery/jquery.js?ln=primefaces&v=4.0 HTTP/1.1" 304 -
201.245.192.253 - - [13/Sep/2022:11:33:44 -0500] "GET /sipse/faces/javax.faces.resource/jquery/jquery-plugins.js?ln=primefaces&v=4.0 HTTP/1.1" 304 -
201.245.192.253 - - [13/Sep/2022:11:33:44 -0500] "GET /sipse/faces/javax.faces.resource/primefaces.js?ln=primefaces&v=4.0 HTTP/1.1" 304 -
201.245.192.253 - - [13/Sep/2022:11:33:44 -0500] "GET /sipse/faces/javax.faces.resource/layout/layout.js?ln=primefaces&v=4.0 HTTP/1.1" 304 -
201.245.192.253 - - [13/Sep/2022:11:33:44 -0500] "GET /sipse/css/imagen/contrasena.png HTTP/1.1" 404 383
201.245.192.253 - - [13/Sep/2022:11:33:45 -0500] "GET /sipse/faces/javax.faces.resource/images/ui-bg_flat_0_2d5972_40x100.png?ln=primefaces-aristo HTTP/1.1" 304 -
201.245.192.253 - - [13/Sep/2022:11:33:45 -0500] "POST /sipse/faces/bienvenido.xhtml HTTP/1.1" 200 2658
201.245.192.253 - - [13/Sep/2022:11:33:46 -0500] "POST /sipse/faces/bienvenido.xhtml HTTP/1.1" 200 64855
201.245.192.253 - - [13/Sep/2022:11:33:48 -0500] "GET /sipse/faces/javax.faces.resource/layout/layout.css?ln=primefaces&v=4.0 HTTP/1.1" 304 -
201.245.192.253 - - [13/Sep/2022:11:33:48 -0500] "GET /sipse/faces/javax.faces.resource/primefaces.css?ln=primefaces&v=4.0 HTTP/1.1" 304 -
201.245.192.253 - - [13/Sep/2022:11:33:48 -0500] "GET /sipse/faces/javax.faces.resource/theme.css?ln=primefaces-sipse HTTP/1.1" 304 -
201.245.192.253 - - [13/Sep/2022:11:33:48 -0500] "GET /sipse/faces/javax.faces.resource/jquery/jquery.js?ln=primefaces&v=4.0 HTTP/1.1" 304 -
201.245.192.253 - - [13/Sep/2022:11:33:48 -0500] "GET /sipse/faces/javax.faces.resource/jquery/jquery-plugins.js?ln=primefaces&v=4.0 HTTP/1.1" 304 -
201.245.192.253 - - [13/Sep/2022:11:33:48 -0500] "GET /sipse/faces/javax.faces.resource/primefaces.js?ln=primefaces&v=4.0 HTTP/1.1" 304 -
201.245.192.253 - - [13/Sep/2022:11:33:48 -0500] "GET /sipse/faces/javax.faces.resource/layout/layout.js?ln=primefaces&v=4.0 HTTP/1.1" 304 -
201.245.192.253 - - [13/Sep/2022:11:33:48 -0500] "POST /sipse/faces/presentacion/financiero/solicitudProceso/listarSolicitudProceso.xhtml HTTP/1.1" 200 1544
199.16.157.183 - - [13/Sep/2022:11:34:14 -0500] "GET /images/zorro-12-sept_optimized.jpeg HTTP/1.1" 200 26663
201.245.192.253 - - [13/Sep/2022:11:34:16 -0500] "POST /sipse/faces/presentacion/proyectos/proyecto/proyecto.xhtml HTTP/1.1" 200 96250
201.245.192.253 - - [13/Sep/2022:11:34:19 -0500] "GET /sipse/faces/javax.faces.resource/jquery/jquery.js?ln=primefaces&v=4.0 HTTP/1.1" 304 -
201.245.192.253 - - [13/Sep/2022:11:34:19 -0500] "GET /sipse/faces/javax.faces.resource/jquery/jquery-plugins.js?ln=primefaces&v=4.0 HTTP/1.1" 304 -
201.245.192.253 - - [13/Sep/2022:11:34:19 -0500] "GET /sipse/faces/javax.faces.resource/primefaces.js?ln=primefaces&v=4.0 HTTP/1.1" 304 -
201.245.192.253 - - [13/Sep/2022:11:34:19 -0500] "GET /sipse/faces/javax.faces.resource/layout/layout.js?ln=primefaces&v=4.0 HTTP/1.1" 304 -
199.16.157.182 - - [13/Sep/2022:11:34:24 -0500] "GET /images/zorro-12-sept_optimized.jpeg HTTP/1.1" 200 26663
199.16.157.181 - - [13/Sep/2022:11:34:24 -0500] "GET /images/zorro-12-sept_optimized.jpeg HTTP/1.1" 200 26663
199.16.157.180 - - [13/Sep/2022:11:34:25 -0500] "GET /images/zorro-12-sept_optimized.jpeg HTTP/1.1" 200 26663
199.16.157.180 - - [13/Sep/2022:11:34:25 -0500] "GET /images/zorro-12-sept_optimized.jpeg HTTP/1.1" 200 26663
199.16.157.180 - - [13/Sep/2022:11:34:25 -0500] "GET /images/zorro-12-sept_optimized.jpeg HTTP/1.1" 200 26663
200.14.231.220 - - [13/Sep/2022:11:34:29 -0500] "GET /BLA/boletinlegal/js/jquery.scrollShow.js HTTP/1.1" 200 4586
200.14.231.220 - - [13/Sep/2022:11:34:29 -0500] "GET /galeria/galeria/jquery.fancybox.css?v=2.1.5 HTTP/1.1" 200 4895
200.14.231.220 - - [13/Sep/2022:11:34:29 -0500] "GET /galeria/galeria/jquery.fancybox.js?v=2.1.5 HTTP/1.1" 200 48706
201.245.192.253 - - [13/Sep/2022:11:34:32 -0500] "POST /sipse/faces/presentacion/proyectos/proyecto/presupuesto/presupuestoEntreActividades/seleccionarActividadesOrigen.xhtml HTTP/1.1" 200 1916
65.155.30.101 - - [13/Sep/2022:11:34:49 -0500] "GET /portaldeninos/wp-content/uploads/useanyfont/uaf.css?ver=1589905315 HTTP/1.1" 200 408
65.155.30.101 - - [13/Sep/2022:11:34:49 -0500] "GET /portaldeninos/wp-content/themes/betheme/style.css?ver=20.9.6 HTTP/1.1" 200 287
65.155.30.101 - - [13/Sep/2022:11:34:49 -0500] "GET /portaldeninos/wp-content/plugins/gallery-videos/CSS/totalsoft.css?ver=4.9.8 HTTP/1.1" 200 40622
65.155.30.101 - - [13/Sep/2022:11:34:49 -0500] "GET /portaldeninos/wp-content/plugins/gallery-videos/CSS/Total-Soft-Gallery-Video-Widget.css?ver=4.9.8 HTTP/1.1" 200 51554
65.155.30.101 - - [13/Sep/2022:11:34:49 -0500] "GET /portaldeninos/wp-content/themes/betheme/css/base.css?ver=20.9.6 HTTP/1.1" 200 57283
65.155.30.101 - - [13/Sep/2022:11:34:50 -0500] "GET /portaldeninos/wp-content/themes/betheme/assets/animations/animations.min.css?ver=20.9.6 HTTP/1.1" 200 58508
65.155.30.101 - - [13/Sep/2022:11:34:51 -0500] "GET /portaldeninos/wp-content/themes/betheme/assets/ui/jquery.ui.all.css?ver=20.9.6 HTTP/1.1" 200 18765
65.155.30.101 - - [13/Sep/2022:11:34:51 -0500] "GET /portaldeninos/wp-content/themes/betheme/assets/jplayer/css/jplayer.blue.monday.css?ver=20.9.6 HTTP/1.1" 200 9834
65.155.30.101 - - [13/Sep/2022:11:34:52 -0500] "GET /portaldeninos/wp-content/plugins/google-analytics-for-wordpress/assets/js/frontend-gtag.min.js?ver=8.5.0 HTTP/1.1" 200 11801
65.155.30.101 - - [13/Sep/2022:11:34:52 -0500] "GET /portaldeninos/wp-includes/js/jquery/jquery-migrate.min.js?ver=1.4.1 HTTP/1.1" 200 10056
65.155.30.101 - - [13/Sep/2022:11:34:49 -0500] "GET /portaldeninos/wp-content/themes/betheme/css/layout.css?ver=20.9.6 HTTP/1.1" 200 116639
65.155.30.101 - - [13/Sep/2022:11:34:52 -0500] "GET /portaldeninos/wp-content/themes/betheme/css/responsive.css?ver=20.9.6 HTTP/1.1" 200 55740
65.155.30.101 - - [13/Sep/2022:11:34:52 -0500] "GET /portaldeninos/wp-includes/js/jquery/ui/core.min.js?ver=1.11.4 HTTP/1.1" 200 4000
65.155.30.101 - - [13/Sep/2022:11:34:52 -0500] "GET /portaldeninos/wp-content/plugins/gallery-videos/JS/modernizr.custom.js?ver=4.9.8 HTTP/1.1" 200 9019
65.155.30.101 - - [13/Sep/2022:11:34:52 -0500] "GET /portaldeninos/wp-includes/js/jquery/ui/widget.min.js?ver=1.11.4 HTTP/1.1" 200 6908
65.155.30.101 - - [13/Sep/2022:11:34:52 -0500] "GET /portaldeninos/wp-includes/js/jquery/ui/mouse.min.js?ver=1.11.4 HTTP/1.1" 200 3148
65.155.30.101 - - [13/Sep/2022:11:34:50 -0500] "GET /portaldeninos/wp-content/themes/betheme/css/shortcodes.css?ver=20.9.6 HTTP/1.1" 200 138889
65.155.30.101 - - [13/Sep/2022:11:34:52 -0500] "GET /portaldeninos/wp-includes/js/jquery/ui/accordion.min.js?ver=1.11.4 HTTP/1.1" 200 8584
65.155.30.101 - - [13/Sep/2022:11:34:52 -0500] "GET /portaldeninos/wp-content/plugins/gallery-videos/JS/Total-Soft-Gallery-Video-Widget.js?ver=4.9.8 HTTP/1.1" 200 80264
65.155.30.101 - - [13/Sep/2022:11:34:52 -0500] "GET /portaldeninos/wp-includes/js/jquery/ui/tabs.min.js?ver=1.11.4 HTTP/1.1" 200 12110
65.155.30.101 - - [13/Sep/2022:11:34:52 -0500] "GET /portaldeninos/wp-includes/js/jquery/ui/sortable.min.js?ver=1.11.4 HTTP/1.1" 200 24899
65.155.30.101 - - [13/Sep/2022:11:34:53 -0500] "GET /portaldeninos/wp-content/themes/betheme/js/menu.js?ver=20.9.6 HTTP/1.1" 200 2449
65.155.30.101 - - [13/Sep/2022:11:34:52 -0500] "GET /portaldeninos/wp-includes/js/jquery/jquery.js?ver=1.12.4 HTTP/1.1" 200 97184
65.155.30.101 - - [13/Sep/2022:11:34:53 -0500] "GET /portaldeninos/wp-content/themes/betheme/assets/animations/animations.min.js?ver=20.9.6 HTTP/1.1" 200 1896
65.155.30.101 - - [13/Sep/2022:11:34:53 -0500] "GET /portaldeninos/wp-includes/js/wp-embed.min.js?ver=4.9.8 HTTP/1.1" 200 1398
65.155.30.101 - - [13/Sep/2022:11:34:53 -0500] "GET /portaldeninos/wp-includes/js/wp-emoji-release.min.js?ver=4.9.8 HTTP/1.1" 200 12026
65.155.30.101 - - [13/Sep/2022:11:34:53 -0500] "GET /portaldeninos/wp-content/themes/betheme/assets/jplayer/jplayer.min.js?ver=20.9.6 HTTP/1.1" 200 52702
65.155.30.101 - - [13/Sep/2022:11:34:53 -0500] "GET /portaldeninos/wp-content/themes/betheme/images/box_shadow.png HTTP/1.1" 200 108
65.155.30.101 - - [13/Sep/2022:11:34:53 -0500] "GET /portaldeninos/wp-content/themes/betheme/js/scripts.js?ver=20.9.6 HTTP/1.1" 200 77162
65.155.30.101 - - [13/Sep/2022:11:34:52 -0500] "GET /portaldeninos/wp-content/themes/betheme/js/plugins.js?ver=20.9.6 HTTP/1.1" 200 197151
65.155.30.101 - - [13/Sep/2022:11:34:54 -0500] "GET /portaldeninos/wp-content/themes/betheme/fonts/mfn-icons.woff?93978679 HTTP/1.1" 200 80932
65.155.30.101 - - [13/Sep/2022:11:34:55 -0500] "GET /portaldeninos/wp-content/themes/betheme/fonts/mfn-icons.ttf?93978679 HTTP/1.1" 200 88353
201.245.192.253 - - [13/Sep/2022:11:34:57 -0500] "POST /sipse/faces/presentacion/proyectos/proyecto/presupuesto/presupuestoEntreActividades/seleccionarActividadesOrigen.xhtml HTTP/1.1" 200 89192
201.245.192.253 - - [13/Sep/2022:11:35:00 -0500] "GET /sipse/faces/javax.faces.resource/jquery/jquery.js?ln=primefaces&v=4.0 HTTP/1.1" 304 -
201.245.192.253 - - [13/Sep/2022:11:35:00 -0500] "GET /sipse/faces/javax.faces.resource/jquery/jquery-plugins.js?ln=primefaces&v=4.0 HTTP/1.1" 304 -
201.245.192.253 - - [13/Sep/2022:11:35:00 -0500] "GET /sipse/faces/javax.faces.resource/primefaces.js?ln=primefaces&v=4.0 HTTP/1.1" 304 -
201.245.192.253 - - [13/Sep/2022:11:35:00 -0500] "GET /sipse/faces/javax.faces.resource/layout/layout.js?ln=primefaces&v=4.0 HTTP/1.1" 304 -
172.22.2.4 - - [13/Sep/2022:11:35:01 -0500] "POST /BLA/boletinlegal/admin/actos/ingresar.php HTTP/1.1" 200 2102
201.245.192.253 - - [13/Sep/2022:11:35:00 -0500] "POST /sipse/faces/presentacion/proyectos/proyecto/proyecto.xhtml HTTP/1.1" 200 3812
172.22.2.4 - - [13/Sep/2022:11:35:02 -0500] "GET /BLA/boletinlegal/admin/actos/ingresar.php HTTP/1.1" 200 7143
201.245.192.253 - - [13/Sep/2022:11:35:01 -0500] "POST /sipse/faces/presentacion/proyectos/proyecto/proyecto.xhtml HTTP/1.1" 200 3812
186.154.99.27 - - [13/Sep/2022:11:35:05 -0500] "GET /BLA/resoluciones/RESOLUCIONES%202021/0954.pdf HTTP/1.1" 200 664946
201.245.192.253 - - [13/Sep/2022:11:35:04 -0500] "POST /sipse/faces/presentacion/proyectos/proyecto/proyecto.xhtml HTTP/1.1" 200 96250
201.245.192.253 - - [13/Sep/2022:11:35:06 -0500] "GET /sipse/faces/javax.faces.resource/jquery/jquery.js?ln=primefaces&v=4.0 HTTP/1.1" 304 -
201.245.192.253 - - [13/Sep/2022:11:35:06 -0500] "GET /sipse/faces/javax.faces.resource/jquery/jquery-plugins.js?ln=primefaces&v=4.0 HTTP/1.1" 304 -
201.245.192.253 - - [13/Sep/2022:11:35:06 -0500] "GET /sipse/faces/javax.faces.resource/primefaces.js?ln=primefaces&v=4.0 HTTP/1.1" 304 -
201.245.192.253 - - [13/Sep/2022:11:35:06 -0500] "GET /sipse/faces/javax.faces.resource/layout/layout.js?ln=primefaces&v=4.0 HTTP/1.1" 304 -
201.245.192.253 - - [13/Sep/2022:11:35:03 -0500] "POST /kwsrmcab/Wsrmcab  HTTP/1.1" 200 38139
201.245.192.253 - - [13/Sep/2022:11:35:12 -0500] "POST /sipse/faces/presentacion/proyectos/proyecto/presupuesto/presupuestoEntreActividades/seleccionarActividadesOrigen.xhtml HTTP/1.1" 200 1916
201.245.192.253 - - [13/Sep/2022:11:35:17 -0500] "POST /sipse/faces/presentacion/proyectos/proyecto/presupuesto/presupuestoEntreActividades/seleccionarActividadesOrigen.xhtml HTTP/1.1" 200 1916
199.16.157.181 - - [13/Sep/2022:11:35:28 -0500] "GET /images/zorro-12-sept_optimized.jpeg HTTP/1.1" 200 26663
173.252.87.21 - - [13/Sep/2022:11:35:36 -0500] "GET /galeria/galeria/fotos/mirador4P.jpg HTTP/1.1" 200 11757
201.245.192.253 - - [13/Sep/2022:11:35:39 -0500] "POST /sipse/faces/presentacion/financiero/solicitudProceso/listarSolicitudProceso.xhtml HTTP/1.1" 200 59043
201.245.192.253 - - [13/Sep/2022:11:35:39 -0500] "GET /sipse/faces/javax.faces.resource/theme.css?ln=primefaces-sipse HTTP/1.1" 304 -
201.245.192.253 - - [13/Sep/2022:11:35:39 -0500] "GET /sipse/faces/javax.faces.resource/primefaces.css?ln=primefaces&v=4.0 HTTP/1.1" 304 -
201.245.192.253 - - [13/Sep/2022:11:35:39 -0500] "GET /sipse/faces/javax.faces.resource/layout/layout.css?ln=primefaces&v=4.0 HTTP/1.1" 304 -
201.245.192.253 - - [13/Sep/2022:11:35:39 -0500] "GET /sipse/faces/javax.faces.resource/jquery/jquery.js?ln=primefaces&v=4.0 HTTP/1.1" 304 -
201.245.192.253 - - [13/Sep/2022:11:35:39 -0500] "GET /sipse/faces/javax.faces.resource/jquery/jquery-plugins.js?ln=primefaces&v=4.0 HTTP/1.1" 304 -
201.245.192.253 - - [13/Sep/2022:11:35:39 -0500] "GET /sipse/faces/javax.faces.resource/primefaces.js?ln=primefaces&v=4.0 HTTP/1.1" 304 -
201.245.192.253 - - [13/Sep/2022:11:35:39 -0500] "GET /sipse/faces/javax.faces.resource/layout/layout.js?ln=primefaces&v=4.0 HTTP/1.1" 304 -
186.154.99.27 - - [13/Sep/2022:11:35:46 -0500] "GET /BLA/resoluciones/RESOLUCIONES%202021/0950.pdf HTTP/1.1" 200 661158
201.245.192.253 - - [13/Sep/2022:11:35:49 -0500] "POST /sipse/faces/presentacion/financiero/solicitudProceso/crearModificarSolicitudProceso.xhtml HTTP/1.1" 200 27325
172.22.2.4 - - [13/Sep/2022:11:35:55 -0500] "GET /BLA/boletinlegal/actos.php HTTP/1.1" 200 9559
201.245.192.253 - - [13/Sep/2022:11:35:56 -0500] "GET /BLA/resoluciones/ HTTP/1.1" 200 13093
186.154.99.27 - - [13/Sep/2022:11:35:59 -0500] "GET /BLA/resoluciones/RESOLUCIONES%202021/0900.pdf HTTP/1.1" 200 652281
201.245.192.253 - - [13/Sep/2022:11:35:59 -0500] "GET /BLA/resoluciones/index.php?dir=AUTOS+2014%2F HTTP/1.1" 200 878464
201.245.192.253 - - [13/Sep/2022:11:36:06 -0500] "GET /BLA/resoluciones/AUTOS%202014/0247.pdf HTTP/1.1" 200 293573
201.245.192.253 - - [13/Sep/2022:11:36:15 -0500] "POST /sipse/faces/presentacion/financiero/solicitudProceso/crearModificarSolicitudProceso.xhtml HTTP/1.1" 200 9398
199.16.157.182 - - [13/Sep/2022:11:36:19 -0500] "GET /images/zorro-12-sept_optimized.jpeg HTTP/1.1" 200 26663
199.16.157.183 - - [13/Sep/2022:11:36:24 -0500] "GET /images/zorro-12-sept_optimized.jpeg HTTP/1.1" 200 26663
199.16.157.182 - - [13/Sep/2022:11:36:24 -0500] "GET /images/zorro-12-sept_optimized.jpeg HTTP/1.1" 200 26663
199.16.157.183 - - [13/Sep/2022:11:36:26 -0500] "GET /images/zorro-12-sept_optimized.jpeg HTTP/1.1" 200 26663
201.245.192.253 - - [13/Sep/2022:11:36:28 -0500] "POST /sipse/faces/presentacion/proyectos/proyecto/presupuesto/presupuestoEntreActividades/seleccionarActividadesOrigen.xhtml HTTP/1.1" 200 87875
201.245.192.253 - - [13/Sep/2022:11:36:28 -0500] "GET /sipse/faces/javax.faces.resource/jquery/jquery.js?ln=primefaces&v=4.0 HTTP/1.1" 304 -
201.245.192.253 - - [13/Sep/2022:11:36:28 -0500] "GET /sipse/faces/javax.faces.resource/jquery/jquery-plugins.js?ln=primefaces&v=4.0 HTTP/1.1" 304 -
201.245.192.253 - - [13/Sep/2022:11:36:28 -0500] "GET /sipse/faces/javax.faces.resource/primefaces.js?ln=primefaces&v=4.0 HTTP/1.1" 304 -
201.245.192.253 - - [13/Sep/2022:11:36:28 -0500] "GET /sipse/faces/javax.faces.resource/layout/layout.js?ln=primefaces&v=4.0 HTTP/1.1" 304 -
199.16.157.181 - - [13/Sep/2022:11:36:29 -0500] "GET /images/zorro-12-sept_optimized.jpeg HTTP/1.1" 200 26663
199.16.157.183 - - [13/Sep/2022:11:36:32 -0500] "GET /images/zorro-12-sept_optimized.jpeg HTTP/1.1" 200 26663
199.16.157.182 - - [13/Sep/2022:11:36:32 -0500] "GET /images/zorro-12-sept_optimized.jpeg HTTP/1.1" 200 26663
172.22.2.4 - - [13/Sep/2022:11:35:50 -0500] "GET /BLA/boletinlegal/ HTTP/1.1" 200 24523
172.22.2.4 - - [13/Sep/2022:11:34:56 -0500] "HEAD /BLA/boletinlegal/ HTTP/1.1" 200 -
201.245.192.253 - - [13/Sep/2022:11:36:48 -0500] "POST /sipse/faces/presentacion/proyectos/proyecto/presupuesto/presupuestoEntreActividades/seleccionarActividadesDestino.xhtml HTTP/1.1" 200 74530
201.245.192.253 - - [13/Sep/2022:11:36:49 -0500] "GET /sipse/faces/javax.faces.resource/jquery/jquery.js?ln=primefaces&v=4.0 HTTP/1.1" 304 -
201.245.192.253 - - [13/Sep/2022:11:36:49 -0500] "GET /sipse/faces/javax.faces.resource/jquery/jquery-plugins.js?ln=primefaces&v=4.0 HTTP/1.1" 304 -
201.245.192.253 - - [13/Sep/2022:11:36:49 -0500] "GET /sipse/faces/javax.faces.resource/primefaces.js?ln=primefaces&v=4.0 HTTP/1.1" 304 -
201.245.192.253 - - [13/Sep/2022:11:36:49 -0500] "GET /sipse/faces/javax.faces.resource/layout/layout.js?ln=primefaces&v=4.0 HTTP/1.1" 304 -
201.245.192.253 - - [13/Sep/2022:11:37:10 -0500] "POST /sipse/faces/presentacion/proyectos/proyecto/presupuesto/presupuestoEntreActividades/resumen.xhtml HTTP/1.1" 200 2609
201.245.192.253 - - [13/Sep/2022:11:37:24 -0500] "POST /sipse/faces/presentacion/proyectos/proyecto/presupuesto/presupuestoEntreActividades/resumen.xhtml HTTP/1.1" 200 2614
172.22.2.4 - - [13/Sep/2022:11:35:46 -0500] "GET /BLA/boletinlegal/ HTTP/1.1" 200 55630
199.16.157.181 - - [13/Sep/2022:11:37:28 -0500] "GET /images/zorro-12-sept_optimized.jpeg HTTP/1.1" 200 26663
201.245.192.253 - - [13/Sep/2022:11:37:33 -0500] "POST /sipse/faces/presentacion/financiero/solicitudProceso/crearModificarSolicitudProceso.xhtml HTTP/1.1" 200 24597
201.245.192.253 - - [13/Sep/2022:11:37:33 -0500] "GET /sipse/faces/javax.faces.resource/theme.css?ln=primefaces-sipse HTTP/1.1" 304 -
201.245.192.253 - - [13/Sep/2022:11:37:33 -0500] "GET /sipse/faces/javax.faces.resource/primefaces.css?ln=primefaces&v=4.0 HTTP/1.1" 304 -
201.245.192.253 - - [13/Sep/2022:11:37:33 -0500] "GET /sipse/faces/javax.faces.resource/layout/layout.css?ln=primefaces&v=4.0 HTTP/1.1" 304 -
201.245.192.253 - - [13/Sep/2022:11:37:33 -0500] "GET /sipse/faces/javax.faces.resource/jquery/jquery.js?ln=primefaces&v=4.0 HTTP/1.1" 304 -
201.245.192.253 - - [13/Sep/2022:11:37:33 -0500] "GET /sipse/faces/javax.faces.resource/primefaces.js?ln=primefaces&v=4.0 HTTP/1.1" 304 -
201.245.192.253 - - [13/Sep/2022:11:37:33 -0500] "GET /sipse/faces/javax.faces.resource/layout/layout.js?ln=primefaces&v=4.0 HTTP/1.1" 304 -
201.245.192.253 - - [13/Sep/2022:11:37:33 -0500] "GET /sipse/faces/javax.faces.resource/jquery/jquery-plugins.js?ln=primefaces&v=4.0 HTTP/1.1" 304 -
201.245.192.253 - - [13/Sep/2022:11:37:33 -0500] "GET /sipse/faces/javax.faces.resource/images/ui-icons_898989_256x240.png?ln=primefaces-aristo HTTP/1.1" 304 -
201.245.192.253 - - [13/Sep/2022:11:37:47 -0500] "POST /sipse/faces/presentacion/proyectos/proyecto/presupuesto/presupuestoEntreActividades/resumen.xhtml HTTP/1.1" 200 2614
201.245.192.253 - - [13/Sep/2022:11:37:51 -0500] "GET /sipse/faces/javax.faces.resource/images/ui-bg_flat_0_2d5972_40x100.png?ln=primefaces-aristo HTTP/1.1" 304 -
201.245.192.253 - - [13/Sep/2022:11:37:51 -0500] "POST /sipse/faces/presentacion/financiero/solicitudProyectoActividad/asociarProyectoSolicitud.xhtml HTTP/1.1" 200 6711
201.245.192.253 - - [13/Sep/2022:11:37:53 -0500] "POST /sipse/faces/presentacion/financiero/solicitudProyectoActividad/asociarProyectoSolicitud.xhtml HTTP/1.1" 200 1700
201.245.192.253 - - [13/Sep/2022:11:37:54 -0500] "POST /sipse/faces/presentacion/financiero/solicitudProyectoActividad/asociarProyectoSolicitud.xhtml HTTP/1.1" 200 77682
201.245.192.253 - - [13/Sep/2022:11:37:54 -0500] "GET /sipse/faces/javax.faces.resource/primefaces.css?ln=primefaces&v=4.0 HTTP/1.1" 304 -
201.245.192.253 - - [13/Sep/2022:11:37:54 -0500] "GET /sipse/faces/javax.faces.resource/theme.css?ln=primefaces-sipse HTTP/1.1" 304 -
201.245.192.253 - - [13/Sep/2022:11:37:54 -0500] "GET /sipse/faces/javax.faces.resource/layout/layout.css?ln=primefaces&v=4.0 HTTP/1.1" 304 -
201.245.192.253 - - [13/Sep/2022:11:37:54 -0500] "GET /sipse/faces/javax.faces.resource/jquery/jquery.js?ln=primefaces&v=4.0 HTTP/1.1" 304 -
201.245.192.253 - - [13/Sep/2022:11:37:55 -0500] "GET /sipse/faces/javax.faces.resource/jquery/jquery-plugins.js?ln=primefaces&v=4.0 HTTP/1.1" 304 -
201.245.192.253 - - [13/Sep/2022:11:37:55 -0500] "GET /sipse/faces/javax.faces.resource/primefaces.js?ln=primefaces&v=4.0 HTTP/1.1" 304 -
201.245.192.253 - - [13/Sep/2022:11:37:55 -0500] "GET /sipse/faces/javax.faces.resource/layout/layout.js?ln=primefaces&v=4.0 HTTP/1.1" 304 -
216.245.221.92 - - [13/Sep/2022:11:37:57 -0500] "HEAD / HTTP/1.1" 200 -
201.245.192.253 - - [13/Sep/2022:11:38:02 -0500] "POST /sipse/faces/presentacion/proyectos/proyecto/presupuesto/presupuestoEntreActividades/resumen.xhtml HTTP/1.1" 200 2614
201.245.192.253 - - [13/Sep/2022:11:38:16 -0500] "POST /sipse/faces/presentacion/proyectos/proyecto/presupuesto/presupuestoEntreActividades/resumen.xhtml HTTP/1.1" 200 2614
201.245.192.253 - - [13/Sep/2022:11:38:29 -0500] "POST /sipse/faces/presentacion/proyectos/proyecto/presupuesto/presupuestoEntreActividades/resumen.xhtml HTTP/1.1" 200 2614
199.16.157.182 - - [13/Sep/2022:11:38:31 -0500] "GET /images/zorro-12-sept_optimized.jpeg HTTP/1.1" 200 26663
199.16.157.180 - - [13/Sep/2022:11:38:32 -0500] "GET /images/zorro-12-sept_optimized.jpeg HTTP/1.1" 200 26663
199.16.157.181 - - [13/Sep/2022:11:38:32 -0500] "GET /images/zorro-12-sept_optimized.jpeg HTTP/1.1" 200 26663
199.16.157.182 - - [13/Sep/2022:11:38:32 -0500] "GET /images/zorro-12-sept_optimized.jpeg HTTP/1.1" 200 26663
199.16.157.182 - - [13/Sep/2022:11:38:32 -0500] "GET /images/zorro-12-sept_optimized.jpeg HTTP/1.1" 200 26663
199.16.157.183 - - [13/Sep/2022:11:38:33 -0500] "GET /images/zorro-12-sept_optimized.jpeg HTTP/1.1" 200 26663
205.169.39.249 - - [13/Sep/2022:11:38:35 -0500] "GET /portaldeninos/wp-includes/js/wp-emoji-release.min.js?ver=4.9.8 HTTP/1.1" 200 12026
205.169.39.249 - - [13/Sep/2022:11:38:35 -0500] "GET /portaldeninos/wp-content/plugins/google-analytics-for-wordpress/assets/js/frontend-gtag.min.js?ver=8.5.0 HTTP/1.1" 200 11801
205.169.39.249 - - [13/Sep/2022:11:38:36 -0500] "GET /portaldeninos/wp-includes/js/jquery/jquery.js?ver=1.12.4 HTTP/1.1" 200 97184
205.169.39.249 - - [13/Sep/2022:11:38:36 -0500] "GET /portaldeninos/wp-includes/js/jquery/jquery-migrate.min.js?ver=1.4.1 HTTP/1.1" 200 10056
205.169.39.249 - - [13/Sep/2022:11:38:37 -0500] "GET /portaldeninos/wp-includes/js/jquery/ui/core.min.js?ver=1.11.4 HTTP/1.1" 200 4000
205.169.39.249 - - [13/Sep/2022:11:38:37 -0500] "GET /portaldeninos/wp-content/plugins/gallery-videos/JS/modernizr.custom.js?ver=4.9.8 HTTP/1.1" 200 9019
205.169.39.249 - - [13/Sep/2022:11:38:37 -0500] "GET /portaldeninos/wp-content/plugins/gallery-videos/JS/Total-Soft-Gallery-Video-Widget.js?ver=4.9.8 HTTP/1.1" 200 80264
201.245.192.253 - - [13/Sep/2022:11:38:37 -0500] "POST /sipse/faces/presentacion/proyectos/proyecto/presupuesto/presupuestoEntreActividades/resumen.xhtml HTTP/1.1" 200 3077
205.169.39.249 - - [13/Sep/2022:11:38:37 -0500] "GET /portaldeninos/wp-includes/js/jquery/ui/widget.min.js?ver=1.11.4 HTTP/1.1" 200 6908
205.169.39.249 - - [13/Sep/2022:11:38:38 -0500] "GET /portaldeninos/wp-includes/js/jquery/ui/mouse.min.js?ver=1.11.4 HTTP/1.1" 200 3148
205.169.39.249 - - [13/Sep/2022:11:38:38 -0500] "GET /portaldeninos/wp-includes/js/jquery/ui/sortable.min.js?ver=1.11.4 HTTP/1.1" 200 24899
205.169.39.249 - - [13/Sep/2022:11:38:38 -0500] "GET /portaldeninos/wp-includes/js/jquery/ui/tabs.min.js?ver=1.11.4 HTTP/1.1" 200 12110
205.169.39.249 - - [13/Sep/2022:11:38:38 -0500] "GET /portaldeninos/wp-includes/js/jquery/ui/accordion.min.js?ver=1.11.4 HTTP/1.1" 200 8584
205.169.39.249 - - [13/Sep/2022:11:38:39 -0500] "GET /portaldeninos/wp-content/themes/betheme/js/plugins.js?ver=20.9.6 HTTP/1.1" 200 197151
205.169.39.249 - - [13/Sep/2022:11:38:40 -0500] "GET /portaldeninos/wp-content/themes/betheme/js/menu.js?ver=20.9.6 HTTP/1.1" 200 2449
205.169.39.249 - - [13/Sep/2022:11:38:40 -0500] "GET /portaldeninos/wp-content/themes/betheme/assets/animations/animations.min.js?ver=20.9.6 HTTP/1.1" 200 1896
205.169.39.249 - - [13/Sep/2022:11:38:40 -0500] "GET /portaldeninos/wp-content/themes/betheme/assets/jplayer/jplayer.min.js?ver=20.9.6 HTTP/1.1" 200 52702
205.169.39.249 - - [13/Sep/2022:11:38:40 -0500] "GET /portaldeninos/wp-content/themes/betheme/js/scripts.js?ver=20.9.6 HTTP/1.1" 200 77162
205.169.39.249 - - [13/Sep/2022:11:38:41 -0500] "GET /portaldeninos/wp-includes/js/wp-embed.min.js?ver=4.9.8 HTTP/1.1" 200 1398
199.16.157.183 - - [13/Sep/2022:11:38:46 -0500] "GET /images/zorro-12-sept_optimized.jpeg HTTP/1.1" 200 26663
199.16.157.182 - - [13/Sep/2022:11:38:47 -0500] "GET /images/zorro-12-sept_optimized.jpeg HTTP/1.1" 200 26663
201.245.192.253 - - [13/Sep/2022:11:38:54 -0500] "POST /sipse/faces/presentacion/proyectos/proyecto/presupuesto/presupuestoEntreActividades/resumen.xhtml HTTP/1.1" 200 2614
201.245.192.253 - - [13/Sep/2022:11:39:02 -0500] "POST /kwsrmcab/Wsrmcab HTTP/1.1" 200 36868
201.245.192.253 - - [13/Sep/2022:11:39:08 -0500] "POST /sipse/faces/presentacion/financiero/solicitudProyectoActividad/asociarActividadSolicitud.xhtml HTTP/1.1" 200 20186
201.245.192.253 - - [13/Sep/2022:11:39:08 -0500] "GET /sipse/faces/javax.faces.resource/theme.css?ln=primefaces-sipse HTTP/1.1" 304 -
201.245.192.253 - - [13/Sep/2022:11:39:08 -0500] "GET /sipse/faces/javax.faces.resource/layout/layout.css?ln=primefaces&v=4.0 HTTP/1.1" 304 -
201.245.192.253 - - [13/Sep/2022:11:39:08 -0500] "GET /sipse/faces/javax.faces.resource/primefaces.css?ln=primefaces&v=4.0 HTTP/1.1" 304 -
201.245.192.253 - - [13/Sep/2022:11:39:08 -0500] "GET /sipse/faces/javax.faces.resource/jquery/jquery.js?ln=primefaces&v=4.0 HTTP/1.1" 304 -
201.245.192.253 - - [13/Sep/2022:11:39:08 -0500] "GET /sipse/faces/javax.faces.resource/jquery/jquery-plugins.js?ln=primefaces&v=4.0 HTTP/1.1" 304 -
201.245.192.253 - - [13/Sep/2022:11:39:08 -0500] "GET /sipse/faces/javax.faces.resource/primefaces.js?ln=primefaces&v=4.0 HTTP/1.1" 304 -
