179.33.125.131 - - [13/Sep/2022:13:26:24 -0500] "GET /kwssiamovil/sm/acme/a?s=U2FsdGVkX1/jpRKS2bekxMB0vhzEqdFfVvmm5uD4vpbKH1QWfFEt2RreXOqgSQu39nBrFO2YNwocjVpj5M4mYDV3aCeAj5Woeq/0qK14mtH0IVNGa3O1Xn18MCTFY/rTq6haSBBUfO/vLUnQfrl0eSbdm4aWLLvi8xm9ZuN2U8PL9ZUyey2/BnFvVZMpdct+XCMS9AZ61xOYK3wOIUgszIvQO21FBxzhh3gwZmro1ptCHCg27tVzu6wkMbJiSUPlrbUblzpoyV6rsfmrHKP/PuTUV5kWJ9NJrqVV1y0k/hpg4DWKhZzD+cVwSwd6JY3qnkHNP7YmrKwTVhsQQChc8Ztu1+vp4u/EnNHSJH4pCgRA/jD7DyGADOH+XUqM8xCrzCK7DAoSYyTkP2Ntiqc7PchK7uwYzYf0wAl+COjHZUjexDIOMuGnXJp3U4sRgkYFF95cw3tEbsIEd0JEEMJHQKHlbJ2hZL8A7nL7ewR9jP05BeAok6/wS0zC+50ABtxObb56l8Azq6VH+tGjS89ReqRo7NQWJQ7FHT+kxiWCqjI2K8nVaVcJuGXbiF0y9bmZZ7gNgSLbKE+3+ngybtoeuzpWE2GV48SRR0jHKKSC3UDtgs2DiS7vfm3aIRLA51N+A08Up3v+82vD6KG8SoYCF4atBww4/hnVPbviFPmHqo4d7lA62T9BzfWQmQlHTq4k2q0mVub3Cug9SiZSc3gOi4Xs5CPIIHn1lQuuO4C/mFuYy7axrZrVvNcs2XoKcvFDENPep0BLqzmEtkTRg9J23ELlhqpqDQbsu5jpHePTI/KomTH2+G2U33cAX28lPgQnkANVCDEODrDdwu+OaHKlJ5gV0N0FEO+fMBw3Y75jb0G7IWe2XcjvjF+e9XmXdHR7EN6vzaajVHLJoAmBPAZVfN1U4yYfJeivgvNHYNO+TROCVRKm+M5h76U9i2AlrEBLZ9WH1TblvUqxBQi60VsZOXsjWmBrGmq+Cbq+vgG2xBwfxcDm0EwjCK2MTnj2Nhp7Xm9q9ptkRfhx7LYaqnydTBRmWdviAlArFju6TRxzywvXVB+tXMLXVOak3dwk/UsRbRPdQJzEzBrQ8X3vWnXByQFO5YanzPY36E1ou78yoBy5L0PEbi2lRtTmN1RZkF6NcoNoutNSrt7ZiX0jGDylkA8rgVpylxIdv+4GPAJa/BCgdkhXFgg7oruZJkLnAzpE6E0eTcdSSFDr+GsolaFXHXdfaaoUq0wUZYazP6ICFngJc9/IMCA0YOXSBR1SsEJBsXY5rlg7KhxRjyhrcIWlbNgZiN8fU/ywhSOeORnBG/JDz4YtRucNekVyQYVAvH2UJeRU296IH/2GRGImebjigTpwlJuJyrfe/n5gqjR6DLT/+A1bPs/8HgPEkxdrty8yiKN+GChjm8tfKaqJJzdLluWsuv0DGRV0kjTAurV4tYnroDqd++cOp18rpFJMDEhbRXZWEj8Xnd3ZroXUuK39UuBWjK0sslwaE2KR70ajF09t044iKdwwA6E2N9HcdbToDYfkNnwpU0zunuEuGcSxiGlS6AYp+bCDF90XFxGcqSp3LyiAC3dLlrZpsK38QEGzqzqT44IcmJymkW7xbkM4VcuS0ecB6k4TfXmEU5pNBbyLAdljc0GscGM6FBWFAktU4rnsOp0vt6YfOm6GFLhRwlUeg/78TZnLsP10OMsp8O1DGcKUPq/lF7hufvJ3kzGreCdg9pl1UqfJ4qdTxI8hBCshqCwhFO8GfISOOC1WB//XYBOR7oPGzAV26pGdW3AbWe2QjHcsSHmx9WS3DMGyXU3mUB/J20Y0nCfnqN2MYQf30IYtwvWuHgwfo5Vkss64184yVf5ZPSJreWzF+wEf83jynang3cAQpSKV1kavCiY47Hv71fnEy6p4yWwa1zLjMbwoHcRTmeVSenIDtQdrakDRgasngQafdQul7f5f2LJ24luVp7QVDt29Kf3mDsrZ6QchrBqkm4XkzXXS/5c7oDjAGhq/iM44Drawren5R80iv9xN3G/u0QawJzn5CIhHt2N06GLllud6Ynetn0tQUdWLJ3H2O7mZ0uZnj8mWdR1I0hSU5iBrdGFEsQjr0A9eTappLkowvqQuwlrtVyvRQQ==&u=U2FsdGVkX19lox9ElgUu7i2CB9cshXlZK++VhDymin6hajfbbud87K2yI9cRudZy&y=U2FsdGVkX1+pLyJc49Kb0PJdTQxPEPeWffIjVX7emo811UgHCD1V78VbzvWG5Gxh HTTP/1.1" 200 25
179.33.125.131 - - [13/Sep/2022:13:26:24 -0500] "GET /kwssiamovil/sm/acme/a?s=U2FsdGVkX1/tVTbuHFRp6yGFSva3f48PTvgvQ870pVphAAeajz63+g2IqU2JmCSTYPGV7R6RhfEmb9P7AnvYy/cMeotaCT3Nv9kTsX5RkVHw1lzMryKujhjmz19cTlbPqjPOEmLbqY7t9ZpJHbolK5u1w5uQdwUsxmNXBhIkFzw=&u=U2FsdGVkX19lox9ElgUu7i2CB9cshXlZK++VhDymin6hajfbbud87K2yI9cRudZy&y=U2FsdGVkX1+pLyJc49Kb0PJdTQxPEPeWffIjVX7emo811UgHCD1V78VbzvWG5Gxh HTTP/1.1" 200 25
179.33.125.131 - - [13/Sep/2022:13:26:25 -0500] "GET /kwssiamovil/sm/acme/a?s=U2FsdGVkX1/EbDcZI/7YTR3xQlKL4gj1Q02mBg6Wcnu1rYv+CIJXqYqiamG+zCcDJ5bMijbo6OsSrnJaC338GDCmKYYj6cE3QDMxmwKJW/88KQP9k7VRXkZ7EeoSax1G/oiAwPe2ikqcPTfBa/GJu5z9bOUjOcySUAbJtCGwpqQ=&u=U2FsdGVkX19lox9ElgUu7i2CB9cshXlZK++VhDymin6hajfbbud87K2yI9cRudZy&y=U2FsdGVkX1+pLyJc49Kb0PJdTQxPEPeWffIjVX7emo811UgHCD1V78VbzvWG5Gxh HTTP/1.1" 200 25
179.33.125.131 - - [13/Sep/2022:13:26:25 -0500] "GET /kwssiamovil/sm/acme/a?s=U2FsdGVkX1/8KwzC2nccMS4260DjNIE6z39BLqQCW6aZFC5tzYnidb+Yr42+3LX9AqhZbZU1UE+9Yy0SPNIX/B90lXa/xw3Zpo9INjtarkrRr04GkkIyPLZqWPypk3osSGWSbfL5E8w0twX20HssmHSEyBit+aEeJqBBTPiyFFI=&u=U2FsdGVkX19lox9ElgUu7i2CB9cshXlZK++VhDymin6hajfbbud87K2yI9cRudZy&y=U2FsdGVkX1+pLyJc49Kb0PJdTQxPEPeWffIjVX7emo811UgHCD1V78VbzvWG5Gxh HTTP/1.1" 200 25
179.33.125.131 - - [13/Sep/2022:13:26:25 -0500] "GET /kwssiamovil/sm/acme/a?s=U2FsdGVkX1++w23LGJ0bcahf879ZCOuuN9lm+CL01Mehk88NnazSf6LbS7H4XPrjgLqfQsvmOBkKz2TzvQuIH+Ih6SA3OkYcbbUyrAflNzaETcmcscwpQMoyuSRNEjydngIBTV6MssvEsOxxEDtrtc/EFBRyThjER2VAvDb03YSxOPSwBbu7r/p/XdhXL6P5xFqc075L4RktcRRsZF2ADA==&u=U2FsdGVkX19lox9ElgUu7i2CB9cshXlZK++VhDymin6hajfbbud87K2yI9cRudZy&y=U2FsdGVkX1+pLyJc49Kb0PJdTQxPEPeWffIjVX7emo811UgHCD1V78VbzvWG5Gxh HTTP/1.1" 200 25
179.33.125.131 - - [13/Sep/2022:13:26:25 -0500] "GET /kwssiamovil/sm/acme/a?s=U2FsdGVkX19sYLfh0ZaXP9et7ensHxCundHkpXn3/OyvoS6HQHqbY6HHBp/fri2UXhCLxKxORgMlDDXVvCC2jnm2zVOCtPQ1Xh18WWQwHPIIVCAbbKKcLwo7oAlVo9p5FC6prDhzxvNhYz2StbiHX5AMeD9xLWd4k2NOJ7azmaS2Sbcs5yQBIV36Fk6Cnb1hoYs9mngp/nLlMBbU2N1nWQ==&u=U2FsdGVkX19lox9ElgUu7i2CB9cshXlZK++VhDymin6hajfbbud87K2yI9cRudZy&y=U2FsdGVkX1+pLyJc49Kb0PJdTQxPEPeWffIjVX7emo811UgHCD1V78VbzvWG5Gxh HTTP/1.1" 200 25
179.33.125.131 - - [13/Sep/2022:13:26:25 -0500] "GET /kwssiamovil/sm/acme/a?s=U2FsdGVkX1/9Up4XzYZh+hPjCdgs+AaXjCxSGThGOtdgTzH/FDKg4DbAd7nb7uugiuo9dEBlqN60LKp9q7SaIWRNxYefcNGVldNtJHe+Qx8cneD6r9qlNT3+iD2T9JcEattQXpS75gdYftdHVQ/0LgHesA1adkLNT14GcfnlB3pjbspkTEbH2l4CGfGEH+7N&u=U2FsdGVkX19lox9ElgUu7i2CB9cshXlZK++VhDymin6hajfbbud87K2yI9cRudZy&y=U2FsdGVkX1+pLyJc49Kb0PJdTQxPEPeWffIjVX7emo811UgHCD1V78VbzvWG5Gxh HTTP/1.1" 200 25
179.33.125.131 - - [13/Sep/2022:13:26:26 -0500] "GET /kwssiamovil/sm/acme/a?s=U2FsdGVkX195UPRPIUsm8kPE8i0dXSEmxhzxvpU2ztetsRjsXQo4brpcw5oPhJ7rE+hZZD+vWtvW2qyfJRi+1kb+1mdyJNaaRUSvOGcJGppKiYzffEdiAmhqB3Oyb3iNs1T1fWT4lQ7aMGeeHu5dD3Dp47KzigrWUzmqYKBSL12Te8+yPq77YTvfCTgiYmOXTU1j+3QuDoqd+kQ/F7txOg==&u=U2FsdGVkX19lox9ElgUu7i2CB9cshXlZK++VhDymin6hajfbbud87K2yI9cRudZy&y=U2FsdGVkX1+pLyJc49Kb0PJdTQxPEPeWffIjVX7emo811UgHCD1V78VbzvWG5Gxh HTTP/1.1" 200 25
179.33.125.131 - - [13/Sep/2022:13:26:26 -0500] "GET /kwssiamovil/sm/acme/a?s=U2FsdGVkX1/i4XW0G8LCI9dgxxi77zPCJZX9oXyicpzcR0NFbUXBWitTKA0s1ZCFTE7DhbS6jG2km3AWMa1KA013m/53fp0c6c4WVckXwQub0FFi/gWC42isf02oy+P3fg90wVu5hWr+dVNAKR5CVFe7CKqNwOqQirbeEWm/2DbZqTI+0jaJB1zHp2lUqxGg&u=U2FsdGVkX19lox9ElgUu7i2CB9cshXlZK++VhDymin6hajfbbud87K2yI9cRudZy&y=U2FsdGVkX1+pLyJc49Kb0PJdTQxPEPeWffIjVX7emo811UgHCD1V78VbzvWG5Gxh HTTP/1.1" 200 25
179.33.125.131 - - [13/Sep/2022:13:26:26 -0500] "GET /kwssiamovil/sm/acme/a?s=U2FsdGVkX18UNRlZLkzyT/bNh3EjT4PDlWc8BBPrq9y8Fu6qaQmKjFrYbaxCPeGXBy4KZ8Qhsi/3TjnJAf/qvChYV1Aly7AWq6IPkFTjb3JiybKJn/vI8vGleLqJqBT4itiNiqgOiq2iQc0XwVlMG/6i/e3n0KIU7Q+P9mHdUNLauIJUY4f8VfurpGlqmOP84Fw1vgo/FgSPudIN3+B6WV9OXEhEfwWUisnrBjii824=&u=U2FsdGVkX19lox9ElgUu7i2CB9cshXlZK++VhDymin6hajfbbud87K2yI9cRudZy&y=U2FsdGVkX1+pLyJc49Kb0PJdTQxPEPeWffIjVX7emo811UgHCD1V78VbzvWG5Gxh HTTP/1.1" 200 25
179.33.125.131 - - [13/Sep/2022:13:26:27 -0500] "GET /kwssiamovil/sm/acme/a?s=U2FsdGVkX18a5kNgGpp8/myyRxDclWVCgkL8cCnmfY77UXD9BfCJUKLLpXbT3w+RdamhvUQzR8eljezROtQVbboPxI8/krbtrueHomI9agT71xnzHjmqtk0+5g5Y2y4SWvN/OWT0wFqusnK3J6foUWIyv7K7J9fnxe4uPCj6v25N413JqIfJhTRUhs7lus6Lq4xrxW0Pf3e2UBKPFyHM2A==&u=U2FsdGVkX19lox9ElgUu7i2CB9cshXlZK++VhDymin6hajfbbud87K2yI9cRudZy&y=U2FsdGVkX1+pLyJc49Kb0PJdTQxPEPeWffIjVX7emo811UgHCD1V78VbzvWG5Gxh HTTP/1.1" 200 25
179.33.125.131 - - [13/Sep/2022:13:26:27 -0500] "GET /kwssiamovil/sm/acme/a?s=U2FsdGVkX1/zl81FdGPd9c/hvBmwN43V8b6AQRFOEL3FlShdywRWT1VFmTbFdblnQxCTRh97kYB1LJqYxYW6Pw3IXkRR/yZhltJ4GxfJD9J4Ta6lIhifJZ+/AOMHTaAFkZt1vYmxWvE9FB584OcFmdNp8mxqj9XjL3fdLEVijkazDy8UOvcxTOlUfoDaDtJRPBm05YqF01kML4aiealdLA==&u=U2FsdGVkX19lox9ElgUu7i2CB9cshXlZK++VhDymin6hajfbbud87K2yI9cRudZy&y=U2FsdGVkX1+pLyJc49Kb0PJdTQxPEPeWffIjVX7emo811UgHCD1V78VbzvWG5Gxh HTTP/1.1" 200 25
179.33.125.131 - - [13/Sep/2022:13:26:27 -0500] "GET /kwssiamovil/sm/acme/a?s=U2FsdGVkX1/ZsClyGRV/TpBkGhvlJ6hRYD/JiBLjLIxpdPvELi/NBHheL5uTP4QsZ8vnLbtY2ab3YWLbr2Ho/pEDBMNCeBKx9LMv8UgfJKO+2DviJuh+TN8D5rqlvrU2xafASMuJkXOJiz1L9SCWS5EQt+ALD5gpRm47hbmFA0kCtQl3ha3cwSf+JvvNqNKO7rDmKDUXbfsSzT3luxwNjg==&u=U2FsdGVkX19lox9ElgUu7i2CB9cshXlZK++VhDymin6hajfbbud87K2yI9cRudZy&y=U2FsdGVkX1+pLyJc49Kb0PJdTQxPEPeWffIjVX7emo811UgHCD1V78VbzvWG5Gxh HTTP/1.1" 200 25
179.33.125.131 - - [13/Sep/2022:13:26:27 -0500] "GET /kwssiamovil/sm/acme/a?s=U2FsdGVkX18Pg66IVlXPpf/yGo5T8IPdW/M6CNI8uAo584+noiv5KdOXP/1rZN0swiNq3D9FAxeb5D6RXexUC3GqFsXYxYaxuIRboyU8I3fM/h0ko663rMTJrMZOBXBhq/79SjLlgWhOTWMGX7KqwR89GPQmo+PB7OaQHgZPlvvnlZ5a/GFlLvhp7ZMJe6aL6/DOQos6A4fNacFarJ5htJRSJwv8zUB1PmFeusJHa2A=&u=U2FsdGVkX19lox9ElgUu7i2CB9cshXlZK++VhDymin6hajfbbud87K2yI9cRudZy&y=U2FsdGVkX1+pLyJc49Kb0PJdTQxPEPeWffIjVX7emo811UgHCD1V78VbzvWG5Gxh HTTP/1.1" 200 25
179.33.125.131 - - [13/Sep/2022:13:26:28 -0500] "GET /kwssiamovil/sm/acme/a?s=U2FsdGVkX18AJhOjBOewb15atzcqaVZcIV+1Qify593aiGgFPl0P+KeCXxre7pFoMASIkKBBfLZ/MLw7/XeApFLjgPFLuQT9VEWGVQmE8wi2waMDfvlcsAiQFxY64VyQkpkZT5XlDpC9bzPvmWZwVmwHW160FX/C8p7+MaGg/s9QehbvxQuzdTHHA/WMJCIRmkPnz0veBxEdHnsXIeeRZA==&u=U2FsdGVkX19lox9ElgUu7i2CB9cshXlZK++VhDymin6hajfbbud87K2yI9cRudZy&y=U2FsdGVkX1+pLyJc49Kb0PJdTQxPEPeWffIjVX7emo811UgHCD1V78VbzvWG5Gxh HTTP/1.1" 200 25
200.118.64.109 - - [13/Sep/2022:13:26:32 -0500] "POST /forms/lservlet;jsessionid=ac16012b30d6cc74c735356043119b00c084584bd437.e3iSbxaKaheRe34Qc30Qa3iMc3j0n6jAmljGr5XDqQLvpAe HTTP/1.1" 200 2
201.245.192.253 - - [13/Sep/2022:13:27:11 -0500] "POST /sipse/faces/presentacion/financiero/solicitudProceso/consultarSolicitudProceso.xhtml HTTP/1.1" 200 36115
201.245.192.253 - - [13/Sep/2022:13:27:12 -0500] "GET /sipse/faces/javax.faces.resource/theme.css?ln=primefaces-sipse HTTP/1.1" 304 -
201.245.192.253 - - [13/Sep/2022:13:27:12 -0500] "GET /sipse/faces/javax.faces.resource/primefaces.css?ln=primefaces&v=4.0 HTTP/1.1" 304 -
201.245.192.253 - - [13/Sep/2022:13:27:12 -0500] "GET /sipse/faces/javax.faces.resource/jquery/jquery.js?ln=primefaces&v=4.0 HTTP/1.1" 304 -
201.245.192.253 - - [13/Sep/2022:13:27:12 -0500] "GET /sipse/faces/javax.faces.resource/jquery/jquery-plugins.js?ln=primefaces&v=4.0 HTTP/1.1" 304 -
201.245.192.253 - - [13/Sep/2022:13:27:12 -0500] "GET /sipse/faces/javax.faces.resource/primefaces.js?ln=primefaces&v=4.0 HTTP/1.1" 304 -
201.245.192.253 - - [13/Sep/2022:13:27:12 -0500] "GET /sipse/faces/javax.faces.resource/layout/layout.css?ln=primefaces&v=4.0 HTTP/1.1" 304 -
201.245.192.253 - - [13/Sep/2022:13:27:12 -0500] "GET /sipse/faces/javax.faces.resource/layout/layout.js?ln=primefaces&v=4.0 HTTP/1.1" 304 -
201.245.192.253 - - [13/Sep/2022:13:27:12 -0500] "GET /sipse/faces/javax.faces.resource/images/ui-icons_898989_256x240.png?ln=primefaces-aristo HTTP/1.1" 304 -
201.245.192.253 - - [13/Sep/2022:13:27:21 -0500] "POST /sipse/faces/presentacion/financiero/solicitudProceso/consultarHistorialSolProceso.xhtml HTTP/1.1" 200 164858
201.245.192.253 - - [13/Sep/2022:13:27:22 -0500] "GET /sipse/faces/javax.faces.resource/theme.css?ln=primefaces-sipse HTTP/1.1" 304 -
201.245.192.253 - - [13/Sep/2022:13:27:22 -0500] "GET /sipse/faces/javax.faces.resource/primefaces.css?ln=primefaces&v=4.0 HTTP/1.1" 304 -
201.245.192.253 - - [13/Sep/2022:13:27:22 -0500] "GET /sipse/faces/javax.faces.resource/layout/layout.css?ln=primefaces&v=4.0 HTTP/1.1" 304 -
201.245.192.253 - - [13/Sep/2022:13:27:22 -0500] "GET /sipse/faces/javax.faces.resource/jquery/jquery.js?ln=primefaces&v=4.0 HTTP/1.1" 304 -
201.245.192.253 - - [13/Sep/2022:13:27:22 -0500] "GET /sipse/faces/javax.faces.resource/jquery/jquery-plugins.js?ln=primefaces&v=4.0 HTTP/1.1" 304 -
201.245.192.253 - - [13/Sep/2022:13:27:22 -0500] "GET /sipse/faces/javax.faces.resource/primefaces.js?ln=primefaces&v=4.0 HTTP/1.1" 304 -
201.245.192.253 - - [13/Sep/2022:13:27:22 -0500] "GET /sipse/faces/javax.faces.resource/layout/layout.js?ln=primefaces&v=4.0 HTTP/1.1" 304 -
201.245.192.253 - - [13/Sep/2022:13:27:22 -0500] "GET /sipse/faces/javax.faces.resource/images/ui-icons_898989_256x240.png?ln=primefaces-aristo HTTP/1.1" 304 -
201.245.192.253 - - [13/Sep/2022:13:27:22 -0500] "GET /sipse/faces/javax.faces.resource/dynamiccontent.properties?ln=primefaces&pfdrid=XjOR5%2F%2FfPAZAuY9TpWQeCiM0BhlXxYRBGKi%2FQcXXfeA%3D&pfdrid_c=false HTTP/1.1" 500 383
172.22.2.4 - - [13/Sep/2022:13:25:46 -0500] "HEAD /BLA/boletinlegal/ HTTP/1.1" 200 -
201.245.192.253 - - [13/Sep/2022:13:27:45 -0500] "POST /sipse/faces/presentacion/financiero/solicitudProceso/consultarSolicitudProceso.xhtml HTTP/1.1" 200 287008
199.16.157.183 - - [13/Sep/2022:13:27:46 -0500] "GET /images/zorro-12-sept_optimized.jpeg HTTP/1.1" 200 26663
199.16.157.180 - - [13/Sep/2022:13:27:54 -0500] "GET /images/zorro-12-sept_optimized.jpeg HTTP/1.1" 200 26663
216.245.221.92 - - [13/Sep/2022:13:27:57 -0500] "HEAD / HTTP/1.1" 200 -
172.22.2.4 - - [13/Sep/2022:13:28:00 -0500] "GET /BLA/boletinlegal/Directivas/2012/Directiva%20No.%201%20del%2030%20de%20octubre%20de%202012.pdf HTTP/1.1" 200 1522771
201.245.192.253 - - [13/Sep/2022:13:28:01 -0500] "GET /sipse/faces/javax.faces.resource/images/ui-bg_flat_0_2d5972_40x100.png?ln=primefaces-aristo HTTP/1.1" 304 -
201.245.192.253 - - [13/Sep/2022:13:28:01 -0500] "POST /sipse/faces/presentacion/financiero/solicitudProceso/consultarSolicitudProceso.xhtml HTTP/1.1" 200 5431
172.22.2.4 - - [13/Sep/2022:13:26:37 -0500] "GET /BLA/boletinlegal/ HTTP/1.1" 200 54356
200.118.64.109 - - [13/Sep/2022:13:28:32 -0500] "POST /forms/lservlet;jsessionid=ac16012b30d6cc74c735356043119b00c084584bd437.e3iSbxaKaheRe34Qc30Qa3iMc3j0n6jAmljGr5XDqQLvpAe HTTP/1.1" 200 2
199.16.157.182 - - [13/Sep/2022:13:28:36 -0500] "GET /images/zorro-12-sept_optimized.jpeg HTTP/1.1" 200 26663
201.245.192.253 - - [13/Sep/2022:13:29:02 -0500] "POST /kwsrmcab/Wsrmcab HTTP/1.1" 200 38070
201.245.192.253 - - [13/Sep/2022:13:29:06 -0500] "POST /kwsrmcab/Wsrmcab HTTP/1.1" 200 40847
66.249.75.36 - - [13/Sep/2022:13:29:11 -0500] "-" 408 -
201.245.192.253 - - [13/Sep/2022:13:29:38 -0500] "POST /kwsrmcab/Wsrmcab  HTTP/1.1" 200 38139
199.16.157.181 - - [13/Sep/2022:13:29:47 -0500] "GET /images/zorro-12-sept_optimized.jpeg HTTP/1.1" 200 26663
201.245.192.253 - - [13/Sep/2022:13:29:50 -0500] "POST /sipse/faces/presentacion/financiero/solicitudProceso/consultarSolicitudProceso.xhtml HTTP/1.1" 200 5449
201.245.192.253 - - [13/Sep/2022:13:29:50 -0500] "GET /sipse/faces/javax.faces.resource/dynamiccontent.properties?ln=primefaces&pfdrid=XjOR5%2F%2FfPAZAuY9TpWQeCiM0BhlXxYRBGKi%2FQcXXfeA%3D&pfdrid_c=false HTTP/1.1" 200 165522
199.16.157.181 - - [13/Sep/2022:13:30:09 -0500] "GET /images/zorro-12-sept_optimized.jpeg HTTP/1.1" 200 26663
201.245.192.253 - - [13/Sep/2022:13:30:18 -0500] "GET /sipse/faces/javax.faces.resource/theme.css?ln=primefaces-sipse HTTP/1.1" 304 -
201.245.192.253 - - [13/Sep/2022:13:30:18 -0500] "GET /sipse/faces/javax.faces.resource/layout/layout.css?ln=primefaces&v=4.0 HTTP/1.1" 304 -
201.245.192.253 - - [13/Sep/2022:13:30:18 -0500] "GET /sipse/faces/javax.faces.resource/primefaces.css?ln=primefaces&v=4.0 HTTP/1.1" 304 -
201.245.192.253 - - [13/Sep/2022:13:30:18 -0500] "GET /sipse/faces/javax.faces.resource/jquery/jquery-plugins.js?ln=primefaces&v=4.0 HTTP/1.1" 304 -
201.245.192.253 - - [13/Sep/2022:13:30:18 -0500] "GET /sipse/faces/javax.faces.resource/jquery/jquery.js?ln=primefaces&v=4.0 HTTP/1.1" 304 -
201.245.192.253 - - [13/Sep/2022:13:30:18 -0500] "GET /sipse/faces/javax.faces.resource/primefaces.js?ln=primefaces&v=4.0 HTTP/1.1" 304 -
201.245.192.253 - - [13/Sep/2022:13:30:18 -0500] "GET /sipse/faces/javax.faces.resource/layout/layout.js?ln=primefaces&v=4.0 HTTP/1.1" 304 -
201.245.192.253 - - [13/Sep/2022:13:30:18 -0500] "POST /sipse/faces/presentacion/financiero/solicitudProceso/consultarSolicitudProceso.xhtml HTTP/1.1" 200 31897
201.245.192.253 - - [13/Sep/2022:13:30:18 -0500] "GET /sipse/faces/javax.faces.resource/images/ui-icons_898989_256x240.png?ln=primefaces-aristo HTTP/1.1" 304 -
201.245.192.253 - - [13/Sep/2022:13:30:28 -0500] "GET /sipse/faces/javax.faces.resource/images/ui-bg_flat_0_2d5972_40x100.png?ln=primefaces-aristo HTTP/1.1" 304 -
201.245.192.253 - - [13/Sep/2022:13:30:28 -0500] "POST /sipse/faces/presentacion/financiero/solicitudProceso/registrarAnotacion.xhtml HTTP/1.1" 200 119976
201.245.192.253 - - [13/Sep/2022:13:30:28 -0500] "GET /sipse/faces/javax.faces.resource/jquery/jquery.js?ln=primefaces&v=4.0 HTTP/1.1" 304 -
201.245.192.253 - - [13/Sep/2022:13:30:28 -0500] "GET /sipse/faces/javax.faces.resource/jquery/jquery-plugins.js?ln=primefaces&v=4.0 HTTP/1.1" 304 -
201.245.192.253 - - [13/Sep/2022:13:30:28 -0500] "GET /sipse/faces/javax.faces.resource/primefaces.js?ln=primefaces&v=4.0 HTTP/1.1" 304 -
201.245.192.253 - - [13/Sep/2022:13:30:28 -0500] "GET /sipse/faces/javax.faces.resource/layout/layout.js?ln=primefaces&v=4.0 HTTP/1.1" 304 -
201.245.192.253 - - [13/Sep/2022:13:30:28 -0500] "GET /sipse/faces/javax.faces.resource/dynamiccontent.properties?ln=primefaces&pfdrid=XjOR5%2F%2FfPAZAuY9TpWQeCiM0BhlXxYRBGKi%2FQcXXfeA%3D&pfdrid_c=false HTTP/1.1" 500 383
200.118.64.109 - - [13/Sep/2022:13:30:32 -0500] "POST /forms/lservlet;jsessionid=ac16012b30d6cc74c735356043119b00c084584bd437.e3iSbxaKaheRe34Qc30Qa3iMc3j0n6jAmljGr5XDqQLvpAe HTTP/1.1" 200 2
201.245.192.253 - - [13/Sep/2022:13:30:37 -0500] "POST /sipse/faces/presentacion/financiero/solicitudProceso/consultarSolicitudProceso.xhtml HTTP/1.1" 200 71030
201.245.192.253 - - [13/Sep/2022:13:30:39 -0500] "GET /sipse/faces/javax.faces.resource/jquery/jquery.js?ln=primefaces&v=4.0 HTTP/1.1" 304 -
201.245.192.253 - - [13/Sep/2022:13:30:39 -0500] "GET /sipse/faces/javax.faces.resource/jquery/jquery-plugins.js?ln=primefaces&v=4.0 HTTP/1.1" 304 -
201.245.192.253 - - [13/Sep/2022:13:30:39 -0500] "GET /sipse/faces/javax.faces.resource/primefaces.js?ln=primefaces&v=4.0 HTTP/1.1" 304 -
201.245.192.253 - - [13/Sep/2022:13:30:39 -0500] "GET /sipse/faces/javax.faces.resource/layout/layout.js?ln=primefaces&v=4.0 HTTP/1.1" 304 -
201.245.192.253 - - [13/Sep/2022:13:30:39 -0500] "GET /sipse/faces/javax.faces.resource/messages/messages.png?ln=primefaces&v=4.0 HTTP/1.1" 304 -
201.245.192.253 - - [13/Sep/2022:13:30:39 -0500] "POST /sipse/faces/presentacion/financiero/solicitudProceso/listarSolicitudProceso.xhtml HTTP/1.1" 200 1544
201.245.192.253 - - [13/Sep/2022:13:30:42 -0500] "POST /sipse/faces/presentacion/financiero/solicitudProceso/listarSolicitudProceso.xhtml HTTP/1.1" 200 4574
199.16.157.181 - - [13/Sep/2022:13:30:45 -0500] "GET /images/zorro-12-sept_optimized.jpeg HTTP/1.1" 200 26663
172.22.2.4 - - [13/Sep/2022:13:30:51 -0500] "GET /BLA/boletinlegal/Circulares/2013/Circular%20No.%206%20del%2019%20de%20julio%20de%202013.pdf HTTP/1.1" 200 4210437
201.245.192.253 - - [13/Sep/2022:13:31:03 -0500] "POST /sipse/faces/presentacion/financiero/solicitudProceso/listarSolicitudProceso.xhtml HTTP/1.1" 200 132734
201.245.192.253 - - [13/Sep/2022:13:31:04 -0500] "GET /sipse/faces/javax.faces.resource/jquery/jquery.js?ln=primefaces&v=4.0 HTTP/1.1" 304 -
201.245.192.253 - - [13/Sep/2022:13:31:04 -0500] "GET /sipse/faces/javax.faces.resource/jquery/jquery-plugins.js?ln=primefaces&v=4.0 HTTP/1.1" 304 -
201.245.192.253 - - [13/Sep/2022:13:31:04 -0500] "GET /sipse/faces/javax.faces.resource/primefaces.js?ln=primefaces&v=4.0 HTTP/1.1" 304 -
201.245.192.253 - - [13/Sep/2022:13:31:04 -0500] "GET /sipse/faces/javax.faces.resource/layout/layout.js?ln=primefaces&v=4.0 HTTP/1.1" 304 -
201.245.192.253 - - [13/Sep/2022:13:31:04 -0500] "GET /sipse/faces/javax.faces.resource/dynamiccontent.properties?ln=primefaces&pfdrid=XjOR5%2F%2FfPAZAuY9TpWQeCiM0BhlXxYRBGKi%2FQcXXfeA%3D&pfdrid_c=false HTTP/1.1" 500 383
186.84.20.30 - - [13/Sep/2022:13:31:07 -0500] "GET /BLA/resoluciones/index.php?dir=RESOLUCIONES+2018%2F HTTP/1.1" 200 270756
186.84.20.30 - - [13/Sep/2022:13:31:09 -0500] "GET /BLA/resoluciones/index.php HTTP/1.1" 200 13093
186.84.20.30 - - [13/Sep/2022:13:31:12 -0500] "GET /BLA/resoluciones/index.php?dir=RESOLUCIONES+2021%2F HTTP/1.1" 200 422800
199.16.157.183 - - [13/Sep/2022:13:31:47 -0500] "GET /images/zorro-12-sept_optimized.jpeg HTTP/1.1" 200 26663
200.118.64.109 - - [13/Sep/2022:13:32:32 -0500] "POST /forms/lservlet;jsessionid=ac16012b30d6cc74c735356043119b00c084584bd437.e3iSbxaKaheRe34Qc30Qa3iMc3j0n6jAmljGr5XDqQLvpAe HTTP/1.1" 200 2
199.16.157.182 - - [13/Sep/2022:13:32:37 -0500] "GET /images/zorro-12-sept_optimized.jpeg HTTP/1.1" 200 26663
199.16.157.182 - - [13/Sep/2022:13:32:50 -0500] "GET /images/zorro-12-sept_optimized.jpeg HTTP/1.1" 200 26663
216.245.221.92 - - [13/Sep/2022:13:32:57 -0500] "HEAD / HTTP/1.1" 200 -
172.22.2.4 - - [13/Sep/2022:13:31:36 -0500] "HEAD /BLA/boletinlegal/ HTTP/1.1" 200 -
199.16.157.182 - - [13/Sep/2022:13:33:48 -0500] "GET /images/zorro-12-sept_optimized.jpeg HTTP/1.1" 200 26663
172.22.2.4 - - [13/Sep/2022:13:32:26 -0500] "GET /BLA/boletinlegal/ HTTP/1.1" 200 58163
200.118.64.109 - - [13/Sep/2022:13:34:32 -0500] "POST /forms/lservlet;jsessionid=ac16012b30d6cc74c735356043119b00c084584bd437.e3iSbxaKaheRe34Qc30Qa3iMc3j0n6jAmljGr5XDqQLvpAe HTTP/1.1" 200 2
201.245.192.253 - - [13/Sep/2022:13:34:37 -0500] "POST /kwsrmcab/Wsrmcab  HTTP/1.1" 200 38139
199.16.157.181 - - [13/Sep/2022:13:34:53 -0500] "GET /images/zorro-12-sept_optimized.jpeg HTTP/1.1" 200 26663
157.55.39.201 - - [13/Sep/2022:13:34:55 -0500] "GET /BLA/resoluciones/2002RES137.tif HTTP/1.1" 404 1018
66.249.72.76 - - [13/Sep/2022:13:35:34 -0500] "-" 408 -
128.14.134.170 - - [13/Sep/2022:13:35:34 -0500] "GET /portaldeninos/ HTTP/1.1" 200 110197
201.245.192.253 - - [13/Sep/2022:13:35:40 -0500] "POST /sipse/faces/presentacion/financiero/solicitudProceso/consultarSolicitudProceso.xhtml HTTP/1.1" 200 101636
66.249.75.63 - - [13/Sep/2022:13:35:44 -0500] "-" 408 -
199.16.157.182 - - [13/Sep/2022:13:35:52 -0500] "GET /images/zorro-12-sept_optimized.jpeg HTTP/1.1" 200 26663
172.22.2.4 - - [13/Sep/2022:13:35:52 -0500] "GET /BLA/boletinlegal/actos.php HTTP/1.1" 200 9559
199.16.157.183 - - [13/Sep/2022:13:35:52 -0500] "GET /images/zorro-12-sept_optimized.jpeg HTTP/1.1" 200 26663
172.22.2.4 - - [13/Sep/2022:13:35:52 -0500] "GET /BLA/boletinlegal/favicon.ico HTTP/1.1" 404 1326
173.252.79.1 - - [13/Sep/2022:13:36:18 -0500] "GET /images/mercados-campesinos-5-mayo.jpg HTTP/1.1" 200 95848
172.22.2.4 - - [13/Sep/2022:13:35:49 -0500] "GET /BLA/boletinlegal/ HTTP/1.1" 200 24523
172.22.2.4 - - [13/Sep/2022:13:36:25 -0500] "GET /BLA/boletinlegal/consulta_actos.php?tipo=resoluciones&no=2297&usuario=&sector=&fecha=2019&resuelve= HTTP/1.1" 200 626
200.118.64.109 - - [13/Sep/2022:13:36:32 -0500] "POST /forms/lservlet;jsessionid=ac16012b30d6cc74c735356043119b00c084584bd437.e3iSbxaKaheRe34Qc30Qa3iMc3j0n6jAmljGr5XDqQLvpAe HTTP/1.1" 200 2
186.84.20.30 - - [13/Sep/2022:13:36:35 -0500] "GET /BLA/resoluciones/index.php HTTP/1.1" 200 13093
186.84.20.30 - - [13/Sep/2022:13:36:38 -0500] "GET /BLA/resoluciones/index.php?dir=RESOLUCIONES+2022%2F HTTP/1.1" 200 153913
199.16.157.183 - - [13/Sep/2022:13:36:40 -0500] "GET /images/zorro-12-sept_optimized.jpeg HTTP/1.1" 200 26663
186.84.20.30 - - [13/Sep/2022:13:36:42 -0500] "GET /BLA/resoluciones/RESOLUCIONES%202022/1407.pdf HTTP/1.1" 200 1169973
201.245.192.253 - - [13/Sep/2022:13:36:45 -0500] "POST /sipse/faces/presentacion/financiero/solicitudProceso/consultarSolicitudProceso.xhtml HTTP/1.1" 200 101636
186.84.20.30 - - [13/Sep/2022:13:36:46 -0500] "GET /BLA/resoluciones/RESOLUCIONES%202022/1406.pdf HTTP/1.1" 200 1443167
69.171.249.1 - - [13/Sep/2022:13:36:52 -0500] "GET /images/Junio%2002-experiencias-jardines-verticales-sda.jpeg HTTP/1.1" 200 31171
200.118.64.109 - - [13/Sep/2022:13:37:52 -0500] "POST /forms/lservlet;jsessionid=ac16012b30d6cc74c735356043119b00c084584bd437.e3iSbxaKaheRe34Qc30Qa3iMc3j0n6jAmljGr5XDqQLvpAe HTTP/1.1" 200 2027
200.118.64.109 - - [13/Sep/2022:13:37:53 -0500] "POST /forms/lservlet;jsessionid=ac16012b30d6cc74c735356043119b00c084584bd437.e3iSbxaKaheRe34Qc30Qa3iMc3j0n6jAmljGr5XDqQLvpAe HTTP/1.1" 200 78
199.16.157.181 - - [13/Sep/2022:13:37:53 -0500] "GET /images/zorro-12-sept_optimized.jpeg HTTP/1.1" 200 26663
200.118.64.109 - - [13/Sep/2022:13:37:54 -0500] "POST /forms/lservlet;jsessionid=ac16012b30d6cc74c735356043119b00c084584bd437.e3iSbxaKaheRe34Qc30Qa3iMc3j0n6jAmljGr5XDqQLvpAe HTTP/1.1" 200 86
200.118.64.109 - - [13/Sep/2022:13:37:55 -0500] "POST /forms/lservlet;jsessionid=ac16012b30d6cc74c735356043119b00c084584bd437.e3iSbxaKaheRe34Qc30Qa3iMc3j0n6jAmljGr5XDqQLvpAe HTTP/1.1" 200 -
216.245.221.92 - - [13/Sep/2022:13:37:57 -0500] "HEAD / HTTP/1.1" 200 -
163.220.128.41 - - [13/Sep/2022:13:38:38 -0500] "GET /galeria/galeria/fotos/Humedal-Vaca3P.jpg HTTP/1.1" 200 38460
172.22.2.4 - - [13/Sep/2022:13:38:51 -0500] "GET /BLA/boletinlegal/style.css HTTP/1.1" 200 9406
172.22.2.4 - - [13/Sep/2022:13:38:51 -0500] "GET /BLA/boletinlegal/styles2.css HTTP/1.1" 200 1838
172.22.2.4 - - [13/Sep/2022:13:38:51 -0500] "GET /BLA/boletinlegal/js/jquery.scrollTo-min.js HTTP/1.1" 200 1150
172.22.2.4 - - [13/Sep/2022:13:38:51 -0500] "GET /BLA/boletinlegal/js/jquery.js HTTP/1.1" 200 57254
172.22.2.4 - - [13/Sep/2022:13:38:51 -0500] "GET /BLA/boletinlegal/js/jquery.scrollShow.js HTTP/1.1" 200 4586
172.22.2.4 - - [13/Sep/2022:13:38:51 -0500] "GET /BLA/boletinlegal/images/cabezote%20BLEGAL.jpg HTTP/1.1" 200 118164
172.22.2.4 - - [13/Sep/2022:13:38:51 -0500] "GET /BLA/boletinlegal/images/subscribe-icon-big.png HTTP/1.1" 200 47702
172.22.2.4 - - [13/Sep/2022:13:38:51 -0500] "GET /BLA/boletinlegal/images/historia.png HTTP/1.1" 200 52775
172.22.2.4 - - [13/Sep/2022:13:38:51 -0500] "GET /BLA/boletinlegal/images/arr_l.jpg HTTP/1.1" 200 1979
172.22.2.4 - - [13/Sep/2022:13:38:52 -0500] "GET /BLA/boletinlegal/images/registro-usuarios.png HTTP/1.1" 200 8106
172.22.2.4 - - [13/Sep/2022:13:38:52 -0500] "GET /BLA/boletinlegal/images/screen_1.png HTTP/1.1" 200 202547
172.22.2.4 - - [13/Sep/2022:13:38:52 -0500] "GET /BLA/boletinlegal/images/launch.jpg HTTP/1.1" 200 14577
172.22.2.4 - - [13/Sep/2022:13:38:52 -0500] "GET /BLA/boletinlegal/images/body_bg.jpg HTTP/1.1" 200 1601
172.22.2.4 - - [13/Sep/2022:13:38:52 -0500] "GET /BLA/boletinlegal/images/menu_lft.gif HTTP/1.1" 200 1713
172.22.2.4 - - [13/Sep/2022:13:38:52 -0500] "GET /BLA/boletinlegal/images/menu_rght.gif HTTP/1.1" 200 1627
172.22.2.4 - - [13/Sep/2022:13:38:52 -0500] "GET /BLA/boletinlegal/images/bg_top.jpg HTTP/1.1" 200 522
172.22.2.4 - - [13/Sep/2022:13:38:52 -0500] "GET /BLA/boletinlegal/images/menu_bg.jpg HTTP/1.1" 200 620
172.22.2.4 - - [13/Sep/2022:13:38:52 -0500] "GET /BLA/boletinlegal/images/hover.jpg HTTP/1.1" 200 640
172.22.2.4 - - [13/Sep/2022:13:38:52 -0500] "GET /BLA/boletinlegal/images/text.jpg HTTP/1.1" 200 568
172.22.2.4 - - [13/Sep/2022:13:38:56 -0500] "GET /BLA/boletinlegal/images/screen_3.png HTTP/1.1" 200 210620
172.22.2.4 - - [13/Sep/2022:13:38:56 -0500] "GET /BLA/boletinlegal/images/screen_5.png HTTP/1.1" 200 368876
172.22.2.4 - - [13/Sep/2022:13:38:56 -0500] "GET /BLA/boletinlegal/images/screen_2.png HTTP/1.1" 200 362502
172.22.2.4 - - [13/Sep/2022:13:38:56 -0500] "GET /BLA/boletinlegal/images/arr_r.jpg HTTP/1.1" 200 1998
172.22.2.4 - - [13/Sep/2022:13:38:56 -0500] "GET /BLA/boletinlegal/images/footer_bg.jpg HTTP/1.1" 200 586
201.245.192.253 - - [13/Sep/2022:13:38:58 -0500] "POST /sipse/faces/presentacion/financiero/solicitudProceso/consultarSolicitudProceso.xhtml HTTP/1.1" 200 37001
201.245.192.253 - - [13/Sep/2022:13:38:59 -0500] "GET /sipse/faces/javax.faces.resource/theme.css?ln=primefaces-sipse HTTP/1.1" 304 -
201.245.192.253 - - [13/Sep/2022:13:38:59 -0500] "GET /sipse/faces/javax.faces.resource/primefaces.css?ln=primefaces&v=4.0 HTTP/1.1" 304 -
201.245.192.253 - - [13/Sep/2022:13:38:59 -0500] "GET /sipse/faces/javax.faces.resource/layout/layout.css?ln=primefaces&v=4.0 HTTP/1.1" 304 -
201.245.192.253 - - [13/Sep/2022:13:38:59 -0500] "GET /sipse/faces/javax.faces.resource/layout/layout.js?ln=primefaces&v=4.0 HTTP/1.1" 304 -
201.245.192.253 - - [13/Sep/2022:13:38:59 -0500] "GET /sipse/faces/javax.faces.resource/jquery/jquery.js?ln=primefaces&v=4.0 HTTP/1.1" 304 -
201.245.192.253 - - [13/Sep/2022:13:38:59 -0500] "GET /sipse/faces/javax.faces.resource/jquery/jquery-plugins.js?ln=primefaces&v=4.0 HTTP/1.1" 304 -
201.245.192.253 - - [13/Sep/2022:13:38:59 -0500] "GET /sipse/faces/javax.faces.resource/primefaces.js?ln=primefaces&v=4.0 HTTP/1.1" 304 -
201.245.192.253 - - [13/Sep/2022:13:38:59 -0500] "GET /sipse/faces/javax.faces.resource/images/ui-icons_898989_256x240.png?ln=primefaces-aristo HTTP/1.1" 304 -
201.245.192.253 - - [13/Sep/2022:13:39:03 -0500] "POST /sipse/faces/presentacion/financiero/solicitudProceso/consultarHistorialSolProceso.xhtml HTTP/1.1" 200 178768
201.245.192.253 - - [13/Sep/2022:13:39:03 -0500] "GET /sipse/faces/javax.faces.resource/theme.css?ln=primefaces-sipse HTTP/1.1" 304 -
201.245.192.253 - - [13/Sep/2022:13:39:03 -0500] "GET /sipse/faces/javax.faces.resource/primefaces.css?ln=primefaces&v=4.0 HTTP/1.1" 304 -
201.245.192.253 - - [13/Sep/2022:13:39:03 -0500] "GET /sipse/faces/javax.faces.resource/jquery/jquery.js?ln=primefaces&v=4.0 HTTP/1.1" 304 -
201.245.192.253 - - [13/Sep/2022:13:39:03 -0500] "GET /sipse/faces/javax.faces.resource/layout/layout.css?ln=primefaces&v=4.0 HTTP/1.1" 304 -
201.245.192.253 - - [13/Sep/2022:13:39:03 -0500] "GET /sipse/faces/javax.faces.resource/jquery/jquery-plugins.js?ln=primefaces&v=4.0 HTTP/1.1" 304 -
201.245.192.253 - - [13/Sep/2022:13:39:03 -0500] "GET /sipse/faces/javax.faces.resource/primefaces.js?ln=primefaces&v=4.0 HTTP/1.1" 304 -
201.245.192.253 - - [13/Sep/2022:13:39:03 -0500] "GET /sipse/faces/javax.faces.resource/layout/layout.js?ln=primefaces&v=4.0 HTTP/1.1" 304 -
201.245.192.253 - - [13/Sep/2022:13:39:03 -0500] "GET /sipse/faces/javax.faces.resource/images/ui-icons_898989_256x240.png?ln=primefaces-aristo HTTP/1.1" 304 -
201.245.192.253 - - [13/Sep/2022:13:39:03 -0500] "GET /sipse/faces/javax.faces.resource/dynamiccontent.properties?ln=primefaces&pfdrid=XjOR5%2F%2FfPAZAuY9TpWQeCiM0BhlXxYRBGKi%2FQcXXfeA%3D&pfdrid_c=false HTTP/1.1" 500 383
201.245.192.253 - - [13/Sep/2022:13:39:02 -0500] "POST /kwsrmcab/Wsrmcab HTTP/1.1" 200 38070
172.22.2.4 - - [13/Sep/2022:13:39:06 -0500] "GET /BLA/boletinlegal/images/pdf.gif HTTP/1.1" 200 567
172.22.2.4 - - [13/Sep/2022:13:37:26 -0500] "HEAD /BLA/boletinlegal/ HTTP/1.1" 200 -
201.245.192.253 - - [13/Sep/2022:13:39:05 -0500] "POST /kwsrmcab/Wsrmcab HTTP/1.1" 200 40847
201.245.192.253 - - [13/Sep/2022:13:39:13 -0500] "GET /sipse/faces/javax.faces.resource/images/ui-bg_flat_0_2d5972_40x100.png?ln=primefaces-aristo HTTP/1.1" 304 -
201.245.192.253 - - [13/Sep/2022:13:39:13 -0500] "POST /sipse/faces/presentacion/financiero/solicitudProceso/consultarSolicitudProceso.xhtml HTTP/1.1" 200 5539
172.22.2.4 - - [13/Sep/2022:13:39:24 -0500] "GET /BLA/boletinlegal/Directivas/2019/Directiva%20No.%200001%20del%2011%20de%20junio%20de%202019.pdf HTTP/1.1" 200 228190
199.16.157.181 - - [13/Sep/2022:13:39:32 -0500] "GET /images/zorro-12-sept_optimized.jpeg HTTP/1.1" 200 26663
201.245.192.253 - - [13/Sep/2022:13:39:36 -0500] "POST /kwsrmcab/Wsrmcab  HTTP/1.1" 200 38139
199.16.157.183 - - [13/Sep/2022:13:39:54 -0500] "GET /images/zorro-12-sept_optimized.jpeg HTTP/1.1" 200 26663
172.22.2.4 - - [13/Sep/2022:13:38:16 -0500] "GET /BLA/boletinlegal/ HTTP/1.1" 200 51993
201.245.192.253 - - [13/Sep/2022:13:40:08 -0500] "POST /sipse/faces/presentacion/financiero/solicitudProceso/consultarSolicitudProceso.xhtml HTTP/1.1" 200 5557
201.245.192.253 - - [13/Sep/2022:13:40:08 -0500] "GET /sipse/faces/javax.faces.resource/dynamiccontent.properties?ln=primefaces&pfdrid=XjOR5%2F%2FfPAZAuY9TpWQeCiM0BhlXxYRBGKi%2FQcXXfeA%3D&pfdrid_c=false HTTP/1.1" 200 165335
172.22.2.4 - - [13/Sep/2022:13:38:46 -0500] "GET /BLA/boletinlegal/ HTTP/1.1" 200 57725
172.22.2.4 - - [13/Sep/2022:13:40:27 -0500] "GET /BLA/boletinlegal/favicon.ico HTTP/1.1" 404 1308
201.245.192.253 - - [13/Sep/2022:13:40:27 -0500] "POST /sipse/faces/presentacion/financiero/solicitudProceso/consultarSolicitudProceso.xhtml HTTP/1.1" 200 31897
201.245.192.253 - - [13/Sep/2022:13:40:27 -0500] "GET /sipse/faces/javax.faces.resource/theme.css?ln=primefaces-sipse HTTP/1.1" 304 -
201.245.192.253 - - [13/Sep/2022:13:40:27 -0500] "GET /sipse/faces/javax.faces.resource/jquery/jquery.js?ln=primefaces&v=4.0 HTTP/1.1" 304 -
201.245.192.253 - - [13/Sep/2022:13:40:27 -0500] "GET /sipse/faces/javax.faces.resource/jquery/jquery-plugins.js?ln=primefaces&v=4.0 HTTP/1.1" 304 -
201.245.192.253 - - [13/Sep/2022:13:40:27 -0500] "GET /sipse/faces/javax.faces.resource/layout/layout.js?ln=primefaces&v=4.0 HTTP/1.1" 304 -
201.245.192.253 - - [13/Sep/2022:13:40:27 -0500] "GET /sipse/faces/javax.faces.resource/primefaces.js?ln=primefaces&v=4.0 HTTP/1.1" 304 -
201.245.192.253 - - [13/Sep/2022:13:40:27 -0500] "GET /sipse/faces/javax.faces.resource/layout/layout.css?ln=primefaces&v=4.0 HTTP/1.1" 304 -
201.245.192.253 - - [13/Sep/2022:13:40:27 -0500] "GET /sipse/faces/javax.faces.resource/primefaces.css?ln=primefaces&v=4.0 HTTP/1.1" 304 -
201.245.192.253 - - [13/Sep/2022:13:40:27 -0500] "GET /sipse/faces/javax.faces.resource/images/ui-icons_898989_256x240.png?ln=primefaces-aristo HTTP/1.1" 304 -
201.245.192.253 - - [13/Sep/2022:13:40:35 -0500] "GET /sipse/faces/javax.faces.resource/images/ui-bg_flat_0_2d5972_40x100.png?ln=primefaces-aristo HTTP/1.1" 304 -
201.245.192.253 - - [13/Sep/2022:13:40:35 -0500] "POST /sipse/faces/presentacion/financiero/solicitudProceso/registrarAnotacion.xhtml HTTP/1.1" 200 132734
201.245.192.253 - - [13/Sep/2022:13:40:36 -0500] "GET /sipse/faces/javax.faces.resource/jquery/jquery.js?ln=primefaces&v=4.0 HTTP/1.1" 304 -
201.245.192.253 - - [13/Sep/2022:13:40:36 -0500] "GET /sipse/faces/javax.faces.resource/jquery/jquery-plugins.js?ln=primefaces&v=4.0 HTTP/1.1" 304 -
201.245.192.253 - - [13/Sep/2022:13:40:36 -0500] "GET /sipse/faces/javax.faces.resource/primefaces.js?ln=primefaces&v=4.0 HTTP/1.1" 304 -
201.245.192.253 - - [13/Sep/2022:13:40:36 -0500] "GET /sipse/faces/javax.faces.resource/layout/layout.js?ln=primefaces&v=4.0 HTTP/1.1" 304 -
201.245.192.253 - - [13/Sep/2022:13:40:36 -0500] "GET /sipse/faces/javax.faces.resource/dynamiccontent.properties?ln=primefaces&pfdrid=XjOR5%2F%2FfPAZAuY9TpWQeCiM0BhlXxYRBGKi%2FQcXXfeA%3D&pfdrid_c=false HTTP/1.1" 500 383
185.119.81.101 - - [13/Sep/2022:13:40:42 -0500] "GET /portaldeninos/wp-login.php HTTP/1.1" 200 2592
185.119.81.101 - - [13/Sep/2022:13:40:43 -0500] "POST /portaldeninos/wp-login.php HTTP/1.1" 200 3605
201.245.192.253 - - [13/Sep/2022:13:40:42 -0500] "POST /sipse/faces/presentacion/financiero/solicitudProceso/consultarSolicitudProceso.xhtml HTTP/1.1" 200 70960
201.245.192.253 - - [13/Sep/2022:13:40:44 -0500] "GET /sipse/faces/javax.faces.resource/jquery/jquery.js?ln=primefaces&v=4.0 HTTP/1.1" 304 -
201.245.192.253 - - [13/Sep/2022:13:40:44 -0500] "GET /sipse/faces/javax.faces.resource/jquery/jquery-plugins.js?ln=primefaces&v=4.0 HTTP/1.1" 304 -
201.245.192.253 - - [13/Sep/2022:13:40:44 -0500] "GET /sipse/faces/javax.faces.resource/primefaces.js?ln=primefaces&v=4.0 HTTP/1.1" 304 -
201.245.192.253 - - [13/Sep/2022:13:40:44 -0500] "GET /sipse/faces/javax.faces.resource/layout/layout.js?ln=primefaces&v=4.0 HTTP/1.1" 304 -
201.245.192.253 - - [13/Sep/2022:13:40:45 -0500] "GET /sipse/faces/javax.faces.resource/messages/messages.png?ln=primefaces&v=4.0 HTTP/1.1" 304 -
201.245.192.253 - - [13/Sep/2022:13:40:45 -0500] "POST /sipse/faces/presentacion/financiero/solicitudProceso/listarSolicitudProceso.xhtml HTTP/1.1" 200 1544
201.245.192.253 - - [13/Sep/2022:13:41:13 -0500] "POST /sipse/faces/presentacion/financiero/solicitudProceso/listarSolicitudProceso.xhtml HTTP/1.1" 200 120158
201.245.192.253 - - [13/Sep/2022:13:41:14 -0500] "GET /sipse/faces/javax.faces.resource/jquery/jquery.js?ln=primefaces&v=4.0 HTTP/1.1" 304 -
201.245.192.253 - - [13/Sep/2022:13:41:14 -0500] "GET /sipse/faces/javax.faces.resource/jquery/jquery-plugins.js?ln=primefaces&v=4.0 HTTP/1.1" 304 -
201.245.192.253 - - [13/Sep/2022:13:41:14 -0500] "GET /sipse/faces/javax.faces.resource/primefaces.js?ln=primefaces&v=4.0 HTTP/1.1" 304 -
201.245.192.253 - - [13/Sep/2022:13:41:14 -0500] "GET /sipse/faces/javax.faces.resource/layout/layout.js?ln=primefaces&v=4.0 HTTP/1.1" 304 -
201.245.192.253 - - [13/Sep/2022:13:41:14 -0500] "GET /sipse/faces/javax.faces.resource/dynamiccontent.properties?ln=primefaces&pfdrid=XjOR5%2F%2FfPAZAuY9TpWQeCiM0BhlXxYRBGKi%2FQcXXfeA%3D&pfdrid_c=false HTTP/1.1" 500 383
200.21.21.42 - - [13/Sep/2022:13:41:32 -0500] "GET /forest/ HTTP/1.1" 200 12041
199.16.157.180 - - [13/Sep/2022:13:41:36 -0500] "GET /images/zorro-12-sept_optimized.jpeg HTTP/1.1" 200 26663
200.21.21.42 - - [13/Sep/2022:13:41:44 -0500] "POST /forest/index.php HTTP/1.1" 200 12268
199.16.157.182 - - [13/Sep/2022:13:41:56 -0500] "GET /images/zorro-12-sept_optimized.jpeg HTTP/1.1" 200 26663
66.249.75.63 - - [13/Sep/2022:13:41:57 -0500] "-" 408 -
136.243.19.35 - - [13/Sep/2022:13:42:21 -0500] "GET /zorro-cangrejo-mamifero-que-recorrio-el-humedal-torca-guaymaral.html HTTP/1.1" 200 890
157.245.251.249 - - [13/Sep/2022:13:42:36 -0500] "GET / HTTP/1.1" 200 319
216.245.221.92 - - [13/Sep/2022:13:42:57 -0500] "HEAD / HTTP/1.1" 200 -
157.55.39.201 - - [13/Sep/2022:13:41:35 -0500] "GET /BLA/boletinlegal/ HTTP/1.1" 200 63207
207.46.13.90 - - [13/Sep/2022:13:43:29 -0500] "GET /Residuos/maderas/maderas.html HTTP/1.1" 200 1957
199.16.157.182 - - [13/Sep/2022:13:43:41 -0500] "GET /images/zorro-12-sept_optimized.jpeg HTTP/1.1" 200 26663
199.16.157.182 - - [13/Sep/2022:13:43:56 -0500] "GET /images/zorro-12-sept_optimized.jpeg HTTP/1.1" 200 26663
199.16.157.180 - - [13/Sep/2022:13:44:29 -0500] "GET /images/zorro-12-sept_optimized.jpeg HTTP/1.1" 200 26663
201.245.192.253 - - [13/Sep/2022:13:44:35 -0500] "POST /kwsrmcab/Wsrmcab  HTTP/1.1" 200 38139
172.22.2.4 - - [13/Sep/2022:13:43:16 -0500] "HEAD /BLA/boletinlegal/ HTTP/1.1" 200 -
172.22.2.4 - - [13/Sep/2022:13:45:06 -0500] "GET /BLA/boletinlegal/Circulares/2012/Circular%20No.%208%20del%2021%20de%20Agosto%20de%202012.pdf HTTP/1.1" 200 963197
199.16.157.183 - - [13/Sep/2022:13:45:45 -0500] "GET /images/zorro-12-sept_optimized.jpeg HTTP/1.1" 200 26663
172.22.2.4 - - [13/Sep/2022:13:44:07 -0500] "GET /BLA/boletinlegal/ HTTP/1.1" 200 58163
199.16.157.181 - - [13/Sep/2022:13:45:56 -0500] "GET /images/zorro-12-sept_optimized.jpeg HTTP/1.1" 200 26663
136.226.0.127 - - [13/Sep/2022:13:46:02 -0500] "GET /catalogoisis/ HTTP/1.1" 200 8575
136.226.0.127 - - [13/Sep/2022:13:46:03 -0500] "GET /catalogoisis/Css/Busqueda.css HTTP/1.1" 200 1995
136.226.0.127 - - [13/Sep/2022:13:46:03 -0500] "GET /catalogoisis/Js/AceptarLimpiar.js HTTP/1.1" 200 331
136.226.0.127 - - [13/Sep/2022:13:46:03 -0500] "GET /catalogoisis/Js/Cookies.js HTTP/1.1" 200 1369
136.226.0.127 - - [13/Sep/2022:13:46:03 -0500] "GET /catalogoisis/Js/CriterioCombinada.js HTTP/1.1" 200 1843
136.226.0.127 - - [13/Sep/2022:13:46:03 -0500] "GET /catalogoisis/Js/LimpiarCombinada.js HTTP/1.1" 200 207
136.226.0.127 - - [13/Sep/2022:13:46:03 -0500] "GET /catalogoisis/Js/Remote.js HTTP/1.1" 200 436
136.226.0.127 - - [13/Sep/2022:13:46:03 -0500] "GET /catalogoisis/Js/Go.js HTTP/1.1" 200 364
136.226.0.127 - - [13/Sep/2022:13:46:03 -0500] "GET /catalogoisis/Js/Numero.js HTTP/1.1" 200 398
136.226.0.127 - - [13/Sep/2022:13:46:03 -0500] "GET /catalogoisis/Js/Enter.js HTTP/1.1" 200 1208
136.226.0.127 - - [13/Sep/2022:13:46:04 -0500] "GET /catalogoisis/imagenes/br1c3.gif HTTP/1.1" 200 302
136.226.0.127 - - [13/Sep/2022:13:46:04 -0500] "GET /catalogoisis/imagenes/br1c1.gif HTTP/1.1" 200 172
136.226.0.127 - - [13/Sep/2022:13:46:04 -0500] "GET /catalogoisis/imagenes/Turnbo1.gif HTTP/1.1" 200 227
136.226.0.127 - - [13/Sep/2022:13:46:04 -0500] "GET /catalogoisis/imagenes/limpiar1.gif HTTP/1.1" 200 606
136.226.0.127 - - [13/Sep/2022:13:46:04 -0500] "GET /catalogoisis/imagenes/aceptar1.gif HTTP/1.1" 200 604
136.226.0.127 - - [13/Sep/2022:13:46:04 -0500] "GET /catalogoisis/imagenes/Header.gif HTTP/1.1" 200 30313
136.226.0.127 - - [13/Sep/2022:13:46:04 -0500] "GET /catalogoisis/imagenes/br1c2.gif HTTP/1.1" 200 297
136.226.0.127 - - [13/Sep/2022:13:46:04 -0500] "GET /catalogoisis/imagenes/br2c2.gif HTTP/1.1" 200 302
136.226.0.127 - - [13/Sep/2022:13:46:04 -0500] "GET /catalogoisis/imagenes/br2c1.gif HTTP/1.1" 200 297
136.226.0.127 - - [13/Sep/2022:13:46:04 -0500] "GET /catalogoisis/imagenes/br2c3.gif HTTP/1.1" 200 416
136.226.0.127 - - [13/Sep/2022:13:46:04 -0500] "GET /catalogoisis/imagenes/br3c1.gif HTTP/1.1" 200 177
136.226.0.127 - - [13/Sep/2022:13:46:04 -0500] "GET /catalogoisis/imagenes/br3c3.gif HTTP/1.1" 200 186
136.226.0.127 - - [13/Sep/2022:13:46:04 -0500] "GET /catalogoisis/imagenes/br3c2.gif HTTP/1.1" 200 285
136.226.0.127 - - [13/Sep/2022:13:46:05 -0500] "GET /favicon.ico HTTP/1.1" 200 7782
136.243.19.35 - - [13/Sep/2022:13:47:41 -0500] "GET /zorro-cangrejo-mamifero-que-recorrio-el-humedal-torca-guaymaral.html HTTP/1.1" 200 890
199.16.157.182 - - [13/Sep/2022:13:47:55 -0500] "GET /images/zorro-12-sept_optimized.jpeg HTTP/1.1" 200 26663
199.16.157.182 - - [13/Sep/2022:13:47:57 -0500] "GET /images/zorro-12-sept_optimized.jpeg HTTP/1.1" 200 26663
216.245.221.92 - - [13/Sep/2022:13:47:57 -0500] "HEAD / HTTP/1.1" 200 -
201.245.192.253 - - [13/Sep/2022:13:49:34 -0500] "POST /kwsrmcab/Wsrmcab  HTTP/1.1" 200 38139
66.249.75.63 - - [13/Sep/2022:13:49:53 -0500] "-" 408 -
199.16.157.182 - - [13/Sep/2022:13:49:57 -0500] "GET /images/zorro-12-sept_optimized.jpeg HTTP/1.1" 200 26663
185.119.81.106 - - [13/Sep/2022:13:50:03 -0500] "GET /portaldeninos/wp-login.php HTTP/1.1" 200 2592
185.119.81.106 - - [13/Sep/2022:13:50:04 -0500] "POST /portaldeninos/wp-login.php HTTP/1.1" 200 3605
188.165.87.103 - - [13/Sep/2022:13:50:13 -0500] "GET /favicon.ico HTTP/1.1" 200 7782
172.22.2.4 - - [13/Sep/2022:13:49:06 -0500] "HEAD /BLA/boletinlegal/ HTTP/1.1" 200 -
172.22.2.4 - - [13/Sep/2022:13:49:57 -0500] "GET /BLA/boletinlegal/ HTTP/1.1" 200 59828
199.16.157.181 - - [13/Sep/2022:13:51:41 -0500] "GET /images/zorro-12-sept_optimized.jpeg HTTP/1.1" 200 26663
199.16.157.182 - - [13/Sep/2022:13:52:00 -0500] "GET /images/zorro-12-sept_optimized.jpeg HTTP/1.1" 200 26663
199.16.157.181 - - [13/Sep/2022:13:52:05 -0500] "GET /images/zorro-12-sept_optimized.jpeg HTTP/1.1" 200 26663
216.245.221.92 - - [13/Sep/2022:13:52:57 -0500] "HEAD / HTTP/1.1" 200 -
186.102.57.116 - - [13/Sep/2022:13:53:14 -0500] "OPTIONS /kwssiamovil/sm/setfile/f? HTTP/1.1" 200 13
186.102.57.116 - - [13/Sep/2022:13:53:14 -0500] "OPTIONS /kwssiamovil/sm/setfile/f? HTTP/1.1" 200 13
186.102.57.116 - - [13/Sep/2022:13:53:14 -0500] "POST /kwssiamovil/sm/setfile/f? HTTP/1.1" 200 381
186.102.57.116 - - [13/Sep/2022:13:53:14 -0500] "POST /kwssiamovil/sm/setfile/f? HTTP/1.1" 200 381
186.102.57.116 - - [13/Sep/2022:13:53:22 -0500] "GET /kwssiamovil/sm/acme/a?s=U2FsdGVkX1/eS45ex7ieyGEm6+HrSD+FN8bX4J0qvOuS/D8mA5gNNL3SmaMJez30B/CgYlIUcTaIymY5X1ucikBidzF+SZQydEe+qLF9+aeP5lIV7S7MMjAmv1vaWR2vocnAAPm7mknWePHijBoc5JsX1M9dN7kLcrO7eZeDjylKE/uDcCMae/+5GevJPm1/CSsKcyPXg9MTYLEEAL0Q8C9Pak6KhAsnsLIGHo7jUCKSXLziYmLjvzR+CyCq18Qcnaapb1+tZS16NGMgxt67hA==&u=U2FsdGVkX1/A35kisHSzM+L6WI0zYrlvvKXNpODa/74=&y=U2FsdGVkX18tkCtXn+vj9ql/om9s9qTk8FFPQ+ztJI73mr++kot8FaxDx7jaWJqF HTTP/1.1" 200 25
186.102.57.116 - - [13/Sep/2022:13:53:23 -0500] "GET /kwssiamovil/sm/acme/a?s=U2FsdGVkX1/MJg87mblYCkNjrvvknCpNjpdB80QwGO3hn9Pa7PxAiyXwntgzPCpZyx2s49UDaoruD42obfRBWL4i4WQbKUWfd9cgMKm9PlInAWwtxUAYv9o7Op23aat3EmZS6nIXMroZNvcQV+pBNHRHiBGZ4j/1pMZlOXRURBAvkegk8mM0Uc8+5FAcx7XW1XpH8UhuRArYV6RFhPHphTYjepwQyJPmALQGzy6sjsusXYqPwNjz/zPsEUkwJl9evHFO3CkQgEycsZQHa4RwjJ7wiDzPfMaeBO9RWXv1PnRmskvLP+KmFNoQQcGsZuJj7N5tNz9BAPL8pr9EN3YoTUnjBhXxKS5lnhBptXM6LR7zIeNrh6tvS1JFWXxHNW6rYiOPREhbXks5BwMegzNIsZQ5SUKUbLk84IgTqDPdNJS8HM4Tu9ZuPNgPZmxyp7gaUaDiazKiLY+EMxo5/lBrU5wIYb02zMAX9GK8OCdKKxehITi1yDMHA4r6HLWrdztpC7Obni8Lrv7VyI6tc4u17heGIHlwaB/mREQ7Get85RvqZ2xAjuE/LbXt8zLsDLGzILTpXDtdH8s57PlRdI/XF9X7D8eErb44iJTKkYnUxIHwoOgBW5nKJZbI3qdxDZ3FZqIk8MW3h2TLii6lunSNxrMGyMjXhLo4ts9bd4En0wto1CpXXEnZjCKxlaLTOyTdeaftEgDnhxAMsMTZHftDjejam2OoPS+p64iFvBCi6xbLISYkON/bRf8fRlwSD90B+hppyeJ123MSCcRfrMViEEBohbZbVXauIP7UR6C68viJBhU8CqS2aqJo3/rMsmbVt0xrDSqdLAJNanXLBBrKiahrrwKXUox3OefCFAnuhSWUDF8LS4fbi6CrZyyY9hwQcbDkNvJthZOxDc+nStAWL+Q8Nj0lHeb5WQ4uVM+hIapc+Cz8LDdVL8884gMUhdnO7oKCOxqE+bRrK8tjRXXeu/He/Q1/jYSoQXJecazCsipkl0YavfIdmeyozTYKOf7A0wu5/eAcK4m1zvILvrnGN2Ki3lZW5UWglCdGFivWMfgukBU90YDPCm7aH0ZpQF71XZZkwDNyte0WvhsaNyIa5YS8xy9Buiskzmhq2jso0NEa65HLAYSn21TzHli+APwHIhSS2uYlRaOFN+z66wGSu+i1iBrUvtQjbFFhTDbkl9hkqF5ES0UECN1FZYDc6YA6vbGbM7E/Rj9Gi//IMZXqgNLA8sd/zneAx+3QEv51XHK1fkko/rUsjqE55znj0kTriVBH9QWyTeQQqDduNLr6PfOuwanadh/Ey0jaNj2l14rs7YUnN1ew+9JXEwhKs6dFGBgZ93aEoc0Ah/+Fd9wcaNKHXR5O2SRJ63BNe048Jcbq8utuEPjx1H9pqTjv/pRlw1HSwV/v1LQ8wgPaqbeACbsAA5sn/QOVFwF9uVfa996OcYJd9QdJKL3sav00AnXcfLr17a3ShCREmwrir+BpGBKB25ZuMLNg0bt05CeE3RLjynbq7bsxycROESNMsTU2821X0K+ePnRJWN6V1KVKK6O1Nc1s0v6uhWZqa5dE/KbnB34vW4gMo2oecPlO9q6X2aCAWJd6XCvdB9yHrqKOEaPG+jx0nIGUzTPKGugbUDQGYtLuPw5NgC2lhAMm+C45YJUfQlMgMaoI0PXvIJsvBZBWUmlGckc+9Wg78Zf+odblgdHYg86RpSHpcESCRqZNDKIfeSJeoeE34NcbdBaDhg3+QVHptvE8h/knAoa7kdU=&u=U2FsdGVkX1/A35kisHSzM+L6WI0zYrlvvKXNpODa/74=&y=U2FsdGVkX18tkCtXn+vj9ql/om9s9qTk8FFPQ+ztJI73mr++kot8FaxDx7jaWJqF HTTP/1.1" 200 25
186.102.57.116 - - [13/Sep/2022:13:53:23 -0500] "GET /kwssiamovil/sm/acme/a?s=U2FsdGVkX1+1s24bqNpyFUZ7KO5C57Y3setuOW1G2iuRw1kaJBo/UEwT4lK7ZzwZMbJTZ1v3rcF2A50JRbu6PJGCavDA+CMK0is4uvT3jHRjFwIJfLdNJ0h+FpuuJVHHXgt6aJLTx8Y1DeBAb1Q06RzR/m+481YCjFweY0X370cZwFOCLFXRiFe7gj1s+aGTiVnuC4IoOjBUfOB1bbpxR2q0ph8e1QeIG1gCWP1Y7yiYdfPXeMhyx76IY5hb7seCs777P6SyiTNzD7uBT0CxisbOb0IAM0ClO8i0Xq8B+w1hk1uSUC8ti+IHpJND+NehLx0NRrGHk8Ls4PUT38rfX9rxhCwHepaiMhtghTiB4MLUMw2NU7fvtLp7mJ7aJQ0Ktmn8t8lwE2G4OqluxNdhJmXclShMLhUqt6HDqX7cYroygM687ZowTZk5/sIsrBFL343DoK4Z/VQxAbv1AcDWO31eX/R63rqNvKETxJsOgoDIvBb1ogGXbFzMQAJoXh90me6jMYCPM/zOvVsr0RFLkaEkQkR1AIfLAlbkVtvbihIBirTphBVrtFftMSOcM9K2bJuT49URRohs4FfLmaJTUE31/h71uPOsKKxDZClF1Pkxc4hFU+jqd+O0nphoOIcpEjPDHTdea8qJw1Syy6IgBOjywD5E3uCF2zi9nBnSdz/jk2xb6qC5donShusa9UiJz1NxGJZ6jMeu1Guq8rIIP11umb7RtT00Fa7VAWv2wuFN+gMDvXfPeEA7rohYQYQkNiZBhO0qvOCZlFwaHblagM99tBER85TKh+kitXpOLKwpVXHVLUDdjYyjCtWSYujQI/FyGJ+08bx1XgRwR4ugwn5WGfTAHCmyG9M+W8PCC12C19Xo9fvXZHP/ZE0BLOY5GujJTobvmDrjiDnJNr5+qOVAKoF8Zt6IMtmuuXmSWTsSdtO0TJFfa75AwUmJ7Vx5lDTRiwfZBnlpDvJZMH6mJPMmSd5BWT40LXLrrCuXV2df2nQKCxm1+rzz0Q4E3fqa/oEUenHC5iR4aVE4dCDu2tgkEpK1ahbDqi2xJZn7tQYK/VzKyMCnNH/5xy1+/VQQNrAmVhf3oUHWm/HxvmcQhGoiLgp7dYpflDpRfyBSiHSfcD1oCqxpHJRFBTbRx3Iwjuujgy7n28Sv1Hka8dZU65K9KmKdoBr+Q7lihdT3MU6FzfvGiEl3uHsxEJO9NvtrvioP3AqASAr2QgO37Rxisp8pttbl10Ldg56OVTrrw/j79Cpnq1C4uZWhCfKpLPLL7CY9ImR2SJOVz/y9AAur5HeTl1TgbBD6pMvogSVtyUCBZcAtAgPknSFXg83ApB18xaMp8u7oPfqwn4FcUYf997735GwdiC64pZztWP2U4cC2V9q+YpZy/zx8KPlfDmeas0VhcmzU0AIWE4N3JB6eAcVJbQQ+44zRDJUPp14ap4PkJ7oaCXE6jI5sFe8phDtYfB1An/tg91f676Zyxfo8CiEglasmQGXU8JhQGOIJeG/N9loCaZl1fq8c3IlLD41BxKhut6Eu3Ar0ROysOKxrbk64KpS4wny8JbLjehd1VztbtZyzkAPubggxuJbd/qi18Dq9PUV1w2fXTk9EnOrbq8/VBkjRbPktxmh/rUkq/Axefo+sbECZsCkeW3cMGN8umce3oei6xeVihUdj7mNZlznZWpyCp+W6wzJxg/kJqeh8jJmaTQodBEq4GIZAJAXYZ9KZJvnvm81wJ9RPvViMAv9UUZkspWalQctxsOVZKI4=&u=U2FsdGVkX1/A35kisHSzM+L6WI0zYrlvvKXNpODa/74=&y=U2FsdGVkX18tkCtXn+vj9ql/om9s9qTk8FFPQ+ztJI73mr++kot8FaxDx7jaWJqF HTTP/1.1" 200 25
186.102.57.116 - - [13/Sep/2022:13:53:23 -0500] "GET /kwssiamovil/sm/acme/a?s=U2FsdGVkX19PUhp64Ftl0JnAO1d7Ox4guJEXPPaXYvK7tSAfkqFgm9OHtIRJyoFkU/recCHKheQvx4zRwyU4EGMj91yG6rQsS6rN/1V372ultBfhLt6JKVS3uXCpdSYbTrbmPet35+U/pasYIdt1MzNKi8gaCRo7Quf4LMj60EE=&u=U2FsdGVkX1/A35kisHSzM+L6WI0zYrlvvKXNpODa/74=&y=U2FsdGVkX18tkCtXn+vj9ql/om9s9qTk8FFPQ+ztJI73mr++kot8FaxDx7jaWJqF HTTP/1.1" 200 25
186.102.57.116 - - [13/Sep/2022:13:53:24 -0500] "GET /kwssiamovil/sm/acme/a?s=U2FsdGVkX18HAU93yrVu+GUEl2FYcK9lBui8XlM00iLspPL4Ehfr9zb1dhIzWNFKaZ8WFhda3xRzcUHwq110QmL7YBl1CkmYNd5TwFEjfu2LjSmsC4KmYZVqPRmSbg/ge9gCrWxfO80Vbzm2pz78yi3NmrxRM963EhJYGxSJ5s0=&u=U2FsdGVkX1/A35kisHSzM+L6WI0zYrlvvKXNpODa/74=&y=U2FsdGVkX18tkCtXn+vj9ql/om9s9qTk8FFPQ+ztJI73mr++kot8FaxDx7jaWJqF HTTP/1.1" 200 25
186.102.57.116 - - [13/Sep/2022:13:53:24 -0500] "GET /kwssiamovil/sm/acme/a?s=U2FsdGVkX1/Iue7ldOehvDHyF4XbTE/MhS9aqrd34cnUf7NKHVVUjrHvM5PX9KErIVhOOW07/IIMY9kYGCuosDYVE3AYl6IJqYu/+LBVN0WMYvgW+ztHcAkLGodY9k0NuJFz8jnvjlisY4CpTIV/BjjRu8/cILd6KVIdSvl7XZY=&u=U2FsdGVkX1/A35kisHSzM+L6WI0zYrlvvKXNpODa/74=&y=U2FsdGVkX18tkCtXn+vj9ql/om9s9qTk8FFPQ+ztJI73mr++kot8FaxDx7jaWJqF HTTP/1.1" 200 25
186.102.57.116 - - [13/Sep/2022:13:53:24 -0500] "GET /kwssiamovil/sm/acme/a?s=U2FsdGVkX19sXhpbitYPUkH3qo7wVWeeQtApAIwVnFeSCgYYZfHhoYqH/S01f3PYvRpguuqYjR6nEALcc7vOc876i328L9mMh+SRNtGx0zwgJ3kAlL3r5FI0WIp6pLL2SfR5Cg1YfDOTX+GAJRXh8o1+pE5smP8+Xvklelw+pG8=&u=U2FsdGVkX1/A35kisHSzM+L6WI0zYrlvvKXNpODa/74=&y=U2FsdGVkX18tkCtXn+vj9ql/om9s9qTk8FFPQ+ztJI73mr++kot8FaxDx7jaWJqF HTTP/1.1" 200 25
186.102.57.116 - - [13/Sep/2022:13:53:24 -0500] "GET /kwssiamovil/sm/acme/a?s=U2FsdGVkX19LFa+CwI3eV87Tv6z+7bj5jL8TAkl88e0izHnSOc50+YvwJPOXxoq2cYmE26NHUYRkR2tZkl0IlX6fAj8+Nx46Afo2gEZ/2ZBr2EIV6d+nIHPZkU5ALoMhlbw/CSMqOln37nuaeXyeL54HA3KQsXQlXRJAIekcj24=&u=U2FsdGVkX1/A35kisHSzM+L6WI0zYrlvvKXNpODa/74=&y=U2FsdGVkX18tkCtXn+vj9ql/om9s9qTk8FFPQ+ztJI73mr++kot8FaxDx7jaWJqF HTTP/1.1" 200 25
186.102.57.116 - - [13/Sep/2022:13:53:25 -0500] "GET /kwssiamovil/sm/acme/a?s=U2FsdGVkX19zo6AKCZzGyxTT30L5sw0/4pJAJTSssFRpK1Ud1JFvAZ6lIlE23gWF379vpgWzyPo1KSlPKUDs+xQjxinTJa6NwdtjWxb3ALMAZ+zrZay6xkaFxvsTeJstzvTQX/2qN8Y1Ols041MWlGwlyy7924fPMF5X8O9PEjQ=&u=U2FsdGVkX1/A35kisHSzM+L6WI0zYrlvvKXNpODa/74=&y=U2FsdGVkX18tkCtXn+vj9ql/om9s9qTk8FFPQ+ztJI73mr++kot8FaxDx7jaWJqF HTTP/1.1" 200 25
186.102.57.116 - - [13/Sep/2022:13:53:25 -0500] "GET /kwssiamovil/sm/acme/a?s=U2FsdGVkX19Q0IRdjTk/hHklESqrwfHx/Xbprkv3euDnmh2U2nnovV2JPyOsH7uEuW6cxR8kvoPQ4QvPGPCkUTTx58Gd1HxhR1dP3Lmm4H5KdM4Mjymu5o5albmf5/2R6g4qNIsFZJXvV4XdmmEQrT1e4NlxDqUpmLFR+Vb63ySZ60UB8KjCpYUGRyNNf8al&u=U2FsdGVkX1/A35kisHSzM+L6WI0zYrlvvKXNpODa/74=&y=U2FsdGVkX18tkCtXn+vj9ql/om9s9qTk8FFPQ+ztJI73mr++kot8FaxDx7jaWJqF HTTP/1.1" 200 25
186.102.57.116 - - [13/Sep/2022:13:53:25 -0500] "GET /kwssiamovil/sm/acme/a?s=U2FsdGVkX18O2CogYOQZe3zhThjoeHVpz2ft3hbFpbp9hZPJEvnvq9yhLgQrXgJGYHD+og8AdbDvkZ1QFxhQLW+ko9ijrnRb0Naa/T9p2XUMX8nCGOqYcxCTMVpSmba/FbJUl8wu0b+o1YOApfgap/2b60TL4TBKB4k1D4vfo1ErfMln8PNlXhdZnodUBhbbQd4riFQdQkf7o7ALKqjoky6HDkUTjoHcJZ3Hv07lx+0SGd21p0LpVDJ4rDlQaOhHBWVr8giqAHSx6aHLqZZSN77iqfDE7scnjF8Ywc3JR8rx4gfbHCMhWp5g1pJOi8sED+yl62ATq8+mCnMM6PmxfnKFxbBbMgaWdYy+o7R5JtATiopkjJtVRp9GDnXMHzIC6KjJdBieu2yu1jcL+83/RJscVucD6MwGVVHucUFQhKsKvEN0dKJaOdVEIajlLVhPw/pANHKv3vErZjyHyER4NChtmY+1zqlKBJGAe4yzz6s4k+9/8gc9uMcO/nVaSvKJ&u=U2FsdGVkX1/A35kisHSzM+L6WI0zYrlvvKXNpODa/74=&y=U2FsdGVkX18tkCtXn+vj9ql/om9s9qTk8FFPQ+ztJI73mr++kot8FaxDx7jaWJqF HTTP/1.1" 200 25
