201.245.192.253 - - [13/Sep/2022:04:04:27 -0500] "POST /kwsrmcab/Wsrmcab  HTTP/1.1" 200 36144
199.16.157.182 - - [13/Sep/2022:04:05:06 -0500] "GET /images/zorro-12-sept_optimized.jpeg HTTP/1.1" 200 26663
199.16.157.180 - - [13/Sep/2022:04:05:24 -0500] "GET /images/zorro-12-sept_optimized.jpeg HTTP/1.1" 200 26663
199.16.157.181 - - [13/Sep/2022:04:05:24 -0500] "GET /images/zorro-12-sept_optimized.jpeg HTTP/1.1" 200 26663
199.16.157.180 - - [13/Sep/2022:04:05:24 -0500] "GET /images/zorro-12-sept_optimized.jpeg HTTP/1.1" 200 26663
199.16.157.182 - - [13/Sep/2022:04:05:33 -0500] "GET /images/zorro-12-sept_optimized.jpeg HTTP/1.1" 200 26663
199.16.157.181 - - [13/Sep/2022:04:05:40 -0500] "GET /images/zorro-12-sept_optimized.jpeg HTTP/1.1" 200 26663
199.16.157.183 - - [13/Sep/2022:04:05:40 -0500] "GET /images/zorro-12-sept_optimized.jpeg HTTP/1.1" 200 26663
199.16.157.183 - - [13/Sep/2022:04:07:08 -0500] "GET /images/zorro-12-sept_optimized.jpeg HTTP/1.1" 200 26663
172.22.2.4 - - [13/Sep/2022:04:05:47 -0500] "HEAD /BLA/boletinlegal/ HTTP/1.1" 200 -
199.16.157.181 - - [13/Sep/2022:04:07:40 -0500] "GET /images/zorro-12-sept_optimized.jpeg HTTP/1.1" 200 26663
199.16.157.182 - - [13/Sep/2022:04:07:40 -0500] "GET /images/zorro-12-sept_optimized.jpeg HTTP/1.1" 200 26663
199.16.157.180 - - [13/Sep/2022:04:07:40 -0500] "GET /images/zorro-12-sept_optimized.jpeg HTTP/1.1" 200 26663
199.16.157.181 - - [13/Sep/2022:04:07:40 -0500] "GET /images/zorro-12-sept_optimized.jpeg HTTP/1.1" 200 26663
199.16.157.182 - - [13/Sep/2022:04:07:40 -0500] "GET /images/zorro-12-sept_optimized.jpeg HTTP/1.1" 200 26663
199.16.157.181 - - [13/Sep/2022:04:07:42 -0500] "GET /images/zorro-12-sept_optimized.jpeg HTTP/1.1" 200 26663
199.16.157.181 - - [13/Sep/2022:04:07:45 -0500] "GET /images/zorro-12-sept_optimized.jpeg HTTP/1.1" 200 26663
216.245.221.92 - - [13/Sep/2022:04:07:58 -0500] "HEAD / HTTP/1.1" 200 -
172.22.2.4 - - [13/Sep/2022:04:06:37 -0500] "GET /BLA/boletinlegal/ HTTP/1.1" 200 60281
199.16.157.180 - - [13/Sep/2022:04:09:10 -0500] "GET /images/zorro-12-sept_optimized.jpeg HTTP/1.1" 200 26663
157.55.39.201 - - [13/Sep/2022:04:09:24 -0500] "GET /BLA/resoluciones/AUTOS%202022/1129.pdf HTTP/1.1" 200 460579
201.245.192.253 - - [13/Sep/2022:04:09:26 -0500] "POST /kwsrmcab/Wsrmcab  HTTP/1.1" 200 36144
199.16.157.181 - - [13/Sep/2022:04:09:44 -0500] "GET /images/zorro-12-sept_optimized.jpeg HTTP/1.1" 200 26663
199.16.157.181 - - [13/Sep/2022:04:09:45 -0500] "GET /images/zorro-12-sept_optimized.jpeg HTTP/1.1" 200 26663
199.16.157.181 - - [13/Sep/2022:04:09:45 -0500] "GET /images/zorro-12-sept_optimized.jpeg HTTP/1.1" 200 26663
199.16.157.181 - - [13/Sep/2022:04:09:45 -0500] "GET /images/zorro-12-sept_optimized.jpeg HTTP/1.1" 200 26663
199.16.157.180 - - [13/Sep/2022:04:09:45 -0500] "GET /images/zorro-12-sept_optimized.jpeg HTTP/1.1" 200 26663
199.16.157.182 - - [13/Sep/2022:04:09:45 -0500] "GET /images/zorro-12-sept_optimized.jpeg HTTP/1.1" 200 26663
199.16.157.182 - - [13/Sep/2022:04:09:45 -0500] "GET /images/zorro-12-sept_optimized.jpeg HTTP/1.1" 200 26663
199.16.157.181 - - [13/Sep/2022:04:09:48 -0500] "GET /images/zorro-12-sept_optimized.jpeg HTTP/1.1" 200 26663
199.16.157.181 - - [13/Sep/2022:04:11:11 -0500] "GET /images/zorro-12-sept_optimized.jpeg HTTP/1.1" 200 26663
199.16.157.180 - - [13/Sep/2022:04:11:45 -0500] "GET /images/zorro-12-sept_optimized.jpeg HTTP/1.1" 200 26663
199.16.157.180 - - [13/Sep/2022:04:11:48 -0500] "GET /images/zorro-12-sept_optimized.jpeg HTTP/1.1" 200 26663
199.16.157.181 - - [13/Sep/2022:04:11:48 -0500] "GET /images/zorro-12-sept_optimized.jpeg HTTP/1.1" 200 26663
199.16.157.182 - - [13/Sep/2022:04:11:48 -0500] "GET /images/zorro-12-sept_optimized.jpeg HTTP/1.1" 200 26663
199.16.157.181 - - [13/Sep/2022:04:11:49 -0500] "GET /images/zorro-12-sept_optimized.jpeg HTTP/1.1" 200 26663
199.16.157.181 - - [13/Sep/2022:04:11:50 -0500] "GET /images/zorro-12-sept_optimized.jpeg HTTP/1.1" 200 26663
199.16.157.183 - - [13/Sep/2022:04:12:04 -0500] "GET /images/zorro-12-sept_optimized.jpeg HTTP/1.1" 200 26663
216.245.221.92 - - [13/Sep/2022:04:12:58 -0500] "HEAD / HTTP/1.1" 200 -
199.16.157.181 - - [13/Sep/2022:04:13:12 -0500] "GET /images/zorro-12-sept_optimized.jpeg HTTP/1.1" 200 26663
172.22.2.4 - - [13/Sep/2022:04:11:37 -0500] "HEAD /BLA/boletinlegal/ HTTP/1.1" 200 -
199.16.157.182 - - [13/Sep/2022:04:14:02 -0500] "GET /images/zorro-12-sept_optimized.jpeg HTTP/1.1" 200 26663
199.16.157.182 - - [13/Sep/2022:04:14:04 -0500] "GET /images/zorro-12-sept_optimized.jpeg HTTP/1.1" 200 26663
199.16.157.181 - - [13/Sep/2022:04:14:04 -0500] "GET /images/zorro-12-sept_optimized.jpeg HTTP/1.1" 200 26663
172.22.2.4 - - [13/Sep/2022:04:12:27 -0500] "GET /BLA/boletinlegal/ HTTP/1.1" 200 60281
199.16.157.183 - - [13/Sep/2022:04:14:09 -0500] "GET /images/zorro-12-sept_optimized.jpeg HTTP/1.1" 200 26663
172.22.2.4 - - [13/Sep/2022:04:14:18 -0500] "GET /BLA/boletinlegal/actos.php HTTP/1.1" 200 9559
201.245.192.253 - - [13/Sep/2022:04:14:25 -0500] "POST /kwsrmcab/Wsrmcab  HTTP/1.1" 200 36144
172.22.2.4 - - [13/Sep/2022:04:14:35 -0500] "GET /BLA/boletinlegal/js/lib.js HTTP/1.1" 200 6474
172.22.2.4 - - [13/Sep/2022:04:14:35 -0500] "GET /BLA/boletinlegal/niceforms-default.css HTTP/1.1" 200 6694
172.22.2.4 - - [13/Sep/2022:04:14:35 -0500] "GET /BLA/boletinlegal/niceforms.js HTTP/1.1" 200 22876
172.22.2.4 - - [13/Sep/2022:04:14:39 -0500] "GET /BLA/boletinlegal/js/jquery1.js HTTP/1.1" 200 29846
172.22.2.4 - - [13/Sep/2022:04:14:39 -0500] "GET /BLA/boletinlegal/js/popup.js HTTP/1.1" 200 1270
172.22.2.4 - - [13/Sep/2022:04:14:40 -0500] "GET /BLA/boletinlegal/style.css HTTP/1.1" 200 9406
172.22.2.4 - - [13/Sep/2022:04:14:45 -0500] "GET /BLA/boletinlegal/js/ajax_actos.js HTTP/1.1" 200 1322
172.22.2.4 - - [13/Sep/2022:04:14:50 -0500] "GET /BLA/boletinlegal/styles2.css HTTP/1.1" 200 1838
199.16.157.182 - - [13/Sep/2022:04:15:13 -0500] "GET /images/zorro-12-sept_optimized.jpeg HTTP/1.1" 200 26663
199.16.157.182 - - [13/Sep/2022:04:16:05 -0500] "GET /images/zorro-12-sept_optimized.jpeg HTTP/1.1" 200 26663
199.16.157.182 - - [13/Sep/2022:04:16:09 -0500] "GET /images/zorro-12-sept_optimized.jpeg HTTP/1.1" 200 26663
199.16.157.181 - - [13/Sep/2022:04:16:10 -0500] "GET /images/zorro-12-sept_optimized.jpeg HTTP/1.1" 200 26663
199.16.157.182 - - [13/Sep/2022:04:16:12 -0500] "GET /images/zorro-12-sept_optimized.jpeg HTTP/1.1" 200 26663
199.16.157.182 - - [13/Sep/2022:04:16:13 -0500] "GET /images/zorro-12-sept_optimized.jpeg HTTP/1.1" 200 26663
199.16.157.182 - - [13/Sep/2022:04:16:29 -0500] "GET /images/zorro-12-sept_optimized.jpeg HTTP/1.1" 200 26663
199.16.157.183 - - [13/Sep/2022:04:17:12 -0500] "GET /images/zorro-12-sept_optimized.jpeg HTTP/1.1" 200 26663
216.245.221.92 - - [13/Sep/2022:04:17:58 -0500] "HEAD / HTTP/1.1" 200 -
199.16.157.183 - - [13/Sep/2022:04:18:30 -0500] "GET /images/zorro-12-sept_optimized.jpeg HTTP/1.1" 200 26663
199.16.157.183 - - [13/Sep/2022:04:18:30 -0500] "GET /images/zorro-12-sept_optimized.jpeg HTTP/1.1" 200 26663
199.16.157.182 - - [13/Sep/2022:04:18:30 -0500] "GET /images/zorro-12-sept_optimized.jpeg HTTP/1.1" 200 26663
199.16.157.182 - - [13/Sep/2022:04:18:30 -0500] "GET /images/zorro-12-sept_optimized.jpeg HTTP/1.1" 200 26663
199.16.157.182 - - [13/Sep/2022:04:18:40 -0500] "GET /images/zorro-12-sept_optimized.jpeg HTTP/1.1" 200 26663
199.16.157.181 - - [13/Sep/2022:04:18:40 -0500] "GET /images/zorro-12-sept_optimized.jpeg HTTP/1.1" 200 26663
199.16.157.183 - - [13/Sep/2022:04:18:46 -0500] "GET /images/zorro-12-sept_optimized.jpeg HTTP/1.1" 200 26663
199.16.157.182 - - [13/Sep/2022:04:18:46 -0500] "GET /images/zorro-12-sept_optimized.jpeg HTTP/1.1" 200 26663
199.16.157.180 - - [13/Sep/2022:04:18:51 -0500] "GET /images/zorro-12-sept_optimized.jpeg HTTP/1.1" 200 26663
172.22.2.4 - - [13/Sep/2022:04:17:27 -0500] "HEAD /BLA/boletinlegal/ HTTP/1.1" 200 -
201.245.192.253 - - [13/Sep/2022:04:19:04 -0500] "POST /kwsrmcab/Wsrmcab HTTP/1.1" 200 37991
201.245.192.253 - - [13/Sep/2022:04:19:07 -0500] "POST /kwsrmcab/Wsrmcab HTTP/1.1" 200 40317
199.16.157.180 - - [13/Sep/2022:04:19:18 -0500] "GET /images/zorro-12-sept_optimized.jpeg HTTP/1.1" 200 26663
207.46.13.90 - - [13/Sep/2022:04:19:20 -0500] "GET /BLA/resoluciones/RESOLUCIONES%202021/2466.pdf HTTP/1.1" 304 -
201.245.192.253 - - [13/Sep/2022:04:19:24 -0500] "POST /kwsrmcab/Wsrmcab  HTTP/1.1" 200 36144
199.16.157.183 - - [13/Sep/2022:04:19:32 -0500] "GET /images/zorro-12-sept_optimized.jpeg HTTP/1.1" 200 26663
172.22.2.4 - - [13/Sep/2022:04:18:17 -0500] "GET /BLA/boletinlegal/ HTTP/1.1" 200 58163
199.16.157.180 - - [13/Sep/2022:04:20:12 -0500] "GET /images/zorro-12-sept_optimized.jpeg HTTP/1.1" 200 26663
199.16.157.182 - - [13/Sep/2022:04:21:29 -0500] "GET /images/zorro-12-sept_optimized.jpeg HTTP/1.1" 200 26663
199.16.157.181 - - [13/Sep/2022:04:21:32 -0500] "GET /images/zorro-12-sept_optimized.jpeg HTTP/1.1" 200 26663
199.16.157.181 - - [13/Sep/2022:04:21:33 -0500] "GET /images/zorro-12-sept_optimized.jpeg HTTP/1.1" 200 26663
199.16.157.180 - - [13/Sep/2022:04:21:45 -0500] "GET /images/zorro-12-sept_optimized.jpeg HTTP/1.1" 200 26663
199.16.157.182 - - [13/Sep/2022:04:22:02 -0500] "GET /images/zorro-12-sept_optimized.jpeg HTTP/1.1" 200 26663
199.16.157.181 - - [13/Sep/2022:04:22:19 -0500] "GET /images/zorro-12-sept_optimized.jpeg HTTP/1.1" 200 26663
186.80.52.178 - - [13/Sep/2022:04:22:49 -0500] "GET /kwssiamovil/sm/ldap/au?x=U2FsdGVkX1+iXXp9gM2w6X4EaX9z1AfS9nKPYqUIwCmGog/QQ0jLm/12TwJoqxtM&y=U2FsdGVkX18ORw7kTJY4CtgNX9DWue4TkOECP7WK1Ec= HTTP/1.1" 200 30
186.80.52.178 - - [13/Sep/2022:04:22:50 -0500] "GET /kwssiamovil/sm/acme/s?s=U2FsdGVkX1/m8MMoCcHHvazgATfC7eRdmp5TveqQndg2NY+NrffTZbZ+Adgm6NRhHcnMFUrOvAdEGiFuW9sVAOMbgdSty1iNGjinN0IAEsI=&u=U2FsdGVkX19cbuAbJDAMZ7thFC7WzKYk1U06goRec6w=&y=U2FsdGVkX18ORw7kTJY4CtgNX9DWue4TkOECP7WK1Ec= HTTP/1.1" 200 97
186.80.52.178 - - [13/Sep/2022:04:22:50 -0500] "GET /kwssiamovil/sm/acme/s?s=U2FsdGVkX18HxVM3t87IRDRvG+jwCs4gpqwLcWuBMfkPgeNL2cvJDAV3x6XGqfFyJ8r48HFj9JVc0U+I34k3mxoRtoi1IR+rxxcO/B1nb8jP3ye40jWZLyUH+v8vDE17/ZdUDFZH+pls2D9vScddvbqLZo2BoZZk3eKyYxE73wbQMyUR7MGDRlhj2+r+83/r/H7eupfLqCeeDt32E8rOQ2XGPo28a+M5MaOd/62eZQ4vclIOdo58EJPKlBzY8PnpLsyGzC+IfAV/iDab4Xjc0yaSmcidyPdwwoh0K+58lkaW4uw3O2dB+wCoxuJ5RFSXHn2UwWeKfBWHORZ8Bru9KyV7zfBwi34MvSVhKMqXoM0rsDfjY4baYQusyHviOzs1jN7FwBCabXbOEdPqwD+p/oqVNc8BM+foi9vWzKt/BzrPyDkbrcWaeER/te0oVbHVB9n7Fmp84SAmeMCCe77ikr59wf4TyrYL6ZcjPI7E/vSDfZ50Zz2rJjJFGwkEIJTVU6cjVCu/uTW5BIev5jpn1z1bFlrQZM8qfYRUdBxiEEPXS39RQnxUjGH7kagWELeEpwJU+JeAQtlP3ktSEDoxVLFH+DKv7yotJioSkiZf3k04nh+Of9YomegFE2V5+2QFKDeFaYc3Pdpz5j6wJOEAz+IzCxiVOACvxmfZv26lAoxX9Kj9nWGmZZlER98SxsTDcTAbC6tmIob6fTqe3gd2XZxK3yeDMl+dSKJ0vpo6PNduqhzxwoIrNBvtGqytL3OegMRe5Otk/kgqsFIhjpKFY4gCwJ2EnA8FW4J7GEIL8PpHfHLBS3EscW82tjoBZ74w8novza9/q4Uj98/HFW++4AIQt1m9QVvK6FUvp7gtu4E1I+JRZZxYYn3x5jEtCFxNiNgIFlOVN+33b41pzv77pOd3i9iPDdGKpOCbnvqrC8fpbgQ17TZT7VnZ//tzHjlv5X7hE0XWXOstQVR6A860JzGsXP1m3sKh44qjKgkael2ANMpiOur/6WYjB1xaiplXufSODdMxCH0gTpAWJGemtbu6CDvH2AiPJ6QDub+dQYQbfTSq9+MBrN7w7EQyGfSGMUlMQfFQPaixcEcvNzPfRWQl6WO81zUhS4X80l3yCb0lfLsGzdsMvHNQ8iHu/PcDliEWx25k5mOpM04xY9lpWV2IixRN2u4IPeHPssgKd7iIdq6isx69ZBC9uab9jSSrnnrgQyVcs1aA/iMaLR/MdYKtDaIlPc6aypuz4rJbUQHboqSY5p2Y91ScZkslRYLwzhW8b8lJqoBu6tp3LzSzNzumYtiLXkbERkIgGoFkEMaklZiywbOgmNNE2AXw4L8U4pJnYABEVtpN96GA5tOKOl93DjfJrkozNSgvOr+NLHQ=&u=U2FsdGVkX19cbuAbJDAMZ7thFC7WzKYk1U06goRec6w=&y=U2FsdGVkX18ORw7kTJY4CtgNX9DWue4TkOECP7WK1Ec= HTTP/1.1" 200 4467
186.80.52.178 - - [13/Sep/2022:04:22:50 -0500] "GET /kwssiamovil/sm/acme/s?s=U2FsdGVkX19/KRaBtIjd99A2NyKduU5JaW1sKxdqFQrecsuFQ0zVv1PryPtiIJbktYd3qIwUhdkXGrnBButAmZlUYAOu+OMM5N/kaOlqnscganFjtsfJOlua1Xc+AVyYihLZ206vcoesE9w5UZpEaieEze56LtMJsAqwWvHrhVBVMC8reDO1Zvc0lX9ZO69IYYTUZhclOpCG2x/ESr/VsrXiIn9Yjh0k2ajRdZ1NwjM6cIrGYuT2tV6+WpPHsEBfaO66o0io5upYrM9e/iM9k5qVzSuND7N+XKBQZsThHvM=&u=U2FsdGVkX19cbuAbJDAMZ7thFC7WzKYk1U06goRec6w=&y=U2FsdGVkX18ORw7kTJY4CtgNX9DWue4TkOECP7WK1Ec= HTTP/1.1" 200 176
186.80.52.178 - - [13/Sep/2022:04:22:50 -0500] "GET /kwssiamovil/sm/cjson/pre?f=1&x=U2FsdGVkX1+iXXp9gM2w6X4EaX9z1AfS9nKPYqUIwCmGog/QQ0jLm/12TwJoqxtM HTTP/1.1" 200 30992
216.245.221.92 - - [13/Sep/2022:04:22:58 -0500] "HEAD / HTTP/1.1" 200 -
163.220.128.41 - - [13/Sep/2022:04:23:26 -0500] "GET /galeria/galeria/fotos/2humedal-Burro2P.jpg HTTP/1.1" 200 8996
199.16.157.182 - - [13/Sep/2022:04:23:36 -0500] "GET /images/zorro-12-sept_optimized.jpeg HTTP/1.1" 200 26663
199.16.157.181 - - [13/Sep/2022:04:24:01 -0500] "GET /images/zorro-12-sept_optimized.jpeg HTTP/1.1" 200 26663
199.16.157.182 - - [13/Sep/2022:04:24:01 -0500] "GET /images/zorro-12-sept_optimized.jpeg HTTP/1.1" 200 26663
199.16.157.183 - - [13/Sep/2022:04:24:02 -0500] "GET /images/zorro-12-sept_optimized.jpeg HTTP/1.1" 200 26663
199.16.157.183 - - [13/Sep/2022:04:24:02 -0500] "GET /images/zorro-12-sept_optimized.jpeg HTTP/1.1" 200 26663
199.16.157.183 - - [13/Sep/2022:04:24:12 -0500] "GET /images/zorro-12-sept_optimized.jpeg HTTP/1.1" 200 26663
199.16.157.180 - - [13/Sep/2022:04:24:17 -0500] "GET /images/zorro-12-sept_optimized.jpeg HTTP/1.1" 200 26663
199.16.157.182 - - [13/Sep/2022:04:24:17 -0500] "GET /images/zorro-12-sept_optimized.jpeg HTTP/1.1" 200 26663
199.16.157.183 - - [13/Sep/2022:04:24:21 -0500] "GET /images/zorro-12-sept_optimized.jpeg HTTP/1.1" 200 26663
201.245.192.253 - - [13/Sep/2022:04:24:23 -0500] "POST /kwsrmcab/Wsrmcab  HTTP/1.1" 200 36144
172.22.2.4 - - [13/Sep/2022:04:23:17 -0500] "HEAD /BLA/boletinlegal/ HTTP/1.1" 200 -
199.16.157.183 - - [13/Sep/2022:04:25:40 -0500] "GET /images/zorro-12-sept_optimized.jpeg HTTP/1.1" 200 26663
172.22.2.4 - - [13/Sep/2022:04:24:07 -0500] "GET /BLA/boletinlegal/ HTTP/1.1" 200 55630
199.16.157.182 - - [13/Sep/2022:04:26:17 -0500] "GET /images/zorro-12-sept_optimized.jpeg HTTP/1.1" 200 26663
199.16.157.183 - - [13/Sep/2022:04:26:19 -0500] "GET /images/zorro-12-sept_optimized.jpeg HTTP/1.1" 200 26663
199.16.157.180 - - [13/Sep/2022:04:26:24 -0500] "GET /images/zorro-12-sept_optimized.jpeg HTTP/1.1" 200 26663
199.16.157.180 - - [13/Sep/2022:04:26:24 -0500] "GET /images/zorro-12-sept_optimized.jpeg HTTP/1.1" 200 26663
199.16.157.183 - - [13/Sep/2022:04:26:29 -0500] "GET /images/zorro-12-sept_optimized.jpeg HTTP/1.1" 200 26663
199.16.157.181 - - [13/Sep/2022:04:26:33 -0500] "GET /images/zorro-12-sept_optimized.jpeg HTTP/1.1" 200 26663
199.16.157.181 - - [13/Sep/2022:04:26:36 -0500] "GET /images/zorro-12-sept_optimized.jpeg HTTP/1.1" 200 26663
199.16.157.181 - - [13/Sep/2022:04:27:41 -0500] "GET /images/zorro-12-sept_optimized.jpeg HTTP/1.1" 200 26663
216.245.221.92 - - [13/Sep/2022:04:27:58 -0500] "HEAD / HTTP/1.1" 200 -
199.16.157.182 - - [13/Sep/2022:04:28:29 -0500] "GET /images/zorro-12-sept_optimized.jpeg HTTP/1.1" 200 26663
199.16.157.181 - - [13/Sep/2022:04:28:36 -0500] "GET /images/zorro-12-sept_optimized.jpeg HTTP/1.1" 200 26663
199.16.157.183 - - [13/Sep/2022:04:28:36 -0500] "GET /images/zorro-12-sept_optimized.jpeg HTTP/1.1" 200 26663
199.16.157.182 - - [13/Sep/2022:04:28:36 -0500] "GET /images/zorro-12-sept_optimized.jpeg HTTP/1.1" 200 26663
199.16.157.182 - - [13/Sep/2022:04:28:36 -0500] "GET /images/zorro-12-sept_optimized.jpeg HTTP/1.1" 200 26663
199.16.157.180 - - [13/Sep/2022:04:28:38 -0500] "GET /images/zorro-12-sept_optimized.jpeg HTTP/1.1" 200 26663
199.16.157.180 - - [13/Sep/2022:04:28:39 -0500] "GET /images/zorro-12-sept_optimized.jpeg HTTP/1.1" 200 26663
199.16.157.183 - - [13/Sep/2022:04:28:46 -0500] "GET /images/zorro-12-sept_optimized.jpeg HTTP/1.1" 200 26663
201.245.192.253 - - [13/Sep/2022:04:29:04 -0500] "POST /kwsrmcab/Wsrmcab HTTP/1.1" 200 37991
201.245.192.253 - - [13/Sep/2022:04:29:07 -0500] "POST /kwsrmcab/Wsrmcab HTTP/1.1" 200 40317
201.245.192.253 - - [13/Sep/2022:04:29:22 -0500] "POST /kwsrmcab/Wsrmcab  HTTP/1.1" 200 36144
199.16.157.181 - - [13/Sep/2022:04:29:43 -0500] "GET /images/zorro-12-sept_optimized.jpeg HTTP/1.1" 200 26663
186.102.59.46 - - [13/Sep/2022:04:30:01 -0500] "GET /kwssiamovil/sm/acme/a?s=U2FsdGVkX19pIx1tew9eUUUNbl/rHdV+TLARwb/2ctsv/Dt9hp3vyPPkRHx0uOXKF77Df05oetrlqcayvSwpyo4PlgOWvuQl6giwocqA3guvumnzLZCFCsANKLcG3nFswCCoZfwemBnovR2X4LHtUC1aoWdQF2Km1p8RgNaNuH+ThVmC2XWPWudxJxUzEkJalMEooX163I9ZNGWdISXqyZNKpM7fml6DbrgEc23KNwiJQP6IbaX3WuWDFxoRsvlL/mBKZQZ6G55MrADnNXjGuQ==&u=U2FsdGVkX1+PAr34z7oSHQX5O8GXj90M61LttNQT5+zja/iaH6jwww8MKmDD+jqs&y=U2FsdGVkX18X5jhEr2b/3M5mB+0HqBtdOgrLN1u66J5aFwXdbvT38I+ykSPC2o9O HTTP/1.1" 200 25
186.102.59.46 - - [13/Sep/2022:04:30:01 -0500] "GET /kwssiamovil/sm/acme/a?s=U2FsdGVkX182RFHemOVzxiOAMxtYEtWdbwxdBLKM1PnOFxy5QblwwQsgPPm/ziki++nWcOWFiuXuASdIsa0DN2oglhcTavxkmSpMwOjnojeoHXk/erguMkiId/Dn2lleDGS8tZ4tRvVA4+Xy3DJhN/sKNsET8dcDrZjcxVMG8qPUZT7w0hDTJeLdLKK0s2m/YTibCwrZJlV59ZYaCEfH34+/1LFMbhKrKZGgae1p+IbQKWcHUa319R6/zQYcQlkVtP+qRIMw2btm8/5NZmmqaMgxIlsTSJ00zKQohaBAp+T7efe8yE884XsNkKNGJII0KbzkFf6z0/1boUZqYnribHo+h+U6QSlT3z003XFXGGxxtIQC+sqjknStT5s1uFTzUASEvpr6TMxVFpqtTsE7G4t8LhhJGiTr3kqLPs+44nil8lmOD5j1s1hXO0Zg6eyxBzrrSQ40O9iAx9RL/C+yOMf2/sBl/W+gKD2HXMKS2BGnnIvfC3f06rNL6k2jZIHFr0dZYm3g5sA9/RZmLzJnSlETHjFPO21tEFScoym1O84GmpCSYlv8zlQzE/AH5c5fJ7VG/oAlmoEflvXTyR5Q3gMsUX98MfSQ92tfverPMNhtuMiCm4bjYM1VlrD6k5vma2TQPgl9BIaF0zTVhpCeLXCibVENzt6VE+JptIHhLGhRVJGXwEIcdTnP5J38T8G7h1aPiBLorwOfHW0JfPFLLpFfYsl21P9iSAnEa3jiJphGuvtqgi9dO2P2ceWA56+Pk15KDz7XC0ygNjtVLN6dmhliY8VREyjPyEDbVkpQfxtyADbPLx1pbBqhK5pOyMF2hLf5HPQ98d1N0Oaaq57P07Gx8Eo7F9AI1f1iKNux3HZgAL0CpN+Kcqa1Ta4QGN3umrzeahxkjh+VlCkmfqU/3cX1Ldg8LsP/NTDeCuiD6vquVVBOixJPm/Hs6WuVIM9eatPZK1FOxfL2L90HLxaOuaRzLf+pguH3cRI4IySEdS0s+xHG062kkRZuZtG9wDJawLSDJlZQcQA4hi4Mf9+Cxi7lDCyobMLdMf5Tc4LvPMm6DOFbWDM1UAZpGSNTYLcU90RITTDklAH6xa56P9/zeiqann08ERcpLoJG3HqJZzAOwv5hBnmVChzVzCavzd4YKjZAFf+1nHeLxwD5sxr4wneOYI3ZIBMPObuhJHnVmQqX0taD6xosZeCCDUfT8/bq3QOZhesN5RIWhRrCxC9T6gPj2cZVqhON7zID5PrPng7KWksWaWHB47zmayTtw7heI8Dksjm7MAGapZAFl+PLJKEuE2+TtqA/oo92z+fDahIbzgeMjX9nlxniXaiHOqjLjN4jpFeegXwuoRrjFwP8rwH60sFc0npoQijspGXe/TUjGzrzhS1ZQpd2l4Ww8ANAmcJNQtCDSHTC1ooPB3pbo5iiKx9KlTcKNmpxO8nGSKe8ZJTxRbAU8BaUblL/RhHtrVi9d6o6pFAH1E+CsGc+mcR1C+Mrd+DQq1OowMAynU82wkh4fJxsFUeiTmplyRgR7J66ydPr+0p91NQ7hOW2z7+IiZiuixxBqi6m2ThZOjrM9j1wApe8VSaXz+Hf6dhFcC1y+WpvaxI5wZfxKG1TUHUa8zUOcsfoJQV51dBDXOjwOkBgnsn2xoTyhtVk3oXDFab1TYNG1jQxLmm4jUW6w/wNIkwBjhZd12GVDRHdcA3PVYomaydIY+09YJfw3yl01vdxOFUR0HWxnr0xBLQMC1dSMY4EBrN2gbcc7goGYEEXbVOpUEK7wUTGw6MM2VhtIpRd7WLJI0l9BX2dGwhdaAh5SVShk9qCgCX/GEm3An92cJmoEYmBgj6Xg/1ZYbyXzBh3/GKuPqB6pilaRvc3NhZHfHoiwvOX5NrYMua32NtcDOC1654d9IWNqwD24FE1ISJSpj+ppqBhCHg5vEH2jf34hjKxexT+aaWxSGw5ozoax5yPoDXSCSBt7kZKRb8UeUvhJc2+uU/T5GxWlyGYnPfFI0mUnnqshctxWAmNGbQhge4fQR8WX23EcFyR0bciIBmm63EsmcpDFn4TrQEt+htQZiPOXY2kWlcMvHybAXb4ZvIKxke+XT5WwGXhBq0SLixG+XYJV4/lUNzBHF4CsrLkeQHtKdm6ua8xZ/XCC6CN0voNV3eI865q8QuA2Gul6d2W+miZq7vXQFW6E8VpN94w7A6CVHTiNwshBYhJU1wC3t5I64BNulT0Onwm3XgFtZx3MEv2eZq3+2BZ3sjSCr3PwAB1Xme81BIMh6ajkw34VLKoSAKW0b4tZs4HP1itS+WThUg3w0xkeFP1y4C/qrtadkF3GQz3sG2HmL1Mrv3BdLTD00KaRm4YKgGaVDRLYcSmGbXAEl/9MFRKBTDVVT6+OpGK986oBmdsYGuxTMgeGOHi36rhzm3N/tldCwbBvjIqRzP1c3vHScGjPxMFKf4RQQbmQX6TTzHgmtr5Ih22MR7ChGEqM1qvtpxlkSp7+IVcMWZ448in9mNgic0raSK+NJvA+Ol/R7anW24L5LSNBErdF+dZgfEUiGPms8s1uAg3aCpRrHy0J5x/p13RlPkXbnB7Fo/Wvte5r0AkKFxGk9ZUx7/FdPeHxjR1zX2OmH2E7C08xVHtu6ZkJPpVhN5ptOVSecm1pmkC/xvKPm9gwV3GlWUGhIM/9kCgMkUubrU2JUg8PNCpgqJ4eum7/3Qc9cxbc1QEQF8MizRNfnP8/WGzRtfPYEur1YVDo2lMQz4zCol1evRot25nsSvD7Fd1aMdz8rP8t27Z141agIMNvmaeL4EU1Kq5JQLJwGzSj/XalUU3xS3k9E9+vBjAU5xaKq3UyAmqWM/MNMbQ7GJX+Dhj0oeXWDBkqeg0RHQvx2TqdxeCfCpJFBXlFkoMXYkI5s6pbLmyE+QPXObLYPVuvKQVIKzkbe3nzTs3jMiQ7iWf0f7MYjHd7ECVu7GlgUAtdLSHRqlKC14uUveEf/Us8exnPOSBL9lKHY0GxNjK6EonL0tyFLyDXfdhJtEGjtYN1dW8kaNoN7q4bOrYmujPHiThY1TYsPbbdEcOff0FTMmsEJxqwdKkbX+3PamZVGKq5EYpB8kZwrWKL0hcvLai4wMdIAXzZrI7MwIjiwx/imTpjiEowvhjNjrBBgfNEurjnRZb/kIB4mlBI13W/bhNS4/AGNxoJRE/TOa6C5HRLf3Kf9cyG00hKLtWs0xu2hSzvfbuCtDbiLfydSKZQs0=&u=U2FsdGVkX1+PAr34z7oSHQX5O8GXj90M61LttNQT5+zja/iaH6jwww8MKmDD+jqs&y=U2FsdGVkX18X5jhEr2b/3M5mB+0HqBtdOgrLN1u66J5aFwXdbvT38I+ykSPC2o9O HTTP/1.1" 200 25
186.102.59.46 - - [13/Sep/2022:04:30:01 -0500] "GET /kwssiamovil/sm/acme/a?s=U2FsdGVkX1/NHN30M7cVYNfo334H+lJmeGrdGgKEkTUlrg1qYD75XHt3CFrHIaPrAtEE0A/oasHS/e71hSj9K/5x6i9E2tAnhwabEhBUrNOPbAtCaKxxuDfb/yfSrYKwoPK25wYwd8AWT02bdAKITJUUf+cMsLmidBMPmAdtfz8=&u=U2FsdGVkX1+PAr34z7oSHQX5O8GXj90M61LttNQT5+zja/iaH6jwww8MKmDD+jqs&y=U2FsdGVkX18X5jhEr2b/3M5mB+0HqBtdOgrLN1u66J5aFwXdbvT38I+ykSPC2o9O HTTP/1.1" 200 25
186.102.59.46 - - [13/Sep/2022:04:30:02 -0500] "GET /kwssiamovil/sm/acme/a?s=U2FsdGVkX19Zq0luYKzR5mFGgc4qDNmkXoT+YPkBxkg3ByrMnAQCMA8jdvcIvz5daHV1FqqKREDuwBIkFGahX3+9NgYeqd63QWRITHED5siyMsVytyZG9t5lcTkgAvE617nU0Ycl+0YQsDkskdYdDr6BBVsdX3Quno03HIqxzpY=&u=U2FsdGVkX1+PAr34z7oSHQX5O8GXj90M61LttNQT5+zja/iaH6jwww8MKmDD+jqs&y=U2FsdGVkX18X5jhEr2b/3M5mB+0HqBtdOgrLN1u66J5aFwXdbvT38I+ykSPC2o9O HTTP/1.1" 200 25
186.102.59.46 - - [13/Sep/2022:04:30:02 -0500] "GET /kwssiamovil/sm/acme/a?s=U2FsdGVkX195UVUP91Ohk7bDnEjpl1G9t72D/iuXb65BK9Uo9qlSRn/tCqD/bUdSQn0wCjjTOb/yOcCTttIOBX106v1PEQSLdQaB6k5rME9hK9jyuFXcB5oW9mVRjVaAymWLx/Cc2eTjwZtmqGnTj1gG716F0BWOCa2Yw7xGNhU=&u=U2FsdGVkX1+PAr34z7oSHQX5O8GXj90M61LttNQT5+zja/iaH6jwww8MKmDD+jqs&y=U2FsdGVkX18X5jhEr2b/3M5mB+0HqBtdOgrLN1u66J5aFwXdbvT38I+ykSPC2o9O HTTP/1.1" 200 25
186.102.59.46 - - [13/Sep/2022:04:30:02 -0500] "GET /kwssiamovil/sm/acme/a?s=U2FsdGVkX184mGtJjhobYEaXjxaIZTQUp5XQ9WLOo+hJLn1hXziS315c4HShDvt7vCHr463teeQT8ctMHCPmdD+aDAWgjyUwStCEtp2LXiaMKB90vmbWOB8YCZ9/RenqKOjauMwPneTd9gTwuwPFezd7m8jnp7BSx9HXU3jI1qr7NL/YnQoeulagG4KqU/fJ&u=U2FsdGVkX1+PAr34z7oSHQX5O8GXj90M61LttNQT5+zja/iaH6jwww8MKmDD+jqs&y=U2FsdGVkX18X5jhEr2b/3M5mB+0HqBtdOgrLN1u66J5aFwXdbvT38I+ykSPC2o9O HTTP/1.1" 200 25
199.16.157.182 - - [13/Sep/2022:04:30:30 -0500] "GET /images/zorro-12-sept_optimized.jpeg HTTP/1.1" 200 26663
199.16.157.181 - - [13/Sep/2022:04:30:46 -0500] "GET /images/zorro-12-sept_optimized.jpeg HTTP/1.1" 200 26663
172.22.2.4 - - [13/Sep/2022:04:29:07 -0500] "HEAD /BLA/boletinlegal/ HTTP/1.1" 200 -
199.16.157.182 - - [13/Sep/2022:04:30:51 -0500] "GET /images/zorro-12-sept_optimized.jpeg HTTP/1.1" 200 26663
172.22.2.4 - - [13/Sep/2022:04:29:57 -0500] "GET /BLA/boletinlegal/ HTTP/1.1" 200 52877
199.16.157.183 - - [13/Sep/2022:04:31:46 -0500] "GET /images/zorro-12-sept_optimized.jpeg HTTP/1.1" 200 26663
186.80.52.178 - - [13/Sep/2022:04:32:27 -0500] "OPTIONS /kwssiamovil/sm/setfile/f? HTTP/1.1" 200 13
186.80.52.178 - - [13/Sep/2022:04:32:28 -0500] "POST /kwssiamovil/sm/setfile/f? HTTP/1.1" 200 381
186.80.52.178 - - [13/Sep/2022:04:32:30 -0500] "OPTIONS /kwssiamovil/sm/setfile/f? HTTP/1.1" 200 13
199.16.157.181 - - [13/Sep/2022:04:32:31 -0500] "GET /images/zorro-12-sept_optimized.jpeg HTTP/1.1" 200 26663
186.80.52.178 - - [13/Sep/2022:04:32:30 -0500] "POST /kwssiamovil/sm/setfile/f? HTTP/1.1" 200 381
186.80.52.178 - - [13/Sep/2022:04:32:32 -0500] "OPTIONS /kwssiamovil/sm/setfile/f? HTTP/1.1" 200 13
186.80.52.178 - - [13/Sep/2022:04:32:33 -0500] "POST /kwssiamovil/sm/setfile/f? HTTP/1.1" 200 381
186.80.52.178 - - [13/Sep/2022:04:32:41 -0500] "GET /kwssiamovil/sm/acme/a?s=U2FsdGVkX1/ofzV0St1dutzLjkOA82S3Y6vVPrHm0iEpHoxaCE4ZSIR1s7Rm1Yo1WAc9mSwgMOzuH+zjTBCtJ7nx3hlNVmDzPga3Tu9yjRGkJqu2AaFeYKBaUxYRhEdqPaTACFyggM/UD25cgkGGxzXS/pXJX8wOZDqoBTSFp19fWBNVVS9PUUaCpJl9e6tpgRuKSHta7Pb/SDTEnxjq/IXdgR4HJXuf8tOy4ACNJD+X5yNHLEa8pH3HH3uCKn25oFePFibdmQCNUgL7NtuM0Q==&u=U2FsdGVkX19cbuAbJDAMZ7thFC7WzKYk1U06goRec6w=&y=U2FsdGVkX18ORw7kTJY4CtgNX9DWue4TkOECP7WK1Ec= HTTP/1.1" 200 25
186.80.52.178 - - [13/Sep/2022:04:32:42 -0500] "GET /kwssiamovil/sm/acme/a?s=U2FsdGVkX1+CX5SZTcBxY/MAA6IlJ/OfJ6N0T34jXviLaqR+E2kQDJkQm3mEhrLB/y0f/gezxbdiCb4H0aEat6iwh9n3epAL4CbL0jRx2ztMVysO6HX2G+MTWASEZbAUhzzOAMQZ+0ZdQ/dY5w+9YqBQvu/Flm/WGCbR4uniUaqjAYZIuy3ImmdS0H2Ud4nEQK0Ehd//ork9Dqv3c3laUo0GtliZjgeJt8hRKPDhqgz2PRJRldkEdRJgmA0eRD4x3LHREiYyX6rAAETNKSwQbAIx2KztRFJoNo/RW3lm6nFobjibeb8HG3L7XM59mkOtKZo1oNS6hWahcR3ORfaLDiPdq8TpNsu7praKNAbK9+GD36AE9MswZ5Owjq1TDCeSUsbH+Q6w2meQ6HsH4IbmeDII1QGI+DMyg4n1n0LdDBRbIJ/H0561FYNrAN6LUOKu/D4GJYP/g+8pBlGpOx9TdN27xVg2Ycb6eEx5gkcvci+3Z6luZRKgoNAsHyXFNx/SptYB0KUZKXnkHcPMPbn/9NxvbLdEcrjohoQoCwR9EEkRWoANCArE3DDrQsdhZJN2ECiYM9EMqbVg1V0azkYXmefB3XEmVMh8qPwzRxwmKavSowDo8Cy9SzdQ2GnO7JCflLzYae7mL+WmQSFIsYSiJ/G4g/QrMouDRhcYXDxNLJk+LFMZzDWAA0gng9i+QAdQafZ6uSlDIF+y2/g8M+GQSG9/pBUVDBUBBBuB3q7WMnGf0m7ya1SonRN1hXPjLFkgawl1U9cRHIveehiT65iSiCaIPmmN57JbceNKCegbXmr+fW9A84Svpbv1unFnqjBGK+hj+gvQvw6lp7tejIImDgW/+F5jX3ivweBPgd59okN/mIX2WBbVcnql2nKUJ2l1oN0sYUGMySdJzo/3lu3FCLfOGJOJpyRbdFzm1eN9oF7utx5HyI9FUHhIWUHeHWvIy0EKiuKZWV9WsKr8JI7dQgScJGhjUOLTabC1+hUoEq2ChAAxxWkLcLa7B+0xetZ5JEsB1v9DhIEdWDgnGQNx0iJYxsQv/kQFwushxJegJlHMBeCJhkURGI2TPLx0PdrlKXDkAu//wsAzvL/YyV1l+riukmyIWh74Tcdh1M/7h3xLzxaiGlIo8GZqTPSZFw8ba8thbA+YksHdyZr2rr2Ao3qdGJ41+tjXrYN8OqhhCzLm/qz2WAejc1PfLqnwAWr5lSWM7s2FIlIWR37tinIbHlY2gVENlPfr0yWHTZ8RRvwJYqppBUYviZv3KDSwWJogRgdu+cMtnlaiFSTYhwzrlOwhGqMg501jpY2RO8o+2NiDgivyr6AbWC6Yaq+Ha56YI65hm0r2Ls7+bHg1O6a+n4FLn6th6nBOGK26xOBFK2NxNZCqtsfLb+3j7Nz0PvrhovXf1Dkv0Lxt7kwiMl5Ny/ZrQivL8ngzUpTUi5BoktBPaHAchDK5NMcFvmPfwCvUUAEAnlQsoUOBlWuW9xDT1FLMN9CH7u1eDF9csA4/OXdAo9pRWYW5K3k+/Xe3EsD3OZ5erpGvpddHuG1jT5k9WtL/db/L0HKrvdb5iz+bYwM80yhbL1jxCIgtN0IwzSUgGV74AAl1Lyfz0UxqKsrmEMAgFwLIQ5FD2gqzxdpsfge1IYXRMG9IghZcKKoPFlnzcdjB9NmNK0HoqBB4yG07Uke57hmUeR6dzpzAawvggbqj4+pejShO1LWIhiFj3rL656anW0i5CWEEhH6dWHZYYZNCbmnxTf58xSh5WUigx5o=&u=U2FsdGVkX19cbuAbJDAMZ7thFC7WzKYk1U06goRec6w=&y=U2FsdGVkX18ORw7kTJY4CtgNX9DWue4TkOECP7WK1Ec= HTTP/1.1" 200 25
186.80.52.178 - - [13/Sep/2022:04:32:42 -0500] "GET /kwssiamovil/sm/acme/a?s=U2FsdGVkX19ge5eCfQaLB9m/5gOneoO6gz0yCLozGiiZc5saeXtLnDKKLU6h7URucBJouls9EvFY3zql0AzkZAFPG6CB/oOjnTjWXjPLKVeqLF+ifhU1q4keAE6lK1XbLjK2YbOniLVp8lDwE9xnUS5rl9mGsP1FQNyTsNY5TQs=&u=U2FsdGVkX19cbuAbJDAMZ7thFC7WzKYk1U06goRec6w=&y=U2FsdGVkX18ORw7kTJY4CtgNX9DWue4TkOECP7WK1Ec= HTTP/1.1" 200 25
186.80.52.178 - - [13/Sep/2022:04:32:42 -0500] "GET /kwssiamovil/sm/acme/a?s=U2FsdGVkX1/3MvdTNhIipxDObdRe8IwEJsXthaZ/8T4hSHDn/QenNXhnx1eaM6qmFlxy/22d2MMAP0bMAx3uPchqOidzJYTo2i3qX18/94DMknZh67uhyQACPa7Hf5dwqDg6Y/8PuJx7OTxmSdbVrpKTuV7rPmWmPAcot3uuEQU=&u=U2FsdGVkX19cbuAbJDAMZ7thFC7WzKYk1U06goRec6w=&y=U2FsdGVkX18ORw7kTJY4CtgNX9DWue4TkOECP7WK1Ec= HTTP/1.1" 200 25
186.80.52.178 - - [13/Sep/2022:04:32:42 -0500] "GET /kwssiamovil/sm/acme/a?s=U2FsdGVkX19i4z9KItJeaUBla6cnlJHYicVoUR+I6HqE/CbD+wDSj0UrPGnXOPv3knmG/DZhsMjDRMUORP97QMlBtiXXNZD0GYCM4C40IGzM6uX86fJOY96+QKk0XIp43Y+hzZ1zVrNxCMLN+k6ywbMQeExRNZPFRA9dN8r/cC4=&u=U2FsdGVkX19cbuAbJDAMZ7thFC7WzKYk1U06goRec6w=&y=U2FsdGVkX18ORw7kTJY4CtgNX9DWue4TkOECP7WK1Ec= HTTP/1.1" 200 25
186.80.52.178 - - [13/Sep/2022:04:32:42 -0500] "GET /kwssiamovil/sm/acme/a?s=U2FsdGVkX1+CHKrhWFI5eZzQ3aUkJxnJfD7xgwOBQ3KpxeXMF7lme8VxKbQvRh0CzP7jA+ToIhEYd6gE5/EU/DYW6SCAj3d9lMVz1jg7WCt5Ue/TgO/RZ6T4ajklWVI/9BtZIiuIJKbGeVCzwfWznPTC/Jjq6EeJ+Ncklprm4e7g+3qvmbXOM55FF6j6mnt0&u=U2FsdGVkX19cbuAbJDAMZ7thFC7WzKYk1U06goRec6w=&y=U2FsdGVkX18ORw7kTJY4CtgNX9DWue4TkOECP7WK1Ec= HTTP/1.1" 200 25
186.80.52.178 - - [13/Sep/2022:04:32:43 -0500] "GET /kwssiamovil/sm/acme/a?s=U2FsdGVkX1/fXcGlRrzeTD+9qYD5ckJpFVfl4xBIhQCuQgVLvIoIzo46qyglgeXYlKLTmmHooWEx8xb2758eS3DZS3fkcoH7xtiZy+xb4TUXbEFyT6+Q/CBe6qXz7NXPXc/P/sEAxr7sNuohaubR++pLcwXma0Y7p836ZHFxpfdEphM+UkTmlv2woDsKgQlatl0iaF8SlOaHowXOT3MXWw==&u=U2FsdGVkX19cbuAbJDAMZ7thFC7WzKYk1U06goRec6w=&y=U2FsdGVkX18ORw7kTJY4CtgNX9DWue4TkOECP7WK1Ec= HTTP/1.1" 200 25
186.80.52.178 - - [13/Sep/2022:04:32:43 -0500] "GET /kwssiamovil/sm/acme/a?s=U2FsdGVkX1/LxnVsUGt0Twbd0dRjMN5bvpp4qk5CamFmrPR1ECGcBNCWi2uJgAGOxW11K8+Gz7PR7u9vZhy3bBvqew2B8G2ZjEL3nym0zZlufh6+uSEznWMPLeazSfYwVZuZG3VMBy46s+TncMFpLvKBnIJIa74gh1vlCrrAa8pd4PJ4udfp/P11KIAIgviV&u=U2FsdGVkX19cbuAbJDAMZ7thFC7WzKYk1U06goRec6w=&y=U2FsdGVkX18ORw7kTJY4CtgNX9DWue4TkOECP7WK1Ec= HTTP/1.1" 200 25
186.80.52.178 - - [13/Sep/2022:04:32:43 -0500] "GET /kwssiamovil/sm/acme/a?s=U2FsdGVkX1/jJlWZxzojZsRPgG0lWhqMN9bJvklW3n1tO2JnPH2YwIoNPzLPV9LNABiKfZCbaH808gEZJKtxtp+vCjvoCM1R5btBifLN8hCEa0qu96fJn/iUvujUt4XKUAcZcDuhmDkRB7sLvxYcnEp5o2LxjyGyoMRWkesng9DLBIpEkWiCPrrjPNq0M72cOoZBzCDoUwO7RQ1Uyk6qpg==&u=U2FsdGVkX19cbuAbJDAMZ7thFC7WzKYk1U06goRec6w=&y=U2FsdGVkX18ORw7kTJY4CtgNX9DWue4TkOECP7WK1Ec= HTTP/1.1" 200 25
186.80.52.178 - - [13/Sep/2022:04:32:43 -0500] "GET /kwssiamovil/sm/acme/a?s=U2FsdGVkX1++9XSXx7gULBxaVk9BQ1xZmjNaJvt7j+AT5flvC5qCuujHAkv1KKKn1Z7ybG8V4Obcs0t5BWZ44Ewq+JBsScCc2qfJ3htRvQ5Jlq+4cF56o+86fhn7K7rnAD/wDtuIce33yiQo03agZj883IQUQd4+ofFTLSwzZhd1qzUQKyd/+MuPQ8j4tJdb&u=U2FsdGVkX19cbuAbJDAMZ7thFC7WzKYk1U06goRec6w=&y=U2FsdGVkX18ORw7kTJY4CtgNX9DWue4TkOECP7WK1Ec= HTTP/1.1" 200 25
186.80.52.178 - - [13/Sep/2022:04:32:43 -0500] "GET /kwssiamovil/sm/acme/a?s=U2FsdGVkX19Q+A9RLngF9IQyAkioimwN5ZlZ4XMXE8PSdpWLYNE4MTcnRBcfyPlliRYYtmqnTgDFYnx1tIZ4DLvH2+ZNXP7VrlJ0/qUR4r9DMzj+sA+9CMa2M55soWaIuVKwJu5nulP9Vu1CSwiU26nWeasP+AmQqO1cCFnI42cp3CJl3O/myrXQP0vlmq+FOlxI1NazAr3sLXmEGi/uzg==&u=U2FsdGVkX19cbuAbJDAMZ7thFC7WzKYk1U06goRec6w=&y=U2FsdGVkX18ORw7kTJY4CtgNX9DWue4TkOECP7WK1Ec= HTTP/1.1" 200 25
186.80.52.178 - - [13/Sep/2022:04:32:43 -0500] "GET /kwssiamovil/sm/acme/a?s=U2FsdGVkX1/+x/6ZKfVeJ8IZqbz2YwfhB6vhtR9oW+CTfv0HulxvcTrSevdHMKFDqzU0YeJFBaPO7PmaEw6BmHWIAi9KELtGa4DBepCycnKzsDbpDIJtlVjqFq23eSEufkSskURYuNCAvaup/eYJ8+5KkFawqW8tMBOk9YBDjorG6z26QyhbtNStcZQfxeQa&u=U2FsdGVkX19cbuAbJDAMZ7thFC7WzKYk1U06goRec6w=&y=U2FsdGVkX18ORw7kTJY4CtgNX9DWue4TkOECP7WK1Ec= HTTP/1.1" 200 25
165.227.211.106 - - [13/Sep/2022:04:32:51 -0500] "GET / HTTP/1.0" 200 319
199.16.157.183 - - [13/Sep/2022:04:32:56 -0500] "GET /images/zorro-12-sept_optimized.jpeg HTTP/1.1" 200 26663
199.16.157.181 - - [13/Sep/2022:04:32:56 -0500] "GET /images/zorro-12-sept_optimized.jpeg HTTP/1.1" 200 26663
199.16.157.182 - - [13/Sep/2022:04:32:56 -0500] "GET /images/zorro-12-sept_optimized.jpeg HTTP/1.1" 200 26663
199.16.157.182 - - [13/Sep/2022:04:32:56 -0500] "GET /images/zorro-12-sept_optimized.jpeg HTTP/1.1" 200 26663
199.16.157.183 - - [13/Sep/2022:04:32:56 -0500] "GET /images/zorro-12-sept_optimized.jpeg HTTP/1.1" 200 26663
199.16.157.183 - - [13/Sep/2022:04:32:56 -0500] "GET /images/zorro-12-sept_optimized.jpeg HTTP/1.1" 200 26663
216.245.221.92 - - [13/Sep/2022:04:32:58 -0500] "HEAD / HTTP/1.1" 200 -
199.16.157.183 - - [13/Sep/2022:04:33:01 -0500] "GET /images/zorro-12-sept_optimized.jpeg HTTP/1.1" 200 26663
199.16.157.181 - - [13/Sep/2022:04:33:03 -0500] "GET /images/zorro-12-sept_optimized.jpeg HTTP/1.1" 200 26663
199.16.157.181 - - [13/Sep/2022:04:33:04 -0500] "GET /images/zorro-12-sept_optimized.jpeg HTTP/1.1" 200 26663
199.16.157.181 - - [13/Sep/2022:04:33:49 -0500] "GET /images/zorro-12-sept_optimized.jpeg HTTP/1.1" 200 26663
23.251.102.74 - - [13/Sep/2022:04:34:19 -0500] "GET /portaldeninos/ HTTP/1.1" 200 110197
201.245.192.253 - - [13/Sep/2022:04:34:21 -0500] "POST /kwsrmcab/Wsrmcab  HTTP/1.1" 200 36144
199.16.157.180 - - [13/Sep/2022:04:34:32 -0500] "GET /images/zorro-12-sept_optimized.jpeg HTTP/1.1" 200 26663
199.16.157.182 - - [13/Sep/2022:04:35:04 -0500] "GET /images/zorro-12-sept_optimized.jpeg HTTP/1.1" 200 26663
199.16.157.181 - - [13/Sep/2022:04:35:04 -0500] "GET /images/zorro-12-sept_optimized.jpeg HTTP/1.1" 200 26663
199.16.157.181 - - [13/Sep/2022:04:35:05 -0500] "GET /images/zorro-12-sept_optimized.jpeg HTTP/1.1" 200 26663
199.16.157.182 - - [13/Sep/2022:04:35:05 -0500] "GET /images/zorro-12-sept_optimized.jpeg HTTP/1.1" 200 26663
199.16.157.180 - - [13/Sep/2022:04:35:08 -0500] "GET /images/zorro-12-sept_optimized.jpeg HTTP/1.1" 200 26663
199.16.157.182 - - [13/Sep/2022:04:35:11 -0500] "GET /images/zorro-12-sept_optimized.jpeg HTTP/1.1" 200 26663
199.16.157.182 - - [13/Sep/2022:04:35:21 -0500] "GET /images/zorro-12-sept_optimized.jpeg HTTP/1.1" 200 26663
199.16.157.182 - - [13/Sep/2022:04:35:22 -0500] "GET /images/zorro-12-sept_optimized.jpeg HTTP/1.1" 200 26663
199.16.157.183 - - [13/Sep/2022:04:35:22 -0500] "GET /images/zorro-12-sept_optimized.jpeg HTTP/1.1" 200 26663
199.16.157.182 - - [13/Sep/2022:04:35:26 -0500] "GET /images/zorro-12-sept_optimized.jpeg HTTP/1.1" 200 26663
199.16.157.180 - - [13/Sep/2022:04:35:28 -0500] "GET /images/zorro-12-sept_optimized.jpeg HTTP/1.1" 200 26663
199.16.157.180 - - [13/Sep/2022:04:35:32 -0500] "GET /images/zorro-12-sept_optimized.jpeg HTTP/1.1" 200 26663
199.16.157.182 - - [13/Sep/2022:04:35:35 -0500] "GET /images/zorro-12-sept_optimized.jpeg HTTP/1.1" 200 26663
199.16.157.182 - - [13/Sep/2022:04:35:36 -0500] "GET /images/zorro-12-sept_optimized.jpeg HTTP/1.1" 200 26663
199.16.157.181 - - [13/Sep/2022:04:35:39 -0500] "GET /images/zorro-12-sept_optimized.jpeg HTTP/1.1" 200 26663
199.16.157.183 - - [13/Sep/2022:04:35:41 -0500] "GET /images/zorro-12-sept_optimized.jpeg HTTP/1.1" 200 26663
199.16.157.183 - - [13/Sep/2022:04:35:42 -0500] "GET /images/zorro-12-sept_optimized.jpeg HTTP/1.1" 200 26663
199.16.157.181 - - [13/Sep/2022:04:35:42 -0500] "GET /images/zorro-12-sept_optimized.jpeg HTTP/1.1" 200 26663
199.16.157.183 - - [13/Sep/2022:04:35:43 -0500] "GET /images/zorro-12-sept_optimized.jpeg HTTP/1.1" 200 26663
199.16.157.182 - - [13/Sep/2022:04:35:52 -0500] "GET /images/zorro-12-sept_optimized.jpeg HTTP/1.1" 200 26663
199.16.157.183 - - [13/Sep/2022:04:36:33 -0500] "GET /images/zorro-12-sept_optimized.jpeg HTTP/1.1" 200 26663
172.22.2.4 - - [13/Sep/2022:04:34:57 -0500] "HEAD /BLA/boletinlegal/ HTTP/1.1" 200 -
172.22.2.4 - - [13/Sep/2022:04:35:47 -0500] "GET /BLA/boletinlegal/ HTTP/1.1" 200 53290
199.16.157.182 - - [13/Sep/2022:04:37:43 -0500] "GET /images/zorro-12-sept_optimized.jpeg HTTP/1.1" 200 26663
199.16.157.181 - - [13/Sep/2022:04:37:43 -0500] "GET /images/zorro-12-sept_optimized.jpeg HTTP/1.1" 200 26663
199.16.157.180 - - [13/Sep/2022:04:37:43 -0500] "GET /images/zorro-12-sept_optimized.jpeg HTTP/1.1" 200 26663
199.16.157.182 - - [13/Sep/2022:04:37:43 -0500] "GET /images/zorro-12-sept_optimized.jpeg HTTP/1.1" 200 26663
199.16.157.182 - - [13/Sep/2022:04:37:43 -0500] "GET /images/zorro-12-sept_optimized.jpeg HTTP/1.1" 200 26663
199.16.157.180 - - [13/Sep/2022:04:37:43 -0500] "GET /images/zorro-12-sept_optimized.jpeg HTTP/1.1" 200 26663
199.16.157.181 - - [13/Sep/2022:04:37:43 -0500] "GET /images/zorro-12-sept_optimized.jpeg HTTP/1.1" 200 26663
199.16.157.181 - - [13/Sep/2022:04:37:46 -0500] "GET /images/zorro-12-sept_optimized.jpeg HTTP/1.1" 200 26663
199.16.157.181 - - [13/Sep/2022:04:37:53 -0500] "GET /images/zorro-12-sept_optimized.jpeg HTTP/1.1" 200 26663
66.249.73.97 - - [13/Sep/2022:04:37:58 -0500] "-" 408 -
216.245.221.92 - - [13/Sep/2022:04:37:58 -0500] "HEAD / HTTP/1.1" 200 -
199.16.157.182 - - [13/Sep/2022:04:38:37 -0500] "GET /images/zorro-12-sept_optimized.jpeg HTTP/1.1" 200 26663
201.245.192.253 - - [13/Sep/2022:04:39:04 -0500] "POST /kwsrmcab/Wsrmcab HTTP/1.1" 200 37991
201.245.192.253 - - [13/Sep/2022:04:39:07 -0500] "POST /kwsrmcab/Wsrmcab HTTP/1.1" 200 40317
201.245.192.253 - - [13/Sep/2022:04:39:20 -0500] "POST /kwsrmcab/Wsrmcab  HTTP/1.1" 200 36144
199.16.157.180 - - [13/Sep/2022:04:39:46 -0500] "GET /images/zorro-12-sept_optimized.jpeg HTTP/1.1" 200 26663
199.16.157.181 - - [13/Sep/2022:04:39:46 -0500] "GET /images/zorro-12-sept_optimized.jpeg HTTP/1.1" 200 26663
199.16.157.183 - - [13/Sep/2022:04:39:50 -0500] "GET /images/zorro-12-sept_optimized.jpeg HTTP/1.1" 200 26663
199.16.157.182 - - [13/Sep/2022:04:39:51 -0500] "GET /images/zorro-12-sept_optimized.jpeg HTTP/1.1" 200 26663
199.16.157.181 - - [13/Sep/2022:04:39:53 -0500] "GET /images/zorro-12-sept_optimized.jpeg HTTP/1.1" 200 26663
199.16.157.183 - - [13/Sep/2022:04:39:54 -0500] "GET /images/zorro-12-sept_optimized.jpeg HTTP/1.1" 200 26663
199.16.157.182 - - [13/Sep/2022:04:40:43 -0500] "GET /images/zorro-12-sept_optimized.jpeg HTTP/1.1" 200 26663
157.55.39.201 - - [13/Sep/2022:04:41:07 -0500] "GET /galeria/galeria/fotos/micos6P.jpg HTTP/1.1" 200 31809
199.16.157.183 - - [13/Sep/2022:04:41:53 -0500] "GET /images/zorro-12-sept_optimized.jpeg HTTP/1.1" 200 26663
199.16.157.182 - - [13/Sep/2022:04:41:53 -0500] "GET /images/zorro-12-sept_optimized.jpeg HTTP/1.1" 200 26663
199.16.157.182 - - [13/Sep/2022:04:41:53 -0500] "GET /images/zorro-12-sept_optimized.jpeg HTTP/1.1" 200 26663
199.16.157.180 - - [13/Sep/2022:04:41:53 -0500] "GET /images/zorro-12-sept_optimized.jpeg HTTP/1.1" 200 26663
199.16.157.180 - - [13/Sep/2022:04:41:53 -0500] "GET /images/zorro-12-sept_optimized.jpeg HTTP/1.1" 200 26663
199.16.157.181 - - [13/Sep/2022:04:41:57 -0500] "GET /images/zorro-12-sept_optimized.jpeg HTTP/1.1" 200 26663
199.16.157.183 - - [13/Sep/2022:04:42:00 -0500] "GET /images/zorro-12-sept_optimized.jpeg HTTP/1.1" 200 26663
199.16.157.180 - - [13/Sep/2022:04:42:10 -0500] "GET /images/zorro-12-sept_optimized.jpeg HTTP/1.1" 200 26663
172.22.2.4 - - [13/Sep/2022:04:40:47 -0500] "HEAD /BLA/boletinlegal/ HTTP/1.1" 200 -
199.16.157.182 - - [13/Sep/2022:04:42:45 -0500] "GET /images/zorro-12-sept_optimized.jpeg HTTP/1.1" 200 26663
216.245.221.92 - - [13/Sep/2022:04:42:58 -0500] "HEAD / HTTP/1.1" 200 -
172.22.2.4 - - [13/Sep/2022:04:41:37 -0500] "GET /BLA/boletinlegal/ HTTP/1.1" 200 53640
199.16.157.183 - - [13/Sep/2022:04:44:03 -0500] "GET /images/zorro-12-sept_optimized.jpeg HTTP/1.1" 200 26663
199.16.157.181 - - [13/Sep/2022:04:44:10 -0500] "GET /images/zorro-12-sept_optimized.jpeg HTTP/1.1" 200 26663
199.16.157.182 - - [13/Sep/2022:04:44:14 -0500] "GET /images/zorro-12-sept_optimized.jpeg HTTP/1.1" 200 26663
201.245.192.253 - - [13/Sep/2022:04:44:19 -0500] "POST /kwsrmcab/Wsrmcab  HTTP/1.1" 200 36144
199.16.157.181 - - [13/Sep/2022:04:44:23 -0500] "GET /images/zorro-12-sept_optimized.jpeg HTTP/1.1" 200 26663
199.16.157.181 - - [13/Sep/2022:04:44:45 -0500] "GET /images/zorro-12-sept_optimized.jpeg HTTP/1.1" 200 26663
199.16.157.183 - - [13/Sep/2022:04:46:04 -0500] "GET /images/zorro-12-sept_optimized.jpeg HTTP/1.1" 200 26663
199.16.157.182 - - [13/Sep/2022:04:46:47 -0500] "GET /images/zorro-12-sept_optimized.jpeg HTTP/1.1" 200 26663
157.55.39.161 - - [13/Sep/2022:04:47:21 -0500] "GET /portaldeninos/biodiversidad/ HTTP/1.1" 200 86633
200.110.48.73 - - [13/Sep/2022:04:47:24 -0500] "GET / HTTP/1.1" 200 319
200.110.48.73 - - [13/Sep/2022:04:47:24 -0500] "GET /boaform/admin/formLogin?username=ec8&psd=ec8 HTTP/1.0" 404 1019
199.16.157.180 - - [13/Sep/2022:04:47:32 -0500] "GET /images/zorro-12-sept_optimized.jpeg HTTP/1.1" 200 26663
199.16.157.182 - - [13/Sep/2022:04:47:32 -0500] "GET /images/zorro-12-sept_optimized.jpeg HTTP/1.1" 200 26663
199.16.157.180 - - [13/Sep/2022:04:47:32 -0500] "GET /images/zorro-12-sept_optimized.jpeg HTTP/1.1" 200 26663
199.16.157.182 - - [13/Sep/2022:04:47:32 -0500] "GET /images/zorro-12-sept_optimized.jpeg HTTP/1.1" 200 26663
199.16.157.181 - - [13/Sep/2022:04:47:34 -0500] "GET /images/zorro-12-sept_optimized.jpeg HTTP/1.1" 200 26663
199.16.157.182 - - [13/Sep/2022:04:47:37 -0500] "GET /images/zorro-12-sept_optimized.jpeg HTTP/1.1" 200 26663
199.16.157.182 - - [13/Sep/2022:04:47:38 -0500] "GET /images/zorro-12-sept_optimized.jpeg HTTP/1.1" 200 26663
207.46.13.176 - - [13/Sep/2022:04:47:38 -0500] "GET /portaldeninos/wp-content/themes/betheme/assets/jplayer/jplayer.min.js?ver=20.9.6 HTTP/1.1" 200 52702
207.46.13.176 - - [13/Sep/2022:04:47:39 -0500] "GET /portaldeninos/wp-content/themes/betheme/js/plugins.js?ver=20.9.6 HTTP/1.1" 200 197151
207.46.13.176 - - [13/Sep/2022:04:47:40 -0500] "GET /portaldeninos/wp-includes/js/jquery/ui/sortable.min.js?ver=1.11.4 HTTP/1.1" 200 24899
207.46.13.176 - - [13/Sep/2022:04:47:40 -0500] "GET /portaldeninos/wp-includes/js/wp-emoji-release.min.js?ver=4.9.8 HTTP/1.1" 200 12026
157.55.39.154 - - [13/Sep/2022:04:47:42 -0500] "GET /portaldeninos/wp-content/themes/betheme/js/menu.js?ver=20.9.6 HTTP/1.1" 200 2449
157.55.39.153 - - [13/Sep/2022:04:47:42 -0500] "GET /portaldeninos/wp-content/plugins/gallery-videos/JS/Total-Soft-Gallery-Video-Widget.js?ver=4.9.8 HTTP/1.1" 200 80264
207.46.13.181 - - [13/Sep/2022:04:47:42 -0500] "GET /portaldeninos/wp-content/themes/betheme/assets/animations/animations.min.js?ver=20.9.6 HTTP/1.1" 200 1896
157.55.39.161 - - [13/Sep/2022:04:47:42 -0500] "GET /portaldeninos/wp-content/plugins/gallery-videos/CSS/totalsoft.css?ver=4.9.8 HTTP/1.1" 200 40622
157.55.39.161 - - [13/Sep/2022:04:47:43 -0500] "GET /portaldeninos/wp-content/themes/betheme/assets/ui/jquery.ui.all.css?ver=20.9.6 HTTP/1.1" 200 18765
199.16.157.181 - - [13/Sep/2022:04:47:43 -0500] "GET /images/zorro-12-sept_optimized.jpeg HTTP/1.1" 200 26663
157.55.39.161 - - [13/Sep/2022:04:47:43 -0500] "GET /portaldeninos/wp-content/themes/betheme/css/layout.css?ver=20.9.6 HTTP/1.1" 200 116639
157.55.39.161 - - [13/Sep/2022:04:47:44 -0500] "GET /portaldeninos/wp-content/themes/betheme/js/scripts.js?ver=20.9.6 HTTP/1.1" 200 77162
157.55.39.161 - - [13/Sep/2022:04:47:44 -0500] "GET /portaldeninos/wp-content/uploads/useanyfont/uaf.css?ver=1589905315 HTTP/1.1" 200 408
157.55.39.161 - - [13/Sep/2022:04:47:44 -0500] "GET /portaldeninos/wp-includes/js/jquery/jquery.js?ver=1.12.4 HTTP/1.1" 200 97184
207.46.13.184 - - [13/Sep/2022:04:47:49 -0500] "GET /portaldeninos/wp-content/plugins/gallery-videos/CSS/Total-Soft-Gallery-Video-Widget.css?ver=4.9.8 HTTP/1.1" 200 51554
207.46.13.184 - - [13/Sep/2022:04:47:50 -0500] "GET /portaldeninos/wp-content/plugins/gallery-videos/JS/modernizr.custom.js?ver=4.9.8 HTTP/1.1" 200 9019
207.46.13.184 - - [13/Sep/2022:04:47:50 -0500] "GET /portaldeninos/wp-content/themes/betheme/assets/jplayer/css/jplayer.blue.monday.css?ver=20.9.6 HTTP/1.1" 200 9834
207.46.13.184 - - [13/Sep/2022:04:47:50 -0500] "GET /portaldeninos/wp-content/themes/betheme/css/base.css?ver=20.9.6 HTTP/1.1" 200 57283
207.46.13.184 - - [13/Sep/2022:04:47:50 -0500] "GET /portaldeninos/wp-content/themes/betheme/css/responsive.css?ver=20.9.6 HTTP/1.1" 200 55740
207.46.13.184 - - [13/Sep/2022:04:47:51 -0500] "GET /portaldeninos/wp-includes/js/jquery/jquery-migrate.min.js?ver=1.4.1 HTTP/1.1" 200 10056
207.46.13.181 - - [13/Sep/2022:04:47:55 -0500] "GET /portaldeninos/wp-content/themes/betheme/css/shortcodes.css?ver=20.9.6 HTTP/1.1" 200 138889
207.46.13.181 - - [13/Sep/2022:04:47:56 -0500] "GET /portaldeninos/wp-content/themes/betheme/style.css?ver=20.9.6 HTTP/1.1" 200 287
207.46.13.181 - - [13/Sep/2022:04:47:56 -0500] "GET /portaldeninos/wp-includes/js/jquery/ui/core.min.js?ver=1.11.4 HTTP/1.1" 200 4000
216.245.221.92 - - [13/Sep/2022:04:47:58 -0500] "HEAD / HTTP/1.1" 200 -
157.55.39.153 - - [13/Sep/2022:04:48:02 -0500] "GET /portaldeninos/wp-content/themes/betheme/assets/animations/animations.min.css?ver=20.9.6 HTTP/1.1" 200 58508
157.55.39.153 - - [13/Sep/2022:04:48:03 -0500] "GET /portaldeninos/wp-includes/js/jquery/ui/accordion.min.js?ver=1.11.4 HTTP/1.1" 200 8584
157.55.39.153 - - [13/Sep/2022:04:48:03 -0500] "GET /portaldeninos/wp-includes/js/wp-embed.min.js?ver=4.9.8 HTTP/1.1" 200 1398
199.16.157.183 - - [13/Sep/2022:04:48:05 -0500] "GET /images/zorro-12-sept_optimized.jpeg HTTP/1.1" 200 26663
157.55.39.154 - - [13/Sep/2022:04:48:07 -0500] "GET /portaldeninos/wp-includes/js/jquery/ui/mouse.min.js?ver=1.11.4 HTTP/1.1" 200 3148
157.55.39.154 - - [13/Sep/2022:04:48:07 -0500] "GET /portaldeninos/wp-includes/js/jquery/ui/tabs.min.js?ver=1.11.4 HTTP/1.1" 200 12110
157.55.39.154 - - [13/Sep/2022:04:48:07 -0500] "GET /portaldeninos/wp-includes/js/jquery/ui/widget.min.js?ver=1.11.4 HTTP/1.1" 200 6908
172.22.2.4 - - [13/Sep/2022:04:46:37 -0500] "HEAD /BLA/boletinlegal/ HTTP/1.1" 200 -
172.22.2.4 - - [13/Sep/2022:04:47:25 -0500] "GET /BLA/boletinlegal/ HTTP/1.1" 200 32715
199.16.157.182 - - [13/Sep/2022:04:48:52 -0500] "GET /images/zorro-12-sept_optimized.jpeg HTTP/1.1" 200 26663
185.119.81.106 - - [13/Sep/2022:04:48:59 -0500] "GET /portaldeninos/wp-login.php HTTP/1.1" 200 2592
185.119.81.106 - - [13/Sep/2022:04:49:00 -0500] "POST /portaldeninos/wp-login.php HTTP/1.1" 200 3650
172.22.2.4 - - [13/Sep/2022:04:47:27 -0500] "GET /BLA/boletinlegal/ HTTP/1.1" 200 51183
199.16.157.182 - - [13/Sep/2022:04:49:10 -0500] "GET /images/zorro-12-sept_optimized.jpeg HTTP/1.1" 200 26663
201.245.192.253 - - [13/Sep/2022:04:49:18 -0500] "POST /kwsrmcab/Wsrmcab  HTTP/1.1" 200 36144
199.16.157.183 - - [13/Sep/2022:04:49:43 -0500] "GET /images/zorro-12-sept_optimized.jpeg HTTP/1.1" 200 26663
199.16.157.182 - - [13/Sep/2022:04:49:43 -0500] "GET /images/zorro-12-sept_optimized.jpeg HTTP/1.1" 200 26663
199.16.157.182 - - [13/Sep/2022:04:49:43 -0500] "GET /images/zorro-12-sept_optimized.jpeg HTTP/1.1" 200 26663
199.16.157.181 - - [13/Sep/2022:04:49:44 -0500] "GET /images/zorro-12-sept_optimized.jpeg HTTP/1.1" 200 26663
199.16.157.183 - - [13/Sep/2022:04:49:45 -0500] "GET /images/zorro-12-sept_optimized.jpeg HTTP/1.1" 200 26663
199.16.157.180 - - [13/Sep/2022:04:49:47 -0500] "GET /images/zorro-12-sept_optimized.jpeg HTTP/1.1" 200 26663
199.16.157.181 - - [13/Sep/2022:04:49:50 -0500] "GET /images/zorro-12-sept_optimized.jpeg HTTP/1.1" 200 26663
199.16.157.181 - - [13/Sep/2022:04:50:06 -0500] "GET /images/zorro-12-sept_optimized.jpeg HTTP/1.1" 200 26663
199.16.157.182 - - [13/Sep/2022:04:50:59 -0500] "GET /images/zorro-12-sept_optimized.jpeg HTTP/1.1" 200 26663
199.16.157.180 - - [13/Sep/2022:04:51:12 -0500] "GET /images/zorro-12-sept_optimized.jpeg HTTP/1.1" 200 26663
172.22.2.4 - - [13/Sep/2022:04:51:41 -0500] "GET /BLA/boletinlegal/Circulares/2013/Circular%20No.%207%20del%201%20de%20Agosto%20de%202013.pdf HTTP/1.1" 200 340934
199.16.157.182 - - [13/Sep/2022:04:51:50 -0500] "GET /images/zorro-12-sept_optimized.jpeg HTTP/1.1" 200 26663
199.16.157.181 - - [13/Sep/2022:04:51:50 -0500] "GET /images/zorro-12-sept_optimized.jpeg HTTP/1.1" 200 26663
199.16.157.183 - - [13/Sep/2022:04:51:52 -0500] "GET /images/zorro-12-sept_optimized.jpeg HTTP/1.1" 200 26663
199.16.157.180 - - [13/Sep/2022:04:51:54 -0500] "GET /images/zorro-12-sept_optimized.jpeg HTTP/1.1" 200 26663
199.16.157.182 - - [13/Sep/2022:04:51:56 -0500] "GET /images/zorro-12-sept_optimized.jpeg HTTP/1.1" 200 26663
199.16.157.181 - - [13/Sep/2022:04:52:06 -0500] "GET /images/zorro-12-sept_optimized.jpeg HTTP/1.1" 200 26663
199.16.157.181 - - [13/Sep/2022:04:52:06 -0500] "GET /images/zorro-12-sept_optimized.jpeg HTTP/1.1" 200 26663
216.245.221.92 - - [13/Sep/2022:04:52:58 -0500] "HEAD / HTTP/1.1" 200 -
199.16.157.182 - - [13/Sep/2022:04:53:01 -0500] "GET /images/zorro-12-sept_optimized.jpeg HTTP/1.1" 200 26663
172.22.2.4 - - [13/Sep/2022:04:53:50 -0500] "GET /BLA/boletinlegal/actas/acta%20de%20acuerdo%2001%20adop%20regla%20inter%20CISPAER.pdf HTTP/1.1" 304 -
172.22.2.4 - - [13/Sep/2022:04:52:26 -0500] "HEAD /BLA/boletinlegal/ HTTP/1.1" 200 -
199.16.157.180 - - [13/Sep/2022:04:54:10 -0500] "GET /images/zorro-12-sept_optimized.jpeg HTTP/1.1" 200 26663
199.16.157.182 - - [13/Sep/2022:04:54:12 -0500] "GET /images/zorro-12-sept_optimized.jpeg HTTP/1.1" 200 26663
199.16.157.183 - - [13/Sep/2022:04:54:12 -0500] "GET /images/zorro-12-sept_optimized.jpeg HTTP/1.1" 200 26663
199.16.157.183 - - [13/Sep/2022:04:54:12 -0500] "GET /images/zorro-12-sept_optimized.jpeg HTTP/1.1" 200 26663
199.16.157.181 - - [13/Sep/2022:04:54:12 -0500] "GET /images/zorro-12-sept_optimized.jpeg HTTP/1.1" 200 26663
201.245.192.253 - - [13/Sep/2022:04:54:17 -0500] "POST /kwsrmcab/Wsrmcab  HTTP/1.1" 200 36144
172.22.2.4 - - [13/Sep/2022:04:53:17 -0500] "GET /BLA/boletinlegal/ HTTP/1.1" 200 59319
199.16.157.180 - - [13/Sep/2022:04:55:02 -0500] "GET /images/zorro-12-sept_optimized.jpeg HTTP/1.1" 200 26663
199.16.157.182 - - [13/Sep/2022:04:56:12 -0500] "GET /images/zorro-12-sept_optimized.jpeg HTTP/1.1" 200 26663
199.16.157.182 - - [13/Sep/2022:04:56:13 -0500] "GET /images/zorro-12-sept_optimized.jpeg HTTP/1.1" 200 26663
199.16.157.180 - - [13/Sep/2022:04:56:13 -0500] "GET /images/zorro-12-sept_optimized.jpeg HTTP/1.1" 200 26663
199.16.157.180 - - [13/Sep/2022:04:56:13 -0500] "GET /images/zorro-12-sept_optimized.jpeg HTTP/1.1" 200 26663
199.16.157.182 - - [13/Sep/2022:04:56:16 -0500] "GET /images/zorro-12-sept_optimized.jpeg HTTP/1.1" 200 26663
199.16.157.181 - - [13/Sep/2022:04:56:21 -0500] "GET /images/zorro-12-sept_optimized.jpeg HTTP/1.1" 200 26663
199.16.157.180 - - [13/Sep/2022:04:56:32 -0500] "GET /images/zorro-12-sept_optimized.jpeg HTTP/1.1" 200 26663
199.16.157.180 - - [13/Sep/2022:04:57:03 -0500] "GET /images/zorro-12-sept_optimized.jpeg HTTP/1.1" 200 26663
216.245.221.92 - - [13/Sep/2022:04:57:58 -0500] "HEAD / HTTP/1.1" 200 -
199.16.157.180 - - [13/Sep/2022:04:58:22 -0500] "GET /images/zorro-12-sept_optimized.jpeg HTTP/1.1" 200 26663
199.16.157.183 - - [13/Sep/2022:04:58:32 -0500] "GET /images/zorro-12-sept_optimized.jpeg HTTP/1.1" 200 26663
199.16.157.181 - - [13/Sep/2022:04:58:32 -0500] "GET /images/zorro-12-sept_optimized.jpeg HTTP/1.1" 200 26663
199.16.157.180 - - [13/Sep/2022:04:58:32 -0500] "GET /images/zorro-12-sept_optimized.jpeg HTTP/1.1" 200 26663
199.16.157.183 - - [13/Sep/2022:04:58:48 -0500] "GET /images/zorro-12-sept_optimized.jpeg HTTP/1.1" 200 26663
201.245.192.253 - - [13/Sep/2022:04:59:16 -0500] "POST /kwsrmcab/Wsrmcab  HTTP/1.1" 200 36144
172.22.2.4 - - [13/Sep/2022:04:58:17 -0500] "HEAD /BLA/boletinlegal/ HTTP/1.1" 200 -
157.55.39.201 - - [13/Sep/2022:04:59:57 -0500] "GET /catalogoisis/ HTTP/1.1" 200 8575
157.55.39.202 - - [13/Sep/2022:05:00:10 -0500] "GET /catalogoisis/Js/Enter.js HTTP/1.1" 200 1208
157.55.39.200 - - [13/Sep/2022:05:00:14 -0500] "GET /catalogoisis/Js/Go.js HTTP/1.1" 200 364
207.46.13.90 - - [13/Sep/2022:05:00:15 -0500] "GET /catalogoisis/Js/AceptarLimpiar.js HTTP/1.1" 200 331
207.46.13.90 - - [13/Sep/2022:05:00:15 -0500] "GET /catalogoisis/Js/LimpiarCombinada.js HTTP/1.1" 200 207
207.46.13.86 - - [13/Sep/2022:05:00:19 -0500] "GET /catalogoisis/Js/CriterioCombinada.js HTTP/1.1" 200 1843
157.55.39.201 - - [13/Sep/2022:05:00:20 -0500] "GET /catalogoisis/Css/Busqueda.css HTTP/1.1" 200 1995
157.55.39.201 - - [13/Sep/2022:05:00:20 -0500] "GET /catalogoisis/Js/Cookies.js HTTP/1.1" 200 1369
199.16.157.182 - - [13/Sep/2022:05:00:25 -0500] "GET /images/zorro-12-sept_optimized.jpeg HTTP/1.1" 200 26663
207.46.13.86 - - [13/Sep/2022:05:00:29 -0500] "GET /catalogoisis/Js/Numero.js HTTP/1.1" 200 398
207.46.13.86 - - [13/Sep/2022:05:00:30 -0500] "GET /catalogoisis/Js/Remote.js HTTP/1.1" 200 436
172.22.2.4 - - [13/Sep/2022:04:59:07 -0500] "GET /BLA/boletinlegal/ HTTP/1.1" 200 60281
199.16.157.181 - - [13/Sep/2022:05:00:48 -0500] "GET /images/zorro-12-sept_optimized.jpeg HTTP/1.1" 200 26663
