!C99Shell v. 1.0 pre-release build #13!

Software: Apache. PHP/5.5.15 

uname -a: Windows NT SVR-DMZ 6.1 build 7600 (Windows Server 2008 R2 Enterprise Edition) i586 

SYSTEM 

Safe-mode: OFF (not secure)

E:\nuevo\apache\logs\   drwxrwxrwx
Free 9.41 GB of 239.26 GB (3.93%)
Detected drives: [ a ] [ c ] [ d ] [ e ] [ f ]
Home    Back    Forward    UPDIR    Refresh    Search    Buffer    Encoder    Tools    Proc.    FTP brute    Sec.    SQL    PHP-code    Update    Feedback    Self remove    Logout    


Viewing file:     access.2022.09.15.log (3.21 MB)      -rw-rw-rw-
Select action/file-type:
(+) | (+) | (+) | Code (+) | Session (+) | (+) | SDB (+) | (+) | (+) | (+) | (+) | (+) |
201.245.192.253 - - [15/Sep/2022:00:00:20 -0500] "POST /kwsrmcab/Wsrmcab  HTTP/1.1" 200 37989
185.119.81.106 - - [15/Sep/2022:00:01:34 -0500] "GET /portaldeninos/wp-login.php HTTP/1.1" 200 2592
185.119.81.106 - - [15/Sep/2022:00:01:35 -0500] "POST /portaldeninos/wp-login.php HTTP/1.1" 200 3650
172.22.2.4 - - [15/Sep/2022:00:03:30 -0500] "GET /BLA/boletinlegal/jurisprudencia/analisis/AnalisisT-693-12.docx HTTP/1.1" 304 -
186.102.47.173 - - [15/Sep/2022:00:03:37 -0500] "GET /kwssiamovil/sm/acme/u?s=U2FsdGVkX19Sq0AFstlaEmjMWY00rv6HnlIdAhnviSwasfqGCzCIvMe5J84I68NYLukDn+xk/Wb74lB8RdnInUSJIcvQkjpwm3sZDTW0cGU6xpC/tbqxYii/Ti1DXSUQNrYnYayp3uA1eJfSbS2/9A==&u=U2FsdGVkX19s+PcK/bPBfTp4NoeRCwQIgHvaRSMvFFZbKHdYawzb3O2ASpqJNKB3&y=U2FsdGVkX1+EzSVxMDwa4pljF4Sg1QXAWfn8542HPVduSVO8EU0WnB5CqpEV6+v1 HTTP/1.1" 200 60
172.22.2.4 - - [15/Sep/2022:00:01:58 -0500] "HEAD /BLA/boletinlegal/ HTTP/1.1" 200 -
172.22.2.4 - - [15/Sep/2022:00:02:48 -0500] "GET /BLA/boletinlegal/ HTTP/1.1" 200 58163
216.245.221.92 - - [15/Sep/2022:00:04:53 -0500] "HEAD / HTTP/1.1" 200 -
201.245.192.253 - - [15/Sep/2022:00:05:18 -0500] "POST /kwsrmcab/Wsrmcab  HTTP/1.1" 200 37989
5.45.207.65 - - [15/Sep/2022:00:06:47 -0500] "-" 408 -
66.249.73.88 - - [15/Sep/2022:00:07:23 -0500] "-" 408 -
157.55.39.188 - - [15/Sep/2022:00:08:26 -0500] "GET /BLA/resoluciones/RESOLUCIONES%202022/1419.pdf HTTP/1.1" 200 688635
172.22.2.4 - - [15/Sep/2022:00:07:48 -0500] "HEAD /BLA/boletinlegal/ HTTP/1.1" 200 -
216.245.221.92 - - [15/Sep/2022:00:09:53 -0500] "HEAD / HTTP/1.1" 200 -
172.22.2.4 - - [15/Sep/2022:00:08:38 -0500] "GET /BLA/boletinlegal/ HTTP/1.1" 200 52877
201.245.192.253 - - [15/Sep/2022:00:10:17 -0500] "POST /kwsrmcab/Wsrmcab  HTTP/1.1" 200 37989
152.61.192.232 - - [15/Sep/2022:00:13:39 -0500] "GET / HTTP/1.1" 200 319
216.245.221.92 - - [15/Sep/2022:00:14:53 -0500] "HEAD / HTTP/1.1" 200 -
172.22.2.4 - - [15/Sep/2022:00:13:38 -0500] "HEAD /BLA/boletinlegal/ HTTP/1.1" 200 -
201.245.192.253 - - [15/Sep/2022:00:15:16 -0500] "POST /kwsrmcab/Wsrmcab  HTTP/1.1" 200 37989
172.22.2.4 - - [15/Sep/2022:00:14:28 -0500] "GET /BLA/boletinlegal/ HTTP/1.1" 200 59319
87.250.224.16 - - [15/Sep/2022:00:16:47 -0500] "-" 408 -
173.231.60.195 - - [15/Sep/2022:00:17:38 -0500] "GET /actividadespara-celebrar-el-dia-del-rio-bogota.html HTTP/1.1" 404 1198
152.61.128.50 - - [15/Sep/2022:00:18:35 -0500] "GET / HTTP/1.1" 200 319
201.245.192.253 - - [15/Sep/2022:00:18:55 -0500] "POST /kwsrmcab/Wsrmcab HTTP/1.1" 200 37534
201.245.192.253 - - [15/Sep/2022:00:18:59 -0500] "POST /kwsrmcab/Wsrmcab HTTP/1.1" 200 42297
216.245.221.92 - - [15/Sep/2022:00:19:53 -0500] "HEAD / HTTP/1.1" 200 -
201.245.192.253 - - [15/Sep/2022:00:20:15 -0500] "POST /kwsrmcab/Wsrmcab  HTTP/1.1" 200 37989
172.22.2.4 - - [15/Sep/2022:00:19:28 -0500] "HEAD /BLA/boletinlegal/ HTTP/1.1" 200 -
172.22.2.4 - - [15/Sep/2022:00:20:18 -0500] "GET /BLA/boletinlegal/ HTTP/1.1" 200 59319
157.55.39.154 - - [15/Sep/2022:00:23:30 -0500] "GET / HTTP/1.1" 200 4720
216.245.221.92 - - [15/Sep/2022:00:24:53 -0500] "HEAD / HTTP/1.1" 200 -
201.245.192.253 - - [15/Sep/2022:00:25:14 -0500] "POST /kwsrmcab/Wsrmcab  HTTP/1.1" 200 37989
186.102.47.173 - - [15/Sep/2022:00:25:52 -0500] "GET /kwssiamovil/sm/acme/a?s=U2FsdGVkX18MHP2Wgd8xB8lqmcTWDzsBmyQlYNH+wBbExvsPEvzMg170ejXQQ94P/bNp9rGhr9iKSwLZbyQMtaCEijveGR5djaKEVpGctpkiz2iZOswYQ+Ch+oNqAfbKzjebLh+sCTQzBsWx/jIyexQDrfEpMHmGT5/cD3BkAOgfa7xLRkWjrUJ2UhfPM+p4WKiAuk81YYv1LsCSPRLz7Mt5ASDizCcTy71MmvXjRT3lPNZ/yCx1nq+WtDVlJGKnj6XgqhGU7c9SNAHnEL+8eg==&u=U2FsdGVkX19s+PcK/bPBfTp4NoeRCwQIgHvaRSMvFFZbKHdYawzb3O2ASpqJNKB3&y=U2FsdGVkX1+EzSVxMDwa4pljF4Sg1QXAWfn8542HPVduSVO8EU0WnB5CqpEV6+v1 HTTP/1.1" 200 25
186.102.47.173 - - [15/Sep/2022:00:25:52 -0500] "GET /kwssiamovil/sm/acme/a?s=U2FsdGVkX18CFgSMvr3FFUjRdy2qys/Rs5Uw6DOmVZR2xqJ1MK3WC/sNw70yeQCdpUpUsATDg5MtbqHXryLwM3NH+3uIFDb1T2d8dNo/+W4Lm8PPW47Dx+2Ip6WjfEBbnQvMA2AjuMAwn6+s9UbjFyx/DsVvTFJS1fLZRhdXIneOyUsKX+KPYws7enHIQsO12S9wu0Ac3U5HoUHLhZH1yWvR/TKrklJ4QBlcUXYc2TeBkzmZSulY7vnbnesnZYaaRkspMSl6ymuJLM2nIYkjZ0VFLftYX1gbSL6cBWjMhKlf9TUqYIHYcHxBoixOBeHbleXhId1Ej2sxNBJjyN0i5EoxfjCJe0K1vbiUpI6fV7hmlcESfp0rinep51Ey8loEjZotmahniDjlXF2CbtjhYxat2q8k2oCXyhYH8fDCQIW1SzfnSk67/aQg74So2IRdHdRjRLjOb/aj1qRVqqvC8PaQ5jhZU1X2TmDKA+KJcAcadgrUEBfwo7uE/i+F7fV/Fz5pfoSnyXOhYn3I/duTVOh84r5frnp7w8ULL4ElH+FwcEdc32tbHN2oVb5ycfG4MpeDtEQPZLRpGXLML1XC09T+Bp13LRHaz9VFQ6yHharUhSRV+PwlZqNJgBBIyNQRGjTp7zVB/mGNLxXekGS1XzvDaI5DQN23ewjopjNe66YvPEt/XSFfo4NU1gN+3LHzZga/2xGQbdOhTuqoP5ITZqNOLlXIWtQwG8SM4QQLBDrf/b1JL0nyEHFAPlZpzCZFDq2Dby6O3PRUyD8UsNoiZD0Up679qM7b4egopwLbO/fb9hwHZBxSXB0zaQpTpwgWanA7wm3+1nR3sNsgqqzZCLoUiEeoS614ssosvFDm8eMyKJGKNNhcYrK/+7MSAZW4ETBxG/P6CDKOfL6JI5oFKR7uYzWJBHheCjkDyagUY1p5LBnKHeK9CkeyNzEy0uSWJDW/dXp2iWkD3Mxf53eg8VzK7afIMZxPUsCtAlifVg767n3Ke3O5YFktAPaLpgvjsFU4gcp6g86a7RpFJF2PC4c0y21a58Uc2LNi8D+1BCkSZxpoYkj1p0dYZD4J5uXIaFOjQhTn0i+MMXWE997LQbqrMHbUMI+VQue1k6/PChrLMeqkSrtPoIWIszgLa4clanTu06S0ordxEQ1kfBSUowRg4X8ptm1n6nWhrdGkc/Yw9lpeuRLijvKjYxyoD7vffboyhARBESIcz1WojRiKUo9W+AD7iKbCrNRHnWuWLvK4Bv9i9heDOdJlWBwA4FwZzlpMG53zM6zMoMQZaL8FTFvmcr9LXTp9AxHROAchoGCEiqohNJB7b0ARohXrVx6b47M9vdFeig52efFI+ty9n0RwzvK39bLldWkBWT6wvg52LoS1idu8Rr6FWMU4SW/rGn/XSoJVDxAkrFf02u44I2vcNobriJpjexeoNFS9MLa4Mu/xM8YulwQ7X3O4Xlh1BhgiYF/KWLG65WfPO8i0oetlD8/4r75ZdhiWf3rvEurRNW4WCVPs8ndGiedQ/i+/DDNoHSjt+Xfzs8Wzix2t7erd/mH/Z+17OUmdnu4Ig9l8H0Pt1oaHDZGnsjKGJRVV9cTR8CHURMtDZX2WkkOnIyb12YC3CZxfOnjJL2oNB1q6HciIe8VEpNdiOUM+qtoZELTc+jLUElAoVUqxdV9FDMgoK5Le56XHrZZ27X6zjNknodArqq1A7NneKjPXVo2sIv0Dr1H4Wve05p90oi1FW/XHZM+Zm2PIjTrqmxV0hRCAEGWSsy2bHIjwstdItgO5STLJF0Z5DlBooI5j7PyT0SJGbdj+Mo/JJo9FCQi1tlhX72h95mf/7qTg/aTDpzJmx0qGD9CSQUdHHLK8kveQtltFhc1CW3bFw+81bkQdZyiZwZBtOhazEczXke52AHiOrQSFX3/PxJtQpn9bJoVL+0m898ltzNAcnhvK7GJZE7Q=&u=U2FsdGVkX19s+PcK/bPBfTp4NoeRCwQIgHvaRSMvFFZbKHdYawzb3O2ASpqJNKB3&y=U2FsdGVkX1+EzSVxMDwa4pljF4Sg1QXAWfn8542HPVduSVO8EU0WnB5CqpEV6+v1 HTTP/1.1" 200 25
186.102.47.173 - - [15/Sep/2022:00:25:52 -0500] "GET /kwssiamovil/sm/acme/a?s=U2FsdGVkX18OMHJbH/tCyz7+KDMAsRBsKNONhdFleHSbaLb3C0Sd1+YailBIG1wMityBjl+LnMeiIt6OH82r90ZFe6Hl25l3FwQ0PYLenpO22+gKMhKYyiIhuKtGDd424d7ab48bFoK2HULtuPZO8b7JKKOFX5vKJvQmpXNKd7s=&u=U2FsdGVkX19s+PcK/bPBfTp4NoeRCwQIgHvaRSMvFFZbKHdYawzb3O2ASpqJNKB3&y=U2FsdGVkX1+EzSVxMDwa4pljF4Sg1QXAWfn8542HPVduSVO8EU0WnB5CqpEV6+v1 HTTP/1.1" 200 25
186.102.47.173 - - [15/Sep/2022:00:25:53 -0500] "GET /kwssiamovil/sm/acme/a?s=U2FsdGVkX1+exxCnSoCJwURVAQV6hgk9BWuTzp432KqvyMkecp/0H7wYpaF7K177oObEDtJEV4VMPNWsdEzAzEI/aNUGQSJkqbuiOj/wVu5YjsFUMCexO8l8K9tjipfDSfccHXWBBz+I6HOi10fwG81L7GAg+mBv4tIsoPXwD/s=&u=U2FsdGVkX19s+PcK/bPBfTp4NoeRCwQIgHvaRSMvFFZbKHdYawzb3O2ASpqJNKB3&y=U2FsdGVkX1+EzSVxMDwa4pljF4Sg1QXAWfn8542HPVduSVO8EU0WnB5CqpEV6+v1 HTTP/1.1" 200 25
186.102.47.173 - - [15/Sep/2022:00:25:53 -0500] "GET /kwssiamovil/sm/acme/a?s=U2FsdGVkX19UjSdr3pgLly/bxtZrMVZJaf6fKdg4j0Gtr+I81cb5u2OkfAqN00b1NiqFBqzpO7jql9hiry6G1a6E5oSFcKp3C/QXfumXbW8Q8SiGuHf9nDHIDBfHma7tSkbjyHxzu1LUcKV+ce5nrC01jFdpFMQcknj1eXU5m5Q=&u=U2FsdGVkX19s+PcK/bPBfTp4NoeRCwQIgHvaRSMvFFZbKHdYawzb3O2ASpqJNKB3&y=U2FsdGVkX1+EzSVxMDwa4pljF4Sg1QXAWfn8542HPVduSVO8EU0WnB5CqpEV6+v1 HTTP/1.1" 200 25
186.102.47.173 - - [15/Sep/2022:00:25:53 -0500] "GET /kwssiamovil/sm/acme/a?s=U2FsdGVkX19etjRreSI9B+AvOjCt6Gnd3Deq/Yx/YVpK/3e29SqAfAWznN5wpb+nRMz8Pu7MvOECqurilWez0fug6z4wryNXFRORk/GgDDDyyzi3v8CNrvv2Is9NXbV19t1N4zFOwPqXKeAjVU3GUXESlgi2add3Beybq9MHXZQzJxmwewpHW0K7DOsb6DVOHqE0HFTOeSGQn+0olG5Icg==&u=U2FsdGVkX19s+PcK/bPBfTp4NoeRCwQIgHvaRSMvFFZbKHdYawzb3O2ASpqJNKB3&y=U2FsdGVkX1+EzSVxMDwa4pljF4Sg1QXAWfn8542HPVduSVO8EU0WnB5CqpEV6+v1 HTTP/1.1" 200 25
186.102.47.173 - - [15/Sep/2022:00:25:53 -0500] "GET /kwssiamovil/sm/acme/a?s=U2FsdGVkX19ZcJZh7S4bltXO9NMBvcazm2PTC61ENJt0Rzh1j+Nf5c6fj352eWhZy2wUc0t9okZP1hOyG9YEwwWcGjDlxwn+SwXUX/54XZDaUDiE074kDixzajtiKeyqeqFsRjznIu6k5z2nIjeZJybgloyV0mffQ2pGV6BPiocEb6c9y7pP16O2+9zo8S8e0b8VUAlDRgN34xIVhC7KDLUtxNVl7VdsxhkmvjTehXnUWHpRUmFHFGWwbrKuQBHyjpwwy5uEJg9LUqK5Yc49+ukrFByIG+mR7INKhUVEEGeAK8KUj3zTCpKBR8NUlyP5ZuJY8ErKER+eUwcsj2EfF72n920TAMJzdtyGjCUYkOwQKn8mF6X8M93Qmhw8a9pFVmiDGKYm7HH1uuaxhtxNI626Z8Qkxjg8WSINM709491XbR2QLD7tx8dyFIIH0xUrLucbBq+8CRtdRwTnSbL1iSHwL1zFX4WdeHZAe0Fp8OcfkHV0g53xrHuGrXypZk7dEy7VfwWRg+POIzNzRkPz6Q==&u=U2FsdGVkX19s+PcK/bPBfTp4NoeRCwQIgHvaRSMvFFZbKHdYawzb3O2ASpqJNKB3&y=U2FsdGVkX1+EzSVxMDwa4pljF4Sg1QXAWfn8542HPVduSVO8EU0WnB5CqpEV6+v1 HTTP/1.1" 200 25
186.102.47.173 - - [15/Sep/2022:00:25:54 -0500] "GET /kwssiamovil/sm/acme/a?s=U2FsdGVkX1+hXx0NR9cZCGkxUa8PjC6E7YpZPLRugEIZuXPKQ4zfuTrVIUrm6VHi0LBJsFhIvFsS+pHyOScjoSRQzctXNR/nrn696foGdUEpvcxn6MafOi84JiV53Yikzz5l+U5YbTEsY93nq/j2M/37qBuEZEqsMWIRtimt8ni3ZiLbLGheMO5Zc3KLtvtHoqmBrKSzMcE8rw2gqnq9gOiMuXbasvK8Mcn8hTH0hsgRzN6jfBpz79FFxFHiP45Qx//UOpdZHyizFKZJTGMauSdWMtqdftJC2wpL4fj76IT5P7paUCIpZ5urFj1LivUnvJ6lsDfs0rOrcDtZ+UsWooSAGcpGoLbJOBGbtGAfxFOl+rxTHxDgEyz87HQ4cpqRNALBkO8IIsD67QRwBpA/UsBPykNFQ81GE6mBBYa1tVCyUdc4t46y+BkV7Dg4TYnp9hJQ9uIjQh8Hy5mtvcP23t+vV+lHka+drIM9g0fiBUg=&u=U2FsdGVkX19s+PcK/bPBfTp4NoeRCwQIgHvaRSMvFFZbKHdYawzb3O2ASpqJNKB3&y=U2FsdGVkX1+EzSVxMDwa4pljF4Sg1QXAWfn8542HPVduSVO8EU0WnB5CqpEV6+v1 HTTP/1.1" 200 25
186.154.57.64 - - [15/Sep/2022:00:26:32 -0500] "GET /BLA/boletinlegal/js/jquery.scrollShow.js HTTP/1.1" 200 4586
186.154.57.64 - - [15/Sep/2022:00:26:32 -0500] "GET /galeria/galeria/jquery.fancybox.js?v=2.1.5 HTTP/1.1" 200 48706
186.154.57.64 - - [15/Sep/2022:00:26:32 -0500] "GET /galeria/galeria/jquery.fancybox.css?v=2.1.5 HTTP/1.1" 200 4895
5.45.207.106 - - [15/Sep/2022:00:26:47 -0500] "-" 408 -
172.22.2.4 - - [15/Sep/2022:00:25:18 -0500] "HEAD /BLA/boletinlegal/ HTTP/1.1" 200 -
172.22.2.4 - - [15/Sep/2022:00:26:08 -0500] "GET /BLA/boletinlegal/ HTTP/1.1" 200 52877
201.245.192.253 - - [15/Sep/2022:00:28:55 -0500] "POST /kwsrmcab/Wsrmcab HTTP/1.1" 200 37534
201.245.192.253 - - [15/Sep/2022:00:28:59 -0500] "POST /kwsrmcab/Wsrmcab HTTP/1.1" 200 42297
216.245.221.92 - - [15/Sep/2022:00:29:53 -0500] "HEAD / HTTP/1.1" 200 -
172.22.2.4 - - [15/Sep/2022:00:29:41 -0500] "GET /BLA/boletinlegal/?XDEBUG_SESSION_START=phpstorm HTTP/1.1" 200 20427
201.245.192.253 - - [15/Sep/2022:00:30:13 -0500] "POST /kwsrmcab/Wsrmcab  HTTP/1.1" 200 37989
157.55.39.200 - - [15/Sep/2022:00:31:00 -0500] "GET /galeria/bibloteca/contentflow.js HTTP/1.1" 200 42804
172.22.2.4 - - [15/Sep/2022:00:31:08 -0500] "HEAD /BLA/boletinlegal/ HTTP/1.1" 200 -
172.22.2.4 - - [15/Sep/2022:00:31:58 -0500] "GET /BLA/boletinlegal/ HTTP/1.1" 200 58163
216.245.221.92 - - [15/Sep/2022:00:34:53 -0500] "HEAD / HTTP/1.1" 200 -
186.102.47.173 - - [15/Sep/2022:00:35:12 -0500] "GET /kwssiamovil/sm/acme/u?s=U2FsdGVkX198f2YYHbF+wTY4z2pbIm3QgrGtcAz0Gpkt4kJBP/izWfPpY1OjvHRRifJ4RFwEUHphpPG1ReD4Euz3utfJM/2QYlZkJHixOShWL/VFCopapzD1HO51/JnLKbHPdxUv9sg7T+Fns62kug==&u=U2FsdGVkX19s+PcK/bPBfTp4NoeRCwQIgHvaRSMvFFZbKHdYawzb3O2ASpqJNKB3&y=U2FsdGVkX1+EzSVxMDwa4pljF4Sg1QXAWfn8542HPVduSVO8EU0WnB5CqpEV6+v1 HTTP/1.1" 200 60
201.245.192.253 - - [15/Sep/2022:00:35:12 -0500] "POST /kwsrmcab/Wsrmcab  HTTP/1.1" 200 24901
201.245.192.253 - - [15/Sep/2022:00:36:21 -0500] "POST /kwsrmcab/Wsrmcab  HTTP/1.1" 200 37989
157.55.39.202 - - [15/Sep/2022:00:36:33 -0500] "GET /sipse/faces/autenticacion.xhtml HTTP/1.1" 200 12497
87.250.224.173 - - [15/Sep/2022:00:36:47 -0500] "-" 408 -
201.245.192.253 - - [15/Sep/2022:00:37:24 -0500] "POST /kwsrmcab/Wsrmcab  HTTP/1.1" 200 37989
172.22.2.4 - - [15/Sep/2022:00:36:58 -0500] "HEAD /BLA/boletinlegal/ HTTP/1.1" 200 -
201.245.192.253 - - [15/Sep/2022:00:38:55 -0500] "POST /kwsrmcab/Wsrmcab HTTP/1.1" 200 37534
201.245.192.253 - - [15/Sep/2022:00:39:01 -0500] "POST /kwsrmcab/Wsrmcab HTTP/1.1" 200 42297
157.55.39.188 - - [15/Sep/2022:00:39:20 -0500] "GET /bla/resoluciones/autos%202016/0387.pdf HTTP/1.1" 200 653779
172.22.2.4 - - [15/Sep/2022:00:37:48 -0500] "GET /BLA/boletinlegal/ HTTP/1.1" 200 52877
157.55.39.200 - - [15/Sep/2022:00:39:31 -0500] "GET /BLA/resoluciones/RESOLUCIONES%202001/2001%20350-399.TIF HTTP/1.1" 200 11619082
216.245.221.92 - - [15/Sep/2022:00:39:53 -0500] "HEAD / HTTP/1.1" 200 -
66.249.73.100 - - [15/Sep/2022:00:42:15 -0500] "-" 408 -
201.245.192.253 - - [15/Sep/2022:00:42:22 -0500] "POST /kwsrmcab/Wsrmcab  HTTP/1.1" 200 37989
186.102.47.173 - - [15/Sep/2022:00:43:09 -0500] "GET /kwssiamovil/sm/acme/a?s=U2FsdGVkX19tmACMvnk5JzjJ//JbL7YRJH2Ilyw/CBJPCevw0gLhKO1d/Iug/hyrkrS7qi3fMNF1H8Gu2uwnXvupRTT/VJoIa1DQs5HhU/rUVznYxl2kgcsdyuZlzI26IxlRc7bs8lQq0YuFIXPu0Z+SNp8uu4xa3sV/A+SXQrMPjcT/AjQpMkEQ/yTPGa2WXPt5Sro+hBzYsaoR70ElknFQbboI2CXnJevgYAYRFNmlBBgNLJWGw5EozWWoe3hltO0c/qVV+d0UoqTqhTeE0g==&u=U2FsdGVkX19s+PcK/bPBfTp4NoeRCwQIgHvaRSMvFFZbKHdYawzb3O2ASpqJNKB3&y=U2FsdGVkX1+EzSVxMDwa4pljF4Sg1QXAWfn8542HPVduSVO8EU0WnB5CqpEV6+v1 HTTP/1.1" 200 25
186.102.47.173 - - [15/Sep/2022:00:43:10 -0500] "GET /kwssiamovil/sm/acme/a?s=U2FsdGVkX1/c8dBkJ1WWvw5XcjK+OAmRjBCIykq3IWPwGZSQQ7dp0yG2YWIZ6VOCMgjyuNoaQno2TXq/z8UXrifAwlgUvbAnOr5qRL7pZJNBpz+8cW7pxcApq/IjHdFFUpWrYbx/I2CgsU73CryAtUmj9a4ryRSiAxvTL7gUr3uzy+WLinmSawIDJyyjIJ3BzBlWYIjLOVw1blO71GC+M1pFLAnxDO0FvQcWtxNPvrLbL9DTPbXlpJZZVsPQ2j0OfbJwEhpnvaD7PRH3bYRwiiPwele2GBOH4i7FP1/VwHQiCnO/xGamZ/YgSVRYeleR1HWQkvQl9JcbWazTLyLAbD5yY4+D/9WsjNoX++kESlJ9fhYdemId+iO7KN1L1hfEVMr12wZE0yguvbn/CUYN6hTiKNi1+kG1v+98um6ezW9cvD82n9F+tJO961MsA4SojhN5HZM/n3IhkKRT33vTR5bKh2IsRQHhHBR9+nBdX13lSWGX/W+0rGHJbAMGtKLax9SArqMLD6uWOGOYA6D21wKvOOJO8u/SErIhBqj59C0hV4Em0TD20vf80VYBXUDHRY9MejkGSWq2ku2v7Tu5ON2z6Vq216MtefRFD/8vrjHE4kZy09YGi0Ur2k3DZnj8MqhHZvj7efG+Axtc9nsztDAm5nbrEv2snoprT0ei4TwvGDSHo2j6KA722Z/1/PRgsKfMFBIZv+1BnG7I/Y6IwBuW+/lV6tVAxL4pWFj/skMUsrQH7RVkBzfc5jFZdbkU0rG81Ie7kohNCHWUczC7sujL8jugWGr5yTEuPFYSRJ4mMIa2T8OviXzh3y0sVXGcyrEuL1n2FydlochvAvfXUhA6Ajs03q6Pxk8wTuJnr7gUQpP5gLwDUlTbX+3iKXuCoYLB2DGNE7MVuWV3QGoVhzItoT7zxcGjuNZ/zR4hZOisHlqav3hfqP2S6zBA4Ix4P2/QhgHufa0yTZHQEJFWg/5WUTmVcBuWkpiY2RIZMH38uRy1+AHwqDFUBTlmfMcmB42jZs6FxV3xNN8cvoKDE7nq8LPEHgwPf7BF4ulxcI93SaCRjaolSr5jdtHmndYIJ/7CM5Vxq5leqQdgeQxpVyPH8/8AAMOmN0cav3NBR/so/Beh2khXc/TEXNd+ybF4lt6froyK6kFO9/RHUHPdcVVGFgG2Cp68SoFNF9bwKeO1utgbA8908G1cApce9JlOh0+PkkkbfxJKqck7EgLgf5UYxZboGvScPM9i0Mh5sl2cexx1hX53gyGDCUI3F5dfFdXx//u+V6R+waq61RS7sMp6vFH9NKqrbB2CBcTDdH/43m1qKikEw6dGdvWv6iTI0O8o/MkuTnWIRINQtxjS5eldayqILfIB9WZxG9IhbfUaq757V2mi34Of8UD2YbSbzomMNr5XW7rdOPlSMFKcYt6yyP8rGUmomKSskpR8zUtYRLL1FOS0HTZ9AOzN6PD2twmtZ4HxawJ5h+RZsPbxUuoX9SCSLajSFlDX/jEd71N2inmq1M9wc6D6VkkpCWEnU6vwrdCQqr+JBKXnrWDS2/jUbz7rTqKPdkVRaPQNoW2UeIxANJqy81BumHfAE7mLvrxPBZTai5W2L5tRskcl9huAUsxFKbRW2D62eqaJ9qRjbUbkyIpfOshAq2YUjNZrN+fr21gofVq02nuz73az36sd8N/P3LvmlUWb5Hsw8QAKSgd2Fq6GbXCUNCh+c7qL9oFlkD2h0Lennjd8wArHtTWPCtIdXD7Bro/quuqa42krwrL6UpRQs06uSqUCjxcm&u=U2FsdGVkX19s+PcK/bPBfTp4NoeRCwQIgHvaRSMvFFZbKHdYawzb3O2ASpqJNKB3&y=U2FsdGVkX1+EzSVxMDwa4pljF4Sg1QXAWfn8542HPVduSVO8EU0WnB5CqpEV6+v1 HTTP/1.1" 200 25
186.102.47.173 - - [15/Sep/2022:00:43:10 -0500] "GET /kwssiamovil/sm/acme/a?s=U2FsdGVkX1+XMzJTPGM+RuBCVsyu44Zb+ZRq7+IfwbGntPjPcKmRSH1O8qMVYITVk2K3QJ00jOcrLxKgcGXe3+n38lYw9OR08SKzmXCsTUzRdjOjhTF6MLvG6doOAkQoqSAJt6D0oYQJiW6axnDCZzGfB1ybSdgk+YqHCHii7vc=&u=U2FsdGVkX19s+PcK/bPBfTp4NoeRCwQIgHvaRSMvFFZbKHdYawzb3O2ASpqJNKB3&y=U2FsdGVkX1+EzSVxMDwa4pljF4Sg1QXAWfn8542HPVduSVO8EU0WnB5CqpEV6+v1 HTTP/1.1" 200 25
186.102.47.173 - - [15/Sep/2022:00:43:10 -0500] "GET /kwssiamovil/sm/acme/a?s=U2FsdGVkX1/zNtM2ZhDilcXakDLkTXOBBo8GbPXZx6NkT/ArN4RpL+4Mas4vqXR5AFz4VB8F3mSqvp7D8NO81s1YOvFwwT3bxXq1wtijZGjgwqsGTuvA09t5X9SILOYwy4c9wBI9962fMoeD9Ywhi43+i8CZGFYhOfBI3Zb6WO0=&u=U2FsdGVkX19s+PcK/bPBfTp4NoeRCwQIgHvaRSMvFFZbKHdYawzb3O2ASpqJNKB3&y=U2FsdGVkX1+EzSVxMDwa4pljF4Sg1QXAWfn8542HPVduSVO8EU0WnB5CqpEV6+v1 HTTP/1.1" 200 25
186.102.47.173 - - [15/Sep/2022:00:43:11 -0500] "GET /kwssiamovil/sm/acme/a?s=U2FsdGVkX1+nZalvmLNnegUj1P8iWDCMG12sWRvOMKeCOyLALAKIptsudvmG0PrQvLb5z/x8xS1WeZK7pa+SRUENvK/+x2lZNz8C5FtOsaVBWWz9yZc50zlm69OMKLqowlzFkWGar8Tp2551hsTyPKjxN/ADYd6QdACJNVz4kp8=&u=U2FsdGVkX19s+PcK/bPBfTp4NoeRCwQIgHvaRSMvFFZbKHdYawzb3O2ASpqJNKB3&y=U2FsdGVkX1+EzSVxMDwa4pljF4Sg1QXAWfn8542HPVduSVO8EU0WnB5CqpEV6+v1 HTTP/1.1" 200 25
186.102.47.173 - - [15/Sep/2022:00:43:11 -0500] "GET /kwssiamovil/sm/acme/a?s=U2FsdGVkX1/BuhtV6aZzESsTUBoWiaG4oZ6ApO13RKrCAO7yMcx2OYpklziEI9m/kDJg8cUW3f59oq8XKqCvL4GuasJj2V0zbWrU6Z4YoV7UjmKedRTF7fUDmcvx8lIpyd1b4Gh9b6JaKs7UXaWfx7i3QhAk7MDAzDG1bvn6zs6iRIiXrWb7VeYAHIAx2blEcDG6yD6uuwp7zpHlImasyQ==&u=U2FsdGVkX19s+PcK/bPBfTp4NoeRCwQIgHvaRSMvFFZbKHdYawzb3O2ASpqJNKB3&y=U2FsdGVkX1+EzSVxMDwa4pljF4Sg1QXAWfn8542HPVduSVO8EU0WnB5CqpEV6+v1 HTTP/1.1" 200 25
186.102.47.173 - - [15/Sep/2022:00:43:11 -0500] "GET /kwssiamovil/sm/acme/a?s=U2FsdGVkX1+HM6fZuMzprk/98BSdp9DWKBQUXWOn+AD9E24sipFW+6ba30vHsi3OnmTLvuIF1rP+ix41Zy20OG+kOL1Tx/2CvyydOzjlofK5Ml+uvXHAfKNdBHCnKkm6kyQO82+pRS67Y86rJdMIyBc/0dbD3GNJ5ADpbDl9cc1ePFh4ZRllkY/vnQkOVKmxEYxTJLP7V1ZpNp5qqDsh+iXgIu0Rvz3/jhXoOV3htWc/RDF4A42Zj5hmG9/jQ0/99WHiu7ZQqYnmGnr7ozzucJXz5XMCxkKX1lEtUFlRxwa43QcvIsj/D40W8O9V8LUOhoMRj1BDx04CP3eqYASgUE8J9kg8jeO4Wl8xNJcWzpBtCPo/cs7JhF6Q2ITZf4EI4oJkLWDyKCH3hmMw8s+gpS6LwOe/uSvGMH3aivnWeKvsvy6LpX7rmJZU/oKivLD2ddkO1iALOaTVcsO0qbIjgYhnr2TLqa6cYfeuqEF5ATY7KT3roZ14DaARivWEirEjhihvI1p7a13kUU6z5TIbDg==&u=U2FsdGVkX19s+PcK/bPBfTp4NoeRCwQIgHvaRSMvFFZbKHdYawzb3O2ASpqJNKB3&y=U2FsdGVkX1+EzSVxMDwa4pljF4Sg1QXAWfn8542HPVduSVO8EU0WnB5CqpEV6+v1 HTTP/1.1" 200 25
186.102.47.173 - - [15/Sep/2022:00:43:11 -0500] "GET /kwssiamovil/sm/acme/a?s=U2FsdGVkX18AgrSkWmgdn/0j+MitGsh2gBYxV6qMWc4uHbkHXKcFxDc7ToACblqwqLntB3rZIFDpzog7i5T3yiyM1DV9Rm4y89RypRPoS9bN6X68pqYWLk+BQDHUJO3rfmFwSA/8GFEPDWlo9pdsU38N1rZffD8KPSlJtj/OVu6s9sAQvRqtrkeJTaw3IxzbpIr8zbVB/tRVMAoh2N4oo0zAbRNxAxOfraQD5GFY7IrrWJWcBmgHRcTC/AGPiGqc3ojuli12vmD8KXhCKmSgu5ANM0kWBb5dEmdXhZssA0jSMZn498U3yqMotargaXm36a5kUROhuea2NWDnpZfixvvu2Vj3EKr7p18V+/76sgUPv3enFcoj46B6RocI44Gnmfgve3Fb7Q3S47ziIpLSxWHuWK9rQM8RRNIL5llZSZA6WZyItgoI4Va7KkC3ktjYm7oa648k5hqzj5ULynb3BDx4q/sqbTzfKYjNRs2vwZc=&u=U2FsdGVkX19s+PcK/bPBfTp4NoeRCwQIgHvaRSMvFFZbKHdYawzb3O2ASpqJNKB3&y=U2FsdGVkX1+EzSVxMDwa4pljF4Sg1QXAWfn8542HPVduSVO8EU0WnB5CqpEV6+v1 HTTP/1.1" 200 25
54.198.228.64 - - [15/Sep/2022:00:43:30 -0500] "GET /porque-tu-vida-vale-haz-parte-del-simulacro-distrital-de-evacuacion-este-4-de-octubre.html HTTP/1.1" 200 810
54.198.228.64 - - [15/Sep/2022:00:43:30 -0500] "GET /porque-tu-vida-vale-haz-parte-del-simulacro-distrital-de-evacuacion-este-4-de-octubre.html HTTP/1.1" 200 810
172.22.2.4 - - [15/Sep/2022:00:42:48 -0500] "HEAD /BLA/boletinlegal/ HTTP/1.1" 200 -
216.245.221.92 - - [15/Sep/2022:00:44:53 -0500] "HEAD / HTTP/1.1" 200 -
87.250.224.14 - - [15/Sep/2022:00:45:04 -0500] "-" 408 -
5.45.207.102 - - [15/Sep/2022:00:45:09 -0500] "-" 408 -
87.250.224.70 - - [15/Sep/2022:00:45:14 -0500] "-" 408 -
172.22.2.4 - - [15/Sep/2022:00:43:38 -0500] "GET /BLA/boletinlegal/ HTTP/1.1" 200 56014
5.45.207.93 - - [15/Sep/2022:00:45:19 -0500] "-" 408 -
95.108.213.43 - - [15/Sep/2022:00:45:34 -0500] "-" 408 -
213.180.203.87 - - [15/Sep/2022:00:45:49 -0500] "-" 408 -
87.250.224.2 - - [15/Sep/2022:00:46:19 -0500] "-" 408 -
40.77.188.46 - - [15/Sep/2022:00:47:02 -0500] "GET /galeria/bibloteca/contentflow.css HTTP/1.1" 200 3201
40.77.190.207 - - [15/Sep/2022:00:47:02 -0500] "GET /galeria/bibloteca/mycontentflow.css HTTP/1.1" 200 3110
40.77.189.115 - - [15/Sep/2022:00:47:02 -0500] "GET /galeria/bibloteca/ContentFlowAddOn_white.js HTTP/1.1" 200 2497
40.77.189.240 - - [15/Sep/2022:00:47:03 -0500] "GET /galeria/bibloteca/ContentFlowAddOn_white.css HTTP/1.1" 200 3355
87.250.224.109 - - [15/Sep/2022:00:47:19 -0500] "-" 408 -
201.245.192.253 - - [15/Sep/2022:00:47:21 -0500] "POST /kwsrmcab/Wsrmcab  HTTP/1.1" 200 37989
5.255.231.250 - - [15/Sep/2022:00:48:19 -0500] "-" 408 -
157.55.39.202 - - [15/Sep/2022:00:49:15 -0500] "GET /BLA/resoluciones/RESOLUCIONES%202002/RES%202002%20101-150/2002RES131.tif HTTP/1.1" 200 81920
66.249.73.127 - - [15/Sep/2022:00:49:28 -0500] "-" 408 -
216.245.221.92 - - [15/Sep/2022:00:49:53 -0500] "HEAD / HTTP/1.1" 200 -
172.22.2.4 - - [15/Sep/2022:00:48:38 -0500] "HEAD /BLA/boletinlegal/ HTTP/1.1" 200 -
95.108.213.63 - - [15/Sep/2022:00:50:36 -0500] "-" 408 -
172.22.2.4 - - [15/Sep/2022:00:49:28 -0500] "GET /BLA/boletinlegal/ HTTP/1.1" 200 58163
186.102.47.173 - - [15/Sep/2022:00:51:10 -0500] "GET /kwssiamovil/sm/acme/u?s=U2FsdGVkX19CEl0aSFGaBRr/LJWpyCi/rJ9x1f0awKFjjPkkbzrUrwHdyeWTEZabzsiqJJyRxyyUct14kD3Zg0V7AOampLowwdVLUXJBN1ryIodm4BmBQ4OAj4htH3aDTm6k8pnKdJp0VT/e4bvH5g==&u=U2FsdGVkX19s+PcK/bPBfTp4NoeRCwQIgHvaRSMvFFZbKHdYawzb3O2ASpqJNKB3&y=U2FsdGVkX1+EzSVxMDwa4pljF4Sg1QXAWfn8542HPVduSVO8EU0WnB5CqpEV6+v1 HTTP/1.1" 200 60
172.22.2.4 - - [15/Sep/2022:00:51:23 -0500] "GET /BLA/boletinlegal/.env HTTP/1.1" 404 1038
172.22.2.4 - - [15/Sep/2022:00:51:33 -0500] "POST /BLA/boletinlegal/ HTTP/1.1" 200 24523
201.245.192.253 - - [15/Sep/2022:00:52:20 -0500] "POST /kwsrmcab/Wsrmcab  HTTP/1.1" 200 37989
5.255.253.162 - - [15/Sep/2022:00:53:36 -0500] "-" 408 -
216.245.221.92 - - [15/Sep/2022:00:54:53 -0500] "HEAD / HTTP/1.1" 200 -
172.22.2.4 - - [15/Sep/2022:00:54:28 -0500] "HEAD /BLA/boletinlegal/ HTTP/1.1" 200 -
172.22.2.4 - - [15/Sep/2022:00:55:18 -0500] "GET /BLA/boletinlegal/ HTTP/1.1" 200 60281
201.245.192.253 - - [15/Sep/2022:00:57:19 -0500] "POST /kwsrmcab/Wsrmcab  HTTP/1.1" 200 37989
186.102.47.173 - - [15/Sep/2022:00:57:39 -0500] "GET /kwssiamovil/sm/acme/a?s=U2FsdGVkX1/aWzBfy2uxUND2ldMJgUgJKayxEwBG1zAYTqtg9YDmjctN9oSFBRS1eRrQl6gxqwmoxqAFDDMgYTA1mi3wwv1uMgzpFTLgB+78MsJQgNakFa5q3/t9A4FHDjDcotqJDLsGEQIoQcu5ZFsdXTMzBkeaWPbHQqDD6XZO5YCj3vQPAylAM13tETjjZ1NC+zo+VB1lr0RtbDZj8j0hvnTaNt/EYryO2RObuFm5a58VvxREj3iuzxlnfGn/3wtsBWa4KorjpJLG8wq3qA==&u=U2FsdGVkX19s+PcK/bPBfTp4NoeRCwQIgHvaRSMvFFZbKHdYawzb3O2ASpqJNKB3&y=U2FsdGVkX1+EzSVxMDwa4pljF4Sg1QXAWfn8542HPVduSVO8EU0WnB5CqpEV6+v1 HTTP/1.1" 200 25
207.46.13.181 - - [15/Sep/2022:00:58:34 -0500] "GET /portaldeninos/2021/06/05/celebracion-del-dia-mundial-del-medio-ambiente-comenzo-desde-uno-de-los-pulmones-de-bogota/ HTTP/1.1" 200 104357
5.45.207.71 - - [15/Sep/2022:00:58:36 -0500] "-" 408 -
216.245.221.92 - - [15/Sep/2022:00:59:53 -0500] "HEAD / HTTP/1.1" 200 -
152.61.192.232 - - [15/Sep/2022:01:00:52 -0500] "GET /arcgis/services/Calidad_del_Agua_WQI/MapServer/WMSServer?request=GetCapabilities&service=WMS HTTP/1.1" 503 1020
152.61.192.232 - - [15/Sep/2022:01:00:53 -0500] "GET /arcgis/services/Calidad_del_Agua_WQI/MapServer/WMSServer?SERVICE=WMS&REQUEST=GetCapabilities HTTP/1.1" 503 1020
152.61.192.232 - - [15/Sep/2022:01:00:54 -0500] "GET /arcgis/services/Calidad_del_Agua_WQI/MapServer/WMSServer?WMTVER=1.0.0&REQUEST=capabilities HTTP/1.1" 503 1020
46.60.80.76 - - [15/Sep/2022:01:01:06 -0500] "GET /agent/timeclock.php HTTP/1.1" 404 1018
46.60.80.76 - - [15/Sep/2022:01:01:10 -0500] "GET /agc/timeclock.php HTTP/1.1" 404 1018
157.55.39.188 - - [15/Sep/2022:01:01:52 -0500] "GET /BLA/resoluciones/2002RES131.tif HTTP/1.1" 404 1018
172.22.2.4 - - [15/Sep/2022:01:00:18 -0500] "HEAD /BLA/boletinlegal/ HTTP/1.1" 200 -
201.245.192.253 - - [15/Sep/2022:01:02:18 -0500] "POST /kwsrmcab/Wsrmcab  HTTP/1.1" 200 37989
172.22.2.4 - - [15/Sep/2022:01:01:08 -0500] "GET /BLA/boletinlegal/ HTTP/1.1" 200 54823
172.22.2.4 - - [15/Sep/2022:01:03:34 -0500] "GET /BLA/boletinlegal/conceptos.php HTTP/1.1" 200 7443
190.240.2.136 - - [15/Sep/2022:01:04:27 -0500] "-" 408 -
216.245.221.92 - - [15/Sep/2022:01:04:53 -0500] "HEAD / HTTP/1.1" 200 -
152.61.128.50 - - [15/Sep/2022:01:05:20 -0500] "GET /arcgis/services/Calidad_del_Agua_WQI/MapServer/WMSServer?request=GetCapabilities&service=WMS HTTP/1.1" 503 1020
152.61.128.50 - - [15/Sep/2022:01:05:21 -0500] "GET /arcgis/services/Calidad_del_Agua_WQI/MapServer/WMSServer?SERVICE=WMS&REQUEST=GetCapabilities HTTP/1.1" 503 1020
152.61.128.50 - - [15/Sep/2022:01:05:21 -0500] "GET /arcgis/services/Calidad_del_Agua_WQI/MapServer/WMSServer?WMTVER=1.0.0&REQUEST=capabilities HTTP/1.1" 503 1020
207.46.13.131 - - [15/Sep/2022:01:06:06 -0500] "GET /BLA/resoluciones/2002RES128.tif HTTP/1.1" 404 1018
87.250.224.18 - - [15/Sep/2022:01:06:36 -0500] "-" 408 -
201.245.192.253 - - [15/Sep/2022:01:07:17 -0500] "POST /kwsrmcab/Wsrmcab  HTTP/1.1" 200 37989
172.22.2.4 - - [15/Sep/2022:01:06:08 -0500] "HEAD /BLA/boletinlegal/ HTTP/1.1" 200 -
172.22.2.4 - - [15/Sep/2022:01:06:58 -0500] "GET /BLA/boletinlegal/ HTTP/1.1" 200 58163
66.249.65.217 - - [15/Sep/2022:01:09:27 -0500] "-" 408 -
185.119.81.108 - - [15/Sep/2022:01:09:32 -0500] "GET /portaldeninos/wp-login.php HTTP/1.1" 200 2592
185.119.81.108 - - [15/Sep/2022:01:09:33 -0500] "POST /portaldeninos/wp-login.php HTTP/1.1" 200 3670
216.245.221.92 - - [15/Sep/2022:01:09:53 -0500] "HEAD / HTTP/1.1" 200 -
164.92.87.195 - - [15/Sep/2022:01:11:24 -0500] "GET /js/app.d7b0caa9.js HTTP/1.1" 404 1019
201.245.192.253 - - [15/Sep/2022:01:12:14 -0500] "POST /kwsrmcab/Wsrmcab  HTTP/1.1" 200 37989
172.22.2.4 - - [15/Sep/2022:01:11:58 -0500] "HEAD /BLA/boletinlegal/ HTTP/1.1" 200 -
172.22.2.4 - - [15/Sep/2022:01:12:48 -0500] "GET /BLA/boletinlegal/ HTTP/1.1" 200 52493
157.55.39.201 - - [15/Sep/2022:01:14:30 -0500] "GET /catalogoisis/ HTTP/1.1" 200 8575
216.245.221.92 - - [15/Sep/2022:01:14:53 -0500] "HEAD / HTTP/1.1" 200 -
172.22.2.4 - - [15/Sep/2022:01:14:22 -0500] "GET /BLA/boletinlegal/ HTTP/1.1" 200 36811
87.250.224.4 - - [15/Sep/2022:01:16:36 -0500] "-" 408 -
201.245.192.253 - - [15/Sep/2022:01:17:14 -0500] "POST /kwsrmcab/Wsrmcab  HTTP/1.1" 200 37989
201.245.192.253 - - [15/Sep/2022:01:18:55 -0500] "POST /kwsrmcab/Wsrmcab HTTP/1.1" 200 37184
201.245.192.253 - - [15/Sep/2022:01:18:58 -0500] "POST /kwsrmcab/Wsrmcab HTTP/1.1" 200 42451
172.22.2.4 - - [15/Sep/2022:01:17:48 -0500] "HEAD /BLA/boletinlegal/ HTTP/1.1" 200 -
185.119.81.106 - - [15/Sep/2022:01:19:29 -0500] "GET /portaldeninos/wp-login.php HTTP/1.1" 200 2592
185.119.81.106 - - [15/Sep/2022:01:19:29 -0500] "POST /portaldeninos/wp-login.php HTTP/1.1" 200 3670
216.245.221.92 - - [15/Sep/2022:01:19:53 -0500] "HEAD / HTTP/1.1" 200 -
43.128.225.197 - - [15/Sep/2022:01:19:56 -0500] "GET / HTTP/1.1" 200 319
172.22.2.4 - - [15/Sep/2022:01:18:38 -0500] "GET /BLA/boletinlegal/ HTTP/1.1" 200 58163
3.89.200.100 - - [15/Sep/2022:01:21:49 -0500] "GET /porque-tu-vida-vale-haz-parte-del-simulacro-distrital-de-evacuacion-este-4-de-octubre.html HTTP/1.1" 200 810
3.89.200.100 - - [15/Sep/2022:01:21:49 -0500] "GET /porque-tu-vida-vale-haz-parte-del-simulacro-distrital-de-evacuacion-este-4-de-octubre.html HTTP/1.1" 200 810
201.245.192.253 - - [15/Sep/2022:01:22:13 -0500] "POST /kwsrmcab/Wsrmcab  HTTP/1.1" 200 37989
172.22.2.4 - - [15/Sep/2022:01:21:37 -0500] "GET /BLA/boletinlegal/ HTTP/1.1" 200 36811
66.249.73.100 - - [15/Sep/2022:01:22:30 -0500] "-" 408 -
54.39.103.203 - - [15/Sep/2022:01:23:18 -0500] "GET /porque-tu-vida-vale-haz-parte-del-simulacro-distrital-de-evacuacion-este-4-de-octubre.html HTTP/1.1" 200 810
159.203.65.13 - - [15/Sep/2022:01:23:46 -0500] "\x16\x03\x01" 400 226
159.203.65.13 - - [15/Sep/2022:01:23:47 -0500] "\x16\x03\x01" 400 226
159.203.65.13 - - [15/Sep/2022:01:23:47 -0500] "GET / HTTP/1.1" 200 319
207.46.13.184 - - [15/Sep/2022:01:24:20 -0500] "GET /atrapamoscas-coronidorado-ave-austral-que-se-registro-en-el-humedal-cordoba.html HTTP/1.1" 200 991
216.245.221.92 - - [15/Sep/2022:01:24:53 -0500] "HEAD / HTTP/1.1" 200 -
172.22.2.4 - - [15/Sep/2022:01:23:38 -0500] "HEAD /BLA/boletinlegal/ HTTP/1.1" 200 -
172.22.2.4 - - [15/Sep/2022:01:24:28 -0500] "GET /BLA/boletinlegal/ HTTP/1.1" 200 60281
5.255.253.136 - - [15/Sep/2022:01:26:36 -0500] "-" 408 -
201.245.192.253 - - [15/Sep/2022:01:27:12 -0500] "POST /kwsrmcab/Wsrmcab  HTTP/1.1" 200 37989
172.22.2.4 - - [15/Sep/2022:01:27:38 -0500] "GET /BLA/boletinlegal/robots.txt HTTP/1.1" 404 1038
172.22.2.4 - - [15/Sep/2022:01:27:42 -0500] "GET /BLA/boletinlegal/images/screen_3.png HTTP/1.1" 200 210620
201.245.192.253 - - [15/Sep/2022:01:28:54 -0500] "POST /kwsrmcab/Wsrmcab HTTP/1.1" 200 37184
201.245.192.253 - - [15/Sep/2022:01:28:58 -0500] "POST /kwsrmcab/Wsrmcab HTTP/1.1" 200 42451
216.245.221.92 - - [15/Sep/2022:01:29:53 -0500] "HEAD / HTTP/1.1" 200 -
157.55.39.188 - - [15/Sep/2022:01:30:35 -0500] "GET /forest/ HTTP/1.1" 200 12041
207.46.13.131 - - [15/Sep/2022:01:30:39 -0500] "GET /sipse/faces/faces/autenticacion.xhtml HTTP/1.1" 200 12497
172.22.2.4 - - [15/Sep/2022:01:29:28 -0500] "HEAD /BLA/boletinlegal/ HTTP/1.1" 200 -
172.22.2.4 - - [15/Sep/2022:01:30:18 -0500] "GET /BLA/boletinlegal/ HTTP/1.1" 200 52877
201.245.192.253 - - [15/Sep/2022:01:32:11 -0500] "POST /kwsrmcab/Wsrmcab  HTTP/1.1" 200 37989
185.119.81.106 - - [15/Sep/2022:01:34:01 -0500] "GET /portaldeninos/wp-login.php HTTP/1.1" 200 2592
185.119.81.106 - - [15/Sep/2022:01:34:02 -0500] "POST /portaldeninos/wp-login.php HTTP/1.1" 200 3650
216.245.221.92 - - [15/Sep/2022:01:34:53 -0500] "HEAD / HTTP/1.1" 200 -
87.250.224.72 - - [15/Sep/2022:01:36:36 -0500] "-" 408 -
172.22.2.4 - - [15/Sep/2022:01:35:46 -0500] "GET /BLA/boletinlegal/ HTTP/1.1" 200 36811
172.22.2.4 - - [15/Sep/2022:01:35:18 -0500] "HEAD /BLA/boletinlegal/ HTTP/1.1" 200 -
201.245.192.253 - - [15/Sep/2022:01:37:11 -0500] "POST /kwsrmcab/Wsrmcab  HTTP/1.1" 503 1020
172.22.2.4 - - [15/Sep/2022:01:36:08 -0500] "GET /BLA/boletinlegal/ HTTP/1.1" 200 56732
201.245.192.253 - - [15/Sep/2022:01:38:11 -0500] "POST /kwsrmcab/Wsrmcab  HTTP/1.1" 503 1020
13.56.12.226 - - [15/Sep/2022:01:38:33 -0500] "GET / HTTP/1.1" 200 319
201.245.192.253 - - [15/Sep/2022:01:38:54 -0500] "POST /kwsrmcab/Wsrmcab HTTP/1.1" 200 37184
201.245.192.253 - - [15/Sep/2022:01:38:59 -0500] "POST /kwsrmcab/Wsrmcab HTTP/1.1" 200 42451
201.245.192.253 - - [15/Sep/2022:01:39:10 -0500] "POST /kwsrmcab/Wsrmcab  HTTP/1.1" 200 37989
216.245.221.92 - - [15/Sep/2022:01:39:53 -0500] "HEAD / HTTP/1.1" 200 -
201.245.192.253 - - [15/Sep/2022:01:40:11 -0500] "POST /kwsrmcab/Wsrmcab  HTTP/1.1" 200 37989
50.18.37.218 - - [15/Sep/2022:01:40:49 -0500] "GET /portaldeninos/ HTTP/1.1" 200 110197
207.46.13.86 - - [15/Sep/2022:01:41:34 -0500] "GET /BLA/resoluciones/RESOLUCIONES%202021/4500.pdf HTTP/1.1" 200 2845680
185.119.81.108 - - [15/Sep/2022:01:42:01 -0500] "GET /portaldeninos/wp-login.php HTTP/1.1" 200 2592
185.119.81.108 - - [15/Sep/2022:01:42:02 -0500] "POST /portaldeninos/wp-login.php HTTP/1.1" 200 3605
66.249.73.127 - - [15/Sep/2022:01:42:32 -0500] "-" 408 -
172.22.2.4 - - [15/Sep/2022:01:41:08 -0500] "HEAD /BLA/boletinlegal/ HTTP/1.1" 200 -
172.22.2.4 - - [15/Sep/2022:01:41:58 -0500] "GET /BLA/boletinlegal/ HTTP/1.1" 200 54003
216.245.221.92 - - [15/Sep/2022:01:44:53 -0500] "HEAD / HTTP/1.1" 200 -
201.245.192.253 - - [15/Sep/2022:01:45:10 -0500] "POST /kwsrmcab/Wsrmcab  HTTP/1.1" 200 37989
5.255.253.156 - - [15/Sep/2022:01:46:36 -0500] "-" 408 -
172.22.2.4 - - [15/Sep/2022:01:46:46 -0500] "GET /BLA/boletinlegal/actuator/gateway/routes HTTP/1.1" 404 1018
191.108.52.178 - - [15/Sep/2022:01:46:54 -0500] "GET /BLA/resoluciones/dlf/styles.css HTTP/1.1" 200 3049
191.108.52.178 - - [15/Sep/2022:01:46:54 -0500] "GET /BLA/resoluciones/dlf/folder.png HTTP/1.1" 200 410
191.108.52.178 - - [15/Sep/2022:01:46:54 -0500] "GET /BLA/resoluciones/ HTTP/1.1" 200 13093
191.108.52.178 - - [15/Sep/2022:01:46:54 -0500] "GET /BLA/resoluciones/dlf/bg.gif HTTP/1.1" 200 54
191.108.52.178 - - [15/Sep/2022:01:46:54 -0500] "GET /favicon.ico HTTP/1.1" 200 7782
191.108.52.178 - - [15/Sep/2022:01:46:59 -0500] "GET /BLA/resoluciones/dlf/dirup.png HTTP/1.1" 200 644
191.108.52.178 - - [15/Sep/2022:01:46:59 -0500] "GET /BLA/resoluciones/dlf/pdf.gif HTTP/1.1" 200 272
191.108.52.178 - - [15/Sep/2022:01:46:59 -0500] "GET /BLA/resoluciones/index.php?dir=RESOLUCIONES+2021%2F HTTP/1.1" 200 422970
5.171.8.50 - - [15/Sep/2022:01:47:12 -0500] "GET /inventario-de-emisiones-2020-transporte-publico-sitp-redujo-emisiones-de-pm-2-5-en-un-37.html HTTP/1.1" 200 925
157.55.39.153 - - [15/Sep/2022:01:47:22 -0500] "GET /portaldeninos/humedal-juan-amarillo-2/ HTTP/1.1" 200 88155
172.22.2.4 - - [15/Sep/2022:01:46:58 -0500] "HEAD /BLA/boletinlegal/ HTTP/1.1" 200 -
66.249.73.127 - - [15/Sep/2022:01:49:28 -0500] "-" 408 -
172.22.2.4 - - [15/Sep/2022:01:47:48 -0500] "GET /BLA/boletinlegal/ HTTP/1.1" 200 58163
216.245.221.92 - - [15/Sep/2022:01:49:53 -0500] "HEAD / HTTP/1.1" 200 -
157.55.39.153 - - [15/Sep/2022:01:50:03 -0500] "GET /portaldeninos/parque-ecologico-distrital-humedal-santa-maria-del-lago/ HTTP/1.1" 200 90199
201.245.192.253 - - [15/Sep/2022:01:50:08 -0500] "POST /kwsrmcab/Wsrmcab  HTTP/1.1" 200 37989
185.119.81.101 - - [15/Sep/2022:01:52:03 -0500] "GET /portaldeninos/wp-login.php HTTP/1.1" 200 2592
185.119.81.101 - - [15/Sep/2022:01:52:04 -0500] "POST /portaldeninos/wp-login.php HTTP/1.1" 200 3670
173.231.60.195 - - [15/Sep/2022:01:53:24 -0500] "-" 408 -
172.22.2.4 - - [15/Sep/2022:01:52:48 -0500] "HEAD /BLA/boletinlegal/ HTTP/1.1" 200 -
216.245.221.92 - - [15/Sep/2022:01:54:53 -0500] "HEAD / HTTP/1.1" 200 -
201.245.192.253 - - [15/Sep/2022:01:55:07 -0500] "POST /kwsrmcab/Wsrmcab  HTTP/1.1" 200 37989
172.22.2.4 - - [15/Sep/2022:01:53:38 -0500] "GET /BLA/boletinlegal/ HTTP/1.1" 200 60281
173.231.60.195 - - [15/Sep/2022:01:55:24 -0500] "-" 408 -
183.128.40.17 - - [15/Sep/2022:01:55:41 -0500] "POST /HNAP1/ HTTP/1.0" 400 945
5.255.231.110 - - [15/Sep/2022:01:56:36 -0500] "-" 408 -
186.102.1.173 - - [15/Sep/2022:01:57:16 -0500] "GET /kwssiamovil/sm/acme/a?s=U2FsdGVkX1+8BMAhPmwQ5itjNd9lMRnNMHnSHnZvSwLdoR4ss40tOmLM8lglrjC6SbH/SlPpLwnHHFzCcP4kx/TOqPbQWwUXOXb6fCaZ9SLwv0WJJucV74+tl/sM7SWzDg3YC0k/5Tpb78aqLMu61Yf+pXPiIYvJdsm4IKtt0cR6h0IgHkujdujXYXWVrww12zkeKhUTEk3IjmL7EGKIFTLxxKHsXuebptFWCgpw91s/t3vdQi4JvTJqCkpRm+cyFbfxwBuyS5fnuXA+u6anXQ==&u=U2FsdGVkX19s+PcK/bPBfTp4NoeRCwQIgHvaRSMvFFZbKHdYawzb3O2ASpqJNKB3&y=U2FsdGVkX1+EzSVxMDwa4pljF4Sg1QXAWfn8542HPVduSVO8EU0WnB5CqpEV6+v1 HTTP/1.1" 200 25
186.102.1.173 - - [15/Sep/2022:01:57:17 -0500] "GET /kwssiamovil/sm/acme/a?s=U2FsdGVkX1/U/A7HLMCBwCd5nx+XoVp10AnUncvO2f7QI52+RCec2K+RxVGZCMyfzSdJp9Mg+Vttahdss0+OyBtlYTpC4C8aEuJVpbgst2h1xRthM7r69rdqpWznvPPcFpBPsAj93UvOKHZdXHz6UsGcvSaAx3oyrXcKjo/8Lf8sm3KWcxDjudm+VnxfUR/HzU/V7Gz1ZJyfSZSySAVZWti5Xk6uvoXxTvym3L7BJMjmLViaNLVQ6SLv9DN/aeRYWez6JBGk0QJCEkVwbDf3XwmFuL13pLIYUwF/NhZteXLXVqqDEMaz0AH1sy8uW+vQJDBHHXhW7GKxVRY4S+nyCLtJ8vJSneVWb75E0W39fkcDUkXTwz08boBWdQw3P/oO07mLbKhtJqRgxbN1bVq9BgAwlJpkPmLDClB7aoWcEysSmXQ2Xb0KX5cvvrEqrQ6FdMcLvDCGkdUbmFDb4/W3WtGF7NkC2u9kBslLxBCHesoEnl29LvHl9gSrguXCfa7EOW5H1wGPg9608Rh1OvL2fKeqpXRlkIukZ95YVewhPCQDNMFnCxjD4+yZ1L6DAzXDqEsQNmlhE43BC4o2ngu1jQWgx4UJL6uNU/EGHsSs8VkQD2/6jX1QGsqMjdWp+Ch1xMthvyMin3yTT2MOJvI6J2wLMR24MtPjmakbnfhkI+nH/uQnPcSTA4aBhRFYKRKSn8pn8GPFtNCLtoB7lh/hnYKppqGqcAJE9SLvRN7d4Tw1UiuIfu0OAqFwG8jTcfULAmzRkH1p2d4CxJK/etsJCMsO3hJiq0DR0pk/j1PiEUwBgmDtPH3XRIZMtuHpDMd14FcYLob+y6452CqeLnmnX0Jdg9R68aXMVAlx5cbPW+KrzGLPfFhwuTV+d3KtA+Bgpe06LklQAWRMpG1kZ04JRdadecD/CSN87ApsE0eHuy4gVUn46DzCfih66HI8E1mulBgd5otAnHrr0NAP2p/pZwgpSBWbl49rpYemR06R+yprFaLhVvS8DmAKpycG3y26KtT/qpShm6VmRwdcyAckzYmAA9PwUKhCGEoWjqLoSirAQVT3YhbGeeBvKPTcntszh6Mfh2gIGtvNcVxbIxdYPZXG4zPK0oWfm5wBKQNaWBGocn1VqQ4js2cnMHwYNav7psrgVqPc9iH6dXpLirVW2hJKuflbENPsT9uiIXwk5ym2anNWy94RJkWPOR/nR4b9P281XKNqUoDTGRxkV3pwt7JRNuPCuKWnOp3yneFG6GDHWGdlrtnrEZKfYWM97KlC4kn0GLvhY6f0yhCIHf1NoJKnWvGJ83kwG5EXdzUpNTAAanS5gr7AYmxqz5XirRbeUfE3v9NsJaGtdWIc4O/M62mWiCVIwjMZAaf8WHB5e63NcxjBBGtWaNP1BBOxK6lZ0CJW4BNuIrr1JsWG2B9tjXmTFtSuVlJude8OuNPBjW2gtBRQl0gMw1l5uK/6TB451/v4BU44eKBNbd8ka+39iXVSGtezEjRF7UvGhXzeOdglnCdLefELB0331quHMMZEt7qX1DHfmALnwLKZX/p41ivwSPX/a5x0PGCMMXh4cSY25FdL1h3G/oP4edwDju+CFSdB4WmfgFJMOWVYU7vLTQrBWZvhWSATremRpot8Svo=&u=U2FsdGVkX19s+PcK/bPBfTp4NoeRCwQIgHvaRSMvFFZbKHdYawzb3O2ASpqJNKB3&y=U2FsdGVkX1+EzSVxMDwa4pljF4Sg1QXAWfn8542HPVduSVO8EU0WnB5CqpEV6+v1 HTTP/1.1" 200 25
186.102.1.173 - - [15/Sep/2022:01:57:17 -0500] "GET /kwssiamovil/sm/acme/a?s=U2FsdGVkX18pnonjsKwZrBiG8yxIBFrX5wcL+2FRgpmH0sxHyuLYY4wQAQM3LHH5pHcdhS/hhjMa5E6K8QOaEJbTYC7PgiG/49HJXuSTUScRm0yyPyqNE1bI9eq/pRhGXCr1ARQSVzVXmB2t6d5I7MujF97gkfdK/9A3cHzTTqM=&u=U2FsdGVkX19s+PcK/bPBfTp4NoeRCwQIgHvaRSMvFFZbKHdYawzb3O2ASpqJNKB3&y=U2FsdGVkX1+EzSVxMDwa4pljF4Sg1QXAWfn8542HPVduSVO8EU0WnB5CqpEV6+v1 HTTP/1.1" 200 25
186.102.1.173 - - [15/Sep/2022:01:57:17 -0500] "GET /kwssiamovil/sm/acme/a?s=U2FsdGVkX196KpOh/bqu5eBQTaZuCGavvLWfZJUfvkYQXU80oynWmYOylpT8HY5PlJYXFnV9hS9AGzMXcAlBZxwws+Wb6Po0+mjARgGIBnrRgHamv77ijd+CySfdjO8tKx54kcjpX/xMPmqkLJfT0Wx7f/O6TxjPtoWo7DtpoSE=&u=U2FsdGVkX19s+PcK/bPBfTp4NoeRCwQIgHvaRSMvFFZbKHdYawzb3O2ASpqJNKB3&y=U2FsdGVkX1+EzSVxMDwa4pljF4Sg1QXAWfn8542HPVduSVO8EU0WnB5CqpEV6+v1 HTTP/1.1" 200 25
186.102.1.173 - - [15/Sep/2022:01:57:18 -0500] "GET /kwssiamovil/sm/acme/a?s=U2FsdGVkX18iOdAMOxZdgmU79tTQ548VKLEabTEOSWeI7+sKvEXZgdED9hUCqLB6NrBQorSlXLRw7oUQBcAcglqijKiMDFLD7pNiyayRINJbYZgCMKCZ9iCwY4GPfnk3fwCx/0OUcvgZOcwFDlW0LknsbTRHpZvav3rdnZSmvu0=&u=U2FsdGVkX19s+PcK/bPBfTp4NoeRCwQIgHvaRSMvFFZbKHdYawzb3O2ASpqJNKB3&y=U2FsdGVkX1+EzSVxMDwa4pljF4Sg1QXAWfn8542HPVduSVO8EU0WnB5CqpEV6+v1 HTTP/1.1" 200 25
186.102.1.173 - - [15/Sep/2022:01:57:18 -0500] "GET /kwssiamovil/sm/acme/a?s=U2FsdGVkX1+Mgl2VD35kZvGtGSfq3N3q0QB3Q2X9B14l9d0ZNaA6R54hHgdq9up3FWkLTr1CYW4OliNJpcI9X+B9VA1A7/xgEzIDKKdwwe5G3que00nYpfyagklcsK/xSAU9LZ2j1aL+GVUlPefzqjJi1q6APyPsIgJZedEPwDq2Pn3hvdFtENEjkgr3HytcOk8iZvTQdSo84v3B+uj7Og==&u=U2FsdGVkX19s+PcK/bPBfTp4NoeRCwQIgHvaRSMvFFZbKHdYawzb3O2ASpqJNKB3&y=U2FsdGVkX1+EzSVxMDwa4pljF4Sg1QXAWfn8542HPVduSVO8EU0WnB5CqpEV6+v1 HTTP/1.1" 200 25
66.249.73.127 - - [15/Sep/2022:01:59:06 -0500] "-" 408 -
216.245.221.92 - - [15/Sep/2022:01:59:53 -0500] "HEAD / HTTP/1.1" 200 -
201.245.192.253 - - [15/Sep/2022:02:00:06 -0500] "POST /kwsrmcab/Wsrmcab  HTTP/1.1" 200 37989
172.22.2.4 - - [15/Sep/2022:01:58:38 -0500] "HEAD /BLA/boletinlegal/ HTTP/1.1" 200 -
172.22.2.4 - - [15/Sep/2022:01:59:28 -0500] "GET /BLA/boletinlegal/ HTTP/1.1" 200 52877
216.245.221.92 - - [15/Sep/2022:02:04:53 -0500] "HEAD / HTTP/1.1" 200 -
201.245.192.253 - - [15/Sep/2022:02:05:05 -0500] "POST /kwsrmcab/Wsrmcab  HTTP/1.1" 200 37989
172.22.2.4 - - [15/Sep/2022:02:04:28 -0500] "HEAD /BLA/boletinlegal/ HTTP/1.1" 200 -
5.255.253.176 - - [15/Sep/2022:02:06:36 -0500] "-" 408 -
172.22.2.4 - - [15/Sep/2022:02:05:18 -0500] "GET /BLA/boletinlegal/ HTTP/1.1" 200 59319
3.85.189.229 - - [15/Sep/2022:02:07:51 -0500] "GET /porque-tu-vida-vale-haz-parte-del-simulacro-distrital-de-evacuacion-este-4-de-octubre.html HTTP/1.1" 200 810
3.85.189.229 - - [15/Sep/2022:02:07:51 -0500] "GET /porque-tu-vida-vale-haz-parte-del-simulacro-distrital-de-evacuacion-este-4-de-octubre.html HTTP/1.1" 200 810
207.46.13.131 - - [15/Sep/2022:02:08:12 -0500] "GET /sipse/faces/faces/autenticacion.xhtml HTTP/1.1" 200 12497
216.245.221.92 - - [15/Sep/2022:02:09:53 -0500] "HEAD / HTTP/1.1" 200 -
201.245.192.253 - - [15/Sep/2022:02:10:04 -0500] "POST /kwsrmcab/Wsrmcab  HTTP/1.1" 200 37989
185.119.81.101 - - [15/Sep/2022:02:11:43 -0500] "GET /portaldeninos/wp-login.php HTTP/1.1" 200 2592
185.119.81.101 - - [15/Sep/2022:02:11:44 -0500] "POST /portaldeninos/wp-login.php HTTP/1.1" 200 3670
172.22.2.4 - - [15/Sep/2022:02:10:18 -0500] "HEAD /BLA/boletinlegal/ HTTP/1.1" 200 -
172.22.2.4 - - [15/Sep/2022:02:12:12 -0500] "GET /BLA/boletinlegal/favicon.ico HTTP/1.1" 404 1018
54.39.177.48 - - [15/Sep/2022:02:12:30 -0500] "GET /porque-tu-vida-vale-haz-parte-del-simulacro-distrital-de-evacuacion-este-4-de-octubre.html HTTP/1.1" 200 810
172.22.2.4 - - [15/Sep/2022:02:11:56 -0500] "GET /BLA/boletinlegal/ HTTP/1.1" 200 32715
172.22.2.4 - - [15/Sep/2022:02:11:08 -0500] "GET /BLA/boletinlegal/ HTTP/1.1" 200 55630
185.119.81.108 - - [15/Sep/2022:02:14:40 -0500] "GET /portaldeninos/wp-login.php HTTP/1.1" 200 2592
172.22.2.4 - - [15/Sep/2022:02:14:41 -0500] "GET /BLA/boletinlegal/Electron/download/windows/%5CWindows%5Cwin.ini HTTP/1.1" 404 1011
185.119.81.108 - - [15/Sep/2022:02:14:41 -0500] "POST /portaldeninos/wp-login.php HTTP/1.1" 200 3650
216.245.221.92 - - [15/Sep/2022:02:14:53 -0500] "HEAD / HTTP/1.1" 200 -
201.245.192.253 - - [15/Sep/2022:02:15:03 -0500] "POST /kwsrmcab/Wsrmcab  HTTP/1.1" 200 37989
5.45.207.154 - - [15/Sep/2022:02:16:36 -0500] "-" 408 -
172.22.2.4 - - [15/Sep/2022:02:16:08 -0500] "HEAD /BLA/boletinlegal/ HTTP/1.1" 200 -
185.118.189.32 - - [15/Sep/2022:02:18:15 -0500] "GET / HTTP/1.1" 200 319
172.22.2.4 - - [15/Sep/2022:02:16:58 -0500] "GET /BLA/boletinlegal/ HTTP/1.1" 200 60281
201.245.192.253 - - [15/Sep/2022:02:18:55 -0500] "POST /kwsrmcab/Wsrmcab HTTP/1.1" 200 37510
201.245.192.253 - - [15/Sep/2022:02:18:58 -0500] "POST /kwsrmcab/Wsrmcab HTTP/1.1" 200 42453
216.245.221.92 - - [15/Sep/2022:02:19:53 -0500] "HEAD / HTTP/1.1" 200 -
66.249.73.97 - - [15/Sep/2022:02:20:00 -0500] "-" 408 -
201.245.192.253 - - [15/Sep/2022:02:20:02 -0500] "POST /kwsrmcab/Wsrmcab  HTTP/1.1" 200 37989
172.22.2.4 - - [15/Sep/2022:02:23:00 -0500] "GET /BLA/boletinlegal/Circulares/2017/Circular%20No.%20011%20del%2005%20de%20julio%20de%202017.pdf HTTP/1.1" 304 -
157.55.39.201 - - [15/Sep/2022:02:23:15 -0500] "GET /BLA/resoluciones/AUTOS%202021/1684.pdf HTTP/1.1" 304 -
172.22.2.4 - - [15/Sep/2022:02:21:58 -0500] "HEAD /BLA/boletinlegal/ HTTP/1.1" 200 -
207.46.13.131 - - [15/Sep/2022:02:24:02 -0500] "GET /BLA/ HTTP/1.1" 200 538
157.55.39.153 - - [15/Sep/2022:02:24:16 -0500] "GET /portaldeninos/parque-ecologico-distrital-humedal-santa-maria-del-lago/ HTTP/1.1" 200 90199
172.22.2.4 - - [15/Sep/2022:02:22:48 -0500] "GET /BLA/boletinlegal/ HTTP/1.1" 200 56014
216.245.221.92 - - [15/Sep/2022:02:24:53 -0500] "HEAD / HTTP/1.1" 200 -
201.245.192.253 - - [15/Sep/2022:02:25:01 -0500] "POST /kwsrmcab/Wsrmcab  HTTP/1.1" 200 37989
207.46.13.86 - - [15/Sep/2022:02:24:18 -0500] "GET /BLA/boletinlegal/index.php HTTP/1.1" 200 60874
87.250.224.83 - - [15/Sep/2022:02:26:36 -0500] "-" 408 -
201.245.192.253 - - [15/Sep/2022:02:28:54 -0500] "POST /kwsrmcab/Wsrmcab HTTP/1.1" 200 37510
201.245.192.253 - - [15/Sep/2022:02:28:58 -0500] "POST /kwsrmcab/Wsrmcab HTTP/1.1" 200 42453
172.22.2.4 - - [15/Sep/2022:02:27:48 -0500] "HEAD /BLA/boletinlegal/ HTTP/1.1" 200 -
216.245.221.92 - - [15/Sep/2022:02:29:53 -0500] "HEAD / HTTP/1.1" 200 -
201.245.192.253 - - [15/Sep/2022:02:30:01 -0500] "POST /kwsrmcab/Wsrmcab  HTTP/1.1" 200 37989
172.22.2.4 - - [15/Sep/2022:02:28:38 -0500] "GET /BLA/boletinlegal/ HTTP/1.1" 200 54356
66.249.73.127 - - [15/Sep/2022:02:33:57 -0500] "-" 408 -
216.245.221.92 - - [15/Sep/2022:02:34:53 -0500] "HEAD / HTTP/1.1" 200 -
201.245.192.253 - - [15/Sep/2022:02:34:59 -0500] "POST /kwsrmcab/Wsrmcab  HTTP/1.1" 200 37989
172.22.2.4 - - [15/Sep/2022:02:33:38 -0500] "HEAD /BLA/boletinlegal/ HTTP/1.1" 200 -
172.22.2.4 - - [15/Sep/2022:02:34:28 -0500] "GET /BLA/boletinlegal/ HTTP/1.1" 200 59319
5.45.207.65 - - [15/Sep/2022:02:36:36 -0500] "-" 408 -
201.245.192.253 - - [15/Sep/2022:02:38:54 -0500] "POST /kwsrmcab/Wsrmcab HTTP/1.1" 200 37510
201.245.192.253 - - [15/Sep/2022:02:38:58 -0500] "POST /kwsrmcab/Wsrmcab HTTP/1.1" 200 42453
216.245.221.92 - - [15/Sep/2022:02:39:53 -0500] "HEAD / HTTP/1.1" 200 -
201.245.192.253 - - [15/Sep/2022:02:39:58 -0500] "POST /kwsrmcab/Wsrmcab  HTTP/1.1" 200 37989
40.77.188.171 - - [15/Sep/2022:02:40:14 -0500] "GET /BLA/boletinlegal/style.css HTTP/1.1" 200 9406
40.77.189.239 - - [15/Sep/2022:02:40:14 -0500] "GET /BLA/boletinlegal/js/jquery.js HTTP/1.1" 200 57254
40.77.189.193 - - [15/Sep/2022:02:40:14 -0500] "GET /BLA/boletinlegal/js/jquery.scrollTo-min.js HTTP/1.1" 200 1150
40.77.189.191 - - [15/Sep/2022:02:40:14 -0500] "GET /BLA/boletinlegal/styles2.css HTTP/1.1" 200 1838
172.22.2.4 - - [15/Sep/2022:02:39:28 -0500] "HEAD /BLA/boletinlegal/ HTTP/1.1" 200 -
66.249.73.127 - - [15/Sep/2022:02:41:10 -0500] "-" 408 -
172.22.2.4 - - [15/Sep/2022:02:40:18 -0500] "GET /BLA/boletinlegal/ HTTP/1.1" 200 59319
216.245.221.92 - - [15/Sep/2022:02:44:53 -0500] "HEAD / HTTP/1.1" 200 -
201.245.192.253 - - [15/Sep/2022:02:44:57 -0500] "POST /kwsrmcab/Wsrmcab  HTTP/1.1" 200 37989
172.22.2.4 - - [15/Sep/2022:02:45:32 -0500] "GET /BLA/boletinlegal/ HTTP/1.1" 200 24523
213.180.203.72 - - [15/Sep/2022:02:46:36 -0500] "-" 408 -
172.22.2.4 - - [15/Sep/2022:02:45:18 -0500] "HEAD /BLA/boletinlegal/ HTTP/1.1" 200 -
172.22.2.4 - - [15/Sep/2022:02:46:08 -0500] "GET /BLA/boletinlegal/ HTTP/1.1" 200 57725
66.249.73.127 - - [15/Sep/2022:02:48:53 -0500] "-" 408 -
216.245.221.92 - - [15/Sep/2022:02:49:53 -0500] "HEAD / HTTP/1.1" 200 -
201.245.192.253 - - [15/Sep/2022:02:49:56 -0500] "POST /kwsrmcab/Wsrmcab  HTTP/1.1" 200 37989
172.22.2.4 - - [15/Sep/2022:02:51:08 -0500] "HEAD /BLA/boletinlegal/ HTTP/1.1" 200 -
172.22.2.4 - - [15/Sep/2022:02:51:58 -0500] "GET /BLA/boletinlegal/ HTTP/1.1" 200 57725
216.245.221.92 - - [15/Sep/2022:02:54:53 -0500] "HEAD / HTTP/1.1" 200 -
201.245.192.253 - - [15/Sep/2022:02:54:54 -0500] "POST /kwsrmcab/Wsrmcab  HTTP/1.1" 200 37989
66.249.73.127 - - [15/Sep/2022:02:55:13 -0500] "-" 408 -
5.45.207.106 - - [15/Sep/2022:02:56:36 -0500] "-" 408 -
172.22.2.4 - - [15/Sep/2022:02:56:18 -0500] "GET /BLA/boletinlegal/ HTTP/1.1" 200 51993
172.22.2.4 - - [15/Sep/2022:02:56:58 -0500] "HEAD /BLA/boletinlegal/ HTTP/1.1" 200 -
172.22.2.4 - - [15/Sep/2022:02:57:48 -0500] "GET /BLA/boletinlegal/ HTTP/1.1" 200 57725
216.245.221.92 - - [15/Sep/2022:02:59:53 -0500] "HEAD / HTTP/1.1" 200 -
201.245.192.253 - - [15/Sep/2022:02:59:53 -0500] "POST /kwsrmcab/Wsrmcab  HTTP/1.1" 200 37989
207.46.13.181 - - [15/Sep/2022:03:00:04 -0500] "GET /porque-tu-vida-vale-haz-parte-del-simulacro-distrital-de-evacuacion-este-4-de-octubre.html HTTP/1.1" 200 810
54.198.228.64 - - [15/Sep/2022:03:00:54 -0500] "GET /porque-tu-vida-vale-haz-parte-del-simulacro-distrital-de-evacuacion-este-4-de-octubre.html HTTP/1.1" 200 810
54.198.228.64 - - [15/Sep/2022:03:00:54 -0500] "GET /porque-tu-vida-vale-haz-parte-del-simulacro-distrital-de-evacuacion-este-4-de-octubre.html HTTP/1.1" 200 810
66.249.73.127 - - [15/Sep/2022:03:01:03 -0500] "-" 408 -
157.55.39.202 - - [15/Sep/2022:03:03:07 -0500] "GET /BLA/resoluciones/2002RES104.tif HTTP/1.1" 404 1018
172.22.2.4 - - [15/Sep/2022:03:02:48 -0500] "HEAD /BLA/boletinlegal/ HTTP/1.1" 200 -
66.249.73.127 - - [15/Sep/2022:03:04:35 -0500] "-" 408 -
216.245.221.92 - - [15/Sep/2022:03:04:53 -0500] "HEAD / HTTP/1.1" 200 -
201.245.192.253 - - [15/Sep/2022:03:04:52 -0500] "POST /kwsrmcab/Wsrmcab  HTTP/1.1" 200 37989
172.22.2.4 - - [15/Sep/2022:03:03:38 -0500] "GET /BLA/boletinlegal/ HTTP/1.1" 200 58163
87.250.224.173 - - [15/Sep/2022:03:06:36 -0500] "-" 408 -
216.245.221.92 - - [15/Sep/2022:03:09:53 -0500] "HEAD / HTTP/1.1" 200 -
201.245.192.253 - - [15/Sep/2022:03:09:51 -0500] "POST /kwsrmcab/Wsrmcab  HTTP/1.1" 200 37989
66.249.73.127 - - [15/Sep/2022:03:10:16 -0500] "-" 408 -
172.22.2.4 - - [15/Sep/2022:03:08:38 -0500] "HEAD /BLA/boletinlegal/ HTTP/1.1" 200 -
191.108.52.178 - - [15/Sep/2022:03:10:24 -0500] "GET /BLA/resoluciones/ HTTP/1.1" 200 13093
191.108.52.178 - - [15/Sep/2022:03:10:32 -0500] "GET /BLA/resoluciones/dlf/unknown.png HTTP/1.1" 200 266
191.108.52.178 - - [15/Sep/2022:03:10:31 -0500] "GET /BLA/resoluciones/index.php?dir=RESOLUCIONES+2008%2F HTTP/1.1" 200 976272
157.55.39.188 - - [15/Sep/2022:03:10:44 -0500] "GET /forest/ HTTP/1.1" 200 12041
157.55.39.200 - - [15/Sep/2022:03:10:49 -0500] "GET /BLA/resoluciones/RESOLUCIONES%202002/RES%202002%20101-150/2002RES106.tif HTTP/1.1" 200 47960
191.108.52.178 - - [15/Sep/2022:03:10:50 -0500] "GET /BLA/resoluciones/RESOLUCIONES%202008/4031.pdf HTTP/1.1" 200 747688
172.22.2.4 - - [15/Sep/2022:03:09:28 -0500] "GET /BLA/boletinlegal/ HTTP/1.1" 200 58575
191.108.52.178 - - [15/Sep/2022:03:14:25 -0500] "GET /BLA/resoluciones/index.php?dir=RESOLUCIONES+2009%2F HTTP/1.1" 200 1694101
191.108.52.178 - - [15/Sep/2022:03:14:39 -0500] "GET /BLA/resoluciones/RESOLUCIONES%202009/0550.pdf HTTP/1.1" 200 593675
216.245.221.92 - - [15/Sep/2022:03:14:53 -0500] "HEAD / HTTP/1.1" 200 -
201.245.192.253 - - [15/Sep/2022:03:14:50 -0500] "POST /kwsrmcab/Wsrmcab  HTTP/1.1" 200 37989
66.249.73.127 - - [15/Sep/2022:03:15:56 -0500] "-" 408 -
172.22.2.4 - - [15/Sep/2022:03:14:28 -0500] "HEAD /BLA/boletinlegal/ HTTP/1.1" 200 -
87.250.224.37 - - [15/Sep/2022:03:16:36 -0500] "-" 408 -
172.22.2.4 - - [15/Sep/2022:03:15:18 -0500] "GET /BLA/boletinlegal/ HTTP/1.1" 200 58163
185.119.81.106 - - [15/Sep/2022:03:17:41 -0500] "GET /portaldeninos/wp-login.php HTTP/1.1" 200 2592
185.119.81.106 - - [15/Sep/2022:03:17:42 -0500] "POST /portaldeninos/wp-login.php HTTP/1.1" 200 3605
185.119.81.106 - - [15/Sep/2022:03:18:01 -0500] "GET /portaldeninos/wp-login.php HTTP/1.1" 200 2592
185.119.81.106 - - [15/Sep/2022:03:18:02 -0500] "POST /portaldeninos/wp-login.php HTTP/1.1" 200 3650
201.245.192.253 - - [15/Sep/2022:03:18:54 -0500] "POST /kwsrmcab/Wsrmcab HTTP/1.1" 200 37669
157.55.39.201 - - [15/Sep/2022:03:18:59 -0500] "GET /BLA/resoluciones/2002RES120.tif HTTP/1.1" 404 1018
201.245.192.253 - - [15/Sep/2022:03:18:58 -0500] "POST /kwsrmcab/Wsrmcab HTTP/1.1" 200 42449
201.245.192.253 - - [15/Sep/2022:03:19:49 -0500] "POST /kwsrmcab/Wsrmcab  HTTP/1.1" 200 37989
216.245.221.92 - - [15/Sep/2022:03:19:52 -0500] "HEAD / HTTP/1.1" 200 -
87.250.224.14 - - [15/Sep/2022:03:20:39 -0500] "-" 408 -
5.45.207.102 - - [15/Sep/2022:03:20:44 -0500] "-" 408 -
87.250.224.70 - - [15/Sep/2022:03:20:49 -0500] "-" 408 -
5.45.207.93 - - [15/Sep/2022:03:20:55 -0500] "-" 408 -
95.108.213.43 - - [15/Sep/2022:03:21:10 -0500] "-" 408 -
213.180.203.87 - - [15/Sep/2022:03:21:25 -0500] "-" 408 -
87.250.224.2 - - [15/Sep/2022:03:21:55 -0500] "-" 408 -
172.22.2.4 - - [15/Sep/2022:03:20:18 -0500] "HEAD /BLA/boletinlegal/ HTTP/1.1" 200 -
172.22.2.4 - - [15/Sep/2022:03:21:08 -0500] "GET /BLA/boletinlegal/ HTTP/1.1" 200 58575
87.250.224.109 - - [15/Sep/2022:03:22:55 -0500] "-" 408 -
157.55.39.202 - - [15/Sep/2022:03:23:18 -0500] "GET /autoliquidacion2020 HTTP/1.1" 301 250
157.55.39.202 - - [15/Sep/2022:03:23:19 -0500] "GET /autoliquidacion2020/ HTTP/1.1" 200 6146
