185.119.81.106 - - [15/Sep/2022:03:23:38 -0500] "GET /portaldeninos/wp-login.php HTTP/1.1" 200 2592
185.119.81.106 - - [15/Sep/2022:03:23:39 -0500] "POST /portaldeninos/wp-login.php HTTP/1.1" 200 3605
5.255.231.250 - - [15/Sep/2022:03:23:55 -0500] "-" 408 -
217.182.175.162 - - [15/Sep/2022:03:24:00 -0500] "HEAD /porque-tu-vida-vale-haz-parte-del-simulacro-distrital-de-evacuacion-este-4-de-octubre.html HTTP/1.1" 200 -
201.245.192.253 - - [15/Sep/2022:03:24:48 -0500] "POST /kwsrmcab/Wsrmcab  HTTP/1.1" 200 37989
216.245.221.92 - - [15/Sep/2022:03:24:52 -0500] "HEAD / HTTP/1.1" 200 -
172.22.2.4 - - [15/Sep/2022:03:25:11 -0500] "GET /BLA/boletinlegal/wp-admin/css/ HTTP/1.1" 404 1148
172.22.2.4 - - [15/Sep/2022:03:25:14 -0500] "GET /BLA/boletinlegal/.well-known/ HTTP/1.1" 404 1148
172.22.2.4 - - [15/Sep/2022:03:25:18 -0500] "GET /BLA/boletinlegal/sites/default/files/ HTTP/1.1" 404 1148
172.22.2.4 - - [15/Sep/2022:03:25:21 -0500] "GET /BLA/boletinlegal/admin/controller/extension/extension/ HTTP/1.1" 404 1148
172.22.2.4 - - [15/Sep/2022:03:25:24 -0500] "GET /BLA/boletinlegal/uploads/ HTTP/1.1" 404 1148
172.22.2.4 - - [15/Sep/2022:03:25:27 -0500] "GET /BLA/boletinlegal/images/ HTTP/1.1" 200 527
172.22.2.4 - - [15/Sep/2022:03:25:30 -0500] "GET /BLA/boletinlegal/files/ HTTP/1.1" 404 1148
95.108.213.63 - - [15/Sep/2022:03:25:55 -0500] "-" 408 -
157.55.39.188 - - [15/Sep/2022:03:26:46 -0500] "GET /BLA/resoluciones/RESOLUCIONES%202002/RES%202002%20101-150/2002RES119.tif HTTP/1.1" 200 73502
172.22.2.4 - - [15/Sep/2022:03:26:08 -0500] "GET /BLA/boletinlegal/ HTTP/1.1" 200 24523
172.22.2.4 - - [15/Sep/2022:03:26:53 -0500] "GET /BLA/boletinlegal/ HTTP/1.1" 200 20427
172.22.2.4 - - [15/Sep/2022:03:26:08 -0500] "HEAD /BLA/boletinlegal/ HTTP/1.1" 200 -
172.22.2.4 - - [15/Sep/2022:03:26:58 -0500] "GET /BLA/boletinlegal/ HTTP/1.1" 200 53640
23.251.102.74 - - [15/Sep/2022:03:28:51 -0500] "GET / HTTP/1.1" 200 319
5.255.253.162 - - [15/Sep/2022:03:28:55 -0500] "-" 408 -
201.245.192.253 - - [15/Sep/2022:03:28:54 -0500] "POST /kwsrmcab/Wsrmcab HTTP/1.1" 200 37669
201.245.192.253 - - [15/Sep/2022:03:28:58 -0500] "POST /kwsrmcab/Wsrmcab HTTP/1.1" 200 42449
201.245.192.253 - - [15/Sep/2022:03:29:47 -0500] "POST /kwsrmcab/Wsrmcab  HTTP/1.1" 200 37989
216.245.221.92 - - [15/Sep/2022:03:29:52 -0500] "HEAD / HTTP/1.1" 200 -
157.55.39.188 - - [15/Sep/2022:03:31:55 -0500] "GET /BLA/resoluciones/RESOLUCIONES%202002/RES%202002%20101-150/2002RES123.tif HTTP/1.1" 200 74660
172.22.2.4 - - [15/Sep/2022:03:31:58 -0500] "HEAD /BLA/boletinlegal/ HTTP/1.1" 200 -
5.45.207.71 - - [15/Sep/2022:03:33:55 -0500] "-" 408 -
172.22.2.4 - - [15/Sep/2022:03:32:48 -0500] "GET /BLA/boletinlegal/ HTTP/1.1" 200 59319
201.245.192.253 - - [15/Sep/2022:03:34:46 -0500] "POST /kwsrmcab/Wsrmcab  HTTP/1.1" 200 37989
216.245.221.92 - - [15/Sep/2022:03:34:52 -0500] "HEAD / HTTP/1.1" 200 -
172.22.2.4 - - [15/Sep/2022:03:36:24 -0500] "GET /BLA/boletinlegal/favicon.ico HTTP/1.1" 404 1018
66.249.73.127 - - [15/Sep/2022:03:36:34 -0500] "-" 408 -
40.77.139.18 - - [15/Sep/2022:03:37:33 -0500] "GET /dlf/styles.css HTTP/1.1" 404 1188
185.119.81.108 - - [15/Sep/2022:03:38:50 -0500] "GET /portaldeninos/wp-login.php HTTP/1.1" 200 2592
185.119.81.108 - - [15/Sep/2022:03:38:51 -0500] "POST /portaldeninos/wp-login.php HTTP/1.1" 200 3650
201.245.192.253 - - [15/Sep/2022:03:38:55 -0500] "POST /kwsrmcab/Wsrmcab HTTP/1.1" 200 37669
201.245.192.253 - - [15/Sep/2022:03:38:58 -0500] "POST /kwsrmcab/Wsrmcab HTTP/1.1" 200 42449
172.22.2.4 - - [15/Sep/2022:03:39:13 -0500] "GET /BLA/boletinlegal/favicon.ico HTTP/1.1" 404 1018
172.22.2.4 - - [15/Sep/2022:03:37:48 -0500] "HEAD /BLA/boletinlegal/ HTTP/1.1" 200 -
172.22.2.4 - - [15/Sep/2022:03:38:58 -0500] "GET /BLA/boletinlegal/ HTTP/1.1" 200 20427
201.245.192.253 - - [15/Sep/2022:03:39:44 -0500] "POST /kwsrmcab/Wsrmcab  HTTP/1.1" 200 37989
216.245.221.92 - - [15/Sep/2022:03:39:52 -0500] "HEAD / HTTP/1.1" 200 -
172.22.2.4 - - [15/Sep/2022:03:38:58 -0500] "GET /BLA/boletinlegal/ HTTP/1.1" 200 24523
157.55.39.202 - - [15/Sep/2022:03:40:10 -0500] "GET /BLA/resoluciones/RESOLUCIONES%202001/2001%20100-149.TIF HTTP/1.1" 200 9839060
172.22.2.4 - - [15/Sep/2022:03:38:38 -0500] "GET /BLA/boletinlegal/ HTTP/1.1" 200 46329
185.119.81.101 - - [15/Sep/2022:03:40:53 -0500] "GET /portaldeninos/wp-login.php HTTP/1.1" 200 2592
185.119.81.101 - - [15/Sep/2022:03:40:54 -0500] "POST /portaldeninos/wp-login.php HTTP/1.1" 200 3650
178.62.50.65 - - [15/Sep/2022:03:41:38 -0500] "\x16\x03\x01" 400 226
178.62.50.65 - - [15/Sep/2022:03:41:39 -0500] "\x16\x03\x01" 400 226
178.62.50.65 - - [15/Sep/2022:03:41:39 -0500] "GET / HTTP/1.1" 200 319
87.250.224.18 - - [15/Sep/2022:03:41:56 -0500] "-" 408 -
66.249.73.127 - - [15/Sep/2022:03:42:21 -0500] "-" 408 -
185.119.81.101 - - [15/Sep/2022:03:42:56 -0500] "GET /portaldeninos/wp-login.php HTTP/1.1" 200 2592
185.119.81.101 - - [15/Sep/2022:03:42:57 -0500] "POST /portaldeninos/wp-login.php HTTP/1.1" 200 3605
172.22.2.4 - - [15/Sep/2022:03:43:56 -0500] "GET /BLA/boletinlegal/Circulares/2014/Circular%20No.%203%20del%2014%20de%20Noviembre%20de%202014.pdf HTTP/1.1" 200 104132
201.245.192.253 - - [15/Sep/2022:03:44:43 -0500] "POST /kwsrmcab/Wsrmcab  HTTP/1.1" 200 37989
216.245.221.92 - - [15/Sep/2022:03:44:52 -0500] "HEAD / HTTP/1.1" 200 -
172.22.2.4 - - [15/Sep/2022:03:43:38 -0500] "HEAD /BLA/boletinlegal/ HTTP/1.1" 200 -
172.22.2.4 - - [15/Sep/2022:03:44:28 -0500] "GET /BLA/boletinlegal/ HTTP/1.1" 200 58163
201.245.192.253 - - [15/Sep/2022:03:49:41 -0500] "POST /kwsrmcab/Wsrmcab  HTTP/1.1" 200 37989
216.245.221.92 - - [15/Sep/2022:03:49:52 -0500] "HEAD / HTTP/1.1" 200 -
172.22.2.4 - - [15/Sep/2022:03:49:28 -0500] "HEAD /BLA/boletinlegal/ HTTP/1.1" 200 -
172.22.2.4 - - [15/Sep/2022:03:51:14 -0500] "GET /BLA/boletinlegal/Circulares/2012/Circular%20No.%2013%20del%2006%20de%20Septiembre%20de%202012.pdf HTTP/1.1" 304 -
87.250.224.4 - - [15/Sep/2022:03:51:56 -0500] "-" 408 -
172.22.2.4 - - [15/Sep/2022:03:50:18 -0500] "GET /BLA/boletinlegal/ HTTP/1.1" 200 58163
66.249.73.88 - - [15/Sep/2022:03:52:23 -0500] "-" 408 -
157.55.39.200 - - [15/Sep/2022:03:53:19 -0500] "GET /BLA/resoluciones/RESOLUCIONES%202000/2000%20800-849.tif HTTP/1.1" 200 4545533
201.245.192.253 - - [15/Sep/2022:03:54:40 -0500] "POST /kwsrmcab/Wsrmcab  HTTP/1.1" 200 37989
216.245.221.92 - - [15/Sep/2022:03:54:52 -0500] "HEAD / HTTP/1.1" 200 -
122.53.238.144 - - [15/Sep/2022:03:56:37 -0500] "GET / HTTP/1.1" 200 319
172.22.2.4 - - [15/Sep/2022:03:55:18 -0500] "HEAD /BLA/boletinlegal/ HTTP/1.1" 200 -
172.22.2.4 - - [15/Sep/2022:03:56:08 -0500] "GET /BLA/boletinlegal/ HTTP/1.1" 200 59828
3.82.231.11 - - [15/Sep/2022:03:58:33 -0500] "GET /porque-tu-vida-vale-haz-parte-del-simulacro-distrital-de-evacuacion-este-4-de-octubre.html HTTP/1.1" 200 810
3.82.231.11 - - [15/Sep/2022:03:58:33 -0500] "GET /porque-tu-vida-vale-haz-parte-del-simulacro-distrital-de-evacuacion-este-4-de-octubre.html HTTP/1.1" 200 810
201.245.192.253 - - [15/Sep/2022:03:59:39 -0500] "POST /kwsrmcab/Wsrmcab  HTTP/1.1" 200 37989
216.245.221.92 - - [15/Sep/2022:03:59:52 -0500] "HEAD / HTTP/1.1" 200 -
157.55.39.202 - - [15/Sep/2022:04:01:32 -0500] "GET /BLA/resoluciones/2002RES138.tif HTTP/1.1" 404 1018
5.255.253.136 - - [15/Sep/2022:04:01:56 -0500] "-" 408 -
172.22.2.4 - - [15/Sep/2022:04:01:07 -0500] "HEAD /BLA/boletinlegal/ HTTP/1.1" 200 -
172.22.2.4 - - [15/Sep/2022:04:01:58 -0500] "GET /BLA/boletinlegal/ HTTP/1.1" 200 52877
207.46.13.176 - - [15/Sep/2022:04:04:06 -0500] "GET /portaldeninos/parque-mirador-de-los-nevados/ HTTP/1.1" 200 89855
201.245.192.253 - - [15/Sep/2022:04:04:38 -0500] "POST /kwsrmcab/Wsrmcab  HTTP/1.1" 200 37989
216.245.221.92 - - [15/Sep/2022:04:04:52 -0500] "HEAD / HTTP/1.1" 200 -
172.22.2.4 - - [15/Sep/2022:04:06:57 -0500] "HEAD /BLA/boletinlegal/ HTTP/1.1" 200 -
172.22.2.4 - - [15/Sep/2022:04:07:48 -0500] "GET /BLA/boletinlegal/ HTTP/1.1" 200 58163
201.245.192.253 - - [15/Sep/2022:04:09:37 -0500] "POST /kwsrmcab/Wsrmcab  HTTP/1.1" 200 37989
216.245.221.92 - - [15/Sep/2022:04:09:52 -0500] "HEAD / HTTP/1.1" 200 -
87.250.224.72 - - [15/Sep/2022:04:11:56 -0500] "-" 408 -
54.81.174.216 - - [15/Sep/2022:04:13:13 -0500] "HEAD /crisis-climatica-distrito-firmo-alianza-para-preservar-la-seguridad-hidrica-de-bogota-y-la-region.html HTTP/1.1" 200 -
172.22.2.4 - - [15/Sep/2022:04:12:47 -0500] "HEAD /BLA/boletinlegal/ HTTP/1.1" 200 -
201.245.192.253 - - [15/Sep/2022:04:14:35 -0500] "POST /kwsrmcab/Wsrmcab  HTTP/1.1" 200 37989
216.245.221.92 - - [15/Sep/2022:04:14:52 -0500] "HEAD / HTTP/1.1" 200 -
172.22.2.4 - - [15/Sep/2022:04:13:38 -0500] "GET /BLA/boletinlegal/ HTTP/1.1" 200 58163
207.46.13.131 - - [15/Sep/2022:04:18:34 -0500] "GET /BLA/resoluciones/2002RES135.tif HTTP/1.1" 404 1018
201.245.192.253 - - [15/Sep/2022:04:18:54 -0500] "POST /kwsrmcab/Wsrmcab HTTP/1.1" 200 37686
201.245.192.253 - - [15/Sep/2022:04:18:58 -0500] "POST /kwsrmcab/Wsrmcab HTTP/1.1" 200 42448
201.245.192.253 - - [15/Sep/2022:04:19:34 -0500] "POST /kwsrmcab/Wsrmcab  HTTP/1.1" 200 37989
216.245.221.92 - - [15/Sep/2022:04:19:52 -0500] "HEAD / HTTP/1.1" 200 -
172.22.2.4 - - [15/Sep/2022:04:18:37 -0500] "HEAD /BLA/boletinlegal/ HTTP/1.1" 200 -
207.46.13.86 - - [15/Sep/2022:04:20:21 -0500] "GET /BLA/resoluciones/RESOLUCIONES%202002/RES%202002%20101-150/2002RES128.tif HTTP/1.1" 200 380384
172.22.2.4 - - [15/Sep/2022:04:19:28 -0500] "GET /BLA/boletinlegal/ HTTP/1.1" 200 54356
5.255.253.156 - - [15/Sep/2022:04:21:56 -0500] "-" 408 -
3.91.223.3 - - [15/Sep/2022:04:22:11 -0500] "GET /porque-tu-vida-vale-haz-parte-del-simulacro-distrital-de-evacuacion-este-4-de-octubre.html HTTP/1.1" 200 810
18.215.166.152 - - [15/Sep/2022:04:22:13 -0500] "GET /zorro-cangrejo-mamifero-que-recorrio-el-humedal-torca-guaymaral.html HTTP/1.1" 200 890
172.22.2.4 - - [15/Sep/2022:04:23:25 -0500] "GET /BLA/boletinlegal/jurisprudencia/analisis/analisis%20sentencia%20C-596-10.doc HTTP/1.1" 200 36352
157.55.39.153 - - [15/Sep/2022:04:24:27 -0500] "GET /inventario-de-emisiones-2020-transporte-publico-sitp-redujo-emisiones-de-pm-2-5-en-un-37.html HTTP/1.1" 200 925
201.245.192.253 - - [15/Sep/2022:04:24:32 -0500] "POST /kwsrmcab/Wsrmcab  HTTP/1.1" 200 37989
216.245.221.92 - - [15/Sep/2022:04:24:52 -0500] "HEAD / HTTP/1.1" 200 -
185.119.81.101 - - [15/Sep/2022:04:25:20 -0500] "GET /portaldeninos/wp-login.php HTTP/1.1" 200 2592
185.119.81.101 - - [15/Sep/2022:04:25:21 -0500] "POST /portaldeninos/wp-login.php HTTP/1.1" 200 3605
172.22.2.4 - - [15/Sep/2022:04:24:27 -0500] "HEAD /BLA/boletinlegal/ HTTP/1.1" 200 -
172.22.2.4 - - [15/Sep/2022:04:25:18 -0500] "GET /BLA/boletinlegal/ HTTP/1.1" 200 58163
201.245.192.253 - - [15/Sep/2022:04:28:54 -0500] "POST /kwsrmcab/Wsrmcab HTTP/1.1" 200 37686
201.245.192.253 - - [15/Sep/2022:04:28:58 -0500] "POST /kwsrmcab/Wsrmcab HTTP/1.1" 200 42448
201.245.192.253 - - [15/Sep/2022:04:29:31 -0500] "POST /kwsrmcab/Wsrmcab  HTTP/1.1" 200 37989
216.245.221.92 - - [15/Sep/2022:04:29:52 -0500] "HEAD / HTTP/1.1" 200 -
172.22.2.4 - - [15/Sep/2022:04:31:00 -0500] "GET /BLA/boletinlegal/actos.php HTTP/1.1" 200 9559
5.45.207.125 - - [15/Sep/2022:04:31:56 -0500] "-" 408 -
172.22.2.4 - - [15/Sep/2022:04:30:17 -0500] "HEAD /BLA/boletinlegal/ HTTP/1.1" 200 -
172.22.2.4 - - [15/Sep/2022:04:31:08 -0500] "GET /BLA/boletinlegal/ HTTP/1.1" 200 55630
207.46.13.176 - - [15/Sep/2022:04:34:20 -0500] "GET /portaldeninos/parque-mirador-de-los-nevados/ HTTP/1.1" 200 89855
201.245.192.253 - - [15/Sep/2022:04:34:30 -0500] "POST /kwsrmcab/Wsrmcab  HTTP/1.1" 200 37989
216.245.221.92 - - [15/Sep/2022:04:34:52 -0500] "HEAD / HTTP/1.1" 200 -
172.22.2.4 - - [15/Sep/2022:04:36:07 -0500] "HEAD /BLA/boletinlegal/ HTTP/1.1" 200 -
172.22.2.4 - - [15/Sep/2022:04:38:36 -0500] "GET /BLA/boletinlegal/style.css HTTP/1.1" 200 9406
172.22.2.4 - - [15/Sep/2022:04:38:36 -0500] "GET /BLA/boletinlegal/styles2.css HTTP/1.1" 200 1838
172.22.2.4 - - [15/Sep/2022:04:38:36 -0500] "GET /BLA/boletinlegal/js/jquery.js HTTP/1.1" 200 57254
172.22.2.4 - - [15/Sep/2022:04:38:36 -0500] "GET /BLA/boletinlegal/js/jquery.scrollTo-min.js HTTP/1.1" 200 1150
172.22.2.4 - - [15/Sep/2022:04:38:36 -0500] "GET /BLA/boletinlegal/js/jquery.scrollShow.js HTTP/1.1" 200 4586
172.22.2.4 - - [15/Sep/2022:04:38:36 -0500] "GET /BLA/boletinlegal/images/subscribe-icon-big.png HTTP/1.1" 200 47702
172.22.2.4 - - [15/Sep/2022:04:38:36 -0500] "GET /BLA/boletinlegal/images/launch.jpg HTTP/1.1" 200 14577
172.22.2.4 - - [15/Sep/2022:04:38:36 -0500] "GET /BLA/boletinlegal/images/arr_l.jpg HTTP/1.1" 200 1979
172.22.2.4 - - [15/Sep/2022:04:38:36 -0500] "GET /BLA/boletinlegal/images/cabezote%20BLEGAL.jpg HTTP/1.1" 200 118164
172.22.2.4 - - [15/Sep/2022:04:38:36 -0500] "GET /BLA/boletinlegal/images/registro-usuarios.png HTTP/1.1" 200 8106
172.22.2.4 - - [15/Sep/2022:04:38:36 -0500] "GET /BLA/boletinlegal/images/body_bg.jpg HTTP/1.1" 200 1601
172.22.2.4 - - [15/Sep/2022:04:38:37 -0500] "GET /BLA/boletinlegal/images/historia.png HTTP/1.1" 200 52775
172.22.2.4 - - [15/Sep/2022:04:38:37 -0500] "GET /BLA/boletinlegal/images/screen_1.png HTTP/1.1" 200 202547
172.22.2.4 - - [15/Sep/2022:04:36:58 -0500] "GET /BLA/boletinlegal/ HTTP/1.1" 200 57725
172.22.2.4 - - [15/Sep/2022:04:38:39 -0500] "GET /BLA/boletinlegal/favicon.ico HTTP/1.1" 404 1308
172.22.2.4 - - [15/Sep/2022:04:38:39 -0500] "GET /BLA/boletinlegal/images/menu_lft.gif HTTP/1.1" 200 1713
172.22.2.4 - - [15/Sep/2022:04:38:39 -0500] "GET /BLA/boletinlegal/images/menu_bg.jpg HTTP/1.1" 200 620
172.22.2.4 - - [15/Sep/2022:04:38:39 -0500] "GET /BLA/boletinlegal/images/menu_rght.gif HTTP/1.1" 200 1627
172.22.2.4 - - [15/Sep/2022:04:38:39 -0500] "GET /BLA/boletinlegal/images/bg_top.jpg HTTP/1.1" 200 522
172.22.2.4 - - [15/Sep/2022:04:38:39 -0500] "GET /BLA/boletinlegal/images/hover.jpg HTTP/1.1" 200 640
172.22.2.4 - - [15/Sep/2022:04:38:40 -0500] "GET /BLA/boletinlegal/images/text.jpg HTTP/1.1" 200 568
172.22.2.4 - - [15/Sep/2022:04:38:43 -0500] "GET /BLA/boletinlegal/images/screen_2.png HTTP/1.1" 200 362502
172.22.2.4 - - [15/Sep/2022:04:38:43 -0500] "GET /BLA/boletinlegal/images/screen_3.png HTTP/1.1" 200 210620
172.22.2.4 - - [15/Sep/2022:04:38:43 -0500] "GET /BLA/boletinlegal/images/screen_5.png HTTP/1.1" 200 368876
172.22.2.4 - - [15/Sep/2022:04:38:43 -0500] "GET /BLA/boletinlegal/images/arr_r.jpg HTTP/1.1" 200 1998
172.22.2.4 - - [15/Sep/2022:04:38:45 -0500] "GET /BLA/boletinlegal/images/footer_bg.jpg HTTP/1.1" 200 586
172.22.2.4 - - [15/Sep/2022:04:38:51 -0500] "GET /BLA/boletinlegal/images/pdf.gif HTTP/1.1" 200 567
201.245.192.253 - - [15/Sep/2022:04:38:54 -0500] "POST /kwsrmcab/Wsrmcab HTTP/1.1" 200 37686
201.245.192.253 - - [15/Sep/2022:04:38:58 -0500] "POST /kwsrmcab/Wsrmcab HTTP/1.1" 200 42448
201.245.192.253 - - [15/Sep/2022:04:39:30 -0500] "POST /kwsrmcab/Wsrmcab  HTTP/1.1" 200 37989
185.119.81.102 - - [15/Sep/2022:04:39:35 -0500] "GET /portaldeninos/wp-login.php HTTP/1.1" 200 2592
185.119.81.102 - - [15/Sep/2022:04:39:36 -0500] "POST /portaldeninos/wp-login.php HTTP/1.1" 200 3670
216.245.221.92 - - [15/Sep/2022:04:39:52 -0500] "HEAD / HTTP/1.1" 200 -
172.22.2.4 - - [15/Sep/2022:04:38:35 -0500] "GET /BLA/boletinlegal/ HTTP/1.1" 200 63207
5.45.207.154 - - [15/Sep/2022:04:41:56 -0500] "-" 408 -
157.55.39.188 - - [15/Sep/2022:04:42:43 -0500] "GET /BLA/resoluciones/RESOLUCIONES%202002/RES%202002%20101-150/2002RES110.tif HTTP/1.1" 200 67248
172.22.2.4 - - [15/Sep/2022:04:41:57 -0500] "HEAD /BLA/boletinlegal/ HTTP/1.1" 200 -
157.55.39.200 - - [15/Sep/2022:04:44:25 -0500] "GET /bla/resoluciones/resoluciones%202014/3228.pdf HTTP/1.1" 200 3784921
172.22.2.4 - - [15/Sep/2022:04:42:48 -0500] "GET /BLA/boletinlegal/ HTTP/1.1" 200 59319
201.245.192.253 - - [15/Sep/2022:04:44:29 -0500] "POST /kwsrmcab/Wsrmcab  HTTP/1.1" 200 37989
216.245.221.92 - - [15/Sep/2022:04:44:52 -0500] "HEAD / HTTP/1.1" 200 -
3.87.202.64 - - [15/Sep/2022:04:45:17 -0500] "GET /porque-tu-vida-vale-haz-parte-del-simulacro-distrital-de-evacuacion-este-4-de-octubre.html HTTP/1.1" 200 810
3.87.202.64 - - [15/Sep/2022:04:45:18 -0500] "GET /porque-tu-vida-vale-haz-parte-del-simulacro-distrital-de-evacuacion-este-4-de-octubre.html HTTP/1.1" 200 810
172.22.2.4 - - [15/Sep/2022:04:47:47 -0500] "HEAD /BLA/boletinlegal/ HTTP/1.1" 200 -
201.245.192.253 - - [15/Sep/2022:04:49:28 -0500] "POST /kwsrmcab/Wsrmcab  HTTP/1.1" 200 37989
216.245.221.92 - - [15/Sep/2022:04:49:52 -0500] "HEAD / HTTP/1.1" 200 -
157.55.39.201 - - [15/Sep/2022:04:49:58 -0500] "GET /catalogoisis/ HTTP/1.1" 200 8575
157.55.39.188 - - [15/Sep/2022:04:50:13 -0500] "GET /catalogoisis/Js/AceptarLimpiar.js HTTP/1.1" 200 331
157.55.39.188 - - [15/Sep/2022:04:50:13 -0500] "GET /catalogoisis/Js/LimpiarCombinada.js HTTP/1.1" 200 207
157.55.39.200 - - [15/Sep/2022:04:50:14 -0500] "GET /catalogoisis/Js/Go.js HTTP/1.1" 200 364
157.55.39.202 - - [15/Sep/2022:04:50:16 -0500] "GET /catalogoisis/Js/Enter.js HTTP/1.1" 200 1208
207.46.13.86 - - [15/Sep/2022:04:50:17 -0500] "GET /catalogoisis/Js/CriterioCombinada.js HTTP/1.1" 200 1843
207.46.13.86 - - [15/Sep/2022:04:50:17 -0500] "GET /catalogoisis/Js/Numero.js HTTP/1.1" 200 398
207.46.13.86 - - [15/Sep/2022:04:50:18 -0500] "GET /catalogoisis/Js/Remote.js HTTP/1.1" 200 436
172.22.2.4 - - [15/Sep/2022:04:48:38 -0500] "GET /BLA/boletinlegal/ HTTP/1.1" 200 53290
157.55.39.201 - - [15/Sep/2022:04:50:28 -0500] "GET /BLA/resoluciones/RESOLUCIONES%202001/2001%20300-349.TIF HTTP/1.1" 200 9570664
20.191.45.212 - - [15/Sep/2022:04:50:41 -0500] "GET / HTTP/1.1" 200 319
20.191.45.212 - - [15/Sep/2022:04:50:41 -0500] "GET /favicon.ico HTTP/1.1" 200 7782
172.22.2.4 - - [15/Sep/2022:04:50:47 -0500] "GET /BLA/boletinlegal/normativa.php HTTP/1.1" 200 8326
172.22.2.4 - - [15/Sep/2022:04:50:48 -0500] "GET /BLA/boletinlegal/js/ajax_normativa.js HTTP/1.1" 200 1154
172.22.2.4 - - [15/Sep/2022:04:50:48 -0500] "GET /BLA/boletinlegal/niceforms-default.css HTTP/1.1" 200 6694
172.22.2.4 - - [15/Sep/2022:04:50:48 -0500] "GET /BLA/boletinlegal/niceforms.js HTTP/1.1" 200 22876
172.22.2.4 - - [15/Sep/2022:04:50:49 -0500] "GET /BLA/boletinlegal/images/abajo.png HTTP/1.1" 200 96676
172.22.2.4 - - [15/Sep/2022:04:50:49 -0500] "GET /BLA/boletinlegal/images/icono-email.png HTTP/1.1" 200 5544
172.22.2.4 - - [15/Sep/2022:04:50:49 -0500] "GET /BLA/boletinlegal/images/tel.png HTTP/1.1" 200 14477
172.22.2.4 - - [15/Sep/2022:04:50:49 -0500] "GET /BLA/boletinlegal/images/footer_bg_l.jpg HTTP/1.1" 200 776
172.22.2.4 - - [15/Sep/2022:04:50:49 -0500] "GET /BLA/boletinlegal/img/0.png HTTP/1.1" 200 110
172.22.2.4 - - [15/Sep/2022:04:50:49 -0500] "GET /BLA/boletinlegal/img/button.png HTTP/1.1" 200 43241
172.22.2.4 - - [15/Sep/2022:04:50:49 -0500] "GET /BLA/boletinlegal/img/select-right.png HTTP/1.1" 200 44019
172.22.2.4 - - [15/Sep/2022:04:50:49 -0500] "GET /BLA/boletinlegal/img/select-left.png HTTP/1.1" 200 263
172.22.2.4 - - [15/Sep/2022:04:50:49 -0500] "GET /BLA/boletinlegal/img/button-left.png HTTP/1.1" 200 57071
172.22.2.4 - - [15/Sep/2022:04:50:49 -0500] "GET /BLA/boletinlegal/img/button-right.png HTTP/1.1" 200 57878
172.22.2.4 - - [15/Sep/2022:04:50:58 -0500] "GET /BLA/boletinlegal/images/background.gif HTTP/1.1" 200 -
217.182.175.162 - - [15/Sep/2022:04:51:35 -0500] "HEAD /porque-tu-vida-vale-haz-parte-del-simulacro-distrital-de-evacuacion-este-4-de-octubre.html HTTP/1.1" 200 -
217.182.175.162 - - [15/Sep/2022:04:51:35 -0500] "HEAD /porque-tu-vida-vale-haz-parte-del-simulacro-distrital-de-evacuacion-este-4-de-octubre.html HTTP/1.1" 200 -
173.252.107.17 - - [15/Sep/2022:04:51:48 -0500] "GET /images/reunion-planta-termovalorizacion-11-mayo.jpg HTTP/1.1" 200 34782
95.108.213.41 - - [15/Sep/2022:04:51:56 -0500] "-" 408 -
172.22.2.4 - - [15/Sep/2022:04:52:01 -0500] "GET /BLA/boletinlegal/normativa.php HTTP/1.1" 200 8326
172.22.2.4 - - [15/Sep/2022:04:52:01 -0500] "GET /BLA/boletinlegal/js/ajax_normativa.js HTTP/1.1" 200 1154
172.22.2.4 - - [15/Sep/2022:04:52:01 -0500] "GET /BLA/boletinlegal/niceforms.js HTTP/1.1" 200 22876
172.22.2.4 - - [15/Sep/2022:04:52:03 -0500] "GET /BLA/boletinlegal/actos.php HTTP/1.1" 200 9559
172.22.2.4 - - [15/Sep/2022:04:52:03 -0500] "GET /BLA/boletinlegal/js/ajax_actos.js HTTP/1.1" 200 1322
172.22.2.4 - - [15/Sep/2022:04:52:04 -0500] "GET /BLA/boletinlegal/js/lib.js HTTP/1.1" 200 6474
172.22.2.4 - - [15/Sep/2022:04:52:04 -0500] "GET /BLA/boletinlegal/js/popup.js HTTP/1.1" 200 1270
172.22.2.4 - - [15/Sep/2022:04:52:04 -0500] "GET /BLA/boletinlegal/js/jquery1.js HTTP/1.1" 200 29846
172.22.2.4 - - [15/Sep/2022:04:52:04 -0500] "GET /BLA/boletinlegal/images/green-yellow-blue-pink-th.png HTTP/1.1" 200 7394
172.22.2.4 - - [15/Sep/2022:04:52:07 -0500] "GET /BLA/boletinlegal/consulta_actos.php?tipo=autos&no=&usuario=&sector=&fecha=2022&resuelve= HTTP/1.1" 200 907800
172.22.2.4 - - [15/Sep/2022:04:51:57 -0500] "GET /BLA/boletinlegal/ HTTP/1.1" 200 24523
51.15.164.30 - - [15/Sep/2022:04:53:34 -0500] "HEAD /porque-tu-vida-vale-haz-parte-del-simulacro-distrital-de-evacuacion-este-4-de-octubre.html HTTP/1.1" 200 -
201.245.192.253 - - [15/Sep/2022:04:54:27 -0500] "POST /kwsrmcab/Wsrmcab  HTTP/1.1" 200 37989
216.245.221.92 - - [15/Sep/2022:04:54:52 -0500] "HEAD / HTTP/1.1" 200 -
172.22.2.4 - - [15/Sep/2022:04:53:37 -0500] "HEAD /BLA/boletinlegal/ HTTP/1.1" 200 -
172.22.2.4 - - [15/Sep/2022:04:54:28 -0500] "GET /BLA/boletinlegal/ HTTP/1.1" 200 55630
156.59.237.146 - - [15/Sep/2022:04:58:53 -0500] "GET /galeria/galeria/fotos/mirador4P.jpg HTTP/1.1" 200 11757
201.245.192.253 - - [15/Sep/2022:04:59:26 -0500] "POST /kwsrmcab/Wsrmcab  HTTP/1.1" 200 37989
157.55.39.201 - - [15/Sep/2022:04:59:49 -0500] "GET /catalogoisis/Css/Busqueda.css HTTP/1.1" 200 1995
157.55.39.201 - - [15/Sep/2022:04:59:50 -0500] "GET /catalogoisis/Js/Cookies.js HTTP/1.1" 200 1369
157.55.39.201 - - [15/Sep/2022:04:59:50 -0500] "GET /galeria/nivo-slider/demo/banner.html HTTP/1.1" 200 5446
216.245.221.92 - - [15/Sep/2022:04:59:52 -0500] "HEAD / HTTP/1.1" 200 -
172.22.2.4 - - [15/Sep/2022:04:59:27 -0500] "HEAD /BLA/boletinlegal/ HTTP/1.1" 200 -
172.22.2.4 - - [15/Sep/2022:05:00:18 -0500] "GET /BLA/boletinlegal/ HTTP/1.1" 200 58163
157.55.39.200 - - [15/Sep/2022:05:03:07 -0500] "GET /Publicaciones/2022EE183534.pdf HTTP/1.1" 404 228
201.245.192.253 - - [15/Sep/2022:05:04:25 -0500] "POST /kwsrmcab/Wsrmcab  HTTP/1.1" 200 37989
216.245.221.92 - - [15/Sep/2022:05:04:52 -0500] "HEAD / HTTP/1.1" 200 -
207.46.13.86 - - [15/Sep/2022:05:05:05 -0500] "GET /BLA/resoluciones/RESOLUCIONES%202000/2000%202850-2899.tif HTTP/1.1" 200 4291775
172.22.2.4 - - [15/Sep/2022:05:05:17 -0500] "HEAD /BLA/boletinlegal/ HTTP/1.1" 200 -
172.22.2.4 - - [15/Sep/2022:05:06:08 -0500] "GET /BLA/boletinlegal/ HTTP/1.1" 200 58163
201.245.192.253 - - [15/Sep/2022:05:09:23 -0500] "POST /kwsrmcab/Wsrmcab  HTTP/1.1" 200 37989
216.245.221.92 - - [15/Sep/2022:05:09:52 -0500] "HEAD / HTTP/1.1" 200 -
172.22.2.4 - - [15/Sep/2022:05:11:07 -0500] "HEAD /BLA/boletinlegal/ HTTP/1.1" 200 -
172.22.2.4 - - [15/Sep/2022:05:11:58 -0500] "GET /BLA/boletinlegal/ HTTP/1.1" 200 58163
172.22.2.4 - - [15/Sep/2022:05:14:03 -0500] "GET /BLA/boletinlegal/robots.txt HTTP/1.1" 404 1038
201.245.192.253 - - [15/Sep/2022:05:14:23 -0500] "POST /kwsrmcab/Wsrmcab  HTTP/1.1" 200 37989
216.245.221.92 - - [15/Sep/2022:05:14:52 -0500] "HEAD / HTTP/1.1" 200 -
40.77.191.250 - - [15/Sep/2022:05:15:43 -0500] "GET /galeria/nivo-slider/themes/pascal/pascal.css HTTP/1.1" 200 2258
172.22.2.4 - - [15/Sep/2022:05:14:05 -0500] "GET /BLA/boletinlegal/index.php HTTP/1.1" 200 61974
172.22.2.4 - - [15/Sep/2022:05:16:26 -0500] "GET /BLA/boletinlegal/robots.txt HTTP/1.1" 404 1037
172.22.2.4 - - [15/Sep/2022:05:16:26 -0500] "GET /BLA/boletinlegal/robots.txt HTTP/1.1" 404 1037
172.22.2.4 - - [15/Sep/2022:05:15:31 -0500] "GET /BLA/boletinlegal/index.php HTTP/1.1" 200 60874
69.171.231.120 - - [15/Sep/2022:05:18:27 -0500] "GET /images/reunion-planta-termovalorizacion-11-mayo.jpg HTTP/1.1" 200 34782
172.22.2.4 - - [15/Sep/2022:05:16:57 -0500] "HEAD /BLA/boletinlegal/ HTTP/1.1" 200 -
201.245.192.253 - - [15/Sep/2022:05:18:54 -0500] "POST /kwsrmcab/Wsrmcab HTTP/1.1" 200 37688
201.245.192.253 - - [15/Sep/2022:05:18:57 -0500] "POST /kwsrmcab/Wsrmcab HTTP/1.1" 200 42304
201.245.192.253 - - [15/Sep/2022:05:19:22 -0500] "POST /kwsrmcab/Wsrmcab  HTTP/1.1" 200 37989
172.22.2.4 - - [15/Sep/2022:05:17:48 -0500] "GET /BLA/boletinlegal/ HTTP/1.1" 200 54003
216.245.221.92 - - [15/Sep/2022:05:19:52 -0500] "HEAD / HTTP/1.1" 200 -
185.119.81.101 - - [15/Sep/2022:05:20:49 -0500] "GET /portaldeninos/wp-login.php HTTP/1.1" 200 2592
185.119.81.101 - - [15/Sep/2022:05:20:50 -0500] "POST /portaldeninos/wp-login.php HTTP/1.1" 200 3605
103.149.192.93 - - [15/Sep/2022:05:21:59 -0500] "GET /portaldeninos/ HTTP/1.1" 200 110197
128.14.133.58 - - [15/Sep/2022:05:22:55 -0500] "GET /portaldeninos/ HTTP/1.1" 200 110197
201.245.192.253 - - [15/Sep/2022:05:24:21 -0500] "POST /kwsrmcab/Wsrmcab  HTTP/1.1" 200 37989
172.22.2.4 - - [15/Sep/2022:05:22:47 -0500] "HEAD /BLA/boletinlegal/ HTTP/1.1" 200 -
216.245.221.92 - - [15/Sep/2022:05:24:52 -0500] "HEAD / HTTP/1.1" 200 -
172.22.2.4 - - [15/Sep/2022:05:23:37 -0500] "GET /BLA/boletinlegal/ HTTP/1.1" 200 60281
80.94.92.231 - - [15/Sep/2022:05:28:10 -0500] "GET / HTTP/1.1" 200 319
201.245.192.253 - - [15/Sep/2022:05:28:54 -0500] "POST /kwsrmcab/Wsrmcab HTTP/1.1" 200 37688
201.245.192.253 - - [15/Sep/2022:05:28:58 -0500] "POST /kwsrmcab/Wsrmcab HTTP/1.1" 200 42304
201.245.192.253 - - [15/Sep/2022:05:29:20 -0500] "POST /kwsrmcab/Wsrmcab  HTTP/1.1" 200 37989
216.245.221.92 - - [15/Sep/2022:05:29:52 -0500] "HEAD / HTTP/1.1" 200 -
172.22.2.4 - - [15/Sep/2022:05:28:37 -0500] "HEAD /BLA/boletinlegal/ HTTP/1.1" 200 -
172.22.2.4 - - [15/Sep/2022:05:29:28 -0500] "GET /BLA/boletinlegal/ HTTP/1.1" 200 59319
3.87.202.64 - - [15/Sep/2022:05:32:30 -0500] "GET /porque-tu-vida-vale-haz-parte-del-simulacro-distrital-de-evacuacion-este-4-de-octubre.html HTTP/1.1" 200 810
3.87.202.64 - - [15/Sep/2022:05:32:30 -0500] "GET /porque-tu-vida-vale-haz-parte-del-simulacro-distrital-de-evacuacion-este-4-de-octubre.html HTTP/1.1" 200 810
172.22.2.4 - - [15/Sep/2022:05:31:32 -0500] "GET /BLA/boletinlegal/ HTTP/1.1" 200 63207
201.245.192.253 - - [15/Sep/2022:05:34:18 -0500] "POST /kwsrmcab/Wsrmcab  HTTP/1.1" 200 37989
216.245.221.92 - - [15/Sep/2022:05:34:52 -0500] "HEAD / HTTP/1.1" 200 -
172.22.2.4 - - [15/Sep/2022:05:34:27 -0500] "HEAD /BLA/boletinlegal/ HTTP/1.1" 200 -
186.83.184.115 - - [15/Sep/2022:05:36:57 -0500] "GET /BLA/boletinlegal/js/jquery.scrollShow.js HTTP/1.1" 200 4586
186.83.184.115 - - [15/Sep/2022:05:36:57 -0500] "GET /galeria/galeria/jquery.fancybox.css?v=2.1.5 HTTP/1.1" 200 4895
186.83.184.115 - - [15/Sep/2022:05:36:57 -0500] "GET /galeria/galeria/jquery.fancybox.js?v=2.1.5 HTTP/1.1" 200 48706
172.22.2.4 - - [15/Sep/2022:05:35:18 -0500] "GET /BLA/boletinlegal/ HTTP/1.1" 200 53290
172.22.2.4 - - [15/Sep/2022:05:37:24 -0500] "GET /BLA/boletinlegal/ HTTP/1.1" 200 24523
172.22.2.4 - - [15/Sep/2022:05:37:51 -0500] "GET /BLA/boletinlegal/ HTTP/1.1" 200 24523
201.245.192.253 - - [15/Sep/2022:05:38:54 -0500] "POST /kwsrmcab/Wsrmcab HTTP/1.1" 200 37688
201.245.192.253 - - [15/Sep/2022:05:38:57 -0500] "POST /kwsrmcab/Wsrmcab HTTP/1.1" 200 42304
201.245.192.253 - - [15/Sep/2022:05:39:18 -0500] "POST /kwsrmcab/Wsrmcab  HTTP/1.1" 200 37989
216.245.221.92 - - [15/Sep/2022:05:39:52 -0500] "HEAD / HTTP/1.1" 200 -
172.22.2.4 - - [15/Sep/2022:05:40:17 -0500] "HEAD /BLA/boletinlegal/ HTTP/1.1" 200 -
172.22.2.4 - - [15/Sep/2022:05:41:07 -0500] "GET /BLA/boletinlegal/ HTTP/1.1" 200 58163
201.150.178.77 - - [15/Sep/2022:05:43:20 -0500] "GET / HTTP/1.1" 200 319
201.245.192.253 - - [15/Sep/2022:05:44:17 -0500] "POST /kwsrmcab/Wsrmcab  HTTP/1.1" 200 37989
216.245.221.92 - - [15/Sep/2022:05:44:52 -0500] "HEAD / HTTP/1.1" 200 -
185.119.81.102 - - [15/Sep/2022:05:45:34 -0500] "GET /portaldeninos/wp-login.php HTTP/1.1" 200 2592
185.119.81.102 - - [15/Sep/2022:05:45:35 -0500] "POST /portaldeninos/wp-login.php HTTP/1.1" 200 3670
172.22.2.4 - - [15/Sep/2022:05:44:04 -0500] "GET /BLA/boletinlegal/ HTTP/1.1" 200 63207
172.22.2.4 - - [15/Sep/2022:05:46:07 -0500] "HEAD /BLA/boletinlegal/ HTTP/1.1" 200 -
185.119.81.102 - - [15/Sep/2022:05:48:10 -0500] "GET /portaldeninos/wp-login.php HTTP/1.1" 200 2592
185.119.81.102 - - [15/Sep/2022:05:48:11 -0500] "POST /portaldeninos/wp-login.php HTTP/1.1" 200 3650
172.22.2.4 - - [15/Sep/2022:05:46:57 -0500] "GET /BLA/boletinlegal/ HTTP/1.1" 200 58955
201.245.192.253 - - [15/Sep/2022:05:49:15 -0500] "POST /kwsrmcab/Wsrmcab  HTTP/1.1" 200 37989
216.245.221.92 - - [15/Sep/2022:05:49:52 -0500] "HEAD / HTTP/1.1" 200 -
172.22.2.4 - - [15/Sep/2022:05:52:47 -0500] "GET /BLA/boletinlegal/ HTTP/1.1" 200 24523
172.22.2.4 - - [15/Sep/2022:05:51:57 -0500] "HEAD /BLA/boletinlegal/ HTTP/1.1" 200 -
201.245.192.253 - - [15/Sep/2022:05:54:15 -0500] "POST /kwsrmcab/Wsrmcab  HTTP/1.1" 200 37989
172.22.2.4 - - [15/Sep/2022:05:52:48 -0500] "GET /BLA/boletinlegal/ HTTP/1.1" 200 53290
172.22.2.4 - - [15/Sep/2022:05:54:28 -0500] "GET /BLA/boletinlegal/favicon.ico HTTP/1.1" 404 1018
172.22.2.4 - - [15/Sep/2022:05:54:29 -0500] "GET /BLA/boletinlegal/robots.txt HTTP/1.1" 404 1018
172.22.2.4 - - [15/Sep/2022:05:53:42 -0500] "GET /BLA/boletinlegal/ HTTP/1.1" 200 36811
216.245.221.92 - - [15/Sep/2022:05:54:52 -0500] "HEAD / HTTP/1.1" 200 -
207.46.13.86 - - [15/Sep/2022:05:57:10 -0500] "GET /galeria/galeria/fotos/cusumbo4G.jpg HTTP/1.1" 200 292522
173.252.87.6 - - [15/Sep/2022:05:57:30 -0500] "GET /images/reunion-planta-termovalorizacion-11-mayo.jpg HTTP/1.1" 200 34782
201.245.192.253 - - [15/Sep/2022:05:59:14 -0500] "POST /kwsrmcab/Wsrmcab  HTTP/1.1" 200 37989
172.22.2.4 - - [15/Sep/2022:05:57:47 -0500] "HEAD /BLA/boletinlegal/ HTTP/1.1" 200 -
216.245.221.92 - - [15/Sep/2022:05:59:52 -0500] "HEAD / HTTP/1.1" 200 -
172.22.2.4 - - [15/Sep/2022:05:58:37 -0500] "GET /BLA/boletinlegal/ HTTP/1.1" 200 55630
201.245.192.253 - - [15/Sep/2022:06:04:13 -0500] "POST /kwsrmcab/Wsrmcab  HTTP/1.1" 200 37989
216.245.221.92 - - [15/Sep/2022:06:04:52 -0500] "HEAD / HTTP/1.1" 200 -
172.22.2.4 - - [15/Sep/2022:06:03:37 -0500] "HEAD /BLA/boletinlegal/ HTTP/1.1" 200 -
172.22.2.4 - - [15/Sep/2022:06:04:27 -0500] "GET /BLA/boletinlegal/ HTTP/1.1" 200 58163
157.55.39.201 - - [15/Sep/2022:06:06:25 -0500] "GET /galeria/galeria/fotos/Soratama3G.jpg HTTP/1.1" 200 159434
46.231.209.210 - - [15/Sep/2022:06:07:15 -0500] "GET / HTTP/1.1" 200 319
185.119.81.102 - - [15/Sep/2022:06:07:46 -0500] "GET /portaldeninos/wp-login.php HTTP/1.1" 200 2592
185.119.81.102 - - [15/Sep/2022:06:07:47 -0500] "POST /portaldeninos/wp-login.php HTTP/1.1" 200 3650
172.22.2.4 - - [15/Sep/2022:06:08:28 -0500] "GET /BLA/boletinlegal/ab2g HTTP/1.1" 404 1018
172.22.2.4 - - [15/Sep/2022:06:08:29 -0500] "GET /BLA/boletinlegal/ab2h HTTP/1.1" 404 1018
201.245.192.253 - - [15/Sep/2022:06:09:11 -0500] "POST /kwsrmcab/Wsrmcab  HTTP/1.1" 200 37989
216.245.221.92 - - [15/Sep/2022:06:09:52 -0500] "HEAD / HTTP/1.1" 200 -
157.55.39.200 - - [15/Sep/2022:06:09:52 -0500] "GET /BLA/resoluciones/AUTOS%202022/2066.pdf HTTP/1.1" 200 523715
185.119.81.102 - - [15/Sep/2022:06:10:52 -0500] "GET /portaldeninos/wp-login.php HTTP/1.1" 200 2592
185.119.81.102 - - [15/Sep/2022:06:10:53 -0500] "POST /portaldeninos/wp-login.php HTTP/1.1" 200 3670
172.22.2.4 - - [15/Sep/2022:06:09:27 -0500] "HEAD /BLA/boletinlegal/ HTTP/1.1" 200 -
172.22.2.4 - - [15/Sep/2022:06:10:17 -0500] "GET /BLA/boletinlegal/ HTTP/1.1" 200 59828
201.245.192.253 - - [15/Sep/2022:06:14:10 -0500] "POST /kwsrmcab/Wsrmcab  HTTP/1.1" 200 37989
216.245.221.92 - - [15/Sep/2022:06:14:52 -0500] "HEAD / HTTP/1.1" 200 -
66.249.73.97 - - [15/Sep/2022:06:15:56 -0500] "-" 408 -
185.119.81.101 - - [15/Sep/2022:06:16:21 -0500] "GET /portaldeninos/wp-login.php HTTP/1.1" 200 2592
185.119.81.101 - - [15/Sep/2022:06:16:22 -0500] "POST /portaldeninos/wp-login.php HTTP/1.1" 200 3605
3.82.231.11 - - [15/Sep/2022:06:16:25 -0500] "GET /porque-tu-vida-vale-haz-parte-del-simulacro-distrital-de-evacuacion-este-4-de-octubre.html HTTP/1.1" 200 810
3.82.231.11 - - [15/Sep/2022:06:16:26 -0500] "GET /porque-tu-vida-vale-haz-parte-del-simulacro-distrital-de-evacuacion-este-4-de-octubre.html HTTP/1.1" 200 810
172.22.2.4 - - [15/Sep/2022:06:15:17 -0500] "HEAD /BLA/boletinlegal/ HTTP/1.1" 200 -
172.22.2.4 - - [15/Sep/2022:06:16:07 -0500] "GET /BLA/boletinlegal/ HTTP/1.1" 200 52877
201.245.192.253 - - [15/Sep/2022:06:18:54 -0500] "POST /kwsrmcab/Wsrmcab HTTP/1.1" 200 37698
201.245.192.253 - - [15/Sep/2022:06:18:58 -0500] "POST /kwsrmcab/Wsrmcab HTTP/1.1" 200 42154
201.245.192.253 - - [15/Sep/2022:06:19:10 -0500] "POST /kwsrmcab/Wsrmcab  HTTP/1.1" 200 37989
101.43.55.216 - - [15/Sep/2022:06:19:33 -0500] "GET http://190.27.245.106:80/phpMyAdmin/scripts/setup.php HTTP/1.0" 403 1165
101.43.55.216 - - [15/Sep/2022:06:19:33 -0500] "GET http://190.27.245.106:80/pma/scripts/setup.php HTTP/1.0" 404 1018
101.43.55.216 - - [15/Sep/2022:06:19:33 -0500] "GET http://190.27.245.106:80/mysql/scripts/setup.php HTTP/1.0" 404 1018
101.43.55.216 - - [15/Sep/2022:06:19:33 -0500] "GET http://190.27.245.106:80/db/scripts/setup.php HTTP/1.0" 404 1018
216.245.221.92 - - [15/Sep/2022:06:19:52 -0500] "HEAD / HTTP/1.1" 200 -
172.22.2.4 - - [15/Sep/2022:06:20:35 -0500] "GET /BLA/boletinlegal/style.css HTTP/1.1" 200 9406
172.22.2.4 - - [15/Sep/2022:06:20:35 -0500] "GET /BLA/boletinlegal/styles2.css HTTP/1.1" 200 1838
172.22.2.4 - - [15/Sep/2022:06:20:35 -0500] "GET /BLA/boletinlegal/js/jquery.js HTTP/1.1" 200 57254
172.22.2.4 - - [15/Sep/2022:06:20:35 -0500] "GET /BLA/boletinlegal/js/jquery.scrollTo-min.js HTTP/1.1" 200 1150
172.22.2.4 - - [15/Sep/2022:06:20:35 -0500] "GET /BLA/boletinlegal/js/jquery.scrollShow.js HTTP/1.1" 200 4586
172.22.2.4 - - [15/Sep/2022:06:20:35 -0500] "GET /BLA/boletinlegal/images/cabezote%20BLEGAL.jpg HTTP/1.1" 200 118164
172.22.2.4 - - [15/Sep/2022:06:20:35 -0500] "GET /BLA/boletinlegal/images/subscribe-icon-big.png HTTP/1.1" 200 47702
172.22.2.4 - - [15/Sep/2022:06:20:35 -0500] "GET /BLA/boletinlegal/images/screen_1.png HTTP/1.1" 200 202547
172.22.2.4 - - [15/Sep/2022:06:20:35 -0500] "GET /BLA/boletinlegal/images/registro-usuarios.png HTTP/1.1" 200 8106
172.22.2.4 - - [15/Sep/2022:06:20:35 -0500] "GET /BLA/boletinlegal/images/arr_l.jpg HTTP/1.1" 200 1979
172.22.2.4 - - [15/Sep/2022:06:20:35 -0500] "GET /BLA/boletinlegal/images/historia.png HTTP/1.1" 200 52775
172.22.2.4 - - [15/Sep/2022:06:20:35 -0500] "GET /BLA/boletinlegal/images/launch.jpg HTTP/1.1" 200 14577
172.22.2.4 - - [15/Sep/2022:06:20:35 -0500] "GET /BLA/boletinlegal/images/body_bg.jpg HTTP/1.1" 200 1601
172.22.2.4 - - [15/Sep/2022:06:20:35 -0500] "GET /BLA/boletinlegal/images/menu_lft.gif HTTP/1.1" 200 1713
172.22.2.4 - - [15/Sep/2022:06:20:35 -0500] "GET /BLA/boletinlegal/images/menu_rght.gif HTTP/1.1" 200 1627
172.22.2.4 - - [15/Sep/2022:06:20:35 -0500] "GET /BLA/boletinlegal/images/bg_top.jpg HTTP/1.1" 200 522
172.22.2.4 - - [15/Sep/2022:06:20:35 -0500] "GET /BLA/boletinlegal/images/menu_bg.jpg HTTP/1.1" 200 620
172.22.2.4 - - [15/Sep/2022:06:20:35 -0500] "GET /BLA/boletinlegal/images/hover.jpg HTTP/1.1" 200 640
172.22.2.4 - - [15/Sep/2022:06:20:35 -0500] "GET /BLA/boletinlegal/images/text.jpg HTTP/1.1" 200 568
172.22.2.4 - - [15/Sep/2022:06:20:36 -0500] "GET /BLA/boletinlegal/actos.php HTTP/1.1" 200 9559
172.22.2.4 - - [15/Sep/2022:06:20:36 -0500] "GET /BLA/boletinlegal/js/ajax_actos.js HTTP/1.1" 200 1322
172.22.2.4 - - [15/Sep/2022:06:20:36 -0500] "GET /BLA/boletinlegal/niceforms.js HTTP/1.1" 200 22876
172.22.2.4 - - [15/Sep/2022:06:20:36 -0500] "GET /BLA/boletinlegal/niceforms-default.css HTTP/1.1" 200 6694
172.22.2.4 - - [15/Sep/2022:06:20:36 -0500] "GET /BLA/boletinlegal/js/lib.js HTTP/1.1" 200 6474
172.22.2.4 - - [15/Sep/2022:06:20:36 -0500] "GET /BLA/boletinlegal/js/popup.js HTTP/1.1" 200 1270
172.22.2.4 - - [15/Sep/2022:06:20:36 -0500] "GET /BLA/boletinlegal/js/jquery1.js HTTP/1.1" 200 29846
172.22.2.4 - - [15/Sep/2022:06:20:36 -0500] "GET /BLA/boletinlegal/images/green-yellow-blue-pink-th.png HTTP/1.1" 200 7394
172.22.2.4 - - [15/Sep/2022:06:20:36 -0500] "GET /BLA/boletinlegal/images/abajo.png HTTP/1.1" 200 96676
172.22.2.4 - - [15/Sep/2022:06:20:36 -0500] "GET /BLA/boletinlegal/images/tel.png HTTP/1.1" 200 14477
172.22.2.4 - - [15/Sep/2022:06:20:36 -0500] "GET /BLA/boletinlegal/images/icono-email.png HTTP/1.1" 200 5544
172.22.2.4 - - [15/Sep/2022:06:20:36 -0500] "GET /BLA/boletinlegal/images/footer_bg.jpg HTTP/1.1" 200 586
172.22.2.4 - - [15/Sep/2022:06:20:36 -0500] "GET /BLA/boletinlegal/images/footer_bg_l.jpg HTTP/1.1" 200 776
172.22.2.4 - - [15/Sep/2022:06:20:36 -0500] "GET /BLA/boletinlegal/img/0.png HTTP/1.1" 200 110
172.22.2.4 - - [15/Sep/2022:06:20:36 -0500] "GET /BLA/boletinlegal/img/select-right.png HTTP/1.1" 200 44019
172.22.2.4 - - [15/Sep/2022:06:20:36 -0500] "GET /BLA/boletinlegal/img/select-left.png HTTP/1.1" 200 263
172.22.2.4 - - [15/Sep/2022:06:20:36 -0500] "GET /BLA/boletinlegal/img/button-left.png HTTP/1.1" 200 57071
172.22.2.4 - - [15/Sep/2022:06:20:36 -0500] "GET /BLA/boletinlegal/img/button-right.png HTTP/1.1" 200 57878
172.22.2.4 - - [15/Sep/2022:06:20:36 -0500] "GET /BLA/boletinlegal/img/button.png HTTP/1.1" 200 43241
172.22.2.4 - - [15/Sep/2022:06:20:36 -0500] "GET /BLA/boletinlegal/favicon.ico HTTP/1.1" 404 1326
172.22.2.4 - - [15/Sep/2022:06:20:47 -0500] "GET /BLA/boletinlegal/consulta_actos.php?tipo=resoluciones&no=&usuario=&sector=VERTIMIENTOS&fecha=2011&resuelve= HTTP/1.1" 200 59590
172.22.2.4 - - [15/Sep/2022:06:20:47 -0500] "GET /BLA/boletinlegal/images/background.gif HTTP/1.1" 200 -
172.22.2.4 - - [15/Sep/2022:06:20:47 -0500] "GET /BLA/boletinlegal/images/pdf.gif HTTP/1.1" 200 567
185.119.81.108 - - [15/Sep/2022:06:21:00 -0500] "GET /portaldeninos/wp-login.php HTTP/1.1" 200 2592
185.119.81.108 - - [15/Sep/2022:06:21:01 -0500] "POST /portaldeninos/wp-login.php HTTP/1.1" 200 3605
172.22.2.4 - - [15/Sep/2022:06:21:02 -0500] "GET /BLA/boletinlegal/Circulares/2011/Circular%20No.%205%20del%2014%20de%20Julio%20de%202011.pdf HTTP/1.1" 200 1488992
185.119.81.102 - - [15/Sep/2022:06:21:07 -0500] "GET /portaldeninos/wp-login.php HTTP/1.1" 200 2592
172.22.2.4 - - [15/Sep/2022:06:20:35 -0500] "GET /BLA/boletinlegal/ HTTP/1.1" 200 24523
185.119.81.102 - - [15/Sep/2022:06:21:07 -0500] "POST /portaldeninos/wp-login.php HTTP/1.1" 200 3605
179.33.233.154 - - [15/Sep/2022:06:21:46 -0500] "GET /BLA/resoluciones/RESOLUCIONES%202011/5298.pdf HTTP/1.1" 200 632504
172.22.2.4 - - [15/Sep/2022:06:21:07 -0500] "HEAD /BLA/boletinlegal/ HTTP/1.1" 200 -
157.55.39.200 - - [15/Sep/2022:06:22:53 -0500] "GET /BLA/resoluciones/AUTOS%202022/1870.pdf HTTP/1.1" 200 379709
186.145.117.179 - - [15/Sep/2022:06:23:01 -0500] "GET /galeria/galeria/jquery.fancybox.css?v=2.1.5 HTTP/1.1" 200 4895
186.145.117.179 - - [15/Sep/2022:06:23:01 -0500] "GET /BLA/boletinlegal/js/jquery.scrollShow.js HTTP/1.1" 200 4586
186.145.117.179 - - [15/Sep/2022:06:23:01 -0500] "GET /galeria/galeria/jquery.fancybox.js?v=2.1.5 HTTP/1.1" 200 48706
172.22.2.4 - - [15/Sep/2022:06:21:57 -0500] "GET /BLA/boletinlegal/ HTTP/1.1" 200 53290
185.119.81.108 - - [15/Sep/2022:06:23:47 -0500] "GET /portaldeninos/wp-login.php HTTP/1.1" 200 2592
185.119.81.108 - - [15/Sep/2022:06:23:48 -0500] "POST /portaldeninos/wp-login.php HTTP/1.1" 200 3650
201.245.192.253 - - [15/Sep/2022:06:24:09 -0500] "POST /kwsrmcab/Wsrmcab  HTTP/1.1" 200 37989
216.245.221.92 - - [15/Sep/2022:06:24:52 -0500] "HEAD / HTTP/1.1" 200 -
172.22.2.4 - - [15/Sep/2022:06:25:28 -0500] "GET /BLA/boletinlegal/ HTTP/1.1" 200 32715
172.22.2.4 - - [15/Sep/2022:06:28:02 -0500] "GET /BLA/boletinlegal/dump.sql HTTP/1.1" 404 1025
172.22.2.4 - - [15/Sep/2022:06:26:58 -0500] "HEAD /BLA/boletinlegal/ HTTP/1.1" 200 -
201.245.192.253 - - [15/Sep/2022:06:28:54 -0500] "POST /kwsrmcab/Wsrmcab HTTP/1.1" 200 37698
201.245.192.253 - - [15/Sep/2022:06:28:57 -0500] "POST /kwsrmcab/Wsrmcab HTTP/1.1" 200 42154
201.245.192.253 - - [15/Sep/2022:06:29:08 -0500] "POST /kwsrmcab/Wsrmcab  HTTP/1.1" 200 37989
172.22.2.4 - - [15/Sep/2022:06:27:49 -0500] "GET /BLA/boletinlegal/ HTTP/1.1" 200 58575
216.245.221.92 - - [15/Sep/2022:06:29:52 -0500] "HEAD / HTTP/1.1" 200 -
186.86.33.197 - - [15/Sep/2022:06:30:48 -0500] "GET /galeria/galeria/jquery.fancybox.css?v=2.1.5 HTTP/1.1" 200 4895
186.86.33.197 - - [15/Sep/2022:06:30:48 -0500] "GET /galeria/galeria/jquery.fancybox.js?v=2.1.5 HTTP/1.1" 200 48706
186.86.33.197 - - [15/Sep/2022:06:30:48 -0500] "GET /BLA/boletinlegal/js/jquery.scrollShow.js HTTP/1.1" 200 4586
173.252.107.120 - - [15/Sep/2022:06:31:00 -0500] "GET /garza-azul-nueva-ave-registrada-en-el-humedal-el-burro.html HTTP/1.1" 206 890
172.22.2.4 - - [15/Sep/2022:06:32:29 -0500] "GET /BLA/boletinlegal/Circulares/2010/Circular%2003%20de%2015%20de%20marzo%20de%202010.pdf HTTP/1.1" 200 299174
201.245.192.253 - - [15/Sep/2022:06:34:07 -0500] "POST /kwsrmcab/Wsrmcab  HTTP/1.1" 200 37989
172.22.2.4 - - [15/Sep/2022:06:32:48 -0500] "HEAD /BLA/boletinlegal/ HTTP/1.1" 200 -
216.245.221.92 - - [15/Sep/2022:06:34:52 -0500] "HEAD / HTTP/1.1" 200 -
172.22.2.4 - - [15/Sep/2022:06:33:38 -0500] "GET /BLA/boletinlegal/ HTTP/1.1" 200 58955
201.245.192.253 - - [15/Sep/2022:06:38:53 -0500] "POST /kwsrmcab/Wsrmcab HTTP/1.1" 200 37698
201.245.192.253 - - [15/Sep/2022:06:38:57 -0500] "POST /kwsrmcab/Wsrmcab HTTP/1.1" 200 42154
201.245.192.253 - - [15/Sep/2022:06:39:05 -0500] "POST /kwsrmcab/Wsrmcab  HTTP/1.1" 200 37989
216.245.221.92 - - [15/Sep/2022:06:39:52 -0500] "HEAD / HTTP/1.1" 200 -
172.22.2.4 - - [15/Sep/2022:06:38:38 -0500] "HEAD /BLA/boletinlegal/ HTTP/1.1" 200 -
157.55.39.188 - - [15/Sep/2022:06:41:03 -0500] "GET /BLA/resoluciones/2002RES129.tif HTTP/1.1" 404 1018
172.22.2.4 - - [15/Sep/2022:06:39:28 -0500] "GET /BLA/boletinlegal/ HTTP/1.1" 200 54003
172.22.2.4 - - [15/Sep/2022:06:41:26 -0500] "GET /BLA/boletinlegal/actos.php HTTP/1.1" 200 9559
172.22.2.4 - - [15/Sep/2022:06:41:27 -0500] "GET /BLA/boletinlegal/favicon.ico HTTP/1.1" 404 1326
186.155.19.204 - - [15/Sep/2022:06:41:28 -0500] "GET /BLA/resoluciones/ HTTP/1.1" 200 13093
186.155.19.204 - - [15/Sep/2022:06:41:35 -0500] "GET /BLA/resoluciones/index.php?dir=RESOLUCIONES+2018%2F HTTP/1.1" 200 270926
172.22.2.4 - - [15/Sep/2022:06:41:25 -0500] "GET /BLA/boletinlegal/ HTTP/1.1" 200 24523
17.121.115.111 - - [15/Sep/2022:06:43:25 -0500] "-" 408 -
201.245.192.253 - - [15/Sep/2022:06:44:04 -0500] "POST /kwsrmcab/Wsrmcab  HTTP/1.1" 200 37989
17.121.113.51 - - [15/Sep/2022:06:44:16 -0500] "-" 408 -
118.123.105.87 - - [15/Sep/2022:06:44:28 -0500] "GET / HTTP/1.0" 200 319
118.123.105.87 - - [15/Sep/2022:06:44:29 -0500] "GET /favicon.ico HTTP/1.1" 200 7782
216.245.221.92 - - [15/Sep/2022:06:44:52 -0500] "HEAD / HTTP/1.1" 200 -
118.123.105.87 - - [15/Sep/2022:06:45:20 -0500] "GET /.well-known/security.txt HTTP/1.1" 404 1018
172.22.2.4 - - [15/Sep/2022:06:44:28 -0500] "HEAD /BLA/boletinlegal/ HTTP/1.1" 200 -
172.22.2.4 - - [15/Sep/2022:06:45:18 -0500] "GET /BLA/boletinlegal/ HTTP/1.1" 200 58163
201.245.192.253 - - [15/Sep/2022:06:49:03 -0500] "POST /kwsrmcab/Wsrmcab  HTTP/1.1" 200 37989
216.245.221.92 - - [15/Sep/2022:06:49:52 -0500] "HEAD / HTTP/1.1" 200 -
172.22.2.4 - - [15/Sep/2022:06:50:18 -0500] "HEAD /BLA/boletinlegal/ HTTP/1.1" 200 -
172.22.2.4 - - [15/Sep/2022:06:51:08 -0500] "GET /BLA/boletinlegal/ HTTP/1.1" 200 59319
201.245.192.253 - - [15/Sep/2022:06:54:02 -0500] "POST /kwsrmcab/Wsrmcab  HTTP/1.1" 200 37989
216.245.221.92 - - [15/Sep/2022:06:54:52 -0500] "HEAD / HTTP/1.1" 200 -
172.22.2.4 - - [15/Sep/2022:06:57:16 -0500] "GET /BLA/boletinlegal/actos.php HTTP/1.1" 200 9559
172.22.2.4 - - [15/Sep/2022:06:57:16 -0500] "GET /BLA/boletinlegal/styles2.css HTTP/1.1" 200 1838
172.22.2.4 - - [15/Sep/2022:06:57:16 -0500] "GET /BLA/boletinlegal/js/ajax_actos.js HTTP/1.1" 200 1322
172.22.2.4 - - [15/Sep/2022:06:57:16 -0500] "GET /BLA/boletinlegal/niceforms-default.css HTTP/1.1" 200 6694
172.22.2.4 - - [15/Sep/2022:06:57:16 -0500] "GET /BLA/boletinlegal/style.css HTTP/1.1" 200 9406
172.22.2.4 - - [15/Sep/2022:06:57:16 -0500] "GET /BLA/boletinlegal/niceforms.js HTTP/1.1" 200 22876
172.22.2.4 - - [15/Sep/2022:06:57:16 -0500] "GET /BLA/boletinlegal/js/lib.js HTTP/1.1" 200 6474
172.22.2.4 - - [15/Sep/2022:06:57:16 -0500] "GET /BLA/boletinlegal/js/popup.js HTTP/1.1" 200 1270
172.22.2.4 - - [15/Sep/2022:06:57:16 -0500] "GET /BLA/boletinlegal/js/jquery1.js HTTP/1.1" 200 29846
172.22.2.4 - - [15/Sep/2022:06:57:16 -0500] "GET /BLA/boletinlegal/images/cabezote%20BLEGAL.jpg HTTP/1.1" 200 118164
172.22.2.4 - - [15/Sep/2022:06:57:16 -0500] "GET /BLA/boletinlegal/images/subscribe-icon-big.png HTTP/1.1" 200 47702
172.22.2.4 - - [15/Sep/2022:06:57:16 -0500] "GET /BLA/boletinlegal/images/historia.png HTTP/1.1" 200 52775
172.22.2.4 - - [15/Sep/2022:06:57:16 -0500] "GET /BLA/boletinlegal/images/registro-usuarios.png HTTP/1.1" 200 8106
172.22.2.4 - - [15/Sep/2022:06:57:16 -0500] "GET /BLA/boletinlegal/images/green-yellow-blue-pink-th.png HTTP/1.1" 200 7394
172.22.2.4 - - [15/Sep/2022:06:57:16 -0500] "GET /BLA/boletinlegal/images/abajo.png HTTP/1.1" 200 96676
172.22.2.4 - - [15/Sep/2022:06:57:16 -0500] "GET /BLA/boletinlegal/images/tel.png HTTP/1.1" 200 14477
172.22.2.4 - - [15/Sep/2022:06:57:16 -0500] "GET /BLA/boletinlegal/images/body_bg.jpg HTTP/1.1" 200 1601
172.22.2.4 - - [15/Sep/2022:06:57:16 -0500] "GET /BLA/boletinlegal/images/icono-email.png HTTP/1.1" 200 5544
172.22.2.4 - - [15/Sep/2022:06:57:16 -0500] "GET /BLA/boletinlegal/images/menu_lft.gif HTTP/1.1" 200 1713
172.22.2.4 - - [15/Sep/2022:06:57:16 -0500] "GET /BLA/boletinlegal/images/bg_top.jpg HTTP/1.1" 200 522
172.22.2.4 - - [15/Sep/2022:06:57:16 -0500] "GET /BLA/boletinlegal/images/menu_rght.gif HTTP/1.1" 200 1627
172.22.2.4 - - [15/Sep/2022:06:57:16 -0500] "GET /BLA/boletinlegal/images/hover.jpg HTTP/1.1" 200 640
172.22.2.4 - - [15/Sep/2022:06:57:16 -0500] "GET /BLA/boletinlegal/images/menu_bg.jpg HTTP/1.1" 200 620
172.22.2.4 - - [15/Sep/2022:06:57:16 -0500] "GET /BLA/boletinlegal/images/text.jpg HTTP/1.1" 200 568
172.22.2.4 - - [15/Sep/2022:06:57:16 -0500] "GET /BLA/boletinlegal/images/footer_bg.jpg HTTP/1.1" 200 586
172.22.2.4 - - [15/Sep/2022:06:57:16 -0500] "GET /BLA/boletinlegal/images/footer_bg_l.jpg HTTP/1.1" 200 776
172.22.2.4 - - [15/Sep/2022:06:57:17 -0500] "GET /BLA/boletinlegal/img/0.png HTTP/1.1" 200 110
172.22.2.4 - - [15/Sep/2022:06:57:17 -0500] "GET /BLA/boletinlegal/img/select-left.png HTTP/1.1" 200 263
172.22.2.4 - - [15/Sep/2022:06:57:17 -0500] "GET /BLA/boletinlegal/img/select-right.png HTTP/1.1" 200 44019
172.22.2.4 - - [15/Sep/2022:06:57:17 -0500] "GET /BLA/boletinlegal/img/button-left.png HTTP/1.1" 200 57071
172.22.2.4 - - [15/Sep/2022:06:57:17 -0500] "GET /BLA/boletinlegal/img/button.png HTTP/1.1" 200 43241
172.22.2.4 - - [15/Sep/2022:06:57:17 -0500] "GET /BLA/boletinlegal/img/button-right.png HTTP/1.1" 200 57878
172.22.2.4 - - [15/Sep/2022:06:57:17 -0500] "GET /BLA/boletinlegal/favicon.ico HTTP/1.1" 404 1326
80.94.92.239 - - [15/Sep/2022:06:57:28 -0500] "GET / HTTP/1.1" 200 319
172.22.2.4 - - [15/Sep/2022:06:56:08 -0500] "HEAD /BLA/boletinlegal/ HTTP/1.1" 200 -
172.22.2.4 - - [15/Sep/2022:06:58:13 -0500] "GET /BLA/boletinlegal/consulta_actos.php?tipo=resoluciones&no=&usuario=&sector=&fecha=2022&resuelve=CESACI%D3N HTTP/1.1" 200 2084
172.22.2.4 - - [15/Sep/2022:06:58:13 -0500] "GET /BLA/boletinlegal/images/background.gif HTTP/1.1" 200 -
172.22.2.4 - - [15/Sep/2022:06:58:13 -0500] "GET /BLA/boletinlegal/images/pdf.gif HTTP/1.1" 200 567
190.27.20.45 - - [15/Sep/2022:06:58:18 -0500] "GET /BLA/resoluciones/RESOLUCIONES%202022/1471.pdf HTTP/1.1" 200 370113
190.27.20.45 - - [15/Sep/2022:06:58:23 -0500] "GET /BLA/resoluciones/RESOLUCIONES%202022/1455.pdf HTTP/1.1" 200 367620
190.27.20.45 - - [15/Sep/2022:06:58:27 -0500] "GET /BLA/resoluciones/RESOLUCIONES%202022/0162.pdf HTTP/1.1" 200 367115
172.22.2.4 - - [15/Sep/2022:06:56:58 -0500] "GET /BLA/boletinlegal/ HTTP/1.1" 200 54823
201.245.192.253 - - [15/Sep/2022:06:59:02 -0500] "POST /kwsrmcab/Wsrmcab  HTTP/1.1" 200 37989
207.46.13.181 - - [15/Sep/2022:06:59:06 -0500] "GET /portaldeninos/aula-ambiental-artistica-itinerante-auambari/ HTTP/1.1" 200 89306
172.22.2.4 - - [15/Sep/2022:06:59:49 -0500] "GET /BLA/boletinlegal/robots.txt HTTP/1.1" 404 1038
172.22.2.4 - - [15/Sep/2022:06:59:49 -0500] "GET /BLA/boletinlegal/Circulares/2022/CIRCULAR%20No.%2000005%20DEL%2030%20DE%20JUNIO%20DEL%202022.pdf HTTP/1.1" 200 370015
216.245.221.92 - - [15/Sep/2022:06:59:52 -0500] "HEAD / HTTP/1.1" 200 -
172.22.2.4 - - [15/Sep/2022:07:00:17 -0500] "GET /BLA/boletinlegal/consulta_actos.php?tipo=resoluciones&no=&usuario=&sector=&fecha=2021&resuelve=CESACI%D3N HTTP/1.1" 200 7257
201.140.130.14 - - [15/Sep/2022:07:00:20 -0500] "GET /.env HTTP/1.1" 404 1018
201.140.130.14 - - [15/Sep/2022:07:00:20 -0500] "POST / HTTP/1.1" 200 319
190.27.20.45 - - [15/Sep/2022:07:00:22 -0500] "GET /BLA/resoluciones/RESOLUCIONES%202021/2923.pdf HTTP/1.1" 200 384965
190.27.20.45 - - [15/Sep/2022:07:00:28 -0500] "GET /BLA/resoluciones/RESOLUCIONES%202021/2449.pdf HTTP/1.1" 200 1014405
181.48.255.69 - - [15/Sep/2022:07:00:29 -0500] "GET /BLA/resoluciones/RESOLUCIONES%202021/2449.pdf HTTP/1.1" 200 1014405
190.27.20.45 - - [15/Sep/2022:07:00:37 -0500] "GET /BLA/resoluciones/RESOLUCIONES%202021/1459.pdf HTTP/1.1" 200 445251
190.27.20.45 - - [15/Sep/2022:07:00:40 -0500] "GET /BLA/resoluciones/RESOLUCIONES%202021/1274.pdf HTTP/1.1" 200 428474
3.87.202.64 - - [15/Sep/2022:07:01:31 -0500] "GET /porque-tu-vida-vale-haz-parte-del-simulacro-distrital-de-evacuacion-este-4-de-octubre.html HTTP/1.1" 200 810
3.87.202.64 - - [15/Sep/2022:07:01:32 -0500] "GET /porque-tu-vida-vale-haz-parte-del-simulacro-distrital-de-evacuacion-este-4-de-octubre.html HTTP/1.1" 200 810
190.27.20.45 - - [15/Sep/2022:07:02:06 -0500] "GET /BLA/resoluciones/RESOLUCIONES%202021/1128.pdf HTTP/1.1" 200 423249
190.27.20.45 - - [15/Sep/2022:07:02:10 -0500] "GET /BLA/resoluciones/RESOLUCIONES%202021/1078.pdf HTTP/1.1" 200 365664
