179.19.17.1 - - [17/Sep/2022:12:28:46 -0500] "GET /sipse/faces/javax.faces.resource/theme.css?ln=primefaces-sipse HTTP/1.1" 304 -
179.19.17.1 - - [17/Sep/2022:12:28:46 -0500] "GET /sipse/faces/javax.faces.resource/jquery/jquery.js?ln=primefaces&v=4.0 HTTP/1.1" 304 -
179.19.17.1 - - [17/Sep/2022:12:28:46 -0500] "GET /sipse/faces/javax.faces.resource/primefaces.css?ln=primefaces&v=4.0 HTTP/1.1" 304 -
179.19.17.1 - - [17/Sep/2022:12:28:46 -0500] "GET /sipse/faces/javax.faces.resource/jquery/jquery-plugins.js?ln=primefaces&v=4.0 HTTP/1.1" 304 -
179.19.17.1 - - [17/Sep/2022:12:28:46 -0500] "GET /sipse/faces/javax.faces.resource/primefaces.js?ln=primefaces&v=4.0 HTTP/1.1" 304 -
179.19.17.1 - - [17/Sep/2022:12:28:46 -0500] "GET /sipse/faces/javax.faces.resource/layout/layout.js?ln=primefaces&v=4.0 HTTP/1.1" 304 -
179.19.17.1 - - [17/Sep/2022:12:28:46 -0500] "POST /sipse/faces/presentacion/financiero/solicitudProceso/listarSolicitudProceso.xhtml HTTP/1.1" 200 1544
179.19.17.1 - - [17/Sep/2022:12:28:53 -0500] "POST /sipse/faces/presentacion/financiero/solicitudProceso/listarSolicitudProceso.xhtml HTTP/1.1" 200 119685
179.19.17.1 - - [17/Sep/2022:12:28:54 -0500] "GET /sipse/faces/javax.faces.resource/primefaces.css?ln=primefaces&v=4.0 HTTP/1.1" 304 -
179.19.17.1 - - [17/Sep/2022:12:28:54 -0500] "GET /sipse/faces/javax.faces.resource/theme.css?ln=primefaces-sipse HTTP/1.1" 304 -
179.19.17.1 - - [17/Sep/2022:12:28:54 -0500] "GET /sipse/faces/javax.faces.resource/jquery/jquery.js?ln=primefaces&v=4.0 HTTP/1.1" 304 -
179.19.17.1 - - [17/Sep/2022:12:28:54 -0500] "GET /sipse/faces/javax.faces.resource/layout/layout.css?ln=primefaces&v=4.0 HTTP/1.1" 304 -
179.19.17.1 - - [17/Sep/2022:12:28:54 -0500] "GET /sipse/faces/javax.faces.resource/jquery/jquery-plugins.js?ln=primefaces&v=4.0 HTTP/1.1" 304 -
179.19.17.1 - - [17/Sep/2022:12:28:54 -0500] "GET /sipse/faces/javax.faces.resource/primefaces.js?ln=primefaces&v=4.0 HTTP/1.1" 304 -
179.19.17.1 - - [17/Sep/2022:12:28:55 -0500] "GET /sipse/faces/javax.faces.resource/layout/layout.js?ln=primefaces&v=4.0 HTTP/1.1" 304 -
201.245.192.253 - - [17/Sep/2022:12:28:58 -0500] "POST /kwsrmcab/Wsrmcab  HTTP/1.1" 200 37989
179.19.17.1 - - [17/Sep/2022:12:29:05 -0500] "POST /sipse/faces/presentacion/financiero/solicitudProceso/consultarSolicitudProceso.xhtml HTTP/1.1" 200 61522
179.19.17.1 - - [17/Sep/2022:12:29:07 -0500] "GET /sipse/faces/javax.faces.resource/theme.css?ln=primefaces-sipse HTTP/1.1" 304 -
179.19.17.1 - - [17/Sep/2022:12:29:07 -0500] "GET /sipse/faces/javax.faces.resource/primefaces.css?ln=primefaces&v=4.0 HTTP/1.1" 304 -
179.19.17.1 - - [17/Sep/2022:12:29:07 -0500] "GET /sipse/faces/javax.faces.resource/jquery/jquery.js?ln=primefaces&v=4.0 HTTP/1.1" 304 -
179.19.17.1 - - [17/Sep/2022:12:29:07 -0500] "GET /sipse/faces/javax.faces.resource/layout/layout.css?ln=primefaces&v=4.0 HTTP/1.1" 304 -
179.19.17.1 - - [17/Sep/2022:12:29:07 -0500] "GET /sipse/faces/javax.faces.resource/jquery/jquery-plugins.js?ln=primefaces&v=4.0 HTTP/1.1" 304 -
179.19.17.1 - - [17/Sep/2022:12:29:07 -0500] "GET /sipse/faces/javax.faces.resource/primefaces.js?ln=primefaces&v=4.0 HTTP/1.1" 304 -
179.19.17.1 - - [17/Sep/2022:12:29:07 -0500] "GET /sipse/faces/javax.faces.resource/layout/layout.js?ln=primefaces&v=4.0 HTTP/1.1" 304 -
179.19.17.1 - - [17/Sep/2022:12:29:07 -0500] "POST /sipse/faces/presentacion/financiero/solicitudProceso/listarSolicitudProceso.xhtml HTTP/1.1" 200 1544
157.55.39.188 - - [17/Sep/2022:12:29:30 -0500] "GET /forest/ HTTP/1.1" 200 12041
201.245.192.253 - - [17/Sep/2022:12:29:43 -0500] "POST /kwsrmcab/Wsrmcab HTTP/1.1" 200 39912
201.245.192.253 - - [17/Sep/2022:12:29:47 -0500] "POST /kwsrmcab/Wsrmcab HTTP/1.1" 200 42894
179.19.17.1 - - [17/Sep/2022:12:30:12 -0500] "POST /sipse/faces/presentacion/financiero/solicitudProceso/listarSolicitudProceso.xhtml HTTP/1.1" 200 144112
179.19.17.1 - - [17/Sep/2022:12:30:13 -0500] "GET /sipse/faces/javax.faces.resource/layout/layout.css?ln=primefaces&v=4.0 HTTP/1.1" 304 -
179.19.17.1 - - [17/Sep/2022:12:30:13 -0500] "GET /sipse/faces/javax.faces.resource/jquery/jquery.js?ln=primefaces&v=4.0 HTTP/1.1" 304 -
179.19.17.1 - - [17/Sep/2022:12:30:13 -0500] "GET /sipse/faces/javax.faces.resource/theme.css?ln=primefaces-sipse HTTP/1.1" 304 -
179.19.17.1 - - [17/Sep/2022:12:30:13 -0500] "GET /sipse/faces/javax.faces.resource/primefaces.css?ln=primefaces&v=4.0 HTTP/1.1" 304 -
179.19.17.1 - - [17/Sep/2022:12:30:13 -0500] "GET /sipse/faces/javax.faces.resource/jquery/jquery-plugins.js?ln=primefaces&v=4.0 HTTP/1.1" 304 -
179.19.17.1 - - [17/Sep/2022:12:30:13 -0500] "GET /sipse/faces/javax.faces.resource/primefaces.js?ln=primefaces&v=4.0 HTTP/1.1" 304 -
179.19.17.1 - - [17/Sep/2022:12:30:13 -0500] "GET /sipse/faces/javax.faces.resource/layout/layout.js?ln=primefaces&v=4.0 HTTP/1.1" 304 -
179.19.17.1 - - [17/Sep/2022:12:30:18 -0500] "POST /sipse/faces/presentacion/financiero/solicitudProceso/consultarSolicitudProceso.xhtml HTTP/1.1" 200 61503
179.19.17.1 - - [17/Sep/2022:12:30:20 -0500] "GET /sipse/faces/javax.faces.resource/theme.css?ln=primefaces-sipse HTTP/1.1" 304 -
179.19.17.1 - - [17/Sep/2022:12:30:21 -0500] "GET /sipse/faces/javax.faces.resource/jquery/jquery.js?ln=primefaces&v=4.0 HTTP/1.1" 304 -
179.19.17.1 - - [17/Sep/2022:12:30:21 -0500] "GET /sipse/faces/javax.faces.resource/layout/layout.css?ln=primefaces&v=4.0 HTTP/1.1" 304 -
179.19.17.1 - - [17/Sep/2022:12:30:21 -0500] "GET /sipse/faces/javax.faces.resource/primefaces.css?ln=primefaces&v=4.0 HTTP/1.1" 304 -
179.19.17.1 - - [17/Sep/2022:12:30:21 -0500] "GET /sipse/faces/javax.faces.resource/jquery/jquery-plugins.js?ln=primefaces&v=4.0 HTTP/1.1" 304 -
179.19.17.1 - - [17/Sep/2022:12:30:21 -0500] "GET /sipse/faces/javax.faces.resource/primefaces.js?ln=primefaces&v=4.0 HTTP/1.1" 304 -
179.19.17.1 - - [17/Sep/2022:12:30:21 -0500] "GET /sipse/faces/javax.faces.resource/layout/layout.js?ln=primefaces&v=4.0 HTTP/1.1" 304 -
179.19.17.1 - - [17/Sep/2022:12:30:21 -0500] "POST /sipse/faces/presentacion/financiero/solicitudProceso/listarSolicitudProceso.xhtml HTTP/1.1" 200 1544
179.19.17.1 - - [17/Sep/2022:12:30:24 -0500] "POST /sipse/faces/presentacion/financiero/solicitudProceso/listarSolicitudProceso.xhtml HTTP/1.1" 200 145845
179.19.17.1 - - [17/Sep/2022:12:30:26 -0500] "GET /sipse/faces/javax.faces.resource/theme.css?ln=primefaces-sipse HTTP/1.1" 304 -
179.19.17.1 - - [17/Sep/2022:12:30:26 -0500] "GET /sipse/faces/javax.faces.resource/primefaces.css?ln=primefaces&v=4.0 HTTP/1.1" 304 -
179.19.17.1 - - [17/Sep/2022:12:30:26 -0500] "GET /sipse/faces/javax.faces.resource/layout/layout.css?ln=primefaces&v=4.0 HTTP/1.1" 304 -
179.19.17.1 - - [17/Sep/2022:12:30:26 -0500] "GET /sipse/faces/javax.faces.resource/jquery/jquery.js?ln=primefaces&v=4.0 HTTP/1.1" 304 -
179.19.17.1 - - [17/Sep/2022:12:30:26 -0500] "GET /sipse/faces/javax.faces.resource/jquery/jquery-plugins.js?ln=primefaces&v=4.0 HTTP/1.1" 304 -
179.19.17.1 - - [17/Sep/2022:12:30:26 -0500] "GET /sipse/faces/javax.faces.resource/primefaces.js?ln=primefaces&v=4.0 HTTP/1.1" 304 -
179.19.17.1 - - [17/Sep/2022:12:30:26 -0500] "GET /sipse/faces/javax.faces.resource/layout/layout.js?ln=primefaces&v=4.0 HTTP/1.1" 304 -
172.22.2.4 - - [17/Sep/2022:12:30:38 -0500] "GET /BLA/boletinlegal/robots.txt HTTP/1.1" 404 1037
172.22.2.4 - - [17/Sep/2022:12:30:38 -0500] "GET /BLA/boletinlegal/robots.txt HTTP/1.1" 404 1037
179.19.17.1 - - [17/Sep/2022:12:30:37 -0500] "POST /sipse/faces/presentacion/financiero/solicitudProceso/consultarSolicitudProceso.xhtml HTTP/1.1" 200 61646
179.19.17.1 - - [17/Sep/2022:12:30:40 -0500] "GET /sipse/faces/javax.faces.resource/layout/layout.css?ln=primefaces&v=4.0 HTTP/1.1" 304 -
179.19.17.1 - - [17/Sep/2022:12:30:40 -0500] "GET /sipse/faces/javax.faces.resource/jquery/jquery.js?ln=primefaces&v=4.0 HTTP/1.1" 304 -
179.19.17.1 - - [17/Sep/2022:12:30:40 -0500] "GET /sipse/faces/javax.faces.resource/primefaces.css?ln=primefaces&v=4.0 HTTP/1.1" 304 -
179.19.17.1 - - [17/Sep/2022:12:30:40 -0500] "GET /sipse/faces/javax.faces.resource/theme.css?ln=primefaces-sipse HTTP/1.1" 304 -
179.19.17.1 - - [17/Sep/2022:12:30:40 -0500] "GET /sipse/faces/javax.faces.resource/jquery/jquery-plugins.js?ln=primefaces&v=4.0 HTTP/1.1" 304 -
179.19.17.1 - - [17/Sep/2022:12:30:40 -0500] "GET /sipse/faces/javax.faces.resource/primefaces.js?ln=primefaces&v=4.0 HTTP/1.1" 304 -
179.19.17.1 - - [17/Sep/2022:12:30:40 -0500] "GET /sipse/faces/javax.faces.resource/layout/layout.js?ln=primefaces&v=4.0 HTTP/1.1" 304 -
179.19.17.1 - - [17/Sep/2022:12:30:40 -0500] "POST /sipse/faces/presentacion/financiero/solicitudProceso/listarSolicitudProceso.xhtml HTTP/1.1" 200 1544
216.245.221.92 - - [17/Sep/2022:12:30:44 -0500] "HEAD / HTTP/1.1" 200 -
179.19.17.1 - - [17/Sep/2022:12:30:57 -0500] "POST /sipse/faces/presentacion/financiero/solicitudProceso/listarSolicitudProceso.xhtml HTTP/1.1" 200 144075
179.19.17.1 - - [17/Sep/2022:12:30:58 -0500] "GET /sipse/faces/javax.faces.resource/theme.css?ln=primefaces-sipse HTTP/1.1" 304 -
179.19.17.1 - - [17/Sep/2022:12:30:58 -0500] "GET /sipse/faces/javax.faces.resource/layout/layout.css?ln=primefaces&v=4.0 HTTP/1.1" 304 -
179.19.17.1 - - [17/Sep/2022:12:30:58 -0500] "GET /sipse/faces/javax.faces.resource/primefaces.css?ln=primefaces&v=4.0 HTTP/1.1" 304 -
179.19.17.1 - - [17/Sep/2022:12:30:58 -0500] "GET /sipse/faces/javax.faces.resource/jquery/jquery.js?ln=primefaces&v=4.0 HTTP/1.1" 304 -
179.19.17.1 - - [17/Sep/2022:12:30:58 -0500] "GET /sipse/faces/javax.faces.resource/jquery/jquery-plugins.js?ln=primefaces&v=4.0 HTTP/1.1" 304 -
179.19.17.1 - - [17/Sep/2022:12:30:58 -0500] "GET /sipse/faces/javax.faces.resource/primefaces.js?ln=primefaces&v=4.0 HTTP/1.1" 304 -
179.19.17.1 - - [17/Sep/2022:12:30:58 -0500] "GET /sipse/faces/javax.faces.resource/layout/layout.js?ln=primefaces&v=4.0 HTTP/1.1" 304 -
179.19.17.1 - - [17/Sep/2022:12:31:04 -0500] "POST /sipse/faces/presentacion/financiero/solicitudProceso/consultarSolicitudProceso.xhtml HTTP/1.1" 200 61734
179.19.17.1 - - [17/Sep/2022:12:31:06 -0500] "GET /sipse/faces/javax.faces.resource/primefaces.css?ln=primefaces&v=4.0 HTTP/1.1" 304 -
179.19.17.1 - - [17/Sep/2022:12:31:06 -0500] "GET /sipse/faces/javax.faces.resource/layout/layout.css?ln=primefaces&v=4.0 HTTP/1.1" 304 -
179.19.17.1 - - [17/Sep/2022:12:31:06 -0500] "GET /sipse/faces/javax.faces.resource/jquery/jquery.js?ln=primefaces&v=4.0 HTTP/1.1" 304 -
179.19.17.1 - - [17/Sep/2022:12:31:06 -0500] "GET /sipse/faces/javax.faces.resource/jquery/jquery-plugins.js?ln=primefaces&v=4.0 HTTP/1.1" 304 -
179.19.17.1 - - [17/Sep/2022:12:31:06 -0500] "GET /sipse/faces/javax.faces.resource/theme.css?ln=primefaces-sipse HTTP/1.1" 304 -
179.19.17.1 - - [17/Sep/2022:12:31:06 -0500] "GET /sipse/faces/javax.faces.resource/primefaces.js?ln=primefaces&v=4.0 HTTP/1.1" 304 -
179.19.17.1 - - [17/Sep/2022:12:31:06 -0500] "GET /sipse/faces/javax.faces.resource/layout/layout.js?ln=primefaces&v=4.0 HTTP/1.1" 304 -
179.19.17.1 - - [17/Sep/2022:12:31:06 -0500] "POST /sipse/faces/presentacion/financiero/solicitudProceso/listarSolicitudProceso.xhtml HTTP/1.1" 200 1544
179.19.17.1 - - [17/Sep/2022:12:31:12 -0500] "POST /sipse/faces/presentacion/financiero/solicitudProceso/listarSolicitudProceso.xhtml HTTP/1.1" 200 138678
179.19.17.1 - - [17/Sep/2022:12:31:14 -0500] "GET /sipse/faces/javax.faces.resource/primefaces.css?ln=primefaces&v=4.0 HTTP/1.1" 304 -
179.19.17.1 - - [17/Sep/2022:12:31:14 -0500] "GET /sipse/faces/javax.faces.resource/layout/layout.css?ln=primefaces&v=4.0 HTTP/1.1" 304 -
179.19.17.1 - - [17/Sep/2022:12:31:14 -0500] "GET /sipse/faces/javax.faces.resource/theme.css?ln=primefaces-sipse HTTP/1.1" 304 -
179.19.17.1 - - [17/Sep/2022:12:31:14 -0500] "GET /sipse/faces/javax.faces.resource/jquery/jquery.js?ln=primefaces&v=4.0 HTTP/1.1" 304 -
179.19.17.1 - - [17/Sep/2022:12:31:14 -0500] "GET /sipse/faces/javax.faces.resource/jquery/jquery-plugins.js?ln=primefaces&v=4.0 HTTP/1.1" 304 -
179.19.17.1 - - [17/Sep/2022:12:31:14 -0500] "GET /sipse/faces/javax.faces.resource/primefaces.js?ln=primefaces&v=4.0 HTTP/1.1" 304 -
179.19.17.1 - - [17/Sep/2022:12:31:14 -0500] "GET /sipse/faces/javax.faces.resource/layout/layout.js?ln=primefaces&v=4.0 HTTP/1.1" 304 -
179.19.17.1 - - [17/Sep/2022:12:31:17 -0500] "POST /sipse/faces/presentacion/financiero/solicitudProceso/consultarSolicitudProceso.xhtml HTTP/1.1" 200 61733
179.19.17.1 - - [17/Sep/2022:12:31:19 -0500] "GET /sipse/faces/javax.faces.resource/theme.css?ln=primefaces-sipse HTTP/1.1" 304 -
179.19.17.1 - - [17/Sep/2022:12:31:19 -0500] "GET /sipse/faces/javax.faces.resource/layout/layout.css?ln=primefaces&v=4.0 HTTP/1.1" 304 -
179.19.17.1 - - [17/Sep/2022:12:31:19 -0500] "GET /sipse/faces/javax.faces.resource/primefaces.css?ln=primefaces&v=4.0 HTTP/1.1" 304 -
179.19.17.1 - - [17/Sep/2022:12:31:19 -0500] "GET /sipse/faces/javax.faces.resource/jquery/jquery.js?ln=primefaces&v=4.0 HTTP/1.1" 304 -
179.19.17.1 - - [17/Sep/2022:12:31:20 -0500] "GET /sipse/faces/javax.faces.resource/jquery/jquery-plugins.js?ln=primefaces&v=4.0 HTTP/1.1" 304 -
179.19.17.1 - - [17/Sep/2022:12:31:20 -0500] "GET /sipse/faces/javax.faces.resource/primefaces.js?ln=primefaces&v=4.0 HTTP/1.1" 304 -
179.19.17.1 - - [17/Sep/2022:12:31:20 -0500] "GET /sipse/faces/javax.faces.resource/layout/layout.js?ln=primefaces&v=4.0 HTTP/1.1" 304 -
179.19.17.1 - - [17/Sep/2022:12:31:20 -0500] "POST /sipse/faces/presentacion/financiero/solicitudProceso/listarSolicitudProceso.xhtml HTTP/1.1" 200 1544
179.19.17.1 - - [17/Sep/2022:12:31:23 -0500] "POST /sipse/faces/presentacion/financiero/solicitudProceso/listarSolicitudProceso.xhtml HTTP/1.1" 200 138646
179.19.17.1 - - [17/Sep/2022:12:31:24 -0500] "GET /sipse/faces/javax.faces.resource/theme.css?ln=primefaces-sipse HTTP/1.1" 304 -
179.19.17.1 - - [17/Sep/2022:12:31:24 -0500] "GET /sipse/faces/javax.faces.resource/primefaces.css?ln=primefaces&v=4.0 HTTP/1.1" 304 -
179.19.17.1 - - [17/Sep/2022:12:31:24 -0500] "GET /sipse/faces/javax.faces.resource/layout/layout.css?ln=primefaces&v=4.0 HTTP/1.1" 304 -
179.19.17.1 - - [17/Sep/2022:12:31:24 -0500] "GET /sipse/faces/javax.faces.resource/jquery/jquery.js?ln=primefaces&v=4.0 HTTP/1.1" 304 -
179.19.17.1 - - [17/Sep/2022:12:31:24 -0500] "GET /sipse/faces/javax.faces.resource/jquery/jquery-plugins.js?ln=primefaces&v=4.0 HTTP/1.1" 304 -
179.19.17.1 - - [17/Sep/2022:12:31:24 -0500] "GET /sipse/faces/javax.faces.resource/primefaces.js?ln=primefaces&v=4.0 HTTP/1.1" 304 -
179.19.17.1 - - [17/Sep/2022:12:31:24 -0500] "GET /sipse/faces/javax.faces.resource/layout/layout.js?ln=primefaces&v=4.0 HTTP/1.1" 304 -
179.19.17.1 - - [17/Sep/2022:12:31:32 -0500] "POST /sipse/faces/presentacion/financiero/solicitudProceso/consultarSolicitudProceso.xhtml HTTP/1.1" 200 61828
179.19.17.1 - - [17/Sep/2022:12:31:34 -0500] "GET /sipse/faces/javax.faces.resource/theme.css?ln=primefaces-sipse HTTP/1.1" 304 -
179.19.17.1 - - [17/Sep/2022:12:31:34 -0500] "GET /sipse/faces/javax.faces.resource/primefaces.css?ln=primefaces&v=4.0 HTTP/1.1" 304 -
179.19.17.1 - - [17/Sep/2022:12:31:34 -0500] "GET /sipse/faces/javax.faces.resource/layout/layout.css?ln=primefaces&v=4.0 HTTP/1.1" 304 -
179.19.17.1 - - [17/Sep/2022:12:31:34 -0500] "GET /sipse/faces/javax.faces.resource/jquery/jquery.js?ln=primefaces&v=4.0 HTTP/1.1" 304 -
179.19.17.1 - - [17/Sep/2022:12:31:34 -0500] "GET /sipse/faces/javax.faces.resource/jquery/jquery-plugins.js?ln=primefaces&v=4.0 HTTP/1.1" 304 -
179.19.17.1 - - [17/Sep/2022:12:31:34 -0500] "GET /sipse/faces/javax.faces.resource/primefaces.js?ln=primefaces&v=4.0 HTTP/1.1" 304 -
179.19.17.1 - - [17/Sep/2022:12:31:35 -0500] "GET /sipse/faces/javax.faces.resource/layout/layout.js?ln=primefaces&v=4.0 HTTP/1.1" 304 -
179.19.17.1 - - [17/Sep/2022:12:31:35 -0500] "POST /sipse/faces/presentacion/financiero/solicitudProceso/listarSolicitudProceso.xhtml HTTP/1.1" 200 1544
179.19.17.1 - - [17/Sep/2022:12:31:44 -0500] "POST /sipse/faces/presentacion/financiero/solicitudProceso/listarSolicitudProceso.xhtml HTTP/1.1" 200 142522
179.19.17.1 - - [17/Sep/2022:12:31:45 -0500] "GET /sipse/faces/javax.faces.resource/primefaces.css?ln=primefaces&v=4.0 HTTP/1.1" 304 -
179.19.17.1 - - [17/Sep/2022:12:31:45 -0500] "GET /sipse/faces/javax.faces.resource/layout/layout.css?ln=primefaces&v=4.0 HTTP/1.1" 304 -
179.19.17.1 - - [17/Sep/2022:12:31:45 -0500] "GET /sipse/faces/javax.faces.resource/jquery/jquery.js?ln=primefaces&v=4.0 HTTP/1.1" 304 -
179.19.17.1 - - [17/Sep/2022:12:31:45 -0500] "GET /sipse/faces/javax.faces.resource/theme.css?ln=primefaces-sipse HTTP/1.1" 304 -
179.19.17.1 - - [17/Sep/2022:12:31:45 -0500] "GET /sipse/faces/javax.faces.resource/jquery/jquery-plugins.js?ln=primefaces&v=4.0 HTTP/1.1" 304 -
179.19.17.1 - - [17/Sep/2022:12:31:46 -0500] "GET /sipse/faces/javax.faces.resource/primefaces.js?ln=primefaces&v=4.0 HTTP/1.1" 304 -
179.19.17.1 - - [17/Sep/2022:12:31:46 -0500] "GET /sipse/faces/javax.faces.resource/layout/layout.js?ln=primefaces&v=4.0 HTTP/1.1" 304 -
179.19.17.1 - - [17/Sep/2022:12:32:01 -0500] "POST /sipse/faces/presentacion/financiero/solicitudProceso/consultarSolicitudProceso.xhtml HTTP/1.1" 200 62033
179.19.17.1 - - [17/Sep/2022:12:32:03 -0500] "GET /sipse/faces/javax.faces.resource/theme.css?ln=primefaces-sipse HTTP/1.1" 304 -
179.19.17.1 - - [17/Sep/2022:12:32:03 -0500] "GET /sipse/faces/javax.faces.resource/primefaces.css?ln=primefaces&v=4.0 HTTP/1.1" 304 -
179.19.17.1 - - [17/Sep/2022:12:32:03 -0500] "GET /sipse/faces/javax.faces.resource/layout/layout.css?ln=primefaces&v=4.0 HTTP/1.1" 304 -
179.19.17.1 - - [17/Sep/2022:12:32:03 -0500] "GET /sipse/faces/javax.faces.resource/jquery/jquery.js?ln=primefaces&v=4.0 HTTP/1.1" 304 -
179.19.17.1 - - [17/Sep/2022:12:32:03 -0500] "GET /sipse/faces/javax.faces.resource/jquery/jquery-plugins.js?ln=primefaces&v=4.0 HTTP/1.1" 304 -
179.19.17.1 - - [17/Sep/2022:12:32:03 -0500] "GET /sipse/faces/javax.faces.resource/primefaces.js?ln=primefaces&v=4.0 HTTP/1.1" 304 -
179.19.17.1 - - [17/Sep/2022:12:32:03 -0500] "GET /sipse/faces/javax.faces.resource/layout/layout.js?ln=primefaces&v=4.0 HTTP/1.1" 304 -
179.19.17.1 - - [17/Sep/2022:12:32:04 -0500] "POST /sipse/faces/presentacion/financiero/solicitudProceso/listarSolicitudProceso.xhtml HTTP/1.1" 200 1544
186.102.29.174 - - [17/Sep/2022:12:32:11 -0500] "GET /kwssiamovil/sm/ldap/au?x=U2FsdGVkX1+J+4s1mTgusQKuREJ2KGz6nT+1FTg8UXHO92msQDyz28+LbvRnvkEI&y=U2FsdGVkX19J9AbG3jC2Tt8DLXR8Z6acnAIgDUjaE3IFVuEHxXtg9xgKdvSOA7dy HTTP/1.1" 200 30
186.102.29.174 - - [17/Sep/2022:12:32:11 -0500] "GET /kwssiamovil/sm/acme/s?s=U2FsdGVkX1/dSH8n4BkgAqq3ikGFA892Ty8bDsqItcdM2y43DbOxttWY4vMrfYz+HUQt9kx5J7slCQE91PUv0Fi9IMrTILvPYW9zVh/TGlY=&u=U2FsdGVkX1+xa8mr9d8fkuig2+QZPaQjXvPaVYW9anY=&y=U2FsdGVkX19J9AbG3jC2Tt8DLXR8Z6acnAIgDUjaE3IFVuEHxXtg9xgKdvSOA7dy HTTP/1.1" 200 97
186.102.29.174 - - [17/Sep/2022:12:32:11 -0500] "GET /kwssiamovil/sm/acme/s?s=U2FsdGVkX1+vBRviHH96Mycff2Y+XsVgX42XGbQo1nQrRj22WmnnldX+tInhknywpRReFbzJdma8G6A8Ys+vs3w7F9jCw5mLbt+D0tO/KwczAlbXmBjwCwQ90w0zwfEepMSaVe9dxf/Q9k/olAb3dVwglL2MW4Lpl3lJ5YqW+Er2pXrIAZkUFTAURwwNVvHJYtmB56m7LIY1tKAGG+its3aRQPMKPiJWPDwsDcHpt8ZkGQpuqxVYEeu022sajrl2qVkfPA5WoWfgOFZmosya8mTH1NhR98sRoIFMCISd6pktHbBqd0ROKqVbbmGH2NHYL+VS1AGp7kXM6aVUiLGLobhXJOCZROT+u2eySDv86FkpxqR/Pevo3fQTJgRi8CLRgupnNyPQw5XPyaFQMVroE9L9R0sTbgIJjWoBKwhiNW5Xo+0SqBm/aDYKF/1pL5PlISFgYn8n4n3aZGsZd5q/VlNmwf7Qi8uF2UHqx/qpgynC9Uul/YfLnAze434tHefG5S597hFsDDzOKxn2pe1wKEIRpfKZ33ueG15XKl13fphqBG/fqQmh3rZqZQQap7XnCW3OG1smOokCfdeM7S1kABJwQQRgNwM+S3bI5Luul5RlHW32EbWww5kOgAPpxCqJTPEE/f3bOYlY1VOfKZpq9uYul0v8w/++7e2k0dYJ+j+Ac5nCEIOKQRyh/m0Umn2HRMGTvvv8rQvx+ZscIVuiosFv4rWsXfwKRg5QZMicTMfo6NHN/dBftB/uXYi3zhuYbNNkaBVVuwlkDNCme+Y9ED45s5kqPxyvIwBTj7VP61bz5eTV9ZpPdrGttpHkHPMkesjeB56qP3gdTIUPim2SaGVp59ggsaMUa7t8R5q5oDNrnFExMtYlJMc/E3bxTR0Tpje5S3+tkPQDTsy/ULXs6hwRmINaoc4E7vG5CCje8kKRFQ3OhKOCrfMxK1xzP57s/HGzErm3Nd42YdzxSNW0tCum2NIiY3/pBlUGwuCjC/iGv1Lpr7WBEcrvNMZoZAcMYhJyMBsGVdXOjr1tUOCOZ3q8bnDfCqmGwoHJspPULA7oPUc2Em5pHBhmpmH8hNAc3hj6kpIoYPY/3gpA4ov4bdHtNOvVzkwu/Yhe+uuZhJYpnGGt63JwqH7EjsUsmLUdYJ6rVT0NVF3brGWKOyn2dTlVSb7qS82iVFjb0sGqsvfDgV9XeoKStlDBYmkyVO1w47EoaPa05CtUrLcyZQFwsWk9H8GcMFEPyP0LJ5Rn1orYvuVGmhFgsN0b2TlP4itV8uCt26tkHI/8ICEvabyBThDQM6JV05nUhKIKFD/O2VuYyzfdYYDRK79JvT7d9N0LLTalHNDM/tRQizIjKGtF8pFA3oP+PVhWkHxFnXHfDic=&u=U2FsdGVkX1+xa8mr9d8fkuig2+QZPaQjXvPaVYW9anY=&y=U2FsdGVkX19J9AbG3jC2Tt8DLXR8Z6acnAIgDUjaE3IFVuEHxXtg9xgKdvSOA7dy HTTP/1.1" 200 369
186.102.29.174 - - [17/Sep/2022:12:32:11 -0500] "GET /kwssiamovil/sm/acme/s?s=U2FsdGVkX1+Dl+CyXf5HYGin9WNxAa6D1Kj2K4rI43ssZYb8IiaQd7Mqq5AqB4xDwZk+NkLDxyfY6xAOVR/48hCCcQGRUdZSBq2V531bYtOJPvVK27szKsvu5Q5XDxDIBMeaZbOo6GE7RPmYhWLTX+dODz8jlqwTEGcmOC9sAFN/Gh4CCexr5YN0694EbIid9S82TbKCcZUBjlx4/muWt1N3vecd/o4qe+GBBv7OxIa3Z6q3MpfohtjYzQaLYzBo23567bamK+K3lErrXqNuCHXiom4IoaeVKQXAuf8s82yAUGn9gAkZr2bYWZQxs42WE2IgPwQHyIBs9SwpCRCSXw==&u=U2FsdGVkX1+xa8mr9d8fkuig2+QZPaQjXvPaVYW9anY=&y=U2FsdGVkX19J9AbG3jC2Tt8DLXR8Z6acnAIgDUjaE3IFVuEHxXtg9xgKdvSOA7dy HTTP/1.1" 200 196
179.19.17.1 - - [17/Sep/2022:12:32:10 -0500] "POST /sipse/faces/presentacion/financiero/solicitudProceso/listarSolicitudProceso.xhtml HTTP/1.1" 200 144198
179.19.17.1 - - [17/Sep/2022:12:32:11 -0500] "GET /sipse/faces/javax.faces.resource/theme.css?ln=primefaces-sipse HTTP/1.1" 304 -
179.19.17.1 - - [17/Sep/2022:12:32:12 -0500] "GET /sipse/faces/javax.faces.resource/primefaces.css?ln=primefaces&v=4.0 HTTP/1.1" 304 -
179.19.17.1 - - [17/Sep/2022:12:32:12 -0500] "GET /sipse/faces/javax.faces.resource/layout/layout.css?ln=primefaces&v=4.0 HTTP/1.1" 304 -
179.19.17.1 - - [17/Sep/2022:12:32:12 -0500] "GET /sipse/faces/javax.faces.resource/jquery/jquery.js?ln=primefaces&v=4.0 HTTP/1.1" 304 -
179.19.17.1 - - [17/Sep/2022:12:32:12 -0500] "GET /sipse/faces/javax.faces.resource/jquery/jquery-plugins.js?ln=primefaces&v=4.0 HTTP/1.1" 304 -
179.19.17.1 - - [17/Sep/2022:12:32:12 -0500] "GET /sipse/faces/javax.faces.resource/primefaces.js?ln=primefaces&v=4.0 HTTP/1.1" 304 -
179.19.17.1 - - [17/Sep/2022:12:32:12 -0500] "GET /sipse/faces/javax.faces.resource/layout/layout.js?ln=primefaces&v=4.0 HTTP/1.1" 304 -
186.102.29.174 - - [17/Sep/2022:12:32:11 -0500] "GET /kwssiamovil/sm/cjson/pre?f=1&x=U2FsdGVkX1+J+4s1mTgusQKuREJ2KGz6nT+1FTg8UXHO92msQDyz28+LbvRnvkEI HTTP/1.1" 200 30992
179.19.17.1 - - [17/Sep/2022:12:32:15 -0500] "POST /sipse/faces/presentacion/financiero/solicitudProceso/consultarSolicitudProceso.xhtml HTTP/1.1" 200 62320
179.19.17.1 - - [17/Sep/2022:12:32:17 -0500] "GET /sipse/faces/javax.faces.resource/primefaces.css?ln=primefaces&v=4.0 HTTP/1.1" 304 -
179.19.17.1 - - [17/Sep/2022:12:32:17 -0500] "GET /sipse/faces/javax.faces.resource/layout/layout.css?ln=primefaces&v=4.0 HTTP/1.1" 304 -
179.19.17.1 - - [17/Sep/2022:12:32:17 -0500] "GET /sipse/faces/javax.faces.resource/jquery/jquery.js?ln=primefaces&v=4.0 HTTP/1.1" 304 -
179.19.17.1 - - [17/Sep/2022:12:32:17 -0500] "GET /sipse/faces/javax.faces.resource/theme.css?ln=primefaces-sipse HTTP/1.1" 304 -
179.19.17.1 - - [17/Sep/2022:12:32:17 -0500] "GET /sipse/faces/javax.faces.resource/jquery/jquery-plugins.js?ln=primefaces&v=4.0 HTTP/1.1" 304 -
179.19.17.1 - - [17/Sep/2022:12:32:17 -0500] "GET /sipse/faces/javax.faces.resource/primefaces.js?ln=primefaces&v=4.0 HTTP/1.1" 304 -
179.19.17.1 - - [17/Sep/2022:12:32:17 -0500] "GET /sipse/faces/javax.faces.resource/layout/layout.js?ln=primefaces&v=4.0 HTTP/1.1" 304 -
179.19.17.1 - - [17/Sep/2022:12:32:18 -0500] "POST /sipse/faces/presentacion/financiero/solicitudProceso/listarSolicitudProceso.xhtml HTTP/1.1" 200 1544
179.19.17.1 - - [17/Sep/2022:12:32:20 -0500] "POST /sipse/faces/presentacion/financiero/solicitudProceso/listarSolicitudProceso.xhtml HTTP/1.1" 200 142364
179.19.17.1 - - [17/Sep/2022:12:32:22 -0500] "GET /sipse/faces/javax.faces.resource/primefaces.css?ln=primefaces&v=4.0 HTTP/1.1" 304 -
179.19.17.1 - - [17/Sep/2022:12:32:22 -0500] "GET /sipse/faces/javax.faces.resource/layout/layout.css?ln=primefaces&v=4.0 HTTP/1.1" 304 -
179.19.17.1 - - [17/Sep/2022:12:32:22 -0500] "GET /sipse/faces/javax.faces.resource/theme.css?ln=primefaces-sipse HTTP/1.1" 304 -
179.19.17.1 - - [17/Sep/2022:12:32:22 -0500] "GET /sipse/faces/javax.faces.resource/jquery/jquery.js?ln=primefaces&v=4.0 HTTP/1.1" 304 -
179.19.17.1 - - [17/Sep/2022:12:32:22 -0500] "GET /sipse/faces/javax.faces.resource/jquery/jquery-plugins.js?ln=primefaces&v=4.0 HTTP/1.1" 304 -
179.19.17.1 - - [17/Sep/2022:12:32:22 -0500] "GET /sipse/faces/javax.faces.resource/primefaces.js?ln=primefaces&v=4.0 HTTP/1.1" 304 -
179.19.17.1 - - [17/Sep/2022:12:32:22 -0500] "GET /sipse/faces/javax.faces.resource/layout/layout.js?ln=primefaces&v=4.0 HTTP/1.1" 304 -
179.19.17.1 - - [17/Sep/2022:12:32:25 -0500] "POST /sipse/faces/presentacion/financiero/solicitudProceso/consultarSolicitudProceso.xhtml HTTP/1.1" 200 62544
179.19.17.1 - - [17/Sep/2022:12:32:28 -0500] "GET /sipse/faces/javax.faces.resource/theme.css?ln=primefaces-sipse HTTP/1.1" 304 -
179.19.17.1 - - [17/Sep/2022:12:32:28 -0500] "GET /sipse/faces/javax.faces.resource/primefaces.css?ln=primefaces&v=4.0 HTTP/1.1" 304 -
179.19.17.1 - - [17/Sep/2022:12:32:28 -0500] "GET /sipse/faces/javax.faces.resource/layout/layout.css?ln=primefaces&v=4.0 HTTP/1.1" 304 -
179.19.17.1 - - [17/Sep/2022:12:32:28 -0500] "GET /sipse/faces/javax.faces.resource/jquery/jquery.js?ln=primefaces&v=4.0 HTTP/1.1" 304 -
179.19.17.1 - - [17/Sep/2022:12:32:28 -0500] "GET /sipse/faces/javax.faces.resource/jquery/jquery-plugins.js?ln=primefaces&v=4.0 HTTP/1.1" 304 -
179.19.17.1 - - [17/Sep/2022:12:32:28 -0500] "GET /sipse/faces/javax.faces.resource/primefaces.js?ln=primefaces&v=4.0 HTTP/1.1" 304 -
179.19.17.1 - - [17/Sep/2022:12:32:28 -0500] "GET /sipse/faces/javax.faces.resource/layout/layout.js?ln=primefaces&v=4.0 HTTP/1.1" 304 -
179.19.17.1 - - [17/Sep/2022:12:32:29 -0500] "POST /sipse/faces/presentacion/financiero/solicitudProceso/listarSolicitudProceso.xhtml HTTP/1.1" 200 1544
172.22.2.4 - - [17/Sep/2022:12:30:49 -0500] "GET /BLA/boletinlegal/ HTTP/1.1" 200 50799
186.102.23.100 - - [17/Sep/2022:12:32:40 -0500] "GET /ciudad-bolivar-recibe-la-feria-de-servicios.html HTTP/1.1" 200 726
172.22.2.4 - - [17/Sep/2022:12:31:51 -0500] "GET /BLA/boletinlegal/ HTTP/1.1" 200 24523
172.22.2.4 - - [17/Sep/2022:12:31:12 -0500] "HEAD /BLA/boletinlegal/ HTTP/1.1" 200 -
172.22.2.4 - - [17/Sep/2022:12:32:02 -0500] "GET /BLA/boletinlegal/ HTTP/1.1" 200 52493
201.245.192.253 - - [17/Sep/2022:12:33:57 -0500] "POST /kwsrmcab/Wsrmcab  HTTP/1.1" 200 37989
216.245.221.92 - - [17/Sep/2022:12:35:44 -0500] "HEAD / HTTP/1.1" 200 -
66.249.73.100 - - [17/Sep/2022:12:37:57 -0500] "-" 408 -
172.22.2.4 - - [17/Sep/2022:12:37:02 -0500] "HEAD /BLA/boletinlegal/ HTTP/1.1" 200 -
201.245.192.253 - - [17/Sep/2022:12:38:56 -0500] "POST /kwsrmcab/Wsrmcab  HTTP/1.1" 200 37989
172.22.2.4 - - [17/Sep/2022:12:37:52 -0500] "GET /BLA/boletinlegal/ HTTP/1.1" 200 52877
201.245.192.253 - - [17/Sep/2022:12:39:43 -0500] "POST /kwsrmcab/Wsrmcab HTTP/1.1" 200 39912
201.245.192.253 - - [17/Sep/2022:12:39:46 -0500] "POST /kwsrmcab/Wsrmcab HTTP/1.1" 200 42894
3.71.134.139 - - [17/Sep/2022:12:40:06 -0500] "GET / HTTP/1.1" 200 319
216.245.221.92 - - [17/Sep/2022:12:40:44 -0500] "HEAD / HTTP/1.1" 200 -
172.22.2.4 - - [17/Sep/2022:12:40:45 -0500] "GET /BLA/boletinlegal/favicon.ico HTTP/1.1" 404 1038
201.245.192.253 - - [17/Sep/2022:12:43:55 -0500] "POST /kwsrmcab/Wsrmcab  HTTP/1.1" 200 37989
172.22.2.4 - - [17/Sep/2022:12:42:52 -0500] "HEAD /BLA/boletinlegal/ HTTP/1.1" 200 -
172.22.2.4 - - [17/Sep/2022:12:44:33 -0500] "GET /BLA/boletinlegal/normativa.php HTTP/1.1" 200 8326
172.22.2.4 - - [17/Sep/2022:12:44:48 -0500] "GET /BLA/boletinlegal/js/ajax_normativa.js HTTP/1.1" 200 1154
172.22.2.4 - - [17/Sep/2022:12:44:48 -0500] "GET /BLA/boletinlegal/niceforms-default.css HTTP/1.1" 200 6694
172.22.2.4 - - [17/Sep/2022:12:44:49 -0500] "GET /BLA/boletinlegal/niceforms.js HTTP/1.1" 200 22876
172.22.2.4 - - [17/Sep/2022:12:44:53 -0500] "GET /BLA/boletinlegal/style.css HTTP/1.1" 200 9406
172.22.2.4 - - [17/Sep/2022:12:44:53 -0500] "GET /BLA/boletinlegal/styles2.css HTTP/1.1" 200 1838
172.22.2.4 - - [17/Sep/2022:12:43:42 -0500] "GET /BLA/boletinlegal/ HTTP/1.1" 200 58163
216.245.221.92 - - [17/Sep/2022:12:45:44 -0500] "HEAD / HTTP/1.1" 200 -
201.245.192.253 - - [17/Sep/2022:12:48:54 -0500] "POST /kwsrmcab/Wsrmcab  HTTP/1.1" 200 37989
172.22.2.4 - - [17/Sep/2022:12:48:42 -0500] "HEAD /BLA/boletinlegal/ HTTP/1.1" 200 -
216.245.221.92 - - [17/Sep/2022:12:50:44 -0500] "HEAD / HTTP/1.1" 200 -
172.22.2.4 - - [17/Sep/2022:12:49:32 -0500] "GET /BLA/boletinlegal/ HTTP/1.1" 200 58163
201.245.253.95 - - [17/Sep/2022:12:51:13 -0500] "GET /appsia/controlador HTTP/1.1" 200 4799
201.245.253.95 - - [17/Sep/2022:12:51:13 -0500] "GET /appsia/scripts/validarIngreso.js HTTP/1.1" 200 851
201.245.253.95 - - [17/Sep/2022:12:51:13 -0500] "GET /appsia/css/estilos.css HTTP/1.1" 200 4804
201.245.253.95 - - [17/Sep/2022:12:51:13 -0500] "GET /appsia/images/logo_bogota_p.png HTTP/1.1" 200 14951
201.245.253.95 - - [17/Sep/2022:12:51:13 -0500] "GET /appsia/images/cabezoteHojaVida.png HTTP/1.1" 200 32493
201.245.253.95 - - [17/Sep/2022:12:51:13 -0500] "GET /favicon.ico HTTP/1.1" 200 7782
201.245.253.95 - - [17/Sep/2022:12:51:25 -0500] "POST /appsia/controlador HTTP/1.1" 200 5437
201.245.253.95 - - [17/Sep/2022:12:51:29 -0500] "POST /appsia/controlador HTTP/1.1" 200 7769
66.249.73.127 - - [17/Sep/2022:12:51:34 -0500] "-" 408 -
201.245.253.95 - - [17/Sep/2022:12:51:34 -0500] "POST /appsia/controlador HTTP/1.1" 200 6634
201.245.253.95 - - [17/Sep/2022:12:51:35 -0500] "POST /appsia/controlador HTTP/1.1" 200 10948
66.249.65.213 - - [17/Sep/2022:12:52:43 -0500] "-" 408 -
201.245.192.253 - - [17/Sep/2022:12:53:52 -0500] "POST /kwsrmcab/Wsrmcab  HTTP/1.1" 200 37989
216.245.221.92 - - [17/Sep/2022:12:55:44 -0500] "HEAD / HTTP/1.1" 200 -
172.22.2.4 - - [17/Sep/2022:12:54:32 -0500] "HEAD /BLA/boletinlegal/ HTTP/1.1" 200 -
185.119.81.102 - - [17/Sep/2022:12:56:24 -0500] "GET /portaldeninos/wp-login.php HTTP/1.1" 200 2592
185.119.81.102 - - [17/Sep/2022:12:56:25 -0500] "POST /portaldeninos/wp-login.php HTTP/1.1" 200 3605
172.22.2.4 - - [17/Sep/2022:12:55:22 -0500] "GET /BLA/boletinlegal/ HTTP/1.1" 200 58163
66.249.73.127 - - [17/Sep/2022:12:57:57 -0500] "-" 408 -
201.245.192.253 - - [17/Sep/2022:12:58:51 -0500] "POST /kwsrmcab/Wsrmcab  HTTP/1.1" 200 37989
216.245.221.92 - - [17/Sep/2022:13:00:44 -0500] "HEAD / HTTP/1.1" 200 -
157.55.39.161 - - [17/Sep/2022:13:01:25 -0500] "GET /portaldeninos/wp-content/uploads/2020/11/conciencia-ambiental-28-agosto-300x162.jpg HTTP/1.1" 200 14559
172.22.2.4 - - [17/Sep/2022:13:00:22 -0500] "HEAD /BLA/boletinlegal/ HTTP/1.1" 200 -
157.55.39.200 - - [17/Sep/2022:13:02:08 -0500] "GET /BLA/resoluciones/RESOLUCIONES%202021/0768.pdf HTTP/1.1" 200 512425
172.22.2.4 - - [17/Sep/2022:13:02:31 -0500] "GET /BLA/boletinlegal/style.css HTTP/1.1" 200 9406
172.22.2.4 - - [17/Sep/2022:13:02:31 -0500] "GET /BLA/boletinlegal/styles2.css HTTP/1.1" 200 1838
172.22.2.4 - - [17/Sep/2022:13:02:31 -0500] "GET /BLA/boletinlegal/js/jquery.js HTTP/1.1" 200 57254
172.22.2.4 - - [17/Sep/2022:13:02:31 -0500] "GET /BLA/boletinlegal/js/jquery.scrollTo-min.js HTTP/1.1" 200 1150
172.22.2.4 - - [17/Sep/2022:13:02:31 -0500] "GET /BLA/boletinlegal/js/jquery.scrollShow.js HTTP/1.1" 200 4586
172.22.2.4 - - [17/Sep/2022:13:02:31 -0500] "GET /BLA/boletinlegal/images/cabezote%20BLEGAL.jpg HTTP/1.1" 200 118164
172.22.2.4 - - [17/Sep/2022:13:02:31 -0500] "GET /BLA/boletinlegal/images/subscribe-icon-big.png HTTP/1.1" 200 47702
172.22.2.4 - - [17/Sep/2022:13:02:31 -0500] "GET /BLA/boletinlegal/images/historia.png HTTP/1.1" 200 52775
172.22.2.4 - - [17/Sep/2022:13:02:31 -0500] "GET /BLA/boletinlegal/images/registro-usuarios.png HTTP/1.1" 200 8106
172.22.2.4 - - [17/Sep/2022:13:02:31 -0500] "GET /BLA/boletinlegal/images/launch.jpg HTTP/1.1" 200 14577
172.22.2.4 - - [17/Sep/2022:13:02:31 -0500] "GET /BLA/boletinlegal/images/screen_2.png HTTP/1.1" 200 362502
172.22.2.4 - - [17/Sep/2022:13:02:31 -0500] "GET /BLA/boletinlegal/images/screen_1.png HTTP/1.1" 200 202547
172.22.2.4 - - [17/Sep/2022:13:02:31 -0500] "GET /BLA/boletinlegal/images/arr_l.jpg HTTP/1.1" 200 1979
172.22.2.4 - - [17/Sep/2022:13:02:31 -0500] "GET /BLA/boletinlegal/images/screen_3.png HTTP/1.1" 200 210620
172.22.2.4 - - [17/Sep/2022:13:02:31 -0500] "GET /BLA/boletinlegal/images/screen_5.png HTTP/1.1" 200 368876
172.22.2.4 - - [17/Sep/2022:13:02:31 -0500] "GET /BLA/boletinlegal/images/arr_r.jpg HTTP/1.1" 200 1998
172.22.2.4 - - [17/Sep/2022:13:02:32 -0500] "GET /BLA/boletinlegal/images/body_bg.jpg HTTP/1.1" 200 1601
172.22.2.4 - - [17/Sep/2022:13:02:32 -0500] "GET /BLA/boletinlegal/images/menu_lft.gif HTTP/1.1" 200 1713
172.22.2.4 - - [17/Sep/2022:13:02:32 -0500] "GET /BLA/boletinlegal/images/menu_rght.gif HTTP/1.1" 200 1627
172.22.2.4 - - [17/Sep/2022:13:02:32 -0500] "GET /BLA/boletinlegal/images/bg_top.jpg HTTP/1.1" 200 522
172.22.2.4 - - [17/Sep/2022:13:02:32 -0500] "GET /BLA/boletinlegal/images/menu_bg.jpg HTTP/1.1" 200 620
172.22.2.4 - - [17/Sep/2022:13:02:32 -0500] "GET /BLA/boletinlegal/images/hover.jpg HTTP/1.1" 200 640
172.22.2.4 - - [17/Sep/2022:13:02:32 -0500] "GET /BLA/boletinlegal/images/text.jpg HTTP/1.1" 200 568
172.22.2.4 - - [17/Sep/2022:13:02:32 -0500] "GET /BLA/boletinlegal/images/footer_bg.jpg HTTP/1.1" 200 586
172.22.2.4 - - [17/Sep/2022:13:02:42 -0500] "GET /BLA/boletinlegal/images/pdf.gif HTTP/1.1" 200 567
172.22.2.4 - - [17/Sep/2022:13:01:12 -0500] "GET /BLA/boletinlegal/ HTTP/1.1" 200 57375
66.249.73.127 - - [17/Sep/2022:13:03:52 -0500] "-" 408 -
201.245.192.253 - - [17/Sep/2022:13:03:51 -0500] "POST /kwsrmcab/Wsrmcab  HTTP/1.1" 200 37989
172.22.2.4 - - [17/Sep/2022:13:02:22 -0500] "GET /BLA/boletinlegal/ HTTP/1.1" 200 59828
186.169.190.157 - - [17/Sep/2022:13:04:08 -0500] "GET /kwssiamovil/sm/acme/u?s=U2FsdGVkX18ytDiQsfdi3Qjf5yPQtlbGziJFBH0kDvJgdkXIYNB70lXTvykGRuMoCuR9RNzhzXwjSqKy35IPDhH5cPxp8vsVC6tPCYlILyRYSswkKJ0y5IUNZLw0+VHlzQYTqO/hDw1K3jnCShUL1w==&u=U2FsdGVkX1/3Gj0dW4d/0yv7KN3Vg+/3qoEngk0fI4M5ihxbyIhjJqIJEZEccjhx&y=U2FsdGVkX1/w3JmAROj8QfKwh9K8LMdOlZgBkaRd5/neOI7MaCCPW7Ozb5/W2sLM HTTP/1.1" 200 60
173.252.83.23 - - [17/Sep/2022:13:05:01 -0500] "GET /images/la-vieja-mayo-24.jpg HTTP/1.1" 200 58217
216.245.221.92 - - [17/Sep/2022:13:05:44 -0500] "HEAD / HTTP/1.1" 200 -
172.22.2.4 - - [17/Sep/2022:13:06:54 -0500] "GET /BLA/boletinlegal/consulta_actos.php?tipo=resoluciones&no=&usuario=&sector=PEV&fecha=2022&resuelve=NIEGA HTTP/1.1" 200 626
172.22.2.4 - - [17/Sep/2022:13:07:02 -0500] "GET /BLA/boletinlegal/consulta_actos.php?tipo=resoluciones&no=&usuario=&sector=PEV&fecha=2021&resuelve=NIEGA HTTP/1.1" 200 12875
172.22.2.4 - - [17/Sep/2022:13:07:03 -0500] "GET /BLA/boletinlegal/images/background.gif HTTP/1.1" 200 -
190.27.27.126 - - [17/Sep/2022:13:07:12 -0500] "GET /BLA/resoluciones/RESOLUCIONES%202021/3871.pdf HTTP/1.1" 200 3706561
172.22.2.4 - - [17/Sep/2022:13:06:11 -0500] "HEAD /BLA/boletinlegal/ HTTP/1.1" 200 -
157.55.39.188 - - [17/Sep/2022:13:07:53 -0500] "GET /BLA/resoluciones/RESOLUCIONES%202000/2000%202300-2349.tif HTTP/1.1" 200 4577676
172.22.2.4 - - [17/Sep/2022:13:07:02 -0500] "GET /BLA/boletinlegal/ HTTP/1.1" 200 58163
102.165.48.78 - - [17/Sep/2022:13:08:51 -0500] "GET /wp-login.php HTTP/1.1" 404 1018
201.245.192.253 - - [17/Sep/2022:13:08:50 -0500] "POST /kwsrmcab/Wsrmcab  HTTP/1.1" 200 37989
66.249.73.127 - - [17/Sep/2022:13:09:37 -0500] "-" 408 -
216.245.221.92 - - [17/Sep/2022:13:10:44 -0500] "HEAD / HTTP/1.1" 200 -
207.46.13.86 - - [17/Sep/2022:13:09:10 -0500] "GET /BLA/boletinlegal/index.php HTTP/1.1" 200 63207
207.46.13.131 - - [17/Sep/2022:13:11:07 -0500] "GET /BLA/boletinlegal/style.css HTTP/1.1" 200 9406
172.22.2.4 - - [17/Sep/2022:13:11:23 -0500] "GET /BLA/boletinlegal/conceptos/2020/46.pdf HTTP/1.1" 304 -
173.252.95.1 - - [17/Sep/2022:13:13:22 -0500] "GET /images/Junio%2002-experiencias-jardines-verticales-sda.jpeg HTTP/1.1" 200 31171
172.22.2.4 - - [17/Sep/2022:13:12:01 -0500] "HEAD /BLA/boletinlegal/ HTTP/1.1" 200 -
201.245.192.253 - - [17/Sep/2022:13:13:49 -0500] "POST /kwsrmcab/Wsrmcab  HTTP/1.1" 200 37989
172.22.2.4 - - [17/Sep/2022:13:12:52 -0500] "GET /BLA/boletinlegal/ HTTP/1.1" 200 60281
66.249.73.127 - - [17/Sep/2022:13:15:36 -0500] "-" 408 -
216.245.221.92 - - [17/Sep/2022:13:15:44 -0500] "HEAD / HTTP/1.1" 200 -
172.22.2.4 - - [17/Sep/2022:13:15:51 -0500] "GET /BLA/boletinlegal/actos.php HTTP/1.1" 200 9559
190.27.27.126 - - [17/Sep/2022:13:15:52 -0500] "GET /BLA/resoluciones/ HTTP/1.1" 200 13093
190.27.27.126 - - [17/Sep/2022:13:15:57 -0500] "GET /BLA/resoluciones/index.php?dir=RESOLUCIONES+2008%2F HTTP/1.1" 200 976272
190.27.27.126 - - [17/Sep/2022:13:15:58 -0500] "GET /BLA/resoluciones/dlf/unknown.png HTTP/1.1" 200 266
190.27.27.126 - - [17/Sep/2022:13:16:07 -0500] "GET /BLA/resoluciones/RESOLUCIONES%202008/0530.pdf HTTP/1.1" 200 331053
172.22.2.4 - - [17/Sep/2022:13:15:42 -0500] "GET /BLA/boletinlegal/ HTTP/1.1" 200 32715
190.27.27.126 - - [17/Sep/2022:13:17:05 -0500] "GET /BLA/resoluciones/RESOLUCIONES%202008/5030.pdf HTTP/1.1" 200 404283
201.245.192.253 - - [17/Sep/2022:13:18:48 -0500] "POST /kwsrmcab/Wsrmcab  HTTP/1.1" 200 37989
207.46.13.131 - - [17/Sep/2022:13:19:18 -0500] "GET /BLA/resoluciones/RESOLUCIONES%202008/0530.pdf HTTP/1.1" 200 331053
172.22.2.4 - - [17/Sep/2022:13:17:52 -0500] "HEAD /BLA/boletinlegal/ HTTP/1.1" 200 -
201.245.192.253 - - [17/Sep/2022:13:19:43 -0500] "POST /kwsrmcab/Wsrmcab HTTP/1.1" 200 40374
201.245.192.253 - - [17/Sep/2022:13:19:47 -0500] "POST /kwsrmcab/Wsrmcab HTTP/1.1" 200 42896
172.22.2.4 - - [17/Sep/2022:13:18:42 -0500] "GET /BLA/boletinlegal/ HTTP/1.1" 200 58163
216.245.221.92 - - [17/Sep/2022:13:20:44 -0500] "HEAD / HTTP/1.1" 200 -
201.245.192.253 - - [17/Sep/2022:13:23:47 -0500] "POST /kwsrmcab/Wsrmcab  HTTP/1.1" 200 37989
172.22.2.4 - - [17/Sep/2022:13:23:41 -0500] "HEAD /BLA/boletinlegal/ HTTP/1.1" 200 -
216.245.221.92 - - [17/Sep/2022:13:25:44 -0500] "HEAD / HTTP/1.1" 200 -
172.22.2.4 - - [17/Sep/2022:13:24:32 -0500] "GET /BLA/boletinlegal/ HTTP/1.1" 200 52877
40.77.190.191 - - [17/Sep/2022:13:27:00 -0500] "GET /BLA/boletinlegal/styles2.css HTTP/1.1" 200 1838
40.77.190.191 - - [17/Sep/2022:13:27:00 -0500] "GET /BLA/boletinlegal/js/jquery.scrollTo-min.js HTTP/1.1" 200 1150
40.77.190.191 - - [17/Sep/2022:13:27:00 -0500] "GET /BLA/boletinlegal/js/jquery.js HTTP/1.1" 200 57254
201.245.192.253 - - [17/Sep/2022:13:28:46 -0500] "POST /kwsrmcab/Wsrmcab  HTTP/1.1" 200 37989
201.245.192.253 - - [17/Sep/2022:13:29:43 -0500] "POST /kwsrmcab/Wsrmcab HTTP/1.1" 200 40374
201.245.192.253 - - [17/Sep/2022:13:29:47 -0500] "POST /kwsrmcab/Wsrmcab HTTP/1.1" 200 42896
216.245.221.92 - - [17/Sep/2022:13:30:44 -0500] "HEAD / HTTP/1.1" 200 -
172.22.2.4 - - [17/Sep/2022:13:29:31 -0500] "HEAD /BLA/boletinlegal/ HTTP/1.1" 200 -
172.22.2.4 - - [17/Sep/2022:13:31:22 -0500] "GET /BLA/boletinlegal/robots.txt HTTP/1.1" 404 1038
172.22.2.4 - - [17/Sep/2022:13:30:22 -0500] "GET /BLA/boletinlegal/ HTTP/1.1" 200 56376
172.22.2.4 - - [17/Sep/2022:13:32:43 -0500] "GET /BLA/boletinlegal/jurisprudencia/analisis/CUADRO%20ANALISIS%20SENTENCIA%20T-411%20DE%201992.doc HTTP/1.1" 200 41984
172.22.2.4 - - [17/Sep/2022:13:31:24 -0500] "GET /BLA/boletinlegal/index.php HTTP/1.1" 200 60874
201.245.192.253 - - [17/Sep/2022:13:33:45 -0500] "POST /kwsrmcab/Wsrmcab  HTTP/1.1" 200 37989
172.22.2.4 - - [17/Sep/2022:13:34:30 -0500] "GET /BLA/boletinlegal/apple-touch-icon-precomposed.png HTTP/1.1" 404 1140
172.22.2.4 - - [17/Sep/2022:13:34:30 -0500] "GET /BLA/boletinlegal/apple-touch-icon.png HTTP/1.1" 404 1140
172.22.2.4 - - [17/Sep/2022:13:34:30 -0500] "GET /BLA/boletinlegal/favicon.ico HTTP/1.1" 404 1140
216.245.221.92 - - [17/Sep/2022:13:35:44 -0500] "HEAD / HTTP/1.1" 200 -
66.249.73.100 - - [17/Sep/2022:13:36:13 -0500] "-" 408 -
172.22.2.4 - - [17/Sep/2022:13:35:21 -0500] "HEAD /BLA/boletinlegal/ HTTP/1.1" 200 -
172.22.2.4 - - [17/Sep/2022:13:36:12 -0500] "GET /BLA/boletinlegal/ HTTP/1.1" 200 58163
201.245.192.253 - - [17/Sep/2022:13:38:44 -0500] "POST /kwsrmcab/Wsrmcab  HTTP/1.1" 200 37989
201.245.192.253 - - [17/Sep/2022:13:39:43 -0500] "POST /kwsrmcab/Wsrmcab HTTP/1.1" 200 40374
201.245.192.253 - - [17/Sep/2022:13:39:46 -0500] "POST /kwsrmcab/Wsrmcab HTTP/1.1" 200 42896
216.245.221.92 - - [17/Sep/2022:13:40:44 -0500] "HEAD / HTTP/1.1" 200 -
185.119.81.108 - - [17/Sep/2022:13:41:50 -0500] "GET /portaldeninos/wp-login.php HTTP/1.1" 200 2592
185.119.81.108 - - [17/Sep/2022:13:41:51 -0500] "POST /portaldeninos/wp-login.php HTTP/1.1" 200 3605
172.22.2.4 - - [17/Sep/2022:13:41:11 -0500] "HEAD /BLA/boletinlegal/ HTTP/1.1" 200 -
172.22.2.4 - - [17/Sep/2022:13:42:02 -0500] "GET /BLA/boletinlegal/ HTTP/1.1" 200 59828
201.245.192.253 - - [17/Sep/2022:13:43:43 -0500] "POST /kwsrmcab/Wsrmcab  HTTP/1.1" 200 37989
157.55.39.188 - - [17/Sep/2022:13:44:18 -0500] "GET /BLA/boletinlegal/Circulares/2012/Circular%20No.%207%20del%2008%20de%20Agosto%20de%202012.pdf HTTP/1.1" 304 -
216.245.221.92 - - [17/Sep/2022:13:45:44 -0500] "HEAD / HTTP/1.1" 200 -
66.249.73.127 - - [17/Sep/2022:13:46:17 -0500] "-" 408 -
207.46.13.131 - - [17/Sep/2022:13:46:34 -0500] "GET /bla/resoluciones/autos%202012/1466.pdf HTTP/1.1" 200 495600
172.22.2.4 - - [17/Sep/2022:13:47:01 -0500] "HEAD /BLA/boletinlegal/ HTTP/1.1" 200 -
201.245.192.253 - - [17/Sep/2022:13:48:42 -0500] "POST /kwsrmcab/Wsrmcab  HTTP/1.1" 200 37989
172.22.2.4 - - [17/Sep/2022:13:47:52 -0500] "GET /BLA/boletinlegal/ HTTP/1.1" 200 58163
216.245.221.92 - - [17/Sep/2022:13:50:44 -0500] "HEAD / HTTP/1.1" 200 -
172.22.2.4 - - [17/Sep/2022:13:52:52 -0500] "GET /BLA/boletinlegal/images/launch.jpg HTTP/1.1" 304 -
201.245.192.253 - - [17/Sep/2022:13:53:41 -0500] "POST /kwsrmcab/Wsrmcab  HTTP/1.1" 200 37989
172.22.2.4 - - [17/Sep/2022:13:52:51 -0500] "HEAD /BLA/boletinlegal/ HTTP/1.1" 200 -
172.22.2.4 - - [17/Sep/2022:13:53:42 -0500] "GET /BLA/boletinlegal/ HTTP/1.1" 200 52877
216.245.221.92 - - [17/Sep/2022:13:55:44 -0500] "HEAD / HTTP/1.1" 200 -
66.249.73.127 - - [17/Sep/2022:13:58:25 -0500] "-" 408 -
201.245.192.253 - - [17/Sep/2022:13:58:40 -0500] "POST /kwsrmcab/Wsrmcab  HTTP/1.1" 200 37989
172.22.2.4 - - [17/Sep/2022:13:58:41 -0500] "HEAD /BLA/boletinlegal/ HTTP/1.1" 200 -
216.245.221.92 - - [17/Sep/2022:14:00:44 -0500] "HEAD / HTTP/1.1" 200 -
172.22.2.4 - - [17/Sep/2022:13:59:32 -0500] "GET /BLA/boletinlegal/ HTTP/1.1" 200 56376
172.22.2.4 - - [17/Sep/2022:14:02:10 -0500] "GET /BLA/boletinlegal/images/cabezote%20BLEGAL.jpg HTTP/1.1" 304 -
66.249.73.84 - - [17/Sep/2022:14:03:26 -0500] "-" 408 -
201.245.192.253 - - [17/Sep/2022:14:03:39 -0500] "POST /kwsrmcab/Wsrmcab  HTTP/1.1" 200 37989
172.22.2.4 - - [17/Sep/2022:14:04:02 -0500] "GET /BLA/boletinlegal/Directivas/2011/Directiva%20No.%202%20del%2017%20de%20Mayo%20de%202011.pdf HTTP/1.1" 304 -
216.245.221.92 - - [17/Sep/2022:14:05:44 -0500] "HEAD / HTTP/1.1" 200 -
172.22.2.4 - - [17/Sep/2022:14:04:31 -0500] "HEAD /BLA/boletinlegal/ HTTP/1.1" 200 -
157.55.39.188 - - [17/Sep/2022:14:07:00 -0500] "GET /BLA/resoluciones/AUTOS%202018/6785.pdf HTTP/1.1" 304 -
172.22.2.4 - - [17/Sep/2022:14:05:22 -0500] "GET /BLA/boletinlegal/ HTTP/1.1" 200 52877
185.119.81.104 - - [17/Sep/2022:14:07:55 -0500] "GET /portaldeninos/wp-login.php HTTP/1.1" 200 2592
185.119.81.104 - - [17/Sep/2022:14:07:56 -0500] "POST /portaldeninos/wp-login.php HTTP/1.1" 200 3670
157.55.39.154 - - [17/Sep/2022:14:08:16 -0500] "GET /portaldeninos/2021/06/10/ganadores-del-concurso-a-vuelo-de-pajaro-recibieron-reconocimientos-de-la-secretaria-de-ambiente/ HTTP/1.1" 200 109578
201.245.192.253 - - [17/Sep/2022:14:08:38 -0500] "POST /kwsrmcab/Wsrmcab  HTTP/1.1" 200 37989
216.245.221.92 - - [17/Sep/2022:14:10:44 -0500] "HEAD / HTTP/1.1" 200 -
172.22.2.4 - - [17/Sep/2022:14:10:21 -0500] "HEAD /BLA/boletinlegal/ HTTP/1.1" 200 -
172.22.2.4 - - [17/Sep/2022:14:11:12 -0500] "GET /BLA/boletinlegal/ HTTP/1.1" 200 57725
201.245.192.253 - - [17/Sep/2022:14:13:36 -0500] "POST /kwsrmcab/Wsrmcab  HTTP/1.1" 200 37989
185.119.81.108 - - [17/Sep/2022:14:13:56 -0500] "GET /portaldeninos/wp-login.php HTTP/1.1" 200 2592
185.119.81.108 - - [17/Sep/2022:14:13:57 -0500] "POST /portaldeninos/wp-login.php HTTP/1.1" 200 3670
216.245.221.92 - - [17/Sep/2022:14:15:44 -0500] "HEAD / HTTP/1.1" 200 -
66.249.73.97 - - [17/Sep/2022:14:15:59 -0500] "-" 408 -
172.22.2.4 - - [17/Sep/2022:14:16:11 -0500] "HEAD /BLA/boletinlegal/ HTTP/1.1" 200 -
201.245.192.253 - - [17/Sep/2022:14:18:35 -0500] "POST /kwsrmcab/Wsrmcab  HTTP/1.1" 200 37989
172.22.2.4 - - [17/Sep/2022:14:17:02 -0500] "GET /BLA/boletinlegal/ HTTP/1.1" 200 58163
201.245.192.253 - - [17/Sep/2022:14:19:43 -0500] "POST /kwsrmcab/Wsrmcab HTTP/1.1" 200 42279
201.245.192.253 - - [17/Sep/2022:14:19:46 -0500] "POST /kwsrmcab/Wsrmcab HTTP/1.1" 200 42440
216.245.221.92 - - [17/Sep/2022:14:20:44 -0500] "HEAD / HTTP/1.1" 200 -
66.249.73.127 - - [17/Sep/2022:14:22:56 -0500] "-" 408 -
201.245.192.253 - - [17/Sep/2022:14:23:34 -0500] "POST /kwsrmcab/Wsrmcab  HTTP/1.1" 200 37989
172.22.2.4 - - [17/Sep/2022:14:22:01 -0500] "HEAD /BLA/boletinlegal/ HTTP/1.1" 200 -
172.22.2.4 - - [17/Sep/2022:14:22:52 -0500] "GET /BLA/boletinlegal/ HTTP/1.1" 200 59828
216.245.221.92 - - [17/Sep/2022:14:25:44 -0500] "HEAD / HTTP/1.1" 200 -
185.119.81.108 - - [17/Sep/2022:14:27:16 -0500] "GET /portaldeninos/wp-login.php HTTP/1.1" 200 2592
185.119.81.108 - - [17/Sep/2022:14:27:16 -0500] "POST /portaldeninos/wp-login.php HTTP/1.1" 200 3650
157.55.39.201 - - [17/Sep/2022:14:27:38 -0500] "GET /BLA/resoluciones/RESOLUCIONES%202021/1820.pdf HTTP/1.1" 200 518767
201.245.192.253 - - [17/Sep/2022:14:28:33 -0500] "POST /kwsrmcab/Wsrmcab  HTTP/1.1" 200 37989
172.22.2.4 - - [17/Sep/2022:14:27:51 -0500] "HEAD /BLA/boletinlegal/ HTTP/1.1" 200 -
201.245.192.253 - - [17/Sep/2022:14:29:42 -0500] "POST /kwsrmcab/Wsrmcab HTTP/1.1" 200 42279
201.245.192.253 - - [17/Sep/2022:14:29:46 -0500] "POST /kwsrmcab/Wsrmcab HTTP/1.1" 200 42440
66.249.73.127 - - [17/Sep/2022:14:30:13 -0500] "-" 408 -
172.22.2.4 - - [17/Sep/2022:14:28:42 -0500] "GET /BLA/boletinlegal/ HTTP/1.1" 200 57725
216.245.221.92 - - [17/Sep/2022:14:30:44 -0500] "HEAD / HTTP/1.1" 200 -
201.245.192.253 - - [17/Sep/2022:14:33:32 -0500] "POST /kwsrmcab/Wsrmcab  HTTP/1.1" 200 37989
207.46.13.176 - - [17/Sep/2022:14:34:18 -0500] "GET /distrito-presenta-proyecto-de-energia-solar-y-eficiencia-energetica-para-entidades-publicas-de-bogota.html HTTP/1.1" 304 -
172.22.2.4 - - [17/Sep/2022:14:33:30 -0500] "GET /BLA/boletinlegal/ HTTP/1.1" 200 32715
172.22.2.4 - - [17/Sep/2022:14:33:41 -0500] "HEAD /BLA/boletinlegal/ HTTP/1.1" 200 -
216.245.221.92 - - [17/Sep/2022:14:35:44 -0500] "HEAD / HTTP/1.1" 200 -
66.249.73.127 - - [17/Sep/2022:14:36:03 -0500] "-" 408 -
172.22.2.4 - - [17/Sep/2022:14:34:32 -0500] "GET /BLA/boletinlegal/ HTTP/1.1" 200 60281
185.119.81.104 - - [17/Sep/2022:14:38:15 -0500] "GET /portaldeninos/wp-login.php HTTP/1.1" 200 2592
185.119.81.104 - - [17/Sep/2022:14:38:17 -0500] "POST /portaldeninos/wp-login.php HTTP/1.1" 200 3670
201.245.192.253 - - [17/Sep/2022:14:38:30 -0500] "POST /kwsrmcab/Wsrmcab  HTTP/1.1" 200 37989
201.245.192.253 - - [17/Sep/2022:14:39:42 -0500] "POST /kwsrmcab/Wsrmcab HTTP/1.1" 200 42279
201.245.192.253 - - [17/Sep/2022:14:39:46 -0500] "GET /kwsrmcab/Wsrmcab?wsdl HTTP/1.1" 200 6948
201.245.192.253 - - [17/Sep/2022:14:39:46 -0500] "POST /kwsrmcab/Wsrmcab HTTP/1.1" 200 42440
186.99.244.29 - - [17/Sep/2022:14:40:24 -0500] "GET /BLA/resoluciones/AUTOS%202019/4069.pdf HTTP/1.1" 200 348332
186.99.244.29 - - [17/Sep/2022:14:40:25 -0500] "GET /favicon.ico HTTP/1.1" 200 7782
216.245.221.92 - - [17/Sep/2022:14:40:44 -0500] "HEAD / HTTP/1.1" 200 -
172.22.2.4 - - [17/Sep/2022:14:39:31 -0500] "HEAD /BLA/boletinlegal/ HTTP/1.1" 200 -
172.22.2.4 - - [17/Sep/2022:14:40:22 -0500] "GET /BLA/boletinlegal/ HTTP/1.1" 200 60281
66.249.73.127 - - [17/Sep/2022:14:42:55 -0500] "-" 408 -
201.245.192.253 - - [17/Sep/2022:14:43:29 -0500] "POST /kwsrmcab/Wsrmcab  HTTP/1.1" 200 37989
216.245.221.92 - - [17/Sep/2022:14:45:44 -0500] "HEAD / HTTP/1.1" 200 -
172.22.2.4 - - [17/Sep/2022:14:45:21 -0500] "HEAD /BLA/boletinlegal/ HTTP/1.1" 200 -
172.22.2.4 - - [17/Sep/2022:14:46:12 -0500] "GET /BLA/boletinlegal/ HTTP/1.1" 200 59828
172.22.2.4 - - [17/Sep/2022:14:48:16 -0500] "GET /BLA/boletinlegal/Circulares/2017/Circular%20No.%202%20del%201%20de%20Septiembre%20de%202017.pdf HTTP/1.1" 200 152575
201.245.192.253 - - [17/Sep/2022:14:48:28 -0500] "POST /kwsrmcab/Wsrmcab  HTTP/1.1" 200 37989
216.245.221.92 - - [17/Sep/2022:14:50:44 -0500] "HEAD / HTTP/1.1" 200 -
157.55.39.210 - - [17/Sep/2022:14:51:06 -0500] "-" 408 -
66.249.73.127 - - [17/Sep/2022:14:51:16 -0500] "-" 408 -
185.119.81.108 - - [17/Sep/2022:14:51:31 -0500] "GET /portaldeninos/wp-login.php HTTP/1.1" 200 2592
185.119.81.108 - - [17/Sep/2022:14:51:32 -0500] "POST /portaldeninos/wp-login.php HTTP/1.1" 200 3670
172.22.2.4 - - [17/Sep/2022:14:52:45 -0500] "GET /BLA/boletinlegal/actos.php HTTP/1.1" 200 9559
186.155.19.148 - - [17/Sep/2022:14:52:49 -0500] "GET /BLA/resoluciones/ HTTP/1.1" 200 13093
172.22.2.4 - - [17/Sep/2022:14:51:11 -0500] "HEAD /BLA/boletinlegal/ HTTP/1.1" 200 -
186.155.19.148 - - [17/Sep/2022:14:52:54 -0500] "GET /BLA/resoluciones/index.php?dir=AUTOS+2022%2F HTTP/1.1" 200 262665
186.155.19.148 - - [17/Sep/2022:14:53:09 -0500] "GET /BLA/resoluciones/AUTOS%202022/2112.pdf HTTP/1.1" 200 447056
157.55.39.202 - - [17/Sep/2022:14:53:21 -0500] "GET /bla/resoluciones/resoluciones%202009/2087.pdf HTTP/1.1" 200 471144
201.245.192.253 - - [17/Sep/2022:14:53:27 -0500] "POST /kwsrmcab/Wsrmcab  HTTP/1.1" 200 37989
172.22.2.4 - - [17/Sep/2022:14:52:02 -0500] "GET /BLA/boletinlegal/ HTTP/1.1" 200 54356
172.22.2.4 - - [17/Sep/2022:14:52:40 -0500] "GET /BLA/boletinlegal/ HTTP/1.1" 200 57725
172.22.2.4 - - [17/Sep/2022:14:54:42 -0500] "GET /BLA/boletinlegal/ HTTP/1.1" 200 24523
185.119.81.102 - - [17/Sep/2022:14:55:26 -0500] "GET /portaldeninos/wp-login.php HTTP/1.1" 200 2592
