!C99Shell v. 1.0 pre-release build #13!

Software: Apache. PHP/5.5.15 

uname -a: Windows NT SVR-DMZ 6.1 build 7600 (Windows Server 2008 R2 Enterprise Edition) i586 

SYSTEM 

Safe-mode: OFF (not secure)

E:\nuevo\apache\logs\   drwxrwxrwx
Free 5.02 GB of 239.26 GB (2.1%)
Detected drives: [ a ] [ c ] [ d ] [ e ] [ f ]
Home    Back    Forward    UPDIR    Refresh    Search    Buffer    Encoder    Tools    Proc.    FTP brute    Sec.    SQL    PHP-code    Update    Feedback    Self remove    Logout    


Viewing file:     access.2022.09.17.log (302.4 KB)      -rw-rw-rw-
Select action/file-type:
(+) | (+) | (+) | Code (+) | Session (+) | (+) | SDB (+) | (+) | (+) | (+) | (+) | (+) |
Error 720112 writing to log file at offset 575.        926 messages lost (There is not enough space on the disk.  )
161.18.113.254 - - [17/Sep/2022:08:42:08 -0500] "GET /js/url.js HTTP/1.1" 404 1136
161.18.113.254 - - [17/Sep/2022:08:42:49 -0500] "POST /procesar.php HTTP/1.1" 200 975
201.245.192.253 - - [17/Sep/2022:08:44:43 -0500] "POST /kwsrmcab/Wsrmcab  HTTP/1.1" 200 37989
172.22.2.4 - - [17/Sep/2022:08:43:42 -0500] "HEAD /BLA/boletinlegal/ HTTP/1.1" 200 -
216.245.221.92 - - [17/Sep/2022:08:45:45 -0500] "HEAD / HTTP/1.1" 200 -
161.18.113.254 - - [17/Sep/2022:08:45:48 -0500] "POST /procesar.php HTTP/1.1" 200 919
173.252.107.3 - - [17/Sep/2022:08:45:51 -0500] "GET /dia-internacional-de-la-tierra-cambio-de-habitos-para-su-proteccion-y-conservacion.html HTTP/1.1" 206 1014
161.18.113.254 - - [17/Sep/2022:08:45:51 -0500] "GET /js/url.js HTTP/1.1" 404 1136
161.18.113.254 - - [17/Sep/2022:08:45:56 -0500] "POST /procesar.php HTTP/1.1" 200 831
161.18.113.254 - - [17/Sep/2022:08:46:03 -0500] "GET /js/url.js HTTP/1.1" 404 1136
207.46.13.131 - - [17/Sep/2022:08:46:12 -0500] "GET /BLA/resoluciones/AUTOS%202022/0193.pdf HTTP/1.1" 200 356308
172.22.2.4 - - [17/Sep/2022:08:44:32 -0500] "GET /BLA/boletinlegal/ HTTP/1.1" 200 57725
172.22.2.4 - - [17/Sep/2022:08:47:01 -0500] "HEAD /BLA/boletinlegal/actos.php HTTP/1.1" 200 -
161.18.113.254 - - [17/Sep/2022:08:47:12 -0500] "POST /procesar.php HTTP/1.1" 200 919
161.18.113.254 - - [17/Sep/2022:08:47:17 -0500] "GET /js/url.js HTTP/1.1" 404 1136
161.18.113.254 - - [17/Sep/2022:08:48:15 -0500] "POST /procesar.php HTTP/1.1" 200 1002
186.102.56.27 - - [17/Sep/2022:08:48:25 -0500] "GET /kwssiamovil/sm/ldap/au?x=U2FsdGVkX19NV+pQLOQS78kmk97hQXfAqIWDrWrO+sQvz0GXHB+AqmVXs5xBybQE&y=U2FsdGVkX1+BfbcK0DdVRevtTR0MQj5siPnU0TTX7/joWP/B9Z9mSzzWfYQKHydo HTTP/1.1" 200 31
186.102.56.27 - - [17/Sep/2022:08:48:27 -0500] "GET /kwssiamovil/sm/ldap/au?x=U2FsdGVkX184xI+LJsClV/4r5XUp6dychc32KYW1F8NQQMbPL0yVBNMTaXlL2tzi&y=U2FsdGVkX19THGkv0D5rIfRei0+MKcCDaGVtsvtEaDdurS+M/C8/uJkDJ75ivAGl HTTP/1.1" 200 31
186.102.56.27 - - [17/Sep/2022:08:48:39 -0500] "GET /kwssiamovil/sm/ldap/au?x=U2FsdGVkX1/9+K8wh6zdqYsh+Y9EZaECe2PfgSyIkG4k2Iwe2kz9zjXvUaaA3l7d&y=U2FsdGVkX1/BiDLHEuwgyyox/b9ApFbEGC+X7zFAZ0Hp+9bj3tWparl1BwBO6MYD HTTP/1.1" 200 30
186.102.56.27 - - [17/Sep/2022:08:48:40 -0500] "GET /kwssiamovil/sm/acme/s?s=U2FsdGVkX1/ctvN846ia1DJAejNeVK+GvS3X8yajrdLvMBp920CAeNJXBTjLYkxikgGCF2q7mUG2mpdnO10mMAE/c1H568uuUdUXXJXk/Zc=&u=U2FsdGVkX187nI14LdVHEkArfp7jyZH+qKM2B9BA+Eo=&y=U2FsdGVkX1/BiDLHEuwgyyox/b9ApFbEGC+X7zFAZ0Hp+9bj3tWparl1BwBO6MYD HTTP/1.1" 200 97
186.102.56.27 - - [17/Sep/2022:08:48:40 -0500] "GET /kwssiamovil/sm/acme/s?s=U2FsdGVkX18u/nl3ahd5LE+ZRMiGUVP8JmhcBVBF4WFRtYB4EwrIp2eoty8hqdu4ecUhv7K8a/wsRjYI9I+zLhP1RmOP0v7VzFIMzaaJY17RWKbQbXLbtKVKU910CqZepRBeyoGWjWOO4xhbrH/xBfFHF6ir/7NzB2zLcX5ipeYj9p+pxnmVd1vP+gLz/5W7ILC1/7EuKEr9XD8HUuRo30hvP03BOY88/Xc6hq7lhVrqVYAVbSAC9rbJrorWkgjS8VsSgeVOb+py+YydPXZaDuxgDsjoibPqEn717ZJ5vZoJfVZLx6bHD/zKVPiUEXzL00glglh7oJr0cw3ZR1VITcLzXB5caV0EiJc8g7O52MBWbhkErvxpJtn+Vqwi1qWwUImrwOoHRI2q7V8Qs/rAG6oIl+qxJeTJohLSESuySPtFrRnSC2loTaLEgSdZRq/DJ+T3eaVQ1ISfiSK3eQZFXRX4ulOsDePFB4h6jwJvGq94sSa0NCqn6HbO8EZHcFifLrbtlk2w0sJ8Nr7qA2HOlLOn7kbvIH4m15hdyptjWG62L5cUBD9ayxXIXfMKRcjAaSRNDGglnun6S6nKt78uQzRT7zUml8/eou4F3wP+Pi55yMDDl/wLEcF4H83ySKjPp8rzw4cU6yvzpTf3YxURhQbES9PB4EEGohcIDzhei+U6l+SWvt8iiwMRDmCY55Bj8W1bMRat1/lwM4SZGt8FKQlE+NAu3emARldBk0xWulPEjp1jAqh1gQwkFoIebCsg1pDdILx8ZrjXIVfYmZJbeb55A049lk6WDcsLqakXEYU2YmBxXiPo+JZ19QTk59GYi2S8fc/8U3uV8DXUD8CTkdlq7z6Pg3p4MaSE7cONzuF1Tu7I9JJKW7lg198XjVHvw6GL1TXywwAFdNFcTH+qdK7uw+UIn49G5tZyF6Nl4CajFGwKSwRHcZlSIrZ+htT+P6TTObO+lgfqJhYcrdOy5E5BQzRx9bPv55e5drcLXKdh1sj7n7/vhALck+33UX3aSPr0Qbu09qGfA5lhT8lg4XYazv8YOWkWDSQcSGG44SM1deR/LNF6IljQaHBkVV1i3dCayLOFUYvBT0q8Mwmdhoj4V4iNu4TKIxVpbtPKmMMlDgbZCB0jWSd82cxsi156xp8lA+NgKI7H3cOhsuDwSEX61A+YYbVYQNdWzU6Hk4DEOM/tHTH37Kh0y5D8PC2LSwWWP36bU2pRWgVyIIXklKNm9zavKamYdSKV6oZuhF7NrxIeHbSXh/5FcBThCi82Pjd037YFp4c0iCp3hgUspLWOpO9zCBaUg30+JsX72v3+9gDTuBSGBM7k2wqUvwk6N5/Ci8ntwSee477yXRQK5lE9dYu8/x+bmhyEestVYLU=&u=U2FsdGVkX187nI14LdVHEkArfp7jyZH+qKM2B9BA+Eo=&y=U2FsdGVkX1/BiDLHEuwgyyox/b9ApFbEGC+X7zFAZ0Hp+9bj3tWparl1BwBO6MYD HTTP/1.1" 200 4557
186.102.56.27 - - [17/Sep/2022:08:48:40 -0500] "GET /kwssiamovil/sm/acme/s?s=U2FsdGVkX1+vSEhvSAtMcxB9O1anx6dayhYV4Kq1kbmQAh12Sdl+ARH1kSuuw0Ykpd6VciddEu8dkE6aqDzn+wmK1h49TYxSgfl+FPwUgaKA4w0rdVZ8k5yafPz582T1Qydr5w3PKMKt0AXK9WGsMlOHN6kzRtKrqTKFUmKPyXlwGqannsRcbecDEAaLsrgr1uiADVH5sFKcXtkY3QudSl+AZDCL4CjGXpoaYW2+4hMdHUyqT8o26ktOD9PnvokQ14unHdnT28l3FBqMtq/lOU+eNnH2YSVqgauRbuO3XkM=&u=U2FsdGVkX187nI14LdVHEkArfp7jyZH+qKM2B9BA+Eo=&y=U2FsdGVkX1/BiDLHEuwgyyox/b9ApFbEGC+X7zFAZ0Hp+9bj3tWparl1BwBO6MYD HTTP/1.1" 200 176
186.102.56.27 - - [17/Sep/2022:08:48:40 -0500] "GET /kwssiamovil/sm/cjson/pre?f=1&x=U2FsdGVkX1/9+K8wh6zdqYsh+Y9EZaECe2PfgSyIkG4k2Iwe2kz9zjXvUaaA3l7d HTTP/1.1" 200 30992
161.18.113.254 - - [17/Sep/2022:08:49:23 -0500] "GET /acuerdos-de-conservacion-firmados-en-la-reserva-van-der-hammen-empieza-a-dar-frutos.html HTTP/1.1" 200 843
161.18.113.254 - - [17/Sep/2022:08:49:23 -0500] "GET /images/acuerdos-c1_optimized.jpg HTTP/1.1" 200 228032
201.245.192.253 - - [17/Sep/2022:08:49:42 -0500] "POST /kwsrmcab/Wsrmcab  HTTP/1.1" 200 37989
216.245.221.92 - - [17/Sep/2022:08:50:45 -0500] "HEAD / HTTP/1.1" 200 -
191.95.53.60 - - [17/Sep/2022:08:51:04 -0500] "GET /acuerdos-de-conservacion-firmados-en-la-reserva-van-der-hammen-empieza-a-dar-frutos.html HTTP/1.1" 200 843
191.95.53.60 - - [17/Sep/2022:08:51:04 -0500] "GET /images/acuerdos-c1_optimized.jpg HTTP/1.1" 200 228032
172.22.2.4 - - [17/Sep/2022:08:49:32 -0500] "HEAD /BLA/boletinlegal/ HTTP/1.1" 200 -
44.200.192.188 - - [17/Sep/2022:08:51:32 -0500] "GET / HTTP/1.1" 200 319
172.22.2.4 - - [17/Sep/2022:08:50:31 -0500] "GET /BLA/boletinlegal/ HTTP/1.1" 200 32715
172.22.2.4 - - [17/Sep/2022:08:50:32 -0500] "GET /BLA/boletinlegal/ HTTP/1.1" 200 32715
172.22.2.4 - - [17/Sep/2022:08:50:22 -0500] "GET /BLA/boletinlegal/ HTTP/1.1" 200 50799
157.55.39.201 - - [17/Sep/2022:08:52:28 -0500] "GET /BLA/resoluciones/AUTOS%202022/1013.pdf HTTP/1.1" 200 423700
161.18.113.254 - - [17/Sep/2022:08:52:29 -0500] "GET /acuerdos-de-conservacion-firmados-en-la-reserva-van-der-hammen-empieza-a-dar-frutos.html HTTP/1.1" 200 843
172.22.2.4 - - [17/Sep/2022:08:54:15 -0500] "POST /BLA/boletinlegal/scripts/WPnBr.dll HTTP/1.1" 404 1043
172.22.2.4 - - [17/Sep/2022:08:54:15 -0500] "GET /BLA/boletinlegal/Portal/Portal.mwsl HTTP/1.1" 404 1043
172.22.2.4 - - [17/Sep/2022:08:54:15 -0500] "GET /BLA/boletinlegal/CSS/Miniweb.css HTTP/1.1" 404 1043
172.22.2.4 - - [17/Sep/2022:08:54:15 -0500] "GET /BLA/boletinlegal/nmaplowercheck1663422697 HTTP/1.1" 404 1043
172.22.2.4 - - [17/Sep/2022:08:54:15 -0500] "POST /BLA/boletinlegal/sdk HTTP/1.1" 404 1043
172.22.2.4 - - [17/Sep/2022:08:54:15 -0500] "GET /BLA/boletinlegal/Portal0000.htm HTTP/1.1" 404 1043
172.22.2.4 - - [17/Sep/2022:08:54:15 -0500] "GET /BLA/boletinlegal/t3mH HTTP/1.1" 404 1043
172.22.2.4 - - [17/Sep/2022:08:54:16 -0500] "GET /BLA/boletinlegal/pools/default/buckets HTTP/1.1" 404 1043
172.22.2.4 - - [17/Sep/2022:08:54:16 -0500] "GET /BLA/boletinlegal/docs/cplugError.html/ HTTP/1.1" 404 1043
172.22.2.4 - - [17/Sep/2022:08:54:16 -0500] "GET /BLA/boletinlegal/__Additional HTTP/1.1" 404 1043
172.22.2.4 - - [17/Sep/2022:08:54:16 -0500] "GET /BLA/boletinlegal/.git/HEAD HTTP/1.1" 404 1043
172.22.2.4 - - [17/Sep/2022:08:54:16 -0500] "GET /BLA/boletinlegal/HNAP1 HTTP/1.1" 404 1043
172.22.2.4 - - [17/Sep/2022:08:54:17 -0500] "GET /BLA/boletinlegal/pools HTTP/1.1" 404 1043
172.22.2.4 - - [17/Sep/2022:08:54:25 -0500] "GET /BLA/boletinlegal/favicon.ico HTTP/1.1" 404 1043
201.245.192.253 - - [17/Sep/2022:08:54:42 -0500] "POST /kwsrmcab/Wsrmcab  HTTP/1.1" 200 37989
216.245.221.92 - - [17/Sep/2022:08:55:45 -0500] "HEAD / HTTP/1.1" 200 -
172.22.2.4 - - [17/Sep/2022:08:54:25 -0500] "GET /BLA/boletinlegal/ HTTP/1.1" 200 20427
172.22.2.4 - - [17/Sep/2022:08:54:25 -0500] "GET /BLA/boletinlegal/?=PHPB8B5F2A0-3C92-11d3-A3A9-4C7B08C10000 HTTP/1.1" 200 20427
45.65.234.92 - - [17/Sep/2022:08:55:50 -0500] "GET /sia/ HTTP/1.1" 200 2661
45.65.234.92 - - [17/Sep/2022:08:55:50 -0500] "GET /css/fondos.css HTTP/1.1" 404 1254
45.65.234.92 - - [17/Sep/2022:08:55:50 -0500] "GET /css/date_blue.css HTTP/1.1" 404 1254
45.65.234.92 - - [17/Sep/2022:08:55:50 -0500] "GET /css/textos.css HTTP/1.1" 404 1254
45.65.234.92 - - [17/Sep/2022:08:55:50 -0500] "GET /css/bordes.css HTTP/1.1" 404 1254
45.65.234.92 - - [17/Sep/2022:08:55:51 -0500] "GET /favicon.ico HTTP/1.1" 200 7782
172.22.2.4 - - [17/Sep/2022:08:54:14 -0500] "GET /BLA/boletinlegal/ HTTP/1.1" 200 24150
172.22.2.4 - - [17/Sep/2022:08:54:16 -0500] "GET /BLA/boletinlegal/?=PHPE9568F36-D428-11d2-A769-00AA001ACF42 HTTP/1.1" 200 24523
172.22.2.4 - - [17/Sep/2022:08:54:15 -0500] "GET /BLA/boletinlegal/ HTTP/1.1" 200 24150
172.22.2.4 - - [17/Sep/2022:08:54:15 -0500] "GET /BLA/boletinlegal/ HTTP/1.1" 200 24523
172.22.2.4 - - [17/Sep/2022:08:54:16 -0500] "GET /BLA/boletinlegal/index.php HTTP/1.1" 200 24150
172.22.2.4 - - [17/Sep/2022:08:54:16 -0500] "GET /BLA/boletinlegal/ HTTP/1.1" 200 23723
45.65.234.92 - - [17/Sep/2022:08:55:58 -0500] "GET /galeria/galeria/jquery.fancybox.css?v=2.1.5 HTTP/1.1" 200 4895
45.65.234.92 - - [17/Sep/2022:08:55:58 -0500] "GET /galeria/galeria/jquery.fancybox.js?v=2.1.5 HTTP/1.1" 200 48706
45.65.234.92 - - [17/Sep/2022:08:55:58 -0500] "GET /BLA/boletinlegal/js/jquery.scrollShow.js HTTP/1.1" 200 4586
45.65.234.92 - - [17/Sep/2022:08:55:59 -0500] "GET /galeria/carrusel/Carrusel/jquery.thumbnailScroller.css HTTP/1.1" 200 2066
45.65.234.92 - - [17/Sep/2022:08:55:59 -0500] "GET /galeria/carrusel/Carrusel/jquery.thumbnailScroller.js HTTP/1.1" 200 8157
45.65.234.92 - - [17/Sep/2022:08:55:59 -0500] "GET /galeria/carrusel/Carrusel/jquery-ui-1.8.13.custom.min.js HTTP/1.1" 200 10800
45.65.234.92 - - [17/Sep/2022:08:55:59 -0500] "GET /galeria/nivo-slider/demo/banner.html HTTP/1.1" 200 5446
45.65.234.92 - - [17/Sep/2022:08:55:59 -0500] "GET /galeria/nivo-slider/themes/pascal/pascal.css HTTP/1.1" 200 2258
45.65.234.92 - - [17/Sep/2022:08:55:59 -0500] "GET /galeria/nivo-slider/themes/default/default.css HTTP/1.1" 200 1569
45.65.234.92 - - [17/Sep/2022:08:55:59 -0500] "GET /galeria/nivo-slider/themes/orman/orman.css HTTP/1.1" 200 2152
45.65.234.92 - - [17/Sep/2022:08:55:59 -0500] "GET /galeria/nivo-slider/nivo-slider.css HTTP/1.1" 200 1507
45.65.234.92 - - [17/Sep/2022:08:55:59 -0500] "GET /galeria/nivo-slider/demo/style.css HTTP/1.1" 200 2222
45.65.234.92 - - [17/Sep/2022:08:55:59 -0500] "GET /galeria/nivo-slider/demo/scripts/jquery-1.7.1.min.js HTTP/1.1" 200 93868
45.65.234.92 - - [17/Sep/2022:08:55:59 -0500] "GET /galeria/nivo-slider/jquery.nivo.slider.pack.js HTTP/1.1" 200 11561
45.65.234.92 - - [17/Sep/2022:08:55:59 -0500] "GET /galeria/nivo-slider/demo/images/bannertortuga_optimized.jpg HTTP/1.1" 200 39066
45.65.234.92 - - [17/Sep/2022:08:55:59 -0500] "GET /galeria/nivo-slider/demo/images/Bannermujeresquereverdecen.jpg HTTP/1.1" 200 46558
45.65.234.92 - - [17/Sep/2022:08:55:59 -0500] "GET /galeria/nivo-slider/demo/images/bannertrafico_optimized.jpg HTTP/1.1" 200 42578
45.65.234.92 - - [17/Sep/2022:08:55:59 -0500] "GET /galeria/nivo-slider/demo/images/Bannersedeelectronica.jpg HTTP/1.1" 200 40383
45.65.234.92 - - [17/Sep/2022:08:55:59 -0500] "GET /galeria/nivo-slider/demo/images/bannerrutaesperanza.jpg HTTP/1.1" 200 55560
45.65.234.92 - - [17/Sep/2022:08:55:59 -0500] "GET /galeria/nivo-slider/demo/images/banneraire2021.jpg HTTP/1.1" 200 265101
45.65.234.92 - - [17/Sep/2022:08:55:59 -0500] "GET /galeria/nivo-slider/demo/images/Bannerplasticosseptiembre.jpg HTTP/1.1" 200 45633
45.65.234.92 - - [17/Sep/2022:08:55:59 -0500] "GET /galeria/nivo-slider/demo/images/bannerresiduoshospitalariosagosto.jpg HTTP/1.1" 200 36499
45.65.234.92 - - [17/Sep/2022:08:55:59 -0500] "GET /galeria/nivo-slider/demo/images/banneraccionpopularcrr68.jpg HTTP/1.1" 200 51887
45.65.234.92 - - [17/Sep/2022:08:55:59 -0500] "GET /galeria/nivo-slider/demo/images/banneraccionpopular.jpeg HTTP/1.1" 200 41707
45.65.234.92 - - [17/Sep/2022:08:55:59 -0500] "GET /galeria/nivo-slider/demo/images/bannerclases2021.jpg HTTP/1.1" 200 68230
45.65.234.92 - - [17/Sep/2022:08:55:59 -0500] "GET /galeria/nivo-slider/demo/images/bannercapacitacionesbogota.jpg HTTP/1.1" 200 42416
45.65.234.92 - - [17/Sep/2022:08:55:59 -0500] "GET /galeria/nivo-slider/demo/images/Bannerenvases.jpg HTTP/1.1" 200 37316
45.65.234.92 - - [17/Sep/2022:08:55:59 -0500] "GET /galeria/nivo-slider/demo/images/Bannervirtualescanales.jpg HTTP/1.1" 200 174544
45.65.234.92 - - [17/Sep/2022:08:55:59 -0500] "GET /galeria/nivo-slider/demo/images/4Simple_Slider.png HTTP/1.1" 200 11722
45.65.234.92 - - [17/Sep/2022:08:55:59 -0500] "GET /galeria/nivo-slider/themes/default/loading.gif HTTP/1.1" 200 1737
45.65.234.92 - - [17/Sep/2022:08:55:59 -0500] "GET /galeria/nivo-slider/themes/default/bullets.png HTTP/1.1" 200 1281
45.65.234.92 - - [17/Sep/2022:08:55:59 -0500] "GET /galeria/nivo-slider/themes/default/arrows.png HTTP/1.1" 200 824
172.22.2.4 - - [17/Sep/2022:08:54:27 -0500] "GET /BLA/boletinlegal/ HTTP/1.1" 200 20427
172.22.2.4 - - [17/Sep/2022:08:54:26 -0500] "GET /BLA/boletinlegal/ HTTP/1.1" 200 20427
186.102.23.184 - - [17/Sep/2022:08:56:19 -0500] "OPTIONS /kwssiamovil/sm/setfile/f? HTTP/1.1" 200 13
186.102.23.184 - - [17/Sep/2022:08:56:19 -0500] "POST /kwssiamovil/sm/setfile/f? HTTP/1.1" 200 381
186.102.23.184 - - [17/Sep/2022:08:56:31 -0500] "GET /kwssiamovil/sm/acme/a?s=U2FsdGVkX18638wGcQeQGdrGUfhoQOBXXVSBCB7acxJ3NW5zZkofYpy1W+2f5s3Q7Nzsj/roRRUwY1uuL74tSuXVUCOKpAhyC4bAX89xJUL10VYJIRA0UNn9Qb//GomEQ2d+tJk81Pe5fwpHgMDHEPSmL67kqh13OQA8h1JgAb0nvU2xUfibiAfjYAlwlw/kUb8JQwC3vhJafOF88TDCV9xP4V7Gq3uKA8sLDHLfc3nqksf2zlxVRSl7nES+T3ct+RHlbyVyg7WR+MpZ+ZT5QA==&u=U2FsdGVkX19aE3QYZhcRyMHTpD/uD7vEzBeLJ1SJIqO3SodUXxXuSjq4tWtZMeuA&y=U2FsdGVkX19zCt7zE6PdAJsKsgmRf8cdvYuAJqRRG6VXUcRTEZ4WMYuVkDFK4Cez HTTP/1.1" 200 25
186.102.23.184 - - [17/Sep/2022:08:56:32 -0500] "GET /kwssiamovil/sm/acme/a?s=U2FsdGVkX18p3Jac4cvaST4FIAhzn2iIicCawaevqIz7plTfmi9wt15WUa0H5Iotc6JkUtzCB5KYM9kDjLMEumYzlBtjJlyc0TG7QYY+Dwd4l0a0A4n+jN4S7h92yMw/I6A2EW+UANIf+x7kN3uG7PIv6xbPZVLLP3AVvVH2PYcQ8nFP2cUuyTt4Uy0l/YR0qANI7hYIPrbsZpiajLWJtDanWvCDEjdam1yWDi4SO6NJB4xzl3k7Q+KZnFrO4x0ez5z425PvErij3kn1PghHbJQMjVG2fQFlIwvJMzbmRDGjSNdBF9nddBPZmeNEhT2XgB2tlFvmaT0XURQYdRcp456kejCfWB5CWB8gj2kgM8ogDNkaIaWohbmKisz4v4y3nCCJqHRUiOQBwh+GZJrer1F5nAxPHFDiJ7eMCrf0OdW1slO2xxc5pPcNfXa3F7yyGu2XN7wHN7uDaRuOfzLn/OVDKmtBo1GdIC9kQ4F9WHVSaAkdCIZbHZHUNuUgOY0YTFwuW86q1WMVUjl8qomVB8pn4eN6ubz3mXsb8JvZZhZ2uCHxyv/yaoHtB6tazHPiDfMIQqv8irV5SsHF/yzbFlAvTaNfqvCCPvrs+9tv4qvL7RefjOv1YDnWeieRUG8mKLVpfB9HPqm48iq9Ka6/59u9HkjlRqOjxCL2WfLDiNxbKEoKTGndRQRL9htNUVamd6uF9vaEFApaCPBm/6qXU1c61+PMHBTNq8vafPKZXIGGYwzzPwOrl8VDG92BCDRlYh8VVHNZ4ZZRKCCQKs8kyq4fMvNj0HJMWIT5UN8G7IKV1hhQ1KVEy5VwHogD9UkEf9p4kPJJXLSyJB9xQ+QOa7gl/XM1eibotro/dLhlRzarFBL4UW6lg5qEXHqb7NMg+DTid6A1ku/ufvrU3elMOnj0yMvpOZr6SwbZSzmDo6x1/9cTUE8CNQPtuV5/D0IgTzy4hsXOB9klBVeSWnuuMzMdqAkBMkHBQUV/2P8QVM/kTF3gvs8NVwrln/a41q0pH6iX4Lzyl5bDqFrz58bDzkw3nGLIt5ciaBIsh16mfoXPtt7fJAAMbwOmeQU/wYHv+PPS6hGgwP7fei7+oiV9Crl28DPWixfg8v+bF1xOO8KOg1p3TYHTHG/dPMH19SHxmqe4kE0NLVfsE+zHIQ+2dLOEbbZ4112icov7VTPKh1yz/tRKAgxu0V0ZiHCq32FGeS9X2VRP0ou4FLzfZeoTDQtlX1zEql80lfZryYNOu/loaKArHJqKwsb+0mGG9wOhPdx1wqqdIxeUlco6YVFlLRtovSzc9v0ZGWud8PpRCDySagiffN99mO8t8Q/iv9oF9PCdy1wgF0ZVtd1s+h+QssJ5KOb94cApJd6TH307+ljS4HvITLopQ0fRNZCPl17W8wfkRbn92cZb8FeCrrPZJA4X2F9bcvIbJ15e1/zOdeo8I/1A9ElvHrscboh2YePJvBfJWJkR5wAheoGjvrwkwRopCkNCnbG0dK6f5WdkUAlzSXGPRTtN+mbO1Hy4Xu9uYOqi7nUXUdk+eaHClvPOYPg86F2cFrjTF9YJIxBds4tFU5T9zVmP0qgdHG1UmCDYuXGAGyvFJuLfDu2a8RD+VzHgzpFrib+JGhCEO7jedwlU9P0fcwhYGdozQqD71swnVhhUPYpuU5o1Kbfc84lFomy6msp9SRqaWz5VBGoG2QfotMf5y5N+z1eQHnFJZ2TsT+ks0E3KCrzSHA/JrWJfANOEu6b0P/2UpR9POSsCFyEDsJiSP8pUiSWasni2VKBQpCefUM3y76eghLMtZu4GnBIuNhifL7N1+qKZSEI3POUgToNenYJrI43Zu4mo6qtTxbT6H3Z6xW+O3ntXZdQJseZWyc2vpz7R7S5TaKzLFc1hpR2WsWRW/eVe2XGuXDpGIRW7pJYSibklK0sTtw/7VuMipcqixgYkrSyA/7SdQjDKE6nqimTfKdCpnlB45QTrbD/uXM/9Et/FsqrvlptLFknw5lDULZGmNC0aawaC7ofueX+7RJw2s93Oq8wbm/HHsvYQk9ooDaxBBjWZ8dlgRv5YAz8Kvo4CmAH8LQ7EcOwLl04zANxV66XDbPA928+TJavn2haPb9Wsj9X+smnmlzcZ65+KQeBfZ2T1pX4NBqlx8XXq9IpziUssttBiy+TUkj1TIq+y4bcYvt/ndK2OwtEmBzCTlowisgLY6JalWPQHuK09Hzc5Ltb/Id19ZBHZvpVcdilCyu8POldm75ItPXONSDXRDEBTeh7l0RCu3rw1EI+9UvRN5KzjWFlCbU3LbRdjp9T1q7rhHkkNPckl8wFGdhR7GtlykjllCczsS6XjtvwzcJYDaQTdXbgy66X76C0WOXsV4rXTHmqwqIjpSMLitrvW8XTAISktPE89IhhiQqhRNaMcKDa4Zr8Sq1IV&u=U2FsdGVkX19aE3QYZhcRyMHTpD/uD7vEzBeLJ1SJIqO3SodUXxXuSjq4tWtZMeuA&y=U2FsdGVkX19zCt7zE6PdAJsKsgmRf8cdvYuAJqRRG6VXUcRTEZ4WMYuVkDFK4Cez HTTP/1.1" 200 25
186.102.23.184 - - [17/Sep/2022:08:56:32 -0500] "GET /kwssiamovil/sm/acme/a?s=U2FsdGVkX1+ZjJuElSpTk7E0wJxqEwxpwkONcRQCYh9xIQoOZ1QRhqENDCCSC6vdNXnXu6y8qqu6nUjGPXAI8tLlMnJwHmyOaucxd/z9cIGXxav6jMCYye0Y1A67muhaxMyxH3TOo2Emg8Y9HG2HUzRRb58cYgvQFoJznctS3fU=&u=U2FsdGVkX19aE3QYZhcRyMHTpD/uD7vEzBeLJ1SJIqO3SodUXxXuSjq4tWtZMeuA&y=U2FsdGVkX19zCt7zE6PdAJsKsgmRf8cdvYuAJqRRG6VXUcRTEZ4WMYuVkDFK4Cez HTTP/1.1" 200 25
186.102.23.184 - - [17/Sep/2022:08:56:32 -0500] "GET /kwssiamovil/sm/acme/a?s=U2FsdGVkX18kBbStkyU4nqQm8JOZyGKeaFlVGkauB5CfIUuOkI3HY05mOWSpSmTS+n5Uw0hptq31rEFLZkHb3YIAyRguJ25xcN0wy+m5+gsiIyTiYnCDak1ZYSTEDuN59uivQzLD7OWjPkHF3OW3K8oiYqxF/uociP3gGvAHUT8=&u=U2FsdGVkX19aE3QYZhcRyMHTpD/uD7vEzBeLJ1SJIqO3SodUXxXuSjq4tWtZMeuA&y=U2FsdGVkX19zCt7zE6PdAJsKsgmRf8cdvYuAJqRRG6VXUcRTEZ4WMYuVkDFK4Cez HTTP/1.1" 200 25
186.102.23.184 - - [17/Sep/2022:08:56:32 -0500] "GET /kwssiamovil/sm/acme/a?s=U2FsdGVkX18j1bQHFbh/Fxee9FVBVkmXUqC6BHj2tpKHpEJmMfL1L6rj6k/oNOrBYw24wXsLOktSnh+tGtxuRY4v6Zoo9VnLpZ39BvLQpgCe+zigcLVapPZ/6ga3/lZox9Cb07h5DEbTVv6LMi+qg45CxN2o5dfrDPG85eYKHYg=&u=U2FsdGVkX19aE3QYZhcRyMHTpD/uD7vEzBeLJ1SJIqO3SodUXxXuSjq4tWtZMeuA&y=U2FsdGVkX19zCt7zE6PdAJsKsgmRf8cdvYuAJqRRG6VXUcRTEZ4WMYuVkDFK4Cez HTTP/1.1" 200 25
186.102.23.184 - - [17/Sep/2022:08:56:33 -0500] "GET /kwssiamovil/sm/acme/a?s=U2FsdGVkX1+2kLqGgziraZMWw37qOmpWS/89LMpu+vHs5xFgO5VYvDTs5TxGxm41G+gdT4e9MfRDA5jvNcP0VSL8E5o1SQILani3isDHQskOM7F0hvJ664Z23NXgpeS34SSvNxi1tLL/i/8mjOipnb7iKfkXKCXGpDOWFHE3lGgGZ0Un/n5WknP5jqy5XycL&u=U2FsdGVkX19aE3QYZhcRyMHTpD/uD7vEzBeLJ1SJIqO3SodUXxXuSjq4tWtZMeuA&y=U2FsdGVkX19zCt7zE6PdAJsKsgmRf8cdvYuAJqRRG6VXUcRTEZ4WMYuVkDFK4Cez HTTP/1.1" 200 25
186.102.23.184 - - [17/Sep/2022:08:56:33 -0500] "GET /kwssiamovil/sm/acme/a?s=U2FsdGVkX18U/0v5PnrK3rTNErioKtWGk9e4ehKzyR7Fu7cHGqdwTxptcLX/Y4J6Cor55D8x1aPO9agmXyBGYPQquvG6f6NWKziH0cfnzIuFkExc045zSP0T3VBXfrcS0W5fJsiF/AdEhGNRqz6gp5c9FyqzMY1gOIMDhTz8B+HlPYBgro/esejAshoklyTP95KT0T0N3EdUc4gSews2MwB1exQly6XGgAAOWHEItKguxVUMNMOItw5DTc7LzX/wl/7sXgMPwSZmAbczlyKjwX79m1eDWabChXtP3Uc4EjIeDZGZbMQwfbkuEi4VScYt/akG6fWsTXKUsCeNl5US5+6lPWFqJxBhU1JW25lEM335GKCX9/CSUm5X4FgoxZW31YhWqMd4b2ksXnYFz+D34inkLsGXHcdg8XZZaG0bEFCi5J/LK2o2gDxkoGDK3IVt3auGEuqUbl+RUG5obF+shDGUbBfPrH+VsnO5abZczcPZrkjfyNuKeM74DdQVP/4Q0GOEGO9h/Ty5GtthqBoIRYhWw1swd+TvuTWI1JkmFPI=&u=U2FsdGVkX19aE3QYZhcRyMHTpD/uD7vEzBeLJ1SJIqO3SodUXxXuSjq4tWtZMeuA&y=U2FsdGVkX19zCt7zE6PdAJsKsgmRf8cdvYuAJqRRG6VXUcRTEZ4WMYuVkDFK4Cez HTTP/1.1" 200 25
186.102.23.184 - - [17/Sep/2022:08:56:33 -0500] "GET /kwssiamovil/sm/acme/a?s=U2FsdGVkX18zvYqumNjpHuUML3m69Z9fzf8r9GTkGEYYc0jCKhCUmj3gfD02Ofbd4esjgR6DfoXssa5EPEdtU10OQgZrcumA/Z8jQPVWFewD5m+NRY48+6fQ1pEIp1hywNNLT2L9sZDKLp8M3nlbTMvuslsdj5qqW1feTPcXYAlf346aG3QY8A+GQYobei/IHNhPiw/hu7FDlCZgTAW0vr/em7Q98nfq67QFsEZ46WFV2TLtnh9DG+FafcIoRQ4UFzjVL6h+1OW83Bax0qMU4jKExF6pucJwe5celxFA0an8P5zqFxzk089wmjaf13ccpLkw8k2le+fTBh9xX58Ee/C41/48tDJCSKWiKROYZY+Qr+RGuQDtpdHB7wnNUt2VFhOv8SnjUoGDaFst6Q7XlxG7E+hwoxc3Hal/hADB7OqWhi3kwB2aFy8NsRozD4v79AqJJpNuhGqnE5Mp1H3Y2qk3jXdXreVCozB+P4TZfjDg15YnFTQENC3hIJM4OfJO&u=U2FsdGVkX19aE3QYZhcRyMHTpD/uD7vEzBeLJ1SJIqO3SodUXxXuSjq4tWtZMeuA&y=U2FsdGVkX19zCt7zE6PdAJsKsgmRf8cdvYuAJqRRG6VXUcRTEZ4WMYuVkDFK4Cez HTTP/1.1" 200 25
172.22.2.4 - - [17/Sep/2022:08:55:22 -0500] "HEAD /BLA/boletinlegal/ HTTP/1.1" 200 -
172.22.2.4 - - [17/Sep/2022:08:56:12 -0500] "GET /BLA/boletinlegal/ HTTP/1.1" 200 60281
178.33.230.232 - - [17/Sep/2022:08:58:56 -0500] "GET /ciudad-bolivar-recibe-la-feria-de-servicios.html HTTP/1.1" 200 726
201.245.192.253 - - [17/Sep/2022:08:59:41 -0500] "POST /kwsrmcab/Wsrmcab  HTTP/1.1" 200 37989
216.245.221.92 - - [17/Sep/2022:09:00:45 -0500] "HEAD / HTTP/1.1" 200 -
157.55.39.202 - - [17/Sep/2022:09:01:20 -0500] "GET /BLA/resoluciones/AUTOS%202022/2236.pdf HTTP/1.1" 304 -
2.57.171.42 - - [17/Sep/2022:09:02:10 -0500] "GET /Publicaciones/2022EE222201.pdf HTTP/1.1" 404 228
199.59.150.181 - - [17/Sep/2022:09:02:38 -0500] "GET /ciudad-bolivar-recibe-la-feria-de-servicios.html HTTP/1.1" 200 726
199.59.150.181 - - [17/Sep/2022:09:02:38 -0500] "GET /images/feria-17-de-septiembre_optimized.jpg HTTP/1.1" 200 40532
199.59.150.181 - - [17/Sep/2022:09:02:39 -0500] "GET /images/feria-17-de-septiembre_optimized.jpg HTTP/1.1" 200 40532
199.59.150.180 - - [17/Sep/2022:09:02:39 -0500] "GET /images/feria-17-de-septiembre_optimized.jpg HTTP/1.1" 200 40532
199.59.150.182 - - [17/Sep/2022:09:02:39 -0500] "GET /images/feria-17-de-septiembre_optimized.jpg HTTP/1.1" 200 40532
199.59.150.180 - - [17/Sep/2022:09:02:44 -0500] "GET /ciudad-bolivar-recibe-la-feria-de-servicios.html HTTP/1.1" 200 726
172.22.2.4 - - [17/Sep/2022:09:01:12 -0500] "HEAD /BLA/boletinlegal/ HTTP/1.1" 200 -
34.127.110.173 - - [17/Sep/2022:09:02:54 -0500] "HEAD /ciudad-bolivar-recibe-la-feria-de-servicios.html HTTP/1.1" 200 -
34.127.110.173 - - [17/Sep/2022:09:02:54 -0500] "HEAD /ciudad-bolivar-recibe-la-feria-de-servicios.html HTTP/1.1" 200 -
34.127.110.173 - - [17/Sep/2022:09:02:54 -0500] "HEAD /ciudad-bolivar-recibe-la-feria-de-servicios.html HTTP/1.1" 200 -
89.208.29.164 - - [17/Sep/2022:09:03:30 -0500] "GET /Publicaciones/2022EE223726.pdf HTTP/1.1" 404 228
93.203.34.57 - - [17/Sep/2022:09:03:32 -0500] "GET /Publicaciones/2022EE220862.pdf HTTP/1.1" 404 228
212.30.36.93 - - [17/Sep/2022:09:03:33 -0500] "GET /Publicaciones/2022EE220867.pdf HTTP/1.1" 404 228
89.208.29.164 - - [17/Sep/2022:09:03:34 -0500] "GET /Publicaciones/2022EE220868.pdf HTTP/1.1" 404 228
2.57.170.57 - - [17/Sep/2022:09:03:39 -0500] "GET /Publicaciones/2022EE229878.pdf HTTP/1.1" 200 365502
172.22.2.4 - - [17/Sep/2022:09:02:02 -0500] "GET /BLA/boletinlegal/ HTTP/1.1" 200 54003
185.220.100.241 - - [17/Sep/2022:09:03:41 -0500] "GET /Publicaciones/2022EE230307.pdf HTTP/1.1" 200 231954
191.101.252.95 - - [17/Sep/2022:09:03:41 -0500] "GET /Publicaciones/2022EE226180.pdf HTTP/1.1" 200 364443
88.99.195.213 - - [17/Sep/2022:09:03:44 -0500] "GET /ciudad-bolivar-recibe-la-feria-de-servicios.html HTTP/1.1" 200 726
2.57.170.57 - - [17/Sep/2022:09:03:47 -0500] "GET /Publicaciones/2022EE230325.pdf HTTP/1.1" 200 231936
205.185.117.149 - - [17/Sep/2022:09:03:44 -0500] "GET /Publicaciones/2022EE226626.pdf HTTP/1.1" 200 232000
185.220.101.62 - - [17/Sep/2022:09:04:17 -0500] "GET /Publicaciones/2022EE222203.pdf HTTP/1.1" 404 228
194.154.78.237 - - [17/Sep/2022:09:04:20 -0500] "GET /Publicaciones/2022EE223640.pdf HTTP/1.1" 404 228
2.57.171.42 - - [17/Sep/2022:09:04:26 -0500] "GET /BLA/resoluciones/Notificaciones/RESOLUCIONES%202022/1356.pdf HTTP/1.1" 200 1011664
194.5.52.184 - - [17/Sep/2022:09:04:28 -0500] "GET /BLA/resoluciones/Notificaciones/RESOLUCIONES%202022/2722.pdf HTTP/1.1" 200 406243
138.201.35.109 - - [17/Sep/2022:09:04:29 -0500] "GET /ciudad-bolivar-recibe-la-feria-de-servicios.html HTTP/1.1" 200 726
201.245.192.253 - - [17/Sep/2022:09:04:40 -0500] "POST /kwsrmcab/Wsrmcab  HTTP/1.1" 200 37989
23.128.248.16 - - [17/Sep/2022:09:04:50 -0500] "GET /BLA/resoluciones/Notificaciones/RESOLUCIONES%202022/3210.pdf HTTP/1.1" 200 951708
190.27.27.35 - - [17/Sep/2022:09:05:10 -0500] "GET /acuerdos-de-conservacion-firmados-en-la-reserva-van-der-hammen-empieza-a-dar-frutos.html HTTP/1.1" 200 843
89.208.29.164 - - [17/Sep/2022:09:05:34 -0500] "GET /BLA/resoluciones/Notificaciones/AUTOS%202021/5100.pdf HTTP/1.1" 200 355213
216.245.221.92 - - [17/Sep/2022:09:05:45 -0500] "HEAD / HTTP/1.1" 200 -
194.154.78.237 - - [17/Sep/2022:09:06:03 -0500] "GET /BLA/resoluciones/Notificaciones/RESOLUCIONES%202022/1371.pdf HTTP/1.1" 200 513051
45.67.97.5 - - [17/Sep/2022:09:06:36 -0500] "GET /BLA/resoluciones/Notificaciones/RESOLUCIONES%202022/2346.pdf HTTP/1.1" 200 417631
172.22.2.4 - - [17/Sep/2022:09:07:02 -0500] "HEAD /BLA/boletinlegal/ HTTP/1.1" 200 -
172.22.2.4 - - [17/Sep/2022:09:07:52 -0500] "GET /BLA/boletinlegal/ HTTP/1.1" 200 58575
201.245.192.253 - - [17/Sep/2022:09:09:39 -0500] "POST /kwsrmcab/Wsrmcab  HTTP/1.1" 200 37989
216.245.221.92 - - [17/Sep/2022:09:10:45 -0500] "HEAD / HTTP/1.1" 200 -
207.46.13.86 - - [17/Sep/2022:09:10:59 -0500] "GET /BLA/resoluciones/ HTTP/1.1" 200 13093
31.13.115.5 - - [17/Sep/2022:09:11:58 -0500] "GET /ciudad-bolivar-recibe-la-feria-de-servicios.html?fbclid=IwAR0RbBvqmV9ZjPrM7RuAW9RrAv-lATmrxAirgUef3qhC7b89kXQAJYPDOhU HTTP/1.1" 200 726
167.114.1.197 - - [17/Sep/2022:09:13:07 -0500] "GET /ciudad-bolivar-recibe-la-feria-de-servicios.html HTTP/1.1" 200 726
51.79.77.165 - - [17/Sep/2022:09:13:07 -0500] "GET /ciudad-bolivar-recibe-la-feria-de-servicios.html HTTP/1.1" 200 726
167.114.1.197 - - [17/Sep/2022:09:13:08 -0500] "GET /ciudad-bolivar-recibe-la-feria-de-servicios.html HTTP/1.1" 200 726
142.44.136.207 - - [17/Sep/2022:09:13:09 -0500] "GET /ciudad-bolivar-recibe-la-feria-de-servicios.html HTTP/1.1" 200 726
51.161.115.226 - - [17/Sep/2022:09:13:09 -0500] "GET /ciudad-bolivar-recibe-la-feria-de-servicios.html HTTP/1.1" 200 726
142.4.217.87 - - [17/Sep/2022:09:13:11 -0500] "GET /ciudad-bolivar-recibe-la-feria-de-servicios.html HTTP/1.1" 200 726
172.22.2.4 - - [17/Sep/2022:09:12:52 -0500] "HEAD /BLA/boletinlegal/ HTTP/1.1" 200 -
201.245.192.253 - - [17/Sep/2022:09:14:38 -0500] "POST /kwsrmcab/Wsrmcab  HTTP/1.1" 200 37989
172.22.2.4 - - [17/Sep/2022:09:15:00 -0500] "GET /BLA/boletinlegal/actos.php HTTP/1.1" 200 9559
172.22.2.4 - - [17/Sep/2022:09:15:01 -0500] "GET /BLA/boletinlegal/styles2.css HTTP/1.1" 200 1838
172.22.2.4 - - [17/Sep/2022:09:15:01 -0500] "GET /BLA/boletinlegal/js/ajax_actos.js HTTP/1.1" 200 1322
172.22.2.4 - - [17/Sep/2022:09:15:01 -0500] "GET /BLA/boletinlegal/niceforms-default.css HTTP/1.1" 200 6694
172.22.2.4 - - [17/Sep/2022:09:15:01 -0500] "GET /BLA/boletinlegal/style.css HTTP/1.1" 200 9406
172.22.2.4 - - [17/Sep/2022:09:15:01 -0500] "GET /BLA/boletinlegal/niceforms.js HTTP/1.1" 200 22876
172.22.2.4 - - [17/Sep/2022:09:15:01 -0500] "GET /BLA/boletinlegal/js/lib.js HTTP/1.1" 200 6474
172.22.2.4 - - [17/Sep/2022:09:15:01 -0500] "GET /BLA/boletinlegal/js/popup.js HTTP/1.1" 200 1270
172.22.2.4 - - [17/Sep/2022:09:15:01 -0500] "GET /BLA/boletinlegal/js/jquery1.js HTTP/1.1" 200 29846
172.22.2.4 - - [17/Sep/2022:09:15:01 -0500] "GET /BLA/boletinlegal/images/cabezote%20BLEGAL.jpg HTTP/1.1" 200 118164
172.22.2.4 - - [17/Sep/2022:09:15:01 -0500] "GET /BLA/boletinlegal/images/subscribe-icon-big.png HTTP/1.1" 200 47702
172.22.2.4 - - [17/Sep/2022:09:15:01 -0500] "GET /BLA/boletinlegal/images/historia.png HTTP/1.1" 200 52775
172.22.2.4 - - [17/Sep/2022:09:15:01 -0500] "GET /BLA/boletinlegal/images/registro-usuarios.png HTTP/1.1" 200 8106
172.22.2.4 - - [17/Sep/2022:09:15:01 -0500] "GET /BLA/boletinlegal/images/green-yellow-blue-pink-th.png HTTP/1.1" 200 7394
172.22.2.4 - - [17/Sep/2022:09:15:01 -0500] "GET /BLA/boletinlegal/images/abajo.png HTTP/1.1" 200 96676
172.22.2.4 - - [17/Sep/2022:09:15:01 -0500] "GET /BLA/boletinlegal/images/menu_lft.gif HTTP/1.1" 200 1713
172.22.2.4 - - [17/Sep/2022:09:15:01 -0500] "GET /BLA/boletinlegal/images/menu_rght.gif HTTP/1.1" 200 1627
172.22.2.4 - - [17/Sep/2022:09:15:01 -0500] "GET /BLA/boletinlegal/images/bg_top.jpg HTTP/1.1" 200 522
172.22.2.4 - - [17/Sep/2022:09:15:01 -0500] "GET /BLA/boletinlegal/images/menu_bg.jpg HTTP/1.1" 200 620
172.22.2.4 - - [17/Sep/2022:09:15:01 -0500] "GET /BLA/boletinlegal/images/footer_bg.jpg HTTP/1.1" 200 586
172.22.2.4 - - [17/Sep/2022:09:15:01 -0500] "GET /BLA/boletinlegal/images/footer_bg_l.jpg HTTP/1.1" 200 776
172.22.2.4 - - [17/Sep/2022:09:15:01 -0500] "GET /BLA/boletinlegal/images/tel.png HTTP/1.1" 200 14477
172.22.2.4 - - [17/Sep/2022:09:15:01 -0500] "GET /BLA/boletinlegal/images/body_bg.jpg HTTP/1.1" 200 1601
172.22.2.4 - - [17/Sep/2022:09:15:01 -0500] "GET /BLA/boletinlegal/images/text.jpg HTTP/1.1" 200 568
172.22.2.4 - - [17/Sep/2022:09:15:01 -0500] "GET /BLA/boletinlegal/images/hover.jpg HTTP/1.1" 200 640
172.22.2.4 - - [17/Sep/2022:09:15:01 -0500] "GET /BLA/boletinlegal/images/icono-email.png HTTP/1.1" 200 5544
172.22.2.4 - - [17/Sep/2022:09:15:02 -0500] "GET /BLA/boletinlegal/img/0.png HTTP/1.1" 200 110
172.22.2.4 - - [17/Sep/2022:09:15:02 -0500] "GET /BLA/boletinlegal/img/select-left.png HTTP/1.1" 200 263
172.22.2.4 - - [17/Sep/2022:09:15:02 -0500] "GET /BLA/boletinlegal/img/select-right.png HTTP/1.1" 200 44019
172.22.2.4 - - [17/Sep/2022:09:15:02 -0500] "GET /BLA/boletinlegal/img/button-left.png HTTP/1.1" 200 57071
172.22.2.4 - - [17/Sep/2022:09:15:02 -0500] "GET /BLA/boletinlegal/img/button-right.png HTTP/1.1" 200 57878
172.22.2.4 - - [17/Sep/2022:09:15:02 -0500] "GET /BLA/boletinlegal/img/button.png HTTP/1.1" 200 43241
172.22.2.4 - - [17/Sep/2022:09:15:02 -0500] "GET /BLA/boletinlegal/favicon.ico HTTP/1.1" 404 1326
172.22.2.4 - - [17/Sep/2022:09:13:42 -0500] "GET /BLA/boletinlegal/ HTTP/1.1" 200 52877
216.245.221.92 - - [17/Sep/2022:09:15:45 -0500] "HEAD / HTTP/1.1" 200 -
172.22.2.4 - - [17/Sep/2022:09:15:49 -0500] "GET /BLA/boletinlegal/consulta_actos.php?tipo=autos&no=5564&usuario=&sector=SILVICULTURA&fecha=2021&resuelve= HTTP/1.1" 200 626
181.53.12.60 - - [17/Sep/2022:09:16:41 -0500] "GET /BLA/resoluciones/ HTTP/1.1" 200 13093
181.53.12.60 - - [17/Sep/2022:09:16:42 -0500] "GET /BLA/resoluciones/dlf/styles.css HTTP/1.1" 200 3049
181.53.12.60 - - [17/Sep/2022:09:16:42 -0500] "GET /BLA/resoluciones/dlf/folder.png HTTP/1.1" 200 410
181.53.12.60 - - [17/Sep/2022:09:16:42 -0500] "GET /BLA/resoluciones/dlf/bg.gif HTTP/1.1" 200 54
181.53.12.60 - - [17/Sep/2022:09:16:42 -0500] "GET /favicon.ico HTTP/1.1" 200 7782
181.53.12.60 - - [17/Sep/2022:09:16:47 -0500] "GET /BLA/resoluciones/index.php?dir=RESOLUCIONES+2021%2F HTTP/1.1" 200 422970
181.53.12.60 - - [17/Sep/2022:09:16:47 -0500] "GET /BLA/resoluciones/dlf/dirup.png HTTP/1.1" 200 644
181.53.12.60 - - [17/Sep/2022:09:16:47 -0500] "GET /BLA/resoluciones/dlf/pdf.gif HTTP/1.1" 200 272
181.53.12.60 - - [17/Sep/2022:09:17:03 -0500] "GET /BLA/resoluciones/RESOLUCIONES%202021/0809.pdf HTTP/1.1" 200 597205
148.251.136.182 - - [17/Sep/2022:09:18:11 -0500] "HEAD /ciudad-bolivar-recibe-la-feria-de-servicios.html HTTP/1.1" 200 -
157.55.39.153 - - [17/Sep/2022:09:18:45 -0500] "GET /portaldeninos/2021/04/29/2027/ HTTP/1.1" 200 104979
207.46.13.184 - - [17/Sep/2022:09:19:10 -0500] "GET /portaldeninos/wp-includes/js/comment-reply.min.js?ver=4.9.8 HTTP/1.1" 200 1078
181.53.12.60 - - [17/Sep/2022:09:19:26 -0500] "GET /BLA/resoluciones/RESOLUCIONES%202021/2021.pdf HTTP/1.1" 200 475058
201.245.192.253 - - [17/Sep/2022:09:19:37 -0500] "POST /kwsrmcab/Wsrmcab  HTTP/1.1" 200 37989
201.245.192.253 - - [17/Sep/2022:09:19:44 -0500] "POST /kwsrmcab/Wsrmcab HTTP/1.1" 200 42034
201.245.192.253 - - [17/Sep/2022:09:19:48 -0500] "POST /kwsrmcab/Wsrmcab HTTP/1.1" 200 42628
172.22.2.4 - - [17/Sep/2022:09:18:42 -0500] "HEAD /BLA/boletinlegal/ HTTP/1.1" 200 -
181.53.12.60 - - [17/Sep/2022:09:20:41 -0500] "GET /BLA/resoluciones/index.php?dir=RESOLUCIONES+2022%2F HTTP/1.1" 200 154594
216.245.221.92 - - [17/Sep/2022:09:20:45 -0500] "HEAD / HTTP/1.1" 200 -
181.53.12.60 - - [17/Sep/2022:09:21:11 -0500] "GET /BLA/resoluciones/index.php?dir=RESOLUCIONES+2021%2F HTTP/1.1" 200 422970
172.22.2.4 - - [17/Sep/2022:09:19:33 -0500] "GET /BLA/boletinlegal/ HTTP/1.1" 200 52877
181.53.12.60 - - [17/Sep/2022:09:22:30 -0500] "GET /BLA/resoluciones/RESOLUCIONES%202021/2020.pdf HTTP/1.1" 200 483265
152.89.196.211 - - [17/Sep/2022:09:22:56 -0500] "GET /?XDEBUG_SESSION_START=phpstorm HTTP/1.1" 200 319
201.245.192.253 - - [17/Sep/2022:09:24:36 -0500] "POST /kwsrmcab/Wsrmcab  HTTP/1.1" 200 37989
216.245.221.92 - - [17/Sep/2022:09:25:45 -0500] "HEAD / HTTP/1.1" 200 -
172.22.2.4 - - [17/Sep/2022:09:24:32 -0500] "HEAD /BLA/boletinlegal/ HTTP/1.1" 200 -
172.22.2.4 - - [17/Sep/2022:09:25:22 -0500] "GET /BLA/boletinlegal/ HTTP/1.1" 200 60281
201.245.192.253 - - [17/Sep/2022:09:29:35 -0500] "POST /kwsrmcab/Wsrmcab  HTTP/1.1" 200 37989
17.121.114.159 - - [17/Sep/2022:09:29:39 -0500] "-" 408 -
201.245.192.253 - - [17/Sep/2022:09:29:44 -0500] "POST /kwsrmcab/Wsrmcab HTTP/1.1" 200 42034
201.245.192.253 - - [17/Sep/2022:09:29:48 -0500] "POST /kwsrmcab/Wsrmcab HTTP/1.1" 200 42628
190.84.117.197 - - [17/Sep/2022:09:30:10 -0500] "GET /BLA/resoluciones/index.php?dir=RESOLUCIONES+2019%2F HTTP/1.1" 200 245749
172.22.2.4 - - [17/Sep/2022:09:30:29 -0500] "GET /BLA/boletinlegal/Circulares/2017/Circular%20No.%2007%20del%2028%20de%20Abril%20de%202017.pdf HTTP/1.1" 200 309906
216.245.221.92 - - [17/Sep/2022:09:30:45 -0500] "HEAD / HTTP/1.1" 200 -
172.22.2.4 - - [17/Sep/2022:09:30:22 -0500] "HEAD /BLA/boletinlegal/ HTTP/1.1" 200 -
172.22.2.4 - - [17/Sep/2022:09:31:12 -0500] "GET /BLA/boletinlegal/ HTTP/1.1" 200 60281
201.245.192.253 - - [17/Sep/2022:09:34:34 -0500] "POST /kwsrmcab/Wsrmcab  HTTP/1.1" 200 37989
216.245.221.92 - - [17/Sep/2022:09:35:45 -0500] "HEAD / HTTP/1.1" 200 -
172.22.2.4 - - [17/Sep/2022:09:37:11 -0500] "GET /BLA/boletinlegal/robots.txt HTTP/1.1" 404 1038
172.22.2.4 - - [17/Sep/2022:09:36:12 -0500] "HEAD /BLA/boletinlegal/ HTTP/1.1" 200 -
172.22.2.4 - - [17/Sep/2022:09:37:02 -0500] "GET /BLA/boletinlegal/ HTTP/1.1" 200 50799
172.22.2.4 - - [17/Sep/2022:09:37:12 -0500] "GET /BLA/boletinlegal/index.php HTTP/1.1" 200 51183
201.245.192.253 - - [17/Sep/2022:09:39:33 -0500] "POST /kwsrmcab/Wsrmcab  HTTP/1.1" 200 37989
201.245.192.253 - - [17/Sep/2022:09:39:44 -0500] "POST /kwsrmcab/Wsrmcab HTTP/1.1" 200 42034
201.245.192.253 - - [17/Sep/2022:09:39:47 -0500] "POST /kwsrmcab/Wsrmcab HTTP/1.1" 200 42628
87.236.176.13 - - [17/Sep/2022:09:40:06 -0500] "GET / HTTP/1.1" 200 319
87.236.176.182 - - [17/Sep/2022:09:40:12 -0500] "GET /favicon.ico HTTP/1.1" 200 7782
216.245.221.92 - - [17/Sep/2022:09:40:45 -0500] "HEAD / HTTP/1.1" 200 -
185.119.81.108 - - [17/Sep/2022:09:40:52 -0500] "GET /portaldeninos/wp-login.php HTTP/1.1" 200 2592
185.119.81.108 - - [17/Sep/2022:09:40:53 -0500] "POST /portaldeninos/wp-login.php HTTP/1.1" 200 3650
186.86.34.17 - - [17/Sep/2022:09:41:13 -0500] "GET /acuerdos-de-conservacion-firmados-en-la-reserva-van-der-hammen-empieza-a-dar-frutos.html HTTP/1.1" 200 843
172.22.2.4 - - [17/Sep/2022:09:42:02 -0500] "HEAD /BLA/boletinlegal/ HTTP/1.1" 200 -
172.22.2.4 - - [17/Sep/2022:09:42:52 -0500] "GET /BLA/boletinlegal/ HTTP/1.1" 200 58163
201.245.192.253 - - [17/Sep/2022:09:44:32 -0500] "POST /kwsrmcab/Wsrmcab  HTTP/1.1" 200 37989
172.22.2.4 - - [17/Sep/2022:09:45:28 -0500] "GET /BLA/boletinlegal/styles2.css HTTP/1.1" 200 1838
172.22.2.4 - - [17/Sep/2022:09:45:28 -0500] "GET /BLA/boletinlegal/style.css HTTP/1.1" 200 9406
172.22.2.4 - - [17/Sep/2022:09:45:28 -0500] "GET /BLA/boletinlegal/js/jquery.js HTTP/1.1" 200 57254
172.22.2.4 - - [17/Sep/2022:09:45:28 -0500] "GET /BLA/boletinlegal/js/jquery.scrollTo-min.js HTTP/1.1" 200 1150
172.22.2.4 - - [17/Sep/2022:09:45:28 -0500] "GET /BLA/boletinlegal/js/jquery.scrollShow.js HTTP/1.1" 200 4586
172.22.2.4 - - [17/Sep/2022:09:45:28 -0500] "GET /BLA/boletinlegal/images/cabezote%20BLEGAL.jpg HTTP/1.1" 200 118164
172.22.2.4 - - [17/Sep/2022:09:45:28 -0500] "GET /BLA/boletinlegal/images/subscribe-icon-big.png HTTP/1.1" 200 47702
172.22.2.4 - - [17/Sep/2022:09:45:28 -0500] "GET /BLA/boletinlegal/images/historia.png HTTP/1.1" 200 52775
172.22.2.4 - - [17/Sep/2022:09:45:28 -0500] "GET /BLA/boletinlegal/images/registro-usuarios.png HTTP/1.1" 200 8106
172.22.2.4 - - [17/Sep/2022:09:45:28 -0500] "GET /BLA/boletinlegal/images/arr_l.jpg HTTP/1.1" 200 1979
172.22.2.4 - - [17/Sep/2022:09:45:28 -0500] "GET /BLA/boletinlegal/images/screen_1.png HTTP/1.1" 200 202547
172.22.2.4 - - [17/Sep/2022:09:45:28 -0500] "GET /BLA/boletinlegal/images/launch.jpg HTTP/1.1" 200 14577
172.22.2.4 - - [17/Sep/2022:09:45:28 -0500] "GET /BLA/boletinlegal/images/body_bg.jpg HTTP/1.1" 200 1601
172.22.2.4 - - [17/Sep/2022:09:45:28 -0500] "GET /BLA/boletinlegal/images/menu_lft.gif HTTP/1.1" 200 1713
172.22.2.4 - - [17/Sep/2022:09:45:28 -0500] "GET /BLA/boletinlegal/images/menu_rght.gif HTTP/1.1" 200 1627
172.22.2.4 - - [17/Sep/2022:09:45:28 -0500] "GET /BLA/boletinlegal/images/bg_top.jpg HTTP/1.1" 200 522
172.22.2.4 - - [17/Sep/2022:09:45:28 -0500] "GET /BLA/boletinlegal/images/menu_bg.jpg HTTP/1.1" 200 620
172.22.2.4 - - [17/Sep/2022:09:45:28 -0500] "GET /BLA/boletinlegal/images/hover.jpg HTTP/1.1" 200 640
172.22.2.4 - - [17/Sep/2022:09:45:28 -0500] "GET /BLA/boletinlegal/images/text.jpg HTTP/1.1" 200 568
172.22.2.4 - - [17/Sep/2022:09:45:31 -0500] "GET /BLA/boletinlegal/normativa.php HTTP/1.1" 200 8326
172.22.2.4 - - [17/Sep/2022:09:45:31 -0500] "GET /BLA/boletinlegal/js/ajax_normativa.js HTTP/1.1" 200 1154
172.22.2.4 - - [17/Sep/2022:09:45:31 -0500] "GET /BLA/boletinlegal/niceforms.js HTTP/1.1" 200 22876
172.22.2.4 - - [17/Sep/2022:09:45:31 -0500] "GET /BLA/boletinlegal/niceforms-default.css HTTP/1.1" 200 6694
172.22.2.4 - - [17/Sep/2022:09:45:31 -0500] "GET /BLA/boletinlegal/images/abajo.png HTTP/1.1" 200 96676
172.22.2.4 - - [17/Sep/2022:09:45:31 -0500] "GET /BLA/boletinlegal/images/tel.png HTTP/1.1" 200 14477
172.22.2.4 - - [17/Sep/2022:09:45:31 -0500] "GET /BLA/boletinlegal/images/icono-email.png HTTP/1.1" 200 5544
172.22.2.4 - - [17/Sep/2022:09:45:31 -0500] "GET /BLA/boletinlegal/images/footer_bg.jpg HTTP/1.1" 200 586
172.22.2.4 - - [17/Sep/2022:09:45:31 -0500] "GET /BLA/boletinlegal/images/footer_bg_l.jpg HTTP/1.1" 200 776
172.22.2.4 - - [17/Sep/2022:09:45:31 -0500] "GET /BLA/boletinlegal/img/0.png HTTP/1.1" 200 110
172.22.2.4 - - [17/Sep/2022:09:45:31 -0500] "GET /BLA/boletinlegal/img/select-left.png HTTP/1.1" 200 263
172.22.2.4 - - [17/Sep/2022:09:45:31 -0500] "GET /BLA/boletinlegal/img/select-right.png HTTP/1.1" 200 44019
172.22.2.4 - - [17/Sep/2022:09:45:31 -0500] "GET /BLA/boletinlegal/img/button-left.png HTTP/1.1" 200 57071
172.22.2.4 - - [17/Sep/2022:09:45:31 -0500] "GET /BLA/boletinlegal/img/button.png HTTP/1.1" 200 43241
172.22.2.4 - - [17/Sep/2022:09:45:31 -0500] "GET /BLA/boletinlegal/img/button-right.png HTTP/1.1" 200 57878
172.22.2.4 - - [17/Sep/2022:09:45:31 -0500] "GET /BLA/boletinlegal/favicon.ico HTTP/1.1" 404 1334
172.22.2.4 - - [17/Sep/2022:09:45:33 -0500] "GET /BLA/boletinlegal/actos.php HTTP/1.1" 200 9559
172.22.2.4 - - [17/Sep/2022:09:45:33 -0500] "GET /BLA/boletinlegal/js/ajax_actos.js HTTP/1.1" 200 1322
172.22.2.4 - - [17/Sep/2022:09:45:33 -0500] "GET /BLA/boletinlegal/js/lib.js HTTP/1.1" 200 6474
172.22.2.4 - - [17/Sep/2022:09:45:33 -0500] "GET /BLA/boletinlegal/js/popup.js HTTP/1.1" 200 1270
172.22.2.4 - - [17/Sep/2022:09:45:33 -0500] "GET /BLA/boletinlegal/js/jquery1.js HTTP/1.1" 200 29846
172.22.2.4 - - [17/Sep/2022:09:45:33 -0500] "GET /BLA/boletinlegal/images/green-yellow-blue-pink-th.png HTTP/1.1" 200 7394
216.245.221.92 - - [17/Sep/2022:09:45:45 -0500] "HEAD / HTTP/1.1" 200 -
212.102.41.22 - - [17/Sep/2022:09:45:54 -0500] "GET /wp-login.php HTTP/1.1" 404 1018
172.22.2.4 - - [17/Sep/2022:09:45:28 -0500] "GET /BLA/boletinlegal/ HTTP/1.1" 200 24523
172.22.2.4 - - [17/Sep/2022:09:46:16 -0500] "GET /BLA/boletinlegal/consulta_actos.php?tipo=resoluciones&no=6854&usuario=&sector=&fecha=2011&resuelve= HTTP/1.1" 200 626
172.22.2.4 - - [17/Sep/2022:09:46:46 -0500] "GET /BLA/boletinlegal/robots.txt HTTP/1.1" 404 1118
172.22.2.4 - - [17/Sep/2022:09:46:52 -0500] "GET /BLA/boletinlegal/consulta_actos.php?tipo=resoluciones&no=6854&usuario=&sector=PEV&fecha=2011&resuelve= HTTP/1.1" 200 626
172.22.2.4 - - [17/Sep/2022:09:46:54 -0500] "GET /BLA/boletinlegal/consulta_actos.php?tipo=resoluciones&no=6854&usuario=&sector=PEV&fecha=2011&resuelve= HTTP/1.1" 200 626
69.63.184.119 - - [17/Sep/2022:09:47:38 -0500] "GET /ciudad-bolivar-recibe-la-feria-de-servicios.html HTTP/1.1" 206 726
69.63.184.1 - - [17/Sep/2022:09:47:38 -0500] "GET /ciudad-bolivar-recibe-la-feria-de-servicios.html HTTP/1.1" 206 726
172.22.2.4 - - [17/Sep/2022:09:48:16 -0500] "GET /BLA/boletinlegal/consulta_actos.php?tipo=resoluciones&no=6854&usuario=&sector=PEV&fecha=2011&resuelve= HTTP/1.1" 200 626
172.22.2.4 - - [17/Sep/2022:09:46:51 -0500] "GET /BLA/boletinlegal/ HTTP/1.1" 200 57291
172.22.2.4 - - [17/Sep/2022:09:47:52 -0500] "HEAD /BLA/boletinlegal/ HTTP/1.1" 200 -
201.245.192.253 - - [17/Sep/2022:09:49:31 -0500] "POST /kwsrmcab/Wsrmcab  HTTP/1.1" 200 37989
172.22.2.4 - - [17/Sep/2022:09:49:46 -0500] "GET /BLA/boletinlegal/Directivas/2022/DIRECTIVA%20No.%2000001%20DEL%2015%20DE%20JUNIO%20DEL%202022.pdf HTTP/1.1" 200 290944
172.22.2.4 - - [17/Sep/2022:09:48:42 -0500] "GET /BLA/boletinlegal/ HTTP/1.1" 200 56376
186.84.88.78 - - [17/Sep/2022:09:50:24 -0500] "-" 408 -
216.245.221.92 - - [17/Sep/2022:09:50:45 -0500] "HEAD / HTTP/1.1" 200 -
17.121.115.195 - - [17/Sep/2022:09:51:20 -0500] "-" 408 -
172.105.77.209 - - [17/Sep/2022:09:52:08 -0500] "-" 408 -
201.245.192.253 - - [17/Sep/2022:09:54:30 -0500] "POST /kwsrmcab/Wsrmcab  HTTP/1.1" 200 37989
172.22.2.4 - - [17/Sep/2022:09:53:42 -0500] "HEAD /BLA/boletinlegal/ HTTP/1.1" 200 -
216.245.221.92 - - [17/Sep/2022:09:55:45 -0500] "HEAD / HTTP/1.1" 200 -
172.22.2.4 - - [17/Sep/2022:09:54:32 -0500] "GET /BLA/boletinlegal/ HTTP/1.1" 200 46329
172.22.2.4 - - [17/Sep/2022:09:55:13 -0500] "GET /BLA/boletinlegal/index.php HTTP/1.1" 200 54003
173.252.107.3 - - [17/Sep/2022:09:59:32 -0500] "GET /mas-de-4000-observaciones-de-fauna-y-flora-en-el-reto-naturalista-2022.html HTTP/1.1" 206 842
201.245.192.253 - - [17/Sep/2022:09:59:29 -0500] "POST /kwsrmcab/Wsrmcab  HTTP/1.1" 200 37989
66.220.149.15 - - [17/Sep/2022:09:59:33 -0500] "GET /images/Naturalista1.jpeg HTTP/1.1" 200 202073
216.245.221.92 - - [17/Sep/2022:10:00:45 -0500] "HEAD / HTTP/1.1" 200 -
172.22.2.4 - - [17/Sep/2022:09:59:32 -0500] "HEAD /BLA/boletinlegal/ HTTP/1.1" 200 -
172.22.2.4 - - [17/Sep/2022:10:00:22 -0500] "GET /BLA/boletinlegal/ HTTP/1.1" 200 58575
172.22.2.4 - - [17/Sep/2022:10:02:18 -0500] "GET /BLA/boletinlegal/actos.php HTTP/1.1" 200 9559
186.29.188.121 - - [17/Sep/2022:10:02:20 -0500] "GET /BLA/resoluciones/ HTTP/1.1" 200 13093
172.22.2.4 - - [17/Sep/2022:10:02:51 -0500] "GET /BLA/boletinlegal/actos.php HTTP/1.1" 200 9559
172.22.2.4 - - [17/Sep/2022:10:02:52 -0500] "GET /BLA/boletinlegal/favicon.ico HTTP/1.1" 404 1326
186.29.180.254 - - [17/Sep/2022:10:02:55 -0500] "GET /BLA/resoluciones/ HTTP/1.1" 200 13093
172.22.2.4 - - [17/Sep/2022:10:02:15 -0500] "GET /BLA/boletinlegal/ HTTP/1.1" 200 36811
186.29.188.121 - - [17/Sep/2022:10:04:07 -0500] "GET /BLA/resoluciones/dlf/unknown.png HTTP/1.1" 200 266
186.29.188.121 - - [17/Sep/2022:10:04:07 -0500] "GET /BLA/resoluciones/index.php?dir=AUTOS+2015%2F HTTP/1.1" 200 576996
186.29.188.121 - - [17/Sep/2022:10:04:18 -0500] "GET /BLA/resoluciones/AUTOS%202015/0070.pdf HTTP/1.1" 200 694491
186.29.188.121 - - [17/Sep/2022:10:04:28 -0500] "GET /BLA/resoluciones/ HTTP/1.1" 200 13093
201.245.192.253 - - [17/Sep/2022:10:04:27 -0500] "POST /kwsrmcab/Wsrmcab  HTTP/1.1" 200 37989
186.29.188.121 - - [17/Sep/2022:10:04:34 -0500] "GET /BLA/resoluciones/index.php?dir=RESOLUCIONES+2015%2F HTTP/1.1" 200 130562
186.29.180.254 - - [17/Sep/2022:10:04:43 -0500] "GET /BLA/resoluciones/index.php?dir=RESOLUCIONES+2018%2F HTTP/1.1" 200 270926
186.29.188.121 - - [17/Sep/2022:10:05:26 -0500] "GET /BLA/resoluciones/index.php?dir=RESOLUCIONES+2014%2F HTTP/1.1" 200 333679
186.29.188.121 - - [17/Sep/2022:10:05:39 -0500] "GET /BLA/resoluciones/RESOLUCIONES%202014/1300.pdf HTTP/1.1" 200 916910
216.245.221.92 - - [17/Sep/2022:10:05:45 -0500] "HEAD / HTTP/1.1" 200 -
157.55.39.201 - - [17/Sep/2022:10:06:44 -0500] "GET /BLA/resoluciones/RESOLUCIONES%202021/0753.pdf HTTP/1.1" 200 510227
172.22.2.4 - - [17/Sep/2022:10:05:22 -0500] "HEAD /BLA/boletinlegal/ HTTP/1.1" 200 -
172.22.2.4 - - [17/Sep/2022:10:06:12 -0500] "GET /BLA/boletinlegal/ HTTP/1.1" 200 58163
161.35.231.174 - - [17/Sep/2022:10:08:09 -0500] "GET / HTTP/1.0" 200 319
185.119.81.108 - - [17/Sep/2022:10:09:04 -0500] "GET /portaldeninos/wp-login.php HTTP/1.1" 200 2592
185.119.81.108 - - [17/Sep/2022:10:09:05 -0500] "POST /portaldeninos/wp-login.php HTTP/1.1" 200 3605
201.245.192.253 - - [17/Sep/2022:10:09:27 -0500] "POST /kwsrmcab/Wsrmcab  HTTP/1.1" 200 37989
172.22.2.4 - - [17/Sep/2022:10:09:55 -0500] "GET /BLA/boletinlegal/robots.txt HTTP/1.1" 404 1038
172.22.2.4 - - [17/Sep/2022:10:09:55 -0500] "GET /BLA/boletinlegal/Circulares/2013/Circular%20No.%202%20del%2022%20de%20enero%20de%202013.pdf HTTP/1.1" 304 -
216.245.221.92 - - [17/Sep/2022:10:10:45 -0500] "HEAD / HTTP/1.1" 200 -
66.249.73.100 - - [17/Sep/2022:10:10:59 -0500] "-" 408 -
152.89.196.211 - - [17/Sep/2022:10:12:43 -0500] "-" 408 -
172.22.2.4 - - [17/Sep/2022:10:11:12 -0500] "HEAD /BLA/boletinlegal/ HTTP/1.1" 200 -
185.119.81.102 - - [17/Sep/2022:10:13:07 -0500] "GET /portaldeninos/wp-login.php HTTP/1.1" 200 2592
185.119.81.102 - - [17/Sep/2022:10:13:08 -0500] "POST /portaldeninos/wp-login.php HTTP/1.1" 200 3605
172.22.2.4 - - [17/Sep/2022:10:12:02 -0500] "GET /BLA/boletinlegal/ HTTP/1.1" 200 56732
207.46.13.131 - - [17/Sep/2022:10:13:51 -0500] "GET /BLA/resoluciones/RESOLUCIONES%202006/0930.tif HTTP/1.1" 200 120528
186.102.29.174 - - [17/Sep/2022:10:14:09 -0500] "GET /kwssiamovil/sm/ldap/au?x=U2FsdGVkX1/szAQReMgiFzBBCBK4oRXdKS0/ojJuQ6jdc0F4XS3/QBYRY7UHXQZk&y=U2FsdGVkX18DJ41Fi/iTvgnAB8S/lHrqrQtIL0QIiZAVIpsZwcqwvaEjCobqnIEJ HTTP/1.1" 200 30
186.102.29.174 - - [17/Sep/2022:10:14:10 -0500] "GET /kwssiamovil/sm/acme/s?s=U2FsdGVkX19t0aI6u+oYb6Vlf0bGjuiUM7UY96NiZ3FXd8uBVc1zktsqQwEd8k0VnApvdc5FtabHShUW/Off10zZuTQH/mG5rHkdXVvZEZw=&u=U2FsdGVkX19E2SdjUuD+SoBFlr4C4Xeq2SUHoq2fSak=&y=U2FsdGVkX18DJ41Fi/iTvgnAB8S/lHrqrQtIL0QIiZAVIpsZwcqwvaEjCobqnIEJ HTTP/1.1" 200 97
186.102.29.174 - - [17/Sep/2022:10:14:10 -0500] "GET /kwssiamovil/sm/acme/s?s=U2FsdGVkX1+BFk8QQn5jXvTpbfFERB/4cXdbe2XqBKJKEq+1oa/SG+ny35hy/EBMdyq6vBItF1GmE1FtKx1tBB6oPbRgw+yzqgsrUi76NrzkkPTZa0GD+vfxkrNlVbTdU1NA3vrwm8q4suaOe9xNUXSRGNuCDMLnPZKQeS3HwDa0Q1xAhcthdFGTSLNApn3cz8Uswt9qpNMLxVS/SCWA/zvdx/souTC7ZYChEschNesGQv03/0GLfcCZqHanX4y4yBrMx+ldlHetpZECiWyKxOvEsRoLgSuIdFNhYayBqKgR3BVasOh4fh8p97n9CQY0cJgO+tARZDnFZgJMhLEpc73fssnw06x4u3n8W1Bs7AmLtjkptLka5kJP1y5jQmP+Fl8EZ1stHGb85k5FvnLAD9mHttS50YAwJmweFbzDLGUwKrpHWY4QeylA6O6Zf7ZsmoX9wBBa6G2YWMZudY1AoKvalkIKIatjEDVAitF/mq6Kdu1LWFHj16xrs49psI9Gj8yzRs/ttdMBOV0wbGSvIFvJ4zVDrWUeFUr5bJ0Fi/gLj1VrxCTzrpa+ZiGThzOC1YKrJ9ZRz55o/GFgpQC2ZWM0wHSFVdIXT/COs39+aNgwwkGNxlBJoHKw9NGI7cLinEVMKdhri+a/Vm5YVM9zTw92iAayh05yUCU9w9e8+2dOlnWY/HytOlcOb0tlePNL3JJ13CTDt1Q+6+QBTI+gKqkowbvXGHa3MQa76gYrNzqbRGA5WXyCqXEZOyxE3HPR2auCsWp8JoW0E/svsTcRNoNFL9YP37YsAIKLIP6KPu7VDSEI9NJX90YRA1VwyL5WvO6pq9XkM+SoVMZ9QuEGSk2EM165u7Tag21dlWaTYJw3Bi59mJZ0tAOG0sLR06ogczY0Cqi6FLCZUiCYjs7efCFF2LEc2F/9rqqdt/KorfykArG1gmN2MqcFrn4nFQboTgWcHs6LtHNMiKDUvO190DUsI6cwtouGBKn4OBEQ0DG7JxI7xpeu/vonasqBCS/zSFmjEoNFJF6TUrwCp7jElh1EW3h7x3oDslKbKjeYoUHG3HpHngC3O8JOB57bBf3ESKhIb75kLmO1RhPLjgxNvyF2n1Lzd+EQjm/cFAOB+eTHs3RGehDnYJNxlI3xkLHSazAgiNKEI3FrJsNNJWLgNOlLOWQGecs+36x41YbQN/NeEKrMLSZYByspGM8uMj8t7gSG3A4myGbjGNZP6VaqPTMRV8ISOF9veYcq/fDfEQmrElg1TJQu5sWX7h2t/LpkuwS8lkfGiWP82bqgTZtqjGs3Vr61EJH7mEH8pd7wIuSVNt4HgE8qoYkv09BF2eRtgqK1oibiKW3od8N/1CTGp2NsF7r/LjqseJkEFeXHiJI=&u=U2FsdGVkX19E2SdjUuD+SoBFlr4C4Xeq2SUHoq2fSak=&y=U2FsdGVkX18DJ41Fi/iTvgnAB8S/lHrqrQtIL0QIiZAVIpsZwcqwvaEjCobqnIEJ HTTP/1.1" 200 369
186.102.29.174 - - [17/Sep/2022:10:14:10 -0500] "GET /kwssiamovil/sm/acme/s?s=U2FsdGVkX1+dRxGQ2WRqwLv4b0e5HDy/tnCOlI0+yKPlqR7u03SdY3eCp8b4oPuV74KPqVf3f5QCAlZCJJuM+HbWCO8Ojf0usnkEh5p40bJeMasPusUyNBnU9YmuTHvNedGYySRJIVAFZ1L/60TEox8z4S7vK8WDXMveEkY0yZm2cuqNuZn/z4p6SjllKhXU5yk+Bfnq9LYyVrs0kkf0ilBL2XNBJvsXSk4ddCao6OHU5XbRgNEYTAx4T7cJ9gDXfoi8KMe1FPvwv/FDIhaDnkGvbEF6QHsS+0wrTTfFx0CYjq9BtMK4o0+ATFoibzj8g2TVG50IAulLnm+A5Kofng==&u=U2FsdGVkX19E2SdjUuD+SoBFlr4C4Xeq2SUHoq2fSak=&y=U2FsdGVkX18DJ41Fi/iTvgnAB8S/lHrqrQtIL0QIiZAVIpsZwcqwvaEjCobqnIEJ HTTP/1.1" 200 196
186.102.29.174 - - [17/Sep/2022:10:14:10 -0500] "GET /kwssiamovil/sm/cjson/pre?f=1&x=U2FsdGVkX1/szAQReMgiFzBBCBK4oRXdKS0/ojJuQ6jdc0F4XS3/QBYRY7UHXQZk HTTP/1.1" 200 30992
152.89.196.211 - - [17/Sep/2022:10:14:19 -0500] "GET /actuator/gateway/routes HTTP/1.1" 404 1018
201.245.192.253 - - [17/Sep/2022:10:14:26 -0500] "POST /kwsrmcab/Wsrmcab  HTTP/1.1" 200 37989
216.245.221.92 - - [17/Sep/2022:10:15:45 -0500] "HEAD / HTTP/1.1" 200 -
66.249.65.215 - - [17/Sep/2022:10:16:05 -0500] "-" 408 -
157.55.39.154 - - [17/Sep/2022:10:18:04 -0500] "GET /portaldeninos/humedales-ramsar/ HTTP/1.1" 200 89255
80.94.92.231 - - [17/Sep/2022:10:18:11 -0500] "GET / HTTP/1.1" 200 319
191.156.236.230 - - [17/Sep/2022:10:18:37 -0500] "GET /galeria/galeria/jquery.fancybox.css?v=2.1.5 HTTP/1.1" 200 4895
191.156.236.230 - - [17/Sep/2022:10:18:37 -0500] "GET /galeria/galeria/jquery.fancybox.js?v=2.1.5 HTTP/1.1" 200 48706
191.156.236.230 - - [17/Sep/2022:10:18:37 -0500] "GET /BLA/boletinlegal/js/jquery.scrollShow.js HTTP/1.1" 200 4586
172.22.2.4 - - [17/Sep/2022:10:17:02 -0500] "HEAD /BLA/boletinlegal/ HTTP/1.1" 200 -
161.18.113.254 - - [17/Sep/2022:10:19:00 -0500] "-" 408 -
161.18.113.254 - - [17/Sep/2022:10:19:20 -0500] "-" 408 -
