185.119.81.102 - - [17/Sep/2022:14:55:27 -0500] "POST /portaldeninos/wp-login.php HTTP/1.1" 200 3670
216.245.221.92 - - [17/Sep/2022:14:55:44 -0500] "HEAD / HTTP/1.1" 200 -
201.245.192.253 - - [17/Sep/2022:14:58:26 -0500] "POST /kwsrmcab/Wsrmcab  HTTP/1.1" 200 37989
172.22.2.4 - - [17/Sep/2022:14:57:01 -0500] "HEAD /BLA/boletinlegal/ HTTP/1.1" 200 -
66.249.73.127 - - [17/Sep/2022:14:58:59 -0500] "-" 408 -
172.22.2.4 - - [17/Sep/2022:14:57:51 -0500] "GET /BLA/boletinlegal/ HTTP/1.1" 200 58163
216.245.221.92 - - [17/Sep/2022:15:00:44 -0500] "HEAD / HTTP/1.1" 200 -
201.245.192.253 - - [17/Sep/2022:15:03:24 -0500] "POST /kwsrmcab/Wsrmcab  HTTP/1.1" 200 37989
172.22.2.4 - - [17/Sep/2022:15:02:51 -0500] "HEAD /BLA/boletinlegal/ HTTP/1.1" 200 -
66.249.73.127 - - [17/Sep/2022:15:04:39 -0500] "-" 408 -
172.22.2.4 - - [17/Sep/2022:15:03:43 -0500] "GET /BLA/boletinlegal/ HTTP/1.1" 200 60281
216.245.221.92 - - [17/Sep/2022:15:05:44 -0500] "HEAD / HTTP/1.1" 200 -
172.22.2.4 - - [17/Sep/2022:15:05:44 -0500] "GET /BLA/boletinlegal/ HTTP/1.1" 200 36811
207.46.13.131 - - [17/Sep/2022:15:07:01 -0500] "GET /Publicaciones/2022EE26751.pdf HTTP/1.1" 404 227
207.46.13.184 - - [17/Sep/2022:15:07:33 -0500] "GET /portaldeninos/wp-content/uploads/2021/11/Ficha-comadreja-fauna-27-mayo.jpg HTTP/1.1" 200 68384
201.245.192.253 - - [17/Sep/2022:15:08:23 -0500] "POST /kwsrmcab/Wsrmcab  HTTP/1.1" 200 37989
157.55.39.201 - - [17/Sep/2022:15:09:03 -0500] "GET /BLA/resoluciones/AUTOS%202021/0859.pdf HTTP/1.1" 304 -
172.22.2.4 - - [17/Sep/2022:15:08:41 -0500] "HEAD /BLA/boletinlegal/ HTTP/1.1" 200 -
216.245.221.92 - - [17/Sep/2022:15:10:44 -0500] "HEAD / HTTP/1.1" 200 -
66.249.73.127 - - [17/Sep/2022:15:10:45 -0500] "-" 408 -
172.22.2.4 - - [17/Sep/2022:15:09:31 -0500] "GET /BLA/boletinlegal/ HTTP/1.1" 200 58163
201.245.192.253 - - [17/Sep/2022:15:13:23 -0500] "POST /kwsrmcab/Wsrmcab  HTTP/1.1" 200 37989
207.46.13.131 - - [17/Sep/2022:15:14:49 -0500] "GET /sipse/faces/faces/autenticacion.xhtml HTTP/1.1" 200 12498
207.46.13.86 - - [17/Sep/2022:15:15:01 -0500] "GET /sipse/faces/javax.faces.resource/theme.css?ln=primefaces-sipse HTTP/1.1" 200 50058
207.46.13.86 - - [17/Sep/2022:15:15:01 -0500] "GET /sipse/js/disable_browser_buttons.js HTTP/1.1" 200 3230
157.55.39.201 - - [17/Sep/2022:15:15:05 -0500] "GET /sipse/js/funciones.js HTTP/1.1" 200 12592
157.55.39.188 - - [17/Sep/2022:15:15:06 -0500] "GET /sipse/css/custom_css_sg_prime_login.css HTTP/1.1" 200 443
157.55.39.202 - - [17/Sep/2022:15:15:11 -0500] "GET /sipse/css/custom_css_sg.css HTTP/1.1" 200 9694
157.55.39.188 - - [17/Sep/2022:15:15:16 -0500] "GET /sipse/faces/javax.faces.resource/jquery/jquery-plugins.js;jsessionid=pQwDZrWCOBO+tz9VHo3bvGoO.undefined?ln=primefaces&v=4.0 HTTP/1.1" 200 220526
157.55.39.188 - - [17/Sep/2022:15:15:17 -0500] "GET /sipse/faces/javax.faces.resource/jquery/jquery.js;jsessionid=pQwDZrWCOBO+tz9VHo3bvGoO.undefined?ln=primefaces&v=4.0 HTTP/1.1" 200 105384
216.245.221.92 - - [17/Sep/2022:15:15:44 -0500] "HEAD / HTTP/1.1" 200 -
172.22.2.4 - - [17/Sep/2022:15:15:53 -0500] "GET /BLA/boletinlegal/jurisprudencia/analisis/CUADRO%20ANALISIS%20SENTENCIA%20T-411%20DE%201992.doc HTTP/1.1" 200 41984
172.22.2.4 - - [17/Sep/2022:15:14:31 -0500] "HEAD /BLA/boletinlegal/ HTTP/1.1" 200 -
66.249.73.127 - - [17/Sep/2022:15:16:55 -0500] "-" 408 -
172.22.2.4 - - [17/Sep/2022:15:15:22 -0500] "GET /BLA/boletinlegal/ HTTP/1.1" 200 60281
201.245.192.253 - - [17/Sep/2022:15:18:22 -0500] "POST /kwsrmcab/Wsrmcab  HTTP/1.1" 200 37989
201.245.192.253 - - [17/Sep/2022:15:19:42 -0500] "POST /kwsrmcab/Wsrmcab HTTP/1.1" 200 42256
201.245.192.253 - - [17/Sep/2022:15:19:46 -0500] "POST /kwsrmcab/Wsrmcab HTTP/1.1" 200 42438
216.245.221.92 - - [17/Sep/2022:15:20:44 -0500] "HEAD / HTTP/1.1" 200 -
172.22.2.4 - - [17/Sep/2022:15:20:21 -0500] "HEAD /BLA/boletinlegal/ HTTP/1.1" 200 -
178.33.233.108 - - [17/Sep/2022:15:22:28 -0500] "GET /ciudad-bolivar-recibe-la-feria-de-servicios.html HTTP/1.1" 200 726
172.22.2.4 - - [17/Sep/2022:15:21:11 -0500] "GET /BLA/boletinlegal/ HTTP/1.1" 200 59828
157.55.39.202 - - [17/Sep/2022:15:23:03 -0500] "GET /BLA/resoluciones/RESOLUCIONES%202021/0755.pdf HTTP/1.1" 200 481690
201.245.192.253 - - [17/Sep/2022:15:23:21 -0500] "POST /kwsrmcab/Wsrmcab  HTTP/1.1" 200 37989
66.249.73.127 - - [17/Sep/2022:15:23:35 -0500] "-" 408 -
157.55.39.200 - - [17/Sep/2022:15:23:41 -0500] "GET /BLA/resoluciones/RESOLUCIONES%202021/0561.pdf HTTP/1.1" 200 523712
172.22.2.4 - - [17/Sep/2022:15:23:31 -0500] "GET /BLA/boletinlegal/index.php?s=/Index/\\think\\app/invokefunction&function=call_user_func_array&vars[0]=md5&vars[1][]=HelloThinkPHP21 HTTP/1.1" 200 32715
216.245.221.92 - - [17/Sep/2022:15:25:44 -0500] "HEAD / HTTP/1.1" 200 -
172.22.2.4 - - [17/Sep/2022:15:26:11 -0500] "HEAD /BLA/boletinlegal/ HTTP/1.1" 200 -
201.245.192.253 - - [17/Sep/2022:15:28:20 -0500] "POST /kwsrmcab/Wsrmcab  HTTP/1.1" 200 37989
172.22.2.4 - - [17/Sep/2022:15:27:01 -0500] "GET /BLA/boletinlegal/ HTTP/1.1" 200 55220
201.245.192.253 - - [17/Sep/2022:15:29:42 -0500] "POST /kwsrmcab/Wsrmcab HTTP/1.1" 200 42256
201.245.192.253 - - [17/Sep/2022:15:29:46 -0500] "POST /kwsrmcab/Wsrmcab HTTP/1.1" 200 42438
216.245.221.92 - - [17/Sep/2022:15:30:44 -0500] "HEAD / HTTP/1.1" 200 -
40.77.191.135 - - [17/Sep/2022:15:30:58 -0500] "GET /sipse/faces/javax.faces.resource/layout/layout.css;jsessionid=pQwDZrWCOBO+tz9VHo3bvGoO.undefined?ln=primefaces&v=4.0 HTTP/1.1" 200 542
40.77.191.135 - - [17/Sep/2022:15:30:58 -0500] "GET /sipse/faces/javax.faces.resource/primefaces.css;jsessionid=pQwDZrWCOBO+tz9VHo3bvGoO.undefined?ln=primefaces&v=4.0 HTTP/1.1" 200 53295
40.77.191.135 - - [17/Sep/2022:15:30:58 -0500] "GET /sipse/faces/javax.faces.resource/layout/layout.js;jsessionid=pQwDZrWCOBO+tz9VHo3bvGoO.undefined?ln=primefaces&v=4.0 HTTP/1.1" 200 87560
40.77.191.135 - - [17/Sep/2022:15:30:58 -0500] "GET /sipse/faces/javax.faces.resource/primefaces.js;jsessionid=pQwDZrWCOBO+tz9VHo3bvGoO.undefined?ln=primefaces&v=4.0 HTTP/1.1" 200 276924
40.77.191.135 - - [17/Sep/2022:15:31:00 -0500] "GET /sipse/faces/faces/index.xhtml HTTP/1.1" 200 677
40.77.191.135 - - [17/Sep/2022:15:31:00 -0500] "GET /sipse/faces/faces/faces/autenticacion.xhtml HTTP/1.1" 200 12176
40.77.191.135 - - [17/Sep/2022:15:31:00 -0500] "GET /sipse/faces/javax.faces.resource/theme.css?ln=primefaces-sipse HTTP/1.1" 304 -
40.77.191.135 - - [17/Sep/2022:15:31:00 -0500] "GET /sipse/faces/javax.faces.resource/layout/layout.css?ln=primefaces&v=4.0 HTTP/1.1" 200 542
40.77.191.135 - - [17/Sep/2022:15:31:00 -0500] "GET /sipse/faces/javax.faces.resource/primefaces.css?ln=primefaces&v=4.0 HTTP/1.1" 200 53295
40.77.191.135 - - [17/Sep/2022:15:31:00 -0500] "GET /sipse/faces/javax.faces.resource/layout/layout.js?ln=primefaces&v=4.0 HTTP/1.1" 200 87560
40.77.191.135 - - [17/Sep/2022:15:31:00 -0500] "GET /sipse/faces/javax.faces.resource/jquery/jquery-plugins.js?ln=primefaces&v=4.0 HTTP/1.1" 200 220526
40.77.191.135 - - [17/Sep/2022:15:31:00 -0500] "GET /sipse/faces/javax.faces.resource/jquery/jquery.js?ln=primefaces&v=4.0 HTTP/1.1" 200 105384
40.77.191.135 - - [17/Sep/2022:15:31:00 -0500] "GET /sipse/faces/javax.faces.resource/primefaces.js?ln=primefaces&v=4.0 HTTP/1.1" 200 276924
40.77.191.135 - - [17/Sep/2022:15:31:01 -0500] "GET /sipse/faces/javax.faces.resource/images/ui-icons_898989_256x240.png?ln=primefaces-aristo HTTP/1.1" 200 5355
66.249.73.127 - - [17/Sep/2022:15:32:20 -0500] "-" 408 -
172.22.2.4 - - [17/Sep/2022:15:31:18 -0500] "GET /BLA/boletinlegal/ HTTP/1.1" 200 59319
172.22.2.4 - - [17/Sep/2022:15:33:11 -0500] "GET /BLA/boletinlegal/js/jquery.scrollTo-min.js HTTP/1.1" 200 1150
172.22.2.4 - - [17/Sep/2022:15:33:11 -0500] "GET /BLA/boletinlegal/js/jquery.js HTTP/1.1" 200 57254
172.22.2.4 - - [17/Sep/2022:15:33:11 -0500] "GET /BLA/boletinlegal/js/jquery.scrollShow.js HTTP/1.1" 200 4586
172.22.2.4 - - [17/Sep/2022:15:33:11 -0500] "GET /BLA/boletinlegal/images/arr_l.jpg HTTP/1.1" 200 1979
172.22.2.4 - - [17/Sep/2022:15:33:11 -0500] "GET /BLA/boletinlegal/images/screen_1.png HTTP/1.1" 200 202547
172.22.2.4 - - [17/Sep/2022:15:33:11 -0500] "GET /BLA/boletinlegal/images/launch.jpg HTTP/1.1" 200 14577
172.22.2.4 - - [17/Sep/2022:15:33:11 -0500] "GET /BLA/boletinlegal/images/screen_2.png HTTP/1.1" 200 362502
172.22.2.4 - - [17/Sep/2022:15:33:11 -0500] "GET /BLA/boletinlegal/images/screen_3.png HTTP/1.1" 200 210620
172.22.2.4 - - [17/Sep/2022:15:33:11 -0500] "GET /BLA/boletinlegal/images/screen_5.png HTTP/1.1" 200 368876
172.22.2.4 - - [17/Sep/2022:15:33:11 -0500] "GET /BLA/boletinlegal/images/arr_r.jpg HTTP/1.1" 200 1998
201.245.192.253 - - [17/Sep/2022:15:33:18 -0500] "POST /kwsrmcab/Wsrmcab  HTTP/1.1" 200 37989
172.22.2.4 - - [17/Sep/2022:15:33:23 -0500] "GET /BLA/boletinlegal/actos.php HTTP/1.1" 200 9559
172.22.2.4 - - [17/Sep/2022:15:33:24 -0500] "GET /BLA/boletinlegal/images/pdf.gif HTTP/1.1" 200 567
66.249.65.217 - - [17/Sep/2022:15:33:25 -0500] "-" 408 -
181.51.42.181 - - [17/Sep/2022:15:33:26 -0500] "GET /BLA/resoluciones/ HTTP/1.1" 200 13093
172.22.2.4 - - [17/Sep/2022:15:32:01 -0500] "HEAD /BLA/boletinlegal/ HTTP/1.1" 200 -
181.51.42.181 - - [17/Sep/2022:15:33:45 -0500] "GET /BLA/resoluciones/index.php?dir=AUTOS+2019%2F HTTP/1.1" 200 346893
181.51.42.181 - - [17/Sep/2022:15:34:25 -0500] "GET /BLA/resoluciones/index.php?dir= HTTP/1.1" 200 13093
181.51.42.181 - - [17/Sep/2022:15:34:28 -0500] "GET /BLA/resoluciones/index.php?dir=AUTOS+2019%2F HTTP/1.1" 200 346893
172.22.2.4 - - [17/Sep/2022:15:32:51 -0500] "GET /BLA/boletinlegal/ HTTP/1.1" 200 48733
172.22.2.4 - - [17/Sep/2022:15:33:01 -0500] "GET /BLA/boletinlegal/ HTTP/1.1" 200 50799
216.245.221.92 - - [17/Sep/2022:15:35:44 -0500] "HEAD / HTTP/1.1" 200 -
201.245.192.253 - - [17/Sep/2022:15:38:17 -0500] "POST /kwsrmcab/Wsrmcab  HTTP/1.1" 200 37989
66.249.73.127 - - [17/Sep/2022:15:38:37 -0500] "-" 408 -
157.55.39.188 - - [17/Sep/2022:15:39:09 -0500] "GET /forest/ HTTP/1.1" 200 12041
157.55.39.200 - - [17/Sep/2022:15:39:23 -0500] "GET /BLA/resoluciones/index.php?dir=AUTOS+2022%2F HTTP/1.1" 200 262665
172.22.2.4 - - [17/Sep/2022:15:37:51 -0500] "HEAD /BLA/boletinlegal/ HTTP/1.1" 200 -
201.245.192.253 - - [17/Sep/2022:15:39:43 -0500] "POST /kwsrmcab/Wsrmcab HTTP/1.1" 200 42256
201.245.192.253 - - [17/Sep/2022:15:39:46 -0500] "POST /kwsrmcab/Wsrmcab HTTP/1.1" 200 42438
172.22.2.4 - - [17/Sep/2022:15:38:41 -0500] "GET /BLA/boletinlegal/ HTTP/1.1" 200 52493
216.245.221.92 - - [17/Sep/2022:15:40:44 -0500] "HEAD / HTTP/1.1" 200 -
185.119.81.104 - - [17/Sep/2022:15:40:48 -0500] "GET /portaldeninos/wp-login.php HTTP/1.1" 200 2592
185.119.81.104 - - [17/Sep/2022:15:40:50 -0500] "POST /portaldeninos/wp-login.php HTTP/1.1" 200 3605
172.22.2.4 - - [17/Sep/2022:15:40:06 -0500] "GET /BLA/boletinlegal/ HTTP/1.1" 200 61445
157.55.39.202 - - [17/Sep/2022:15:42:24 -0500] "GET /BLA/resoluciones/AUTOS%202021/5748.pdf HTTP/1.1" 200 388062
201.245.192.253 - - [17/Sep/2022:15:43:16 -0500] "POST /kwsrmcab/Wsrmcab  HTTP/1.1" 200 37989
172.22.2.4 - - [17/Sep/2022:15:41:56 -0500] "GET /BLA/boletinlegal/ HTTP/1.1" 200 63207
66.249.73.127 - - [17/Sep/2022:15:44:42 -0500] "-" 408 -
172.22.2.4 - - [17/Sep/2022:15:43:41 -0500] "HEAD /BLA/boletinlegal/ HTTP/1.1" 200 -
172.22.2.4 - - [17/Sep/2022:15:45:32 -0500] "GET /BLA/boletinlegal/Circulares/2019/.pdf HTTP/1.1" 404 1218
172.22.2.4 - - [17/Sep/2022:15:45:42 -0500] "GET /BLA/boletinlegal/Circulares/2012/Circular%20No.%2010%20del%2026%20de%20Enero%20de%202012.pdf HTTP/1.1" 404 1218
216.245.221.92 - - [17/Sep/2022:15:45:44 -0500] "HEAD / HTTP/1.1" 200 -
172.22.2.4 - - [17/Sep/2022:15:44:31 -0500] "GET /BLA/boletinlegal/ HTTP/1.1" 200 58163
64.62.243.165 - - [17/Sep/2022:15:46:17 -0500] "GET / HTTP/1.1" 200 319
207.46.13.131 - - [17/Sep/2022:15:46:26 -0500] "GET /BLA/resoluciones/RESOLUCIONES%202021/0603.pdf HTTP/1.1" 304 -
122.226.102.234 - - [17/Sep/2022:15:46:58 -0500] "GET /inventario-de-emisiones-2020-transporte-publico-sitp-redujo-emisiones-de-pm-2-5-en-un-37.html HTTP/1.1" 200 925
201.245.192.253 - - [17/Sep/2022:15:48:15 -0500] "POST /kwsrmcab/Wsrmcab  HTTP/1.1" 200 37989
66.249.73.127 - - [17/Sep/2022:15:50:35 -0500] "-" 408 -
216.245.221.92 - - [17/Sep/2022:15:50:44 -0500] "HEAD / HTTP/1.1" 200 -
172.22.2.4 - - [17/Sep/2022:15:49:31 -0500] "HEAD /BLA/boletinlegal/ HTTP/1.1" 200 -
172.22.2.4 - - [17/Sep/2022:15:50:21 -0500] "GET /BLA/boletinlegal/ HTTP/1.1" 200 60281
201.245.192.253 - - [17/Sep/2022:15:53:14 -0500] "POST /kwsrmcab/Wsrmcab  HTTP/1.1" 200 37989
80.94.92.239 - - [17/Sep/2022:15:54:38 -0500] "GET / HTTP/1.1" 200 319
216.245.221.92 - - [17/Sep/2022:15:55:44 -0500] "HEAD / HTTP/1.1" 200 -
172.22.2.4 - - [17/Sep/2022:15:55:21 -0500] "HEAD /BLA/boletinlegal/ HTTP/1.1" 200 -
179.60.150.123 - - [17/Sep/2022:15:57:18 -0500] "GET / HTTP/1.1" 200 4720
179.60.150.123 - - [17/Sep/2022:15:57:19 -0500] "GET /procesar.php?titulo=Digite%20t%C3%83%C2%ADtulo%20de%20la%20publicaci%C3%83%C2%B3n&nombrearchivo=Digite%20t%C3%83%C2%ADtulo%20sin%20espacios,sin%20tildes%20y%20caracteres%20especiales HTTP/1.1" 200 891
172.22.2.4 - - [17/Sep/2022:15:56:11 -0500] "GET /BLA/boletinlegal/ HTTP/1.1" 200 57725
201.245.192.253 - - [17/Sep/2022:15:58:13 -0500] "POST /kwsrmcab/Wsrmcab  HTTP/1.1" 200 37989
66.249.73.127 - - [17/Sep/2022:16:00:02 -0500] "-" 408 -
216.245.221.92 - - [17/Sep/2022:16:00:44 -0500] "HEAD / HTTP/1.1" 200 -
172.22.2.4 - - [17/Sep/2022:15:59:08 -0500] "GET /BLA/boletinlegal/index.php HTTP/1.1" 200 63207
172.22.2.4 - - [17/Sep/2022:16:00:52 -0500] "GET /BLA/boletinlegal/style.css HTTP/1.1" 200 9406
179.60.150.123 - - [17/Sep/2022:16:01:17 -0500] "GET / HTTP/1.1" 200 319
173.252.79.10 - - [17/Sep/2022:16:02:26 -0500] "GET /images/mujeres-reverdecen-humedales-2-febrero.jpg HTTP/1.1" 200 47327
172.22.2.4 - - [17/Sep/2022:16:01:11 -0500] "HEAD /BLA/boletinlegal/ HTTP/1.1" 200 -
201.245.192.253 - - [17/Sep/2022:16:03:12 -0500] "POST /kwsrmcab/Wsrmcab  HTTP/1.1" 200 37989
172.22.2.4 - - [17/Sep/2022:16:02:01 -0500] "GET /BLA/boletinlegal/ HTTP/1.1" 200 58163
157.55.39.153 - - [17/Sep/2022:16:05:03 -0500] "GET /portaldeninos/parque-ecologico-distrital-humedal-santa-maria-del-lago/ HTTP/1.1" 200 90199
157.55.39.153 - - [17/Sep/2022:16:05:13 -0500] "GET /portaldeninos/parque-ecologico-distrital-humedal-santa-maria-del-lago/ HTTP/1.1" 200 90199
179.33.161.21 - - [17/Sep/2022:16:05:26 -0500] "GET /portaldeninos/parque-ecologico-distrital-humedal-santa-maria-del-lago/ HTTP/1.1" 200 90199
179.33.161.21 - - [17/Sep/2022:16:05:27 -0500] "GET /portaldeninos/wp-includes/js/wp-emoji-release.min.js?ver=4.9.8 HTTP/1.1" 200 12026
179.33.161.21 - - [17/Sep/2022:16:05:27 -0500] "GET /portaldeninos/wp-content/uploads/useanyfont/uaf.css?ver=1589905315 HTTP/1.1" 200 408
179.33.161.21 - - [17/Sep/2022:16:05:27 -0500] "GET /portaldeninos/wp-content/themes/betheme/style.css?ver=20.9.6 HTTP/1.1" 200 287
179.33.161.21 - - [17/Sep/2022:16:05:27 -0500] "GET /portaldeninos/wp-content/plugins/gallery-videos/CSS/Total-Soft-Gallery-Video-Widget.css?ver=4.9.8 HTTP/1.1" 200 51554
179.33.161.21 - - [17/Sep/2022:16:05:27 -0500] "GET /portaldeninos/wp-content/themes/betheme/css/base.css?ver=20.9.6 HTTP/1.1" 200 57283
179.33.161.21 - - [17/Sep/2022:16:05:27 -0500] "GET /portaldeninos/wp-content/plugins/gallery-videos/CSS/totalsoft.css?ver=4.9.8 HTTP/1.1" 200 40622
179.33.161.21 - - [17/Sep/2022:16:05:27 -0500] "GET /portaldeninos/wp-content/themes/betheme/css/layout.css?ver=20.9.6 HTTP/1.1" 200 116639
179.33.161.21 - - [17/Sep/2022:16:05:28 -0500] "GET /portaldeninos/wp-content/themes/betheme/assets/jplayer/css/jplayer.blue.monday.css?ver=20.9.6 HTTP/1.1" 200 9834
179.33.161.21 - - [17/Sep/2022:16:05:28 -0500] "GET /portaldeninos/wp-content/themes/betheme/assets/ui/jquery.ui.all.css?ver=20.9.6 HTTP/1.1" 200 18765
179.33.161.21 - - [17/Sep/2022:16:05:27 -0500] "GET /portaldeninos/wp-content/themes/betheme/assets/animations/animations.min.css?ver=20.9.6 HTTP/1.1" 200 58508
179.33.161.21 - - [17/Sep/2022:16:05:28 -0500] "GET /portaldeninos/wp-content/plugins/google-analytics-for-wordpress/assets/js/frontend-gtag.min.js?ver=8.5.0 HTTP/1.1" 200 11801
179.33.161.21 - - [17/Sep/2022:16:05:28 -0500] "GET /portaldeninos/wp-includes/js/jquery/jquery-migrate.min.js?ver=1.4.1 HTTP/1.1" 200 10056
179.33.161.21 - - [17/Sep/2022:16:05:27 -0500] "GET /portaldeninos/wp-content/themes/betheme/css/shortcodes.css?ver=20.9.6 HTTP/1.1" 200 138889
179.33.161.21 - - [17/Sep/2022:16:05:28 -0500] "GET /portaldeninos/wp-includes/js/jquery/ui/core.min.js?ver=1.11.4 HTTP/1.1" 200 4000
179.33.161.21 - - [17/Sep/2022:16:05:28 -0500] "GET /portaldeninos/wp-content/themes/betheme/css/responsive.css?ver=20.9.6 HTTP/1.1" 200 55740
179.33.161.21 - - [17/Sep/2022:16:05:29 -0500] "GET /portaldeninos/wp-content/plugins/gallery-videos/JS/modernizr.custom.js?ver=4.9.8 HTTP/1.1" 200 9019
179.33.161.21 - - [17/Sep/2022:16:05:29 -0500] "GET /portaldeninos/wp-content/plugins/gallery-videos/JS/Total-Soft-Gallery-Video-Widget.js?ver=4.9.8 HTTP/1.1" 200 80264
179.33.161.21 - - [17/Sep/2022:16:05:28 -0500] "GET /portaldeninos/wp-includes/js/jquery/jquery.js?ver=1.12.4 HTTP/1.1" 200 97184
179.33.161.21 - - [17/Sep/2022:16:05:29 -0500] "GET /portaldeninos/wp-includes/js/jquery/ui/widget.min.js?ver=1.11.4 HTTP/1.1" 200 6908
179.33.161.21 - - [17/Sep/2022:16:05:29 -0500] "GET /portaldeninos/wp-includes/js/jquery/ui/mouse.min.js?ver=1.11.4 HTTP/1.1" 200 3148
179.33.161.21 - - [17/Sep/2022:16:05:29 -0500] "GET /portaldeninos/wp-includes/js/jquery/ui/accordion.min.js?ver=1.11.4 HTTP/1.1" 200 8584
179.33.161.21 - - [17/Sep/2022:16:05:29 -0500] "GET /portaldeninos/wp-content/themes/betheme/js/menu.js?ver=20.9.6 HTTP/1.1" 200 2449
179.33.161.21 - - [17/Sep/2022:16:05:29 -0500] "GET /portaldeninos/wp-includes/js/jquery/ui/sortable.min.js?ver=1.11.4 HTTP/1.1" 200 24899
179.33.161.21 - - [17/Sep/2022:16:05:29 -0500] "GET /portaldeninos/wp-content/themes/betheme/assets/animations/animations.min.js?ver=20.9.6 HTTP/1.1" 200 1896
179.33.161.21 - - [17/Sep/2022:16:05:29 -0500] "GET /portaldeninos/wp-includes/js/jquery/ui/tabs.min.js?ver=1.11.4 HTTP/1.1" 200 12110
179.33.161.21 - - [17/Sep/2022:16:05:29 -0500] "GET /portaldeninos/wp-content/uploads/2021/07/Banners-pa%CC%81gina-de-nin%CC%83os2.jpg HTTP/1.1" 200 33818
179.33.161.21 - - [17/Sep/2022:16:05:30 -0500] "GET /portaldeninos/wp-content/themes/betheme/fonts/mfn-icons.woff?93978679 HTTP/1.1" 200 80932
179.33.161.21 - - [17/Sep/2022:16:05:29 -0500] "GET /portaldeninos/wp-content/uploads/2021/07/imagenes-con-marcos-pa%CC%81gina-de-nin%CC%83os-humedal-santa-mari%CC%81a-del-lago.jpg HTTP/1.1" 200 29226
179.33.161.21 - - [17/Sep/2022:16:05:30 -0500] "GET /portaldeninos/wp-content/themes/betheme/assets/jplayer/jplayer.min.js?ver=20.9.6 HTTP/1.1" 200 52702
179.33.161.21 - - [17/Sep/2022:16:05:30 -0500] "GET /portaldeninos/wp-includes/js/wp-embed.min.js?ver=4.9.8 HTTP/1.1" 200 1398
179.33.161.21 - - [17/Sep/2022:16:05:30 -0500] "GET /portaldeninos/wp-content/themes/betheme/js/scripts.js?ver=20.9.6 HTTP/1.1" 200 77162
179.33.161.21 - - [17/Sep/2022:16:05:30 -0500] "GET /portaldeninos/wp-content/themes/betheme/images/box_shadow.png HTTP/1.1" 200 108
179.33.161.21 - - [17/Sep/2022:16:05:30 -0500] "GET /portaldeninos/wp-content/uploads/2019/08/Logo-Ambientic.png HTTP/1.1" 200 22941
179.33.161.21 - - [17/Sep/2022:16:05:29 -0500] "GET /portaldeninos/wp-content/themes/betheme/js/plugins.js?ver=20.9.6 HTTP/1.1" 200 197151
216.245.221.92 - - [17/Sep/2022:16:05:44 -0500] "HEAD / HTTP/1.1" 200 -
66.249.73.127 - - [17/Sep/2022:16:05:55 -0500] "-" 408 -
157.55.39.188 - - [17/Sep/2022:16:06:00 -0500] "GET /BLA/resoluciones/RESOLUCIONES%202000/2000%201050-1099.tif HTTP/1.1" 200 4573468
179.33.161.21 - - [17/Sep/2022:16:05:30 -0500] "GET /portaldeninos/wp-content/uploads/2021/07/Humedal-Santa-Maria-del-Lago.mp4 HTTP/1.1" 206 13449041
201.245.192.253 - - [17/Sep/2022:16:08:11 -0500] "POST /kwsrmcab/Wsrmcab  HTTP/1.1" 200 37989
190.93.140.233 - - [17/Sep/2022:16:08:27 -0500] "GET /kwssiamovil/sm/acme/a?s=U2FsdGVkX1/laB3ahV/CI0StmNeoO5jMciM8ZBpyM7QQvsknCa6NkMGrlo948HdXF3UqIxTgO8CLZbR649iwzS+hZJBBnMB12RwmrnF7UuP+M9k99UPLVbdyOjHavVIk796IAgTkuVWpDFmFgoZGOkfyPf5GM/zExsYkIHyhGZ1Ptaqyigpwrb37MXdpO9r4xC2A5XBNsFyIHLfbQ9WmqMW/hP4pMe7+QxrLL6BN6wW8hGTmla7LZGpUIKmcqCyCltqhPplmEthSdTu//g7tJQ==&u=U2FsdGVkX19aE3QYZhcRyMHTpD/uD7vEzBeLJ1SJIqO3SodUXxXuSjq4tWtZMeuA&y=U2FsdGVkX19zCt7zE6PdAJsKsgmRf8cdvYuAJqRRG6VXUcRTEZ4WMYuVkDFK4Cez HTTP/1.1" 200 25
190.93.140.233 - - [17/Sep/2022:16:08:28 -0500] "GET /kwssiamovil/sm/acme/a?s=U2FsdGVkX18GUTQDmKEmuS3K4V3kbO5WLbnpsJ0b54rXKAD8JhvDlZzrW+EzeR6PiMVXyinIiMDXDGKkfDAVbxXt/gbTUHRryu4h2wEvuCgNUpEsScmxog2HaXOy7qSaHa+6aPzIjphEw5a7C52EUDAAWm8MnjD+3oYtZtKmZWeb23deT6uRE9Fbbe4Q39Hk3D3glkoKtX6BoZwxpflTEt26x/IZwefPtMaT8f9BOoTLdACRHxKrfpUTA/lbAVShZttU4k+qRfxHCENn2VU4bQhSA6925RsWDLHUTBZ1qsTDq3kv2I2myawQ8ESQ5vLsUL0K+EIShjU9xPrrNz45fjdqRwptY07uyWel0zpHncujdc9ugcwHsfCtCbt27VOqOG+PCVIYJECliulG2v7pq+zZQqeg5khVXha4bx2uhCfDYBs+/U94FVUPZTTg46JXFTujMXxjCKm6WEzvOmHaxCwxqWapTn7kzwSOxcC08O9Exllm3zQWMf/PEUGBlEiTTRrWrGf11AA84NjgJCJ7SytE1rk+eB5xxjVj7wOjkoXXzy3yNuaPyK0msKecHtMStmgL+/P1F34aORn3xUHkd8sKfWPykqfZmaQmliVKJ7PdivsaOhvxlZy0vHAvEG5wBG1PlnhrYCI1uH6DaDY9i/tylxbaSGdDLm9SMJDeXNAIhFdqw8j8KV61EF5U0jBKFf8mWkxnFj1+kn06DoqYewL9iJ5j+KgGMM4EWVt86hiyLTHYMDEILjT9wJGr8EzNtcA2mRin0llbyq82UWRSbPBY69cBGY/IGzoWkclQQ0CrGbQsa3wi1EvZLlrdhijXeHFlg7YGWhEvlpXeiqSFo8Y0xL3Tsw6YLogiKCC7GlhKro9Eyr85cxT1jacG73vCfCtTI2EeJ9Qm/RYXVBjCpfYS7oDgpF8DlUPXuMm9akChS5D3bpMMKLE9kn0wYZSV+RfcpyTUiz15R9FmtFL1P2jokBXR/tASsXrBFOdFwP5r4oxhZ+QvCNZsVB7TDJ5gXb+WFGmoE0/VIAyFY8DOjRQuGwF5b4IDfh9Lm1A0FaR507XVRTemDKKRGdqKypqaHhliEyCjYC/XIgi2puz5/7oPc/dsb3oBlsMEeSzFh4YhQDkHnQ2JZvwjQi24yTn1FCOCXSmGA6OC6hMHVQ+Pz4btsT7c9rczPAMznDxGYmrvVl+8c3j0CM9av/52Eyt7l1eOr7HVAE2ILMAdVYqtWcQntEqery08KhB8DhPfnBdCZFFYsbEpeq5MSuNWBuauKMUUXc6HklYdM1qlK5e1WDJ2J8wzCbmyY8uDvXIU+JAqClyBA6DsHhbERhySw9qS2+hCk8Uqhp9DOiW2lVsxfZUQvzz7IRDxh0JyMryr3XzWSL65Uj1Owxsf4zDQYgvpu8g9MuOvY2HvDIUQGj5f8GQB4NA0lis7e/IAClHTrtUGCVF0+4fLUfq86Vhz2P+dO308XLjeJK0mGEPqP0r1eoVJN5XKJE1JfRCqIlSFD4Av2WIJCs3kwovbvqLvO1D1lfJcBoP7RRT/j/5oZtV9olcNRfpshq8rAGGYWm0njWuceZRye62vtc5DbGkgrSxwSXxFqaYCydd2BOs9SiYOADHhr0J9ywlo1OD074pxOBRiF8dVo9g9wEsDU8LX+ama6PsLcElO/1ZFmZB6HDvdFCXuYuhgbjreA7em9jPqRV9QCNOCPNKe7N5P/QdAGP7aSgBHKza+lBTh3l2++uuJmhOcqXDjN0S7OWUha3tS12CGMcYdqcU/L4PYvxz8T9Yz3S0G/7tCoW0jviMWBb4N+I0CnPAtEYlc6PxHqwTbuvfHZGmS9rJFmuRjwaUTZhQ9FzVdw4Fa2YWIGLF3Tj7Ynyn5aG6s27y2bm+8iLCw0vh6ayOte4/CEwWTt3GpV2i42FV9atqrbZt0FKCH1WQ0AvYZGx6fV5bwpgLQSUViLedI1v/ppjz2pzf7XSplIQq2lLw0NSYYksP9qxCh4gsczNZw+h0IawM5OOxDRlp987SlqSPgRbfNR1gYki8Hb2om4UxFQ413WctNhuUQzNFT5kUfU1LxlsNkR9hcDBGxauGidM9VXVWw7G1Z/nOpwkXyUObmCNiRmyz2qR2JbDAFBY74YXQ0SY+Iv+t+eywNddJltbpXuKuvl6FCnO2ofp+pzJzc2PIaoVBYV0ec9XHEVAmh5DiuSFEJIpNw/ybecIA4MmJVgoqMaPzr7Tb5OUvPruPc0NOPiKC+qO4jRZN3Ga7p2TY5OTGPMupWuTS2UVNApTe2l+Vp08rIFl5k3nDhwDx7XGWGdSsYruvQ25oim0BA1/WKcy1w6rkSOqqOy7cMCLAyRxhbYzrmeLDwdSMt&u=U2FsdGVkX19aE3QYZhcRyMHTpD/uD7vEzBeLJ1SJIqO3SodUXxXuSjq4tWtZMeuA&y=U2FsdGVkX19zCt7zE6PdAJsKsgmRf8cdvYuAJqRRG6VXUcRTEZ4WMYuVkDFK4Cez HTTP/1.1" 200 25
190.93.140.233 - - [17/Sep/2022:16:08:28 -0500] "GET /kwssiamovil/sm/acme/a?s=U2FsdGVkX18vwxJNHCgF1FyixQw6zTkhmTQj1sZHiHT+eYMY/Qe0XxBJvKQKrEhiJJ4Q8n54cj+Pd0yyqVwlu1aiQgX1gNldoLe/IXRFY7zSjdN/CVU/AOwXGI0BbSRIRqu6nT49kyzxb7CgW3W1YXP0PuFPSt0EpW7rtKWAUWA=&u=U2FsdGVkX19aE3QYZhcRyMHTpD/uD7vEzBeLJ1SJIqO3SodUXxXuSjq4tWtZMeuA&y=U2FsdGVkX19zCt7zE6PdAJsKsgmRf8cdvYuAJqRRG6VXUcRTEZ4WMYuVkDFK4Cez HTTP/1.1" 200 25
190.93.140.233 - - [17/Sep/2022:16:08:28 -0500] "GET /kwssiamovil/sm/acme/a?s=U2FsdGVkX1+YLD1/tRi9jqbMoG6iHUUgpTux5p6I68DwOxnQjM87rxWzQjKnpwZSBgpNHIW1DnM4FZ1HIRaKJO2OQs8Itr+21krq8thUZeRD8F3NAp58bvSXdNV8jAHdilvQ3kf8OmBpIvXsymdVY+IH1oMq4Grq+2O1wCek+yc=&u=U2FsdGVkX19aE3QYZhcRyMHTpD/uD7vEzBeLJ1SJIqO3SodUXxXuSjq4tWtZMeuA&y=U2FsdGVkX19zCt7zE6PdAJsKsgmRf8cdvYuAJqRRG6VXUcRTEZ4WMYuVkDFK4Cez HTTP/1.1" 200 25
190.93.140.233 - - [17/Sep/2022:16:08:28 -0500] "GET /kwssiamovil/sm/acme/a?s=U2FsdGVkX1+RTdkvCqmUrhiKJIqPdgrFnzHTOF8LznCdbcC2zFzwlcp9dl7R2qShlkrf+Etfb96Mzxb1xmDWzmf/PAOt3l1UXyg4guG2PHL9y9yf/1jQ+urBu2n2nKqZO/wtgZVBaxN8Utm98iP8XqksQdmscVKX0RxzOR4Fc3I=&u=U2FsdGVkX19aE3QYZhcRyMHTpD/uD7vEzBeLJ1SJIqO3SodUXxXuSjq4tWtZMeuA&y=U2FsdGVkX19zCt7zE6PdAJsKsgmRf8cdvYuAJqRRG6VXUcRTEZ4WMYuVkDFK4Cez HTTP/1.1" 200 25
190.93.140.233 - - [17/Sep/2022:16:08:29 -0500] "GET /kwssiamovil/sm/acme/a?s=U2FsdGVkX197N70iXRBOkQ3/6jrFFnmSzz338UvvJi4yTQUSgalkDNo9jcmF5+q+se0XTwoTkoTLi2ydfzwbndYkLl9OObb3T/VKWd3kOdqMqOewajPfKDrSCP1cq3ZcDo11WQH9gnk91osg4HRgSCLLSSJnWhYhIG3ZVERo96nxav5YfVrOAI/BoHBwB8mw&u=U2FsdGVkX19aE3QYZhcRyMHTpD/uD7vEzBeLJ1SJIqO3SodUXxXuSjq4tWtZMeuA&y=U2FsdGVkX19zCt7zE6PdAJsKsgmRf8cdvYuAJqRRG6VXUcRTEZ4WMYuVkDFK4Cez HTTP/1.1" 200 25
172.22.2.4 - - [17/Sep/2022:16:07:01 -0500] "HEAD /BLA/boletinlegal/ HTTP/1.1" 200 -
172.22.2.4 - - [17/Sep/2022:16:07:51 -0500] "GET /BLA/boletinlegal/ HTTP/1.1" 200 58163
216.245.221.92 - - [17/Sep/2022:16:10:44 -0500] "HEAD / HTTP/1.1" 200 -
66.249.73.127 - - [17/Sep/2022:16:11:50 -0500] "-" 408 -
172.22.2.4 - - [17/Sep/2022:16:12:18 -0500] "GET /BLA/boletinlegal/images/screen_2.png HTTP/1.1" 304 -
201.245.192.253 - - [17/Sep/2022:16:13:10 -0500] "POST /kwsrmcab/Wsrmcab  HTTP/1.1" 200 37989
172.22.2.4 - - [17/Sep/2022:16:12:51 -0500] "HEAD /BLA/boletinlegal/ HTTP/1.1" 200 -
172.22.2.4 - - [17/Sep/2022:16:13:51 -0500] "GET /BLA/boletinlegal/?XDEBUG_SESSION_START=phpstorm HTTP/1.1" 200 32715
172.22.2.4 - - [17/Sep/2022:16:13:41 -0500] "GET /BLA/boletinlegal/ HTTP/1.1" 200 54823
216.245.221.92 - - [17/Sep/2022:16:15:44 -0500] "HEAD / HTTP/1.1" 200 -
185.119.81.102 - - [17/Sep/2022:16:16:57 -0500] "GET /portaldeninos/wp-login.php HTTP/1.1" 200 2592
185.119.81.102 - - [17/Sep/2022:16:16:58 -0500] "POST /portaldeninos/wp-login.php HTTP/1.1" 200 3670
66.249.73.127 - - [17/Sep/2022:16:17:28 -0500] "-" 408 -
201.245.192.253 - - [17/Sep/2022:16:18:10 -0500] "POST /kwsrmcab/Wsrmcab  HTTP/1.1" 200 37989
201.245.192.253 - - [17/Sep/2022:16:19:42 -0500] "POST /kwsrmcab/Wsrmcab HTTP/1.1" 200 42249
201.245.192.253 - - [17/Sep/2022:16:19:46 -0500] "POST /kwsrmcab/Wsrmcab HTTP/1.1" 200 42274
172.22.2.4 - - [17/Sep/2022:16:18:41 -0500] "HEAD /BLA/boletinlegal/ HTTP/1.1" 200 -
216.245.221.92 - - [17/Sep/2022:16:20:44 -0500] "HEAD / HTTP/1.1" 200 -
172.22.2.4 - - [17/Sep/2022:16:19:31 -0500] "GET /BLA/boletinlegal/ HTTP/1.1" 200 58163
173.252.111.111 - - [17/Sep/2022:16:22:38 -0500] "GET /incautadas-tarantulas-que-iban-a-ser-exportadas-ilegalmente-desde-bogota-hasta-mexico.html HTTP/1.1" 206 899
172.22.2.4 - - [17/Sep/2022:16:22:53 -0500] "GET /BLA/boletinlegal/jurisprudencia/analisis/AnalisisT-606-15.docx HTTP/1.1" 200 26698
172.22.2.4 - - [17/Sep/2022:16:22:55 -0500] "GET /BLA/boletinlegal/apple-touch-icon-120x120-precomposed.png HTTP/1.1" 404 1140
172.22.2.4 - - [17/Sep/2022:16:22:55 -0500] "GET /BLA/boletinlegal/apple-touch-icon-120x120.png HTTP/1.1" 404 1140
172.22.2.4 - - [17/Sep/2022:16:22:55 -0500] "GET /BLA/boletinlegal/apple-touch-icon-precomposed.png HTTP/1.1" 404 1140
172.22.2.4 - - [17/Sep/2022:16:22:55 -0500] "GET /BLA/boletinlegal/apple-touch-icon.png HTTP/1.1" 404 1140
172.22.2.4 - - [17/Sep/2022:16:22:56 -0500] "GET /BLA/boletinlegal/favicon.ico HTTP/1.1" 404 1140
172.22.2.4 - - [17/Sep/2022:16:22:56 -0500] "GET /BLA/boletinlegal/apple-touch-icon-120x120-precomposed.png HTTP/1.1" 404 1140
172.22.2.4 - - [17/Sep/2022:16:22:56 -0500] "GET /BLA/boletinlegal/apple-touch-icon-120x120.png HTTP/1.1" 404 1140
172.22.2.4 - - [17/Sep/2022:16:22:56 -0500] "GET /BLA/boletinlegal/apple-touch-icon-precomposed.png HTTP/1.1" 404 1140
172.22.2.4 - - [17/Sep/2022:16:22:56 -0500] "GET /BLA/boletinlegal/apple-touch-icon.png HTTP/1.1" 404 1140
172.22.2.4 - - [17/Sep/2022:16:22:56 -0500] "GET /BLA/boletinlegal/favicon.ico HTTP/1.1" 404 1140
201.245.192.253 - - [17/Sep/2022:16:23:09 -0500] "POST /kwsrmcab/Wsrmcab  HTTP/1.1" 200 37989
66.249.73.127 - - [17/Sep/2022:16:25:17 -0500] "-" 408 -
216.245.221.92 - - [17/Sep/2022:16:25:44 -0500] "HEAD / HTTP/1.1" 200 -
172.22.2.4 - - [17/Sep/2022:16:24:31 -0500] "HEAD /BLA/boletinlegal/ HTTP/1.1" 200 -
66.249.65.213 - - [17/Sep/2022:16:26:59 -0500] "-" 408 -
172.22.2.4 - - [17/Sep/2022:16:25:21 -0500] "GET /BLA/boletinlegal/ HTTP/1.1" 200 58575
201.245.192.253 - - [17/Sep/2022:16:28:09 -0500] "POST /kwsrmcab/Wsrmcab  HTTP/1.1" 200 37989
173.252.83.20 - - [17/Sep/2022:16:28:18 -0500] "GET /la-moda-circular-es-tendencia-nueva-apuesta-para-avanzar-en-la-sostenibilidad-del-sector-en-bogota.html HTTP/1.1" 206 796
201.245.192.253 - - [17/Sep/2022:16:29:42 -0500] "POST /kwsrmcab/Wsrmcab HTTP/1.1" 200 42249
201.245.192.253 - - [17/Sep/2022:16:29:46 -0500] "POST /kwsrmcab/Wsrmcab HTTP/1.1" 200 42274
216.245.221.92 - - [17/Sep/2022:16:30:44 -0500] "HEAD / HTTP/1.1" 200 -
172.22.2.4 - - [17/Sep/2022:16:30:21 -0500] "HEAD /BLA/boletinlegal/ HTTP/1.1" 200 -
157.55.39.188 - - [17/Sep/2022:16:32:04 -0500] "GET /Publicaciones/2022EE84652.pdf HTTP/1.1" 404 227
172.22.2.4 - - [17/Sep/2022:16:31:11 -0500] "GET /BLA/boletinlegal/ HTTP/1.1" 200 60281
172.22.2.4 - - [17/Sep/2022:16:32:55 -0500] "GET /BLA/boletinlegal/actuator/health HTTP/1.1" 404 1018
201.245.192.253 - - [17/Sep/2022:16:33:08 -0500] "POST /kwsrmcab/Wsrmcab  HTTP/1.1" 200 37989
186.118.93.198 - - [17/Sep/2022:16:33:33 -0500] "GET /galeria/galeria/jquery.fancybox.css?v=2.1.5 HTTP/1.1" 200 4895
186.118.93.198 - - [17/Sep/2022:16:33:33 -0500] "GET /galeria/galeria/jquery.fancybox.js?v=2.1.5 HTTP/1.1" 200 48706
186.118.93.198 - - [17/Sep/2022:16:33:33 -0500] "GET /BLA/boletinlegal/js/jquery.scrollShow.js HTTP/1.1" 200 4586
66.249.73.127 - - [17/Sep/2022:16:35:09 -0500] "-" 408 -
216.245.221.92 - - [17/Sep/2022:16:35:44 -0500] "HEAD / HTTP/1.1" 200 -
172.22.2.4 - - [17/Sep/2022:16:36:10 -0500] "GET /BLA/boletinlegal/ HTTP/1.1" 200 50046
172.22.2.4 - - [17/Sep/2022:16:36:11 -0500] "HEAD /BLA/boletinlegal/ HTTP/1.1" 200 -
201.245.192.253 - - [17/Sep/2022:16:38:07 -0500] "POST /kwsrmcab/Wsrmcab  HTTP/1.1" 200 37989
172.22.2.4 - - [17/Sep/2022:16:37:01 -0500] "GET /BLA/boletinlegal/ HTTP/1.1" 200 54003
207.46.13.131 - - [17/Sep/2022:16:39:18 -0500] "GET /BLA/resoluciones/2002RES112.tif HTTP/1.1" 404 1018
201.245.192.253 - - [17/Sep/2022:16:39:42 -0500] "POST /kwsrmcab/Wsrmcab HTTP/1.1" 200 42249
201.245.192.253 - - [17/Sep/2022:16:39:45 -0500] "POST /kwsrmcab/Wsrmcab HTTP/1.1" 200 42274
172.22.2.4 - - [17/Sep/2022:16:39:57 -0500] "GET /BLA/boletinlegal/Circulares/2019/.pdf HTTP/1.1" 404 1218
216.245.221.92 - - [17/Sep/2022:16:40:44 -0500] "HEAD / HTTP/1.1" 200 -
186.31.58.154 - - [17/Sep/2022:16:42:06 -0500] "GET /BLA/resoluciones/index.php?dir=AUTOS+2018%2F HTTP/1.1" 200 437904
172.22.2.4 - - [17/Sep/2022:16:42:21 -0500] "GET /BLA/boletinlegal/ HTTP/1.1" 200 24523
201.245.192.253 - - [17/Sep/2022:16:43:06 -0500] "POST /kwsrmcab/Wsrmcab  HTTP/1.1" 200 37989
172.22.2.4 - - [17/Sep/2022:16:42:01 -0500] "HEAD /BLA/boletinlegal/ HTTP/1.1" 200 -
172.22.2.4 - - [17/Sep/2022:16:42:51 -0500] "GET /BLA/boletinlegal/ HTTP/1.1" 200 57375
172.22.2.4 - - [17/Sep/2022:16:44:39 -0500] "GET /BLA/boletinlegal/a2billing/customer/templates/default/footer.tpl HTTP/1.1" 404 1018
216.245.221.92 - - [17/Sep/2022:16:45:44 -0500] "HEAD / HTTP/1.1" 200 -
201.245.192.253 - - [17/Sep/2022:16:48:06 -0500] "POST /kwsrmcab/Wsrmcab  HTTP/1.1" 200 37989
207.46.13.131 - - [17/Sep/2022:16:48:58 -0500] "GET /appsia/controlador HTTP/1.1" 200 4799
172.22.2.4 - - [17/Sep/2022:16:47:47 -0500] "GET /BLA/boletinlegal/ HTTP/1.1" 200 36811
157.55.39.200 - - [17/Sep/2022:16:49:09 -0500] "GET /appsia/css/estilos.css HTTP/1.1" 200 4804
207.46.13.86 - - [17/Sep/2022:16:49:14 -0500] "GET /appsia/scripts/validarIngreso.js HTTP/1.1" 200 851
172.22.2.4 - - [17/Sep/2022:16:47:51 -0500] "HEAD /BLA/boletinlegal/ HTTP/1.1" 200 -
172.22.2.4 - - [17/Sep/2022:16:48:41 -0500] "GET /BLA/boletinlegal/ HTTP/1.1" 200 56014
216.245.221.92 - - [17/Sep/2022:16:50:44 -0500] "HEAD / HTTP/1.1" 200 -
172.22.2.4 - - [17/Sep/2022:16:50:54 -0500] "GET /BLA/boletinlegal/jurisprudencia/analisis/CUADRO%20ANALISIS%20SENTENCIA%20T-411%20DE%201992.doc HTTP/1.1" 200 41984
201.245.192.253 - - [17/Sep/2022:16:53:04 -0500] "POST /kwsrmcab/Wsrmcab  HTTP/1.1" 200 37989
172.22.2.4 - - [17/Sep/2022:16:53:37 -0500] "GET /BLA/boletinlegal/favicon.ico HTTP/1.1" 404 1326
185.119.81.108 - - [17/Sep/2022:16:54:15 -0500] "GET /portaldeninos/wp-login.php HTTP/1.1" 200 2592
185.119.81.108 - - [17/Sep/2022:16:54:16 -0500] "POST /portaldeninos/wp-login.php HTTP/1.1" 200 3605
172.22.2.4 - - [17/Sep/2022:16:53:41 -0500] "HEAD /BLA/boletinlegal/ HTTP/1.1" 200 -
186.102.0.228 - - [17/Sep/2022:16:55:42 -0500] "GET /kwssiamovil/sm/acme/u?s=U2FsdGVkX1/mgS4z7wfZ25+NlYqUbm1jXvBPO7o0/PjwDHwGcKbo/3tUxqfkcPtu/6bUvnHQtDUeeikJ5/YS8ucfPKHLSm9529I2lC6mU97+16czxab9UTucgBtwD4PlxmYo2eqvojyNo8N5S3DqjA==&u=U2FsdGVkX1/GU/PIYqAxo3Whz9Vbnb448QQz6HMQcaUNIp+Kec4jwYVU8NXeoCmP&y=U2FsdGVkX1943gKDpXZm5RAx+dG2J9paywVApV9p25L1jnJZJmQKPg5Q2QKJoMeP HTTP/1.1" 200 60
186.102.0.228 - - [17/Sep/2022:16:55:43 -0500] "GET /kwssiamovil/sm/acme/u?s=U2FsdGVkX1/gto0kCdAlqXBndl4J+uA8UdGmFKjpmtamvuHKecIf1hB0PaJafD/Ds1Flz8H3oOH/MjqX/VYmXfUFs3rbR5CIPlRwzIn7VEEQPVHjFyHhJivP2bCRU65QnktGE5m0gbC2ilae/nnI5Q==&u=U2FsdGVkX1/GU/PIYqAxo3Whz9Vbnb448QQz6HMQcaUNIp+Kec4jwYVU8NXeoCmP&y=U2FsdGVkX1943gKDpXZm5RAx+dG2J9paywVApV9p25L1jnJZJmQKPg5Q2QKJoMeP HTTP/1.1" 200 60
216.245.221.92 - - [17/Sep/2022:16:55:44 -0500] "HEAD / HTTP/1.1" 200 -
172.22.2.4 - - [17/Sep/2022:16:54:31 -0500] "GET /BLA/boletinlegal/ HTTP/1.1" 200 60281
186.102.0.228 - - [17/Sep/2022:16:56:14 -0500] "GET /kwssiamovil/sm/acme/u?s=U2FsdGVkX1/TS9XqebwzSOitRv/ZMEbQ25FAcJzhUAI3rj4SEoBulhg/tuySbJgQ3f5LgxRPQxaKkktNwsM/lIQYTf8NIH2HeDu35TYFAN4riCu5lDJQZXnwBzE4wsN42/PLurJ3d+Nl4nklfRPorw==&u=U2FsdGVkX1/GU/PIYqAxo3Whz9Vbnb448QQz6HMQcaUNIp+Kec4jwYVU8NXeoCmP&y=U2FsdGVkX1943gKDpXZm5RAx+dG2J9paywVApV9p25L1jnJZJmQKPg5Q2QKJoMeP HTTP/1.1" 200 60
186.102.0.228 - - [17/Sep/2022:16:56:54 -0500] "GET /kwssiamovil/sm/acme/u?s=U2FsdGVkX1/BYB3P6qrgmMvCG2ea0WN065KJWPF7QsW4fFTm7g/Cvw7WyfuceEMZ+wDdbiAKAUMeZay1A+8wS9LFxCnljD7A6267ty4H08tfHiLGGMQ5DJuNfr4LWZNjuQQwRi5vAYG56mHmLcMCXg==&u=U2FsdGVkX1/GU/PIYqAxo3Whz9Vbnb448QQz6HMQcaUNIp+Kec4jwYVU8NXeoCmP&y=U2FsdGVkX1943gKDpXZm5RAx+dG2J9paywVApV9p25L1jnJZJmQKPg5Q2QKJoMeP HTTP/1.1" 200 60
186.102.0.228 - - [17/Sep/2022:16:57:31 -0500] "GET /kwssiamovil/sm/acme/u?s=U2FsdGVkX197y81A6X2rLzogUxpjmCXMdWoGP2UwuvU1Krg+X8esjJXG3yLRvbRmVLpUGH1GlES8U5aURGKDomt5GX7j3Sz3jk6fxEbg4g7plmOU6IupJJFSfZPHZreZ0Zcu0YWFocwz8YyWWSdMJA==&u=U2FsdGVkX1/GU/PIYqAxo3Whz9Vbnb448QQz6HMQcaUNIp+Kec4jwYVU8NXeoCmP&y=U2FsdGVkX1943gKDpXZm5RAx+dG2J9paywVApV9p25L1jnJZJmQKPg5Q2QKJoMeP HTTP/1.1" 200 60
186.102.0.228 - - [17/Sep/2022:16:58:05 -0500] "GET /kwssiamovil/sm/acme/u?s=U2FsdGVkX19AjK38oo+Y/c65I0WOJ4t/yEABQOaUWCBrhwq+MHaeqquPz5cHj6HW9qNPbFO0DQItlgUT6mKWzCx+g22yHt8l4cYwqNgWqpKsR0/R9R6eoAqQDSXxnH+YUVkSFPtR8ocLl4WC0MUi8g==&u=U2FsdGVkX1/GU/PIYqAxo3Whz9Vbnb448QQz6HMQcaUNIp+Kec4jwYVU8NXeoCmP&y=U2FsdGVkX1943gKDpXZm5RAx+dG2J9paywVApV9p25L1jnJZJmQKPg5Q2QKJoMeP HTTP/1.1" 200 60
201.245.192.253 - - [17/Sep/2022:16:58:03 -0500] "POST /kwsrmcab/Wsrmcab  HTTP/1.1" 200 37989
186.102.0.228 - - [17/Sep/2022:16:58:44 -0500] "GET /kwssiamovil/sm/acme/u?s=U2FsdGVkX1/xv/jM5LTr5kz2BukD1O9X0urZCkYQxFksahOKb2uKzpy+oPDwNrxGa37EQvy7cvq4v6+5daR9JGTTHY94UgHFD6RijnayMxouV6VsODMX/IE/KpNARHjL0dTVPQDWKxKspFT4Vf4oQQ==&u=U2FsdGVkX1/GU/PIYqAxo3Whz9Vbnb448QQz6HMQcaUNIp+Kec4jwYVU8NXeoCmP&y=U2FsdGVkX1943gKDpXZm5RAx+dG2J9paywVApV9p25L1jnJZJmQKPg5Q2QKJoMeP HTTP/1.1" 200 60
186.102.0.228 - - [17/Sep/2022:16:58:50 -0500] "GET /kwssiamovil/sm/acme/u?s=U2FsdGVkX1+W9HZAOnGVjJH3dgcbh0Lnm4mLImMwLTWkIBjfuyI5zNpLJuZ3KOFpsm2uARm5eI4J1/lgtom4W/fRiWD+59uxUMVwTwTFccMRQmiZUsZ2DIl7ikbVhlAkWx1QyoSbdLg24AIvzAG0pA==&u=U2FsdGVkX1/GU/PIYqAxo3Whz9Vbnb448QQz6HMQcaUNIp+Kec4jwYVU8NXeoCmP&y=U2FsdGVkX1943gKDpXZm5RAx+dG2J9paywVApV9p25L1jnJZJmQKPg5Q2QKJoMeP HTTP/1.1" 200 60
186.102.0.228 - - [17/Sep/2022:16:59:21 -0500] "GET /kwssiamovil/sm/acme/u?s=U2FsdGVkX1/fMdYPr6DX7FmRIaEoXypRKygZsS/TZSnr85WRt9StQqXJUD0i0F7ibxZwMv4rhC/9x2C6QMZrwMuenEDBprC1EHRjKSvvsnWQAQx8a7HwAxeI5km7ZXP7FeKD5x93t7b2FpujJDNd4Q==&u=U2FsdGVkX1/GU/PIYqAxo3Whz9Vbnb448QQz6HMQcaUNIp+Kec4jwYVU8NXeoCmP&y=U2FsdGVkX1943gKDpXZm5RAx+dG2J9paywVApV9p25L1jnJZJmQKPg5Q2QKJoMeP HTTP/1.1" 200 60
186.102.0.228 - - [17/Sep/2022:16:59:51 -0500] "GET /kwssiamovil/sm/acme/u?s=U2FsdGVkX184T0UWNGHTgZGDr+N89yf9dx1yovT69GziZT3VsKED3KCM+SQw9uNM/OSwNwl8dUZAJIcfjkDty+kcVB0AKx74fEubyX4IW52E4orPj8Z7K4f5qDB5z+6N8zhVevNm9hzxtYXuG/KvhQ==&u=U2FsdGVkX1/GU/PIYqAxo3Whz9Vbnb448QQz6HMQcaUNIp+Kec4jwYVU8NXeoCmP&y=U2FsdGVkX1943gKDpXZm5RAx+dG2J9paywVApV9p25L1jnJZJmQKPg5Q2QKJoMeP HTTP/1.1" 200 60
186.102.0.228 - - [17/Sep/2022:17:00:29 -0500] "GET /kwssiamovil/sm/acme/u?s=U2FsdGVkX1/qpTEwpGroR0gnEceath3QWatF0h7Lm/kqBJjRIzIyH9HHyCi+LUQyf4TTx8Pd5RVK2TKvchdCH8gjpbKoNrEpvaQ+aAlOUWWN6+LuS93M+3WBJieN1MHOARj9pDMuOzGJrZvfII/MOQ==&u=U2FsdGVkX1/GU/PIYqAxo3Whz9Vbnb448QQz6HMQcaUNIp+Kec4jwYVU8NXeoCmP&y=U2FsdGVkX1943gKDpXZm5RAx+dG2J9paywVApV9p25L1jnJZJmQKPg5Q2QKJoMeP HTTP/1.1" 200 60
216.245.221.92 - - [17/Sep/2022:17:00:44 -0500] "HEAD / HTTP/1.1" 200 -
172.22.2.4 - - [17/Sep/2022:16:59:31 -0500] "HEAD /BLA/boletinlegal/ HTTP/1.1" 200 -
186.102.0.228 - - [17/Sep/2022:17:01:20 -0500] "GET /kwssiamovil/sm/ldap/au?x=U2FsdGVkX19K+O/2ezQqcLuwwwz29Y5iIQuT/w8oSoxWg7nEgpUE0hd4svWqTCKLrhM0T/ArbUAJqfepuLaMjw==&y=U2FsdGVkX1/JKn0yQoCV9GCykNCPbR4JnrhjJnU83SyuJuMMX4ia0zb5txahU6Ht HTTP/1.1" 200 30
186.102.0.228 - - [17/Sep/2022:17:01:20 -0500] "GET /kwssiamovil/sm/acme/s?s=U2FsdGVkX1/F3O5JKbghReJevnzeSjvTQk96uRldunZYsB6yo/gHz8UflcTEBwjtc/RuGqZjodwYXvejSGsyDwT+YdU7g1kwF6NQpg3dlKs=&u=U2FsdGVkX1/AuGQH/tUUH7vtBKABTwtyLkNgYuMDODKSET343HHQ4z+GsNQa9S81&y=U2FsdGVkX1/JKn0yQoCV9GCykNCPbR4JnrhjJnU83SyuJuMMX4ia0zb5txahU6Ht HTTP/1.1" 200 97
186.102.0.228 - - [17/Sep/2022:17:01:20 -0500] "GET /kwssiamovil/sm/acme/s?s=U2FsdGVkX1+BJmFdLndxoX9j7cX4/faEB4swnZojwlF2Y2lFn9TZ2fYKQTC0Q+fCWwYX77nCokbAi3eTYiwOshnE3f49H8xQtndX9KvQTh2oyTwdHr5STHMM3tcPyoxnVwFBuCLiyJPX5Q6Kt+4Z3w4sbcpPXWxhK8tVrfP/AEoi3d/BeFYxCStdCn65Aj9tdyrMAhNBLgNC7K1GKh13ZPa7Yl/7VPlXDRcsbiNrM+NbiGsjKRXMimeHsc0WTU8nvinGOzm5Xr6S/wNjDVQiIC0PGWjTBk+KM4xkevDi1XsB3VXbVVC2mYu7IuE13rbgNaedwGqOVod1RsIquU9URE0KhJl2CIPMFDLyirKHKsLHSJH5ubd56eIVMTctiXKGYbhVX33UpLlSmT78nn6hgXO9OFlVs1SnBpef+QjmvBc1YugSM2jTOZcA7vzFnREBcYs5nbvgB77jvkFhQiJgHNPpyREefby2HxUuYfyAurN6uh9DFlZpwPuxtdvMKsW0K/hvR/w9Wt5JzW572yyhyz8r4L0hy56WMAraZ/l1wDddNvE5W1sMcC9NscuU4zq/f4zIOe6MbERL57gqGaKInp9ydCkgtE3XhxnJJivG/wsSmqLXD+Bo3SzYI2H83u14kdruGVMz3ORV2/MsA38ytAzI+gxYSvYrc+MNj9gyZnRibZAJBk4Vl5HaGDFyY2pykwCed3OCS55bwLANkNNDBjMEQr5GixyZW0G7GwySTmJzDvHErs/p8LlWUT6RRnVglFltrwJndcXgy9Gr+Xhs9yc9cOooM1j01fzNawjucxBU4/k7B1uE19x15UmyCi3SIOCkj1cB79ULUyNxLuK5vV0fvruuCXxj8ivCbHczvLOe/z9RK9exCGSW/Gc2RRXMNfQDPy8mu4c/drDLD8ml6I9M7Jezi/vJA2TmRAoMmxhHK3c+TOuelXFjlDE15sTqOzwJdGRXc6FW5EbHo2rQNT2lYc1fgQYkMSNL7HE1MSnbSGKTIzuA8RBCLhkTjGAISOqY6TofdRUz0/XynQ+N4B0jMe9dVn0HMkbMY6kygOvYIird04Edw4G4DHO30cxBvxx3jpVbmT/W7NiXJmeAlkdA2vUIKTvSTqvyLCLUFz0Q88A547ooo7pvXVCV1VWJc00N+nPgZti0OsQmcT0nDPucDHqz2IMp4xG+yyJnyNCJwk5Jmwut7H/HkPHXmdnFlA2qLHRDraXmyf42b1jQj6kx3JInZdzsM0jFPGY1GGWzsFCjY0rw1ZrkxAKzWLdtxL4J7UmEdISCL0d1Pr/jGeJ2bGECIpcb9SBitihuv+sO4DCICHlTZrt9Gb8Nsdf7KOTxUFItDfI0vjwcsSZTwtz2EoRHJgkx46T8dO4qZO4=&u=U2FsdGVkX1/AuGQH/tUUH7vtBKABTwtyLkNgYuMDODKSET343HHQ4z+GsNQa9S81&y=U2FsdGVkX1/JKn0yQoCV9GCykNCPbR4JnrhjJnU83SyuJuMMX4ia0zb5txahU6Ht HTTP/1.1" 200 389
186.102.0.228 - - [17/Sep/2022:17:01:20 -0500] "GET /kwssiamovil/sm/acme/s?s=U2FsdGVkX19SRjubI+xb6HuLnP3sfalJxdKFjqao2tMWPLqc3s3akSHJM/uhIsQMUmXfYxa3vf/ul/V0cJT6jePoO1IX/4F8NN1Yc1hY2P5KKRHwYwTSdWTTsrmnC8ApIZY0ZF9vbA8AmrGcUAZW2nkgpWqPYWSDYMyg8yev8x1/avQUhNZ82WmWFp8N5SMe6ygZvlHP2hg5FfPIOyLxEp940jqzX/H1YqH6TRk2Q/7Hx0iUWwGGoRNfPoKvEH/0vF0sYigPAldc9ZVNHVSXrzAA0GjoI3WqWZ1yJ6NFnEU=&u=U2FsdGVkX1/AuGQH/tUUH7vtBKABTwtyLkNgYuMDODKSET343HHQ4z+GsNQa9S81&y=U2FsdGVkX1/JKn0yQoCV9GCykNCPbR4JnrhjJnU83SyuJuMMX4ia0zb5txahU6Ht HTTP/1.1" 200 176
186.102.0.228 - - [17/Sep/2022:17:01:21 -0500] "GET /kwssiamovil/sm/cjson/pre?f=1&x=U2FsdGVkX19K+O/2ezQqcLuwwwz29Y5iIQuT/w8oSoxWg7nEgpUE0hd4svWqTCKLrhM0T/ArbUAJqfepuLaMjw== HTTP/1.1" 200 30992
186.102.0.228 - - [17/Sep/2022:17:01:25 -0500] "GET /kwssiamovil/sm/acme/u?s=U2FsdGVkX18Nn3eR41nTnWGxEMGJs0vJ4MrHSFSIc/DW6ngCLtK6WqKEShMwU+HhV4tVt06xqX7YD0hc0df/njytB4cbbFYdGbNAZOAPAP8WGMd1aSfkaR4aFTVV5RtoA2BXou+Tob/AqHsTbqbFjQ==&u=U2FsdGVkX1/AuGQH/tUUH7vtBKABTwtyLkNgYuMDODKSET343HHQ4z+GsNQa9S81&y=U2FsdGVkX1/JKn0yQoCV9GCykNCPbR4JnrhjJnU83SyuJuMMX4ia0zb5txahU6Ht HTTP/1.1" 200 60
172.22.2.4 - - [17/Sep/2022:17:00:21 -0500] "GET /BLA/boletinlegal/ HTTP/1.1" 200 56376
172.22.2.4 - - [17/Sep/2022:17:01:55 -0500] "GET /BLA/boletinlegal/ HTTP/1.1" 200 36811
201.245.192.253 - - [17/Sep/2022:17:03:02 -0500] "POST /kwsrmcab/Wsrmcab  HTTP/1.1" 200 37989
216.245.221.92 - - [17/Sep/2022:17:05:44 -0500] "HEAD / HTTP/1.1" 200 -
172.22.2.4 - - [17/Sep/2022:17:05:21 -0500] "HEAD /BLA/boletinlegal/ HTTP/1.1" 200 -
52.226.227.211 - - [17/Sep/2022:17:07:03 -0500] "HEAD /galeria/galeria/fancybox_overlay.png HTTP/1.1" 200 -
157.55.39.201 - - [17/Sep/2022:17:07:04 -0500] "GET /BLA/resoluciones/AUTOS%202022/1001.pdf HTTP/1.1" 200 419682
66.249.73.97 - - [17/Sep/2022:17:07:25 -0500] "-" 408 -
172.22.2.4 - - [17/Sep/2022:17:06:11 -0500] "GET /BLA/boletinlegal/ HTTP/1.1" 200 59828
201.245.192.253 - - [17/Sep/2022:17:08:01 -0500] "POST /kwsrmcab/Wsrmcab  HTTP/1.1" 200 37989
173.252.95.9 - - [17/Sep/2022:17:09:55 -0500] "GET /images/Senderos1.jpeg HTTP/1.1" 200 172777
216.245.221.92 - - [17/Sep/2022:17:10:44 -0500] "HEAD / HTTP/1.1" 200 -
172.22.2.4 - - [17/Sep/2022:17:11:11 -0500] "HEAD /BLA/boletinlegal/ HTTP/1.1" 200 -
201.245.192.253 - - [17/Sep/2022:17:13:00 -0500] "POST /kwsrmcab/Wsrmcab  HTTP/1.1" 200 37989
172.22.2.4 - - [17/Sep/2022:17:12:01 -0500] "GET /BLA/boletinlegal/ HTTP/1.1" 200 56014
4.14.70.9 - - [17/Sep/2022:17:14:39 -0500] "GET /.env HTTP/1.1" 404 1018
4.14.70.9 - - [17/Sep/2022:17:14:39 -0500] "POST / HTTP/1.1" 200 319
216.245.221.92 - - [17/Sep/2022:17:15:44 -0500] "HEAD / HTTP/1.1" 200 -
186.29.44.124 - - [17/Sep/2022:17:16:09 -0500] "GET / HTTP/1.1" 200 4720
186.29.44.124 - - [17/Sep/2022:17:16:09 -0500] "GET /js/url.js HTTP/1.1" 404 1294
186.29.44.124 - - [17/Sep/2022:17:16:09 -0500] "GET /favicon.ico HTTP/1.1" 404 1294
186.29.44.124 - - [17/Sep/2022:17:16:25 -0500] "POST /procesar.php HTTP/1.1" 200 837
186.29.44.124 - - [17/Sep/2022:17:17:41 -0500] "POST /procesar.php HTTP/1.1" 200 919
201.245.192.253 - - [17/Sep/2022:17:17:59 -0500] "POST /kwsrmcab/Wsrmcab  HTTP/1.1" 200 37989
186.29.44.124 - - [17/Sep/2022:17:18:03 -0500] "POST /procesar.php HTTP/1.1" 200 919
186.29.44.124 - - [17/Sep/2022:17:18:12 -0500] "POST /procesar.php HTTP/1.1" 200 831
66.249.73.127 - - [17/Sep/2022:17:18:29 -0500] "-" 408 -
186.29.44.124 - - [17/Sep/2022:17:18:29 -0500] "POST /procesar.php HTTP/1.1" 200 919
172.22.2.4 - - [17/Sep/2022:17:17:01 -0500] "HEAD /BLA/boletinlegal/ HTTP/1.1" 200 -
186.29.44.124 - - [17/Sep/2022:17:19:18 -0500] "POST /procesar.php HTTP/1.1" 200 919
172.22.2.4 - - [17/Sep/2022:17:17:51 -0500] "GET /BLA/boletinlegal/ HTTP/1.1" 200 58163
201.245.192.253 - - [17/Sep/2022:17:19:43 -0500] "POST /kwsrmcab/Wsrmcab HTTP/1.1" 200 42266
201.245.192.253 - - [17/Sep/2022:17:19:46 -0500] "POST /kwsrmcab/Wsrmcab HTTP/1.1" 200 42280
61.1.24.147 - - [17/Sep/2022:17:20:02 -0500] "GET / HTTP/1.1" 200 319
61.1.24.147 - - [17/Sep/2022:17:20:02 -0500] "GET / HTTP/1.1" 200 319
66.249.65.213 - - [17/Sep/2022:17:20:33 -0500] "-" 408 -
80.94.92.231 - - [17/Sep/2022:17:20:41 -0500] "GET / HTTP/1.1" 200 319
216.245.221.92 - - [17/Sep/2022:17:20:44 -0500] "HEAD / HTTP/1.1" 200 -
207.46.13.131 - - [17/Sep/2022:17:22:17 -0500] "GET /sipse/faces/faces/autenticacion.xhtml HTTP/1.1" 200 12498
201.245.192.253 - - [17/Sep/2022:17:22:58 -0500] "POST /kwsrmcab/Wsrmcab  HTTP/1.1" 200 37989
157.55.39.188 - - [17/Sep/2022:17:23:29 -0500] "GET /BLA/resoluciones/RESOLUCIONES%202016/0192.pdf HTTP/1.1" 304 -
172.22.2.4 - - [17/Sep/2022:17:22:51 -0500] "HEAD /BLA/boletinlegal/ HTTP/1.1" 200 -
172.22.2.4 - - [17/Sep/2022:17:23:41 -0500] "GET /BLA/boletinlegal/ HTTP/1.1" 200 57725
216.245.221.92 - - [17/Sep/2022:17:25:44 -0500] "HEAD / HTTP/1.1" 200 -
207.46.13.184 - - [17/Sep/2022:17:26:56 -0500] "GET / HTTP/1.1" 200 319
201.245.192.253 - - [17/Sep/2022:17:27:57 -0500] "POST /kwsrmcab/Wsrmcab  HTTP/1.1" 200 37989
181.59.2.13 - - [17/Sep/2022:17:29:25 -0500] "GET /BLA/boletinlegal/js/jquery.scrollShow.js HTTP/1.1" 200 4586
181.59.2.13 - - [17/Sep/2022:17:29:25 -0500] "GET /galeria/galeria/jquery.fancybox.js?v=2.1.5 HTTP/1.1" 200 48706
181.59.2.13 - - [17/Sep/2022:17:29:25 -0500] "GET /galeria/galeria/jquery.fancybox.css?v=2.1.5 HTTP/1.1" 200 4895
201.245.192.253 - - [17/Sep/2022:17:29:42 -0500] "POST /kwsrmcab/Wsrmcab HTTP/1.1" 200 42266
201.245.192.253 - - [17/Sep/2022:17:29:46 -0500] "POST /kwsrmcab/Wsrmcab HTTP/1.1" 200 42280
172.22.2.4 - - [17/Sep/2022:17:28:41 -0500] "HEAD /BLA/boletinlegal/ HTTP/1.1" 200 -
185.119.81.102 - - [17/Sep/2022:17:30:42 -0500] "GET /portaldeninos/wp-login.php HTTP/1.1" 200 2592
185.119.81.102 - - [17/Sep/2022:17:30:43 -0500] "POST /portaldeninos/wp-login.php HTTP/1.1" 200 3650
216.245.221.92 - - [17/Sep/2022:17:30:44 -0500] "HEAD / HTTP/1.1" 200 -
172.22.2.4 - - [17/Sep/2022:17:29:31 -0500] "GET /BLA/boletinlegal/ HTTP/1.1" 200 59319
201.245.192.253 - - [17/Sep/2022:17:32:56 -0500] "POST /kwsrmcab/Wsrmcab  HTTP/1.1" 200 37989
157.55.39.201 - - [17/Sep/2022:17:35:05 -0500] "GET /Publicaciones/2022EE177908.pdf HTTP/1.1" 404 228
172.22.2.4 - - [17/Sep/2022:17:35:20 -0500] "GET /BLA/boletinlegal/actuator/gateway/routes HTTP/1.1" 404 1018
216.245.221.92 - - [17/Sep/2022:17:35:44 -0500] "HEAD / HTTP/1.1" 200 -
172.22.2.4 - - [17/Sep/2022:17:34:31 -0500] "HEAD /BLA/boletinlegal/ HTTP/1.1" 200 -
172.22.2.4 - - [17/Sep/2022:17:34:47 -0500] "GET /BLA/boletinlegal/ HTTP/1.1" 200 49101
172.22.2.4 - - [17/Sep/2022:17:35:21 -0500] "GET /BLA/boletinlegal/ HTTP/1.1" 200 51630
201.245.192.253 - - [17/Sep/2022:17:37:55 -0500] "POST /kwsrmcab/Wsrmcab  HTTP/1.1" 200 37989
157.55.39.161 - - [17/Sep/2022:17:39:01 -0500] "GET /images/cronica-amanda-rodriguez-30-abril.jpg HTTP/1.1" 200 26304
201.245.192.253 - - [17/Sep/2022:17:39:42 -0500] "POST /kwsrmcab/Wsrmcab HTTP/1.1" 200 42266
201.245.192.253 - - [17/Sep/2022:17:39:46 -0500] "POST /kwsrmcab/Wsrmcab HTTP/1.1" 200 42280
216.245.221.92 - - [17/Sep/2022:17:40:44 -0500] "HEAD / HTTP/1.1" 200 -
172.22.2.4 - - [17/Sep/2022:17:40:21 -0500] "HEAD /BLA/boletinlegal/ HTTP/1.1" 200 -
172.22.2.4 - - [17/Sep/2022:17:40:53 -0500] "GET /BLA/boletinlegal/ HTTP/1.1" 200 47823
172.22.2.4 - - [17/Sep/2022:17:41:11 -0500] "GET /BLA/boletinlegal/ HTTP/1.1" 200 50799
201.245.192.253 - - [17/Sep/2022:17:42:54 -0500] "POST /kwsrmcab/Wsrmcab  HTTP/1.1" 200 37989
207.46.13.86 - - [17/Sep/2022:17:43:05 -0500] "GET /Publicaciones/2022EE133563.pdf HTTP/1.1" 404 228
172.22.2.4 - - [17/Sep/2022:17:44:44 -0500] "GET /BLA/boletinlegal/Circulares/2019/.pdf HTTP/1.1" 404 1218
216.245.221.92 - - [17/Sep/2022:17:45:44 -0500] "HEAD / HTTP/1.1" 200 -
172.22.2.4 - - [17/Sep/2022:17:46:11 -0500] "HEAD /BLA/boletinlegal/ HTTP/1.1" 200 -
201.245.192.253 - - [17/Sep/2022:17:47:52 -0500] "POST /kwsrmcab/Wsrmcab  HTTP/1.1" 200 37989
172.22.2.4 - - [17/Sep/2022:17:47:01 -0500] "GET /BLA/boletinlegal/ HTTP/1.1" 200 59828
66.249.73.127 - - [17/Sep/2022:17:49:14 -0500] "-" 408 -
216.245.221.92 - - [17/Sep/2022:17:50:44 -0500] "HEAD / HTTP/1.1" 200 -
207.46.13.131 - - [17/Sep/2022:17:51:55 -0500] "GET /BLA/resoluciones/RESOLUCIONES%202006/1813.tif HTTP/1.1" 200 277044
201.245.192.253 - - [17/Sep/2022:17:52:52 -0500] "POST /kwsrmcab/Wsrmcab  HTTP/1.1" 200 37989
172.22.2.4 - - [17/Sep/2022:17:53:17 -0500] "GET /BLA/boletinlegal/robots.txt HTTP/1.1" 404 1038
172.22.2.4 - - [17/Sep/2022:17:52:01 -0500] "HEAD /BLA/boletinlegal/ HTTP/1.1" 200 -
172.22.2.4 - - [17/Sep/2022:17:52:51 -0500] "GET /BLA/boletinlegal/ HTTP/1.1" 200 49101
172.22.2.4 - - [17/Sep/2022:17:53:19 -0500] "GET /BLA/boletinlegal/index.php HTTP/1.1" 200 50046
66.249.73.127 - - [17/Sep/2022:17:55:17 -0500] "-" 408 -
185.119.81.104 - - [17/Sep/2022:17:55:17 -0500] "GET /portaldeninos/wp-login.php HTTP/1.1" 200 2592
185.119.81.104 - - [17/Sep/2022:17:55:18 -0500] "POST /portaldeninos/wp-login.php HTTP/1.1" 200 3605
216.245.221.92 - - [17/Sep/2022:17:55:44 -0500] "HEAD / HTTP/1.1" 200 -
173.252.79.21 - - [17/Sep/2022:17:57:46 -0500] "GET /images/reunion-planta-termovalorizacion-11-mayo.jpg HTTP/1.1" 200 34782
185.119.81.102 - - [17/Sep/2022:17:57:53 -0500] "GET /portaldeninos/wp-login.php HTTP/1.1" 200 2592
201.245.192.253 - - [17/Sep/2022:17:57:52 -0500] "POST /kwsrmcab/Wsrmcab  HTTP/1.1" 200 37989
185.119.81.102 - - [17/Sep/2022:17:57:54 -0500] "POST /portaldeninos/wp-login.php HTTP/1.1" 200 3605
172.22.2.4 - - [17/Sep/2022:17:57:51 -0500] "HEAD /BLA/boletinlegal/ HTTP/1.1" 200 -
172.22.2.4 - - [17/Sep/2022:17:58:41 -0500] "GET /BLA/boletinlegal/ HTTP/1.1" 200 58575
216.245.221.92 - - [17/Sep/2022:18:00:44 -0500] "HEAD / HTTP/1.1" 200 -
157.55.39.202 - - [17/Sep/2022:18:01:19 -0500] "GET /BLA/resoluciones/RESOLUCIONES%202001/2001%201350-1399.tif HTTP/1.1" 200 3333955
201.245.192.253 - - [17/Sep/2022:18:02:51 -0500] "POST /kwsrmcab/Wsrmcab  HTTP/1.1" 200 37989
172.22.2.4 - - [17/Sep/2022:18:03:12 -0500] "GET /BLA/boletinlegal/Circulares/2011/Circular%20No.%202%20del%2026%20de%20Mayo%20de%202011.pdf HTTP/1.1" 304 -
172.22.2.4 - - [17/Sep/2022:18:03:41 -0500] "HEAD /BLA/boletinlegal/ HTTP/1.1" 200 -
216.245.221.92 - - [17/Sep/2022:18:05:44 -0500] "HEAD / HTTP/1.1" 200 -
172.22.2.4 - - [17/Sep/2022:18:04:31 -0500] "GET /BLA/boletinlegal/ HTTP/1.1" 200 59828
149.56.25.49 - - [17/Sep/2022:18:06:43 -0500] "GET /ciudad-bolivar-recibe-la-feria-de-servicios.html HTTP/1.1" 200 726
80.94.92.239 - - [17/Sep/2022:18:07:49 -0500] "GET / HTTP/1.1" 200 319
201.245.192.253 - - [17/Sep/2022:18:07:50 -0500] "POST /kwsrmcab/Wsrmcab  HTTP/1.1" 200 37989
