185.191.171.20 - - [18/Sep/2022:17:09:13 -0500] "-" 408 -
172.22.2.4 - - [18/Sep/2022:17:09:19 -0500] "GET /BLA/boletinlegal/apple-touch-icon-precomposed.png HTTP/1.1" 404 1140
172.22.2.4 - - [18/Sep/2022:17:09:19 -0500] "GET /BLA/boletinlegal/apple-touch-icon.png HTTP/1.1" 404 1140
172.22.2.4 - - [18/Sep/2022:17:09:19 -0500] "GET /BLA/boletinlegal/favicon.ico HTTP/1.1" 404 1140
173.252.95.11 - - [18/Sep/2022:17:09:21 -0500] "GET /humedales-por-que-son-importantes-en-epoca-de-lluvia.html HTTP/1.1" 206 793
173.252.83.12 - - [18/Sep/2022:17:09:22 -0500] "GET /images/humedal-agua-lluvias-bogota-18-marzo.jpg HTTP/1.1" 200 146923
185.191.171.20 - - [18/Sep/2022:17:09:28 -0500] "-" 408 -
94.62.254.84 - - [18/Sep/2022:17:09:41 -0500] "GET /apple-touch-icon-precomposed.png HTTP/1.1" 404 1120
94.62.254.84 - - [18/Sep/2022:17:09:41 -0500] "GET /apple-touch-icon.png HTTP/1.1" 404 1120
172.22.2.4 - - [18/Sep/2022:17:08:50 -0500] "GET /BLA/boletinlegal/ HTTP/1.1" 200 49099
216.245.221.92 - - [18/Sep/2022:17:10:39 -0500] "HEAD / HTTP/1.1" 200 -
157.55.39.188 - - [18/Sep/2022:17:10:44 -0500] "GET /catalogoisis/js/limpiarcombinada.js HTTP/1.1" 200 207
207.46.13.86 - - [18/Sep/2022:17:11:09 -0500] "GET /sipse/faces/javax.faces.resource/jquery/jquery-plugins.js;jsessionid=hmxwncn4uwc8wesea2mzpdzs.undefined?ln=primefaces&amp;v=4.0 HTTP/1.1" 200 220526
69.171.249.117 - - [18/Sep/2022:17:11:20 -0500] "GET /images/mujeres-cultura-31.jpg HTTP/1.1" 200 33736
172.22.2.4 - - [18/Sep/2022:17:12:14 -0500] "GET /BLA/boletinlegal/Circulares/2019/Circular%20No.%200015%20del%2003%20de%20Octubre%20de%202019.pdf HTTP/1.1" 304 -
157.55.39.200 - - [18/Sep/2022:17:12:15 -0500] "GET /bla/boletinlegal/norma_menu.php/js/jquery1.js HTTP/1.1" 200 6318
202.158.8.108 - - [18/Sep/2022:17:12:26 -0500] "GET / HTTP/1.1" 200 319
201.245.192.253 - - [18/Sep/2022:17:13:19 -0500] "POST /kwsrmcab/Wsrmcab  HTTP/1.1" 200 37989
172.22.2.4 - - [18/Sep/2022:17:12:04 -0500] "HEAD /BLA/boletinlegal/ HTTP/1.1" 200 -
167.0.142.94 - - [18/Sep/2022:17:14:16 -0500] "POST /sipse/faces/presentacion/financiero/solicitudProceso/consultarSolicitudProceso.xhtml HTTP/1.1" 200 5497
167.0.142.94 - - [18/Sep/2022:17:14:16 -0500] "GET /sipse/faces/javax.faces.resource/dynamiccontent.properties?ln=primefaces&pfdrid=XjOR5%2F%2FfPAZAuY9TpWQeCiM0BhlXxYRBGKi%2FQcXXfeA%3D&pfdrid_c=false HTTP/1.1" 200 120387
167.0.142.94 - - [18/Sep/2022:17:14:20 -0500] "GET /sipse/faces/javax.faces.resource/dynamiccontent.properties?ln=primefaces&pfdrid=XjOR5%2F%2FfPAZAuY9TpWQeCiM0BhlXxYRBGKi%2FQcXXfeA%3D&pfdrid_c=false HTTP/1.1" 500 383
172.22.2.4 - - [18/Sep/2022:17:12:55 -0500] "GET /BLA/boletinlegal/ HTTP/1.1" 200 55630
216.245.221.92 - - [18/Sep/2022:17:15:39 -0500] "HEAD / HTTP/1.1" 200 -
173.252.95.119 - - [18/Sep/2022:17:16:03 -0500] "GET /mirla-un-ave-que-recorre-y-habita-diferentes-ecosistemas-de-bogota.html HTTP/1.1" 206 728
186.83.160.44 - - [18/Sep/2022:17:17:33 -0500] "GET /portaldeninos/wp-content/uploads/useanyfont/uaf.css?ver=1589905315 HTTP/1.1" 200 408
186.83.160.44 - - [18/Sep/2022:17:17:33 -0500] "GET /portaldeninos/wp-content/themes/betheme/style.css?ver=20.9.6 HTTP/1.1" 200 287
186.83.160.44 - - [18/Sep/2022:17:17:33 -0500] "GET /portaldeninos/wp-includes/js/wp-emoji-release.min.js?ver=4.9.8 HTTP/1.1" 200 12026
186.83.160.44 - - [18/Sep/2022:17:17:32 -0500] "GET /portaldeninos/2021/05/21/2070/ HTTP/1.1" 200 109949
186.83.160.44 - - [18/Sep/2022:17:17:33 -0500] "GET /portaldeninos/wp-content/themes/betheme/assets/animations/animations.min.css?ver=20.9.6 HTTP/1.1" 200 58508
186.83.160.44 - - [18/Sep/2022:17:17:33 -0500] "GET /portaldeninos/wp-content/plugins/gallery-videos/CSS/Total-Soft-Gallery-Video-Widget.css?ver=4.9.8 HTTP/1.1" 200 51554
186.83.160.44 - - [18/Sep/2022:17:17:33 -0500] "GET /portaldeninos/wp-content/plugins/gallery-videos/CSS/totalsoft.css?ver=4.9.8 HTTP/1.1" 200 40622
186.83.160.44 - - [18/Sep/2022:17:17:33 -0500] "GET /portaldeninos/wp-content/themes/betheme/css/base.css?ver=20.9.6 HTTP/1.1" 200 57283
186.83.160.44 - - [18/Sep/2022:17:17:33 -0500] "GET /portaldeninos/wp-content/themes/betheme/assets/ui/jquery.ui.all.css?ver=20.9.6 HTTP/1.1" 200 18765
186.83.160.44 - - [18/Sep/2022:17:17:33 -0500] "GET /portaldeninos/wp-content/themes/betheme/assets/jplayer/css/jplayer.blue.monday.css?ver=20.9.6 HTTP/1.1" 200 9834
186.83.160.44 - - [18/Sep/2022:17:17:33 -0500] "GET /portaldeninos/wp-includes/js/jquery/jquery-migrate.min.js?ver=1.4.1 HTTP/1.1" 200 10056
186.83.160.44 - - [18/Sep/2022:17:17:33 -0500] "GET /portaldeninos/wp-content/plugins/google-analytics-for-wordpress/assets/js/frontend-gtag.min.js?ver=8.5.0 HTTP/1.1" 200 11801
186.83.160.44 - - [18/Sep/2022:17:17:33 -0500] "GET /portaldeninos/wp-content/themes/betheme/css/shortcodes.css?ver=20.9.6 HTTP/1.1" 200 138889
186.83.160.44 - - [18/Sep/2022:17:17:33 -0500] "GET /portaldeninos/wp-includes/js/jquery/ui/core.min.js?ver=1.11.4 HTTP/1.1" 200 4000
186.83.160.44 - - [18/Sep/2022:17:17:33 -0500] "GET /portaldeninos/wp-content/plugins/gallery-videos/JS/modernizr.custom.js?ver=4.9.8 HTTP/1.1" 200 9019
186.83.160.44 - - [18/Sep/2022:17:17:33 -0500] "GET /portaldeninos/wp-content/themes/betheme/css/responsive.css?ver=20.9.6 HTTP/1.1" 200 55740
186.83.160.44 - - [18/Sep/2022:17:17:33 -0500] "GET /portaldeninos/wp-content/themes/betheme/css/layout.css?ver=20.9.6 HTTP/1.1" 200 116639
186.83.160.44 - - [18/Sep/2022:17:17:33 -0500] "GET /portaldeninos/wp-includes/js/jquery/jquery.js?ver=1.12.4 HTTP/1.1" 200 97184
186.83.160.44 - - [18/Sep/2022:17:17:33 -0500] "GET /portaldeninos/wp-content/plugins/gallery-videos/JS/Total-Soft-Gallery-Video-Widget.js?ver=4.9.8 HTTP/1.1" 200 80264
186.83.160.44 - - [18/Sep/2022:17:17:33 -0500] "GET /portaldeninos/wp-includes/js/jquery/ui/mouse.min.js?ver=1.11.4 HTTP/1.1" 200 3148
186.83.160.44 - - [18/Sep/2022:17:17:33 -0500] "GET /portaldeninos/wp-includes/js/jquery/ui/widget.min.js?ver=1.11.4 HTTP/1.1" 200 6908
186.83.160.44 - - [18/Sep/2022:17:17:33 -0500] "GET /portaldeninos/wp-includes/js/jquery/ui/accordion.min.js?ver=1.11.4 HTTP/1.1" 200 8584
186.83.160.44 - - [18/Sep/2022:17:17:33 -0500] "GET /portaldeninos/wp-includes/js/jquery/ui/tabs.min.js?ver=1.11.4 HTTP/1.1" 200 12110
186.83.160.44 - - [18/Sep/2022:17:17:33 -0500] "GET /portaldeninos/wp-content/themes/betheme/js/menu.js?ver=20.9.6 HTTP/1.1" 200 2449
186.83.160.44 - - [18/Sep/2022:17:17:33 -0500] "GET /portaldeninos/wp-includes/js/jquery/ui/sortable.min.js?ver=1.11.4 HTTP/1.1" 200 24899
186.83.160.44 - - [18/Sep/2022:17:17:33 -0500] "GET /portaldeninos/wp-content/themes/betheme/images/stripes/stripes_5_b.png HTTP/1.1" 200 972
186.83.160.44 - - [18/Sep/2022:17:17:33 -0500] "GET /portaldeninos/wp-content/themes/betheme/images/box_shadow.png HTTP/1.1" 200 108
186.83.160.44 - - [18/Sep/2022:17:17:33 -0500] "GET /portaldeninos/wp-content/themes/betheme/assets/animations/animations.min.js?ver=20.9.6 HTTP/1.1" 200 1896
186.83.160.44 - - [18/Sep/2022:17:17:33 -0500] "GET /portaldeninos/wp-includes/js/comment-reply.min.js?ver=4.9.8 HTTP/1.1" 200 1078
186.83.160.44 - - [18/Sep/2022:17:17:34 -0500] "GET /portaldeninos/wp-includes/js/wp-embed.min.js?ver=4.9.8 HTTP/1.1" 200 1398
186.83.160.44 - - [18/Sep/2022:17:17:33 -0500] "GET /portaldeninos/wp-content/themes/betheme/fonts/mfn-icons.woff?93978679 HTTP/1.1" 200 80932
186.83.160.44 - - [18/Sep/2022:17:17:33 -0500] "GET /portaldeninos/wp-content/themes/betheme/js/scripts.js?ver=20.9.6 HTTP/1.1" 200 77162
186.83.160.44 - - [18/Sep/2022:17:17:33 -0500] "GET /portaldeninos/wp-content/themes/betheme/assets/jplayer/jplayer.min.js?ver=20.9.6 HTTP/1.1" 200 52702
186.83.160.44 - - [18/Sep/2022:17:17:34 -0500] "GET /portaldeninos/wp-content/uploads/2021/11/Ficha-comadreja-fauna-27-mayo-85x85.jpg HTTP/1.1" 200 3387
186.83.160.44 - - [18/Sep/2022:17:17:34 -0500] "GET /portaldeninos/wp-content/uploads/2021/11/pieza-dia-abejas-ambiente-20-mayo-85x85.jpg HTTP/1.1" 200 3208
186.83.160.44 - - [18/Sep/2022:17:17:34 -0500] "GET /portaldeninos/wp-content/uploads/2019/08/Logo-Ambientic.png HTTP/1.1" 200 22941
186.83.160.44 - - [18/Sep/2022:17:17:33 -0500] "GET /portaldeninos/wp-content/themes/betheme/js/plugins.js?ver=20.9.6 HTTP/1.1" 200 197151
186.83.160.44 - - [18/Sep/2022:17:17:34 -0500] "GET /portaldeninos/wp-content/uploads/2021/11/pieza-diversidad-bogota-22-mayo.jpg HTTP/1.1" 200 65540
186.83.160.44 - - [18/Sep/2022:17:17:34 -0500] "GET /portaldeninos/wp-content/themes/betheme/images/stripes/stripes_3_b.png HTTP/1.1" 200 974
186.83.160.44 - - [18/Sep/2022:17:17:34 -0500] "GET /portaldeninos/wp-content/uploads/2021/07/grafico-humedales-bogota-1-julio.jpg HTTP/1.1" 200 53684
186.83.160.44 - - [18/Sep/2022:17:17:34 -0500] "GET /portaldeninos/wp-content/uploads/2021/11/monitoreo-animales-fauna-11-julio-960x750.jpg HTTP/1.1" 200 141559
186.83.160.44 - - [18/Sep/2022:17:17:34 -0500] "GET /portaldeninos/wp-content/uploads/2021/11/cronica-mujer-junio-29-junio-ambiente.png HTTP/1.1" 200 102849
201.245.192.253 - - [18/Sep/2022:17:18:18 -0500] "POST /kwsrmcab/Wsrmcab  HTTP/1.1" 200 37989
172.22.2.4 - - [18/Sep/2022:17:17:55 -0500] "HEAD /BLA/boletinlegal/ HTTP/1.1" 200 -
201.245.192.253 - - [18/Sep/2022:17:19:37 -0500] "POST /kwsrmcab/Wsrmcab HTTP/1.1" 200 41952
201.245.192.253 - - [18/Sep/2022:17:19:41 -0500] "POST /kwsrmcab/Wsrmcab HTTP/1.1" 200 42451
172.22.2.4 - - [18/Sep/2022:17:18:46 -0500] "GET /BLA/boletinlegal/ HTTP/1.1" 200 58163
216.245.221.92 - - [18/Sep/2022:17:20:39 -0500] "HEAD / HTTP/1.1" 200 -
186.155.115.142 - - [18/Sep/2022:17:22:29 -0500] "GET /forest/ HTTP/1.1" 200 12041
201.245.192.253 - - [18/Sep/2022:17:23:17 -0500] "POST /kwsrmcab/Wsrmcab  HTTP/1.1" 200 37989
172.22.2.4 - - [18/Sep/2022:17:23:45 -0500] "HEAD /BLA/boletinlegal/ HTTP/1.1" 200 -
216.245.221.92 - - [18/Sep/2022:17:25:39 -0500] "HEAD / HTTP/1.1" 200 -
190.26.139.24 - - [18/Sep/2022:17:25:57 -0500] "GET /BLA/resoluciones/RESOLUCIONES%202016/1002.pdf HTTP/1.1" 200 2515842
190.26.139.24 - - [18/Sep/2022:17:25:57 -0500] "GET /favicon.ico HTTP/1.1" 200 7782
172.22.2.4 - - [18/Sep/2022:17:24:36 -0500] "GET /BLA/boletinlegal/ HTTP/1.1" 200 52877
208.80.154.81 - - [18/Sep/2022:17:26:41 -0500] "GET /portaldeninos/2021/05/21/2070/ HTTP/1.1" 200 109949
208.80.154.81 - - [18/Sep/2022:17:26:42 -0500] "GET /portaldeninos/2021/05/21/2070/ HTTP/1.1" 200 109949
172.22.2.4 - - [18/Sep/2022:17:26:56 -0500] "GET /BLA/boletinlegal/Circulares/2012/Circular%20No.%2014%20del%2011%20de%20Septiembre%20de%202012.pdf HTTP/1.1" 304 -
172.22.2.4 - - [18/Sep/2022:17:27:42 -0500] "GET /BLA/boletinlegal/conceptos.php HTTP/1.1" 200 7443
172.22.2.4 - - [18/Sep/2022:17:27:43 -0500] "GET /BLA/boletinlegal/styles2.css HTTP/1.1" 200 1838
172.22.2.4 - - [18/Sep/2022:17:27:43 -0500] "GET /BLA/boletinlegal/niceforms.js HTTP/1.1" 200 22876
172.22.2.4 - - [18/Sep/2022:17:27:43 -0500] "GET /BLA/boletinlegal/js/ajax_conceptos.js HTTP/1.1" 200 1326
172.22.2.4 - - [18/Sep/2022:17:27:44 -0500] "GET /BLA/boletinlegal/niceforms-default.css HTTP/1.1" 200 6694
172.22.2.4 - - [18/Sep/2022:17:27:44 -0500] "GET /BLA/boletinlegal/style.css HTTP/1.1" 200 9406
172.22.2.4 - - [18/Sep/2022:17:27:44 -0500] "GET /BLA/boletinlegal/images/cabezote%20BLEGAL.jpg HTTP/1.1" 200 118164
172.22.2.4 - - [18/Sep/2022:17:27:44 -0500] "GET /BLA/boletinlegal/images/subscribe-icon-big.png HTTP/1.1" 200 47702
172.22.2.4 - - [18/Sep/2022:17:27:44 -0500] "GET /BLA/boletinlegal/images/historia.png HTTP/1.1" 200 52775
172.22.2.4 - - [18/Sep/2022:17:27:44 -0500] "GET /BLA/boletinlegal/images/body_bg.jpg HTTP/1.1" 200 1601
172.22.2.4 - - [18/Sep/2022:17:27:44 -0500] "GET /BLA/boletinlegal/images/menu_lft.gif HTTP/1.1" 200 1713
172.22.2.4 - - [18/Sep/2022:17:27:44 -0500] "GET /BLA/boletinlegal/images/footer_bg.jpg HTTP/1.1" 200 586
172.22.2.4 - - [18/Sep/2022:17:27:44 -0500] "GET /BLA/boletinlegal/images/menu_bg.jpg HTTP/1.1" 200 620
172.22.2.4 - - [18/Sep/2022:17:27:44 -0500] "GET /BLA/boletinlegal/images/bg_top.jpg HTTP/1.1" 200 522
172.22.2.4 - - [18/Sep/2022:17:27:44 -0500] "GET /BLA/boletinlegal/images/menu_rght.gif HTTP/1.1" 200 1627
172.22.2.4 - - [18/Sep/2022:17:27:45 -0500] "GET /BLA/boletinlegal/images/text.jpg HTTP/1.1" 200 568
172.22.2.4 - - [18/Sep/2022:17:27:45 -0500] "GET /BLA/boletinlegal/images/abajo.png HTTP/1.1" 200 96676
172.22.2.4 - - [18/Sep/2022:17:27:45 -0500] "GET /BLA/boletinlegal/images/hover.jpg HTTP/1.1" 200 640
172.22.2.4 - - [18/Sep/2022:17:27:45 -0500] "GET /BLA/boletinlegal/images/registro-usuarios.png HTTP/1.1" 200 8106
172.22.2.4 - - [18/Sep/2022:17:27:45 -0500] "GET /BLA/boletinlegal/images/tel.png HTTP/1.1" 200 14477
172.22.2.4 - - [18/Sep/2022:17:27:45 -0500] "GET /BLA/boletinlegal/images/icono-email.png HTTP/1.1" 200 5544
172.22.2.4 - - [18/Sep/2022:17:27:45 -0500] "GET /BLA/boletinlegal/images/footer_bg_l.jpg HTTP/1.1" 200 776
172.22.2.4 - - [18/Sep/2022:17:27:46 -0500] "GET /BLA/boletinlegal/img/0.png HTTP/1.1" 200 110
172.22.2.4 - - [18/Sep/2022:17:27:46 -0500] "GET /BLA/boletinlegal/img/select-left.png HTTP/1.1" 200 263
172.22.2.4 - - [18/Sep/2022:17:27:46 -0500] "GET /BLA/boletinlegal/img/select-right.png HTTP/1.1" 200 44019
172.22.2.4 - - [18/Sep/2022:17:27:46 -0500] "GET /BLA/boletinlegal/img/button.png HTTP/1.1" 200 43241
172.22.2.4 - - [18/Sep/2022:17:27:46 -0500] "GET /BLA/boletinlegal/img/button-left.png HTTP/1.1" 200 57071
172.22.2.4 - - [18/Sep/2022:17:27:46 -0500] "GET /BLA/boletinlegal/img/button-right.png HTTP/1.1" 200 57878
172.22.2.4 - - [18/Sep/2022:17:27:46 -0500] "GET /BLA/boletinlegal/favicon.ico HTTP/1.1" 404 1334
69.63.189.4 - - [18/Sep/2022:17:27:57 -0500] "GET /semana-ambiental-2022-del-31-de-mayo-al-5-de-junio-se-celebrara-en-bogota.html HTTP/1.1" 206 799
201.245.192.253 - - [18/Sep/2022:17:28:16 -0500] "POST /kwsrmcab/Wsrmcab  HTTP/1.1" 200 37989
172.22.2.4 - - [18/Sep/2022:17:29:00 -0500] "GET /BLA/boletinlegal/consulta_conceptos.php?no=5444&solicitante=&radicado_entrada=&fecha_concepto=2022&objeto= HTTP/1.1" 200 570
172.22.2.4 - - [18/Sep/2022:17:29:26 -0500] "GET /BLA/boletinlegal/consulta_conceptos.php?no=&solicitante=&radicado_entrada=5444508&fecha_concepto=2022&objeto= HTTP/1.1" 200 570
172.22.2.4 - - [18/Sep/2022:17:29:33 -0500] "GET /BLA/boletinlegal/consulta_conceptos.php?no=&solicitante=&radicado_entrada=5444508&fecha_concepto=2022&objeto= HTTP/1.1" 200 570
172.22.2.4 - - [18/Sep/2022:17:29:34 -0500] "GET /BLA/boletinlegal/consulta_conceptos.php?no=&solicitante=&radicado_entrada=5444508&fecha_concepto=2022&objeto= HTTP/1.1" 200 570
201.245.192.253 - - [18/Sep/2022:17:29:37 -0500] "POST /kwsrmcab/Wsrmcab HTTP/1.1" 200 41952
172.22.2.4 - - [18/Sep/2022:17:29:40 -0500] "GET /BLA/boletinlegal/actos.php HTTP/1.1" 200 9559
201.245.192.253 - - [18/Sep/2022:17:29:41 -0500] "POST /kwsrmcab/Wsrmcab HTTP/1.1" 200 42451
186.155.19.148 - - [18/Sep/2022:17:29:45 -0500] "GET /BLA/resoluciones/ HTTP/1.1" 200 13093
186.155.19.148 - - [18/Sep/2022:17:29:50 -0500] "GET /BLA/resoluciones/index.php?dir=RESOLUCIONES+2011%2F HTTP/1.1" 200 746823
69.171.231.5 - - [18/Sep/2022:17:29:57 -0500] "GET /images/Junio%2002-experiencias-jardines-verticales-sda.jpeg HTTP/1.1" 200 31171
186.155.19.148 - - [18/Sep/2022:17:30:02 -0500] "GET /BLA/resoluciones/RESOLUCIONES%202011/6948.pdf HTTP/1.1" 200 31740562
172.22.2.4 - - [18/Sep/2022:17:30:06 -0500] "GET /BLA/boletinlegal/actos.php HTTP/1.1" 200 9559
172.22.2.4 - - [18/Sep/2022:17:30:06 -0500] "GET /BLA/boletinlegal/js/ajax_actos.js HTTP/1.1" 200 1322
172.22.2.4 - - [18/Sep/2022:17:30:06 -0500] "GET /BLA/boletinlegal/js/popup.js HTTP/1.1" 200 1270
172.22.2.4 - - [18/Sep/2022:17:30:06 -0500] "GET /BLA/boletinlegal/js/lib.js HTTP/1.1" 200 6474
172.22.2.4 - - [18/Sep/2022:17:30:07 -0500] "GET /BLA/boletinlegal/js/jquery1.js HTTP/1.1" 200 29846
172.22.2.4 - - [18/Sep/2022:17:30:07 -0500] "GET /BLA/boletinlegal/images/green-yellow-blue-pink-th.png HTTP/1.1" 200 7394
216.245.221.92 - - [18/Sep/2022:17:30:39 -0500] "HEAD / HTTP/1.1" 200 -
172.22.2.4 - - [18/Sep/2022:17:30:46 -0500] "GET /BLA/boletinlegal/consulta_actos.php?tipo=autos&no=&usuario=&sector=SILVICULTURA&fecha=2022&resuelve=salitre%20plaza HTTP/1.1" 200 626
172.22.2.4 - - [18/Sep/2022:17:30:48 -0500] "GET /BLA/boletinlegal/consulta_actos.php?tipo=autos&no=&usuario=&sector=SILVICULTURA&fecha=2022&resuelve=salitre%20plaza HTTP/1.1" 200 626
172.22.2.4 - - [18/Sep/2022:17:30:54 -0500] "GET /BLA/boletinlegal/actos.php HTTP/1.1" 200 9559
172.22.2.4 - - [18/Sep/2022:17:30:56 -0500] "GET /BLA/boletinlegal/conceptos.php HTTP/1.1" 200 7443
172.22.2.4 - - [18/Sep/2022:17:29:33 -0500] "GET /BLA/boletinlegal/ HTTP/1.1" 200 46329
172.22.2.4 - - [18/Sep/2022:17:29:35 -0500] "HEAD /BLA/boletinlegal/ HTTP/1.1" 200 -
172.22.2.4 - - [18/Sep/2022:17:31:20 -0500] "GET /BLA/boletinlegal/consulta_conceptos.php?no=&solicitante=salitre&radicado_entrada=&fecha_concepto=2022&objeto= HTTP/1.1" 200 570
172.22.2.4 - - [18/Sep/2022:17:31:26 -0500] "GET /BLA/boletinlegal/consulta_conceptos.php?no=&solicitante=plaza&radicado_entrada=&fecha_concepto=2022&objeto= HTTP/1.1" 200 570
172.22.2.4 - - [18/Sep/2022:17:31:28 -0500] "GET /BLA/boletinlegal/consulta_conceptos.php?no=&solicitante=plaza&radicado_entrada=&fecha_concepto=2022&objeto= HTTP/1.1" 200 570
157.55.39.201 - - [18/Sep/2022:17:31:48 -0500] "GET /BLA/resoluciones/RESOLUCIONES%202002/RES%202002%20101-150/2002RES102.tif HTTP/1.1" 200 119570
172.22.2.4 - - [18/Sep/2022:17:30:26 -0500] "GET /BLA/boletinlegal/ HTTP/1.1" 200 53640
157.55.39.188 - - [18/Sep/2022:17:32:55 -0500] "GET /BLA/resoluciones/RESOLUCIONES%202000/2000%201250-1299.tif HTTP/1.1" 200 4609589
201.245.192.253 - - [18/Sep/2022:17:33:15 -0500] "POST /kwsrmcab/Wsrmcab  HTTP/1.1" 200 37989
216.245.221.92 - - [18/Sep/2022:17:35:39 -0500] "HEAD / HTTP/1.1" 200 -
157.55.39.200 - - [18/Sep/2022:17:36:07 -0500] "GET / HTTP/1.1" 200 319
172.22.2.4 - - [18/Sep/2022:17:35:25 -0500] "HEAD /BLA/boletinlegal/ HTTP/1.1" 200 -
172.22.2.4 - - [18/Sep/2022:17:36:16 -0500] "GET /BLA/boletinlegal/ HTTP/1.1" 200 58163
201.245.192.253 - - [18/Sep/2022:17:38:14 -0500] "POST /kwsrmcab/Wsrmcab  HTTP/1.1" 200 37989
167.0.142.94 - - [18/Sep/2022:17:39:15 -0500] "GET /sipse/faces/faces/index.xhtml HTTP/1.1" 200 677
167.0.142.94 - - [18/Sep/2022:17:39:15 -0500] "GET /sipse/faces/javax.faces.resource/theme.css?ln=primefaces-sipse HTTP/1.1" 200 50058
167.0.142.94 - - [18/Sep/2022:17:39:16 -0500] "GET /sipse/faces/faces/faces/autenticacion.xhtml HTTP/1.1" 200 12181
167.0.142.94 - - [18/Sep/2022:17:39:16 -0500] "GET /sipse/js/disable_browser_buttons.js HTTP/1.1" 200 3230
167.0.142.94 - - [18/Sep/2022:17:39:16 -0500] "GET /sipse/js/funciones.js HTTP/1.1" 200 12592
167.0.142.94 - - [18/Sep/2022:17:39:16 -0500] "GET /sipse/css/custom_css_sg_prime_login.css HTTP/1.1" 200 443
167.0.142.94 - - [18/Sep/2022:17:39:16 -0500] "GET /sipse/css/custom_css_sg.css HTTP/1.1" 200 9694
167.0.142.94 - - [18/Sep/2022:17:39:16 -0500] "GET /sipse/faces/javax.faces.resource/layout/layout.css?ln=primefaces&v=4.0 HTTP/1.1" 200 542
167.0.142.94 - - [18/Sep/2022:17:39:16 -0500] "GET /sipse/faces/javax.faces.resource/theme.css?ln=primefaces-sipse HTTP/1.1" 304 -
167.0.142.94 - - [18/Sep/2022:17:39:16 -0500] "GET /sipse/faces/javax.faces.resource/primefaces.css?ln=primefaces&v=4.0 HTTP/1.1" 200 53295
167.0.142.94 - - [18/Sep/2022:17:39:16 -0500] "GET /sipse/faces/javax.faces.resource/layout/layout.js?ln=primefaces&v=4.0 HTTP/1.1" 200 87560
167.0.142.94 - - [18/Sep/2022:17:39:16 -0500] "GET /sipse/faces/javax.faces.resource/jquery/jquery.js?ln=primefaces&v=4.0 HTTP/1.1" 200 105384
167.0.142.94 - - [18/Sep/2022:17:39:16 -0500] "GET /sipse/faces/javax.faces.resource/jquery/jquery-plugins.js?ln=primefaces&v=4.0 HTTP/1.1" 200 220526
167.0.142.94 - - [18/Sep/2022:17:39:16 -0500] "GET /sipse/faces/javax.faces.resource/primefaces.js?ln=primefaces&v=4.0 HTTP/1.1" 200 276924
167.0.142.94 - - [18/Sep/2022:17:39:17 -0500] "GET /sipse/faces/javax.faces.resource/images/ui-icons_898989_256x240.png?ln=primefaces-aristo HTTP/1.1" 200 5355
167.0.142.94 - - [18/Sep/2022:17:39:17 -0500] "GET /sipse/css/imagen/logoSDG.png HTTP/1.1" 200 53064
167.0.142.94 - - [18/Sep/2022:17:39:17 -0500] "GET /sipse/css/imagen/loginimg.png HTTP/1.1" 200 71635
167.0.142.94 - - [18/Sep/2022:17:39:24 -0500] "POST /sipse/faces/autenticacion.xhtml HTTP/1.1" 200 16100
167.0.142.94 - - [18/Sep/2022:17:39:25 -0500] "GET /sipse/css/custom_css_sg_prime.css HTTP/1.1" 200 5201
167.0.142.94 - - [18/Sep/2022:17:39:25 -0500] "GET /sipse/faces/javax.faces.resource/theme.css?ln=primefaces-sipse HTTP/1.1" 304 -
167.0.142.94 - - [18/Sep/2022:17:39:25 -0500] "GET /sipse/faces/javax.faces.resource/primefaces.css?ln=primefaces&v=4.0 HTTP/1.1" 304 -
167.0.142.94 - - [18/Sep/2022:17:39:25 -0500] "GET /sipse/faces/javax.faces.resource/layout/layout.css?ln=primefaces&v=4.0 HTTP/1.1" 304 -
167.0.142.94 - - [18/Sep/2022:17:39:25 -0500] "GET /sipse/js/jquery.min.js HTTP/1.1" 200 85582
167.0.142.94 - - [18/Sep/2022:17:39:25 -0500] "GET /sipse/faces/javax.faces.resource/jquery/jquery.js?ln=primefaces&v=4.0 HTTP/1.1" 304 -
167.0.142.94 - - [18/Sep/2022:17:39:25 -0500] "GET /sipse/faces/javax.faces.resource/jquery/jquery-plugins.js?ln=primefaces&v=4.0 HTTP/1.1" 304 -
167.0.142.94 - - [18/Sep/2022:17:39:25 -0500] "GET /sipse/faces/javax.faces.resource/primefaces.js?ln=primefaces&v=4.0 HTTP/1.1" 304 -
167.0.142.94 - - [18/Sep/2022:17:39:25 -0500] "GET /sipse/faces/javax.faces.resource/layout/layout.js?ln=primefaces&v=4.0 HTTP/1.1" 304 -
167.0.142.94 - - [18/Sep/2022:17:39:25 -0500] "GET /sipse/imagenes/cargando.gif HTTP/1.1" 200 36959
167.0.142.94 - - [18/Sep/2022:17:39:25 -0500] "GET /sipse/imagenes/logoAplicacion.jpg HTTP/1.1" 200 155084
167.0.142.94 - - [18/Sep/2022:17:39:25 -0500] "GET /sipse/css/imagen/contrasena.png HTTP/1.1" 404 383
167.0.142.94 - - [18/Sep/2022:17:39:26 -0500] "GET /sipse/faces/javax.faces.resource/messages/messages.png?ln=primefaces&v=4.0 HTTP/1.1" 200 27209
201.245.192.253 - - [18/Sep/2022:17:39:38 -0500] "POST /kwsrmcab/Wsrmcab HTTP/1.1" 200 41952
201.245.192.253 - - [18/Sep/2022:17:39:41 -0500] "POST /kwsrmcab/Wsrmcab HTTP/1.1" 200 42451
216.245.221.92 - - [18/Sep/2022:17:40:42 -0500] "HEAD / HTTP/1.1" 200 -
172.22.2.4 - - [18/Sep/2022:17:40:44 -0500] "GET /BLA/boletinlegal/js/jquery.js HTTP/1.1" 200 57254
167.0.142.94 - - [18/Sep/2022:17:40:55 -0500] "GET /sipse/faces/javax.faces.resource/images/ui-bg_flat_0_2d5972_40x100.png?ln=primefaces-aristo HTTP/1.1" 200 183
167.0.142.94 - - [18/Sep/2022:17:40:55 -0500] "POST /sipse/faces/bienvenido.xhtml HTTP/1.1" 200 1471
167.0.142.94 - - [18/Sep/2022:17:41:00 -0500] "POST /sipse/faces/bienvenido.xhtml HTTP/1.1" 200 60923
167.0.142.94 - - [18/Sep/2022:17:41:00 -0500] "GET /sipse/faces/javax.faces.resource/theme.css?ln=primefaces-sipse HTTP/1.1" 304 -
167.0.142.94 - - [18/Sep/2022:17:41:00 -0500] "GET /sipse/faces/javax.faces.resource/primefaces.css?ln=primefaces&v=4.0 HTTP/1.1" 304 -
167.0.142.94 - - [18/Sep/2022:17:41:00 -0500] "GET /sipse/faces/javax.faces.resource/layout/layout.css?ln=primefaces&v=4.0 HTTP/1.1" 304 -
167.0.142.94 - - [18/Sep/2022:17:41:00 -0500] "GET /sipse/faces/javax.faces.resource/jquery/jquery.js?ln=primefaces&v=4.0 HTTP/1.1" 304 -
167.0.142.94 - - [18/Sep/2022:17:41:00 -0500] "GET /sipse/faces/javax.faces.resource/jquery/jquery-plugins.js?ln=primefaces&v=4.0 HTTP/1.1" 304 -
167.0.142.94 - - [18/Sep/2022:17:41:01 -0500] "GET /sipse/faces/javax.faces.resource/primefaces.js?ln=primefaces&v=4.0 HTTP/1.1" 304 -
167.0.142.94 - - [18/Sep/2022:17:41:01 -0500] "GET /sipse/faces/javax.faces.resource/layout/layout.js?ln=primefaces&v=4.0 HTTP/1.1" 304 -
167.0.142.94 - - [18/Sep/2022:17:41:01 -0500] "POST /sipse/faces/presentacion/financiero/solicitudProceso/listarSolicitudProceso.xhtml HTTP/1.1" 200 1544
167.0.142.94 - - [18/Sep/2022:17:41:32 -0500] "POST /sipse/faces/presentacion/financiero/solicitudProceso/listarSolicitudProceso.xhtml HTTP/1.1" 200 137130
167.0.142.94 - - [18/Sep/2022:17:41:33 -0500] "GET /sipse/faces/javax.faces.resource/theme.css?ln=primefaces-sipse HTTP/1.1" 304 -
167.0.142.94 - - [18/Sep/2022:17:41:33 -0500] "GET /sipse/faces/javax.faces.resource/primefaces.css?ln=primefaces&v=4.0 HTTP/1.1" 304 -
167.0.142.94 - - [18/Sep/2022:17:41:33 -0500] "GET /sipse/faces/javax.faces.resource/layout/layout.css?ln=primefaces&v=4.0 HTTP/1.1" 304 -
167.0.142.94 - - [18/Sep/2022:17:41:33 -0500] "GET /sipse/faces/javax.faces.resource/jquery/jquery.js?ln=primefaces&v=4.0 HTTP/1.1" 304 -
167.0.142.94 - - [18/Sep/2022:17:41:33 -0500] "GET /sipse/faces/javax.faces.resource/jquery/jquery-plugins.js?ln=primefaces&v=4.0 HTTP/1.1" 304 -
167.0.142.94 - - [18/Sep/2022:17:41:33 -0500] "GET /sipse/faces/javax.faces.resource/primefaces.js?ln=primefaces&v=4.0 HTTP/1.1" 304 -
167.0.142.94 - - [18/Sep/2022:17:41:33 -0500] "GET /sipse/faces/javax.faces.resource/layout/layout.js?ln=primefaces&v=4.0 HTTP/1.1" 304 -
167.0.142.94 - - [18/Sep/2022:17:41:34 -0500] "GET /sipse/faces/javax.faces.resource/dynamiccontent.properties?ln=primefaces&pfdrid=XjOR5%2F%2FfPAZAuY9TpWQeCiM0BhlXxYRBGKi%2FQcXXfeA%3D&pfdrid_c=false HTTP/1.1" 500 383
167.0.142.94 - - [18/Sep/2022:17:41:40 -0500] "POST /sipse/faces/presentacion/financiero/solicitudProceso/consultarSolicitudProceso.xhtml HTTP/1.1" 200 31981
167.0.142.94 - - [18/Sep/2022:17:41:41 -0500] "GET /sipse/faces/javax.faces.resource/theme.css?ln=primefaces-sipse HTTP/1.1" 304 -
167.0.142.94 - - [18/Sep/2022:17:41:41 -0500] "GET /sipse/faces/javax.faces.resource/primefaces.css?ln=primefaces&v=4.0 HTTP/1.1" 304 -
167.0.142.94 - - [18/Sep/2022:17:41:41 -0500] "GET /sipse/faces/javax.faces.resource/layout/layout.css?ln=primefaces&v=4.0 HTTP/1.1" 304 -
167.0.142.94 - - [18/Sep/2022:17:41:41 -0500] "GET /sipse/faces/javax.faces.resource/jquery/jquery.js?ln=primefaces&v=4.0 HTTP/1.1" 304 -
167.0.142.94 - - [18/Sep/2022:17:41:41 -0500] "GET /sipse/faces/javax.faces.resource/jquery/jquery-plugins.js?ln=primefaces&v=4.0 HTTP/1.1" 304 -
167.0.142.94 - - [18/Sep/2022:17:41:41 -0500] "GET /sipse/faces/javax.faces.resource/primefaces.js?ln=primefaces&v=4.0 HTTP/1.1" 304 -
167.0.142.94 - - [18/Sep/2022:17:41:41 -0500] "GET /sipse/faces/javax.faces.resource/layout/layout.js?ln=primefaces&v=4.0 HTTP/1.1" 304 -
167.0.142.94 - - [18/Sep/2022:17:41:46 -0500] "GET /sipse/faces/javax.faces.resource/theme.css?ln=primefaces-sipse HTTP/1.1" 304 -
167.0.142.94 - - [18/Sep/2022:17:41:46 -0500] "GET /sipse/faces/javax.faces.resource/primefaces.css?ln=primefaces&v=4.0 HTTP/1.1" 304 -
167.0.142.94 - - [18/Sep/2022:17:41:46 -0500] "GET /sipse/faces/javax.faces.resource/layout/layout.css?ln=primefaces&v=4.0 HTTP/1.1" 304 -
167.0.142.94 - - [18/Sep/2022:17:41:46 -0500] "GET /sipse/faces/javax.faces.resource/jquery/jquery-plugins.js?ln=primefaces&v=4.0 HTTP/1.1" 304 -
167.0.142.94 - - [18/Sep/2022:17:41:46 -0500] "GET /sipse/faces/javax.faces.resource/jquery/jquery.js?ln=primefaces&v=4.0 HTTP/1.1" 304 -
167.0.142.94 - - [18/Sep/2022:17:41:46 -0500] "GET /sipse/faces/javax.faces.resource/primefaces.js?ln=primefaces&v=4.0 HTTP/1.1" 304 -
167.0.142.94 - - [18/Sep/2022:17:41:46 -0500] "GET /sipse/faces/javax.faces.resource/layout/layout.js?ln=primefaces&v=4.0 HTTP/1.1" 304 -
167.0.142.94 - - [18/Sep/2022:17:41:46 -0500] "POST /sipse/faces/presentacion/financiero/solicitudProceso/consultarHistorialSolProceso.xhtml HTTP/1.1" 200 183164
167.0.142.94 - - [18/Sep/2022:17:41:48 -0500] "GET /sipse/faces/javax.faces.resource/dynamiccontent.properties?ln=primefaces&pfdrid=XjOR5%2F%2FfPAZAuY9TpWQeCiM0BhlXxYRBGKi%2FQcXXfeA%3D&pfdrid_c=false HTTP/1.1" 500 383
167.0.142.94 - - [18/Sep/2022:17:41:56 -0500] "POST /sipse/faces/presentacion/financiero/solicitudProceso/consultarSolicitudProceso.xhtml HTTP/1.1" 200 64906
167.0.142.94 - - [18/Sep/2022:17:41:56 -0500] "GET /sipse/faces/javax.faces.resource/theme.css?ln=primefaces-sipse HTTP/1.1" 304 -
167.0.142.94 - - [18/Sep/2022:17:41:56 -0500] "GET /sipse/faces/javax.faces.resource/primefaces.css?ln=primefaces&v=4.0 HTTP/1.1" 304 -
167.0.142.94 - - [18/Sep/2022:17:41:56 -0500] "GET /sipse/faces/javax.faces.resource/layout/layout.css?ln=primefaces&v=4.0 HTTP/1.1" 304 -
167.0.142.94 - - [18/Sep/2022:17:41:56 -0500] "GET /sipse/faces/javax.faces.resource/jquery/jquery.js?ln=primefaces&v=4.0 HTTP/1.1" 304 -
167.0.142.94 - - [18/Sep/2022:17:41:56 -0500] "GET /sipse/faces/javax.faces.resource/jquery/jquery-plugins.js?ln=primefaces&v=4.0 HTTP/1.1" 304 -
167.0.142.94 - - [18/Sep/2022:17:41:56 -0500] "GET /sipse/faces/javax.faces.resource/primefaces.js?ln=primefaces&v=4.0 HTTP/1.1" 304 -
167.0.142.94 - - [18/Sep/2022:17:41:56 -0500] "GET /sipse/faces/javax.faces.resource/layout/layout.js?ln=primefaces&v=4.0 HTTP/1.1" 304 -
167.0.142.94 - - [18/Sep/2022:17:41:57 -0500] "POST /sipse/faces/presentacion/financiero/solicitudProceso/listarSolicitudProceso.xhtml HTTP/1.1" 200 1544
167.0.142.94 - - [18/Sep/2022:17:41:57 -0500] "POST /sipse/faces/presentacion/financiero/solicitudProceso/listarSolicitudProceso.xhtml HTTP/1.1" 200 1548
172.22.2.4 - - [18/Sep/2022:17:42:11 -0500] "GET /BLA/boletinlegal/robots.txt HTTP/1.1" 404 1038
167.0.142.94 - - [18/Sep/2022:17:42:23 -0500] "POST /sipse/faces/presentacion/financiero/solicitudProceso/listarSolicitudProceso.xhtml HTTP/1.1" 200 30904
167.0.142.94 - - [18/Sep/2022:17:42:31 -0500] "POST /sipse/faces/presentacion/financiero/solicitudProceso/listarSolicitudProceso.xhtml HTTP/1.1" 200 190065
167.0.142.94 - - [18/Sep/2022:17:42:33 -0500] "GET /sipse/faces/javax.faces.resource/theme.css?ln=primefaces-sipse HTTP/1.1" 304 -
167.0.142.94 - - [18/Sep/2022:17:42:33 -0500] "GET /sipse/faces/javax.faces.resource/primefaces.css?ln=primefaces&v=4.0 HTTP/1.1" 304 -
167.0.142.94 - - [18/Sep/2022:17:42:33 -0500] "GET /sipse/faces/javax.faces.resource/layout/layout.css?ln=primefaces&v=4.0 HTTP/1.1" 304 -
167.0.142.94 - - [18/Sep/2022:17:42:33 -0500] "GET /sipse/faces/javax.faces.resource/jquery/jquery.js?ln=primefaces&v=4.0 HTTP/1.1" 304 -
167.0.142.94 - - [18/Sep/2022:17:42:33 -0500] "GET /sipse/faces/javax.faces.resource/jquery/jquery-plugins.js?ln=primefaces&v=4.0 HTTP/1.1" 304 -
167.0.142.94 - - [18/Sep/2022:17:42:33 -0500] "GET /sipse/faces/javax.faces.resource/primefaces.js?ln=primefaces&v=4.0 HTTP/1.1" 304 -
167.0.142.94 - - [18/Sep/2022:17:42:33 -0500] "GET /sipse/faces/javax.faces.resource/layout/layout.js?ln=primefaces&v=4.0 HTTP/1.1" 304 -
167.0.142.94 - - [18/Sep/2022:17:42:35 -0500] "GET /sipse/faces/javax.faces.resource/dynamiccontent.properties?ln=primefaces&pfdrid=XjOR5%2F%2FfPAZAuY9TpWQeCiM0BhlXxYRBGKi%2FQcXXfeA%3D&pfdrid_c=false HTTP/1.1" 500 383
167.0.142.94 - - [18/Sep/2022:17:42:48 -0500] "POST /sipse/faces/presentacion/financiero/solicitudProceso/consultarSolicitudProceso.xhtml HTTP/1.1" 200 41075
167.0.142.94 - - [18/Sep/2022:17:42:49 -0500] "GET /sipse/faces/javax.faces.resource/theme.css?ln=primefaces-sipse HTTP/1.1" 304 -
167.0.142.94 - - [18/Sep/2022:17:42:49 -0500] "GET /sipse/faces/javax.faces.resource/primefaces.css?ln=primefaces&v=4.0 HTTP/1.1" 304 -
167.0.142.94 - - [18/Sep/2022:17:42:49 -0500] "GET /sipse/faces/javax.faces.resource/layout/layout.css?ln=primefaces&v=4.0 HTTP/1.1" 304 -
167.0.142.94 - - [18/Sep/2022:17:42:49 -0500] "GET /sipse/faces/javax.faces.resource/jquery/jquery.js?ln=primefaces&v=4.0 HTTP/1.1" 304 -
167.0.142.94 - - [18/Sep/2022:17:42:49 -0500] "GET /sipse/faces/javax.faces.resource/jquery/jquery-plugins.js?ln=primefaces&v=4.0 HTTP/1.1" 304 -
167.0.142.94 - - [18/Sep/2022:17:42:49 -0500] "GET /sipse/faces/javax.faces.resource/primefaces.js?ln=primefaces&v=4.0 HTTP/1.1" 304 -
167.0.142.94 - - [18/Sep/2022:17:42:49 -0500] "GET /sipse/faces/javax.faces.resource/layout/layout.js?ln=primefaces&v=4.0 HTTP/1.1" 304 -
172.22.2.4 - - [18/Sep/2022:17:41:15 -0500] "HEAD /BLA/boletinlegal/ HTTP/1.1" 200 -
172.22.2.4 - - [18/Sep/2022:17:41:30 -0500] "GET /BLA/boletinlegal/ HTTP/1.1" 200 47823
167.0.142.94 - - [18/Sep/2022:17:43:12 -0500] "GET /sipse/faces/javax.faces.resource/theme.css?ln=primefaces-sipse HTTP/1.1" 304 -
167.0.142.94 - - [18/Sep/2022:17:43:12 -0500] "GET /sipse/faces/javax.faces.resource/primefaces.css?ln=primefaces&v=4.0 HTTP/1.1" 304 -
167.0.142.94 - - [18/Sep/2022:17:43:12 -0500] "GET /sipse/faces/javax.faces.resource/layout/layout.css?ln=primefaces&v=4.0 HTTP/1.1" 304 -
167.0.142.94 - - [18/Sep/2022:17:43:12 -0500] "GET /sipse/faces/javax.faces.resource/jquery/jquery.js?ln=primefaces&v=4.0 HTTP/1.1" 304 -
167.0.142.94 - - [18/Sep/2022:17:43:12 -0500] "GET /sipse/faces/javax.faces.resource/jquery/jquery-plugins.js?ln=primefaces&v=4.0 HTTP/1.1" 304 -
167.0.142.94 - - [18/Sep/2022:17:43:12 -0500] "GET /sipse/faces/javax.faces.resource/primefaces.js?ln=primefaces&v=4.0 HTTP/1.1" 304 -
167.0.142.94 - - [18/Sep/2022:17:43:12 -0500] "GET /sipse/faces/javax.faces.resource/layout/layout.js?ln=primefaces&v=4.0 HTTP/1.1" 304 -
167.0.142.94 - - [18/Sep/2022:17:43:08 -0500] "POST /sipse/faces/presentacion/financiero/solicitudProceso/consultarHistorialSolProceso.xhtml HTTP/1.1" 200 235379
167.0.142.94 - - [18/Sep/2022:17:43:14 -0500] "GET /sipse/faces/javax.faces.resource/dynamiccontent.properties?ln=primefaces&pfdrid=XjOR5%2F%2FfPAZAuY9TpWQeCiM0BhlXxYRBGKi%2FQcXXfeA%3D&pfdrid_c=false HTTP/1.1" 500 383
201.245.192.253 - - [18/Sep/2022:17:43:13 -0500] "POST /kwsrmcab/Wsrmcab  HTTP/1.1" 200 37989
167.0.142.94 - - [18/Sep/2022:17:43:24 -0500] "POST /sipse/faces/presentacion/financiero/solicitudProceso/consultarSolicitudProceso.xhtml HTTP/1.1" 200 179403
172.22.2.4 - - [18/Sep/2022:17:42:06 -0500] "GET /BLA/boletinlegal/ HTTP/1.1" 200 43213
172.22.2.4 - - [18/Sep/2022:17:42:13 -0500] "GET /BLA/boletinlegal/index.php HTTP/1.1" 200 44896
167.0.142.94 - - [18/Sep/2022:17:43:55 -0500] "POST /sipse/faces/presentacion/financiero/solicitudProceso/consultarSolicitudProceso.xhtml HTTP/1.1" 200 254798
167.0.142.94 - - [18/Sep/2022:17:44:05 -0500] "POST /sipse/faces/presentacion/financiero/solicitudProceso/consultarSolicitudProceso.xhtml HTTP/1.1" 200 254798
167.0.142.94 - - [18/Sep/2022:17:44:12 -0500] "POST /sipse/faces/presentacion/financiero/solicitudProceso/consultarSolicitudProceso.xhtml HTTP/1.1" 200 254798
167.0.142.94 - - [18/Sep/2022:17:44:22 -0500] "POST /sipse/faces/presentacion/financiero/solicitudProceso/consultarSolicitudProceso.xhtml HTTP/1.1" 200 254798
167.0.142.94 - - [18/Sep/2022:17:44:28 -0500] "POST /sipse/faces/presentacion/financiero/solicitudProceso/consultarSolicitudProceso.xhtml HTTP/1.1" 200 1208345
167.0.142.94 - - [18/Sep/2022:17:44:39 -0500] "POST /sipse/faces/presentacion/financiero/solicitudProceso/consultarSolicitudProceso.xhtml HTTP/1.1" 200 29343
167.0.142.94 - - [18/Sep/2022:17:44:51 -0500] "POST /sipse/faces/presentacion/financiero/solicitudProceso/consultarSolicitudProceso.xhtml HTTP/1.1" 200 130601
167.0.142.94 - - [18/Sep/2022:17:44:45 -0500] "POST /sipse/faces/presentacion/financiero/solicitudProceso/consultarSolicitudProceso.xhtml HTTP/1.1" 200 170939
167.0.142.94 - - [18/Sep/2022:17:45:05 -0500] "POST /sipse/faces/presentacion/financiero/solicitudProceso/consultarSolicitudProceso.xhtml HTTP/1.1" 200 775446
167.0.142.94 - - [18/Sep/2022:17:45:11 -0500] "POST /sipse/faces/presentacion/financiero/solicitudProceso/consultarSolicitudProceso.xhtml HTTP/1.1" 200 29376
172.22.2.4 - - [18/Sep/2022:17:45:16 -0500] "GET /BLA/boletinlegal/Circulares/2019/.pdf HTTP/1.1" 404 1218
167.0.142.94 - - [18/Sep/2022:17:45:37 -0500] "POST /sipse/faces/presentacion/financiero/solicitudProceso/consultarSolicitudProceso.xhtml HTTP/1.1" 200 238775
216.245.221.92 - - [18/Sep/2022:17:45:39 -0500] "HEAD / HTTP/1.1" 200 -
167.0.142.94 - - [18/Sep/2022:17:45:42 -0500] "POST /sipse/faces/presentacion/financiero/solicitudProceso/consultarSolicitudProceso.xhtml HTTP/1.1" 200 173963
167.0.142.94 - - [18/Sep/2022:17:45:56 -0500] "POST /sipse/faces/presentacion/financiero/solicitudProceso/consultarSolicitudProceso.xhtml HTTP/1.1" 200 22458
167.0.142.94 - - [18/Sep/2022:17:46:02 -0500] "POST /sipse/faces/presentacion/financiero/solicitudProceso/consultarSolicitudProceso.xhtml HTTP/1.1" 200 123263
173.252.127.12 - - [18/Sep/2022:17:46:12 -0500] "GET /images/energia-eficiencia-26-mayo.jpg HTTP/1.1" 200 46417
167.0.142.94 - - [18/Sep/2022:17:46:23 -0500] "POST /sipse/faces/presentacion/financiero/solicitudProceso/consultarSolicitudProceso.xhtml HTTP/1.1" 200 323712
167.0.142.94 - - [18/Sep/2022:17:46:29 -0500] "POST /sipse/faces/presentacion/financiero/solicitudProceso/consultarSolicitudProceso.xhtml HTTP/1.1" 200 21511
167.0.142.94 - - [18/Sep/2022:17:46:41 -0500] "POST /sipse/faces/presentacion/financiero/solicitudProceso/consultarSolicitudProceso.xhtml HTTP/1.1" 200 183083
167.0.142.94 - - [18/Sep/2022:17:46:46 -0500] "POST /sipse/faces/presentacion/financiero/solicitudProceso/consultarSolicitudProceso.xhtml HTTP/1.1" 200 94922
167.0.142.94 - - [18/Sep/2022:17:46:52 -0500] "POST /sipse/faces/presentacion/financiero/solicitudProceso/consultarSolicitudProceso.xhtml HTTP/1.1" 200 79672
167.0.142.94 - - [18/Sep/2022:17:46:58 -0500] "POST /sipse/faces/presentacion/financiero/solicitudProceso/consultarSolicitudProceso.xhtml HTTP/1.1" 200 2305641
167.0.142.94 - - [18/Sep/2022:17:47:10 -0500] "POST /sipse/faces/presentacion/financiero/solicitudProceso/consultarSolicitudProceso.xhtml HTTP/1.1" 200 1059791
167.0.142.94 - - [18/Sep/2022:17:47:16 -0500] "POST /sipse/faces/presentacion/financiero/solicitudProceso/consultarSolicitudProceso.xhtml HTTP/1.1" 200 556857
167.0.142.94 - - [18/Sep/2022:17:47:22 -0500] "POST /sipse/faces/presentacion/financiero/solicitudProceso/consultarSolicitudProceso.xhtml HTTP/1.1" 200 914801
172.22.2.4 - - [18/Sep/2022:17:47:23 -0500] "GET /BLA/boletinlegal/a2billing/customer/templates/default/footer.tpl HTTP/1.1" 404 1018
167.0.142.94 - - [18/Sep/2022:17:47:35 -0500] "POST /sipse/faces/presentacion/financiero/solicitudProceso/consultarSolicitudProceso.xhtml HTTP/1.1" 200 914801
167.0.142.94 - - [18/Sep/2022:17:47:45 -0500] "POST /sipse/faces/presentacion/financiero/solicitudProceso/consultarSolicitudProceso.xhtml HTTP/1.1" 200 775446
167.0.142.94 - - [18/Sep/2022:17:47:52 -0500] "POST /sipse/faces/presentacion/financiero/solicitudProceso/consultarSolicitudProceso.xhtml HTTP/1.1" 200 249312
167.0.142.94 - - [18/Sep/2022:17:48:01 -0500] "POST /sipse/faces/presentacion/financiero/solicitudProceso/consultarSolicitudProceso.xhtml HTTP/1.1" 200 451416
201.245.192.253 - - [18/Sep/2022:17:48:12 -0500] "POST /kwsrmcab/Wsrmcab  HTTP/1.1" 200 37989
167.0.142.94 - - [18/Sep/2022:17:48:16 -0500] "POST /sipse/faces/presentacion/financiero/solicitudProceso/consultarSolicitudProceso.xhtml HTTP/1.1" 200 79647
172.22.2.4 - - [18/Sep/2022:17:47:07 -0500] "HEAD /BLA/boletinlegal/ HTTP/1.1" 200 -
172.22.2.4 - - [18/Sep/2022:17:47:57 -0500] "GET /BLA/boletinlegal/ HTTP/1.1" 200 59828
216.245.221.92 - - [18/Sep/2022:17:50:39 -0500] "HEAD / HTTP/1.1" 200 -
207.46.13.86 - - [18/Sep/2022:17:50:52 -0500] "GET /BLA/resoluciones/RESOLUCIONES%202000/2000%20700-749.tif HTTP/1.1" 200 4710687
191.108.59.29 - - [18/Sep/2022:17:51:31 -0500] "GET /sia/ HTTP/1.1" 200 2661
191.108.59.29 - - [18/Sep/2022:17:51:34 -0500] "GET /css/fondos.css HTTP/1.1" 404 1254
191.108.59.29 - - [18/Sep/2022:17:51:34 -0500] "GET /css/date_blue.css HTTP/1.1" 404 1254
191.108.59.29 - - [18/Sep/2022:17:51:34 -0500] "GET /css/textos.css HTTP/1.1" 404 1254
191.108.59.29 - - [18/Sep/2022:17:51:34 -0500] "GET /css/bordes.css HTTP/1.1" 404 1254
191.108.59.29 - - [18/Sep/2022:17:51:35 -0500] "GET /favicon.ico HTTP/1.1" 200 7782
191.108.59.29 - - [18/Sep/2022:17:52:11 -0500] "GET /sia/ HTTP/1.1" 200 2661
191.108.59.29 - - [18/Sep/2022:17:52:12 -0500] "GET /css/textos.css HTTP/1.1" 404 1254
191.108.59.29 - - [18/Sep/2022:17:52:12 -0500] "GET /css/fondos.css HTTP/1.1" 404 1254
191.108.59.29 - - [18/Sep/2022:17:52:12 -0500] "GET /css/date_blue.css HTTP/1.1" 404 1254
191.108.59.29 - - [18/Sep/2022:17:52:12 -0500] "GET /css/bordes.css HTTP/1.1" 404 1254
191.108.59.29 - - [18/Sep/2022:17:52:12 -0500] "GET /css/textos.css HTTP/1.1" 404 1254
191.108.59.29 - - [18/Sep/2022:17:52:12 -0500] "GET /css/bordes.css HTTP/1.1" 404 1254
191.108.59.29 - - [18/Sep/2022:17:52:12 -0500] "GET /favicon.ico HTTP/1.1" 200 7782
191.108.59.29 - - [18/Sep/2022:17:52:46 -0500] "GET /sia/ HTTP/1.1" 304 -
191.108.59.29 - - [18/Sep/2022:17:52:47 -0500] "GET /css/fondos.css HTTP/1.1" 404 1254
191.108.59.29 - - [18/Sep/2022:17:52:47 -0500] "GET /css/date_blue.css HTTP/1.1" 404 1254
191.108.59.29 - - [18/Sep/2022:17:52:47 -0500] "GET /css/bordes.css HTTP/1.1" 404 1254
191.108.59.29 - - [18/Sep/2022:17:52:47 -0500] "GET /css/textos.css HTTP/1.1" 404 1254
191.108.59.29 - - [18/Sep/2022:17:52:47 -0500] "GET /favicon.ico HTTP/1.1" 200 7782
191.108.59.29 - - [18/Sep/2022:17:53:09 -0500] "GET /sia/ HTTP/1.1" 304 -
191.108.59.29 - - [18/Sep/2022:17:53:09 -0500] "GET /css/date_blue.css HTTP/1.1" 404 1254
191.108.59.29 - - [18/Sep/2022:17:53:09 -0500] "GET /css/fondos.css HTTP/1.1" 404 1254
191.108.59.29 - - [18/Sep/2022:17:53:09 -0500] "GET /css/textos.css HTTP/1.1" 404 1254
191.108.59.29 - - [18/Sep/2022:17:53:09 -0500] "GET /css/bordes.css HTTP/1.1" 404 1254
201.245.192.253 - - [18/Sep/2022:17:53:11 -0500] "POST /kwsrmcab/Wsrmcab  HTTP/1.1" 200 37989
94.102.61.10 - - [18/Sep/2022:17:54:27 -0500] "GET /portaldeninos/ HTTP/1.1" 200 14393
172.22.2.4 - - [18/Sep/2022:17:52:56 -0500] "HEAD /BLA/boletinlegal/ HTTP/1.1" 200 -
157.55.39.154 - - [18/Sep/2022:17:55:11 -0500] "GET /portaldeninos/glosario/ HTTP/1.1" 200 97198
157.55.39.153 - - [18/Sep/2022:17:55:25 -0500] "GET /portaldeninos/wp-content/plugins/gallery-videos/JS/Total-Soft-Gallery-Video-Widget.js?ver=4.9.8 HTTP/1.1" 200 80264
157.55.39.153 - - [18/Sep/2022:17:55:26 -0500] "GET /portaldeninos/wp-content/themes/betheme/assets/animations/animations.min.css?ver=20.9.6 HTTP/1.1" 200 58508
157.55.39.153 - - [18/Sep/2022:17:55:26 -0500] "GET /portaldeninos/wp-includes/js/jquery/ui/accordion.min.js?ver=1.11.4 HTTP/1.1" 200 8584
157.55.39.161 - - [18/Sep/2022:17:55:26 -0500] "GET /portaldeninos/wp-content/plugins/gallery-videos/CSS/totalsoft.css?ver=4.9.8 HTTP/1.1" 200 40622
157.55.39.153 - - [18/Sep/2022:17:55:27 -0500] "GET /portaldeninos/wp-includes/js/wp-embed.min.js?ver=4.9.8 HTTP/1.1" 200 1398
172.22.2.4 - - [18/Sep/2022:17:53:48 -0500] "GET /BLA/boletinlegal/ HTTP/1.1" 200 60281
207.46.13.176 - - [18/Sep/2022:17:55:29 -0500] "GET /portaldeninos/wp-content/themes/betheme/assets/jplayer/jplayer.min.js?ver=20.9.6 HTTP/1.1" 200 52702
207.46.13.181 - - [18/Sep/2022:17:55:30 -0500] "GET /portaldeninos/wp-content/themes/betheme/assets/animations/animations.min.js?ver=20.9.6 HTTP/1.1" 200 1896
207.46.13.181 - - [18/Sep/2022:17:55:30 -0500] "GET /portaldeninos/wp-content/themes/betheme/css/shortcodes.css?ver=20.9.6 HTTP/1.1" 200 138889
207.46.13.181 - - [18/Sep/2022:17:55:31 -0500] "GET /portaldeninos/wp-content/themes/betheme/style.css?ver=20.9.6 HTTP/1.1" 200 287
207.46.13.181 - - [18/Sep/2022:17:55:31 -0500] "GET /portaldeninos/wp-includes/js/jquery/ui/core.min.js?ver=1.11.4 HTTP/1.1" 200 4000
157.55.39.154 - - [18/Sep/2022:17:55:35 -0500] "GET /portaldeninos/wp-content/themes/betheme/js/menu.js?ver=20.9.6 HTTP/1.1" 200 2449
157.55.39.154 - - [18/Sep/2022:17:55:35 -0500] "GET /portaldeninos/wp-includes/js/jquery/ui/mouse.min.js?ver=1.11.4 HTTP/1.1" 200 3148
157.55.39.154 - - [18/Sep/2022:17:55:35 -0500] "GET /portaldeninos/wp-includes/js/jquery/ui/tabs.min.js?ver=1.11.4 HTTP/1.1" 200 12110
157.55.39.154 - - [18/Sep/2022:17:55:35 -0500] "GET /portaldeninos/wp-includes/js/jquery/ui/widget.min.js?ver=1.11.4 HTTP/1.1" 200 6908
216.245.221.92 - - [18/Sep/2022:17:55:39 -0500] "HEAD / HTTP/1.1" 200 -
157.55.39.161 - - [18/Sep/2022:17:55:40 -0500] "GET /portaldeninos/wp-content/themes/betheme/assets/ui/jquery.ui.all.css?ver=20.9.6 HTTP/1.1" 200 18765
157.55.39.161 - - [18/Sep/2022:17:55:40 -0500] "GET /portaldeninos/wp-content/themes/betheme/css/layout.css?ver=20.9.6 HTTP/1.1" 200 116639
157.55.39.161 - - [18/Sep/2022:17:55:41 -0500] "GET /portaldeninos/wp-content/themes/betheme/js/scripts.js?ver=20.9.6 HTTP/1.1" 200 77162
157.55.39.161 - - [18/Sep/2022:17:55:41 -0500] "GET /portaldeninos/wp-content/uploads/useanyfont/uaf.css?ver=1589905315 HTTP/1.1" 200 408
207.46.13.184 - - [18/Sep/2022:17:55:45 -0500] "GET /portaldeninos/wp-content/plugins/gallery-videos/CSS/Total-Soft-Gallery-Video-Widget.css?ver=4.9.8 HTTP/1.1" 200 51554
207.46.13.184 - - [18/Sep/2022:17:55:46 -0500] "GET /portaldeninos/wp-content/plugins/gallery-videos/JS/modernizr.custom.js?ver=4.9.8 HTTP/1.1" 200 9019
207.46.13.184 - - [18/Sep/2022:17:55:46 -0500] "GET /portaldeninos/wp-content/themes/betheme/assets/jplayer/css/jplayer.blue.monday.css?ver=20.9.6 HTTP/1.1" 200 9834
207.46.13.184 - - [18/Sep/2022:17:55:46 -0500] "GET /portaldeninos/wp-content/themes/betheme/css/base.css?ver=20.9.6 HTTP/1.1" 200 57283
207.46.13.184 - - [18/Sep/2022:17:55:46 -0500] "GET /portaldeninos/wp-content/themes/betheme/css/responsive.css?ver=20.9.6 HTTP/1.1" 200 55740
207.46.13.184 - - [18/Sep/2022:17:55:47 -0500] "GET /portaldeninos/wp-includes/js/jquery/jquery-migrate.min.js?ver=1.4.1 HTTP/1.1" 200 10056
207.46.13.176 - - [18/Sep/2022:17:55:50 -0500] "GET /portaldeninos/wp-content/themes/betheme/js/plugins.js?ver=20.9.6 HTTP/1.1" 200 197151
207.46.13.176 - - [18/Sep/2022:17:55:52 -0500] "GET /portaldeninos/wp-includes/js/wp-emoji-release.min.js?ver=4.9.8 HTTP/1.1" 200 12026
191.156.178.234 - - [18/Sep/2022:17:57:37 -0500] "GET /BLA/resoluciones/dlf/styles.css HTTP/1.1" 200 3049
172.22.2.4 - - [18/Sep/2022:17:57:38 -0500] "GET /BLA/boletinlegal/Circulares/2015/Circular%20No.%202%20del%201%20de%20julio%20de%202015.pdf HTTP/1.1" 304 -
191.156.182.47 - - [18/Sep/2022:17:57:36 -0500] "GET /BLA/resoluciones/ HTTP/1.1" 200 13093
191.156.182.47 - - [18/Sep/2022:17:57:39 -0500] "GET /BLA/resoluciones/dlf/folder.png HTTP/1.1" 200 410
191.156.178.234 - - [18/Sep/2022:17:57:40 -0500] "GET /BLA/resoluciones/dlf/bg.gif HTTP/1.1" 200 54
191.156.178.234 - - [18/Sep/2022:17:57:40 -0500] "GET /favicon.ico HTTP/1.1" 200 7782
191.156.182.47 - - [18/Sep/2022:17:57:44 -0500] "GET /BLA/resoluciones/dlf/dirup.png HTTP/1.1" 200 644
191.156.180.216 - - [18/Sep/2022:17:57:44 -0500] "GET /BLA/resoluciones/dlf/pdf.gif HTTP/1.1" 200 272
191.156.182.47 - - [18/Sep/2022:17:57:44 -0500] "GET /BLA/resoluciones/dlf/unknown.png HTTP/1.1" 200 266
191.156.178.234 - - [18/Sep/2022:17:57:44 -0500] "GET /BLA/resoluciones/index.php?dir=AUTOS+2021%2F HTTP/1.1" 200 394468
201.245.192.253 - - [18/Sep/2022:17:58:10 -0500] "POST /kwsrmcab/Wsrmcab  HTTP/1.1" 200 37989
172.22.2.4 - - [18/Sep/2022:17:58:48 -0500] "HEAD /BLA/boletinlegal/ HTTP/1.1" 200 -
216.245.221.92 - - [18/Sep/2022:18:00:42 -0500] "HEAD / HTTP/1.1" 200 -
172.22.2.4 - - [18/Sep/2022:17:59:38 -0500] "GET /BLA/boletinlegal/ HTTP/1.1" 200 60281
201.245.192.253 - - [18/Sep/2022:18:03:09 -0500] "POST /kwsrmcab/Wsrmcab  HTTP/1.1" 200 37989
185.119.81.104 - - [18/Sep/2022:18:05:02 -0500] "GET /portaldeninos/wp-login.php HTTP/1.1" 200 2592
185.119.81.104 - - [18/Sep/2022:18:05:03 -0500] "POST /portaldeninos/wp-login.php HTTP/1.1" 200 3650
216.245.221.92 - - [18/Sep/2022:18:05:39 -0500] "HEAD / HTTP/1.1" 200 -
172.22.2.4 - - [18/Sep/2022:18:04:37 -0500] "HEAD /BLA/boletinlegal/ HTTP/1.1" 200 -
172.22.2.4 - - [18/Sep/2022:18:05:27 -0500] "GET /BLA/boletinlegal/ HTTP/1.1" 200 55220
201.245.192.253 - - [18/Sep/2022:18:08:08 -0500] "POST /kwsrmcab/Wsrmcab  HTTP/1.1" 200 37989
216.245.221.92 - - [18/Sep/2022:18:10:39 -0500] "HEAD / HTTP/1.1" 200 -
40.77.202.137 - - [18/Sep/2022:18:11:22 -0500] "GET /portaldeninos/wp-content/themes/betheme/fonts/mfn-icons.woff?93978679 HTTP/1.1" 200 80932
172.22.2.4 - - [18/Sep/2022:18:10:27 -0500] "HEAD /BLA/boletinlegal/ HTTP/1.1" 200 -
172.22.2.4 - - [18/Sep/2022:18:11:17 -0500] "GET /BLA/boletinlegal/ HTTP/1.1" 200 53640
201.245.192.253 - - [18/Sep/2022:18:13:07 -0500] "POST /kwsrmcab/Wsrmcab  HTTP/1.1" 200 37989
216.245.221.92 - - [18/Sep/2022:18:15:42 -0500] "HEAD / HTTP/1.1" 200 -
172.22.2.4 - - [18/Sep/2022:18:16:17 -0500] "HEAD /BLA/boletinlegal/ HTTP/1.1" 200 -
201.245.192.253 - - [18/Sep/2022:18:18:06 -0500] "POST /kwsrmcab/Wsrmcab  HTTP/1.1" 200 37989
157.55.39.200 - - [18/Sep/2022:18:18:20 -0500] "GET /BLA/resoluciones/RESOLUCIONES%202000/2000%2050-99.tif HTTP/1.1" 200 4413665
172.22.2.4 - - [18/Sep/2022:18:17:08 -0500] "GET /BLA/boletinlegal/ HTTP/1.1" 200 58575
201.245.192.253 - - [18/Sep/2022:18:19:37 -0500] "POST /kwsrmcab/Wsrmcab HTTP/1.1" 200 41965
201.245.192.253 - - [18/Sep/2022:18:19:40 -0500] "POST /kwsrmcab/Wsrmcab HTTP/1.1" 200 42279
216.245.221.92 - - [18/Sep/2022:18:20:39 -0500] "HEAD / HTTP/1.1" 200 -
201.245.192.253 - - [18/Sep/2022:18:23:04 -0500] "POST /kwsrmcab/Wsrmcab  HTTP/1.1" 200 37989
185.119.81.104 - - [18/Sep/2022:18:23:21 -0500] "GET /portaldeninos/wp-login.php HTTP/1.1" 200 2592
185.119.81.104 - - [18/Sep/2022:18:23:22 -0500] "POST /portaldeninos/wp-login.php HTTP/1.1" 200 3605
172.22.2.4 - - [18/Sep/2022:18:22:07 -0500] "HEAD /BLA/boletinlegal/ HTTP/1.1" 200 -
172.22.2.4 - - [18/Sep/2022:18:22:57 -0500] "GET /BLA/boletinlegal/ HTTP/1.1" 200 58575
216.245.221.92 - - [18/Sep/2022:18:25:39 -0500] "HEAD / HTTP/1.1" 200 -
157.55.39.188 - - [18/Sep/2022:18:25:50 -0500] "GET /BLA/resoluciones/RESOLUCIONES%202000/2000%20650-699.tif HTTP/1.1" 200 6223095
201.245.192.253 - - [18/Sep/2022:18:28:04 -0500] "POST /kwsrmcab/Wsrmcab  HTTP/1.1" 200 37989
172.22.2.4 - - [18/Sep/2022:18:27:57 -0500] "HEAD /BLA/boletinlegal/ HTTP/1.1" 200 -
201.245.192.253 - - [18/Sep/2022:18:29:37 -0500] "POST /kwsrmcab/Wsrmcab HTTP/1.1" 200 41965
201.245.192.253 - - [18/Sep/2022:18:29:40 -0500] "POST /kwsrmcab/Wsrmcab HTTP/1.1" 200 42279
172.22.2.4 - - [18/Sep/2022:18:28:47 -0500] "GET /BLA/boletinlegal/ HTTP/1.1" 200 55630
185.119.81.104 - - [18/Sep/2022:18:30:34 -0500] "GET /portaldeninos/wp-login.php HTTP/1.1" 200 2592
185.119.81.104 - - [18/Sep/2022:18:30:35 -0500] "POST /portaldeninos/wp-login.php HTTP/1.1" 200 3605
