201.245.192.253 - - [18/Sep/2022:12:58:16 -0500] "GET /sipse/faces/javax.faces.resource/primefaces.js?ln=primefaces&v=4.0 HTTP/1.1" 304 -
201.245.192.253 - - [18/Sep/2022:12:58:16 -0500] "GET /sipse/faces/javax.faces.resource/layout/layout.js?ln=primefaces&v=4.0 HTTP/1.1" 304 -
201.245.192.253 - - [18/Sep/2022:12:58:23 -0500] "POST /sipse/faces/presentacion/proyectos/proyecto/listarProyecto.xhtml HTTP/1.1" 200 163
201.245.192.253 - - [18/Sep/2022:12:58:24 -0500] "GET /sipse/faces/presentacion/proyectos/proyecto/proyecto.xhtml HTTP/1.1" 200 87281
201.245.192.253 - - [18/Sep/2022:12:58:26 -0500] "GET /sipse/faces/javax.faces.resource/theme.css?ln=primefaces-sipse HTTP/1.1" 304 -
201.245.192.253 - - [18/Sep/2022:12:58:26 -0500] "GET /sipse/faces/javax.faces.resource/primefaces.css?ln=primefaces&v=4.0 HTTP/1.1" 304 -
201.245.192.253 - - [18/Sep/2022:12:58:26 -0500] "GET /sipse/faces/javax.faces.resource/jquery/jquery.js?ln=primefaces&v=4.0 HTTP/1.1" 304 -
201.245.192.253 - - [18/Sep/2022:12:58:26 -0500] "GET /sipse/faces/javax.faces.resource/layout/layout.css?ln=primefaces&v=4.0 HTTP/1.1" 304 -
201.245.192.253 - - [18/Sep/2022:12:58:26 -0500] "GET /sipse/faces/javax.faces.resource/jquery/jquery-plugins.js?ln=primefaces&v=4.0 HTTP/1.1" 304 -
201.245.192.253 - - [18/Sep/2022:12:58:26 -0500] "GET /sipse/faces/javax.faces.resource/primefaces.js?ln=primefaces&v=4.0 HTTP/1.1" 304 -
201.245.192.253 - - [18/Sep/2022:12:58:26 -0500] "GET /sipse/faces/javax.faces.resource/layout/layout.js?ln=primefaces&v=4.0 HTTP/1.1" 304 -
201.245.192.253 - - [18/Sep/2022:12:58:26 -0500] "GET /sipse/faces/javax.faces.resource/images/ui-icons_898989_256x240.png?ln=primefaces-aristo HTTP/1.1" 304 -
201.245.192.253 - - [18/Sep/2022:12:58:26 -0500] "GET /sipse/faces/javax.faces.resource/images/ui-bg_flat_0_2d5972_40x100.png?ln=primefaces-aristo HTTP/1.1" 304 -
201.245.192.253 - - [18/Sep/2022:12:58:26 -0500] "POST /sipse/faces/presentacion/proyectos/proyecto/proyecto.xhtml HTTP/1.1" 200 3257
201.245.192.253 - - [18/Sep/2022:12:58:30 -0500] "POST /sipse/faces/presentacion/proyectos/proyecto/proyecto.xhtml HTTP/1.1" 200 43454
201.245.192.253 - - [18/Sep/2022:12:58:33 -0500] "GET /sipse/faces/javax.faces.resource/spacer/dot_clear.gif?ln=primefaces&v=4.0 HTTP/1.1" 304 -
201.245.192.253 - - [18/Sep/2022:12:58:33 -0500] "POST /sipse/faces/presentacion/proyectos/proyecto/proyecto.xhtml HTTP/1.1" 200 3944
201.245.192.253 - - [18/Sep/2022:12:59:10 -0500] "POST /kwsrmcab/Wsrmcab  HTTP/1.1" 200 37989
185.119.81.104 - - [18/Sep/2022:12:59:17 -0500] "GET /portaldeninos/wp-login.php HTTP/1.1" 200 2592
185.119.81.104 - - [18/Sep/2022:12:59:19 -0500] "POST /portaldeninos/wp-login.php HTTP/1.1" 200 3605
185.119.81.102 - - [18/Sep/2022:12:59:56 -0500] "GET /portaldeninos/wp-login.php HTTP/1.1" 200 2592
180.97.238.11 - - [18/Sep/2022:12:59:56 -0500] "GET /inventario-de-emisiones-2020-transporte-publico-sitp-redujo-emisiones-de-pm-2-5-en-un-37.html HTTP/1.1" 200 925
185.119.81.102 - - [18/Sep/2022:12:59:57 -0500] "POST /portaldeninos/wp-login.php HTTP/1.1" 200 3605
3.80.226.33 - - [18/Sep/2022:13:00:20 -0500] "GET /ciudad-bolivar-recibe-la-feria-de-servicios.html HTTP/1.1" 200 726
34.229.6.152 - - [18/Sep/2022:13:00:22 -0500] "GET /porque-tu-vida-vale-haz-parte-del-simulacro-distrital-de-evacuacion-este-4-de-octubre.html HTTP/1.1" 200 810
216.245.221.92 - - [18/Sep/2022:13:00:40 -0500] "HEAD / HTTP/1.1" 200 -
172.22.2.4 - - [18/Sep/2022:13:01:14 -0500] "HEAD /BLA/boletinlegal/ HTTP/1.1" 200 -
172.22.2.4 - - [18/Sep/2022:13:02:04 -0500] "GET /BLA/boletinlegal/ HTTP/1.1" 200 58575
201.245.192.253 - - [18/Sep/2022:13:04:09 -0500] "POST /kwsrmcab/Wsrmcab  HTTP/1.1" 200 37989
157.55.39.188 - - [18/Sep/2022:13:05:39 -0500] "GET /BLA/resoluciones/RESOLUCIONES%202000/2000%202200-2249.tif HTTP/1.1" 200 5297231
216.245.221.92 - - [18/Sep/2022:13:05:40 -0500] "HEAD / HTTP/1.1" 200 -
172.22.2.4 - - [18/Sep/2022:13:07:04 -0500] "HEAD /BLA/boletinlegal/ HTTP/1.1" 200 -
201.245.192.253 - - [18/Sep/2022:13:09:08 -0500] "POST /kwsrmcab/Wsrmcab  HTTP/1.1" 200 37989
172.22.2.4 - - [18/Sep/2022:13:07:54 -0500] "GET /BLA/boletinlegal/ HTTP/1.1" 200 58163
216.245.221.92 - - [18/Sep/2022:13:10:40 -0500] "HEAD / HTTP/1.1" 200 -
89.208.29.165 - - [18/Sep/2022:13:11:20 -0500] "GET /Publicaciones/2022EE222201.pdf HTTP/1.1" 404 228
172.22.2.4 - - [18/Sep/2022:13:12:14 -0500] "GET /BLA/boletinlegal/Directivas/2013/Directiva%20No.%202%20del%2004%20de%20Abril%20de%202013.pdf HTTP/1.1" 200 1182671
45.67.97.5 - - [18/Sep/2022:13:13:00 -0500] "GET /Publicaciones/2022EE223726.pdf HTTP/1.1" 404 228
93.203.39.98 - - [18/Sep/2022:13:13:00 -0500] "GET /Publicaciones/2022EE220862.pdf HTTP/1.1" 404 228
23.128.248.102 - - [18/Sep/2022:13:13:03 -0500] "GET /Publicaciones/2022EE220867.pdf HTTP/1.1" 404 228
172.22.2.4 - - [18/Sep/2022:13:13:05 -0500] "GET /BLA/boletinlegal/jurisprudencia/analisis/Analisis%20Jurisprudencia%20Sent%202000-00005-01.doc HTTP/1.1" 304 -
45.86.200.52 - - [18/Sep/2022:13:13:06 -0500] "GET /Publicaciones/2022EE220868.pdf HTTP/1.1" 404 228
185.215.60.121 - - [18/Sep/2022:13:13:18 -0500] "GET / HTTP/1.1" 200 319
2.57.171.17 - - [18/Sep/2022:13:13:17 -0500] "GET /Publicaciones/2022EE230307.pdf HTTP/1.1" 200 231954
171.22.109.6 - - [18/Sep/2022:13:13:17 -0500] "GET /Publicaciones/2022EE229878.pdf HTTP/1.1" 200 365502
212.30.36.55 - - [18/Sep/2022:13:13:18 -0500] "GET /Publicaciones/2022EE226180.pdf HTTP/1.1" 200 364443
2.57.171.26 - - [18/Sep/2022:13:13:22 -0500] "GET /Publicaciones/2022EE230325.pdf HTTP/1.1" 200 231936
98.159.226.90 - - [18/Sep/2022:13:13:28 -0500] "GET /Publicaciones/2022EE226626.pdf HTTP/1.1" 200 232000
45.86.200.52 - - [18/Sep/2022:13:13:51 -0500] "GET /Publicaciones/2022EE222203.pdf HTTP/1.1" 404 228
199.101.192.86 - - [18/Sep/2022:13:13:56 -0500] "GET /Publicaciones/2022EE223640.pdf HTTP/1.1" 404 228
194.186.142.151 - - [18/Sep/2022:13:14:00 -0500] "GET /BLA/resoluciones/Notificaciones/RESOLUCIONES%202022/1356.pdf HTTP/1.1" 200 1011664
89.208.29.165 - - [18/Sep/2022:13:14:00 -0500] "GET /BLA/resoluciones/Notificaciones/RESOLUCIONES%202022/2722.pdf HTTP/1.1" 200 406243
201.245.192.253 - - [18/Sep/2022:13:14:07 -0500] "POST /kwsrmcab/Wsrmcab  HTTP/1.1" 200 37989
20.92.87.77 - - [18/Sep/2022:13:14:14 -0500] "GET /wp-includes/js/jquery/jquery-migrate.min.js HTTP/1.1" 404 1018
20.92.87.77 - - [18/Sep/2022:13:14:14 -0500] "GET / HTTP/1.1" 200 319
20.92.87.77 - - [18/Sep/2022:13:14:15 -0500] "GET /administrator/language/en-GB/en-GB.xml HTTP/1.1" 404 1018
20.92.87.77 - - [18/Sep/2022:13:14:15 -0500] "GET /wp-includes/ID3/license.txt HTTP/1.1" 404 1018
20.92.87.77 - - [18/Sep/2022:13:14:16 -0500] "GET /administrator/help/en-GB/toc.json HTTP/1.1" 404 1018
20.92.87.77 - - [18/Sep/2022:13:14:16 -0500] "GET /plugins/system/debug/debug.xml HTTP/1.1" 404 1018
172.22.2.4 - - [18/Sep/2022:13:12:54 -0500] "HEAD /BLA/boletinlegal/ HTTP/1.1" 200 -
185.220.101.47 - - [18/Sep/2022:13:15:23 -0500] "GET /BLA/resoluciones/Notificaciones/RESOLUCIONES%202022/1371.pdf HTTP/1.1" 200 513051
185.220.101.47 - - [18/Sep/2022:13:15:23 -0500] "GET /BLA/resoluciones/Notificaciones/AUTOS%202021/5100.pdf HTTP/1.1" 200 355213
172.22.2.4 - - [18/Sep/2022:13:13:44 -0500] "GET /BLA/boletinlegal/ HTTP/1.1" 200 54823
93.203.39.98 - - [18/Sep/2022:13:15:26 -0500] "GET /BLA/resoluciones/Notificaciones/RESOLUCIONES%202022/3210.pdf HTTP/1.1" 200 951708
216.245.221.92 - - [18/Sep/2022:13:15:40 -0500] "HEAD / HTTP/1.1" 200 -
23.154.177.5 - - [18/Sep/2022:13:15:44 -0500] "GET /BLA/resoluciones/Notificaciones/RESOLUCIONES%202022/2346.pdf HTTP/1.1" 200 417631
157.55.39.202 - - [18/Sep/2022:13:16:24 -0500] "GET /BLA/resoluciones/RESOLUCIONES%202015/0932.pdf HTTP/1.1" 304 -
201.245.192.253 - - [18/Sep/2022:13:19:06 -0500] "POST /kwsrmcab/Wsrmcab  HTTP/1.1" 200 37989
201.245.192.253 - - [18/Sep/2022:13:19:38 -0500] "POST /kwsrmcab/Wsrmcab HTTP/1.1" 200 40910
201.245.192.253 - - [18/Sep/2022:13:19:42 -0500] "POST /kwsrmcab/Wsrmcab HTTP/1.1" 200 42888
172.22.2.4 - - [18/Sep/2022:13:18:44 -0500] "HEAD /BLA/boletinlegal/ HTTP/1.1" 200 -
216.245.221.92 - - [18/Sep/2022:13:20:40 -0500] "HEAD / HTTP/1.1" 200 -
172.22.2.4 - - [18/Sep/2022:13:19:34 -0500] "GET /BLA/boletinlegal/ HTTP/1.1" 200 52877
201.245.192.253 - - [18/Sep/2022:13:21:36 -0500] "POST /sipse/faces/presentacion/proyectos/proyecto/proyecto.xhtml HTTP/1.1" 200 81601
201.245.192.253 - - [18/Sep/2022:13:21:36 -0500] "GET /sipse/faces/javax.faces.resource/jquery/jquery.js?ln=primefaces&v=4.0 HTTP/1.1" 304 -
201.245.192.253 - - [18/Sep/2022:13:21:36 -0500] "GET /sipse/faces/javax.faces.resource/jquery/jquery-plugins.js?ln=primefaces&v=4.0 HTTP/1.1" 304 -
201.245.192.253 - - [18/Sep/2022:13:21:36 -0500] "GET /sipse/faces/javax.faces.resource/primefaces.js?ln=primefaces&v=4.0 HTTP/1.1" 304 -
201.245.192.253 - - [18/Sep/2022:13:21:36 -0500] "GET /sipse/faces/javax.faces.resource/layout/layout.js?ln=primefaces&v=4.0 HTTP/1.1" 304 -
201.245.192.253 - - [18/Sep/2022:13:21:41 -0500] "POST /sipse/faces/presentacion/proyectos/proyecto/listarProyecto.xhtml HTTP/1.1" 200 163
201.245.192.253 - - [18/Sep/2022:13:21:42 -0500] "GET /sipse/faces/presentacion/proyectos/proyecto/proyecto.xhtml HTTP/1.1" 200 87510
201.245.192.253 - - [18/Sep/2022:13:21:43 -0500] "GET /sipse/faces/javax.faces.resource/theme.css?ln=primefaces-sipse HTTP/1.1" 304 -
201.245.192.253 - - [18/Sep/2022:13:21:43 -0500] "GET /sipse/faces/javax.faces.resource/primefaces.css?ln=primefaces&v=4.0 HTTP/1.1" 304 -
201.245.192.253 - - [18/Sep/2022:13:21:43 -0500] "GET /sipse/faces/javax.faces.resource/layout/layout.css?ln=primefaces&v=4.0 HTTP/1.1" 304 -
201.245.192.253 - - [18/Sep/2022:13:21:43 -0500] "GET /sipse/faces/javax.faces.resource/primefaces.js?ln=primefaces&v=4.0 HTTP/1.1" 304 -
201.245.192.253 - - [18/Sep/2022:13:21:43 -0500] "GET /sipse/faces/javax.faces.resource/layout/layout.js?ln=primefaces&v=4.0 HTTP/1.1" 304 -
201.245.192.253 - - [18/Sep/2022:13:21:43 -0500] "GET /sipse/faces/javax.faces.resource/jquery/jquery.js?ln=primefaces&v=4.0 HTTP/1.1" 304 -
201.245.192.253 - - [18/Sep/2022:13:21:43 -0500] "GET /sipse/faces/javax.faces.resource/jquery/jquery-plugins.js?ln=primefaces&v=4.0 HTTP/1.1" 304 -
201.245.192.253 - - [18/Sep/2022:13:21:44 -0500] "GET /sipse/faces/javax.faces.resource/images/ui-icons_898989_256x240.png?ln=primefaces-aristo HTTP/1.1" 304 -
201.245.192.253 - - [18/Sep/2022:13:21:44 -0500] "GET /sipse/faces/javax.faces.resource/images/ui-bg_flat_0_2d5972_40x100.png?ln=primefaces-aristo HTTP/1.1" 304 -
201.245.192.253 - - [18/Sep/2022:13:21:44 -0500] "POST /sipse/faces/presentacion/proyectos/proyecto/proyecto.xhtml HTTP/1.1" 200 3257
201.245.192.253 - - [18/Sep/2022:13:21:52 -0500] "POST /sipse/faces/presentacion/proyectos/proyecto/proyecto.xhtml HTTP/1.1" 200 43998
201.245.192.253 - - [18/Sep/2022:13:21:54 -0500] "GET /sipse/faces/javax.faces.resource/spacer/dot_clear.gif?ln=primefaces&v=4.0 HTTP/1.1" 304 -
201.245.192.253 - - [18/Sep/2022:13:21:54 -0500] "POST /sipse/faces/presentacion/proyectos/proyecto/proyecto.xhtml HTTP/1.1" 200 3944
201.245.192.253 - - [18/Sep/2022:13:21:57 -0500] "POST /sipse/faces/presentacion/proyectos/proyecto/proyecto.xhtml HTTP/1.1" 200 71207
66.249.66.141 - - [18/Sep/2022:13:22:07 -0500] "-" 408 -
201.245.192.253 - - [18/Sep/2022:13:23:51 -0500] "POST /sipse/faces/presentacion/proyectos/proyecto/proyecto.xhtml HTTP/1.1" 200 71853
201.245.192.253 - - [18/Sep/2022:13:24:05 -0500] "POST /kwsrmcab/Wsrmcab  HTTP/1.1" 200 37989
201.245.192.253 - - [18/Sep/2022:13:24:22 -0500] "POST /sipse/faces/presentacion/proyectos/proyecto/proyecto.xhtml HTTP/1.1" 200 41247
201.245.192.253 - - [18/Sep/2022:13:25:08 -0500] "POST /sipse/faces/presentacion/proyectos/proyecto/proyecto.xhtml HTTP/1.1" 200 257873
201.245.192.253 - - [18/Sep/2022:13:25:10 -0500] "GET /sipse/faces/javax.faces.resource/jquery/jquery.js?ln=primefaces&v=4.0 HTTP/1.1" 304 -
201.245.192.253 - - [18/Sep/2022:13:25:10 -0500] "GET /sipse/faces/javax.faces.resource/jquery/jquery-plugins.js?ln=primefaces&v=4.0 HTTP/1.1" 304 -
201.245.192.253 - - [18/Sep/2022:13:25:10 -0500] "GET /sipse/faces/javax.faces.resource/primefaces.js?ln=primefaces&v=4.0 HTTP/1.1" 304 -
201.245.192.253 - - [18/Sep/2022:13:25:10 -0500] "GET /sipse/faces/javax.faces.resource/layout/layout.js?ln=primefaces&v=4.0 HTTP/1.1" 304 -
216.245.221.92 - - [18/Sep/2022:13:25:40 -0500] "HEAD / HTTP/1.1" 200 -
23.100.232.233 - - [18/Sep/2022:13:26:00 -0500] "GET /BLA/boletinlegal/js/jquery.scrollShow.js HTTP/1.1" 200 4586
23.100.232.233 - - [18/Sep/2022:13:26:00 -0500] "GET /galeria/galeria/jquery.fancybox.js?v=2.1.5 HTTP/1.1" 200 48706
23.100.232.233 - - [18/Sep/2022:13:26:00 -0500] "GET /galeria/galeria/jquery.fancybox.css?v=2.1.5 HTTP/1.1" 200 4895
172.22.2.4 - - [18/Sep/2022:13:24:34 -0500] "HEAD /BLA/boletinlegal/ HTTP/1.1" 200 -
185.119.81.104 - - [18/Sep/2022:13:26:33 -0500] "GET /portaldeninos/wp-login.php HTTP/1.1" 200 2592
185.119.81.104 - - [18/Sep/2022:13:26:34 -0500] "POST /portaldeninos/wp-login.php HTTP/1.1" 200 3670
23.100.232.233 - - [18/Sep/2022:13:27:01 -0500] "GET /bla/resoluciones/autos%202020/2397.pdf HTTP/1.1" 200 346294
172.22.2.4 - - [18/Sep/2022:13:25:24 -0500] "GET /BLA/boletinlegal/ HTTP/1.1" 200 53640
201.245.192.253 - - [18/Sep/2022:13:29:04 -0500] "POST /kwsrmcab/Wsrmcab  HTTP/1.1" 200 37989
201.245.192.253 - - [18/Sep/2022:13:29:38 -0500] "POST /kwsrmcab/Wsrmcab HTTP/1.1" 200 40910
201.245.192.253 - - [18/Sep/2022:13:29:41 -0500] "POST /kwsrmcab/Wsrmcab HTTP/1.1" 200 42888
216.245.221.92 - - [18/Sep/2022:13:30:40 -0500] "HEAD / HTTP/1.1" 200 -
172.22.2.4 - - [18/Sep/2022:13:30:24 -0500] "HEAD /BLA/boletinlegal/ HTTP/1.1" 200 -
172.22.2.4 - - [18/Sep/2022:13:32:38 -0500] "GET /BLA/boletinlegal/documentos-importantes.php HTTP/1.1" 200 4822
183.136.225.35 - - [18/Sep/2022:13:32:41 -0500] "GET / HTTP/1.1" 200 319
183.136.225.35 - - [18/Sep/2022:13:32:46 -0500] "GET / HTTP/1.1" 200 319
172.22.2.4 - - [18/Sep/2022:13:31:14 -0500] "GET /BLA/boletinlegal/ HTTP/1.1" 200 58163
172.22.2.4 - - [18/Sep/2022:13:32:54 -0500] "GET /BLA/boletinlegal/ajax.js HTTP/1.1" 200 577
172.22.2.4 - - [18/Sep/2022:13:32:55 -0500] "GET /BLA/boletinlegal/niceforms-default.css HTTP/1.1" 200 6694
172.22.2.4 - - [18/Sep/2022:13:32:55 -0500] "GET /BLA/boletinlegal/niceforms.js HTTP/1.1" 200 22876
172.22.2.4 - - [18/Sep/2022:13:32:59 -0500] "GET /BLA/boletinlegal/js/ajax_documentos.js HTTP/1.1" 200 1155
183.136.225.35 - - [18/Sep/2022:13:32:59 -0500] "GET /favicon.ico HTTP/1.1" 200 7782
201.245.192.253 - - [18/Sep/2022:13:34:03 -0500] "POST /kwsrmcab/Wsrmcab  HTTP/1.1" 200 37989
185.119.81.102 - - [18/Sep/2022:13:35:12 -0500] "GET /portaldeninos/wp-login.php HTTP/1.1" 200 2592
185.119.81.102 - - [18/Sep/2022:13:35:13 -0500] "POST /portaldeninos/wp-login.php HTTP/1.1" 200 3605
66.249.66.27 - - [18/Sep/2022:13:35:30 -0500] "-" 408 -
216.245.221.92 - - [18/Sep/2022:13:35:40 -0500] "HEAD / HTTP/1.1" 200 -
173.252.83.9 - - [18/Sep/2022:13:36:17 -0500] "GET /images/reunion-planta-termovalorizacion-11-mayo.jpg HTTP/1.1" 200 34782
186.29.34.125 - - [18/Sep/2022:13:36:49 -0500] "GET /catalogoisis/ HTTP/1.1" 200 8575
186.29.34.125 - - [18/Sep/2022:13:36:49 -0500] "GET /catalogoisis/Css/Busqueda.css HTTP/1.1" 200 1995
186.29.34.125 - - [18/Sep/2022:13:36:49 -0500] "GET /catalogoisis/Js/AceptarLimpiar.js HTTP/1.1" 200 331
186.29.34.125 - - [18/Sep/2022:13:36:49 -0500] "GET /catalogoisis/Js/CriterioCombinada.js HTTP/1.1" 200 1843
186.29.34.125 - - [18/Sep/2022:13:36:49 -0500] "GET /catalogoisis/Js/Cookies.js HTTP/1.1" 200 1369
186.29.34.125 - - [18/Sep/2022:13:36:49 -0500] "GET /catalogoisis/Js/LimpiarCombinada.js HTTP/1.1" 200 207
186.29.34.125 - - [18/Sep/2022:13:36:49 -0500] "GET /catalogoisis/Js/Remote.js HTTP/1.1" 200 436
186.29.34.125 - - [18/Sep/2022:13:36:49 -0500] "GET /catalogoisis/Js/Go.js HTTP/1.1" 200 364
186.29.34.125 - - [18/Sep/2022:13:36:49 -0500] "GET /catalogoisis/Js/Numero.js HTTP/1.1" 200 398
186.29.34.125 - - [18/Sep/2022:13:36:49 -0500] "GET /catalogoisis/Js/Enter.js HTTP/1.1" 200 1208
186.29.34.125 - - [18/Sep/2022:13:36:50 -0500] "GET /catalogoisis/imagenes/br1c1.gif HTTP/1.1" 200 172
186.29.34.125 - - [18/Sep/2022:13:36:50 -0500] "GET /catalogoisis/imagenes/Header.gif HTTP/1.1" 200 30313
186.29.34.125 - - [18/Sep/2022:13:36:50 -0500] "GET /catalogoisis/imagenes/br1c3.gif HTTP/1.1" 200 302
186.29.34.125 - - [18/Sep/2022:13:36:50 -0500] "GET /catalogoisis/imagenes/Turnbo1.gif HTTP/1.1" 200 227
186.29.34.125 - - [18/Sep/2022:13:36:50 -0500] "GET /catalogoisis/imagenes/aceptar1.gif HTTP/1.1" 200 604
186.29.34.125 - - [18/Sep/2022:13:36:50 -0500] "GET /catalogoisis/imagenes/limpiar1.gif HTTP/1.1" 200 606
186.29.34.125 - - [18/Sep/2022:13:36:50 -0500] "GET /catalogoisis/imagenes/br3c1.gif HTTP/1.1" 200 177
186.29.34.125 - - [18/Sep/2022:13:36:50 -0500] "GET /catalogoisis/imagenes/br3c2.gif HTTP/1.1" 200 285
186.29.34.125 - - [18/Sep/2022:13:36:50 -0500] "GET /catalogoisis/imagenes/br3c3.gif HTTP/1.1" 200 186
186.29.34.125 - - [18/Sep/2022:13:36:50 -0500] "GET /catalogoisis/imagenes/br2c1.gif HTTP/1.1" 200 297
186.29.34.125 - - [18/Sep/2022:13:36:50 -0500] "GET /catalogoisis/imagenes/br2c2.gif HTTP/1.1" 200 302
186.29.34.125 - - [18/Sep/2022:13:36:50 -0500] "GET /catalogoisis/imagenes/br1c2.gif HTTP/1.1" 200 297
186.29.34.125 - - [18/Sep/2022:13:36:50 -0500] "GET /catalogoisis/imagenes/br2c3.gif HTTP/1.1" 200 416
186.29.34.125 - - [18/Sep/2022:13:36:51 -0500] "GET /favicon.ico HTTP/1.1" 200 7782
172.22.2.4 - - [18/Sep/2022:13:37:09 -0500] "GET /BLA/boletinlegal/style.css HTTP/1.1" 200 9406
172.22.2.4 - - [18/Sep/2022:13:37:09 -0500] "GET /BLA/boletinlegal/styles2.css HTTP/1.1" 200 1838
172.22.2.4 - - [18/Sep/2022:13:37:09 -0500] "GET /BLA/boletinlegal/js/jquery.js HTTP/1.1" 200 57254
172.22.2.4 - - [18/Sep/2022:13:37:09 -0500] "GET /BLA/boletinlegal/js/jquery.scrollTo-min.js HTTP/1.1" 200 1150
172.22.2.4 - - [18/Sep/2022:13:37:09 -0500] "GET /BLA/boletinlegal/js/jquery.scrollShow.js HTTP/1.1" 200 4586
172.22.2.4 - - [18/Sep/2022:13:37:10 -0500] "GET /BLA/boletinlegal/images/cabezote%20BLEGAL.jpg HTTP/1.1" 200 118164
172.22.2.4 - - [18/Sep/2022:13:37:10 -0500] "GET /BLA/boletinlegal/images/subscribe-icon-big.png HTTP/1.1" 200 47702
172.22.2.4 - - [18/Sep/2022:13:37:10 -0500] "GET /BLA/boletinlegal/images/historia.png HTTP/1.1" 200 52775
172.22.2.4 - - [18/Sep/2022:13:37:10 -0500] "GET /BLA/boletinlegal/images/registro-usuarios.png HTTP/1.1" 200 8106
172.22.2.4 - - [18/Sep/2022:13:37:10 -0500] "GET /BLA/boletinlegal/images/arr_l.jpg HTTP/1.1" 200 1979
172.22.2.4 - - [18/Sep/2022:13:37:10 -0500] "GET /BLA/boletinlegal/images/screen_1.png HTTP/1.1" 200 202547
172.22.2.4 - - [18/Sep/2022:13:37:10 -0500] "GET /BLA/boletinlegal/images/launch.jpg HTTP/1.1" 200 14577
172.22.2.4 - - [18/Sep/2022:13:37:10 -0500] "GET /BLA/boletinlegal/images/body_bg.jpg HTTP/1.1" 200 1601
172.22.2.4 - - [18/Sep/2022:13:37:10 -0500] "GET /BLA/boletinlegal/images/menu_lft.gif HTTP/1.1" 200 1713
172.22.2.4 - - [18/Sep/2022:13:37:10 -0500] "GET /BLA/boletinlegal/images/menu_rght.gif HTTP/1.1" 200 1627
172.22.2.4 - - [18/Sep/2022:13:37:10 -0500] "GET /BLA/boletinlegal/images/bg_top.jpg HTTP/1.1" 200 522
172.22.2.4 - - [18/Sep/2022:13:37:10 -0500] "GET /BLA/boletinlegal/images/menu_bg.jpg HTTP/1.1" 200 620
172.22.2.4 - - [18/Sep/2022:13:37:10 -0500] "GET /BLA/boletinlegal/images/hover.jpg HTTP/1.1" 200 640
172.22.2.4 - - [18/Sep/2022:13:37:10 -0500] "GET /BLA/boletinlegal/images/text.jpg HTTP/1.1" 200 568
172.22.2.4 - - [18/Sep/2022:13:37:19 -0500] "GET /BLA/boletinlegal/images/screen_2.png HTTP/1.1" 200 362502
172.22.2.4 - - [18/Sep/2022:13:37:19 -0500] "GET /BLA/boletinlegal/images/screen_3.png HTTP/1.1" 200 210620
172.22.2.4 - - [18/Sep/2022:13:37:19 -0500] "GET /BLA/boletinlegal/images/screen_5.png HTTP/1.1" 200 368876
172.22.2.4 - - [18/Sep/2022:13:37:19 -0500] "GET /BLA/boletinlegal/images/arr_r.jpg HTTP/1.1" 200 1998
172.22.2.4 - - [18/Sep/2022:13:37:19 -0500] "GET /BLA/boletinlegal/images/footer_bg.jpg HTTP/1.1" 200 586
172.22.2.4 - - [18/Sep/2022:13:37:29 -0500] "GET /BLA/boletinlegal/images/pdf.gif HTTP/1.1" 200 567
172.22.2.4 - - [18/Sep/2022:13:37:31 -0500] "GET /BLA/boletinlegal/actos.php HTTP/1.1" 200 9559
172.22.2.4 - - [18/Sep/2022:13:37:31 -0500] "GET /BLA/boletinlegal/js/ajax_actos.js HTTP/1.1" 200 1322
172.22.2.4 - - [18/Sep/2022:13:37:31 -0500] "GET /BLA/boletinlegal/niceforms-default.css HTTP/1.1" 200 6694
172.22.2.4 - - [18/Sep/2022:13:37:31 -0500] "GET /BLA/boletinlegal/js/lib.js HTTP/1.1" 200 6474
172.22.2.4 - - [18/Sep/2022:13:37:31 -0500] "GET /BLA/boletinlegal/niceforms.js HTTP/1.1" 200 22876
172.22.2.4 - - [18/Sep/2022:13:37:31 -0500] "GET /BLA/boletinlegal/js/popup.js HTTP/1.1" 200 1270
172.22.2.4 - - [18/Sep/2022:13:37:31 -0500] "GET /BLA/boletinlegal/js/jquery1.js HTTP/1.1" 200 29846
172.22.2.4 - - [18/Sep/2022:13:37:31 -0500] "GET /BLA/boletinlegal/images/green-yellow-blue-pink-th.png HTTP/1.1" 200 7394
172.22.2.4 - - [18/Sep/2022:13:37:31 -0500] "GET /BLA/boletinlegal/images/abajo.png HTTP/1.1" 200 96676
172.22.2.4 - - [18/Sep/2022:13:37:31 -0500] "GET /BLA/boletinlegal/images/tel.png HTTP/1.1" 200 14477
172.22.2.4 - - [18/Sep/2022:13:37:31 -0500] "GET /BLA/boletinlegal/images/icono-email.png HTTP/1.1" 200 5544
185.119.81.102 - - [18/Sep/2022:13:37:31 -0500] "GET /portaldeninos/wp-login.php HTTP/1.1" 200 2592
172.22.2.4 - - [18/Sep/2022:13:37:32 -0500] "GET /BLA/boletinlegal/images/footer_bg_l.jpg HTTP/1.1" 200 776
172.22.2.4 - - [18/Sep/2022:13:37:32 -0500] "GET /BLA/boletinlegal/img/0.png HTTP/1.1" 200 110
172.22.2.4 - - [18/Sep/2022:13:37:32 -0500] "GET /BLA/boletinlegal/img/select-left.png HTTP/1.1" 200 263
172.22.2.4 - - [18/Sep/2022:13:37:32 -0500] "GET /BLA/boletinlegal/img/select-right.png HTTP/1.1" 200 44019
172.22.2.4 - - [18/Sep/2022:13:37:32 -0500] "GET /BLA/boletinlegal/img/button-left.png HTTP/1.1" 200 57071
172.22.2.4 - - [18/Sep/2022:13:37:32 -0500] "GET /BLA/boletinlegal/img/button.png HTTP/1.1" 200 43241
172.22.2.4 - - [18/Sep/2022:13:37:32 -0500] "GET /BLA/boletinlegal/img/button-right.png HTTP/1.1" 200 57878
172.22.2.4 - - [18/Sep/2022:13:37:32 -0500] "GET /BLA/boletinlegal/favicon.ico HTTP/1.1" 404 1326
185.119.81.102 - - [18/Sep/2022:13:37:32 -0500] "POST /portaldeninos/wp-login.php HTTP/1.1" 200 3605
172.22.2.4 - - [18/Sep/2022:13:36:14 -0500] "HEAD /BLA/boletinlegal/ HTTP/1.1" 200 -
172.22.2.4 - - [18/Sep/2022:13:38:02 -0500] "GET /BLA/boletinlegal/consulta_actos.php?tipo=autos&no=4788&usuario=&sector=AIRE&fecha=2021&resuelve= HTTP/1.1" 200 626
172.22.2.4 - - [18/Sep/2022:13:38:09 -0500] "GET /BLA/boletinlegal/consulta_actos.php?tipo=resoluciones&no=4788&usuario=&sector=AIRE&fecha=2021&resuelve= HTTP/1.1" 200 626
172.22.2.4 - - [18/Sep/2022:13:38:11 -0500] "GET /BLA/boletinlegal/consulta_actos.php?tipo=resoluciones&no=4788&usuario=&sector=AIRE&fecha=2021&resuelve= HTTP/1.1" 200 626
172.22.2.4 - - [18/Sep/2022:13:38:14 -0500] "GET /BLA/boletinlegal/consulta_actos.php?tipo=autos&no=4788&usuario=&sector=AIRE&fecha=2021&resuelve= HTTP/1.1" 200 626
172.22.2.4 - - [18/Sep/2022:13:38:14 -0500] "GET /BLA/boletinlegal/consulta_actos.php?tipo=autos&no=4788&usuario=&sector=AIRE&fecha=2021&resuelve= HTTP/1.1" 200 626
172.22.2.4 - - [18/Sep/2022:13:38:14 -0500] "GET /BLA/boletinlegal/consulta_actos.php?tipo=autos&no=4788&usuario=&sector=AIRE&fecha=2021&resuelve= HTTP/1.1" 200 626
172.22.2.4 - - [18/Sep/2022:13:38:15 -0500] "GET /BLA/boletinlegal/consulta_actos.php?tipo=autos&no=4788&usuario=&sector=AIRE&fecha=2021&resuelve= HTTP/1.1" 200 626
157.55.39.200 - - [18/Sep/2022:13:38:16 -0500] "GET /calculadora/ HTTP/1.1" 304 -
172.22.2.4 - - [18/Sep/2022:13:38:19 -0500] "GET /BLA/boletinlegal/actos.php HTTP/1.1" 200 9559
172.22.2.4 - - [18/Sep/2022:13:38:23 -0500] "GET /BLA/boletinlegal/Directivas/2018/Directiva%20No.%2027%20del%2028%20de%20diciembre%20de%202018.pdf HTTP/1.1" 304 -
172.22.2.4 - - [18/Sep/2022:13:37:04 -0500] "GET /BLA/boletinlegal/ HTTP/1.1" 200 54356
172.22.2.4 - - [18/Sep/2022:13:37:09 -0500] "GET /BLA/boletinlegal/ HTTP/1.1" 200 54823
201.245.192.253 - - [18/Sep/2022:13:39:02 -0500] "POST /kwsrmcab/Wsrmcab  HTTP/1.1" 200 37989
201.245.192.253 - - [18/Sep/2022:13:39:38 -0500] "POST /kwsrmcab/Wsrmcab HTTP/1.1" 200 40910
201.245.192.253 - - [18/Sep/2022:13:39:42 -0500] "POST /kwsrmcab/Wsrmcab HTTP/1.1" 200 42888
185.119.81.104 - - [18/Sep/2022:13:39:45 -0500] "GET /portaldeninos/wp-login.php HTTP/1.1" 200 2592
185.119.81.104 - - [18/Sep/2022:13:39:46 -0500] "POST /portaldeninos/wp-login.php HTTP/1.1" 200 3650
216.245.221.92 - - [18/Sep/2022:13:40:40 -0500] "HEAD / HTTP/1.1" 200 -
23.100.232.233 - - [18/Sep/2022:13:41:32 -0500] "GET /transparencia/financiera/ejecucion%20presupuestal/vigencia%20actual/4.%20ejecucion%20de%20vigencias%20abril%202022.pdf HTTP/1.1" 200 1274676
185.119.81.104 - - [18/Sep/2022:13:42:37 -0500] "GET /portaldeninos/wp-login.php HTTP/1.1" 200 2592
185.119.81.104 - - [18/Sep/2022:13:42:38 -0500] "POST /portaldeninos/wp-login.php HTTP/1.1" 200 3605
172.22.2.4 - - [18/Sep/2022:13:42:04 -0500] "HEAD /BLA/boletinlegal/ HTTP/1.1" 200 -
201.245.192.253 - - [18/Sep/2022:13:44:00 -0500] "POST /kwsrmcab/Wsrmcab  HTTP/1.1" 200 37989
172.22.2.4 - - [18/Sep/2022:13:42:54 -0500] "GET /BLA/boletinlegal/ HTTP/1.1" 200 50046
157.55.39.201 - - [18/Sep/2022:13:42:57 -0500] "GET /BLA/boletinlegal/ HTTP/1.1" 200 49689
207.46.13.131 - - [18/Sep/2022:13:44:49 -0500] "GET /BLA/boletinlegal/style.css HTTP/1.1" 200 9406
207.46.13.86 - - [18/Sep/2022:13:44:59 -0500] "GET /BLA/boletinlegal/js/jquery.js HTTP/1.1" 200 57254
207.46.13.86 - - [18/Sep/2022:13:44:59 -0500] "GET /BLA/boletinlegal/js/jquery.scrollTo-min.js HTTP/1.1" 200 1150
207.46.13.86 - - [18/Sep/2022:13:44:59 -0500] "GET /BLA/boletinlegal/styles2.css HTTP/1.1" 200 1838
216.245.221.92 - - [18/Sep/2022:13:45:40 -0500] "HEAD / HTTP/1.1" 200 -
172.22.2.4 - - [18/Sep/2022:13:47:23 -0500] "GET /BLA/boletinlegal/Circulares/2011/Circular%20No.%209%20del%2003%20de%20Noviembre%20de%202011.pdf HTTP/1.1" 200 54568
201.245.192.253 - - [18/Sep/2022:13:49:00 -0500] "POST /kwsrmcab/Wsrmcab  HTTP/1.1" 200 37989
172.22.2.4 - - [18/Sep/2022:13:47:54 -0500] "HEAD /BLA/boletinlegal/ HTTP/1.1" 200 -
172.22.2.4 - - [18/Sep/2022:13:48:44 -0500] "GET /BLA/boletinlegal/ HTTP/1.1" 200 52877
216.245.221.92 - - [18/Sep/2022:13:50:40 -0500] "HEAD / HTTP/1.1" 200 -
173.252.83.17 - - [18/Sep/2022:13:51:41 -0500] "GET /si-eres-mujer-y-te-gusta-el-cuidado-de-los-humedales-este-proceso-de-formacion-es-para-ti.html HTTP/1.1" 206 1025
157.55.39.200 - - [18/Sep/2022:13:51:57 -0500] "GET /BLA/resoluciones/Decretos/Decreto%20814%20del%2028%20de%20Diciembre%20de%202017.pdf HTTP/1.1" 200 2271553
201.245.192.253 - - [18/Sep/2022:13:53:59 -0500] "POST /kwsrmcab/Wsrmcab  HTTP/1.1" 200 37989
207.46.13.131 - - [18/Sep/2022:13:54:43 -0500] "GET /BLA/resoluciones/RESOLUCIONES%202002/RES%202002%20101-150/2002RES140.tif HTTP/1.1" 200 161082
172.22.2.4 - - [18/Sep/2022:13:53:44 -0500] "HEAD /BLA/boletinlegal/ HTTP/1.1" 200 -
216.245.221.92 - - [18/Sep/2022:13:55:40 -0500] "HEAD / HTTP/1.1" 200 -
172.22.2.4 - - [18/Sep/2022:13:54:34 -0500] "GET /BLA/boletinlegal/ HTTP/1.1" 200 52493
157.55.39.200 - - [18/Sep/2022:13:56:17 -0500] "GET /BLA/resoluciones/RESOLUCIONES%202000/2000%20300-349.tif HTTP/1.1" 200 3930622
172.22.2.4 - - [18/Sep/2022:13:57:12 -0500] "GET /BLA/boletinlegal/Directivas/2009/Directiva%20No.%20del%2023%20de%20Diciembre%20de%202009.pdf HTTP/1.1" 304 -
172.22.2.4 - - [18/Sep/2022:13:57:26 -0500] "GET /BLA/boletinlegal/vendor/phpunit/phpunit/src/Util/PHP/eval-stdin.php HTTP/1.1" 404 1018
201.245.192.253 - - [18/Sep/2022:13:58:58 -0500] "POST /kwsrmcab/Wsrmcab  HTTP/1.1" 200 37989
191.154.175.161 - - [18/Sep/2022:13:59:30 -0500] "GET /galeria/galeria/jquery.fancybox.css?v=2.1.5 HTTP/1.1" 200 4895
191.154.175.161 - - [18/Sep/2022:13:59:30 -0500] "GET /BLA/boletinlegal/js/jquery.scrollShow.js HTTP/1.1" 200 4586
191.154.175.161 - - [18/Sep/2022:13:59:30 -0500] "GET /galeria/galeria/jquery.fancybox.js?v=2.1.5 HTTP/1.1" 200 48706
216.245.221.92 - - [18/Sep/2022:14:00:40 -0500] "HEAD / HTTP/1.1" 200 -
172.22.2.4 - - [18/Sep/2022:13:59:34 -0500] "HEAD /BLA/boletinlegal/ HTTP/1.1" 200 -
172.22.2.4 - - [18/Sep/2022:14:00:24 -0500] "GET /BLA/boletinlegal/ HTTP/1.1" 200 52877
201.245.192.253 - - [18/Sep/2022:14:03:57 -0500] "POST /kwsrmcab/Wsrmcab  HTTP/1.1" 200 37989
157.55.39.188 - - [18/Sep/2022:14:04:46 -0500] "GET /catalogoisis/js/aceptarlimpiar.js HTTP/1.1" 200 331
207.46.13.86 - - [18/Sep/2022:14:05:32 -0500] "GET /catalogoisis/js/numero.js HTTP/1.1" 200 398
216.245.221.92 - - [18/Sep/2022:14:05:40 -0500] "HEAD / HTTP/1.1" 200 -
172.22.2.4 - - [18/Sep/2022:14:05:24 -0500] "HEAD /BLA/boletinlegal/ HTTP/1.1" 200 -
157.55.39.202 - - [18/Sep/2022:14:07:19 -0500] "GET /BLA/resoluciones/RESOLUCIONES%202000/2000%202050-2099.tif HTTP/1.1" 200 4179547
172.22.2.4 - - [18/Sep/2022:14:06:14 -0500] "GET /BLA/boletinlegal/ HTTP/1.1" 200 58163
201.245.192.253 - - [18/Sep/2022:14:08:56 -0500] "POST /kwsrmcab/Wsrmcab  HTTP/1.1" 200 37989
172.22.2.4 - - [18/Sep/2022:14:09:14 -0500] "GET /BLA/boletinlegal/jurisprudencia/analisis/AnalisisC-273-11.docx HTTP/1.1" 200 22036
216.245.221.92 - - [18/Sep/2022:14:10:40 -0500] "HEAD / HTTP/1.1" 200 -
207.46.13.131 - - [18/Sep/2022:14:11:18 -0500] "GET /bla/resoluciones/resoluciones%202010/3072.pdf HTTP/1.1" 200 436761
172.22.2.4 - - [18/Sep/2022:14:11:14 -0500] "HEAD /BLA/boletinlegal/ HTTP/1.1" 200 -
207.46.13.131 - - [18/Sep/2022:14:13:11 -0500] "GET /sipse/faces/faces/autenticacion.xhtml HTTP/1.1" 200 12498
172.22.2.4 - - [18/Sep/2022:14:12:04 -0500] "GET /BLA/boletinlegal/ HTTP/1.1" 200 58163
201.245.192.253 - - [18/Sep/2022:14:13:54 -0500] "POST /kwsrmcab/Wsrmcab  HTTP/1.1" 200 37989
216.245.221.92 - - [18/Sep/2022:14:15:40 -0500] "HEAD / HTTP/1.1" 200 -
172.22.2.4 - - [18/Sep/2022:14:18:41 -0500] "GET /BLA/boletinlegal/Circulares/2015/Circular%20No.%201%20del%2010%20de%20Febrero%20de%202015.pdf HTTP/1.1" 304 -
172.22.2.4 - - [18/Sep/2022:14:17:04 -0500] "HEAD /BLA/boletinlegal/ HTTP/1.1" 200 -
201.245.192.253 - - [18/Sep/2022:14:18:53 -0500] "POST /kwsrmcab/Wsrmcab  HTTP/1.1" 200 37989
172.22.2.4 - - [18/Sep/2022:14:17:54 -0500] "GET /BLA/boletinlegal/ HTTP/1.1" 200 58163
201.245.192.253 - - [18/Sep/2022:14:19:38 -0500] "POST /kwsrmcab/Wsrmcab HTTP/1.1" 200 41502
201.245.192.253 - - [18/Sep/2022:14:19:41 -0500] "POST /kwsrmcab/Wsrmcab HTTP/1.1" 200 42892
66.249.66.20 - - [18/Sep/2022:14:20:26 -0500] "-" 408 -
216.245.221.92 - - [18/Sep/2022:14:20:40 -0500] "HEAD / HTTP/1.1" 200 -
172.22.2.4 - - [18/Sep/2022:14:20:43 -0500] "GET /BLA/boletinlegal/ HTTP/1.1" 200 63207
201.245.192.253 - - [18/Sep/2022:14:23:52 -0500] "POST /kwsrmcab/Wsrmcab  HTTP/1.1" 200 37989
172.22.2.4 - - [18/Sep/2022:14:22:54 -0500] "HEAD /BLA/boletinlegal/ HTTP/1.1" 200 -
172.22.2.4 - - [18/Sep/2022:14:23:44 -0500] "GET /BLA/boletinlegal/ HTTP/1.1" 200 58163
216.245.221.92 - - [18/Sep/2022:14:25:40 -0500] "HEAD / HTTP/1.1" 200 -
157.55.39.202 - - [18/Sep/2022:14:27:02 -0500] "GET /BLA/resoluciones/2002RES148.tif HTTP/1.1" 404 1018
201.245.192.253 - - [18/Sep/2022:14:28:52 -0500] "POST /kwsrmcab/Wsrmcab  HTTP/1.1" 200 37989
66.249.66.65 - - [18/Sep/2022:14:29:05 -0500] "-" 408 -
201.245.192.253 - - [18/Sep/2022:14:29:38 -0500] "POST /kwsrmcab/Wsrmcab HTTP/1.1" 200 41502
201.245.192.253 - - [18/Sep/2022:14:29:42 -0500] "POST /kwsrmcab/Wsrmcab HTTP/1.1" 200 42892
157.55.39.153 - - [18/Sep/2022:14:30:07 -0500] "GET /images/pieza-grafica-cronograma-rio-bog.jpg HTTP/1.1" 200 293470
172.22.2.4 - - [18/Sep/2022:14:28:44 -0500] "HEAD /BLA/boletinlegal/ HTTP/1.1" 200 -
216.245.221.92 - - [18/Sep/2022:14:30:40 -0500] "HEAD / HTTP/1.1" 200 -
172.22.2.4 - - [18/Sep/2022:14:29:34 -0500] "GET /BLA/boletinlegal/ HTTP/1.1" 200 58163
186.102.29.45 - - [18/Sep/2022:14:33:04 -0500] "GET /kwssiamovil/sm/ldap/au?x=U2FsdGVkX19PAVS1DtFL+iStr27kSJ/AnFRY+ljUXRUvQ6O39/myXQgbnuZQlAzw&y=U2FsdGVkX191r0Tf40oyUgaUnTIhFt04PRUESeFM31XRPLR3lyw5OTiwgQGKZUbw HTTP/1.1" 200 30
186.102.29.45 - - [18/Sep/2022:14:33:04 -0500] "GET /kwssiamovil/sm/acme/s?s=U2FsdGVkX18j/OhRYwSSh0sl3NaYV34aQh4VuZWNAxLhd8Bq12wSd+h2Zu6y0OeuPNEioRIyJq/5cWnDrEk8CYDTViaLdcbQxLsWq5TYIRw=&u=U2FsdGVkX1+tCxxPjD5zOjc0XrxPn2fCDr44wgbKj1wkpMaka+9/jf1avHqSmxum&y=U2FsdGVkX191r0Tf40oyUgaUnTIhFt04PRUESeFM31XRPLR3lyw5OTiwgQGKZUbw HTTP/1.1" 200 97
186.102.29.45 - - [18/Sep/2022:14:33:04 -0500] "GET /kwssiamovil/sm/acme/s?s=U2FsdGVkX1/p++eybau/hj+fj6BLoQXGtBnRGKMvBu10qFWWKr9Ikc9phWVKLWYj/fWV40gzAvlRZEOFkrK8IjGVOwqkUWKmx5AcYzfg1Xv75bmKdpIzabda4id4W+dX+JM8m92Ba8mCt/AyDu4lJIiolJN4Kw5tewrXNJL74KEB3Vaq9Al7rLkfKx1W9v3KOjNFW8KE53o5ZuzVhQY47qDzyWkKh3pobLYiksIrUQx13FjBBt9Z2JlsE3amK3EQI01fN/dTd6SxNQ/xoHlF3OgQRCrqo1w3/gsMawBecEvYvbO78XI84bWE9rLENU3cPtBJ88RsgO9FXHbx5l6COiicNiKZnHX6CA6SzD9d4L41kyw7CktZtS6DX/T2SeV2KjKhfgfzXW8XTCUngWAR0VPNQaFfzbwHQhoqMjVzLFfA2aUItohaw/q3wEdMv5k7OFVjp3c1ebRAo+79O3gPPpuBPrA8Zv003g2ZJiafYLSBokacgg4D36Y/9mMsK6F3RSpq4WAkxKMfTiV12LhgaXKdz6jOcUOLaZ6VTpbV6echY4/FlnCkJF9F7alELwU0/yw1uKQO+6YU3FIlX8H9LeX03Verprm3GqolfhPfIH3CcEcUmjFN/pHM/P3VYJf66O3U+uQZBogJu/uCUFWt1Y9qia6BspXAXZL3qFwJILyTyClPP5ImgimKt3zaSUhkR8yUZ+F1jcxwEWyQt0aQi/DKrARSfgjuwHP/kVLiSU7Fp71uMoI01mqI97heDlgs4k1fwCdBPsaBthPN870/sHIG2UmHeLtadn2OhZViFRrW0LpZrCntF9sLLLS5vIlKiR15c/+UVdPmh1tmnqWIB4EFMvvhxi9jySxdLXev7pwqHZxda/SQc3otFTfRWD4SgBTkYBTKOOHLgym7qqGtJ6ODOMuVaGJdpNNLDt3EOhR2HqG7wjpaZf7kQnujqcJMf8lRPiMRtCtDEsrJh/HEpqxCOaJXO9oahwuEwPlDBiAtf3PeDIQHzdIGQLmMwbq9gdk/wjKo+dSicy1tCtTfk2wV+BVaSQ7ZRw9iyoEKSH+PVulaSz2zHnjyUA21YvYhx8XCt6AlDsElEQO8tLb6nrukZpajDleK5aTAJajIaad6tg+Wb7kE65tlGtox2rETH7qTsOV2O9g2lgT4rds66BIRvE9pIuv8YFUnuF3+MimfGPsae8U00E3CI1ve7QZWZKSE4jtfhq98yriracJR+8UmkU04Lj1jnuXwjY/prfXZosi9OlcLa8jSqR3RSSO5KR9IG48W1x9nVLWCDCnuJ+bXM3OTSypx9J8xSRTzURdFfgPd2W01eUEg4lwSgweU+slhFICBPGvAh6SqXmlGwUJlrTYHWqCR56cbrxNd+Tg=&u=U2FsdGVkX1+tCxxPjD5zOjc0XrxPn2fCDr44wgbKj1wkpMaka+9/jf1avHqSmxum&y=U2FsdGVkX191r0Tf40oyUgaUnTIhFt04PRUESeFM31XRPLR3lyw5OTiwgQGKZUbw HTTP/1.1" 200 1253
186.102.29.45 - - [18/Sep/2022:14:33:04 -0500] "GET /kwssiamovil/sm/acme/s?s=U2FsdGVkX18/bzlF312NGh+NCsSXwQ8X21s4RI2p0qISAzEMs6n3m4MKBPpa+0ZenOLUIHK08bi6qBBdtkehHXKIgO9TIO7LX+/fxjm2tUMDblcdwhLT1tWLV9Mnjf2YOBTxiR6tJtyzrus4iNM5TJNOtsHp//EJNco++vpd43g5JEaxXhrQRRfBpphLZl1+H03a0PmYEMbz5zj5F8snERrpYepuZ0Bmd/ub5ek2DnCOKMG73UOTq18gDAxcIbXTUBmBc/nWDq94xwq9lq2r6sMGwY4mKgy6oszH815TqOE=&u=U2FsdGVkX1+tCxxPjD5zOjc0XrxPn2fCDr44wgbKj1wkpMaka+9/jf1avHqSmxum&y=U2FsdGVkX191r0Tf40oyUgaUnTIhFt04PRUESeFM31XRPLR3lyw5OTiwgQGKZUbw HTTP/1.1" 200 176
186.102.29.45 - - [18/Sep/2022:14:33:04 -0500] "GET /kwssiamovil/sm/cjson/pre?f=1&x=U2FsdGVkX19PAVS1DtFL+iStr27kSJ/AnFRY+ljUXRUvQ6O39/myXQgbnuZQlAzw HTTP/1.1" 200 30992
201.245.192.253 - - [18/Sep/2022:14:33:50 -0500] "POST /kwsrmcab/Wsrmcab  HTTP/1.1" 200 37989
186.102.29.45 - - [18/Sep/2022:14:34:18 -0500] "GET /kwssiamovil/sm/acme/u?s=U2FsdGVkX189zTy2S8r9mKo3rII6qIeMDlom5UKP6NgddIqMv0IAFGJ0F02soDl4IbZWd/Qzl74YJyhtCUAuFeSXH/7f8V+9fUlC4kt/hRT7ob3Gyq7YP2SAl0Yav8RHZoSXWYGekm3bmoovOPlaSQ==&u=U2FsdGVkX1+tCxxPjD5zOjc0XrxPn2fCDr44wgbKj1wkpMaka+9/jf1avHqSmxum&y=U2FsdGVkX191r0Tf40oyUgaUnTIhFt04PRUESeFM31XRPLR3lyw5OTiwgQGKZUbw HTTP/1.1" 200 60
167.0.142.94 - - [18/Sep/2022:14:35:17 -0500] "GET /sipse/faces/faces/index.xhtml HTTP/1.1" 200 677
167.0.142.94 - - [18/Sep/2022:14:35:19 -0500] "GET /sipse/faces/javax.faces.resource/theme.css?ln=primefaces-sipse HTTP/1.1" 304 -
167.0.142.94 - - [18/Sep/2022:14:35:19 -0500] "GET /sipse/faces/faces/faces/autenticacion.xhtml HTTP/1.1" 200 12176
167.0.142.94 - - [18/Sep/2022:14:35:19 -0500] "GET /sipse/js/disable_browser_buttons.js HTTP/1.1" 304 -
167.0.142.94 - - [18/Sep/2022:14:35:19 -0500] "GET /sipse/js/funciones.js HTTP/1.1" 304 -
167.0.142.94 - - [18/Sep/2022:14:35:19 -0500] "GET /sipse/css/custom_css_sg.css HTTP/1.1" 304 -
167.0.142.94 - - [18/Sep/2022:14:35:20 -0500] "GET /sipse/faces/javax.faces.resource/theme.css?ln=primefaces-sipse HTTP/1.1" 304 -
167.0.142.94 - - [18/Sep/2022:14:35:20 -0500] "GET /sipse/faces/javax.faces.resource/primefaces.css?ln=primefaces&v=4.0 HTTP/1.1" 304 -
167.0.142.94 - - [18/Sep/2022:14:35:20 -0500] "GET /sipse/css/custom_css_sg_prime_login.css HTTP/1.1" 304 -
167.0.142.94 - - [18/Sep/2022:14:35:20 -0500] "GET /sipse/faces/javax.faces.resource/layout/layout.css?ln=primefaces&v=4.0 HTTP/1.1" 304 -
167.0.142.94 - - [18/Sep/2022:14:35:20 -0500] "GET /sipse/faces/javax.faces.resource/jquery/jquery-plugins.js?ln=primefaces&v=4.0 HTTP/1.1" 304 -
167.0.142.94 - - [18/Sep/2022:14:35:20 -0500] "GET /sipse/faces/javax.faces.resource/jquery/jquery.js?ln=primefaces&v=4.0 HTTP/1.1" 304 -
167.0.142.94 - - [18/Sep/2022:14:35:20 -0500] "GET /sipse/faces/javax.faces.resource/primefaces.js?ln=primefaces&v=4.0 HTTP/1.1" 304 -
167.0.142.94 - - [18/Sep/2022:14:35:20 -0500] "GET /sipse/faces/javax.faces.resource/layout/layout.js?ln=primefaces&v=4.0 HTTP/1.1" 304 -
167.0.142.94 - - [18/Sep/2022:14:35:20 -0500] "GET /sipse/css/imagen/logoSDG.png HTTP/1.1" 304 -
167.0.142.94 - - [18/Sep/2022:14:35:20 -0500] "GET /sipse/css/imagen/loginimg.png HTTP/1.1" 304 -
167.0.142.94 - - [18/Sep/2022:14:35:20 -0500] "GET /sipse/faces/javax.faces.resource/images/ui-icons_898989_256x240.png?ln=primefaces-aristo HTTP/1.1" 304 -
216.245.221.92 - - [18/Sep/2022:14:35:40 -0500] "HEAD / HTTP/1.1" 200 -
167.0.142.94 - - [18/Sep/2022:14:35:43 -0500] "POST /sipse/faces/autenticacion.xhtml HTTP/1.1" 200 16068
167.0.142.94 - - [18/Sep/2022:14:35:43 -0500] "GET /sipse/css/custom_css_sg_prime.css HTTP/1.1" 304 -
167.0.142.94 - - [18/Sep/2022:14:35:43 -0500] "GET /sipse/js/jquery.min.js HTTP/1.1" 304 -
167.0.142.94 - - [18/Sep/2022:14:35:43 -0500] "GET /sipse/faces/javax.faces.resource/primefaces.css?ln=primefaces&v=4.0 HTTP/1.1" 304 -
167.0.142.94 - - [18/Sep/2022:14:35:43 -0500] "GET /sipse/faces/javax.faces.resource/theme.css?ln=primefaces-sipse HTTP/1.1" 304 -
167.0.142.94 - - [18/Sep/2022:14:35:43 -0500] "GET /sipse/faces/javax.faces.resource/layout/layout.css?ln=primefaces&v=4.0 HTTP/1.1" 304 -
167.0.142.94 - - [18/Sep/2022:14:35:43 -0500] "GET /sipse/faces/javax.faces.resource/jquery/jquery.js?ln=primefaces&v=4.0 HTTP/1.1" 304 -
167.0.142.94 - - [18/Sep/2022:14:35:44 -0500] "GET /sipse/faces/javax.faces.resource/jquery/jquery-plugins.js?ln=primefaces&v=4.0 HTTP/1.1" 304 -
167.0.142.94 - - [18/Sep/2022:14:35:44 -0500] "GET /sipse/faces/javax.faces.resource/primefaces.js?ln=primefaces&v=4.0 HTTP/1.1" 304 -
167.0.142.94 - - [18/Sep/2022:14:35:44 -0500] "GET /sipse/faces/javax.faces.resource/layout/layout.js?ln=primefaces&v=4.0 HTTP/1.1" 304 -
167.0.142.94 - - [18/Sep/2022:14:35:44 -0500] "GET /sipse/imagenes/logoAplicacion.jpg HTTP/1.1" 304 -
167.0.142.94 - - [18/Sep/2022:14:35:44 -0500] "GET /sipse/imagenes/cargando.gif HTTP/1.1" 304 -
167.0.142.94 - - [18/Sep/2022:14:35:44 -0500] "GET /sipse/css/imagen/contrasena.png HTTP/1.1" 404 383
167.0.142.94 - - [18/Sep/2022:14:35:45 -0500] "GET /sipse/faces/javax.faces.resource/messages/messages.png?ln=primefaces&v=4.0 HTTP/1.1" 304 -
167.0.142.94 - - [18/Sep/2022:14:35:50 -0500] "POST /sipse/faces/bienvenido.xhtml HTTP/1.1" 200 1471
167.0.142.94 - - [18/Sep/2022:14:35:51 -0500] "GET /sipse/faces/javax.faces.resource/images/ui-bg_flat_0_2d5972_40x100.png?ln=primefaces-aristo HTTP/1.1" 304 -
167.0.142.94 - - [18/Sep/2022:14:35:52 -0500] "POST /sipse/faces/bienvenido.xhtml HTTP/1.1" 200 60923
167.0.142.94 - - [18/Sep/2022:14:35:52 -0500] "GET /sipse/faces/javax.faces.resource/theme.css?ln=primefaces-sipse HTTP/1.1" 304 -
167.0.142.94 - - [18/Sep/2022:14:35:52 -0500] "GET /sipse/faces/javax.faces.resource/primefaces.css?ln=primefaces&v=4.0 HTTP/1.1" 304 -
167.0.142.94 - - [18/Sep/2022:14:35:52 -0500] "GET /sipse/faces/javax.faces.resource/layout/layout.css?ln=primefaces&v=4.0 HTTP/1.1" 304 -
167.0.142.94 - - [18/Sep/2022:14:35:53 -0500] "GET /sipse/faces/javax.faces.resource/jquery/jquery.js?ln=primefaces&v=4.0 HTTP/1.1" 304 -
167.0.142.94 - - [18/Sep/2022:14:35:53 -0500] "GET /sipse/faces/javax.faces.resource/jquery/jquery-plugins.js?ln=primefaces&v=4.0 HTTP/1.1" 304 -
167.0.142.94 - - [18/Sep/2022:14:35:54 -0500] "GET /sipse/faces/javax.faces.resource/primefaces.js?ln=primefaces&v=4.0 HTTP/1.1" 304 -
167.0.142.94 - - [18/Sep/2022:14:35:55 -0500] "GET /sipse/faces/javax.faces.resource/layout/layout.js?ln=primefaces&v=4.0 HTTP/1.1" 304 -
167.0.142.94 - - [18/Sep/2022:14:35:57 -0500] "POST /sipse/faces/presentacion/financiero/solicitudProceso/listarSolicitudProceso.xhtml HTTP/1.1" 200 1544
172.22.2.4 - - [18/Sep/2022:14:34:34 -0500] "HEAD /BLA/boletinlegal/ HTTP/1.1" 200 -
167.0.142.94 - - [18/Sep/2022:14:36:15 -0500] "POST /sipse/faces/presentacion/financiero/solicitudProceso/listarSolicitudProceso.xhtml HTTP/1.1" 200 1941
167.0.142.94 - - [18/Sep/2022:14:36:24 -0500] "POST /sipse/faces/presentacion/financiero/solicitudProceso/listarSolicitudProceso.xhtml HTTP/1.1" 200 31052
167.0.142.94 - - [18/Sep/2022:14:36:25 -0500] "POST /sipse/faces/presentacion/financiero/solicitudProceso/listarSolicitudProceso.xhtml HTTP/1.1" 200 42822
167.0.142.94 - - [18/Sep/2022:14:36:35 -0500] "POST /sipse/faces/presentacion/financiero/solicitudProceso/listarSolicitudProceso.xhtml HTTP/1.1" 200 10704
167.0.142.94 - - [18/Sep/2022:14:36:41 -0500] "POST /sipse/faces/presentacion/financiero/solicitudProceso/listarSolicitudProceso.xhtml HTTP/1.1" 200 130414
167.0.142.94 - - [18/Sep/2022:14:36:43 -0500] "GET /sipse/faces/javax.faces.resource/theme.css?ln=primefaces-sipse HTTP/1.1" 304 -
167.0.142.94 - - [18/Sep/2022:14:36:43 -0500] "GET /sipse/faces/javax.faces.resource/primefaces.css?ln=primefaces&v=4.0 HTTP/1.1" 304 -
167.0.142.94 - - [18/Sep/2022:14:36:43 -0500] "GET /sipse/faces/javax.faces.resource/layout/layout.css?ln=primefaces&v=4.0 HTTP/1.1" 304 -
167.0.142.94 - - [18/Sep/2022:14:36:43 -0500] "GET /sipse/faces/javax.faces.resource/jquery/jquery.js?ln=primefaces&v=4.0 HTTP/1.1" 304 -
167.0.142.94 - - [18/Sep/2022:14:36:44 -0500] "GET /sipse/faces/javax.faces.resource/jquery/jquery-plugins.js?ln=primefaces&v=4.0 HTTP/1.1" 304 -
167.0.142.94 - - [18/Sep/2022:14:36:44 -0500] "GET /sipse/faces/javax.faces.resource/primefaces.js?ln=primefaces&v=4.0 HTTP/1.1" 304 -
167.0.142.94 - - [18/Sep/2022:14:36:44 -0500] "GET /sipse/faces/javax.faces.resource/layout/layout.js?ln=primefaces&v=4.0 HTTP/1.1" 304 -
167.0.142.94 - - [18/Sep/2022:14:37:00 -0500] "POST /sipse/faces/presentacion/financiero/solicitudProceso/consultarSolicitudProceso.xhtml HTTP/1.1" 200 660096
172.22.2.4 - - [18/Sep/2022:14:35:24 -0500] "GET /BLA/boletinlegal/ HTTP/1.1" 200 57375
167.0.142.94 - - [18/Sep/2022:14:37:28 -0500] "POST /sipse/faces/presentacion/financiero/solicitudProceso/consultarSolicitudProceso.xhtml HTTP/1.1" 200 17547
167.0.142.94 - - [18/Sep/2022:14:37:41 -0500] "POST /sipse/faces/presentacion/financiero/solicitudProceso/consultarSolicitudProceso.xhtml HTTP/1.1" 200 447431
167.0.142.94 - - [18/Sep/2022:14:37:48 -0500] "POST /sipse/faces/presentacion/financiero/solicitudProceso/consultarSolicitudProceso.xhtml HTTP/1.1" 200 45853
167.0.142.94 - - [18/Sep/2022:14:37:56 -0500] "POST /sipse/faces/presentacion/financiero/solicitudProceso/consultarSolicitudProceso.xhtml HTTP/1.1" 200 170984
167.0.142.94 - - [18/Sep/2022:14:38:19 -0500] "POST /sipse/faces/presentacion/financiero/solicitudProceso/consultarSolicitudProceso.xhtml HTTP/1.1" 200 34152
167.0.142.94 - - [18/Sep/2022:14:38:20 -0500] "GET /sipse/faces/javax.faces.resource/theme.css?ln=primefaces-sipse HTTP/1.1" 304 -
167.0.142.94 - - [18/Sep/2022:14:38:20 -0500] "GET /sipse/faces/javax.faces.resource/primefaces.css?ln=primefaces&v=4.0 HTTP/1.1" 304 -
167.0.142.94 - - [18/Sep/2022:14:38:20 -0500] "GET /sipse/faces/javax.faces.resource/layout/layout.css?ln=primefaces&v=4.0 HTTP/1.1" 304 -
167.0.142.94 - - [18/Sep/2022:14:38:20 -0500] "GET /sipse/faces/javax.faces.resource/jquery/jquery.js?ln=primefaces&v=4.0 HTTP/1.1" 304 -
167.0.142.94 - - [18/Sep/2022:14:38:20 -0500] "GET /sipse/faces/javax.faces.resource/jquery/jquery-plugins.js?ln=primefaces&v=4.0 HTTP/1.1" 304 -
167.0.142.94 - - [18/Sep/2022:14:38:20 -0500] "GET /sipse/faces/javax.faces.resource/primefaces.js?ln=primefaces&v=4.0 HTTP/1.1" 304 -
167.0.142.94 - - [18/Sep/2022:14:38:20 -0500] "GET /sipse/faces/javax.faces.resource/layout/layout.js?ln=primefaces&v=4.0 HTTP/1.1" 304 -
167.0.142.94 - - [18/Sep/2022:14:38:36 -0500] "GET /sipse/faces/javax.faces.resource/theme.css?ln=primefaces-sipse HTTP/1.1" 304 -
167.0.142.94 - - [18/Sep/2022:14:38:36 -0500] "GET /sipse/faces/javax.faces.resource/primefaces.css?ln=primefaces&v=4.0 HTTP/1.1" 304 -
167.0.142.94 - - [18/Sep/2022:14:38:36 -0500] "GET /sipse/faces/javax.faces.resource/jquery/jquery.js?ln=primefaces&v=4.0 HTTP/1.1" 304 -
167.0.142.94 - - [18/Sep/2022:14:38:36 -0500] "GET /sipse/faces/javax.faces.resource/layout/layout.css?ln=primefaces&v=4.0 HTTP/1.1" 304 -
167.0.142.94 - - [18/Sep/2022:14:38:36 -0500] "GET /sipse/faces/javax.faces.resource/jquery/jquery-plugins.js?ln=primefaces&v=4.0 HTTP/1.1" 304 -
167.0.142.94 - - [18/Sep/2022:14:38:36 -0500] "GET /sipse/faces/javax.faces.resource/primefaces.js?ln=primefaces&v=4.0 HTTP/1.1" 304 -
167.0.142.94 - - [18/Sep/2022:14:38:36 -0500] "GET /sipse/faces/javax.faces.resource/layout/layout.js?ln=primefaces&v=4.0 HTTP/1.1" 304 -
167.0.142.94 - - [18/Sep/2022:14:38:35 -0500] "POST /sipse/faces/presentacion/financiero/solicitudProceso/consultarHistorialSolProceso.xhtml HTTP/1.1" 200 175728
201.245.192.253 - - [18/Sep/2022:14:38:49 -0500] "POST /kwsrmcab/Wsrmcab  HTTP/1.1" 200 37989
173.252.107.18 - - [18/Sep/2022:14:39:41 -0500] "GET /unidos-por-un-nuevo-aire-un-ano-de-pacto-del-compromiso-por-bogota.html HTTP/1.1" 206 764
201.245.192.253 - - [18/Sep/2022:14:39:38 -0500] "POST /kwsrmcab/Wsrmcab HTTP/1.1" 200 41502
69.171.251.3 - - [18/Sep/2022:14:39:42 -0500] "GET /images/prueba3.jpeg HTTP/1.1" 200 88955
201.245.192.253 - - [18/Sep/2022:14:39:42 -0500] "GET /kwsrmcab/Wsrmcab?wsdl HTTP/1.1" 200 6948
201.245.192.253 - - [18/Sep/2022:14:39:42 -0500] "POST /kwsrmcab/Wsrmcab HTTP/1.1" 200 42892
207.46.13.176 - - [18/Sep/2022:14:40:01 -0500] "GET /distrito-presenta-proyecto-de-energia-solar-y-eficiencia-energetica-para-entidades-publicas-de-bogota.html HTTP/1.1" 304 -
216.245.221.92 - - [18/Sep/2022:14:40:40 -0500] "HEAD / HTTP/1.1" 200 -
172.22.2.4 - - [18/Sep/2022:14:40:24 -0500] "HEAD /BLA/boletinlegal/ HTTP/1.1" 200 -
172.22.2.4 - - [18/Sep/2022:14:41:14 -0500] "GET /BLA/boletinlegal/ HTTP/1.1" 200 47823
201.245.192.253 - - [18/Sep/2022:14:43:48 -0500] "POST /kwsrmcab/Wsrmcab  HTTP/1.1" 200 37989
216.245.221.92 - - [18/Sep/2022:14:45:40 -0500] "HEAD / HTTP/1.1" 200 -
172.22.2.4 - - [18/Sep/2022:14:46:14 -0500] "HEAD /BLA/boletinlegal/ HTTP/1.1" 200 -
172.22.2.4 - - [18/Sep/2022:14:47:04 -0500] "GET /BLA/boletinlegal/ HTTP/1.1" 200 60281
201.245.192.253 - - [18/Sep/2022:14:48:47 -0500] "POST /kwsrmcab/Wsrmcab  HTTP/1.1" 200 37989
157.55.39.201 - - [18/Sep/2022:14:49:24 -0500] "GET /BLA/resoluciones/2002RES144.tif HTTP/1.1" 404 1018
172.22.2.4 - - [18/Sep/2022:14:49:34 -0500] "GET /BLA/boletinlegal/admin/config.php HTTP/1.1" 200 -
172.22.2.4 - - [18/Sep/2022:14:49:50 -0500] "GET /BLA/boletinlegal/actos.php/js/jquery1.js HTTP/1.1" 200 9559
172.22.2.4 - - [18/Sep/2022:14:50:22 -0500] "GET /BLA/boletinlegal/Directivas/2011/Directiva%20No.%2010%20del%2028%20de%20Septiembre%20de%202011.pdf HTTP/1.1" 304 -
60.223.92.42 - - [18/Sep/2022:14:50:24 -0500] "POST /GponForm/diag_Form?images/ HTTP/1.1" 404 1013
216.245.221.92 - - [18/Sep/2022:14:50:40 -0500] "HEAD / HTTP/1.1" 200 -
172.22.2.4 - - [18/Sep/2022:14:52:45 -0500] "GET /BLA/boletinlegal/a2billing/customer/templates/default/footer.tpl HTTP/1.1" 404 1018
172.22.2.4 - - [18/Sep/2022:14:52:04 -0500] "HEAD /BLA/boletinlegal/ HTTP/1.1" 200 -
201.245.192.253 - - [18/Sep/2022:14:53:46 -0500] "POST /kwsrmcab/Wsrmcab  HTTP/1.1" 200 37989
172.22.2.4 - - [18/Sep/2022:14:52:54 -0500] "GET /BLA/boletinlegal/ HTTP/1.1" 200 53290
216.245.221.92 - - [18/Sep/2022:14:55:40 -0500] "HEAD / HTTP/1.1" 200 -
186.80.52.186 - - [18/Sep/2022:14:57:20 -0500] "GET /galeria/galeria/jquery.fancybox.css?v=2.1.5 HTTP/1.1" 200 4895
186.80.52.186 - - [18/Sep/2022:14:57:22 -0500] "GET /BLA/boletinlegal/js/jquery.scrollShow.js HTTP/1.1" 200 4586
186.80.52.186 - - [18/Sep/2022:14:57:22 -0500] "GET /galeria/galeria/jquery.fancybox.js?v=2.1.5 HTTP/1.1" 200 48706
43.135.123.64 - - [18/Sep/2022:14:58:22 -0500] "GET / HTTP/1.1" 200 319
201.245.192.253 - - [18/Sep/2022:14:58:44 -0500] "POST /kwsrmcab/Wsrmcab  HTTP/1.1" 200 37989
172.22.2.4 - - [18/Sep/2022:14:57:54 -0500] "HEAD /BLA/boletinlegal/ HTTP/1.1" 200 -
172.22.2.4 - - [18/Sep/2022:14:58:44 -0500] "GET /BLA/boletinlegal/ HTTP/1.1" 200 58163
216.245.221.92 - - [18/Sep/2022:15:00:40 -0500] "HEAD / HTTP/1.1" 200 -
201.245.192.253 - - [18/Sep/2022:15:03:43 -0500] "POST /kwsrmcab/Wsrmcab  HTTP/1.1" 200 37989
172.22.2.4 - - [18/Sep/2022:15:03:44 -0500] "HEAD /BLA/boletinlegal/ HTTP/1.1" 200 -
216.245.221.92 - - [18/Sep/2022:15:05:40 -0500] "HEAD / HTTP/1.1" 200 -
172.22.2.4 - - [18/Sep/2022:15:04:34 -0500] "GET /BLA/boletinlegal/ HTTP/1.1" 200 58163
80.94.92.239 - - [18/Sep/2022:15:06:40 -0500] "GET / HTTP/1.1" 200 319
157.55.39.200 - - [18/Sep/2022:15:08:43 -0500] "GET /BLA/resoluciones/RESOLUCIONES%202000/2000%202450-2499.tif HTTP/1.1" 200 4743204
201.245.192.253 - - [18/Sep/2022:15:08:42 -0500] "POST /kwsrmcab/Wsrmcab  HTTP/1.1" 200 37989
190.25.116.196 - - [18/Sep/2022:15:10:11 -0500] "GET /appsia/controlador HTTP/1.1" 200 4799
190.25.116.196 - - [18/Sep/2022:15:10:11 -0500] "GET /appsia/scripts/validarIngreso.js HTTP/1.1" 200 851
190.25.116.196 - - [18/Sep/2022:15:10:11 -0500] "GET /appsia/css/estilos.css HTTP/1.1" 200 4804
190.25.116.196 - - [18/Sep/2022:15:10:11 -0500] "GET /appsia/images/cabezoteHojaVida.png HTTP/1.1" 200 32493
190.25.116.196 - - [18/Sep/2022:15:10:11 -0500] "GET /appsia/images/logo_bogota_p.png HTTP/1.1" 200 14951
