190.240.122.73 - - [18/Sep/2022:20:01:21 -0500] "GET /sipse/faces/javax.faces.resource/jquery/jquery.js?ln=primefaces&v=4.0 HTTP/1.1" 304 -
190.240.122.73 - - [18/Sep/2022:20:01:21 -0500] "GET /sipse/faces/javax.faces.resource/jquery/jquery-plugins.js?ln=primefaces&v=4.0 HTTP/1.1" 304 -
190.240.122.73 - - [18/Sep/2022:20:01:21 -0500] "GET /sipse/faces/javax.faces.resource/primefaces.js?ln=primefaces&v=4.0 HTTP/1.1" 304 -
190.240.122.73 - - [18/Sep/2022:20:01:21 -0500] "GET /sipse/faces/javax.faces.resource/primefaces.css?ln=primefaces&v=4.0 HTTP/1.1" 304 -
190.240.122.73 - - [18/Sep/2022:20:01:21 -0500] "GET /sipse/faces/javax.faces.resource/layout/layout.js?ln=primefaces&v=4.0 HTTP/1.1" 304 -
190.240.122.73 - - [18/Sep/2022:20:01:21 -0500] "GET /sipse/faces/javax.faces.resource/images/ui-icons_898989_256x240.png?ln=primefaces-aristo HTTP/1.1" 304 -
190.240.122.73 - - [18/Sep/2022:20:01:31 -0500] "POST /sipse/faces/autenticacion.xhtml HTTP/1.1" 200 16688
190.240.122.73 - - [18/Sep/2022:20:01:31 -0500] "GET /sipse/css/custom_css_sg_prime.css HTTP/1.1" 304 -
190.240.122.73 - - [18/Sep/2022:20:01:31 -0500] "GET /sipse/faces/javax.faces.resource/theme.css?ln=primefaces-sipse HTTP/1.1" 304 -
190.240.122.73 - - [18/Sep/2022:20:01:31 -0500] "GET /sipse/faces/javax.faces.resource/layout/layout.css?ln=primefaces&v=4.0 HTTP/1.1" 304 -
190.240.122.73 - - [18/Sep/2022:20:01:31 -0500] "GET /sipse/faces/javax.faces.resource/primefaces.css?ln=primefaces&v=4.0 HTTP/1.1" 304 -
190.240.122.73 - - [18/Sep/2022:20:01:31 -0500] "GET /sipse/js/jquery.min.js HTTP/1.1" 304 -
190.240.122.73 - - [18/Sep/2022:20:01:31 -0500] "GET /sipse/faces/javax.faces.resource/jquery/jquery.js?ln=primefaces&v=4.0 HTTP/1.1" 304 -
190.240.122.73 - - [18/Sep/2022:20:01:31 -0500] "GET /sipse/faces/javax.faces.resource/jquery/jquery-plugins.js?ln=primefaces&v=4.0 HTTP/1.1" 304 -
190.240.122.73 - - [18/Sep/2022:20:01:31 -0500] "GET /sipse/faces/javax.faces.resource/primefaces.js?ln=primefaces&v=4.0 HTTP/1.1" 304 -
190.240.122.73 - - [18/Sep/2022:20:01:31 -0500] "GET /sipse/faces/javax.faces.resource/layout/layout.js?ln=primefaces&v=4.0 HTTP/1.1" 304 -
190.240.122.73 - - [18/Sep/2022:20:01:31 -0500] "GET /sipse/imagenes/cargando.gif HTTP/1.1" 304 -
190.240.122.73 - - [18/Sep/2022:20:01:31 -0500] "GET /sipse/imagenes/logoAplicacion.jpg HTTP/1.1" 304 -
190.240.122.73 - - [18/Sep/2022:20:01:31 -0500] "GET /sipse/css/imagen/contrasena.png HTTP/1.1" 404 383
190.240.122.73 - - [18/Sep/2022:20:01:31 -0500] "GET /sipse/faces/javax.faces.resource/messages/messages.png?ln=primefaces&v=4.0 HTTP/1.1" 304 -
190.240.122.73 - - [18/Sep/2022:20:01:33 -0500] "GET /sipse/faces/javax.faces.resource/images/ui-bg_flat_0_2d5972_40x100.png?ln=primefaces-aristo HTTP/1.1" 304 -
190.240.122.73 - - [18/Sep/2022:20:01:33 -0500] "POST /sipse/faces/bienvenido.xhtml HTTP/1.1" 200 3255
190.240.122.73 - - [18/Sep/2022:20:01:34 -0500] "POST /sipse/faces/bienvenido.xhtml HTTP/1.1" 200 33634
190.240.122.73 - - [18/Sep/2022:20:01:34 -0500] "GET /sipse/faces/javax.faces.resource/primefaces.css?ln=primefaces&v=4.0 HTTP/1.1" 304 -
190.240.122.73 - - [18/Sep/2022:20:01:34 -0500] "GET /sipse/faces/javax.faces.resource/theme.css?ln=primefaces-sipse HTTP/1.1" 304 -
190.240.122.73 - - [18/Sep/2022:20:01:34 -0500] "GET /sipse/faces/javax.faces.resource/layout/layout.css?ln=primefaces&v=4.0 HTTP/1.1" 304 -
190.240.122.73 - - [18/Sep/2022:20:01:34 -0500] "GET /sipse/faces/javax.faces.resource/jquery/jquery.js?ln=primefaces&v=4.0 HTTP/1.1" 304 -
190.240.122.73 - - [18/Sep/2022:20:01:34 -0500] "GET /sipse/faces/javax.faces.resource/jquery/jquery-plugins.js?ln=primefaces&v=4.0 HTTP/1.1" 304 -
190.240.122.73 - - [18/Sep/2022:20:01:34 -0500] "GET /sipse/faces/javax.faces.resource/primefaces.js?ln=primefaces&v=4.0 HTTP/1.1" 304 -
190.240.122.73 - - [18/Sep/2022:20:01:34 -0500] "GET /sipse/faces/javax.faces.resource/layout/layout.js?ln=primefaces&v=4.0 HTTP/1.1" 304 -
190.240.122.73 - - [18/Sep/2022:20:01:34 -0500] "POST /sipse/faces/presentacion/financiero/solicitudProceso/listarSolicitudProceso.xhtml HTTP/1.1" 200 1368
190.240.122.73 - - [18/Sep/2022:20:01:38 -0500] "POST /sipse/faces/presentacion/financiero/solicitudProceso/listarSolicitudProceso.xhtml HTTP/1.1" 200 184
190.240.122.73 - - [18/Sep/2022:20:01:38 -0500] "POST /sipse/faces/presentacion/financiero/solicitudProceso/listarSolicitudProceso.xhtml HTTP/1.1" 200 184
190.240.122.73 - - [18/Sep/2022:20:01:38 -0500] "GET /sipse/faces/presentacion/financiero/solicitudAnulacion/solicitudAnulacion.xhtml HTTP/1.1" 200 24741
190.240.122.73 - - [18/Sep/2022:20:01:38 -0500] "GET /sipse/faces/javax.faces.resource/theme.css?ln=primefaces-sipse HTTP/1.1" 304 -
190.240.122.73 - - [18/Sep/2022:20:01:38 -0500] "GET /sipse/faces/javax.faces.resource/primefaces.css?ln=primefaces&v=4.0 HTTP/1.1" 304 -
190.240.122.73 - - [18/Sep/2022:20:01:38 -0500] "GET /sipse/faces/javax.faces.resource/layout/layout.css?ln=primefaces&v=4.0 HTTP/1.1" 304 -
190.240.122.73 - - [18/Sep/2022:20:01:38 -0500] "GET /sipse/faces/presentacion/financiero/solicitudAnulacion/solicitudAnulacion.xhtml HTTP/1.1" 200 31731
190.240.122.73 - - [18/Sep/2022:20:01:38 -0500] "GET /sipse/faces/javax.faces.resource/jquery/jquery.js?ln=primefaces&v=4.0 HTTP/1.1" 304 -
190.240.122.73 - - [18/Sep/2022:20:01:38 -0500] "GET /sipse/faces/javax.faces.resource/layout/layout.js?ln=primefaces&v=4.0 HTTP/1.1" 304 -
190.240.122.73 - - [18/Sep/2022:20:01:38 -0500] "GET /sipse/faces/javax.faces.resource/primefaces.js?ln=primefaces&v=4.0 HTTP/1.1" 304 -
190.240.122.73 - - [18/Sep/2022:20:01:38 -0500] "GET /sipse/faces/javax.faces.resource/jquery/jquery-plugins.js?ln=primefaces&v=4.0 HTTP/1.1" 304 -
190.240.122.73 - - [18/Sep/2022:20:01:38 -0500] "POST /sipse/faces/presentacion/financiero/solicitudAnulacion/solicitudAnulacion.xhtml HTTP/1.1" 200 10464
201.245.192.253 - - [18/Sep/2022:20:02:44 -0500] "POST /kwsrmcab/Wsrmcab  HTTP/1.1" 200 37989
172.22.2.4 - - [18/Sep/2022:20:01:17 -0500] "HEAD /BLA/boletinlegal/ HTTP/1.1" 200 -
172.22.2.4 - - [18/Sep/2022:20:03:04 -0500] "GET /BLA/boletinlegal/actos.php HTTP/1.1" 200 9559
186.155.19.148 - - [18/Sep/2022:20:03:07 -0500] "GET /BLA/resoluciones/ HTTP/1.1" 200 13093
186.155.19.148 - - [18/Sep/2022:20:03:11 -0500] "GET /BLA/resoluciones/index.php?dir=AUTOS+2022%2F HTTP/1.1" 200 262665
157.55.39.202 - - [18/Sep/2022:20:03:13 -0500] "GET /BLA/resoluciones/RESOLUCIONES%202021/0766.pdf HTTP/1.1" 200 520372
186.155.19.148 - - [18/Sep/2022:20:03:26 -0500] "GET /BLA/resoluciones/AUTOS%202022/2076.pdf HTTP/1.1" 200 523170
172.22.2.4 - - [18/Sep/2022:20:02:07 -0500] "GET /BLA/boletinlegal/ HTTP/1.1" 200 50395
69.63.184.120 - - [18/Sep/2022:20:04:28 -0500] "GET /ciudad-bolivar-recibe-la-feria-de-servicios.html HTTP/1.1" 206 726
172.22.2.4 - - [18/Sep/2022:20:02:58 -0500] "GET /BLA/boletinlegal/ HTTP/1.1" 200 58575
216.245.221.92 - - [18/Sep/2022:20:05:39 -0500] "HEAD / HTTP/1.1" 200 -
185.119.81.104 - - [18/Sep/2022:20:05:45 -0500] "GET /portaldeninos/wp-login.php HTTP/1.1" 200 2592
185.119.81.104 - - [18/Sep/2022:20:05:46 -0500] "POST /portaldeninos/wp-login.php HTTP/1.1" 200 3605
185.119.81.104 - - [18/Sep/2022:20:06:27 -0500] "GET /portaldeninos/wp-login.php HTTP/1.1" 200 2592
185.119.81.104 - - [18/Sep/2022:20:06:28 -0500] "POST /portaldeninos/wp-login.php HTTP/1.1" 200 3670
201.245.192.253 - - [18/Sep/2022:20:07:43 -0500] "POST /kwsrmcab/Wsrmcab  HTTP/1.1" 200 37989
185.119.81.104 - - [18/Sep/2022:20:08:15 -0500] "GET /portaldeninos/wp-login.php HTTP/1.1" 200 2592
185.119.81.104 - - [18/Sep/2022:20:08:16 -0500] "POST /portaldeninos/wp-login.php HTTP/1.1" 200 3670
172.22.2.4 - - [18/Sep/2022:20:07:07 -0500] "HEAD /BLA/boletinlegal/ HTTP/1.1" 200 -
172.22.2.4 - - [18/Sep/2022:20:07:57 -0500] "GET /BLA/boletinlegal/ HTTP/1.1" 200 53290
216.245.221.92 - - [18/Sep/2022:20:10:39 -0500] "HEAD / HTTP/1.1" 200 -
201.245.192.253 - - [18/Sep/2022:20:12:42 -0500] "POST /kwsrmcab/Wsrmcab  HTTP/1.1" 200 37989
201.245.192.253 - - [18/Sep/2022:20:13:36 -0500] "GET /sipse/faces/faces/autenticacion.xhtml HTTP/1.1" 200 12498
201.245.192.253 - - [18/Sep/2022:20:13:37 -0500] "GET /sipse/faces/javax.faces.resource/theme.css?ln=primefaces-sipse HTTP/1.1" 304 -
201.245.192.253 - - [18/Sep/2022:20:13:37 -0500] "GET /sipse/faces/javax.faces.resource/layout/layout.css;jsessionid=tx-F+fWpFL4WP5FhLTSXQTl0.undefined?ln=primefaces&v=4.0 HTTP/1.1" 200 542
201.245.192.253 - - [18/Sep/2022:20:13:37 -0500] "GET /sipse/faces/javax.faces.resource/jquery/jquery-plugins.js;jsessionid=tx-F+fWpFL4WP5FhLTSXQTl0.undefined?ln=primefaces&v=4.0 HTTP/1.1" 200 220526
201.245.192.253 - - [18/Sep/2022:20:13:37 -0500] "GET /sipse/faces/javax.faces.resource/layout/layout.js;jsessionid=tx-F+fWpFL4WP5FhLTSXQTl0.undefined?ln=primefaces&v=4.0 HTTP/1.1" 200 87560
201.245.192.253 - - [18/Sep/2022:20:13:37 -0500] "GET /sipse/faces/javax.faces.resource/primefaces.css;jsessionid=tx-F+fWpFL4WP5FhLTSXQTl0.undefined?ln=primefaces&v=4.0 HTTP/1.1" 200 53295
201.245.192.253 - - [18/Sep/2022:20:13:37 -0500] "GET /sipse/faces/javax.faces.resource/jquery/jquery.js;jsessionid=tx-F+fWpFL4WP5FhLTSXQTl0.undefined?ln=primefaces&v=4.0 HTTP/1.1" 200 105384
201.245.192.253 - - [18/Sep/2022:20:13:37 -0500] "GET /sipse/faces/javax.faces.resource/primefaces.js;jsessionid=tx-F+fWpFL4WP5FhLTSXQTl0.undefined?ln=primefaces&v=4.0 HTTP/1.1" 200 276924
201.245.192.253 - - [18/Sep/2022:20:13:37 -0500] "GET /sipse/faces/javax.faces.resource/images/ui-icons_898989_256x240.png?ln=primefaces-aristo HTTP/1.1" 304 -
201.245.192.253 - - [18/Sep/2022:20:13:37 -0500] "GET /sipse/faces/faces/index.xhtml HTTP/1.1" 200 677
201.245.192.253 - - [18/Sep/2022:20:13:37 -0500] "GET /sipse/faces/javax.faces.resource/theme.css?ln=primefaces-sipse HTTP/1.1" 304 -
201.245.192.253 - - [18/Sep/2022:20:13:37 -0500] "GET /sipse/faces/faces/faces/autenticacion.xhtml HTTP/1.1" 200 12176
201.245.192.253 - - [18/Sep/2022:20:13:37 -0500] "GET /sipse/faces/javax.faces.resource/theme.css?ln=primefaces-sipse HTTP/1.1" 304 -
201.245.192.253 - - [18/Sep/2022:20:13:37 -0500] "GET /sipse/faces/javax.faces.resource/layout/layout.css?ln=primefaces&v=4.0 HTTP/1.1" 304 -
201.245.192.253 - - [18/Sep/2022:20:13:37 -0500] "GET /sipse/faces/javax.faces.resource/jquery/jquery.js?ln=primefaces&v=4.0 HTTP/1.1" 304 -
201.245.192.253 - - [18/Sep/2022:20:13:37 -0500] "GET /sipse/faces/javax.faces.resource/jquery/jquery-plugins.js?ln=primefaces&v=4.0 HTTP/1.1" 304 -
201.245.192.253 - - [18/Sep/2022:20:13:37 -0500] "GET /sipse/faces/javax.faces.resource/primefaces.js?ln=primefaces&v=4.0 HTTP/1.1" 304 -
201.245.192.253 - - [18/Sep/2022:20:13:37 -0500] "GET /sipse/faces/javax.faces.resource/layout/layout.js?ln=primefaces&v=4.0 HTTP/1.1" 304 -
201.245.192.253 - - [18/Sep/2022:20:13:37 -0500] "GET /sipse/faces/javax.faces.resource/primefaces.css?ln=primefaces&v=4.0 HTTP/1.1" 200 53295
201.245.192.253 - - [18/Sep/2022:20:13:37 -0500] "GET /sipse/faces/javax.faces.resource/images/ui-icons_898989_256x240.png?ln=primefaces-aristo HTTP/1.1" 304 -
201.245.192.253 - - [18/Sep/2022:20:13:49 -0500] "POST /sipse/faces/autenticacion.xhtml HTTP/1.1" 200 11170
201.245.192.253 - - [18/Sep/2022:20:13:49 -0500] "GET /sipse/css/custom_css_sg_prime.css HTTP/1.1" 200 5201
201.245.192.253 - - [18/Sep/2022:20:13:49 -0500] "GET /sipse/faces/javax.faces.resource/jquery/jquery.js?ln=primefaces&v=4.0 HTTP/1.1" 304 -
201.245.192.253 - - [18/Sep/2022:20:13:49 -0500] "GET /sipse/faces/javax.faces.resource/jquery/jquery-plugins.js?ln=primefaces&v=4.0 HTTP/1.1" 304 -
201.245.192.253 - - [18/Sep/2022:20:13:49 -0500] "GET /sipse/faces/javax.faces.resource/primefaces.js?ln=primefaces&v=4.0 HTTP/1.1" 304 -
201.245.192.253 - - [18/Sep/2022:20:13:49 -0500] "GET /sipse/faces/javax.faces.resource/layout/layout.js?ln=primefaces&v=4.0 HTTP/1.1" 304 -
201.245.192.253 - - [18/Sep/2022:20:13:49 -0500] "GET /sipse/faces/javax.faces.resource/messages/messages.png?ln=primefaces&v=4.0 HTTP/1.1" 200 27209
201.245.192.253 - - [18/Sep/2022:20:13:53 -0500] "POST /sipse/faces/presentacion/sistema/seguridad/seleccionRol.xhtml HTTP/1.1" 200 5600
201.245.192.253 - - [18/Sep/2022:20:13:54 -0500] "POST /sipse/faces/presentacion/sistema/seguridad/seleccionRol.xhtml HTTP/1.1" 200 17464
201.245.192.253 - - [18/Sep/2022:20:13:54 -0500] "GET /sipse/faces/javax.faces.resource/jquery/jquery.js?ln=primefaces&v=4.0 HTTP/1.1" 304 -
201.245.192.253 - - [18/Sep/2022:20:13:54 -0500] "GET /sipse/faces/javax.faces.resource/jquery/jquery-plugins.js?ln=primefaces&v=4.0 HTTP/1.1" 304 -
201.245.192.253 - - [18/Sep/2022:20:13:54 -0500] "GET /sipse/faces/javax.faces.resource/primefaces.js?ln=primefaces&v=4.0 HTTP/1.1" 304 -
201.245.192.253 - - [18/Sep/2022:20:13:54 -0500] "GET /sipse/faces/javax.faces.resource/layout/layout.js?ln=primefaces&v=4.0 HTTP/1.1" 304 -
201.245.192.253 - - [18/Sep/2022:20:13:54 -0500] "GET /sipse/imagenes/cargando.gif HTTP/1.1" 200 12242
201.245.192.253 - - [18/Sep/2022:20:13:54 -0500] "GET /sipse/css/imagen/contrasena.png HTTP/1.1" 404 383
201.245.192.253 - - [18/Sep/2022:20:13:56 -0500] "GET /sipse/faces/javax.faces.resource/images/ui-bg_flat_0_2d5972_40x100.png?ln=primefaces-aristo HTTP/1.1" 200 183
201.245.192.253 - - [18/Sep/2022:20:13:56 -0500] "POST /sipse/faces/bienvenido.xhtml HTTP/1.1" 200 3843
201.245.192.253 - - [18/Sep/2022:20:14:01 -0500] "POST /sipse/faces/bienvenido.xhtml HTTP/1.1" 200 55846
201.245.192.253 - - [18/Sep/2022:20:14:02 -0500] "GET /sipse/faces/javax.faces.resource/jquery/jquery.js?ln=primefaces&v=4.0 HTTP/1.1" 304 -
201.245.192.253 - - [18/Sep/2022:20:14:02 -0500] "GET /sipse/faces/javax.faces.resource/jquery/jquery-plugins.js?ln=primefaces&v=4.0 HTTP/1.1" 304 -
201.245.192.253 - - [18/Sep/2022:20:14:02 -0500] "GET /sipse/faces/javax.faces.resource/primefaces.js?ln=primefaces&v=4.0 HTTP/1.1" 304 -
201.245.192.253 - - [18/Sep/2022:20:14:02 -0500] "GET /sipse/faces/javax.faces.resource/layout/layout.js?ln=primefaces&v=4.0 HTTP/1.1" 304 -
201.245.192.253 - - [18/Sep/2022:20:14:02 -0500] "POST /sipse/faces/presentacion/financiero/solicitudProceso/listarSolicitudProceso.xhtml HTTP/1.1" 200 1516
201.245.192.253 - - [18/Sep/2022:20:14:04 -0500] "POST /sipse/faces/presentacion/financiero/solicitudProceso/listarSolicitudProceso.xhtml HTTP/1.1" 200 2799
201.245.192.253 - - [18/Sep/2022:20:14:06 -0500] "POST /sipse/faces/presentacion/financiero/solicitudProceso/listarSolicitudProceso.xhtml HTTP/1.1" 200 84544
201.245.192.253 - - [18/Sep/2022:20:14:34 -0500] "GET /sipse/faces/javax.faces.resource/jquery/jquery.js?ln=primefaces&v=4.0 HTTP/1.1" 304 -
201.245.192.253 - - [18/Sep/2022:20:14:34 -0500] "GET /sipse/faces/javax.faces.resource/jquery/jquery-plugins.js?ln=primefaces&v=4.0 HTTP/1.1" 304 -
201.245.192.253 - - [18/Sep/2022:20:14:34 -0500] "GET /sipse/faces/javax.faces.resource/primefaces.js?ln=primefaces&v=4.0 HTTP/1.1" 304 -
201.245.192.253 - - [18/Sep/2022:20:14:34 -0500] "GET /sipse/faces/javax.faces.resource/layout/layout.js?ln=primefaces&v=4.0 HTTP/1.1" 304 -
201.245.192.253 - - [18/Sep/2022:20:14:34 -0500] "POST /sipse/faces/presentacion/proyectos/proyecto/listarProyecto.xhtml HTTP/1.1" 200 77973
172.22.2.4 - - [18/Sep/2022:20:12:57 -0500] "HEAD /BLA/boletinlegal/ HTTP/1.1" 200 -
201.245.192.253 - - [18/Sep/2022:20:14:54 -0500] "POST /sipse/faces/presentacion/proyectos/proyecto/listarProyecto.xhtml HTTP/1.1" 200 163
201.245.192.253 - - [18/Sep/2022:20:14:55 -0500] "GET /sipse/faces/presentacion/proyectos/proyecto/proyecto.xhtml HTTP/1.1" 200 90224
201.245.192.253 - - [18/Sep/2022:20:14:56 -0500] "GET /sipse/faces/javax.faces.resource/theme.css?ln=primefaces-sipse HTTP/1.1" 304 -
201.245.192.253 - - [18/Sep/2022:20:14:56 -0500] "GET /sipse/faces/javax.faces.resource/primefaces.css?ln=primefaces&v=4.0 HTTP/1.1" 304 -
201.245.192.253 - - [18/Sep/2022:20:14:56 -0500] "GET /sipse/faces/javax.faces.resource/jquery/jquery.js?ln=primefaces&v=4.0 HTTP/1.1" 304 -
201.245.192.253 - - [18/Sep/2022:20:14:56 -0500] "GET /sipse/faces/javax.faces.resource/layout/layout.css?ln=primefaces&v=4.0 HTTP/1.1" 304 -
201.245.192.253 - - [18/Sep/2022:20:14:56 -0500] "GET /sipse/faces/javax.faces.resource/primefaces.js?ln=primefaces&v=4.0 HTTP/1.1" 304 -
201.245.192.253 - - [18/Sep/2022:20:14:56 -0500] "GET /sipse/faces/javax.faces.resource/jquery/jquery-plugins.js?ln=primefaces&v=4.0 HTTP/1.1" 304 -
201.245.192.253 - - [18/Sep/2022:20:14:56 -0500] "GET /sipse/faces/javax.faces.resource/layout/layout.js?ln=primefaces&v=4.0 HTTP/1.1" 304 -
201.245.192.253 - - [18/Sep/2022:20:14:56 -0500] "GET /sipse/faces/javax.faces.resource/images/ui-icons_898989_256x240.png?ln=primefaces-aristo HTTP/1.1" 304 -
201.245.192.253 - - [18/Sep/2022:20:14:56 -0500] "GET /sipse/faces/javax.faces.resource/images/ui-bg_flat_0_2d5972_40x100.png?ln=primefaces-aristo HTTP/1.1" 304 -
201.245.192.253 - - [18/Sep/2022:20:14:56 -0500] "POST /sipse/faces/presentacion/proyectos/proyecto/proyecto.xhtml HTTP/1.1" 200 3257
201.245.192.253 - - [18/Sep/2022:20:15:08 -0500] "POST /sipse/faces/presentacion/proyectos/proyecto/proyecto.xhtml HTTP/1.1" 200 43454
201.245.192.253 - - [18/Sep/2022:20:15:10 -0500] "GET /sipse/faces/javax.faces.resource/spacer/dot_clear.gif?ln=primefaces&v=4.0 HTTP/1.1" 304 -
201.245.192.253 - - [18/Sep/2022:20:15:10 -0500] "POST /sipse/faces/presentacion/proyectos/proyecto/proyecto.xhtml HTTP/1.1" 200 3944
201.245.192.253 - - [18/Sep/2022:20:15:14 -0500] "POST /sipse/faces/presentacion/proyectos/proyecto/proyecto.xhtml HTTP/1.1" 200 50651
172.22.2.4 - - [18/Sep/2022:20:13:47 -0500] "GET /BLA/boletinlegal/ HTTP/1.1" 200 59319
216.245.221.92 - - [18/Sep/2022:20:15:39 -0500] "HEAD / HTTP/1.1" 200 -
173.252.127.18 - - [18/Sep/2022:20:16:24 -0500] "GET /images/jardines-verticales-plantas-24-mayo.jpg HTTP/1.1" 200 148288
173.252.127.119 - - [18/Sep/2022:20:16:25 -0500] "GET /images/eficiencia-energetica-11-marzo.jpg HTTP/1.1" 200 46478
201.245.192.253 - - [18/Sep/2022:20:17:41 -0500] "POST /kwsrmcab/Wsrmcab  HTTP/1.1" 200 37989
201.245.192.253 - - [18/Sep/2022:20:19:37 -0500] "POST /kwsrmcab/Wsrmcab HTTP/1.1" 200 41799
201.245.192.253 - - [18/Sep/2022:20:19:40 -0500] "POST /kwsrmcab/Wsrmcab HTTP/1.1" 200 42719
172.22.2.4 - - [18/Sep/2022:20:18:47 -0500] "HEAD /BLA/boletinlegal/ HTTP/1.1" 200 -
66.249.66.49 - - [18/Sep/2022:20:20:31 -0500] "-" 408 -
216.245.221.92 - - [18/Sep/2022:20:20:39 -0500] "HEAD / HTTP/1.1" 200 -
172.22.2.4 - - [18/Sep/2022:20:19:37 -0500] "GET /BLA/boletinlegal/ HTTP/1.1" 200 59319
201.245.192.253 - - [18/Sep/2022:20:22:40 -0500] "POST /kwsrmcab/Wsrmcab  HTTP/1.1" 200 37989
157.55.39.200 - - [18/Sep/2022:20:23:03 -0500] "GET /bla/resoluciones/resoluciones%202018/3423.pdf HTTP/1.1" 200 370190
173.252.127.120 - - [18/Sep/2022:20:25:17 -0500] "GET /ciudad-bolivar-recibe-la-feria-de-servicios.html?fbclid=IwAR3dKCjWIpz9DCIHJgprlmhS_Y88YaNIIS6YmrnRRqEwjLjsWeLcHCfR29M HTTP/1.1" 200 726
216.245.221.92 - - [18/Sep/2022:20:25:39 -0500] "HEAD / HTTP/1.1" 200 -
172.22.2.4 - - [18/Sep/2022:20:24:37 -0500] "HEAD /BLA/boletinlegal/ HTTP/1.1" 200 -
172.22.2.4 - - [18/Sep/2022:20:25:27 -0500] "GET /BLA/boletinlegal/ HTTP/1.1" 200 58163
201.245.192.253 - - [18/Sep/2022:20:27:39 -0500] "POST /kwsrmcab/Wsrmcab  HTTP/1.1" 200 37989
201.245.192.253 - - [18/Sep/2022:20:29:37 -0500] "POST /kwsrmcab/Wsrmcab HTTP/1.1" 200 41799
201.245.192.253 - - [18/Sep/2022:20:29:41 -0500] "POST /kwsrmcab/Wsrmcab HTTP/1.1" 200 42719
216.245.221.92 - - [18/Sep/2022:20:30:39 -0500] "HEAD / HTTP/1.1" 200 -
173.252.83.23 - - [18/Sep/2022:20:30:47 -0500] "GET /images/negocios-verdes-mayo-2022.jpg HTTP/1.1" 200 48000
172.22.2.4 - - [18/Sep/2022:20:31:09 -0500] "GET /BLA/boletinlegal/actos.php HTTP/1.1" 200 9559
172.22.2.4 - - [18/Sep/2022:20:31:17 -0500] "GET /BLA/boletinlegal/images/screen_2.png HTTP/1.1" 200 362502
172.22.2.4 - - [18/Sep/2022:20:31:17 -0500] "GET /BLA/boletinlegal/images/screen_3.png HTTP/1.1" 200 210620
172.22.2.4 - - [18/Sep/2022:20:31:17 -0500] "GET /BLA/boletinlegal/images/screen_5.png HTTP/1.1" 200 368876
172.22.2.4 - - [18/Sep/2022:20:31:17 -0500] "GET /BLA/boletinlegal/images/arr_r.jpg HTTP/1.1" 200 1998
172.22.2.4 - - [18/Sep/2022:20:31:27 -0500] "GET /BLA/boletinlegal/consulta_actos.php?tipo=resoluciones&no=1120&usuario=&sector=&fecha=2020&resuelve= HTTP/1.1" 200 1586
172.22.2.4 - - [18/Sep/2022:20:31:27 -0500] "GET /BLA/boletinlegal/images/pdf.gif HTTP/1.1" 200 567
181.61.208.55 - - [18/Sep/2022:20:31:29 -0500] "GET /BLA/resoluciones/RESOLUCIONES%202020/1120.pdf HTTP/1.1" 200 359833
172.22.2.4 - - [18/Sep/2022:20:30:27 -0500] "HEAD /BLA/boletinlegal/ HTTP/1.1" 200 -
201.245.192.253 - - [18/Sep/2022:20:32:38 -0500] "POST /kwsrmcab/Wsrmcab  HTTP/1.1" 200 37989
172.22.2.4 - - [18/Sep/2022:20:31:05 -0500] "GET /BLA/boletinlegal/ HTTP/1.1" 200 50799
172.22.2.4 - - [18/Sep/2022:20:31:17 -0500] "GET /BLA/boletinlegal/ HTTP/1.1" 200 52493
207.46.13.86 - - [18/Sep/2022:20:34:58 -0500] "GET /BLA/resoluciones/RESOLUCIONES%202006/1837.tif HTTP/1.1" 200 1154000
216.245.221.92 - - [18/Sep/2022:20:35:39 -0500] "HEAD / HTTP/1.1" 200 -
157.55.39.200 - - [18/Sep/2022:20:36:03 -0500] "GET /BLA/resoluciones/RESOLUCIONES%202000/2000%201450-1499.tif HTTP/1.1" 200 4800883
207.46.13.86 - - [18/Sep/2022:20:36:08 -0500] "GET /galeria/carrusel/Carrusel/jquery.thumbnailScroller.js HTTP/1.1" 200 8157
157.55.39.201 - - [18/Sep/2022:20:36:15 -0500] "GET /galeria/carrusel/Carrusel/jquery.thumbnailScroller.css HTTP/1.1" 200 2066
157.55.39.201 - - [18/Sep/2022:20:36:15 -0500] "GET /galeria/nivo-slider/demo/banner.html HTTP/1.1" 200 5446
157.55.39.200 - - [18/Sep/2022:20:36:23 -0500] "GET /galeria/carrusel/Carrusel/jquery-ui-1.8.13.custom.min.js HTTP/1.1" 200 10800
172.22.2.4 - - [18/Sep/2022:20:37:33 -0500] "GET /BLA/boletinlegal/actos.php/niceforms.js HTTP/1.1" 200 9559
201.245.192.253 - - [18/Sep/2022:20:37:37 -0500] "POST /kwsrmcab/Wsrmcab  HTTP/1.1" 200 37989
172.22.2.4 - - [18/Sep/2022:20:36:17 -0500] "HEAD /BLA/boletinlegal/ HTTP/1.1" 200 -
172.22.2.4 - - [18/Sep/2022:20:37:07 -0500] "GET /BLA/boletinlegal/ HTTP/1.1" 200 52877
201.245.192.253 - - [18/Sep/2022:20:39:37 -0500] "POST /kwsrmcab/Wsrmcab HTTP/1.1" 200 41799
201.245.192.253 - - [18/Sep/2022:20:39:40 -0500] "POST /kwsrmcab/Wsrmcab HTTP/1.1" 200 42719
216.245.221.92 - - [18/Sep/2022:20:40:39 -0500] "HEAD / HTTP/1.1" 200 -
201.245.192.253 - - [18/Sep/2022:20:40:56 -0500] "POST /sipse/faces/presentacion/proyectos/proyecto/proyecto.xhtml HTTP/1.1" 200 180472
201.245.192.253 - - [18/Sep/2022:20:40:58 -0500] "GET /sipse/faces/javax.faces.resource/jquery/jquery.js?ln=primefaces&v=4.0 HTTP/1.1" 304 -
201.245.192.253 - - [18/Sep/2022:20:40:58 -0500] "GET /sipse/faces/javax.faces.resource/jquery/jquery-plugins.js?ln=primefaces&v=4.0 HTTP/1.1" 304 -
201.245.192.253 - - [18/Sep/2022:20:40:58 -0500] "GET /sipse/faces/javax.faces.resource/primefaces.js?ln=primefaces&v=4.0 HTTP/1.1" 304 -
201.245.192.253 - - [18/Sep/2022:20:40:58 -0500] "GET /sipse/faces/javax.faces.resource/layout/layout.js?ln=primefaces&v=4.0 HTTP/1.1" 304 -
201.245.192.253 - - [18/Sep/2022:20:41:06 -0500] "POST /sipse/faces/presentacion/proyectos/proyecto/actividad/crearActividad.xhtml HTTP/1.1" 200 24633
201.245.192.253 - - [18/Sep/2022:20:41:06 -0500] "GET /sipse/faces/javax.faces.resource/jquery/jquery.js?ln=primefaces&v=4.0 HTTP/1.1" 304 -
201.245.192.253 - - [18/Sep/2022:20:41:06 -0500] "GET /sipse/faces/javax.faces.resource/jquery/jquery-plugins.js?ln=primefaces&v=4.0 HTTP/1.1" 304 -
201.245.192.253 - - [18/Sep/2022:20:41:06 -0500] "GET /sipse/faces/javax.faces.resource/primefaces.js?ln=primefaces&v=4.0 HTTP/1.1" 304 -
201.245.192.253 - - [18/Sep/2022:20:41:06 -0500] "GET /sipse/faces/javax.faces.resource/layout/layout.js?ln=primefaces&v=4.0 HTTP/1.1" 304 -
201.245.192.253 - - [18/Sep/2022:20:41:10 -0500] "POST /sipse/faces/presentacion/proyectos/proyecto/actividad/modificacionPresupuesto.xhtml HTTP/1.1" 200 185218
201.245.192.253 - - [18/Sep/2022:20:41:10 -0500] "GET /sipse/faces/javax.faces.resource/theme.css?ln=primefaces-sipse HTTP/1.1" 304 -
201.245.192.253 - - [18/Sep/2022:20:41:10 -0500] "GET /sipse/faces/javax.faces.resource/primefaces.css?ln=primefaces&v=4.0 HTTP/1.1" 304 -
201.245.192.253 - - [18/Sep/2022:20:41:10 -0500] "GET /sipse/faces/javax.faces.resource/layout/layout.css?ln=primefaces&v=4.0 HTTP/1.1" 304 -
201.245.192.253 - - [18/Sep/2022:20:41:10 -0500] "GET /sipse/faces/javax.faces.resource/jquery/jquery-plugins.js?ln=primefaces&v=4.0 HTTP/1.1" 304 -
201.245.192.253 - - [18/Sep/2022:20:41:10 -0500] "GET /sipse/faces/javax.faces.resource/jquery/jquery.js?ln=primefaces&v=4.0 HTTP/1.1" 304 -
201.245.192.253 - - [18/Sep/2022:20:41:10 -0500] "GET /sipse/faces/javax.faces.resource/primefaces.js?ln=primefaces&v=4.0 HTTP/1.1" 304 -
201.245.192.253 - - [18/Sep/2022:20:41:10 -0500] "GET /sipse/faces/javax.faces.resource/layout/layout.js?ln=primefaces&v=4.0 HTTP/1.1" 304 -
201.245.192.253 - - [18/Sep/2022:20:41:10 -0500] "GET /sipse/faces/javax.faces.resource/spacer/dot_clear.gif?ln=primefaces&v=4.0 HTTP/1.1" 304 -
201.245.192.253 - - [18/Sep/2022:20:41:10 -0500] "GET /sipse/faces/javax.faces.resource/images/ui-icons_898989_256x240.png?ln=primefaces-aristo HTTP/1.1" 304 -
207.46.13.86 - - [18/Sep/2022:20:42:38 -0500] "GET /BLA/resoluciones/RESOLUCIONES%202021/5239.pdf HTTP/1.1" 200 360747
201.245.192.253 - - [18/Sep/2022:20:42:36 -0500] "POST /kwsrmcab/Wsrmcab  HTTP/1.1" 200 37989
201.245.192.253 - - [18/Sep/2022:20:43:24 -0500] "GET /sipse/faces/javax.faces.resource/images/ui-bg_flat_0_2d5972_40x100.png?ln=primefaces-aristo HTTP/1.1" 304 -
201.245.192.253 - - [18/Sep/2022:20:43:24 -0500] "POST /sipse/faces/presentacion/proyectos/proyecto/actividad/crearActividad.xhtml HTTP/1.1" 200 24626
201.245.192.253 - - [18/Sep/2022:20:43:24 -0500] "GET /sipse/faces/javax.faces.resource/jquery/jquery.js?ln=primefaces&v=4.0 HTTP/1.1" 304 -
201.245.192.253 - - [18/Sep/2022:20:43:24 -0500] "GET /sipse/faces/javax.faces.resource/jquery/jquery-plugins.js?ln=primefaces&v=4.0 HTTP/1.1" 304 -
201.245.192.253 - - [18/Sep/2022:20:43:24 -0500] "GET /sipse/faces/javax.faces.resource/primefaces.js?ln=primefaces&v=4.0 HTTP/1.1" 304 -
201.245.192.253 - - [18/Sep/2022:20:43:24 -0500] "GET /sipse/faces/javax.faces.resource/layout/layout.js?ln=primefaces&v=4.0 HTTP/1.1" 304 -
201.245.192.253 - - [18/Sep/2022:20:43:27 -0500] "POST /sipse/faces/presentacion/proyectos/proyecto/actividad/modificacionPresupuesto.xhtml HTTP/1.1" 200 185218
201.245.192.253 - - [18/Sep/2022:20:43:27 -0500] "GET /sipse/faces/javax.faces.resource/theme.css?ln=primefaces-sipse HTTP/1.1" 304 -
201.245.192.253 - - [18/Sep/2022:20:43:27 -0500] "GET /sipse/faces/javax.faces.resource/primefaces.css?ln=primefaces&v=4.0 HTTP/1.1" 304 -
201.245.192.253 - - [18/Sep/2022:20:43:27 -0500] "GET /sipse/faces/javax.faces.resource/layout/layout.css?ln=primefaces&v=4.0 HTTP/1.1" 304 -
201.245.192.253 - - [18/Sep/2022:20:43:27 -0500] "GET /sipse/faces/javax.faces.resource/jquery/jquery.js?ln=primefaces&v=4.0 HTTP/1.1" 304 -
201.245.192.253 - - [18/Sep/2022:20:43:27 -0500] "GET /sipse/faces/javax.faces.resource/primefaces.js?ln=primefaces&v=4.0 HTTP/1.1" 304 -
201.245.192.253 - - [18/Sep/2022:20:43:27 -0500] "GET /sipse/faces/javax.faces.resource/jquery/jquery-plugins.js?ln=primefaces&v=4.0 HTTP/1.1" 304 -
201.245.192.253 - - [18/Sep/2022:20:43:27 -0500] "GET /sipse/faces/javax.faces.resource/layout/layout.js?ln=primefaces&v=4.0 HTTP/1.1" 304 -
201.245.192.253 - - [18/Sep/2022:20:43:27 -0500] "GET /sipse/faces/javax.faces.resource/spacer/dot_clear.gif?ln=primefaces&v=4.0 HTTP/1.1" 304 -
201.245.192.253 - - [18/Sep/2022:20:43:27 -0500] "GET /sipse/faces/javax.faces.resource/images/ui-icons_898989_256x240.png?ln=primefaces-aristo HTTP/1.1" 304 -
172.22.2.4 - - [18/Sep/2022:20:41:58 -0500] "GET /BLA/boletinlegal/ HTTP/1.1" 200 52877
172.22.2.4 - - [18/Sep/2022:20:42:07 -0500] "HEAD /BLA/boletinlegal/ HTTP/1.1" 200 -
172.22.2.4 - - [18/Sep/2022:20:42:57 -0500] "GET /BLA/boletinlegal/ HTTP/1.1" 200 55220
207.46.13.86 - - [18/Sep/2022:20:44:39 -0500] "GET /AFLUENTESYEFUENTES/files/mobile/index.html HTTP/1.1" 304 -
201.245.192.253 - - [18/Sep/2022:20:45:08 -0500] "GET /sipse/faces/javax.faces.resource/images/ui-bg_flat_0_2d5972_40x100.png?ln=primefaces-aristo HTTP/1.1" 304 -
201.245.192.253 - - [18/Sep/2022:20:45:08 -0500] "POST /sipse/faces/presentacion/proyectos/proyecto/actividad/crearActividad.xhtml HTTP/1.1" 200 91510
201.245.192.253 - - [18/Sep/2022:20:45:11 -0500] "GET /sipse/faces/javax.faces.resource/jquery/jquery.js?ln=primefaces&v=4.0 HTTP/1.1" 304 -
201.245.192.253 - - [18/Sep/2022:20:45:11 -0500] "GET /sipse/faces/javax.faces.resource/jquery/jquery-plugins.js?ln=primefaces&v=4.0 HTTP/1.1" 304 -
201.245.192.253 - - [18/Sep/2022:20:45:11 -0500] "GET /sipse/faces/javax.faces.resource/primefaces.js?ln=primefaces&v=4.0 HTTP/1.1" 304 -
201.245.192.253 - - [18/Sep/2022:20:45:11 -0500] "GET /sipse/faces/javax.faces.resource/layout/layout.js?ln=primefaces&v=4.0 HTTP/1.1" 304 -
201.245.192.253 - - [18/Sep/2022:20:45:11 -0500] "POST /sipse/faces/presentacion/proyectos/proyecto/proyecto.xhtml HTTP/1.1" 200 3812
201.245.192.253 - - [18/Sep/2022:20:45:12 -0500] "POST /sipse/faces/presentacion/proyectos/proyecto/proyecto.xhtml HTTP/1.1" 200 3812
201.245.192.253 - - [18/Sep/2022:20:45:19 -0500] "POST /sipse/faces/presentacion/proyectos/proyecto/proyecto.xhtml HTTP/1.1" 200 50551
216.245.221.92 - - [18/Sep/2022:20:45:39 -0500] "HEAD / HTTP/1.1" 200 -
172.22.2.4 - - [18/Sep/2022:20:45:45 -0500] "GET /BLA/boletinlegal/Circulares/2019/.pdf HTTP/1.1" 404 1218
201.245.192.253 - - [18/Sep/2022:20:47:34 -0500] "POST /kwsrmcab/Wsrmcab  HTTP/1.1" 200 37989
172.22.2.4 - - [18/Sep/2022:20:47:58 -0500] "GET /BLA/boletinlegal/actos.php HTTP/1.1" 200 9559
172.22.2.4 - - [18/Sep/2022:20:47:59 -0500] "GET /BLA/boletinlegal/favicon.ico HTTP/1.1" 404 1326
186.154.32.1 - - [18/Sep/2022:20:48:12 -0500] "GET /BLA/resoluciones/ HTTP/1.1" 200 13093
186.154.32.1 - - [18/Sep/2022:20:48:22 -0500] "GET /BLA/resoluciones/index.php?dir=AUTOS+2013%2F HTTP/1.1" 200 406124
172.22.2.4 - - [18/Sep/2022:20:47:54 -0500] "GET /BLA/boletinlegal/ HTTP/1.1" 200 24523
172.22.2.4 - - [18/Sep/2022:20:47:57 -0500] "HEAD /BLA/boletinlegal/ HTTP/1.1" 200 -
157.55.39.18 - - [18/Sep/2022:20:49:37 -0500] "-" 408 -
207.46.13.131 - - [18/Sep/2022:20:49:58 -0500] "GET /BLA/resoluciones/RESOLUCIONES%202002/RES%202002%20101-150/2002RES136.tif HTTP/1.1" 200 101946
172.22.2.4 - - [18/Sep/2022:20:48:47 -0500] "GET /BLA/boletinlegal/ HTTP/1.1" 200 57375
216.245.221.92 - - [18/Sep/2022:20:50:39 -0500] "HEAD / HTTP/1.1" 200 -
207.46.13.176 - - [18/Sep/2022:20:51:15 -0500] "GET /portaldeninos/2021/04/28/dia-internacional-de-concienciacion-sobre-el-ruido-por-una-ciudad-mas-tranquila-y-sostenible/ HTTP/1.1" 200 110148
186.31.217.130 - - [18/Sep/2022:20:51:47 -0500] "GET /inventario-de-emisiones-2020-transporte-publico-sitp-redujo-emisiones-de-pm-2-5-en-un-37.html HTTP/1.1" 200 925
40.77.139.63 - - [18/Sep/2022:20:52:13 -0500] "GET /galeria/nivo-slider/themes/pascal/pascal.css HTTP/1.1" 200 2258
40.77.139.47 - - [18/Sep/2022:20:52:13 -0500] "GET /galeria/nivo-slider/themes/default/default.css HTTP/1.1" 200 1569
40.77.139.30 - - [18/Sep/2022:20:52:13 -0500] "GET /galeria/nivo-slider/themes/orman/orman.css HTTP/1.1" 200 2152
40.77.191.231 - - [18/Sep/2022:20:52:13 -0500] "GET /galeria/nivo-slider/nivo-slider.css HTTP/1.1" 200 1507
40.77.191.221 - - [18/Sep/2022:20:52:13 -0500] "GET /galeria/nivo-slider/jquery.nivo.slider.pack.js HTTP/1.1" 200 11561
40.77.139.10 - - [18/Sep/2022:20:52:13 -0500] "GET /galeria/nivo-slider/demo/style.css HTTP/1.1" 200 2222
40.77.191.225 - - [18/Sep/2022:20:52:13 -0500] "GET /galeria/nivo-slider/demo/scripts/jquery-1.7.1.min.js HTTP/1.1" 200 93868
172.22.2.4 - - [18/Sep/2022:20:52:25 -0500] "GET /BLA/boletinlegal/jurisprudencia/analisis/CUADRO%20ANALISIS%20SENTENCIA%20T-411%20DE%201992.doc HTTP/1.1" 200 41984
186.154.32.1 - - [18/Sep/2022:20:52:29 -0500] "GET /BLA/resoluciones/AUTOS%202013/0308.pdf HTTP/1.1" 200 2583311
201.245.192.253 - - [18/Sep/2022:20:52:33 -0500] "POST /kwsrmcab/Wsrmcab  HTTP/1.1" 200 37989
186.147.241.184 - - [18/Sep/2022:20:53:39 -0500] "GET /BLA/resoluciones/RESOLUCIONES%202016/1002.pdf HTTP/1.1" 200 2515842
66.249.66.36 - - [18/Sep/2022:20:54:06 -0500] "-" 408 -
207.46.13.131 - - [18/Sep/2022:20:54:18 -0500] "GET /BLA/resoluciones/RESOLUCIONES%202000/2000%20100-149.tif HTTP/1.1" 200 3148971
172.22.2.4 - - [18/Sep/2022:20:53:47 -0500] "HEAD /BLA/boletinlegal/ HTTP/1.1" 200 -
216.245.221.92 - - [18/Sep/2022:20:55:39 -0500] "HEAD / HTTP/1.1" 200 -
172.22.2.4 - - [18/Sep/2022:20:54:38 -0500] "GET /BLA/boletinlegal/ HTTP/1.1" 200 59828
201.245.192.253 - - [18/Sep/2022:20:57:33 -0500] "POST /kwsrmcab/Wsrmcab  HTTP/1.1" 200 37989
173.252.87.4 - - [18/Sep/2022:20:59:14 -0500] "GET /images/jardines-verticales-4-marzo.jpg HTTP/1.1" 200 54804
216.245.221.92 - - [18/Sep/2022:21:00:39 -0500] "HEAD / HTTP/1.1" 200 -
172.22.2.4 - - [18/Sep/2022:20:59:37 -0500] "HEAD /BLA/boletinlegal/ HTTP/1.1" 200 -
50.18.37.189 - - [18/Sep/2022:21:01:43 -0500] "GET / HTTP/1.1" 200 319
157.55.39.188 - - [18/Sep/2022:21:02:05 -0500] "GET /BLA/resoluciones/index.php?dir=AUTOS+2013%2F HTTP/1.1" 200 406124
172.22.2.4 - - [18/Sep/2022:21:00:27 -0500] "GET /BLA/boletinlegal/ HTTP/1.1" 200 51183
40.77.139.106 - - [18/Sep/2022:21:02:08 -0500] "GET /BLA/resoluciones/dlf/styles.css HTTP/1.1" 200 3049
157.55.39.201 - - [18/Sep/2022:21:02:09 -0500] "GET /BLA/resoluciones/AUTOS%202013/0308.pdf HTTP/1.1" 200 2583311
201.245.192.253 - - [18/Sep/2022:21:02:32 -0500] "POST /kwsrmcab/Wsrmcab  HTTP/1.1" 200 37989
173.252.107.117 - - [18/Sep/2022:21:03:09 -0500] "GET /secretaria-de-ambiente-abre-ciclo-de-capacitaciones-sobre-techos-verdes-y-jardines-verticales.html HTTP/1.1" 206 1078
69.63.184.120 - - [18/Sep/2022:21:04:04 -0500] "GET /guadalupe-aguanoso-y-otros-tres-caminos-de-los-cerros-estarin-cerrados-este-fin-de-semana.html HTTP/1.1" 206 797
216.245.221.92 - - [18/Sep/2022:21:05:39 -0500] "HEAD / HTTP/1.1" 200 -
172.22.2.4 - - [18/Sep/2022:21:05:18 -0500] "GET /BLA/boletinlegal/ HTTP/1.1" 200 36811
172.22.2.4 - - [18/Sep/2022:21:05:27 -0500] "HEAD /BLA/boletinlegal/ HTTP/1.1" 200 -
186.29.32.223 - - [18/Sep/2022:21:07:21 -0500] "GET / HTTP/1.1" 200 4720
186.29.32.223 - - [18/Sep/2022:21:07:21 -0500] "GET /js/url.js HTTP/1.1" 404 1294
186.29.32.223 - - [18/Sep/2022:21:07:21 -0500] "GET /fonts/icomoon/style.css HTTP/1.1" 200 79820
186.29.32.223 - - [18/Sep/2022:21:07:21 -0500] "GET /css/bootstrap.min.css HTTP/1.1" 200 178212
186.29.32.223 - - [18/Sep/2022:21:07:22 -0500] "GET /css/style.css HTTP/1.1" 200 3473
186.29.32.223 - - [18/Sep/2022:21:07:23 -0500] "GET /favicon.ico HTTP/1.1" 404 1294
201.245.192.253 - - [18/Sep/2022:21:07:31 -0500] "POST /kwsrmcab/Wsrmcab  HTTP/1.1" 200 37989
173.252.107.7 - - [18/Sep/2022:21:07:51 -0500] "GET /secretaria-de-ambiente-capacito-a-200-personas-privadas-de-la-libertad-en-la-carcel-la-modelo.html HTTP/1.1" 206 956
172.22.2.4 - - [18/Sep/2022:21:06:17 -0500] "GET /BLA/boletinlegal/ HTTP/1.1" 200 59319
172.22.2.4 - - [18/Sep/2022:21:09:48 -0500] "GET /BLA/boletinlegal/jurisprudencia/analisis/SENTENCIA%20C-703%20DE%202010.xls HTTP/1.1" 200 38912
216.245.221.92 - - [18/Sep/2022:21:10:39 -0500] "HEAD / HTTP/1.1" 200 -
172.22.2.4 - - [18/Sep/2022:21:11:26 -0500] "GET /BLA/boletinlegal/consulta_actos.php?tipo=resoluciones&no=5512&usuario=&sector=&fecha=2021&resuelve= HTTP/1.1" 200 1196
181.61.208.55 - - [18/Sep/2022:21:11:31 -0500] "GET /BLA/resoluciones/RESOLUCIONES%202021/5512.pdf HTTP/1.1" 200 420460
172.22.2.4 - - [18/Sep/2022:21:12:26 -0500] "GET /BLA/boletinlegal/consulta_actos.php?tipo=resoluciones&no=0040&usuario=&sector=&fecha=2020&resuelve= HTTP/1.1" 200 626
201.245.192.253 - - [18/Sep/2022:21:12:30 -0500] "POST /kwsrmcab/Wsrmcab  HTTP/1.1" 200 37989
172.22.2.4 - - [18/Sep/2022:21:12:50 -0500] "GET /BLA/boletinlegal/consulta_actos.php?tipo=resoluciones&no=2020&usuario=&sector=&fecha=2019&resuelve= HTTP/1.1" 200 626
172.22.2.4 - - [18/Sep/2022:21:12:52 -0500] "GET /BLA/boletinlegal/consulta_actos.php?tipo=resoluciones&no=2020&usuario=&sector=&fecha=2019&resuelve= HTTP/1.1" 200 626
172.22.2.4 - - [18/Sep/2022:21:11:17 -0500] "HEAD /BLA/boletinlegal/ HTTP/1.1" 200 -
172.22.2.4 - - [18/Sep/2022:21:12:07 -0500] "GET /BLA/boletinlegal/ HTTP/1.1" 200 58163
40.77.167.101 - - [18/Sep/2022:21:14:13 -0500] "-" 408 -
216.245.221.92 - - [18/Sep/2022:21:15:39 -0500] "HEAD / HTTP/1.1" 200 -
186.85.245.224 - - [18/Sep/2022:21:16:08 -0500] "GET /galeria/galeria/jquery.fancybox.css?v=2.1.5 HTTP/1.1" 200 4895
186.85.245.224 - - [18/Sep/2022:21:16:08 -0500] "GET /BLA/boletinlegal/js/jquery.scrollShow.js HTTP/1.1" 200 4586
186.85.245.224 - - [18/Sep/2022:21:16:08 -0500] "GET /galeria/galeria/jquery.fancybox.js?v=2.1.5 HTTP/1.1" 200 48706
201.245.192.253 - - [18/Sep/2022:21:17:29 -0500] "POST /kwsrmcab/Wsrmcab  HTTP/1.1" 200 37989
2.187.9.72 - - [18/Sep/2022:21:18:46 -0500] "GET / HTTP/1.1" 200 319
172.22.2.4 - - [18/Sep/2022:21:17:07 -0500] "HEAD /BLA/boletinlegal/ HTTP/1.1" 200 -
172.22.2.4 - - [18/Sep/2022:21:18:20 -0500] "GET /BLA/boletinlegal/ HTTP/1.1" 200 20427
172.22.2.4 - - [18/Sep/2022:21:17:57 -0500] "GET /BLA/boletinlegal/ HTTP/1.1" 200 53290
201.245.192.253 - - [18/Sep/2022:21:19:37 -0500] "POST /kwsrmcab/Wsrmcab HTTP/1.1" 200 42414
201.245.192.253 - - [18/Sep/2022:21:19:40 -0500] "POST /kwsrmcab/Wsrmcab HTTP/1.1" 200 42871
216.245.221.92 - - [18/Sep/2022:21:20:39 -0500] "HEAD / HTTP/1.1" 200 -
172.22.2.4 - - [18/Sep/2022:21:22:10 -0500] "GET /BLA/boletinlegal/actos.php HTTP/1.1" 200 9559
201.245.192.253 - - [18/Sep/2022:21:22:28 -0500] "POST /kwsrmcab/Wsrmcab  HTTP/1.1" 200 37989
66.249.66.15 - - [18/Sep/2022:21:22:32 -0500] "-" 408 -
185.119.81.104 - - [18/Sep/2022:21:24:11 -0500] "GET /portaldeninos/wp-login.php HTTP/1.1" 200 2592
185.119.81.104 - - [18/Sep/2022:21:24:12 -0500] "POST /portaldeninos/wp-login.php HTTP/1.1" 200 3650
157.55.39.201 - - [18/Sep/2022:21:24:30 -0500] "GET /BLA/resoluciones/RESOLUCIONES%202021/1820.pdf HTTP/1.1" 200 518767
172.22.2.4 - - [18/Sep/2022:21:22:57 -0500] "HEAD /BLA/boletinlegal/ HTTP/1.1" 200 -
172.22.2.4 - - [18/Sep/2022:21:23:47 -0500] "GET /BLA/boletinlegal/ HTTP/1.1" 200 53290
216.245.221.92 - - [18/Sep/2022:21:25:39 -0500] "HEAD / HTTP/1.1" 200 -
69.171.249.11 - - [18/Sep/2022:21:26:41 -0500] "GET /images/Junio%2002-experiencias-jardines-verticales-sda.jpeg HTTP/1.1" 200 31171
157.55.39.200 - - [18/Sep/2022:21:26:59 -0500] "GET /bla/resoluciones/autos%202021/4610.pdf HTTP/1.1" 200 351236
201.245.192.253 - - [18/Sep/2022:21:27:27 -0500] "POST /kwsrmcab/Wsrmcab  HTTP/1.1" 200 37989
69.171.249.8 - - [18/Sep/2022:21:27:39 -0500] "GET /experiencias-exitosas-en-la-implementacion-de-buenas-practicas-ambientales-en-entidades-del-distrito.html HTTP/1.1" 206 821
201.245.192.253 - - [18/Sep/2022:21:29:36 -0500] "POST /kwsrmcab/Wsrmcab HTTP/1.1" 200 42414
201.245.192.253 - - [18/Sep/2022:21:29:40 -0500] "POST /kwsrmcab/Wsrmcab HTTP/1.1" 200 42871
172.22.2.4 - - [18/Sep/2022:21:28:47 -0500] "HEAD /BLA/boletinlegal/ HTTP/1.1" 200 -
207.46.13.181 - - [18/Sep/2022:21:30:27 -0500] "GET /porque-tu-vida-vale-haz-parte-del-simulacro-distrital-de-evacuacion-este-4-de-octubre.html HTTP/1.1" 200 810
216.245.221.92 - - [18/Sep/2022:21:30:39 -0500] "HEAD / HTTP/1.1" 200 -
172.22.2.4 - - [18/Sep/2022:21:29:37 -0500] "GET /BLA/boletinlegal/ HTTP/1.1" 200 52877
157.55.39.201 - - [18/Sep/2022:21:31:31 -0500] "GET /BLA/resoluciones/RESOLUCIONES%202006/2290.tif HTTP/1.1" 200 413756
201.245.192.253 - - [18/Sep/2022:21:32:26 -0500] "POST /kwsrmcab/Wsrmcab  HTTP/1.1" 200 37989
216.245.221.92 - - [18/Sep/2022:21:35:39 -0500] "HEAD / HTTP/1.1" 200 -
172.22.2.4 - - [18/Sep/2022:21:34:37 -0500] "HEAD /BLA/boletinlegal/ HTTP/1.1" 200 -
172.22.2.4 - - [18/Sep/2022:21:35:14 -0500] "GET /BLA/boletinlegal/ HTTP/1.1" 200 54003
172.22.2.4 - - [18/Sep/2022:21:35:27 -0500] "GET /BLA/boletinlegal/ HTTP/1.1" 200 55220
201.245.192.253 - - [18/Sep/2022:21:37:25 -0500] "POST /kwsrmcab/Wsrmcab  HTTP/1.1" 200 37989
172.22.2.4 - - [18/Sep/2022:21:39:07 -0500] "GET /BLA/boletinlegal/Circulares/2019/.pdf HTTP/1.1" 404 1218
201.245.192.253 - - [18/Sep/2022:21:39:37 -0500] "POST /kwsrmcab/Wsrmcab HTTP/1.1" 200 42414
201.245.192.253 - - [18/Sep/2022:21:39:41 -0500] "POST /kwsrmcab/Wsrmcab HTTP/1.1" 200 42871
216.245.221.92 - - [18/Sep/2022:21:40:39 -0500] "HEAD / HTTP/1.1" 200 -
172.22.2.4 - - [18/Sep/2022:21:40:27 -0500] "HEAD /BLA/boletinlegal/ HTTP/1.1" 200 -
191.108.7.60 - - [18/Sep/2022:21:42:10 -0500] "GET /kwssiamovil/sm/ldap/au?x=U2FsdGVkX1+6pcZ2/9WSprqiHv6SN/8EsxB5UDgudNhU9eOotxdQ+Fg10j7kC+YY&y=U2FsdGVkX19w+ys+l/ltespnbZ9oQ3Hx9ZOarwHYXQHM7hnFv7suaPVFTGhIGD5n HTTP/1.1" 200 30
191.108.7.60 - - [18/Sep/2022:21:42:11 -0500] "GET /kwssiamovil/sm/acme/s?s=U2FsdGVkX1+d3qbIEogQOTAS0psbN/g9TlzU0L9nwoznOpFpArGWyHGRiqOokJpOdCOu2k4h7+VsVX7SBk0aanp8x6OsZeXDmKHvFi4rYbA=&u=U2FsdGVkX1/6oQFcEhUBr6O2bKD0OCYqp6GWeznQ0mQinycoePC78x562HLhVsGU&y=U2FsdGVkX19w+ys+l/ltespnbZ9oQ3Hx9ZOarwHYXQHM7hnFv7suaPVFTGhIGD5n HTTP/1.1" 200 97
191.108.7.60 - - [18/Sep/2022:21:42:11 -0500] "GET /kwssiamovil/sm/acme/s?s=U2FsdGVkX1+dodJc48hfXlN/zDcZh1NfR+1Fcn/OHwGiW539t7ZsezWbwN7KNXB6JV1pa+kVKJmv8F3V/NBi2ujEBTez07DFL9VVmUu0bck3WAiyHzYJbHCz0dE9NlqqAPf+PeN/9q+jY2cERX6rXZnn4QpQNfDhnvUQkyvP4SOnN7aDWnpMJawjO6I69yqhutq/kqh9WhKpf1Zw2X2KRuefqI6k90myKZU1qAopu3TF1jjzLossiLcXuXIiblN/uL1RbAUUCYS7RGOiNOfIxcXv8tvLnkidxuYeHpnbapwvY2bmTOgdRv7Ak7k0ZWywWAzvHUO+h66qXm9lf/lrOnulP/2mt5o29mYbKGzIg03NYrKsUsioO4dlBx2QhJJKqjN2+CEe/emBzoiI8w0vdCuan9SLDCf1uXSEybHw2gCBMIPzdxddUl5re3JpuDh98lyCtvnLh2Qlz78MJXLGokNWI/0mU5ezdATl0HfbhXzFX6zaQ4xE8bIsL6vXaULK7j6vqJrm84BGO8fYdGMFf8GV7l0pCDQNuFjJbU8prNwg1wKs5M27WkLlKvlZUtOYX+0uva0XFnketOfUW0dsemby+DejroUgQ+G1JncQK4Inxis5AEWgeK8pHKOip6VJnU2k8YJ9EgsdGF5c3b826/xja1CtuFGqLlfFOD2slEcmMD1VVzoHCD//ODdYUOnRF13NUEQOX0I5Qe+l+AsuHeJqpNDlIwXpgolxLR3pdxUrozcjbhKudmOB3fUfQV8lAlh3fNEbuG91lEaVn5bG5IdmTvIPPNnHFQUQJNsRhXe7L+tsPt7GM4aADAb4B1RdE9NNt1mb7hk4McDtAaI2LMiOt0+FBYblzgVQZDOhZsxFDX8P0cLpJZPKuaIebzeWpJ724/dxugg0ZubH+RRNr29ocEQ2yAlA24STSUgyY+smqk56VDJkKFVMFecjjj1a31TWsVaXmFvTg1rqcXJhaB8Qv5tZkAR8y4VIRl+k68PWOy34v/8l+RF1YoesboaOgz/CTE9PueJUGvQzLB1fPP/WTGOZxQrzW/EyPmibER6Up1jDHkL8Jfz4SifPqNES1d8c9Ac33yUaZ10R7detwRaig91oXyQhSFksJkOMLjtmbZFRBHKNShP3ei+uZD9Fp+DiwSSZR9tyOi4P10l7JjAT5wle+HTs450JXmrhC4PR48z07CoZmKEnSpg61uRe41JBJhByPepldVclAmoOmG9AkJhplDOznYtXUkiplKGon4Ot9SFirKDyMMv/KsIjzYpPuhZrFuegCOs/ABR4Y5z4PRvKzT5FStcweVMVqADDhyDpgxRE97Wglc1pdi0+lbgX1aZrVy9ivwwuQoHa1Rd9wTLo+5CPN/b2BhmL+X8=&u=U2FsdGVkX1/6oQFcEhUBr6O2bKD0OCYqp6GWeznQ0mQinycoePC78x562HLhVsGU&y=U2FsdGVkX19w+ys+l/ltespnbZ9oQ3Hx9ZOarwHYXQHM7hnFv7suaPVFTGhIGD5n HTTP/1.1" 200 2527
191.108.7.60 - - [18/Sep/2022:21:42:11 -0500] "GET /kwssiamovil/sm/acme/s?s=U2FsdGVkX1+wkbXLRoxdC7uLW4Ikya6E0EzaVkcsXhf3F1WNn3XJVFjdqMwJ1kf1icPFlBYPlP0yAXvsOK5Z7GoykNsbFvshmWaE8hM+zcC3XvgxNJn8nsDxWdCW96qRH0jG2J4JhRe1LeetjtKLv6CiQ5b13yrpO3vznRc0fKKrpv1WcX8SGSc88F9s78frb7AvjOEMJCALZWkzQckLnnbGyYs8+MGJR1ZxV2EiGbNhpamtNHDlxXlDxuoyrTmXh8cg1ACwq9GTq1wZdxyzIZMu8m9kZSNUknTcWnucBuM=&u=U2FsdGVkX1/6oQFcEhUBr6O2bKD0OCYqp6GWeznQ0mQinycoePC78x562HLhVsGU&y=U2FsdGVkX19w+ys+l/ltespnbZ9oQ3Hx9ZOarwHYXQHM7hnFv7suaPVFTGhIGD5n HTTP/1.1" 200 176
191.108.7.60 - - [18/Sep/2022:21:42:11 -0500] "GET /kwssiamovil/sm/cjson/pre?f=1&x=U2FsdGVkX1+6pcZ2/9WSprqiHv6SN/8EsxB5UDgudNhU9eOotxdQ+Fg10j7kC+YY HTTP/1.1" 200 30992
201.245.192.253 - - [18/Sep/2022:21:42:24 -0500] "POST /kwsrmcab/Wsrmcab  HTTP/1.1" 200 37989
172.22.2.4 - - [18/Sep/2022:21:41:17 -0500] "GET /BLA/boletinlegal/ HTTP/1.1" 200 55220
186.102.53.76 - - [18/Sep/2022:21:44:59 -0500] "GET /porque-tu-vida-vale-haz-parte-del-simulacro-distrital-de-evacuacion-este-4-de-octubre.html HTTP/1.1" 200 810
216.245.221.92 - - [18/Sep/2022:21:45:39 -0500] "HEAD / HTTP/1.1" 200 -
172.22.2.4 - - [18/Sep/2022:21:46:56 -0500] "GET /BLA/boletinlegal/jurisprudencia/analisis/CUADRO%20ANALISIS%20SENTENCIA%20T-411%20DE%201992.doc HTTP/1.1" 200 41984
201.245.192.253 - - [18/Sep/2022:21:47:22 -0500] "POST /kwsrmcab/Wsrmcab  HTTP/1.1" 200 37989
172.22.2.4 - - [18/Sep/2022:21:46:17 -0500] "HEAD /BLA/boletinlegal/ HTTP/1.1" 200 -
172.22.2.4 - - [18/Sep/2022:21:47:07 -0500] "GET /BLA/boletinlegal/ HTTP/1.1" 200 49101
157.55.39.202 - - [18/Sep/2022:21:48:52 -0500] "GET /BLA/resoluciones/2002RES125.tif HTTP/1.1" 404 1018
216.245.221.92 - - [18/Sep/2022:21:50:39 -0500] "HEAD / HTTP/1.1" 200 -
157.55.39.200 - - [18/Sep/2022:21:51:21 -0500] "GET /BLA/resoluciones/RESOLUCIONES%202000/2000%202650-2699.tif HTTP/1.1" 200 3086633
201.245.192.253 - - [18/Sep/2022:21:52:21 -0500] "POST /kwsrmcab/Wsrmcab  HTTP/1.1" 200 37989
183.136.225.35 - - [18/Sep/2022:21:53:04 -0500] "GET / HTTP/1.1" 200 319
172.22.2.4 - - [18/Sep/2022:21:52:49 -0500] "GET /BLA/boletinlegal/ HTTP/1.1" 200 32715
172.22.2.4 - - [18/Sep/2022:21:52:07 -0500] "HEAD /BLA/boletinlegal/ HTTP/1.1" 200 -
172.22.2.4 - - [18/Sep/2022:21:52:57 -0500] "GET /BLA/boletinlegal/ HTTP/1.1" 200 56376
216.245.221.92 - - [18/Sep/2022:21:55:38 -0500] "HEAD / HTTP/1.1" 200 -
201.245.192.253 - - [18/Sep/2022:21:57:21 -0500] "POST /kwsrmcab/Wsrmcab  HTTP/1.1" 200 37989
157.55.39.200 - - [18/Sep/2022:21:58:50 -0500] "GET /BLA/resoluciones/RESOLUCIONES%202006/1913.tif HTTP/1.1" 200 156848
163.220.128.41 - - [18/Sep/2022:21:59:23 -0500] "GET /galeria/galeria/fotos/Entrenube3P.jpg HTTP/1.1" 200 8487
172.22.2.4 - - [18/Sep/2022:21:57:57 -0500] "HEAD /BLA/boletinlegal/ HTTP/1.1" 200 -
173.252.107.1 - - [18/Sep/2022:21:59:47 -0500] "GET /en-semana-santa-jardin-botanico-una-opcion-vital-para-reconectarse-y-vivir-la-naturaleza.html HTTP/1.1" 206 1012
173.252.107.9 - - [18/Sep/2022:21:59:47 -0500] "GET /images/JBB1.jpeg HTTP/1.1" 200 90628
207.46.13.131 - - [18/Sep/2022:22:00:05 -0500] "GET /BLA/resoluciones/RESOLUCIONES%202000/2000%20500-549.tif HTTP/1.1" 200 4589773
172.22.2.4 - - [18/Sep/2022:21:58:47 -0500] "GET /BLA/boletinlegal/ HTTP/1.1" 200 60281
216.245.221.92 - - [18/Sep/2022:22:00:39 -0500] "HEAD / HTTP/1.1" 200 -
201.245.192.253 - - [18/Sep/2022:22:02:20 -0500] "POST /kwsrmcab/Wsrmcab  HTTP/1.1" 200 37989
157.55.39.202 - - [18/Sep/2022:22:03:03 -0500] "GET /BLA/resoluciones/2002RES138.tif HTTP/1.1" 404 1018
172.22.2.4 - - [18/Sep/2022:22:03:47 -0500] "HEAD /BLA/boletinlegal/ HTTP/1.1" 200 -
216.245.221.92 - - [18/Sep/2022:22:05:38 -0500] "HEAD / HTTP/1.1" 200 -
20.77.84.55 - - [18/Sep/2022:22:05:42 -0500] "GET /portaldeninos/ HTTP/1.1" 200 110197
172.22.2.4 - - [18/Sep/2022:22:04:37 -0500] "GET /BLA/boletinlegal/ HTTP/1.1" 200 59319
186.102.30.61 - - [18/Sep/2022:22:06:18 -0500] "GET /kwssiamovil/sm/ldap/au?x=U2FsdGVkX1++lMQv7WPyM4fC2gm2hhKuIXT72yFy+hNVb7oS05/J9D2SbIw15NVP&y=U2FsdGVkX186Ej7heHuQSkycSm7K4kS31t+yD+gx3EwxLUUBNhECysJprocMvIbn HTTP/1.1" 200 30
186.102.30.61 - - [18/Sep/2022:22:06:18 -0500] "GET /kwssiamovil/sm/acme/s?s=U2FsdGVkX18gcnPog6Xn8ds+8RrN8FU+gidnbCGsXMc+t84A8e3u/kWYnKpMdSk8luPGmnU2LgbhXjOEMxyHEXz/sY+lMZ6jlikKpIE+EoU=&u=U2FsdGVkX1/OrvYWYe+6/RB63+a+X5hj1cTWf8hI2+h2t805e53/4kipewBnBm/0&y=U2FsdGVkX186Ej7heHuQSkycSm7K4kS31t+yD+gx3EwxLUUBNhECysJprocMvIbn HTTP/1.1" 200 97
186.102.30.61 - - [18/Sep/2022:22:06:18 -0500] "GET /kwssiamovil/sm/acme/s?s=U2FsdGVkX1+Y+Dxj0uTApqFHI02eKA9v0KyqfInf/hmPmJ5mmUfGHSbrnmrRhM2xawsBMAcB2OaQbCSswtGgQKQyuJ9UTBIcPuTyJx5afSYHnb6HgZush3pEnMC55Oc20OHmBJBTYud1FuOK2FEJPToN6J1gwDe/H62t93Ir4FiDI0RZ7zDImc44MM74xEnerCUbg5KldJ5EqXsTkP18QkjbIl7TOpT+ZCEUxXmCbbYBw5V6FroUYjUYHGFUWX227/J+1nJvTSVzpwhnHnaZgJvqVONFV5vwkdy+/os7UThvvByIhqEHCECw11gEor1oEqIarqeokPoXyr3hlruCIDSfq+ECua2osX3Rp0jOKhUAKJh6r5zCHFg/o8CFADiPcgJe9P9V3M4BN1yL3WEPl1DXLB1k4r3G0qhyYNOf+RtVB54spnaj8lJ5QyBZuav9Mgm03p1MUiEijs7B2BBjvLIf9NRONmsC4KfKuuUkS8nk8yt05mKWBn59SDUvUpPgWdaL+EZQa/m1hWRvuLaqTy7ze/xRjNs0vpDOTgm4bR0naDquOfBADDECxbudhlw25mTJPDcTtRVdLt6OpKkei9eouYT0LhWctjDcHJDSCZsUy1LIEJQ+RcFU8YYJRlQghUySb0mdzGVD4bJjxZSo8jFqNWEW+ejAlODdgka+iLKGnSpl7KUWZh3kyr+n8QZMzob2cPeIdruYsD1kgeRH1M75st402GPvCwP2HnV8aN71W0if9D88TqZD14ZMCnIBYfWslXlAhL9qaWunigPh5EiqZbcxpGDVH7JXfT1YNqdiqtYB2JhlasxQhIPc5KT3QIEZyS8wp3RfDo1zVu4a43gD5T+21HjJ6NBz1A15pEEqhBr9c502HKFvSS9Nb0wD8/LxtNLusXYva1NikGCVwlSCI9XaQxPT+/T99ihMFc+HJi7nC3YIxEEMdUqngH5ymSKLmrxdb269RrkOc0c4u6fm61JHmcV4yZ9UthzT151a7Vq+9lj2IWDCeHZ1r2o2eoDGA1p7F1Qe7tgJZ0/HiSD3WTPx0V6oVE9Irdu/FcVmPzaTggM/hv1r7TXsoO1aOHL1+067cUYqDEn/FwGl/8FRZCRrgrDoy1xzyglLwjUs1pT6mw04jxceLY5mQ8Fpn6Avo3NNa6tXL4hHtT6aiboXf+KuYZnpQR+n8WJzrrWC2GLfLVRXBWsq6IW8hHQmKVUZC/uXvEz6CBGURVfF5BsNnppfrqaWyhAPsRuV0I+jbYnwz4IbBbtTTYUgjBwMCQRaFVMQApdMuk1Zp7FPi3/QviaXDfIr7jeWSkK3J7qASOQ4ayXZrgWovexGf32dz81G6PGjnhDascaUE4cYh8Fs2iVmoh3DdBWR4iHS8h4=&u=U2FsdGVkX1/OrvYWYe+6/RB63+a+X5hj1cTWf8hI2+h2t805e53/4kipewBnBm/0&y=U2FsdGVkX186Ej7heHuQSkycSm7K4kS31t+yD+gx3EwxLUUBNhECysJprocMvIbn HTTP/1.1" 200 72
186.102.30.61 - - [18/Sep/2022:22:06:18 -0500] "GET /kwssiamovil/sm/acme/s?s=U2FsdGVkX18VFD0+NotNZDJvdbdlDd00mOtPaYQeGpG6tv+Kn5jOoZ4iFu9osD/WlMKRfC58D6XrTLgWNkDqbBqIpq/JkivVHUCSQ+XvT8uQeY/OO8CXVgKlTJbX5mH4gbWJnDMCf3r5bszgj7kgahnQxWCmZDXCB0pSMmIkyoZhf5Obh4yWPmfb5Bcve4tnNrvEwVptUNYVJM72dpdpOfKv5tfJRfNEprMsoI3UQFf7Nq67M9GwjbFtJfQ3reXViKbv5AtKfejyAkXZjIpvZagUZtcDSZXBKGgeYTv2jwM=&u=U2FsdGVkX1/OrvYWYe+6/RB63+a+X5hj1cTWf8hI2+h2t805e53/4kipewBnBm/0&y=U2FsdGVkX186Ej7heHuQSkycSm7K4kS31t+yD+gx3EwxLUUBNhECysJprocMvIbn HTTP/1.1" 200 176
186.102.30.61 - - [18/Sep/2022:22:06:18 -0500] "GET /kwssiamovil/sm/cjson/pre?f=1&x=U2FsdGVkX1++lMQv7WPyM4fC2gm2hhKuIXT72yFy+hNVb7oS05/J9D2SbIw15NVP HTTP/1.1" 200 30992
201.245.192.253 - - [18/Sep/2022:22:07:19 -0500] "POST /kwsrmcab/Wsrmcab  HTTP/1.1" 200 37989
216.245.221.92 - - [18/Sep/2022:22:10:39 -0500] "HEAD / HTTP/1.1" 200 -
172.22.2.4 - - [18/Sep/2022:22:09:37 -0500] "HEAD /BLA/boletinlegal/ HTTP/1.1" 200 -
190.158.217.225 - - [18/Sep/2022:22:11:20 -0500] "GET /BLA/resoluciones/RESOLUCIONES%202016/1002.pdf HTTP/1.1" 200 2515842
190.158.217.225 - - [18/Sep/2022:22:11:22 -0500] "GET /favicon.ico HTTP/1.1" 200 7782
172.22.2.4 - - [18/Sep/2022:22:10:27 -0500] "GET /BLA/boletinlegal/ HTTP/1.1" 200 58163
