190.25.116.196 - - [18/Sep/2022:15:10:11 -0500] "GET /favicon.ico HTTP/1.1" 200 7782
186.155.32.140 - - [18/Sep/2022:15:10:18 -0500] "GET /atencion-mujeres-que-reverdecen-ya-inicia-la-segunda-fase.html HTTP/1.1" 200 857
186.155.32.140 - - [18/Sep/2022:15:10:19 -0500] "GET /favicon.ico HTTP/1.1" 404 1136
190.25.116.196 - - [18/Sep/2022:15:10:23 -0500] "POST /appsia/controlador HTTP/1.1" 200 3604
190.25.116.196 - - [18/Sep/2022:15:10:23 -0500] "GET /appsia/jscripts/validarSolicitud.js HTTP/1.1" 404 68
190.25.116.196 - - [18/Sep/2022:15:10:39 -0500] "POST /appsia/controlador HTTP/1.1" 200 4799
216.245.221.92 - - [18/Sep/2022:15:10:40 -0500] "HEAD / HTTP/1.1" 200 -
190.25.116.196 - - [18/Sep/2022:15:10:50 -0500] "POST /appsia/controlador HTTP/1.1" 200 4621
190.25.116.196 - - [18/Sep/2022:15:10:54 -0500] "POST /appsia/controlador HTTP/1.1" 200 7737
190.25.116.196 - - [18/Sep/2022:15:10:54 -0500] "GET /appsia/images/logo_escudo.png HTTP/1.1" 200 36965
69.171.231.120 - - [18/Sep/2022:15:11:05 -0500] "GET /images/Junio%2002-experiencias-jardines-verticales-sda.jpeg HTTP/1.1" 200 31171
172.22.2.4 - - [18/Sep/2022:15:09:34 -0500] "HEAD /BLA/boletinlegal/ HTTP/1.1" 200 -
172.22.2.4 - - [18/Sep/2022:15:10:24 -0500] "GET /BLA/boletinlegal/ HTTP/1.1" 200 52877
183.136.225.35 - - [18/Sep/2022:15:13:12 -0500] "-" 408 -
201.245.192.253 - - [18/Sep/2022:15:13:42 -0500] "POST /kwsrmcab/Wsrmcab  HTTP/1.1" 200 37989
207.46.13.131 - - [18/Sep/2022:15:15:18 -0500] "GET /sipse/faces/faces/autenticacion.xhtml HTTP/1.1" 200 12498
216.245.221.92 - - [18/Sep/2022:15:15:40 -0500] "HEAD / HTTP/1.1" 200 -
172.22.2.4 - - [18/Sep/2022:15:15:24 -0500] "HEAD /BLA/boletinlegal/ HTTP/1.1" 200 -
172.22.2.4 - - [18/Sep/2022:15:16:14 -0500] "GET /BLA/boletinlegal/ HTTP/1.1" 200 52877
201.245.192.253 - - [18/Sep/2022:15:18:41 -0500] "POST /kwsrmcab/Wsrmcab  HTTP/1.1" 200 37989
201.245.192.253 - - [18/Sep/2022:15:19:38 -0500] "POST /kwsrmcab/Wsrmcab HTTP/1.1" 200 41792
201.245.192.253 - - [18/Sep/2022:15:19:41 -0500] "POST /kwsrmcab/Wsrmcab HTTP/1.1" 200 42906
66.249.66.85 - - [18/Sep/2022:15:19:54 -0500] "-" 408 -
216.245.221.92 - - [18/Sep/2022:15:20:39 -0500] "HEAD / HTTP/1.1" 200 -
66.249.66.94 - - [18/Sep/2022:15:22:39 -0500] "-" 408 -
172.22.2.4 - - [18/Sep/2022:15:21:14 -0500] "HEAD /BLA/boletinlegal/ HTTP/1.1" 200 -
186.102.52.214 - - [18/Sep/2022:15:23:10 -0500] "OPTIONS /kwssiamovil/sm/setfile/f? HTTP/1.1" 200 13
186.102.52.214 - - [18/Sep/2022:15:23:10 -0500] "POST /kwssiamovil/sm/setfile/f? HTTP/1.1" 200 381
186.102.52.214 - - [18/Sep/2022:15:23:14 -0500] "OPTIONS /kwssiamovil/sm/setfile/f? HTTP/1.1" 200 13
186.102.52.214 - - [18/Sep/2022:15:23:14 -0500] "POST /kwssiamovil/sm/setfile/f? HTTP/1.1" 200 381
186.102.52.214 - - [18/Sep/2022:15:23:22 -0500] "GET /kwssiamovil/sm/acme/a?s=U2FsdGVkX1+aS1QmoyaWJfG2eMm4F7P1Ms+n6s2NdvEqC8+g2VsK3hQbgs0imexhrSzQzvgueV6wlY7S0veTClsz/aaMRLVb9VNMUIfJHX2UsfJc+l0NvG1gfC5cOSk+khWFYuA9JaV7ZIlRf/mL2W/l/2J4poHLhBcmVUpziqD9iJnwnLqA/BDmbeOPwGvfF2vWkNSm+m6ozdEC4JviGmmbHTq9WgTWLms/ezCthleH3Gbs2DQMr+ue2hGTHcKY9RR5RpHYwzMFhkYTNk2+4A==&u=U2FsdGVkX19yA5a2ia+EvUa57mw2Zj6RfpD8o/3lI+fgcRKWBryrulYgFGQyFJ3/&y=U2FsdGVkX19pMIP+kpfI3vQ+6UkWwLL3t/UG9b2mnokSBOdHuptdWCyMCh/w21V4 HTTP/1.1" 200 25
186.102.52.214 - - [18/Sep/2022:15:23:23 -0500] "GET /kwssiamovil/sm/acme/a?s=U2FsdGVkX1/lUKc8olNRyIDELAHvg7FNAsHS8fuDw5cSes9xn16wTh/4y6V6UPKcd0a7WmLGwn73A9EfYZfzpxslge+uKgRQNsnNBubF4Rxtn/FaQbtKcECwmIfz0eNOPQEnI72CTon6uUvhurxmJw134qD78KXhM92oo0xDpxRQcPlDaUHV5zGo1OB9jpV7uQfbjUgwY/Wrq0eMahXcOlfyOTI8q24U1uH6AjDEsIR2IKWUkFC5wdpYKeLv929nD3jSPNc3XkGrH/qEYWSadxjeBZrxVnp3DlAMsaZCy0cC18J1J2lkzhgrXl7mFlKYYxW5s/QRHD6YYfYYjWGlTJwYXBAHV42GdFWI0F68whG43e4nze2/2+6ouA+tj/R+NLEc1NvRUHT5BA+3lvA9wOrD0SNQLIWn5XsnkAUhmNKs3TgmZNVgSWSGZz+oWcNKEypdpVUl2ulTgpv/I2oDM1REP1tirap/TkxCDH6kReCBbpPvSx5DlKDHflXR1s1vCMwcMqXDc4dNd+eyvtZ6FL0gU/WLGMZIPzt0Sg21c+PaKarIty7UL1r2tlnOvWRlOjJjVwJ5QNnBPVV/uzXDnwbezck1Z6Kq74kB+fz5SU+sDCc94K5SdVGjb3BmM3oMfDTH3oBdQfvkVlIVA+HX67orwR4fHPxTycI40cOpqFfnlzfTNkS06NJy9I22jRxHBGs4epB1mpIt9OTOlvf9fxU/QKawVtwMyNO1LC5ugmtKbnFN9w6MeYN+PKJBUfG0kEZ7pUtfDDN0YLs0jXXAfwM/JV4+4Ay60ZJupq1Xwrw3wEnZJtFUn/jdbxA26ZKw72utmwjzLRKjz6MySLao+zAsLclDIX5e+AC/IlmtA90QGcdPDgSKseKSdMU4yXBuxuaoPWqvnOYqtRWQtxtnE8nBlNoQSyitd8Eovyy1sjUh/h3j0EgNuKsX2Lq5v2kOnePi2XLcQJxYyb57KezPVteLbya3NS3enKVfdj0rnTZoN9kfhL3qi3dsrkksW4vOFre/QaCRdiShuaam36FES/1VTulI1D/1XqVsnGOJu9X9FEp6Lplo4BmmLKbvsvaGNhMGuxuWosCHZ7H6G2jug3lgY73TZ5hCd9pvjrgl64uhLA6bSz2fRn6aWTIZaJ0+E7uOpnOnpabr+oQK7MYnMFW6VvHjeY2y3xKMyJoMzAX4BwG5plOJQm3gaeFn+e1V&u=U2FsdGVkX19yA5a2ia+EvUa57mw2Zj6RfpD8o/3lI+fgcRKWBryrulYgFGQyFJ3/&y=U2FsdGVkX19pMIP+kpfI3vQ+6UkWwLL3t/UG9b2mnokSBOdHuptdWCyMCh/w21V4 HTTP/1.1" 200 25
186.102.52.214 - - [18/Sep/2022:15:23:23 -0500] "GET /kwssiamovil/sm/acme/a?s=U2FsdGVkX18iKzlj1Frbbd6ViTNf7+Pmu1Sm4D1uzljHeYFjXnKruJQqFmpsiQ9zjbTLdOv/1WpAjYHGO92pnM2U+9oJ5s+656k1GF33G6XNO1iFx7mFlg4uYqnbVu2Tw0sRW0tV2gyd3Gap3D9zBmoIbpdrANf7rNZhYKSHi3Q=&u=U2FsdGVkX19yA5a2ia+EvUa57mw2Zj6RfpD8o/3lI+fgcRKWBryrulYgFGQyFJ3/&y=U2FsdGVkX19pMIP+kpfI3vQ+6UkWwLL3t/UG9b2mnokSBOdHuptdWCyMCh/w21V4 HTTP/1.1" 200 25
186.102.52.214 - - [18/Sep/2022:15:23:23 -0500] "GET /kwssiamovil/sm/acme/a?s=U2FsdGVkX19ZPDfXyapRCatVF+ebrb7XWH96qYLIfsZCcc/tkL3ukbMHZCNzB180zlzwW+LcxtHIesp7pT7f7WwL1SY5xBxTKma8ULV8XV47Akb/QH6SHhKI5ERe8V3b8Aqfp6F8/UotXLjnE96Ti8suDWHT8t+ulsCdPTUxY/E=&u=U2FsdGVkX19yA5a2ia+EvUa57mw2Zj6RfpD8o/3lI+fgcRKWBryrulYgFGQyFJ3/&y=U2FsdGVkX19pMIP+kpfI3vQ+6UkWwLL3t/UG9b2mnokSBOdHuptdWCyMCh/w21V4 HTTP/1.1" 200 25
186.102.52.214 - - [18/Sep/2022:15:23:24 -0500] "GET /kwssiamovil/sm/acme/a?s=U2FsdGVkX19A+ZayO6UFgWCDmC6tMw7MDCRUha9xCR6h6ghyuYFjEQGJAH+MEj7338A4okUhQTiUL3spD5ouyGwu8fuaX400md8fpx/NBXX3p5gSKoe6EdMTmpIkOKsaGAEYBErr5r1+CYel+204bbXA9oCUi7ppz6cGfl6onq8=&u=U2FsdGVkX19yA5a2ia+EvUa57mw2Zj6RfpD8o/3lI+fgcRKWBryrulYgFGQyFJ3/&y=U2FsdGVkX19pMIP+kpfI3vQ+6UkWwLL3t/UG9b2mnokSBOdHuptdWCyMCh/w21V4 HTTP/1.1" 200 25
186.102.52.214 - - [18/Sep/2022:15:23:24 -0500] "GET /kwssiamovil/sm/acme/a?s=U2FsdGVkX18AfspLVRuVKlWDQeuMBSic2pYjB+SLGGKnBV3C10/ty86c+YiNurinDeOw1HV5la1VuepFNBGnEmIxnMdliUInMhz57MlHiewjuHX0ZUZo8gLBLkgsaWr2+6WRUoHa1yfu3AcZclgIdnw6ggZ70vZpdmSKivy9zXQ+l6vpMJ6GPKZ8Bgc4+VTZ5P7FtwMafU1U8ugLOCuWYg==&u=U2FsdGVkX19yA5a2ia+EvUa57mw2Zj6RfpD8o/3lI+fgcRKWBryrulYgFGQyFJ3/&y=U2FsdGVkX19pMIP+kpfI3vQ+6UkWwLL3t/UG9b2mnokSBOdHuptdWCyMCh/w21V4 HTTP/1.1" 200 25
186.102.52.214 - - [18/Sep/2022:15:23:24 -0500] "GET /kwssiamovil/sm/acme/a?s=U2FsdGVkX1/X7aHwn4aMOQLfT9pja+7dXHlqdKaW8W2VGcTJg8x+mcs+O0Whoz/jRqx8sBEBLHBtVb1IgDA2FeC8UPxrTaGlwi0b1XvydXGMTast+gbO6mmYKikBTffUh0FpzSozxZJPfdJVN0PGUrCb6LxlOi5Iqqq0cbBvBEZ487/WzUf2Wrsenh5Vhe4kFA5Qg68eN6ZH+mLUgf5QmA==&u=U2FsdGVkX19yA5a2ia+EvUa57mw2Zj6RfpD8o/3lI+fgcRKWBryrulYgFGQyFJ3/&y=U2FsdGVkX19pMIP+kpfI3vQ+6UkWwLL3t/UG9b2mnokSBOdHuptdWCyMCh/w21V4 HTTP/1.1" 200 25
186.102.52.214 - - [18/Sep/2022:15:23:25 -0500] "GET /kwssiamovil/sm/acme/a?s=U2FsdGVkX1+js6keRUcnKui+bsjO7RIz8qFJwY4VXQ7o6VeLTboiFJtdJc1QBtrp11nED3yIVLPr1xWEyGjtFrKWJrdfnuEBQWb0dWZYdRNRDHoLFwnsydQVMKmHE9Qln7bDpW99bpXMmjec6FN/TvZ52zCFYLK32pIycbv0Tf892Jvmn017VF3ArFyidEujbdH3nYtzFlI8b6/QbX2LJxoT3cIBCcgNLqXBNgnQXq1zgFFAo6Gzsd/VXDps6nGxyF4zHQgPMtJICj16riQGRSnF1E0EiHc0Kq85/BAYK1iW33rd6yZgRd5E4wyatnjsC7VxVMEa1gUB9yvXLOcFgALuOQhh6Gjo0llh5ZYBN+BvzZh3ZS1TSxXJd/0lK4xuQvSZqChsr6CIHXrWI5jQYA==&u=U2FsdGVkX19yA5a2ia+EvUa57mw2Zj6RfpD8o/3lI+fgcRKWBryrulYgFGQyFJ3/&y=U2FsdGVkX19pMIP+kpfI3vQ+6UkWwLL3t/UG9b2mnokSBOdHuptdWCyMCh/w21V4 HTTP/1.1" 200 25
186.102.52.214 - - [18/Sep/2022:15:23:25 -0500] "GET /kwssiamovil/sm/acme/a?s=U2FsdGVkX1/00Ha63TkipuUjEBp9LERygsfK+rtUh44FSlmyAE33ZvV6HAUTTZ7oB8mgSpgLPcvWtGDEEIE+S5CUi9GmcE5BqWWA7DvBZMvy4Y2Ti0hW/yt1Bv63tvtTyBsDT07AIe+WvbqZxmvuE7dP4pT7M89AdhnAE9fjfap9tj6tM+a+xyDWEqP6jXxCgQKIxAdnIfVSzCTfKPY3aQ==&u=U2FsdGVkX19yA5a2ia+EvUa57mw2Zj6RfpD8o/3lI+fgcRKWBryrulYgFGQyFJ3/&y=U2FsdGVkX19pMIP+kpfI3vQ+6UkWwLL3t/UG9b2mnokSBOdHuptdWCyMCh/w21V4 HTTP/1.1" 200 25
186.102.52.214 - - [18/Sep/2022:15:23:25 -0500] "GET /kwssiamovil/sm/acme/a?s=U2FsdGVkX184Yh7tdtvB3D198CPYM0Svra/TyfGe+PNFxOr2ZuLTdPFMIv9nZ6JdreyHcvtWlaVX1uKlL0z0B53YInbhMoT+3ONZulNMjfNZs9c+C845zVfZHMfC2kQQvdYxckkV3Z1FsoT1Aanx9ykcAawiX5klGusJwHRH6ZW29+Z3MWrZTGsb+EUV6fwxOPLoc97zGhUgJ+4pEl9LcT2RIGvQ3BRyo8i7v/0r2hVAKPCVUL72+S2lpwSr1KL/U38FUvPpGtP05hG4gi888fep3h1vc4pVPBq/xX3JmCzRCpcl4uEE6pLCs6uoI5ycxIm+z13MyIV7hDlP3r3KSxn1VYAzgKGmhYT5dLrnAjk=&u=U2FsdGVkX19yA5a2ia+EvUa57mw2Zj6RfpD8o/3lI+fgcRKWBryrulYgFGQyFJ3/&y=U2FsdGVkX19pMIP+kpfI3vQ+6UkWwLL3t/UG9b2mnokSBOdHuptdWCyMCh/w21V4 HTTP/1.1" 200 25
201.245.192.253 - - [18/Sep/2022:15:23:41 -0500] "POST /kwsrmcab/Wsrmcab  HTTP/1.1" 200 37989
172.22.2.4 - - [18/Sep/2022:15:22:04 -0500] "GET /BLA/boletinlegal/ HTTP/1.1" 200 54823
190.145.240.68 - - [18/Sep/2022:15:24:05 -0500] "GET /kwssiamovil/sm/ldap/au?x=U2FsdGVkX1/Cy7PLCLrfAns7kaMfjnpRLcrLc602GFhGYwMTZyPfxmSsjZPTSOVJ&y=U2FsdGVkX19vOg+8pI+4aEipURTv85FL5EnXGsLjex9IN0WZpINeyYHp01IZy95z HTTP/1.1" 200 30
190.145.240.68 - - [18/Sep/2022:15:24:05 -0500] "GET /kwssiamovil/sm/acme/s?s=U2FsdGVkX1+EkT1rfPOPwc29G7W+UmxXOTL8/Dnr6XJRdrlq4wBv6OmdjcZ9kc1U8rUUzJKs6C+4vYKG9SImk3M4cQ3o1PYomPth30OTkaY=&u=U2FsdGVkX1+uZQfFWzImmWB/miwM5ffB+DqbkBBTNzk=&y=U2FsdGVkX19vOg+8pI+4aEipURTv85FL5EnXGsLjex9IN0WZpINeyYHp01IZy95z HTTP/1.1" 200 97
190.145.240.68 - - [18/Sep/2022:15:24:06 -0500] "GET /kwssiamovil/sm/acme/s?s=U2FsdGVkX19O/crXZILybEUQomernB2RgHbmpieSuwzT/k4/RPE11hHCSiHhWqollEkh+P/G3yhSXTmTIlB8umLvPD8A93tOPaRuspq+O5mijMS1LAInWIn+wUDpfHMFzkDZ3jC48GGOPJI96Ru2DjSctDALZpc9oEQ2XHxmbbHnsTBO9J0BKefF+bFFpcXH2yavV4Gj+ZsKb6GuHuqVRwERogTYeSjjkKHQIbv7QPAvRwPa93Gfdv0wkC7oPl7LFajjk6zuSSw0c9sEwFXiHJg2TLnYqUTG/IMfdyPQD6Y1MHg/QU1RyLYceob2xChgrJRJCtPOtIs+ZK5k89RyrlddnmwU7tyLydaJIeZUk3KKdoo20UnBXNUVqvB1XHvYjGe/RWEjeeqDRMa1LNLGNjlkLoSAlF4mpDovuTdjgcDlXXTLNUALOtkcDBjWEpzZFa1OtstJaVgJh2ySeDBKEMxWUBrRBnMU81jMlT9OC8pioP8gelCm683ynsiwkYfNx2L7KAWHg3rVAMIT6kQbvKhjjD20q+B2nnSR50mnptgo7MN+4eTxGroeEix2IhRId8EY+w2lf3SxC0x1L0e4rmq6Bd5JG1wxzz0yU7WqzYNuLfpDIiYKvPneZt4UOyQYp3fDS3cPmLyTb1Y/eRY2fJ9s2YejID0QeJ5N5FS920sGB/PbZKrjtopOPBENZiCJ/8S+CcU3k/s+UmcgqgFsoy8K+OvZ++oV3y7t3cWIpYq6bZr1Ucjpa9qrzUsYp77wV8+Cpj4xAevCfzmpdXzvSugKPqvR9RIcxFmgoSU391kqI87Yib31RNIWBRyxEAWxxMkUHwpJQqqonNyl8rCe3L7svijHMkrGQr6NEvUCDmDgVlMGk9LSJlbaS9Mokks4V9MtGGs04qAd0C3HDDyNjckh9J0ZOOJ4MFr5LvRsUSggE03rL2rBgJ3FETPYbFNO424u1jXxjaFDJrvvvTmSfZBjdpaDQvm7KPl45oWoJTSayD72iNrgvUWmEcuspH5JoETGW7VyxNyQXKrSJpqwFGCZIcUFs1HZ6pBv5JoD1tbAxc8T4uVAY80s4fGn4sgJ6rwC7fuk2P/3sb3LpA0RlNRdfR9Vmc1iOX+GqvaC3cXQzhB7j0eNMLbi6tUcMFrCglu3IVLpwvVaADVdWJDpiP280LNrjJkACgKtkdM7P5+kV/9lNSpaK0zvN8db/+N+DlSrze9+VS7k1r/RWWT0NH8fvrYa5+udSKq2/8ccvmWTHXWVrA4eHaUxUErEP/3WHzbJxAR/EFyVg7n/W1VxOLCeZhFSkYRDo3nDXPIPv9AOPENw55ccy+j1tljjKQ3Z6Pbb4CovgzgpPv4hW7SsM51o10+sH8A/xhivVUOdmGQ=&u=U2FsdGVkX1+uZQfFWzImmWB/miwM5ffB+DqbkBBTNzk=&y=U2FsdGVkX19vOg+8pI+4aEipURTv85FL5EnXGsLjex9IN0WZpINeyYHp01IZy95z HTTP/1.1" 200 4781
190.145.240.68 - - [18/Sep/2022:15:24:06 -0500] "GET /kwssiamovil/sm/acme/s?s=U2FsdGVkX18pZzAaNbH6/4oZV6hHK1slMunyOKTsNnKK2d0tsCrr2ss83WnGDqeveJMDGJHNV1eYRhXpMcF8w/rspdnTmwyXo7qX8SKhBS/s2bXYA+BPUQeKwANnhua35KDyetzKRYAKyjQzUmwO+bLFjk0o9ACS8xj8XQDnoHef7KIbwyJk+nqNExMTCJ7Nz7BhZV0XR5w30Se7tHLkb546BbZO2yZxNv4x/UqD6Ld3KxMXAylY0DpyLAt76mCTi/twG/EEiz30sPb9FNrb0OUowiHtNkg38hpN26syd0Q=&u=U2FsdGVkX1+uZQfFWzImmWB/miwM5ffB+DqbkBBTNzk=&y=U2FsdGVkX19vOg+8pI+4aEipURTv85FL5EnXGsLjex9IN0WZpINeyYHp01IZy95z HTTP/1.1" 200 176
190.145.240.68 - - [18/Sep/2022:15:24:06 -0500] "GET /kwssiamovil/sm/cjson/pre?f=1&x=U2FsdGVkX1/Cy7PLCLrfAns7kaMfjnpRLcrLc602GFhGYwMTZyPfxmSsjZPTSOVJ HTTP/1.1" 200 30992
216.245.221.92 - - [18/Sep/2022:15:25:39 -0500] "HEAD / HTTP/1.1" 200 -
172.22.2.4 - - [18/Sep/2022:15:26:32 -0500] "GET /BLA/boletinlegal/Circulares/2017/Circular%20No.%20011%20del%2005%20de%20julio%20de%202017.pdf HTTP/1.1" 200 965526
201.245.192.253 - - [18/Sep/2022:15:28:40 -0500] "POST /kwsrmcab/Wsrmcab  HTTP/1.1" 200 37989
172.22.2.4 - - [18/Sep/2022:15:27:04 -0500] "HEAD /BLA/boletinlegal/ HTTP/1.1" 200 -
172.22.2.4 - - [18/Sep/2022:15:27:54 -0500] "GET /BLA/boletinlegal/ HTTP/1.1" 200 58575
201.245.192.253 - - [18/Sep/2022:15:29:37 -0500] "POST /kwsrmcab/Wsrmcab HTTP/1.1" 200 41792
201.245.192.253 - - [18/Sep/2022:15:29:41 -0500] "POST /kwsrmcab/Wsrmcab HTTP/1.1" 200 42906
157.55.39.202 - - [18/Sep/2022:15:29:57 -0500] "GET /BLA/resoluciones/RESOLUCIONES%202021/0755.pdf HTTP/1.1" 200 481690
216.245.221.92 - - [18/Sep/2022:15:30:39 -0500] "HEAD / HTTP/1.1" 200 -
201.245.192.253 - - [18/Sep/2022:15:33:39 -0500] "POST /kwsrmcab/Wsrmcab  HTTP/1.1" 200 37989
172.22.2.4 - - [18/Sep/2022:15:32:54 -0500] "HEAD /BLA/boletinlegal/ HTTP/1.1" 200 -
172.22.2.4 - - [18/Sep/2022:15:33:44 -0500] "GET /BLA/boletinlegal/ HTTP/1.1" 200 56376
216.245.221.92 - - [18/Sep/2022:15:35:40 -0500] "HEAD / HTTP/1.1" 200 -
172.22.2.4 - - [18/Sep/2022:15:34:41 -0500] "GET /BLA/boletinlegal/ HTTP/1.1" 200 58575
80.94.92.231 - - [18/Sep/2022:15:36:49 -0500] "GET / HTTP/1.1" 200 319
172.22.2.4 - - [18/Sep/2022:15:37:04 -0500] "GET /BLA/boletinlegal/Circulares/2012/Circular%20No.%2012%20del%2028%20de%20Agosto%20de%202012.pdf HTTP/1.1" 304 -
172.22.2.4 - - [18/Sep/2022:15:38:29 -0500] "GET /BLA/boletinlegal/Circulares/2019/.pdf HTTP/1.1" 404 1218
172.22.2.4 - - [18/Sep/2022:15:38:39 -0500] "GET /BLA/boletinlegal/Circulares/2012/Circular%20No.%2010%20del%2026%20de%20Enero%20de%202012.pdf HTTP/1.1" 404 1218
201.245.192.253 - - [18/Sep/2022:15:38:38 -0500] "POST /kwsrmcab/Wsrmcab  HTTP/1.1" 200 37989
201.245.192.253 - - [18/Sep/2022:15:39:38 -0500] "POST /kwsrmcab/Wsrmcab HTTP/1.1" 200 41792
201.245.192.253 - - [18/Sep/2022:15:39:42 -0500] "POST /kwsrmcab/Wsrmcab HTTP/1.1" 200 42906
172.22.2.4 - - [18/Sep/2022:15:38:44 -0500] "HEAD /BLA/boletinlegal/ HTTP/1.1" 200 -
216.245.221.92 - - [18/Sep/2022:15:40:39 -0500] "HEAD / HTTP/1.1" 200 -
172.22.2.4 - - [18/Sep/2022:15:39:35 -0500] "GET /BLA/boletinlegal/ HTTP/1.1" 200 60281
201.245.192.253 - - [18/Sep/2022:15:43:38 -0500] "POST /kwsrmcab/Wsrmcab  HTTP/1.1" 200 37989
157.55.39.200 - - [18/Sep/2022:15:44:36 -0500] "GET /BLA/resoluciones/index.php?dir=AUTOS+2022%2F HTTP/1.1" 200 262665
157.55.39.202 - - [18/Sep/2022:15:44:58 -0500] "GET /BLA/resoluciones/dlf/styles.css HTTP/1.1" 200 3049
216.245.221.92 - - [18/Sep/2022:15:45:39 -0500] "HEAD / HTTP/1.1" 200 -
207.46.13.131 - - [18/Sep/2022:15:45:44 -0500] "GET /BLA/resoluciones/RESOLUCIONES%202000/2000%201750-1799.tif HTTP/1.1" 200 5276949
172.22.2.4 - - [18/Sep/2022:15:44:34 -0500] "HEAD /BLA/boletinlegal/ HTTP/1.1" 200 -
172.22.2.4 - - [18/Sep/2022:15:45:24 -0500] "GET /BLA/boletinlegal/ HTTP/1.1" 200 58163
201.245.192.253 - - [18/Sep/2022:15:48:37 -0500] "POST /kwsrmcab/Wsrmcab  HTTP/1.1" 200 37989
172.22.2.4 - - [18/Sep/2022:15:49:16 -0500] "GET /BLA/boletinlegal/favicon.ico HTTP/1.1" 404 1018
172.22.2.4 - - [18/Sep/2022:15:48:59 -0500] "GET /BLA/boletinlegal/ HTTP/1.1" 200 20427
172.22.2.4 - - [18/Sep/2022:15:49:00 -0500] "GET /BLA/boletinlegal/ HTTP/1.1" 200 32715
216.245.221.92 - - [18/Sep/2022:15:50:39 -0500] "HEAD / HTTP/1.1" 200 -
172.22.2.4 - - [18/Sep/2022:15:50:24 -0500] "HEAD /BLA/boletinlegal/ HTTP/1.1" 200 -
172.22.2.4 - - [18/Sep/2022:15:51:14 -0500] "GET /BLA/boletinlegal/ HTTP/1.1" 200 52877
66.249.66.197 - - [18/Sep/2022:15:53:18 -0500] "-" 408 -
201.245.192.253 - - [18/Sep/2022:15:53:36 -0500] "POST /kwsrmcab/Wsrmcab  HTTP/1.1" 200 37989
172.22.2.4 - - [18/Sep/2022:15:53:45 -0500] "GET /BLA/boletinlegal/Directivas/2016/Directiva%20No.%2001%20del%2012%20de%20Abril%20de%202016.pdf HTTP/1.1" 304 -
216.245.221.92 - - [18/Sep/2022:15:55:39 -0500] "HEAD / HTTP/1.1" 200 -
172.22.2.4 - - [18/Sep/2022:15:56:14 -0500] "HEAD /BLA/boletinlegal/ HTTP/1.1" 200 -
201.245.192.253 - - [18/Sep/2022:15:58:34 -0500] "POST /kwsrmcab/Wsrmcab  HTTP/1.1" 200 37989
172.22.2.4 - - [18/Sep/2022:15:57:04 -0500] "GET /BLA/boletinlegal/ HTTP/1.1" 200 55630
186.119.249.240 - - [18/Sep/2022:15:59:48 -0500] "GET /BLA/resoluciones/RESOLUCIONES%202016/1002.pdf HTTP/1.1" 200 2515842
186.119.249.240 - - [18/Sep/2022:15:59:49 -0500] "GET /favicon.ico HTTP/1.1" 200 7782
181.48.255.196 - - [18/Sep/2022:15:59:50 -0500] "GET /BLA/resoluciones/RESOLUCIONES%202016/1002.pdf HTTP/1.1" 200 2515842
66.249.66.85 - - [18/Sep/2022:15:59:52 -0500] "-" 408 -
216.245.221.92 - - [18/Sep/2022:16:00:39 -0500] "HEAD / HTTP/1.1" 200 -
172.22.2.4 - - [18/Sep/2022:16:02:00 -0500] "GET /BLA/boletinlegal/consulta_actos.php?tipo=autos&no=1561&usuario=&sector=&fecha=2022&resuelve= HTTP/1.1" 200 1078
172.22.2.4 - - [18/Sep/2022:16:02:00 -0500] "GET /BLA/boletinlegal/consulta_actos.php?tipo=autos&no=1561&usuario=&sector=&fecha=2022&resuelve= HTTP/1.1" 200 1078
190.24.106.180 - - [18/Sep/2022:16:02:04 -0500] "GET /BLA/resoluciones/AUTOS%202022/1561.pdf HTTP/1.1" 200 405080
201.245.192.253 - - [18/Sep/2022:16:03:32 -0500] "POST /kwsrmcab/Wsrmcab  HTTP/1.1" 200 37989
172.22.2.4 - - [18/Sep/2022:16:02:04 -0500] "HEAD /BLA/boletinlegal/ HTTP/1.1" 200 -
186.102.52.214 - - [18/Sep/2022:16:03:59 -0500] "GET /kwssiamovil/sm/acme/u?s=U2FsdGVkX1/sQyeZUO52/3aN9gZUKdXIRBfHhjx4c1cixV9ZMcYD6/fjLi3AOWKVLVgPe/bQoB5zB3mA/vruyF5ga8sblHhTPSf+90+ZSAFQjHfmdPdLQkUFiKPWxW4y5a6PQaCy6bJ2+QbV6Uf6wQ==&u=U2FsdGVkX19yA5a2ia+EvUa57mw2Zj6RfpD8o/3lI+fgcRKWBryrulYgFGQyFJ3/&y=U2FsdGVkX19pMIP+kpfI3vQ+6UkWwLL3t/UG9b2mnokSBOdHuptdWCyMCh/w21V4 HTTP/1.1" 200 60
172.22.2.4 - - [18/Sep/2022:16:02:54 -0500] "GET /BLA/boletinlegal/ HTTP/1.1" 200 58163
172.22.2.4 - - [18/Sep/2022:16:04:40 -0500] "GET /BLA/boletinlegal/Circulares/2022/CIRCULAR%20No.%2000004%20DEL%2019%20DE%20MAYO%20DEL%202022.pdf HTTP/1.1" 200 252981
172.22.2.4 - - [18/Sep/2022:16:04:40 -0500] "GET /BLA/boletinlegal/favicon.ico HTTP/1.1" 404 1400
172.22.2.4 - - [18/Sep/2022:16:05:18 -0500] "GET /BLA/boletinlegal/style.css HTTP/1.1" 200 9406
172.22.2.4 - - [18/Sep/2022:16:05:18 -0500] "GET /BLA/boletinlegal/styles2.css HTTP/1.1" 200 1838
172.22.2.4 - - [18/Sep/2022:16:05:18 -0500] "GET /BLA/boletinlegal/js/jquery.scrollTo-min.js HTTP/1.1" 200 1150
172.22.2.4 - - [18/Sep/2022:16:05:18 -0500] "GET /BLA/boletinlegal/js/jquery.js HTTP/1.1" 200 57254
172.22.2.4 - - [18/Sep/2022:16:05:18 -0500] "GET /BLA/boletinlegal/js/jquery.scrollShow.js HTTP/1.1" 200 4586
172.22.2.4 - - [18/Sep/2022:16:05:18 -0500] "GET /BLA/boletinlegal/images/cabezote%20BLEGAL.jpg HTTP/1.1" 200 118164
172.22.2.4 - - [18/Sep/2022:16:05:18 -0500] "GET /BLA/boletinlegal/images/subscribe-icon-big.png HTTP/1.1" 200 47702
172.22.2.4 - - [18/Sep/2022:16:05:18 -0500] "GET /BLA/boletinlegal/images/registro-usuarios.png HTTP/1.1" 200 8106
172.22.2.4 - - [18/Sep/2022:16:05:18 -0500] "GET /BLA/boletinlegal/images/historia.png HTTP/1.1" 200 52775
172.22.2.4 - - [18/Sep/2022:16:05:18 -0500] "GET /BLA/boletinlegal/images/arr_l.jpg HTTP/1.1" 200 1979
172.22.2.4 - - [18/Sep/2022:16:05:18 -0500] "GET /BLA/boletinlegal/images/screen_1.png HTTP/1.1" 200 202547
172.22.2.4 - - [18/Sep/2022:16:05:18 -0500] "GET /BLA/boletinlegal/images/launch.jpg HTTP/1.1" 200 14577
172.22.2.4 - - [18/Sep/2022:16:05:19 -0500] "GET /BLA/boletinlegal/images/body_bg.jpg HTTP/1.1" 200 1601
172.22.2.4 - - [18/Sep/2022:16:05:19 -0500] "GET /BLA/boletinlegal/images/menu_lft.gif HTTP/1.1" 200 1713
172.22.2.4 - - [18/Sep/2022:16:05:19 -0500] "GET /BLA/boletinlegal/images/bg_top.jpg HTTP/1.1" 200 522
172.22.2.4 - - [18/Sep/2022:16:05:19 -0500] "GET /BLA/boletinlegal/images/menu_rght.gif HTTP/1.1" 200 1627
172.22.2.4 - - [18/Sep/2022:16:05:19 -0500] "GET /BLA/boletinlegal/images/menu_bg.jpg HTTP/1.1" 200 620
172.22.2.4 - - [18/Sep/2022:16:05:19 -0500] "GET /BLA/boletinlegal/images/hover.jpg HTTP/1.1" 200 640
172.22.2.4 - - [18/Sep/2022:16:05:19 -0500] "GET /BLA/boletinlegal/images/text.jpg HTTP/1.1" 200 568
172.22.2.4 - - [18/Sep/2022:16:05:21 -0500] "GET /BLA/boletinlegal/actos.php HTTP/1.1" 200 9559
172.22.2.4 - - [18/Sep/2022:16:05:21 -0500] "GET /BLA/boletinlegal/js/ajax_actos.js HTTP/1.1" 200 1322
172.22.2.4 - - [18/Sep/2022:16:05:21 -0500] "GET /BLA/boletinlegal/niceforms-default.css HTTP/1.1" 200 6694
172.22.2.4 - - [18/Sep/2022:16:05:21 -0500] "GET /BLA/boletinlegal/js/lib.js HTTP/1.1" 200 6474
172.22.2.4 - - [18/Sep/2022:16:05:21 -0500] "GET /BLA/boletinlegal/niceforms.js HTTP/1.1" 200 22876
172.22.2.4 - - [18/Sep/2022:16:05:21 -0500] "GET /BLA/boletinlegal/js/popup.js HTTP/1.1" 200 1270
172.22.2.4 - - [18/Sep/2022:16:05:21 -0500] "GET /BLA/boletinlegal/js/jquery1.js HTTP/1.1" 200 29846
172.22.2.4 - - [18/Sep/2022:16:05:21 -0500] "GET /BLA/boletinlegal/images/green-yellow-blue-pink-th.png HTTP/1.1" 200 7394
172.22.2.4 - - [18/Sep/2022:16:05:21 -0500] "GET /BLA/boletinlegal/images/abajo.png HTTP/1.1" 200 96676
172.22.2.4 - - [18/Sep/2022:16:05:21 -0500] "GET /BLA/boletinlegal/images/tel.png HTTP/1.1" 200 14477
172.22.2.4 - - [18/Sep/2022:16:05:21 -0500] "GET /BLA/boletinlegal/images/footer_bg.jpg HTTP/1.1" 200 586
172.22.2.4 - - [18/Sep/2022:16:05:21 -0500] "GET /BLA/boletinlegal/images/icono-email.png HTTP/1.1" 200 5544
172.22.2.4 - - [18/Sep/2022:16:05:21 -0500] "GET /BLA/boletinlegal/images/footer_bg_l.jpg HTTP/1.1" 200 776
172.22.2.4 - - [18/Sep/2022:16:05:21 -0500] "GET /BLA/boletinlegal/img/0.png HTTP/1.1" 200 110
172.22.2.4 - - [18/Sep/2022:16:05:21 -0500] "GET /BLA/boletinlegal/img/select-left.png HTTP/1.1" 200 263
172.22.2.4 - - [18/Sep/2022:16:05:21 -0500] "GET /BLA/boletinlegal/img/select-right.png HTTP/1.1" 200 44019
172.22.2.4 - - [18/Sep/2022:16:05:21 -0500] "GET /BLA/boletinlegal/img/button-left.png HTTP/1.1" 200 57071
172.22.2.4 - - [18/Sep/2022:16:05:21 -0500] "GET /BLA/boletinlegal/img/button.png HTTP/1.1" 200 43241
172.22.2.4 - - [18/Sep/2022:16:05:21 -0500] "GET /BLA/boletinlegal/img/button-right.png HTTP/1.1" 200 57878
172.22.2.4 - - [18/Sep/2022:16:05:21 -0500] "GET /BLA/boletinlegal/favicon.ico HTTP/1.1" 404 1326
186.155.19.148 - - [18/Sep/2022:16:05:24 -0500] "GET /BLA/resoluciones/ HTTP/1.1" 200 13093
186.155.19.148 - - [18/Sep/2022:16:05:24 -0500] "GET /BLA/resoluciones/dlf/styles.css HTTP/1.1" 200 3049
186.155.19.148 - - [18/Sep/2022:16:05:24 -0500] "GET /BLA/resoluciones/dlf/folder.png HTTP/1.1" 200 410
186.155.19.148 - - [18/Sep/2022:16:05:24 -0500] "GET /BLA/resoluciones/dlf/bg.gif HTTP/1.1" 200 54
172.22.2.4 - - [18/Sep/2022:16:05:25 -0500] "GET /BLA/boletinlegal/images/arr_r.jpg HTTP/1.1" 200 1998
172.22.2.4 - - [18/Sep/2022:16:05:25 -0500] "GET /BLA/boletinlegal/images/screen_3.png HTTP/1.1" 200 210620
172.22.2.4 - - [18/Sep/2022:16:05:25 -0500] "GET /BLA/boletinlegal/images/screen_2.png HTTP/1.1" 200 362502
172.22.2.4 - - [18/Sep/2022:16:05:25 -0500] "GET /BLA/boletinlegal/images/screen_5.png HTTP/1.1" 200 368876
172.22.2.4 - - [18/Sep/2022:16:05:33 -0500] "GET /BLA/boletinlegal/images/pdf.gif HTTP/1.1" 200 567
216.245.221.92 - - [18/Sep/2022:16:05:39 -0500] "HEAD / HTTP/1.1" 200 -
186.155.19.148 - - [18/Sep/2022:16:06:05 -0500] "GET /BLA/resoluciones/dlf/dirup.png HTTP/1.1" 200 644
186.155.19.148 - - [18/Sep/2022:16:06:05 -0500] "GET /BLA/resoluciones/dlf/pdf.gif HTTP/1.1" 200 272
186.155.19.148 - - [18/Sep/2022:16:06:05 -0500] "GET /BLA/resoluciones/index.php?dir=AUTOS+2022%2F HTTP/1.1" 200 262665
172.22.2.4 - - [18/Sep/2022:16:05:17 -0500] "GET /BLA/boletinlegal/ HTTP/1.1" 200 63207
66.249.66.139 - - [18/Sep/2022:16:08:19 -0500] "-" 408 -
201.245.192.253 - - [18/Sep/2022:16:08:32 -0500] "POST /kwsrmcab/Wsrmcab  HTTP/1.1" 200 37989
157.55.39.188 - - [18/Sep/2022:16:08:37 -0500] "GET /BLA/resoluciones/RESOLUCIONES%202000/2000%20350-399.tif HTTP/1.1" 200 4678251
172.22.2.4 - - [18/Sep/2022:16:07:54 -0500] "HEAD /BLA/boletinlegal/ HTTP/1.1" 200 -
172.22.2.4 - - [18/Sep/2022:16:08:44 -0500] "GET /BLA/boletinlegal/ HTTP/1.1" 200 58955
216.245.221.92 - - [18/Sep/2022:16:10:39 -0500] "HEAD / HTTP/1.1" 200 -
23.100.232.233 - - [18/Sep/2022:16:11:09 -0500] "GET /BLA/boletinlegal/js/jquery.scrollShow.js HTTP/1.1" 200 4586
23.100.232.233 - - [18/Sep/2022:16:11:09 -0500] "GET /galeria/galeria/jquery.fancybox.js?v=2.1.5 HTTP/1.1" 200 48706
23.100.232.233 - - [18/Sep/2022:16:11:09 -0500] "GET /galeria/galeria/jquery.fancybox.css?v=2.1.5 HTTP/1.1" 200 4895
157.55.39.201 - - [18/Sep/2022:16:11:21 -0500] "GET /BLA/resoluciones/2002RES137.tif HTTP/1.1" 404 1018
172.22.2.4 - - [18/Sep/2022:16:12:14 -0500] "GET /BLA/boletinlegal/Directivas/2018/Directiva%20No.%2023%20del%2026%20de%20diciembre%20de%202018.pdf HTTP/1.1" 200 481134
170.187.155.78 - - [18/Sep/2022:16:13:25 -0500] "GET / HTTP/1.0" 200 319
201.245.192.253 - - [18/Sep/2022:16:13:31 -0500] "POST /kwsrmcab/Wsrmcab  HTTP/1.1" 200 37989
172.22.2.4 - - [18/Sep/2022:16:13:44 -0500] "HEAD /BLA/boletinlegal/ HTTP/1.1" 200 -
216.245.221.92 - - [18/Sep/2022:16:15:39 -0500] "HEAD / HTTP/1.1" 200 -
66.249.66.45 - - [18/Sep/2022:16:16:13 -0500] "-" 408 -
172.22.2.4 - - [18/Sep/2022:16:14:34 -0500] "GET /BLA/boletinlegal/ HTTP/1.1" 200 58163
201.245.192.253 - - [18/Sep/2022:16:18:30 -0500] "POST /kwsrmcab/Wsrmcab  HTTP/1.1" 200 37989
205.210.31.25 - - [18/Sep/2022:16:19:26 -0500] "GET / HTTP/1.1" 200 319
201.245.192.253 - - [18/Sep/2022:16:19:38 -0500] "POST /kwsrmcab/Wsrmcab HTTP/1.1" 200 41957
201.245.192.253 - - [18/Sep/2022:16:19:42 -0500] "POST /kwsrmcab/Wsrmcab HTTP/1.1" 200 42294
157.55.39.18 - - [18/Sep/2022:16:19:48 -0500] "-" 408 -
216.245.221.92 - - [18/Sep/2022:16:20:39 -0500] "HEAD / HTTP/1.1" 200 -
172.22.2.4 - - [18/Sep/2022:16:19:34 -0500] "HEAD /BLA/boletinlegal/ HTTP/1.1" 200 -
170.187.155.78 - - [18/Sep/2022:16:21:16 -0500] "GET / HTTP/1.0" 200 319
170.187.155.78 - - [18/Sep/2022:16:21:16 -0500] "GET /nmaplowercheck1663535923 HTTP/1.1" 404 1043
170.187.155.78 - - [18/Sep/2022:16:21:16 -0500] "GET / HTTP/1.1" 200 319
170.187.155.78 - - [18/Sep/2022:16:21:16 -0500] "GET /evox/about HTTP/1.1" 404 1043
172.22.2.4 - - [18/Sep/2022:16:20:24 -0500] "GET /BLA/boletinlegal/ HTTP/1.1" 200 58163
201.245.192.253 - - [18/Sep/2022:16:23:29 -0500] "POST /kwsrmcab/Wsrmcab  HTTP/1.1" 200 37989
186.102.18.126 - - [18/Sep/2022:16:24:23 -0500] "GET /galeria/galeria/jquery.fancybox.css?v=2.1.5 HTTP/1.1" 200 4895
186.102.18.126 - - [18/Sep/2022:16:24:23 -0500] "GET /BLA/boletinlegal/js/jquery.scrollShow.js HTTP/1.1" 200 4586
186.102.18.126 - - [18/Sep/2022:16:24:23 -0500] "GET /galeria/galeria/jquery.fancybox.js?v=2.1.5 HTTP/1.1" 200 48706
186.102.18.126 - - [18/Sep/2022:16:24:24 -0500] "GET /galeria/carrusel/Carrusel/jquery.thumbnailScroller.css HTTP/1.1" 200 2066
186.102.18.126 - - [18/Sep/2022:16:24:25 -0500] "GET /galeria/carrusel/Carrusel/jquery-ui-1.8.13.custom.min.js HTTP/1.1" 200 10800
186.102.18.126 - - [18/Sep/2022:16:24:25 -0500] "GET /galeria/carrusel/Carrusel/jquery.thumbnailScroller.js HTTP/1.1" 200 8157
186.102.18.126 - - [18/Sep/2022:16:24:26 -0500] "GET /galeria/nivo-slider/demo/banner.html HTTP/1.1" 200 5446
186.102.18.126 - - [18/Sep/2022:16:24:27 -0500] "GET /galeria/nivo-slider/themes/default/default.css HTTP/1.1" 200 1569
186.102.18.126 - - [18/Sep/2022:16:24:27 -0500] "GET /galeria/nivo-slider/themes/pascal/pascal.css HTTP/1.1" 200 2258
186.102.18.126 - - [18/Sep/2022:16:24:28 -0500] "GET /galeria/nivo-slider/themes/orman/orman.css HTTP/1.1" 200 2152
186.102.18.126 - - [18/Sep/2022:16:24:28 -0500] "GET /galeria/nivo-slider/nivo-slider.css HTTP/1.1" 200 1507
186.102.18.126 - - [18/Sep/2022:16:24:28 -0500] "GET /galeria/nivo-slider/demo/style.css HTTP/1.1" 200 2222
186.102.18.126 - - [18/Sep/2022:16:24:28 -0500] "GET /galeria/nivo-slider/demo/images/Bannersedeelectronica.jpg HTTP/1.1" 200 40383
186.102.18.126 - - [18/Sep/2022:16:24:28 -0500] "GET /galeria/nivo-slider/demo/images/Bannermujeresquereverdecen.jpg HTTP/1.1" 200 46558
186.102.18.126 - - [18/Sep/2022:16:24:28 -0500] "GET /galeria/nivo-slider/demo/images/bannertrafico_optimized.jpg HTTP/1.1" 200 42578
186.102.18.126 - - [18/Sep/2022:16:24:29 -0500] "GET /galeria/nivo-slider/demo/images/banneraire2021.jpg HTTP/1.1" 200 265101
186.102.18.126 - - [18/Sep/2022:16:24:29 -0500] "GET /galeria/nivo-slider/demo/images/bannerrutaesperanza.jpg HTTP/1.1" 200 55560
186.102.18.126 - - [18/Sep/2022:16:24:29 -0500] "GET /galeria/nivo-slider/demo/images/Bannerplasticosseptiembre.jpg HTTP/1.1" 200 45633
157.55.39.153 - - [18/Sep/2022:16:25:17 -0500] "GET /portaldeninos/wp-content/uploads/2021/10/infografia-fauna-ni%C3%B1os-ambientic-43x146.jpg HTTP/1.1" 200 3183
216.245.221.92 - - [18/Sep/2022:16:25:39 -0500] "HEAD / HTTP/1.1" 200 -
172.22.2.4 - - [18/Sep/2022:16:25:25 -0500] "HEAD /BLA/boletinlegal/ HTTP/1.1" 200 -
172.22.2.4 - - [18/Sep/2022:16:26:15 -0500] "GET /BLA/boletinlegal/ HTTP/1.1" 200 58163
201.245.192.253 - - [18/Sep/2022:16:28:29 -0500] "POST /kwsrmcab/Wsrmcab  HTTP/1.1" 200 37989
173.252.95.21 - - [18/Sep/2022:16:28:45 -0500] "GET /acercar-programa-del-distrito-para-ayudar-a-las-empresas-a-crecer-de-manera-sostenible.html HTTP/1.1" 206 979
201.245.192.253 - - [18/Sep/2022:16:29:38 -0500] "POST /kwsrmcab/Wsrmcab HTTP/1.1" 200 41957
201.245.192.253 - - [18/Sep/2022:16:29:42 -0500] "POST /kwsrmcab/Wsrmcab HTTP/1.1" 200 42294
173.252.95.24 - - [18/Sep/2022:16:30:02 -0500] "GET /bogota-se-alista-para-la-feria-de-emprendimiento-verde.html HTTP/1.1" 206 862
216.245.221.92 - - [18/Sep/2022:16:30:39 -0500] "HEAD / HTTP/1.1" 200 -
185.119.81.104 - - [18/Sep/2022:16:32:27 -0500] "GET /portaldeninos/wp-login.php HTTP/1.1" 200 2592
185.119.81.104 - - [18/Sep/2022:16:32:29 -0500] "POST /portaldeninos/wp-login.php HTTP/1.1" 200 3605
172.22.2.4 - - [18/Sep/2022:16:31:14 -0500] "HEAD /BLA/boletinlegal/ HTTP/1.1" 200 -
201.245.192.253 - - [18/Sep/2022:16:33:28 -0500] "POST /kwsrmcab/Wsrmcab  HTTP/1.1" 200 37989
172.22.2.4 - - [18/Sep/2022:16:32:05 -0500] "GET /BLA/boletinlegal/ HTTP/1.1" 200 57725
172.22.2.4 - - [18/Sep/2022:16:34:48 -0500] "GET /BLA/boletinlegal/jurisprudencia/analisis/CUADRO%20ANALISIS%20SENTENCIA%20T-411%20DE%201992.doc HTTP/1.1" 200 41984
186.83.160.44 - - [18/Sep/2022:16:35:07 -0500] "GET /portaldeninos/parque-mirador-de-los-nevados/ HTTP/1.1" 200 89855
186.83.160.44 - - [18/Sep/2022:16:35:08 -0500] "GET /portaldeninos/wp-content/uploads/useanyfont/uaf.css?ver=1589905315 HTTP/1.1" 200 408
186.83.160.44 - - [18/Sep/2022:16:35:08 -0500] "GET /portaldeninos/wp-content/themes/betheme/style.css?ver=20.9.6 HTTP/1.1" 200 287
186.83.160.44 - - [18/Sep/2022:16:35:08 -0500] "GET /portaldeninos/wp-includes/js/wp-emoji-release.min.js?ver=4.9.8 HTTP/1.1" 200 12026
186.83.160.44 - - [18/Sep/2022:16:35:08 -0500] "GET /portaldeninos/wp-content/themes/betheme/css/base.css?ver=20.9.6 HTTP/1.1" 200 57283
186.83.160.44 - - [18/Sep/2022:16:35:08 -0500] "GET /portaldeninos/wp-content/plugins/gallery-videos/CSS/Total-Soft-Gallery-Video-Widget.css?ver=4.9.8 HTTP/1.1" 200 51554
186.83.160.44 - - [18/Sep/2022:16:35:08 -0500] "GET /portaldeninos/wp-content/themes/betheme/assets/animations/animations.min.css?ver=20.9.6 HTTP/1.1" 200 58508
186.83.160.44 - - [18/Sep/2022:16:35:08 -0500] "GET /portaldeninos/wp-content/themes/betheme/assets/ui/jquery.ui.all.css?ver=20.9.6 HTTP/1.1" 200 18765
186.83.160.44 - - [18/Sep/2022:16:35:08 -0500] "GET /portaldeninos/wp-content/plugins/gallery-videos/CSS/totalsoft.css?ver=4.9.8 HTTP/1.1" 200 40622
186.83.160.44 - - [18/Sep/2022:16:35:08 -0500] "GET /portaldeninos/wp-content/themes/betheme/assets/jplayer/css/jplayer.blue.monday.css?ver=20.9.6 HTTP/1.1" 200 9834
186.83.160.44 - - [18/Sep/2022:16:35:08 -0500] "GET /portaldeninos/wp-includes/js/jquery/jquery-migrate.min.js?ver=1.4.1 HTTP/1.1" 200 10056
186.83.160.44 - - [18/Sep/2022:16:35:08 -0500] "GET /portaldeninos/wp-content/plugins/google-analytics-for-wordpress/assets/js/frontend-gtag.min.js?ver=8.5.0 HTTP/1.1" 200 11801
186.83.160.44 - - [18/Sep/2022:16:35:08 -0500] "GET /portaldeninos/wp-content/themes/betheme/css/layout.css?ver=20.9.6 HTTP/1.1" 200 116639
186.83.160.44 - - [18/Sep/2022:16:35:08 -0500] "GET /portaldeninos/wp-includes/js/jquery/ui/core.min.js?ver=1.11.4 HTTP/1.1" 200 4000
186.83.160.44 - - [18/Sep/2022:16:35:08 -0500] "GET /portaldeninos/wp-content/themes/betheme/css/responsive.css?ver=20.9.6 HTTP/1.1" 200 55740
186.83.160.44 - - [18/Sep/2022:16:35:08 -0500] "GET /portaldeninos/wp-content/themes/betheme/css/shortcodes.css?ver=20.9.6 HTTP/1.1" 200 138889
186.83.160.44 - - [18/Sep/2022:16:35:09 -0500] "GET /portaldeninos/wp-content/plugins/gallery-videos/JS/modernizr.custom.js?ver=4.9.8 HTTP/1.1" 200 9019
186.83.160.44 - - [18/Sep/2022:16:35:09 -0500] "GET /portaldeninos/wp-content/plugins/gallery-videos/JS/Total-Soft-Gallery-Video-Widget.js?ver=4.9.8 HTTP/1.1" 200 80264
186.83.160.44 - - [18/Sep/2022:16:35:08 -0500] "GET /portaldeninos/wp-includes/js/jquery/jquery.js?ver=1.12.4 HTTP/1.1" 200 97184
186.83.160.44 - - [18/Sep/2022:16:35:09 -0500] "GET /portaldeninos/wp-includes/js/jquery/ui/widget.min.js?ver=1.11.4 HTTP/1.1" 200 6908
186.83.160.44 - - [18/Sep/2022:16:35:09 -0500] "GET /portaldeninos/wp-includes/js/jquery/ui/mouse.min.js?ver=1.11.4 HTTP/1.1" 200 3148
186.83.160.44 - - [18/Sep/2022:16:35:09 -0500] "GET /portaldeninos/wp-content/themes/betheme/js/menu.js?ver=20.9.6 HTTP/1.1" 200 2449
186.83.160.44 - - [18/Sep/2022:16:35:09 -0500] "GET /portaldeninos/wp-includes/js/jquery/ui/accordion.min.js?ver=1.11.4 HTTP/1.1" 200 8584
186.83.160.44 - - [18/Sep/2022:16:35:09 -0500] "GET /portaldeninos/wp-content/themes/betheme/assets/animations/animations.min.js?ver=20.9.6 HTTP/1.1" 200 1896
186.83.160.44 - - [18/Sep/2022:16:35:09 -0500] "GET /portaldeninos/wp-includes/js/jquery/ui/tabs.min.js?ver=1.11.4 HTTP/1.1" 200 12110
186.83.160.44 - - [18/Sep/2022:16:35:09 -0500] "GET /portaldeninos/wp-includes/js/jquery/ui/sortable.min.js?ver=1.11.4 HTTP/1.1" 200 24899
186.83.160.44 - - [18/Sep/2022:16:35:09 -0500] "GET /portaldeninos/wp-content/themes/betheme/assets/jplayer/jplayer.min.js?ver=20.9.6 HTTP/1.1" 200 52702
186.83.160.44 - - [18/Sep/2022:16:35:09 -0500] "GET /portaldeninos/wp-content/uploads/2021/07/imagenes-con-marcos-pa%CC%81gina-de-nin%CC%83os-parque-los-nevados.jpg HTTP/1.1" 200 48675
186.83.160.44 - - [18/Sep/2022:16:35:09 -0500] "GET /portaldeninos/wp-content/themes/betheme/js/scripts.js?ver=20.9.6 HTTP/1.1" 200 77162
186.83.160.44 - - [18/Sep/2022:16:35:09 -0500] "GET /portaldeninos/wp-includes/js/wp-embed.min.js?ver=4.9.8 HTTP/1.1" 200 1398
186.83.160.44 - - [18/Sep/2022:16:35:09 -0500] "GET /portaldeninos/wp-content/themes/betheme/fonts/mfn-icons.woff?93978679 HTTP/1.1" 200 80932
186.83.160.44 - - [18/Sep/2022:16:35:09 -0500] "GET /portaldeninos/wp-content/themes/betheme/images/box_shadow.png HTTP/1.1" 200 108
186.83.160.44 - - [18/Sep/2022:16:35:09 -0500] "GET /portaldeninos/wp-content/themes/betheme/js/plugins.js?ver=20.9.6 HTTP/1.1" 200 197151
186.83.160.44 - - [18/Sep/2022:16:35:09 -0500] "GET /portaldeninos/wp-content/uploads/2021/07/Banners-pa%CC%81gina-de-nin%CC%83os5.jpg HTTP/1.1" 200 33413
186.83.160.44 - - [18/Sep/2022:16:35:09 -0500] "GET /portaldeninos/wp-content/uploads/2019/08/Logo-Ambientic.png HTTP/1.1" 200 22941
216.245.221.92 - - [18/Sep/2022:16:35:39 -0500] "HEAD / HTTP/1.1" 200 -
186.83.160.44 - - [18/Sep/2022:16:35:09 -0500] "GET /portaldeninos/wp-content/uploads/2021/07/Recorrido-Aula-Mirador-de-los-Nevados.mp4 HTTP/1.1" 206 8566339
172.22.2.4 - - [18/Sep/2022:16:36:42 -0500] "GET /BLA/boletinlegal/?XDEBUG_SESSION_START=phpstorm HTTP/1.1" 200 24523
201.245.192.253 - - [18/Sep/2022:16:38:27 -0500] "POST /kwsrmcab/Wsrmcab  HTTP/1.1" 200 37989
172.22.2.4 - - [18/Sep/2022:16:37:04 -0500] "HEAD /BLA/boletinlegal/ HTTP/1.1" 200 -
172.22.2.4 - - [18/Sep/2022:16:37:55 -0500] "GET /BLA/boletinlegal/ HTTP/1.1" 200 57725
201.245.192.253 - - [18/Sep/2022:16:39:38 -0500] "POST /kwsrmcab/Wsrmcab HTTP/1.1" 200 41957
201.245.192.253 - - [18/Sep/2022:16:39:41 -0500] "POST /kwsrmcab/Wsrmcab HTTP/1.1" 200 42294
186.147.241.184 - - [18/Sep/2022:16:40:08 -0500] "GET /BLA/resoluciones/RESOLUCIONES%202016/1002.pdf HTTP/1.1" 200 2515842
186.147.241.184 - - [18/Sep/2022:16:40:08 -0500] "GET /favicon.ico HTTP/1.1" 200 7782
172.22.2.4 - - [18/Sep/2022:16:40:16 -0500] "GET /BLA/boletinlegal/jurisprudencia/analisis/analisis%20C-595-2010.doc HTTP/1.1" 200 39424
216.245.221.92 - - [18/Sep/2022:16:40:39 -0500] "HEAD / HTTP/1.1" 200 -
186.83.160.44 - - [18/Sep/2022:16:40:44 -0500] "GET /portaldeninos/wp-content/uploads/2021/07/Recorrido-Aula-Mirador-de-los-Nevados.mp4 HTTP/1.1" 206 1654188
172.22.2.4 - - [18/Sep/2022:16:43:27 -0500] "GET /BLA/boletinlegal/Circulares/2011/Circular%20No.%204%20del%2014%20de%20Julio%20de%202011.pdf HTTP/1.1" 304 -
201.245.192.253 - - [18/Sep/2022:16:43:26 -0500] "POST /kwsrmcab/Wsrmcab  HTTP/1.1" 200 37989
172.22.2.4 - - [18/Sep/2022:16:44:03 -0500] "GET /BLA/boletinlegal/Directivas/2013/Directiva%20No.%201%20del%2004%20de%20Abril%20de%202013.pdf HTTP/1.1" 304 -
35.82.12.197 - - [18/Sep/2022:16:44:15 -0500] "GET /portaldeninos/wp-content/uploads/2020/06/mapa-humedales-de-bogot%C3%A1-1.jpg HTTP/1.1" 200 1170768
172.22.2.4 - - [18/Sep/2022:16:42:54 -0500] "HEAD /BLA/boletinlegal/ HTTP/1.1" 200 -
208.80.154.81 - - [18/Sep/2022:16:45:02 -0500] "GET /portaldeninos/parque-mirador-de-los-nevados/ HTTP/1.1" 200 89855
208.80.154.81 - - [18/Sep/2022:16:45:03 -0500] "GET /portaldeninos/parque-mirador-de-los-nevados/ HTTP/1.1" 200 89855
15.235.10.15 - - [18/Sep/2022:16:45:04 -0500] "GET / HTTP/1.1" 200 319
15.235.10.15 - - [18/Sep/2022:16:45:05 -0500] "GET /apple-touch-icon-precomposed.png HTTP/1.1" 404 1035
15.235.10.15 - - [18/Sep/2022:16:45:05 -0500] "GET /apple-touch-icon.png HTTP/1.1" 404 1035
15.235.10.15 - - [18/Sep/2022:16:45:05 -0500] "GET /favicon.ico HTTP/1.1" 200 7782
172.22.2.4 - - [18/Sep/2022:16:43:45 -0500] "GET /BLA/boletinlegal/ HTTP/1.1" 200 60281
216.245.221.92 - - [18/Sep/2022:16:45:39 -0500] "HEAD / HTTP/1.1" 200 -
201.245.192.253 - - [18/Sep/2022:16:48:25 -0500] "POST /kwsrmcab/Wsrmcab  HTTP/1.1" 200 37989
172.22.2.4 - - [18/Sep/2022:16:48:44 -0500] "HEAD /BLA/boletinlegal/ HTTP/1.1" 200 -
216.245.221.92 - - [18/Sep/2022:16:50:39 -0500] "HEAD / HTTP/1.1" 200 -
186.83.160.44 - - [18/Sep/2022:16:51:11 -0500] "GET /portaldeninos/wp-content/uploads/useanyfont/uaf.css?ver=1589905315 HTTP/1.1" 200 408
186.83.160.44 - - [18/Sep/2022:16:51:11 -0500] "GET /portaldeninos/wp-content/themes/betheme/style.css?ver=20.9.6 HTTP/1.1" 200 287
186.83.160.44 - - [18/Sep/2022:16:51:11 -0500] "GET /portaldeninos/wp-includes/js/wp-emoji-release.min.js?ver=4.9.8 HTTP/1.1" 200 12026
186.83.160.44 - - [18/Sep/2022:16:51:11 -0500] "GET /portaldeninos/parque-mirador-de-los-nevados/ HTTP/1.1" 200 89855
186.83.160.44 - - [18/Sep/2022:16:51:11 -0500] "GET /portaldeninos/wp-content/plugins/gallery-videos/CSS/Total-Soft-Gallery-Video-Widget.css?ver=4.9.8 HTTP/1.1" 200 51554
186.83.160.44 - - [18/Sep/2022:16:51:11 -0500] "GET /portaldeninos/wp-content/plugins/gallery-videos/CSS/totalsoft.css?ver=4.9.8 HTTP/1.1" 200 40622
186.83.160.44 - - [18/Sep/2022:16:51:11 -0500] "GET /portaldeninos/wp-content/themes/betheme/css/base.css?ver=20.9.6 HTTP/1.1" 200 57283
186.83.160.44 - - [18/Sep/2022:16:51:12 -0500] "GET /portaldeninos/wp-content/themes/betheme/assets/jplayer/css/jplayer.blue.monday.css?ver=20.9.6 HTTP/1.1" 200 9834
186.83.160.44 - - [18/Sep/2022:16:51:12 -0500] "GET /portaldeninos/wp-content/themes/betheme/assets/animations/animations.min.css?ver=20.9.6 HTTP/1.1" 200 58508
186.83.160.44 - - [18/Sep/2022:16:51:12 -0500] "GET /portaldeninos/wp-content/themes/betheme/assets/ui/jquery.ui.all.css?ver=20.9.6 HTTP/1.1" 200 18765
186.83.160.44 - - [18/Sep/2022:16:51:12 -0500] "GET /portaldeninos/wp-content/themes/betheme/css/shortcodes.css?ver=20.9.6 HTTP/1.1" 200 138889
186.83.160.44 - - [18/Sep/2022:16:51:12 -0500] "GET /portaldeninos/wp-includes/js/jquery/jquery-migrate.min.js?ver=1.4.1 HTTP/1.1" 200 10056
186.83.160.44 - - [18/Sep/2022:16:51:12 -0500] "GET /portaldeninos/wp-content/plugins/google-analytics-for-wordpress/assets/js/frontend-gtag.min.js?ver=8.5.0 HTTP/1.1" 200 11801
186.83.160.44 - - [18/Sep/2022:16:51:11 -0500] "GET /portaldeninos/wp-content/themes/betheme/css/layout.css?ver=20.9.6 HTTP/1.1" 200 116639
186.83.160.44 - - [18/Sep/2022:16:51:12 -0500] "GET /portaldeninos/wp-includes/js/jquery/ui/core.min.js?ver=1.11.4 HTTP/1.1" 200 4000
186.83.160.44 - - [18/Sep/2022:16:51:12 -0500] "GET /portaldeninos/wp-content/plugins/gallery-videos/JS/modernizr.custom.js?ver=4.9.8 HTTP/1.1" 200 9019
186.83.160.44 - - [18/Sep/2022:16:51:12 -0500] "GET /portaldeninos/wp-content/themes/betheme/css/responsive.css?ver=20.9.6 HTTP/1.1" 200 55740
186.83.160.44 - - [18/Sep/2022:16:51:12 -0500] "GET /portaldeninos/wp-content/plugins/gallery-videos/JS/Total-Soft-Gallery-Video-Widget.js?ver=4.9.8 HTTP/1.1" 200 80264
186.83.160.44 - - [18/Sep/2022:16:51:12 -0500] "GET /portaldeninos/wp-includes/js/jquery/jquery.js?ver=1.12.4 HTTP/1.1" 200 97184
186.83.160.44 - - [18/Sep/2022:16:51:12 -0500] "GET /portaldeninos/wp-includes/js/jquery/ui/widget.min.js?ver=1.11.4 HTTP/1.1" 200 6908
186.83.160.44 - - [18/Sep/2022:16:51:12 -0500] "GET /portaldeninos/wp-includes/js/jquery/ui/mouse.min.js?ver=1.11.4 HTTP/1.1" 200 3148
186.83.160.44 - - [18/Sep/2022:16:51:12 -0500] "GET /portaldeninos/wp-includes/js/jquery/ui/accordion.min.js?ver=1.11.4 HTTP/1.1" 200 8584
186.83.160.44 - - [18/Sep/2022:16:51:12 -0500] "GET /portaldeninos/wp-content/themes/betheme/js/menu.js?ver=20.9.6 HTTP/1.1" 200 2449
186.83.160.44 - - [18/Sep/2022:16:51:12 -0500] "GET /portaldeninos/wp-content/themes/betheme/assets/animations/animations.min.js?ver=20.9.6 HTTP/1.1" 200 1896
186.83.160.44 - - [18/Sep/2022:16:51:12 -0500] "GET /portaldeninos/wp-includes/js/jquery/ui/tabs.min.js?ver=1.11.4 HTTP/1.1" 200 12110
186.83.160.44 - - [18/Sep/2022:16:51:12 -0500] "GET /portaldeninos/wp-includes/js/jquery/ui/sortable.min.js?ver=1.11.4 HTTP/1.1" 200 24899
186.83.160.44 - - [18/Sep/2022:16:51:12 -0500] "GET /portaldeninos/wp-content/themes/betheme/assets/jplayer/jplayer.min.js?ver=20.9.6 HTTP/1.1" 200 52702
186.83.160.44 - - [18/Sep/2022:16:51:12 -0500] "GET /portaldeninos/wp-content/themes/betheme/fonts/mfn-icons.woff?93978679 HTTP/1.1" 200 80932
186.83.160.44 - - [18/Sep/2022:16:51:12 -0500] "GET /portaldeninos/wp-content/uploads/2021/07/Banners-pa%CC%81gina-de-nin%CC%83os5.jpg HTTP/1.1" 200 33413
186.83.160.44 - - [18/Sep/2022:16:51:12 -0500] "GET /portaldeninos/wp-content/uploads/2021/07/imagenes-con-marcos-pa%CC%81gina-de-nin%CC%83os-parque-los-nevados.jpg HTTP/1.1" 200 48675
186.83.160.44 - - [18/Sep/2022:16:51:12 -0500] "GET /portaldeninos/wp-includes/js/wp-embed.min.js?ver=4.9.8 HTTP/1.1" 200 1398
186.83.160.44 - - [18/Sep/2022:16:51:12 -0500] "GET /portaldeninos/wp-content/themes/betheme/js/scripts.js?ver=20.9.6 HTTP/1.1" 200 77162
186.83.160.44 - - [18/Sep/2022:16:51:13 -0500] "GET /portaldeninos/wp-content/themes/betheme/images/box_shadow.png HTTP/1.1" 200 108
186.83.160.44 - - [18/Sep/2022:16:51:13 -0500] "GET /portaldeninos/wp-content/uploads/2019/08/Logo-Ambientic.png HTTP/1.1" 200 22941
186.83.160.44 - - [18/Sep/2022:16:51:12 -0500] "GET /portaldeninos/wp-content/themes/betheme/js/plugins.js?ver=20.9.6 HTTP/1.1" 200 197151
172.22.2.4 - - [18/Sep/2022:16:49:35 -0500] "GET /BLA/boletinlegal/ HTTP/1.1" 200 58163
201.245.192.253 - - [18/Sep/2022:16:53:24 -0500] "POST /kwsrmcab/Wsrmcab  HTTP/1.1" 200 37989
172.22.2.4 - - [18/Sep/2022:16:55:39 -0500] "GET /BLA/boletinlegal/Directivas/2018/Directiva%20No.%2024%20del%2027%20de%20diciembre%20de%202018.pdf HTTP/1.1" 304 -
216.245.221.92 - - [18/Sep/2022:16:55:39 -0500] "HEAD / HTTP/1.1" 200 -
172.22.2.4 - - [18/Sep/2022:16:54:34 -0500] "HEAD /BLA/boletinlegal/ HTTP/1.1" 200 -
172.22.2.4 - - [18/Sep/2022:16:57:05 -0500] "POST /BLA/boletinlegal/mifs/.;/services/LogService HTTP/1.1" 404 1158
172.22.2.4 - - [18/Sep/2022:16:55:25 -0500] "GET /BLA/boletinlegal/ HTTP/1.1" 200 56376
207.46.13.184 - - [18/Sep/2022:16:57:47 -0500] "GET /portaldeninos/wp-content/uploads/2021/11/pieza-dia-medioambiente-bogota-5-junio-960x720.jpg HTTP/1.1" 200 129424
186.84.90.66 - - [18/Sep/2022:16:58:06 -0500] "GET /BLA/boletinlegal/js/jquery.scrollShow.js HTTP/1.1" 200 4586
186.84.90.66 - - [18/Sep/2022:16:58:06 -0500] "GET /galeria/galeria/jquery.fancybox.css?v=2.1.5 HTTP/1.1" 200 4895
186.84.90.66 - - [18/Sep/2022:16:58:06 -0500] "GET /galeria/galeria/jquery.fancybox.js?v=2.1.5 HTTP/1.1" 200 48706
172.22.2.4 - - [18/Sep/2022:16:56:27 -0500] "GET /BLA/boletinlegal/ HTTP/1.1" 200 60874
201.245.192.253 - - [18/Sep/2022:16:58:22 -0500] "POST /kwsrmcab/Wsrmcab  HTTP/1.1" 200 37989
209.141.35.128 - - [18/Sep/2022:16:58:52 -0500] "GET /portaldeninos/ HTTP/1.1" 200 110197
172.22.2.4 - - [18/Sep/2022:17:00:16 -0500] "GET /BLA/boletinlegal/Circulares/2019/.pdf HTTP/1.1" 404 1218
172.22.2.4 - - [18/Sep/2022:17:00:27 -0500] "GET /BLA/boletinlegal/Circulares/2012/Circular%20No.%2010%20del%2026%20de%20Enero%20de%202012.pdf HTTP/1.1" 404 1218
216.245.221.92 - - [18/Sep/2022:17:00:39 -0500] "HEAD / HTTP/1.1" 200 -
172.22.2.4 - - [18/Sep/2022:17:00:24 -0500] "HEAD /BLA/boletinlegal/ HTTP/1.1" 200 -
172.22.2.4 - - [18/Sep/2022:17:01:15 -0500] "GET /BLA/boletinlegal/ HTTP/1.1" 200 59828
201.245.192.253 - - [18/Sep/2022:17:03:21 -0500] "POST /kwsrmcab/Wsrmcab  HTTP/1.1" 200 37989
38.25.18.238 - - [18/Sep/2022:17:05:18 -0500] "GET /portaldeninos/wp-content/plugins/gallery-videos/CSS/totalsoft.css?ver=4.9.8 HTTP/1.1" 200 40622
38.25.18.238 - - [18/Sep/2022:17:05:18 -0500] "GET /portaldeninos/wp-content/plugins/gallery-videos/CSS/Total-Soft-Gallery-Video-Widget.css?ver=4.9.8 HTTP/1.1" 200 51554
38.25.18.238 - - [18/Sep/2022:17:05:21 -0500] "GET /portaldeninos/wp-content/uploads/useanyfont/uaf.css?ver=1589905315 HTTP/1.1" 200 408
38.25.18.238 - - [18/Sep/2022:17:05:21 -0500] "GET /portaldeninos/wp-content/themes/betheme/style.css?ver=20.9.6 HTTP/1.1" 200 287
38.25.18.238 - - [18/Sep/2022:17:05:21 -0500] "GET /portaldeninos/wp-content/themes/betheme/css/base.css?ver=20.9.6 HTTP/1.1" 200 57283
38.25.18.238 - - [18/Sep/2022:17:05:21 -0500] "GET /portaldeninos/wp-content/themes/betheme/assets/jplayer/css/jplayer.blue.monday.css?ver=20.9.6 HTTP/1.1" 200 9834
38.25.18.238 - - [18/Sep/2022:17:05:21 -0500] "GET /portaldeninos/wp-content/themes/betheme/css/shortcodes.css?ver=20.9.6 HTTP/1.1" 200 138889
38.25.18.238 - - [18/Sep/2022:17:05:21 -0500] "GET /portaldeninos/wp-content/themes/betheme/css/responsive.css?ver=20.9.6 HTTP/1.1" 200 55740
38.25.18.238 - - [18/Sep/2022:17:05:21 -0500] "GET /portaldeninos/wp-content/themes/betheme/assets/animations/animations.min.css?ver=20.9.6 HTTP/1.1" 200 58508
38.25.18.238 - - [18/Sep/2022:17:05:21 -0500] "GET /portaldeninos/wp-content/themes/betheme/assets/ui/jquery.ui.all.css?ver=20.9.6 HTTP/1.1" 200 18765
38.25.18.238 - - [18/Sep/2022:17:05:22 -0500] "GET /portaldeninos/wp-includes/js/jquery/jquery-migrate.min.js?ver=1.4.1 HTTP/1.1" 200 10056
38.25.18.238 - - [18/Sep/2022:17:05:22 -0500] "GET /portaldeninos/wp-includes/js/jquery/ui/core.min.js?ver=1.11.4 HTTP/1.1" 200 4000
38.25.18.238 - - [18/Sep/2022:17:05:22 -0500] "GET /portaldeninos/wp-content/plugins/google-analytics-for-wordpress/assets/js/frontend-gtag.min.js?ver=8.5.0 HTTP/1.1" 200 11801
38.25.18.238 - - [18/Sep/2022:17:05:22 -0500] "GET /portaldeninos/wp-content/plugins/gallery-videos/JS/modernizr.custom.js?ver=4.9.8 HTTP/1.1" 200 9019
38.25.18.238 - - [18/Sep/2022:17:05:22 -0500] "GET /portaldeninos/wp-includes/js/jquery/ui/widget.min.js?ver=1.11.4 HTTP/1.1" 200 6908
38.25.18.238 - - [18/Sep/2022:17:05:22 -0500] "GET /portaldeninos/wp-includes/js/jquery/ui/mouse.min.js?ver=1.11.4 HTTP/1.1" 200 3148
38.25.18.238 - - [18/Sep/2022:17:05:21 -0500] "GET /portaldeninos/wp-content/themes/betheme/css/layout.css?ver=20.9.6 HTTP/1.1" 200 116639
38.25.18.238 - - [18/Sep/2022:17:05:22 -0500] "GET /portaldeninos/wp-includes/js/jquery/ui/accordion.min.js?ver=1.11.4 HTTP/1.1" 200 8584
38.25.18.238 - - [18/Sep/2022:17:05:22 -0500] "GET /portaldeninos/wp-content/plugins/gallery-videos/JS/Total-Soft-Gallery-Video-Widget.js?ver=4.9.8 HTTP/1.1" 200 80264
38.25.18.238 - - [18/Sep/2022:17:05:22 -0500] "GET /portaldeninos/wp-includes/js/jquery/ui/tabs.min.js?ver=1.11.4 HTTP/1.1" 200 12110
38.25.18.238 - - [18/Sep/2022:17:05:22 -0500] "GET /portaldeninos/wp-content/themes/betheme/js/menu.js?ver=20.9.6 HTTP/1.1" 200 2449
38.25.18.238 - - [18/Sep/2022:17:05:22 -0500] "GET /portaldeninos/wp-content/themes/betheme/assets/animations/animations.min.js?ver=20.9.6 HTTP/1.1" 200 1896
38.25.18.238 - - [18/Sep/2022:17:05:22 -0500] "GET /portaldeninos/wp-includes/js/jquery/ui/sortable.min.js?ver=1.11.4 HTTP/1.1" 200 24899
38.25.18.238 - - [18/Sep/2022:17:05:22 -0500] "GET /portaldeninos/wp-includes/js/jquery/jquery.js?ver=1.12.4 HTTP/1.1" 200 97184
38.25.18.238 - - [18/Sep/2022:17:05:23 -0500] "GET /portaldeninos/wp-includes/js/wp-embed.min.js?ver=4.9.8 HTTP/1.1" 200 1398
38.25.18.238 - - [18/Sep/2022:17:05:22 -0500] "GET /portaldeninos/wp-content/themes/betheme/assets/jplayer/jplayer.min.js?ver=20.9.6 HTTP/1.1" 200 52702
38.25.18.238 - - [18/Sep/2022:17:05:23 -0500] "GET /portaldeninos/wp-content/themes/betheme/images/box_shadow.png HTTP/1.1" 200 108
38.25.18.238 - - [18/Sep/2022:17:05:22 -0500] "GET /portaldeninos/wp-content/themes/betheme/js/scripts.js?ver=20.9.6 HTTP/1.1" 200 77162
38.25.18.238 - - [18/Sep/2022:17:05:22 -0500] "GET /portaldeninos/wp-content/themes/betheme/js/plugins.js?ver=20.9.6 HTTP/1.1" 200 197151
38.25.18.238 - - [18/Sep/2022:17:05:23 -0500] "GET /portaldeninos/wp-includes/js/wp-emoji-release.min.js?ver=4.9.8 HTTP/1.1" 200 12026
38.25.18.238 - - [18/Sep/2022:17:05:23 -0500] "GET /portaldeninos/wp-content/themes/betheme/fonts/mfn-icons.woff?93978679 HTTP/1.1" 200 80932
38.25.18.238 - - [18/Sep/2022:17:05:24 -0500] "GET /portaldeninos/wp-content/themes/betheme/fonts/mfn-icons.ttf?93978679 HTTP/1.1" 200 124684
216.245.221.92 - - [18/Sep/2022:17:05:39 -0500] "HEAD / HTTP/1.1" 200 -
157.55.39.200 - - [18/Sep/2022:17:07:14 -0500] "GET /BLA/resoluciones/2002RES106.tif HTTP/1.1" 404 1018
172.22.2.4 - - [18/Sep/2022:17:06:14 -0500] "HEAD /BLA/boletinlegal/ HTTP/1.1" 200 -
201.245.192.253 - - [18/Sep/2022:17:08:20 -0500] "POST /kwsrmcab/Wsrmcab  HTTP/1.1" 200 37989
172.22.2.4 - - [18/Sep/2022:17:07:05 -0500] "GET /BLA/boletinlegal/ HTTP/1.1" 200 54003
