186.102.40.99 - - [19/Sep/2022:12:36:33 -0500] "GET /kwssiamovil/sm/acme/s?s=U2FsdGVkX1/I3DeqVdhqMjlaStprKtubl2hmdceRx4SsUqNghELos32tTNTe19h+lZCMwCgEJzQ5kzlgE8EOBUTK5lBkYIYYd+2gZ0pWrvw=&u=U2FsdGVkX18Cycy9hBZtnMJRb6NdAqK3bdQpdQ63ErJbzfngAjpr5VMBlh6VPlMD&y=U2FsdGVkX1/LdIATHJiTbAsHoqHn010QsgF5fXeGn5NEsfUkvvKkltHNIutXhyjE HTTP/1.1" 200 97
186.102.40.99 - - [19/Sep/2022:12:36:33 -0500] "GET /kwssiamovil/sm/acme/s?s=U2FsdGVkX1/AIyjjYjePVCYNQqRJqTMpHXqnpPv6zTpFbm9e+9gfNBokfOgbEi9SXp0udL0Zh5RXyu2ybsYaiVi1mzn8TfpsaKHJS4ckZ+SSTFbjmfZEHANCJ6rJnWWTb4aQqeZwgHScIgNMm0l32sS68PjI82ndQGlkayE2rNVwjRSjv967TZqqf5KYyboXTtMKocdrRpdytL82ydLBSbu/9fvJ4ZqKbwKcYxx+K3LwFA0wnNmhKtOg6/mshAv113/1FtjNcea+PxzcSDjwptyacgrqnGJbg94V7mtm39cc5N3bg7JUkQIcwZiLVrt/7nayEag1jWRTTNO5WNHbeWkIWSdfyQxAVhwsW1SyeYzFRRxN12eq+E8UQc83SlnyMHvwYVBDrF2Bz8LYE7/G90Rob9mk6uwd5nrfwEKhnaa7kW1dPjOS/JiD5xPptyuvpqYEUEiTp7MfVQRjFnd3yPBX+4dWJQ6Wq+XLizUvfZP9607AaEicV7dE6kPNlTHSfIOJbnj7DCCik0J6fTs3eS+APR2QwZLuQPlW6eTIEsW8bTqEGIezkrepdMFPvT8VjQ4dc9If/1mhnED+d4+u6bD63P6eVG/2Vzs4Ql/tzbNnbUFzk2AZ5a0hVaCzDkJJjM8yQ9k8xT9+g2xcVcJB2MV6xMjC9jgEHni0UkDiWZMzRXD4kZ9t3WoFa19UPrDlMsXzNM2GEhUrJ4UlTZJtn9Jbz5deizXjGKfWM7kAP6dtIy00ccAPxA+FKrBXDUcoNUHIA2cL8eBLG9fLugohm8h3vaOsI8TReG0GZpvZzlTKS2EzvSGpf/TMK6ImjBNszU+2wdx8FGUkcKAgLmfGqlqSiCRxGrT9Ief8MGhgSfl8k8eGgzYPeFuRBdejA8lbDH2Z/xKu3HmDIZUiTbhz2hmALLaAZCQ4XS4bCPr1hJWbAm5auOHiJD+WfrW7g4Gy5MrSct7hCLMDJvEQjLpcI0EKn/0NUGbqNf2peLtLM5CpiW2WeHaMhaSAXGP5c5l9FcpUxSNE5HUvW5Nq8uELkBTV1SI196qVl74gfl2+fZJctzSLYSKxju3k8+12Ss4sfrGcGXWhKi1J3Xz7rJZlxYrXJndFbSxNeGpsAPDO/CyhBbFgIgY/iLsRSKJomwf0vGqS/2xVVM1c3F/n3nVNSjvA9KWW0lB8SnAySkrBistX5EmbDTC6MYiw4cOQabUx6YVXTzOjKDcrbe4ijAV3Dn2XwaLJFvwD8NoJG2dci9nsbWMyl5Zg0yVxH+aaDKAU5TN9+t1NoBg6cbtpbGUINirOymEItbDUGDT/zPg3HhoEerdU48Y2W8Jw4Kzw9QjXFPUE1QWGOjXZXeDvuoMMoqZWOrulglwYFCLP3fJ5+w4=&u=U2FsdGVkX18Cycy9hBZtnMJRb6NdAqK3bdQpdQ63ErJbzfngAjpr5VMBlh6VPlMD&y=U2FsdGVkX1/LdIATHJiTbAsHoqHn010QsgF5fXeGn5NEsfUkvvKkltHNIutXhyjE HTTP/1.1" 200 365
186.102.40.99 - - [19/Sep/2022:12:36:33 -0500] "GET /kwssiamovil/sm/acme/s?s=U2FsdGVkX18F7okakUwwCVfCb7CLC94hCX4D1oC/HOUU7q+k3pvepxoRclwlO3l0K8O5sN2MW+bbyElh6dCkssbdtKPN+2yKr0QQvT3GWjs4KiPc/a1o0TrB0SybeQlBXjHL98CklFXsT7/+kN/0QiZgCqGOLcIHUi9WpPGvYIWpFnXuKmJHj0J7XIdCcgfQjmS/k0xKyxVOgDxN9ITThXfxVfCP4O4wRbO37WDyQKPUtZYGXPanp10HlabROOmqvSe/Xo6F5Ows8nU0l667YUvkXGL+ElLe9AN2wOz9Nyo=&u=U2FsdGVkX18Cycy9hBZtnMJRb6NdAqK3bdQpdQ63ErJbzfngAjpr5VMBlh6VPlMD&y=U2FsdGVkX1/LdIATHJiTbAsHoqHn010QsgF5fXeGn5NEsfUkvvKkltHNIutXhyjE HTTP/1.1" 200 176
186.102.40.99 - - [19/Sep/2022:12:36:33 -0500] "GET /kwssiamovil/sm/cjson/pre?f=1&x=U2FsdGVkX1+nFLV383UnGUmwlh99MocR/Rn+oBVho27k7WT4OjYEahFTb/y4aY0H HTTP/1.1" 200 30992
201.245.192.253 - - [19/Sep/2022:12:36:53 -0500] "POST /sipse/faces/presentacion/financiero/solicitudProceso/consultarSolicitudProceso.xhtml HTTP/1.1" 200 5537
201.245.192.253 - - [19/Sep/2022:12:36:54 -0500] "GET /sipse/faces/javax.faces.resource/dynamiccontent.properties?ln=primefaces&pfdrid=XjOR5%2F%2FfPAZAuY9TpWQeCiM0BhlXxYRBGKi%2FQcXXfeA%3D&pfdrid_c=false HTTP/1.1" 200 165409
191.95.55.52 - - [19/Sep/2022:12:36:55 -0500] "GET /BLA/resoluciones/AUTOS%202022/2849.pdf HTTP/1.1" 200 470636
66.249.73.127 - - [19/Sep/2022:12:37:00 -0500] "-" 408 -
201.245.192.253 - - [19/Sep/2022:12:37:09 -0500] "POST /sipse/faces/presentacion/financiero/solicitudProceso/consultarSolicitudProceso.xhtml HTTP/1.1" 200 5526
201.245.192.253 - - [19/Sep/2022:12:37:28 -0500] "GET /BLA/boletinlegal/js/jquery.scrollShow.js HTTP/1.1" 200 4586
201.245.192.253 - - [19/Sep/2022:12:37:28 -0500] "GET /galeria/galeria/jquery.fancybox.js?v=2.1.5 HTTP/1.1" 200 48706
201.245.192.253 - - [19/Sep/2022:12:37:28 -0500] "GET /galeria/galeria/jquery.fancybox.css?v=2.1.5 HTTP/1.1" 200 4895
201.245.192.253 - - [19/Sep/2022:12:37:28 -0500] "GET /galeria/carrusel/Carrusel/jquery.thumbnailScroller.css HTTP/1.1" 200 2066
201.245.192.253 - - [19/Sep/2022:12:37:28 -0500] "GET /galeria/carrusel/Carrusel/jquery-ui-1.8.13.custom.min.js HTTP/1.1" 200 10800
201.245.192.253 - - [19/Sep/2022:12:37:28 -0500] "GET /galeria/carrusel/Carrusel/jquery.thumbnailScroller.js HTTP/1.1" 200 8157
201.245.192.253 - - [19/Sep/2022:12:37:29 -0500] "GET /galeria/nivo-slider/demo/banner.html HTTP/1.1" 200 5446
201.245.192.253 - - [19/Sep/2022:12:37:29 -0500] "GET /galeria/nivo-slider/themes/default/default.css HTTP/1.1" 200 1569
201.245.192.253 - - [19/Sep/2022:12:37:29 -0500] "GET /galeria/nivo-slider/themes/pascal/pascal.css HTTP/1.1" 200 2258
201.245.192.253 - - [19/Sep/2022:12:37:29 -0500] "GET /galeria/nivo-slider/themes/orman/orman.css HTTP/1.1" 200 2152
201.245.192.253 - - [19/Sep/2022:12:37:29 -0500] "GET /galeria/nivo-slider/demo/scripts/jquery-1.7.1.min.js HTTP/1.1" 200 93868
201.245.192.253 - - [19/Sep/2022:12:37:29 -0500] "GET /galeria/nivo-slider/nivo-slider.css HTTP/1.1" 200 1507
201.245.192.253 - - [19/Sep/2022:12:37:29 -0500] "GET /galeria/nivo-slider/demo/style.css HTTP/1.1" 200 2222
201.245.192.253 - - [19/Sep/2022:12:37:29 -0500] "GET /galeria/nivo-slider/jquery.nivo.slider.pack.js HTTP/1.1" 200 11561
201.245.192.253 - - [19/Sep/2022:12:37:29 -0500] "GET /galeria/nivo-slider/demo/images/bannertortuga_optimized.jpg HTTP/1.1" 200 39066
201.245.192.253 - - [19/Sep/2022:12:37:29 -0500] "GET /galeria/nivo-slider/themes/default/loading.gif HTTP/1.1" 200 1737
201.245.192.253 - - [19/Sep/2022:12:37:29 -0500] "GET /galeria/nivo-slider/demo/images/Bannermujeresquereverdecen.jpg HTTP/1.1" 200 46558
201.245.192.253 - - [19/Sep/2022:12:37:29 -0500] "GET /galeria/nivo-slider/demo/images/bannertrafico_optimized.jpg HTTP/1.1" 200 42578
201.245.192.253 - - [19/Sep/2022:12:37:29 -0500] "GET /galeria/nivo-slider/demo/images/Bannersedeelectronica.jpg HTTP/1.1" 200 40383
201.245.192.253 - - [19/Sep/2022:12:37:29 -0500] "GET /galeria/nivo-slider/demo/images/bannerrutaesperanza.jpg HTTP/1.1" 200 55560
201.245.192.253 - - [19/Sep/2022:12:37:29 -0500] "GET /galeria/nivo-slider/demo/images/banneraire2021.jpg HTTP/1.1" 200 265101
201.245.192.253 - - [19/Sep/2022:12:37:29 -0500] "GET /galeria/nivo-slider/demo/images/4Simple_Slider.png HTTP/1.1" 200 11722
201.245.192.253 - - [19/Sep/2022:12:37:29 -0500] "GET /galeria/nivo-slider/demo/images/Bannerplasticosseptiembre.jpg HTTP/1.1" 200 45633
201.245.192.253 - - [19/Sep/2022:12:37:29 -0500] "GET /galeria/nivo-slider/demo/images/bannerresiduoshospitalariosagosto.jpg HTTP/1.1" 200 36499
201.245.192.253 - - [19/Sep/2022:12:37:29 -0500] "GET /galeria/nivo-slider/demo/images/banneraccionpopularcrr68.jpg HTTP/1.1" 200 51887
201.245.192.253 - - [19/Sep/2022:12:37:29 -0500] "GET /galeria/nivo-slider/demo/images/banneraccionpopular.jpeg HTTP/1.1" 200 41707
201.245.192.253 - - [19/Sep/2022:12:37:29 -0500] "GET /galeria/nivo-slider/demo/images/bannerclases2021.jpg HTTP/1.1" 200 68230
201.245.192.253 - - [19/Sep/2022:12:37:29 -0500] "GET /galeria/nivo-slider/demo/images/bannercapacitacionesbogota.jpg HTTP/1.1" 200 42416
201.245.192.253 - - [19/Sep/2022:12:37:29 -0500] "GET /galeria/nivo-slider/demo/images/Bannerenvases.jpg HTTP/1.1" 200 37316
201.245.192.253 - - [19/Sep/2022:12:37:29 -0500] "GET /galeria/nivo-slider/demo/images/Bannervirtualescanales.jpg HTTP/1.1" 200 174544
201.245.192.253 - - [19/Sep/2022:12:37:30 -0500] "GET /galeria/nivo-slider/themes/default/arrows.png HTTP/1.1" 200 824
201.245.192.253 - - [19/Sep/2022:12:37:30 -0500] "GET /galeria/nivo-slider/themes/default/bullets.png HTTP/1.1" 200 1281
173.252.95.4 - - [19/Sep/2022:12:37:58 -0500] "GET /images/Junio%2002-experiencias-jardines-verticales-sda.jpeg HTTP/1.1" 200 31171
186.102.3.60 - - [19/Sep/2022:12:38:20 -0500] "GET /kwssiamovil/sm/acme/a?s=U2FsdGVkX1/aDAkNi7eBkEJElL0+CZ/ITEknEF/0dxHUSfUeIUHyABNpHp2v6/NA5PD+YblT/lcoyfvSfuo/Bff+Vkt8IvF3X3J5t7KCTwARkhL18QxF/tGDh2draOL95sKqW3VXRzWRKwfe2z2ekISns0mne6gLd/844CF84mgytSar82v7LH/GxuyffjERTRE+BlXrvXD7VbhvSbEeB38oRMZrGbe/xbAl00Dgy8lPByvLVP1XAyU37AtdJKvkdwAwyv2Uk+a5kskkjDsANg==&u=U2FsdGVkX1/m/J5aEkRtApmiS3AgCB7Uca7CNHMhWEJoDmEGbBjimZmiDmbcpWCq&y=U2FsdGVkX19fP8tUu0+oKdbk9Fj2Gy7SBDSJZ2fafwxzN6zh1LlkLzAsG46NR54k HTTP/1.1" 200 25
186.102.3.60 - - [19/Sep/2022:12:38:21 -0500] "GET /kwssiamovil/sm/acme/a?s=U2FsdGVkX18lVK+Quylc9cfWulLx3L2qS/iVOmkrhMxPL22Ha6dGBBYIuJtQ6CfqARpUg5iAIDu2braazyuFyEJ43oKBDwhLePM7VVTMcqk9yBIzhd+M0ZtMsTYfRNPhnX0Rp7FGr2hHm5uNjEu2H4qijAyMHrpbVyrkacTWtgZE3t2hpoOGcTY1v337NXWT7rIv1ssqgvzMoXtchwL7GI3XHkH1gefxqZ+ikan8CQ6fbNuLodGbGek+inFUqchqiTP6E6SxToYgxl8Jawyrw9T5E3epwns6ju5N+hYAugfTqZOMySsW5F3H8lOh7o2ISK4woAObSi3hppSuPJdu78VLzZqHgk1VMFBBNNf2wmXMSjWS93fvX8Yn234PaJ7etYTRLtibcS6afSCovgx1XQujEWtOPENzTr/1M9PmRefvOjDs2kdDO9k2rMUCxS1qhj6VMTsT9xv/n4nk2KKziX7x/T4mdzC2vDK0OKgV3NoKEnta0gAdKvcihPWL802LIx0mmRf45bh+zUCsSzwwQLLOsUdb1SIXiMeiS9uaiM6jtGQGlZKdFTsKuVvTbr4GgLxX+O9Ka5LoMZeLD5vsdYaA2YFmAWLTpQ0dlO3Ft0mrBZoLh2/6qi3KXE4XjfFcajhUlJFJj8dIBUCRZQMwu1bt7xVa8xSN2SQDz2Uz/UnsGNWRXvjDFXY6gNl3R3l4W4aWVn51KX1hWj1uuU4wTustrDSKfCb8eklBFuGraOHl6lgJt+DeA2e1tmeRIDERT7mtcLtk+XFf7OjgZumTdSFOUAJkVlix5MgoEq8uG32v1K8xz5gebEMFQYBMrvwllHdupN5nlInevImmfXgLqZrdNFlMz4XBtLK7XvQmoee1XdYVIHkVvWdATEfzcxr1XBx0GpGZWvg6OEMRDXim/ifRLZVHb7UOuPeJeBkcFgTX+zUUfAmMxQiTSvzQdc/NP9KB1PjuzIA285QoShfK5TFgWP62U6qUEt+2Nzn/HLsHx/OCmSseCVfuVExNQN+c28vVI+iOn6DA58WQIXtwuJNM1t8GgwIz6jUihD8Cyi6qeCpZGqwibOt9/H8cB+cOf7ytUaqYDalS+9HGx0qWHH/OIrUmBqttxCOE4dc119eDrCxO9PU0uGAF6KJkHEMpZDj3ea80ap0AUqn5feZDCSnkrf+T4v9Hu3Fhe2NAtqgJ8+wKxbTDTVPv9SwWmoPYA0KD0UOMWBAQRC12eJAszuwh5I6+xu6M94neZ7lTb4gCZVVJFnEzYsXFPHntrj34bkxYTpJKLjJq6Lf76lP6jd4NPvUX+OZ65zb28bBu3E96jJ4xGSCTITgE6/sajxFfZnPlpx9RakwFKzglKLpHd3ayvkY2OQ0h+UYQ3PSKGGivcgnaK2JU8PR0nxPbXp7jwN//RYQIKR9k2TPlQDsJ1u7o/5iLsekQfMx/GAc4tEB16Ptpg1fsO1Hd7ibZI+GKmdTpu/wfk6QeS3NvTRtO0/H1rj0Haa5U2fWg9qTNuqDrZ2bkWRjrBbwJ/FLIkVj2xLcDdjgSjlDjA2o+egMS9NBhSjDx8+qgHnJDhEhxzwpq5lRh4Lkg29Aq4tZo25g68AwZMLVZgIEbg7bK5fB7oHjHhWNwzErhzGCps/XdkqkIfIK5rrFFyhFsamXQB/0x0J6pQ/Ki33Suvo36q0YucBTOHaXfjdaZqMly8PZVzVBeEiSfwQ4mC0aITnymKA1AFLLmCKYyqwp9Vibs2sSsBnSOOcHNClyBO2YRuq+njlRJEyCY3dAAFLW+T5pY27oOpKankbqZEZ7U3G1O1G5nHEmG8Esfx1toUrcFPGkavfMQBLpDCy+1HTF6mqfgpRxogy5+XNkACedGWsWIMCNbsVQHAMEebN2/SYiqkzmpnuY=&u=U2FsdGVkX1/m/J5aEkRtApmiS3AgCB7Uca7CNHMhWEJoDmEGbBjimZmiDmbcpWCq&y=U2FsdGVkX19fP8tUu0+oKdbk9Fj2Gy7SBDSJZ2fafwxzN6zh1LlkLzAsG46NR54k HTTP/1.1" 200 25
186.102.3.60 - - [19/Sep/2022:12:38:21 -0500] "GET /kwssiamovil/sm/acme/a?s=U2FsdGVkX18PHYkbwVyBWFw0VmJgIHPdtWKuFHwWxjLzRuapIKW4ESI/P9vjbMpvcPkSJ4DeelQGGmYpzDij0A/F9GA6mE2FROW117OWKa8slcU5Ast8tAisaat06prRiCvmVq2ZzB1IH8Z8BRuvKZCnJcrAmt4xUFd/lqOmcI8=&u=U2FsdGVkX1/m/J5aEkRtApmiS3AgCB7Uca7CNHMhWEJoDmEGbBjimZmiDmbcpWCq&y=U2FsdGVkX19fP8tUu0+oKdbk9Fj2Gy7SBDSJZ2fafwxzN6zh1LlkLzAsG46NR54k HTTP/1.1" 200 25
186.102.3.60 - - [19/Sep/2022:12:38:21 -0500] "GET /kwssiamovil/sm/acme/a?s=U2FsdGVkX1+4Vo0H/OeGpA12Pudj2ccaiQe+Xe32gSoJcL0ornF0SsCivJy93DYkIP+SYC4W3Pd9VQ3KE9HtE8ILJzOb/bLF+NX9B4OxfQ0vi1WzbEI41A6L4jGYD8j3YtTLIF/l8BnAHTFAvamG2DIZlxHZZ6AG6g9GEoOVXFs=&u=U2FsdGVkX1/m/J5aEkRtApmiS3AgCB7Uca7CNHMhWEJoDmEGbBjimZmiDmbcpWCq&y=U2FsdGVkX19fP8tUu0+oKdbk9Fj2Gy7SBDSJZ2fafwxzN6zh1LlkLzAsG46NR54k HTTP/1.1" 200 25
186.102.3.60 - - [19/Sep/2022:12:38:21 -0500] "GET /kwssiamovil/sm/acme/a?s=U2FsdGVkX1/XhL95jM0Quri9a5HcbAxosZKfkOs6htaokO2DL4I+bgUZmX/vyjxdPmO6d3GNr5K075R2CAMdAhziXBE1CK8FrIbB3mSefjDS6iKvm5bFIhcjxodDeRArxZ6tz7zzTSmU1pzUg+Ufd1P3j0zTmCotIF/gxuvh4+E=&u=U2FsdGVkX1/m/J5aEkRtApmiS3AgCB7Uca7CNHMhWEJoDmEGbBjimZmiDmbcpWCq&y=U2FsdGVkX19fP8tUu0+oKdbk9Fj2Gy7SBDSJZ2fafwxzN6zh1LlkLzAsG46NR54k HTTP/1.1" 200 25
186.102.3.60 - - [19/Sep/2022:12:38:21 -0500] "GET /kwssiamovil/sm/acme/a?s=U2FsdGVkX18SW04VHqDhW5NqaduR2sccMDGJpyduXYk8yGl5mB9UiMr2EGM7g5Xfl/mX0SjUDWsLFMXjz4R3BSD1/UFAE7XrQ6qS5OANsFMO/TlGhytAjkpLnfNC4loNigo5RT++jfvcSNQGArmWncNqzJt6BIZKj5t4viIcnk1d6yqUXBgMx8/3XypWf6CS&u=U2FsdGVkX1/m/J5aEkRtApmiS3AgCB7Uca7CNHMhWEJoDmEGbBjimZmiDmbcpWCq&y=U2FsdGVkX19fP8tUu0+oKdbk9Fj2Gy7SBDSJZ2fafwxzN6zh1LlkLzAsG46NR54k HTTP/1.1" 200 25
172.22.2.4 - - [19/Sep/2022:12:39:06 -0500] "GET /BLA/boletinlegal/consulta_actos.php?tipo=resoluciones&no=3926&usuario=&sector=PEV&fecha=2010&resuelve= HTTP/1.1" 200 1123
186.86.33.43 - - [19/Sep/2022:12:39:10 -0500] "GET /BLA/resoluciones/ HTTP/1.1" 200 13093
186.86.33.43 - - [19/Sep/2022:12:39:10 -0500] "GET /BLA/resoluciones/dlf/styles.css HTTP/1.1" 200 3049
186.86.33.43 - - [19/Sep/2022:12:39:11 -0500] "GET /BLA/resoluciones/dlf/bg.gif HTTP/1.1" 200 54
186.86.33.43 - - [19/Sep/2022:12:39:11 -0500] "GET /BLA/resoluciones/dlf/folder.png HTTP/1.1" 200 410
186.86.33.43 - - [19/Sep/2022:12:39:11 -0500] "GET /favicon.ico HTTP/1.1" 200 7782
172.22.2.4 - - [19/Sep/2022:12:39:16 -0500] "GET /BLA/boletinlegal/consulta_actos.php?tipo=resoluciones&no=3926&usuario=&sector=PEV&fecha=2012&resuelve= HTTP/1.1" 200 626
191.95.55.52 - - [19/Sep/2022:12:39:19 -0500] "GET /BLA/resoluciones/AUTOS%202022/2448.pdf HTTP/1.1" 200 468710
201.245.192.253 - - [19/Sep/2022:12:39:19 -0500] "POST /kwsrmcab/Wsrmcab  HTTP/1.1" 200 37989
172.22.2.4 - - [19/Sep/2022:12:37:55 -0500] "HEAD /BLA/boletinlegal/ HTTP/1.1" 200 -
201.245.192.253 - - [19/Sep/2022:12:39:33 -0500] "POST /kwsrmcab/Wsrmcab HTTP/1.1" 200 41539
201.245.192.253 - - [19/Sep/2022:12:39:37 -0500] "POST /kwsrmcab/Wsrmcab HTTP/1.1" 200 41136
186.102.73.214 - - [19/Sep/2022:12:39:53 -0500] "OPTIONS /kwssiamovil/sm/setfile/f? HTTP/1.1" 200 13
186.102.73.214 - - [19/Sep/2022:12:39:53 -0500] "POST /kwssiamovil/sm/setfile/f? HTTP/1.1" 200 381
186.102.73.214 - - [19/Sep/2022:12:40:19 -0500] "GET /kwssiamovil/sm/acme/a?s=U2FsdGVkX195uIfCMuTbcU6G689Pnqn5+RuIn728HWHC+W1vsbu046oqvVPDTIv9pwr5S1o8x87uaJzbVblAbq5ufVvXQBSKvRkttwU7H0kj+dHcn7WqgJmnr7QXGPGEhUz4b/by0eX7RTMosliBJ/rsitfSbCwSK8oBXC/PZGOY/eew6GrGqBSAJ6Qv4FP9z1QOBWmfaIkJnpE/aXupxSSzaEh1wDeAGxi8jyOdAGeFs30HfnTlrl+/T9nUr02rfncwDfqqah+Fw8eO4BlwSw==&u=U2FsdGVkX19yA5a2ia+EvUa57mw2Zj6RfpD8o/3lI+fgcRKWBryrulYgFGQyFJ3/&y=U2FsdGVkX19pMIP+kpfI3vQ+6UkWwLL3t/UG9b2mnokSBOdHuptdWCyMCh/w21V4 HTTP/1.1" 200 25
186.102.73.214 - - [19/Sep/2022:12:40:19 -0500] "GET /kwssiamovil/sm/acme/a?s=U2FsdGVkX19CaQKzV6AVSiwOHfcnOgHG4VEKIMQ04sZzSbwOIfSbpXC5gqA9Khmol4RgaL3pZN+8d56yaLaOJjpfGy96WKEBnLNOOWgtj0A9nlcVRuOqv9Ds5OoMznHeOQAGxMySy+91FlgDvAJmlv2PEbVWxDZHX1KImb6j3n4ZpG23TzcD2fLpaKOkXvXIKv9hNIGM5rW7IA8zCPhJrvrbFqh2OfqzXDKUWGKIMSmMhemJ3TgQN60L5JLPqWqpx0SU+Z6TiS4F1oZoiSyDI+9eHWDHkeHRL6LOewTMer1Oc+6Syin+RdU6iLzc9jluIVYd6VeGCYAzR34NXT/lyRLOnBLUxg5yOSJIHRnoQntf8Fc+QWQT2X3iwGlPlEhCcZk4JGHX9LJyBxFdLDSTB7oR5tERUYEeVUE92pvOnfru/tXixI1crY51/284eWYa4o1Gmj/aiiGpmEjNM2RO2mxRjxk3pKkxTTqVtT7eSCzGGnx5l20Aj3WQy5KVXBdTy3jCj56IQWhFtbVpcQXI4eVTVFiWGVgolpbthLSFmBZ9Fqp8QI0lFJ0ORgyBmrBzGAZgqnr+sTeVwjrT8qVhwCFF6FfZkXN4W5a8+lN2/w6LPKlmqgasD3hQj/CYK/aMKvgpDc2UuK/9+Zn3tBikSQyHCSEaD96Y2vKJ/l/cB+VBMoHliBbqaWr1/xEInCCLC3I5BbnIUnyp/C/vSFfoXAKwNCI/La1oKDqBa0g4yRSLshtb91MowTeBu+AvymJ6/a2Eho6XjrMcfc6P72WLjCxcd/EnFY0bF+q68xiARUNOyfmWFJbEQRJAFYPZeTm90+kuB3i4tkRjSwRMaxbEAbAEt81TrCOVJqTmEUVv4AfcK7IlrlZGg0meWlh/MfO2lSoq8PcqruqmDLEASMhDNr84TvCPmiup87PdW5lWcZgc1gWAnzgxxBB83/Xp5hb19BBQ5oXJQfJZP4/4xuvyBlL3rtGlmZ1xex1eaZLaRAeViCViTOt4mhPya+MmNllU3CsyFavLj+nXi1xdnDptSlPCJ1/162Bv0CCTBnt9TFk0EBndHPhBQAkNbM/ofDDYaUM4p+WRJMLiBzbiavHTV051Sk3bi9GkpbGatY7wqitW9s/uWVJZyUoXfEllk3kGQMMf/mKpaXcpnqxr+3W/WG5kPIQf1Eoy3GZoS7C5EPY1tNbg7n/5gZ32YEfduQ+ielQkP/QQRuzzCKqBn23YXQ1u272xiDFUvnsIUpmFpxA=&u=U2FsdGVkX19yA5a2ia+EvUa57mw2Zj6RfpD8o/3lI+fgcRKWBryrulYgFGQyFJ3/&y=U2FsdGVkX19pMIP+kpfI3vQ+6UkWwLL3t/UG9b2mnokSBOdHuptdWCyMCh/w21V4 HTTP/1.1" 200 25
186.102.73.214 - - [19/Sep/2022:12:40:19 -0500] "GET /kwssiamovil/sm/acme/a?s=U2FsdGVkX1/ZowCortrDLJfguGn6yw7e6bBztc3enclzYGvq4d8eTUDd1bkyOaHooKNfMyCp/nEyqw31Cpyyj+9CLZ4rQYB3wG+lsa+vC0DEFraRkSATPTEaFBd/m3d4vqfn9aqRrswMxV7G/HpL0Cgydnsq9EefXGSTfXFRfsQ=&u=U2FsdGVkX19yA5a2ia+EvUa57mw2Zj6RfpD8o/3lI+fgcRKWBryrulYgFGQyFJ3/&y=U2FsdGVkX19pMIP+kpfI3vQ+6UkWwLL3t/UG9b2mnokSBOdHuptdWCyMCh/w21V4 HTTP/1.1" 200 25
186.102.73.214 - - [19/Sep/2022:12:40:20 -0500] "GET /kwssiamovil/sm/acme/a?s=U2FsdGVkX1+k1S2TwEJ8IMpx3m8ko3YVt7FdkzFknKMCd6uGoy+XOL47OffkqhhUSPZgU/e5NAhTdgQetMaM6UFljP6o4ALvzfGKygZ9cJ36P5erl9KdaZ4Nh31EtyVpena6+vxZ8UXhQREh7a4IW1EUYXMEaGmFed/JG4MQ5eE=&u=U2FsdGVkX19yA5a2ia+EvUa57mw2Zj6RfpD8o/3lI+fgcRKWBryrulYgFGQyFJ3/&y=U2FsdGVkX19pMIP+kpfI3vQ+6UkWwLL3t/UG9b2mnokSBOdHuptdWCyMCh/w21V4 HTTP/1.1" 200 25
186.102.73.214 - - [19/Sep/2022:12:40:20 -0500] "GET /kwssiamovil/sm/acme/a?s=U2FsdGVkX1/ovesCwvhGahxpnN/iPrGMdnlqHIMFogvUdw8oTcQEoH4cNnak0plJuemQmUDM74VNfUkaRx/qQ6WqlAMkJh2X/EUJ+EpW1kMcX5pBTfOML16dbIOX/MIz03EqwCt368DYzgTcr0EqFjoKJ/UcTx7diPjbYLXAZBQ=&u=U2FsdGVkX19yA5a2ia+EvUa57mw2Zj6RfpD8o/3lI+fgcRKWBryrulYgFGQyFJ3/&y=U2FsdGVkX19pMIP+kpfI3vQ+6UkWwLL3t/UG9b2mnokSBOdHuptdWCyMCh/w21V4 HTTP/1.1" 200 25
186.102.73.214 - - [19/Sep/2022:12:40:20 -0500] "GET /kwssiamovil/sm/acme/a?s=U2FsdGVkX1+uN9phSL8cOmbVLi4NJNfRZ923jDXKIBrEnBvgXVg0mzcjE4L9naOaP/0wFhhnr6/ugrsQt7trd73FILtBy2EJT5mMIjLr/A0i5uJmh3gk8adv9sBAI40VVPDZ/304K1R213MNtFGvBXXewAVzr9DHrYOVGlFl5B/TfbPDYRYSN6OpQR5I7fVx+y2Ib8O8dqFIpcIAOjx0yQ==&u=U2FsdGVkX19yA5a2ia+EvUa57mw2Zj6RfpD8o/3lI+fgcRKWBryrulYgFGQyFJ3/&y=U2FsdGVkX19pMIP+kpfI3vQ+6UkWwLL3t/UG9b2mnokSBOdHuptdWCyMCh/w21V4 HTTP/1.1" 200 25
186.102.73.214 - - [19/Sep/2022:12:40:20 -0500] "GET /kwssiamovil/sm/acme/a?s=U2FsdGVkX185ZB7sM2hyTB2V0HmbEAsdIvw1LSgftn23zlb0PKpINwJ+bc1lwpXoPkCcLMcXlTPWjTjZ+h6B71nWUPLovPANeddness2liqaybqp8+46YszfHJvyhfUsAuFk/WNHBI9vllTFvmupVf5i1BHRkvGIOq89qaaJmOZjDn0azt/e11anSruBO3KLQZShQtyp6OOW8OYjpLYqOA==&u=U2FsdGVkX19yA5a2ia+EvUa57mw2Zj6RfpD8o/3lI+fgcRKWBryrulYgFGQyFJ3/&y=U2FsdGVkX19pMIP+kpfI3vQ+6UkWwLL3t/UG9b2mnokSBOdHuptdWCyMCh/w21V4 HTTP/1.1" 200 25
186.102.73.214 - - [19/Sep/2022:12:40:20 -0500] "GET /kwssiamovil/sm/acme/a?s=U2FsdGVkX1/Y3k5HEPBCyPlTNZhWOOv+wnLD7pT/shXGHyFdOncqydkm7hQX5HCxM0Dlo5Xdz/+hRQxfWNvTO0bE8ehe4UhaGCEPPfL6r80PVjxcTv38pVYfKwHMYYrpArcBaZTd1xiJ41LvlAeymFcVEz7YlQI8GnlG6uRDJX6k4S3e+WCJSQO14drHGgWHlDyw8/CY4oyYXsgsOOIDNg==&u=U2FsdGVkX19yA5a2ia+EvUa57mw2Zj6RfpD8o/3lI+fgcRKWBryrulYgFGQyFJ3/&y=U2FsdGVkX19pMIP+kpfI3vQ+6UkWwLL3t/UG9b2mnokSBOdHuptdWCyMCh/w21V4 HTTP/1.1" 200 25
216.245.221.92 - - [19/Sep/2022:12:40:24 -0500] "HEAD / HTTP/1.1" 200 -
172.22.2.4 - - [19/Sep/2022:12:38:46 -0500] "GET /BLA/boletinlegal/ HTTP/1.1" 200 58163
172.22.2.4 - - [19/Sep/2022:12:41:16 -0500] "GET /BLA/boletinlegal/consulta_actos.php?tipo=resoluciones&no=3926&usuario=&sector=PEV&fecha=2012&resuelve= HTTP/1.1" 200 626
172.22.2.4 - - [19/Sep/2022:12:41:27 -0500] "GET /BLA/boletinlegal/consulta_actos.php?tipo=resoluciones&no=0244&usuario=&sector=PEV&fecha=2009&resuelve= HTTP/1.1" 200 1179
190.146.120.243 - - [19/Sep/2022:12:41:31 -0500] "GET /BLA/resoluciones/RESOLUCIONES%202009/0244.pdf HTTP/1.1" 200 520957
191.95.55.52 - - [19/Sep/2022:12:41:32 -0500] "GET /BLA/resoluciones/AUTOS%202022/2140.pdf HTTP/1.1" 200 379384
191.95.55.52 - - [19/Sep/2022:12:42:13 -0500] "GET /BLA/resoluciones/AUTOS%202022/2065.pdf HTTP/1.1" 200 410015
172.22.2.4 - - [19/Sep/2022:12:42:45 -0500] "GET /BLA/boletinlegal/style.css HTTP/1.1" 200 9406
172.22.2.4 - - [19/Sep/2022:12:42:45 -0500] "GET /BLA/boletinlegal/styles2.css HTTP/1.1" 200 1838
172.22.2.4 - - [19/Sep/2022:12:42:45 -0500] "GET /BLA/boletinlegal/js/jquery.js HTTP/1.1" 200 57254
172.22.2.4 - - [19/Sep/2022:12:42:45 -0500] "GET /BLA/boletinlegal/js/jquery.scrollTo-min.js HTTP/1.1" 200 1150
172.22.2.4 - - [19/Sep/2022:12:42:45 -0500] "GET /BLA/boletinlegal/js/jquery.scrollShow.js HTTP/1.1" 200 4586
172.22.2.4 - - [19/Sep/2022:12:42:45 -0500] "GET /BLA/boletinlegal/images/cabezote%20BLEGAL.jpg HTTP/1.1" 200 118164
172.22.2.4 - - [19/Sep/2022:12:42:45 -0500] "GET /BLA/boletinlegal/images/subscribe-icon-big.png HTTP/1.1" 200 47702
172.22.2.4 - - [19/Sep/2022:12:42:45 -0500] "GET /BLA/boletinlegal/images/historia.png HTTP/1.1" 200 52775
172.22.2.4 - - [19/Sep/2022:12:42:45 -0500] "GET /BLA/boletinlegal/images/registro-usuarios.png HTTP/1.1" 200 8106
172.22.2.4 - - [19/Sep/2022:12:42:45 -0500] "GET /BLA/boletinlegal/images/arr_l.jpg HTTP/1.1" 200 1979
172.22.2.4 - - [19/Sep/2022:12:42:45 -0500] "GET /BLA/boletinlegal/images/launch.jpg HTTP/1.1" 200 14577
172.22.2.4 - - [19/Sep/2022:12:42:45 -0500] "GET /BLA/boletinlegal/images/screen_1.png HTTP/1.1" 200 202547
172.22.2.4 - - [19/Sep/2022:12:42:45 -0500] "GET /BLA/boletinlegal/images/menu_lft.gif HTTP/1.1" 200 1713
172.22.2.4 - - [19/Sep/2022:12:42:45 -0500] "GET /BLA/boletinlegal/images/menu_rght.gif HTTP/1.1" 200 1627
172.22.2.4 - - [19/Sep/2022:12:42:45 -0500] "GET /BLA/boletinlegal/images/bg_top.jpg HTTP/1.1" 200 522
172.22.2.4 - - [19/Sep/2022:12:42:45 -0500] "GET /BLA/boletinlegal/images/menu_bg.jpg HTTP/1.1" 200 620
172.22.2.4 - - [19/Sep/2022:12:42:45 -0500] "GET /BLA/boletinlegal/images/body_bg.jpg HTTP/1.1" 200 1601
172.22.2.4 - - [19/Sep/2022:12:42:45 -0500] "GET /BLA/boletinlegal/images/hover.jpg HTTP/1.1" 200 640
172.22.2.4 - - [19/Sep/2022:12:42:45 -0500] "GET /BLA/boletinlegal/images/text.jpg HTTP/1.1" 200 568
172.22.2.4 - - [19/Sep/2022:12:42:51 -0500] "GET /BLA/boletinlegal/actos.php HTTP/1.1" 200 9559
172.22.2.4 - - [19/Sep/2022:12:42:51 -0500] "GET /BLA/boletinlegal/js/ajax_actos.js HTTP/1.1" 200 1322
172.22.2.4 - - [19/Sep/2022:12:42:51 -0500] "GET /BLA/boletinlegal/niceforms-default.css HTTP/1.1" 200 6694
172.22.2.4 - - [19/Sep/2022:12:42:51 -0500] "GET /BLA/boletinlegal/js/jquery1.js HTTP/1.1" 200 29846
172.22.2.4 - - [19/Sep/2022:12:42:51 -0500] "GET /BLA/boletinlegal/niceforms.js HTTP/1.1" 200 22876
172.22.2.4 - - [19/Sep/2022:12:42:51 -0500] "GET /BLA/boletinlegal/js/popup.js HTTP/1.1" 200 1270
172.22.2.4 - - [19/Sep/2022:12:42:51 -0500] "GET /BLA/boletinlegal/js/lib.js HTTP/1.1" 200 6474
172.22.2.4 - - [19/Sep/2022:12:42:51 -0500] "GET /BLA/boletinlegal/images/green-yellow-blue-pink-th.png HTTP/1.1" 200 7394
172.22.2.4 - - [19/Sep/2022:12:42:51 -0500] "GET /BLA/boletinlegal/images/tel.png HTTP/1.1" 200 14477
172.22.2.4 - - [19/Sep/2022:12:42:51 -0500] "GET /BLA/boletinlegal/images/abajo.png HTTP/1.1" 200 96676
172.22.2.4 - - [19/Sep/2022:12:42:51 -0500] "GET /BLA/boletinlegal/images/icono-email.png HTTP/1.1" 200 5544
172.22.2.4 - - [19/Sep/2022:12:42:51 -0500] "GET /BLA/boletinlegal/images/footer_bg.jpg HTTP/1.1" 200 586
172.22.2.4 - - [19/Sep/2022:12:42:52 -0500] "GET /BLA/boletinlegal/images/footer_bg_l.jpg HTTP/1.1" 200 776
172.22.2.4 - - [19/Sep/2022:12:42:52 -0500] "GET /BLA/boletinlegal/img/0.png HTTP/1.1" 200 110
172.22.2.4 - - [19/Sep/2022:12:42:52 -0500] "GET /BLA/boletinlegal/img/select-left.png HTTP/1.1" 200 263
172.22.2.4 - - [19/Sep/2022:12:42:52 -0500] "GET /BLA/boletinlegal/img/select-right.png HTTP/1.1" 200 44019
172.22.2.4 - - [19/Sep/2022:12:42:52 -0500] "GET /BLA/boletinlegal/img/button-left.png HTTP/1.1" 200 57071
172.22.2.4 - - [19/Sep/2022:12:42:52 -0500] "GET /BLA/boletinlegal/img/button.png HTTP/1.1" 200 43241
172.22.2.4 - - [19/Sep/2022:12:42:52 -0500] "GET /BLA/boletinlegal/img/button-right.png HTTP/1.1" 200 57878
172.22.2.4 - - [19/Sep/2022:12:42:52 -0500] "GET /BLA/boletinlegal/favicon.ico HTTP/1.1" 404 1326
172.22.2.4 - - [19/Sep/2022:12:42:45 -0500] "GET /BLA/boletinlegal/ HTTP/1.1" 200 24523
172.22.2.4 - - [19/Sep/2022:12:44:05 -0500] "GET /BLA/boletinlegal/consulta_actos.php?tipo=resoluciones&no=1670&usuario=&sector=PEV&fecha=2018&resuelve= HTTP/1.1" 200 626
172.22.2.4 - - [19/Sep/2022:12:44:10 -0500] "GET /BLA/boletinlegal/consulta_actos.php?tipo=resoluciones&no=1670&usuario=&sector=PEV&fecha=2018&resuelve= HTTP/1.1" 200 626
172.22.2.4 - - [19/Sep/2022:12:44:16 -0500] "GET /BLA/boletinlegal/consulta_actos.php?tipo=resoluciones&no=1670&usuario=&sector=PEV&fecha=2020&resuelve= HTTP/1.1" 200 626
172.22.2.4 - - [19/Sep/2022:12:44:18 -0500] "GET /BLA/boletinlegal/consulta_actos.php?tipo=resoluciones&no=1670&usuario=&sector=PEV&fecha=2020&resuelve= HTTP/1.1" 200 626
172.22.2.4 - - [19/Sep/2022:12:44:21 -0500] "GET /BLA/boletinlegal/consulta_actos.php?tipo=resoluciones&no=1670&usuario=&sector=PEV&fecha=2021&resuelve= HTTP/1.1" 200 626
201.245.192.253 - - [19/Sep/2022:12:44:18 -0500] "POST /kwsrmcab/Wsrmcab  HTTP/1.1" 200 37989
172.22.2.4 - - [19/Sep/2022:12:44:25 -0500] "GET /BLA/boletinlegal/consulta_actos.php?tipo=resoluciones&no=1670&usuario=&sector=PEV&fecha=2022&resuelve= HTTP/1.1" 200 626
172.22.2.4 - - [19/Sep/2022:12:44:43 -0500] "GET /BLA/boletinlegal/consulta_actos.php?tipo=resoluciones&no=1670&usuario=&sector=PEV&fecha=2022&resuelve= HTTP/1.1" 200 626
172.22.2.4 - - [19/Sep/2022:12:44:50 -0500] "GET /BLA/boletinlegal/consulta_actos.php?tipo=resoluciones&no=1670&usuario=&sector=PEV&fecha=2010&resuelve= HTTP/1.1" 200 626
172.22.2.4 - - [19/Sep/2022:12:44:50 -0500] "GET /BLA/boletinlegal/consulta_actos.php?tipo=resoluciones&no=1670&usuario=&sector=PEV&fecha=2010&resuelve= HTTP/1.1" 200 626
172.22.2.4 - - [19/Sep/2022:12:44:53 -0500] "GET /BLA/boletinlegal/consulta_actos.php?tipo=resoluciones&no=1670&usuario=&sector=PEV&fecha=2011&resuelve= HTTP/1.1" 200 626
66.249.73.127 - - [19/Sep/2022:12:44:55 -0500] "-" 408 -
172.22.2.4 - - [19/Sep/2022:12:44:57 -0500] "GET /BLA/boletinlegal/consulta_actos.php?tipo=resoluciones&no=1670&usuario=&sector=PEV&fecha=2012&resuelve= HTTP/1.1" 200 626
172.22.2.4 - - [19/Sep/2022:12:44:59 -0500] "GET /BLA/boletinlegal/consulta_actos.php?tipo=resoluciones&no=1670&usuario=&sector=PEV&fecha=2013&resuelve= HTTP/1.1" 200 626
172.22.2.4 - - [19/Sep/2022:12:45:03 -0500] "GET /BLA/boletinlegal/consulta_actos.php?tipo=resoluciones&no=1670&usuario=&sector=PEV&fecha=2014&resuelve= HTTP/1.1" 200 626
201.245.192.253 - - [19/Sep/2022:12:45:06 -0500] "GET /sipse/faces/index.xhtml HTTP/1.1" 200 677
201.245.192.253 - - [19/Sep/2022:12:45:06 -0500] "GET /sipse/faces/javax.faces.resource/theme.css?ln=primefaces-sipse HTTP/1.1" 304 -
201.245.192.253 - - [19/Sep/2022:12:45:06 -0500] "GET /sipse/faces/faces/autenticacion.xhtml HTTP/1.1" 200 12180
201.245.192.253 - - [19/Sep/2022:12:45:06 -0500] "GET /sipse/faces/javax.faces.resource/layout/layout.css?ln=primefaces&v=4.0 HTTP/1.1" 304 -
201.245.192.253 - - [19/Sep/2022:12:45:06 -0500] "GET /sipse/faces/javax.faces.resource/primefaces.css?ln=primefaces&v=4.0 HTTP/1.1" 304 -
201.245.192.253 - - [19/Sep/2022:12:45:06 -0500] "GET /sipse/faces/javax.faces.resource/theme.css?ln=primefaces-sipse HTTP/1.1" 304 -
201.245.192.253 - - [19/Sep/2022:12:45:06 -0500] "GET /sipse/faces/javax.faces.resource/jquery/jquery.js?ln=primefaces&v=4.0 HTTP/1.1" 304 -
201.245.192.253 - - [19/Sep/2022:12:45:06 -0500] "GET /sipse/faces/javax.faces.resource/jquery/jquery-plugins.js?ln=primefaces&v=4.0 HTTP/1.1" 304 -
201.245.192.253 - - [19/Sep/2022:12:45:06 -0500] "GET /sipse/faces/javax.faces.resource/primefaces.js?ln=primefaces&v=4.0 HTTP/1.1" 304 -
201.245.192.253 - - [19/Sep/2022:12:45:06 -0500] "GET /sipse/faces/javax.faces.resource/layout/layout.js?ln=primefaces&v=4.0 HTTP/1.1" 304 -
201.245.192.253 - - [19/Sep/2022:12:45:06 -0500] "GET /sipse/faces/javax.faces.resource/images/ui-icons_898989_256x240.png?ln=primefaces-aristo HTTP/1.1" 304 -
201.245.192.253 - - [19/Sep/2022:12:45:09 -0500] "POST /sipse/faces/autenticacion.xhtml HTTP/1.1" 200 2217
201.245.192.253 - - [19/Sep/2022:12:45:09 -0500] "GET /sipse/faces/javax.faces.resource/messages/messages.png?ln=primefaces&v=4.0 HTTP/1.1" 304 -
172.22.2.4 - - [19/Sep/2022:12:45:09 -0500] "GET /BLA/boletinlegal/consulta_actos.php?tipo=resoluciones&no=1670&usuario=&sector=PEV&fecha=2015&resuelve= HTTP/1.1" 200 626
201.245.192.253 - - [19/Sep/2022:12:45:09 -0500] "POST /sipse/faces/autenticacion.xhtml HTTP/1.1" 200 16266
201.245.192.253 - - [19/Sep/2022:12:45:10 -0500] "GET /sipse/faces/javax.faces.resource/layout/layout.css?ln=primefaces&v=4.0 HTTP/1.1" 304 -
201.245.192.253 - - [19/Sep/2022:12:45:10 -0500] "GET /sipse/faces/javax.faces.resource/theme.css?ln=primefaces-sipse HTTP/1.1" 304 -
201.245.192.253 - - [19/Sep/2022:12:45:10 -0500] "GET /sipse/faces/javax.faces.resource/primefaces.css?ln=primefaces&v=4.0 HTTP/1.1" 304 -
201.245.192.253 - - [19/Sep/2022:12:45:10 -0500] "GET /sipse/faces/javax.faces.resource/jquery/jquery.js?ln=primefaces&v=4.0 HTTP/1.1" 304 -
201.245.192.253 - - [19/Sep/2022:12:45:10 -0500] "GET /sipse/faces/javax.faces.resource/jquery/jquery-plugins.js?ln=primefaces&v=4.0 HTTP/1.1" 304 -
201.245.192.253 - - [19/Sep/2022:12:45:10 -0500] "GET /sipse/faces/javax.faces.resource/primefaces.js?ln=primefaces&v=4.0 HTTP/1.1" 304 -
201.245.192.253 - - [19/Sep/2022:12:45:10 -0500] "GET /sipse/faces/javax.faces.resource/layout/layout.js?ln=primefaces&v=4.0 HTTP/1.1" 304 -
201.245.192.253 - - [19/Sep/2022:12:45:10 -0500] "GET /sipse/css/imagen/contrasena.png HTTP/1.1" 404 383
201.245.192.253 - - [19/Sep/2022:12:45:12 -0500] "GET /sipse/faces/javax.faces.resource/images/ui-bg_flat_0_2d5972_40x100.png?ln=primefaces-aristo HTTP/1.1" 304 -
201.245.192.253 - - [19/Sep/2022:12:45:12 -0500] "POST /sipse/faces/bienvenido.xhtml HTTP/1.1" 200 2658
172.22.2.4 - - [19/Sep/2022:12:45:13 -0500] "GET /BLA/boletinlegal/consulta_actos.php?tipo=resoluciones&no=1670&usuario=&sector=PEV&fecha=2016&resuelve= HTTP/1.1" 200 626
201.245.192.253 - - [19/Sep/2022:12:45:13 -0500] "POST /sipse/faces/bienvenido.xhtml HTTP/1.1" 200 65225
201.245.192.253 - - [19/Sep/2022:12:45:15 -0500] "GET /sipse/faces/javax.faces.resource/theme.css?ln=primefaces-sipse HTTP/1.1" 304 -
201.245.192.253 - - [19/Sep/2022:12:45:15 -0500] "GET /sipse/faces/javax.faces.resource/layout/layout.css?ln=primefaces&v=4.0 HTTP/1.1" 304 -
201.245.192.253 - - [19/Sep/2022:12:45:15 -0500] "GET /sipse/faces/javax.faces.resource/primefaces.css?ln=primefaces&v=4.0 HTTP/1.1" 304 -
201.245.192.253 - - [19/Sep/2022:12:45:15 -0500] "GET /sipse/faces/javax.faces.resource/jquery/jquery.js?ln=primefaces&v=4.0 HTTP/1.1" 304 -
201.245.192.253 - - [19/Sep/2022:12:45:15 -0500] "GET /sipse/faces/javax.faces.resource/jquery/jquery-plugins.js?ln=primefaces&v=4.0 HTTP/1.1" 304 -
201.245.192.253 - - [19/Sep/2022:12:45:15 -0500] "GET /sipse/faces/javax.faces.resource/primefaces.js?ln=primefaces&v=4.0 HTTP/1.1" 304 -
201.245.192.253 - - [19/Sep/2022:12:45:15 -0500] "GET /sipse/faces/javax.faces.resource/layout/layout.js?ln=primefaces&v=4.0 HTTP/1.1" 304 -
201.245.192.253 - - [19/Sep/2022:12:45:15 -0500] "POST /sipse/faces/presentacion/financiero/solicitudProceso/listarSolicitudProceso.xhtml HTTP/1.1" 200 1544
172.22.2.4 - - [19/Sep/2022:12:45:18 -0500] "GET /BLA/boletinlegal/consulta_actos.php?tipo=resoluciones&no=1670&usuario=&sector=PEV&fecha=2017&resuelve= HTTP/1.1" 200 626
201.245.192.253 - - [19/Sep/2022:12:45:18 -0500] "POST /sipse/faces/presentacion/financiero/solicitudProceso/listarSolicitudProceso.xhtml HTTP/1.1" 200 129920
201.245.192.253 - - [19/Sep/2022:12:45:19 -0500] "GET /sipse/faces/javax.faces.resource/theme.css?ln=primefaces-sipse HTTP/1.1" 304 -
201.245.192.253 - - [19/Sep/2022:12:45:19 -0500] "GET /sipse/faces/javax.faces.resource/primefaces.css?ln=primefaces&v=4.0 HTTP/1.1" 304 -
201.245.192.253 - - [19/Sep/2022:12:45:19 -0500] "GET /sipse/faces/javax.faces.resource/layout/layout.css?ln=primefaces&v=4.0 HTTP/1.1" 304 -
201.245.192.253 - - [19/Sep/2022:12:45:19 -0500] "GET /sipse/faces/javax.faces.resource/jquery/jquery.js?ln=primefaces&v=4.0 HTTP/1.1" 304 -
201.245.192.253 - - [19/Sep/2022:12:45:19 -0500] "GET /sipse/faces/javax.faces.resource/jquery/jquery-plugins.js?ln=primefaces&v=4.0 HTTP/1.1" 304 -
201.245.192.253 - - [19/Sep/2022:12:45:19 -0500] "GET /sipse/faces/javax.faces.resource/primefaces.js?ln=primefaces&v=4.0 HTTP/1.1" 304 -
201.245.192.253 - - [19/Sep/2022:12:45:19 -0500] "GET /sipse/faces/javax.faces.resource/layout/layout.js?ln=primefaces&v=4.0 HTTP/1.1" 304 -
172.22.2.4 - - [19/Sep/2022:12:45:22 -0500] "GET /BLA/boletinlegal/consulta_actos.php?tipo=resoluciones&no=1670&usuario=&sector=PEV&fecha=2018&resuelve= HTTP/1.1" 200 626
201.245.192.253 - - [19/Sep/2022:12:45:22 -0500] "POST /sipse/faces/presentacion/financiero/solicitudProceso/consultarSolicitudProceso.xhtml HTTP/1.1" 200 21110
201.245.192.253 - - [19/Sep/2022:12:45:22 -0500] "GET /sipse/faces/javax.faces.resource/primefaces.css?ln=primefaces&v=4.0 HTTP/1.1" 304 -
201.245.192.253 - - [19/Sep/2022:12:45:22 -0500] "GET /sipse/faces/javax.faces.resource/theme.css?ln=primefaces-sipse HTTP/1.1" 304 -
201.245.192.253 - - [19/Sep/2022:12:45:22 -0500] "GET /sipse/faces/javax.faces.resource/fileupload/fileupload.css?ln=primefaces&v=4.0 HTTP/1.1" 304 -
201.245.192.253 - - [19/Sep/2022:12:45:22 -0500] "GET /sipse/faces/javax.faces.resource/jquery/jquery-plugins.js?ln=primefaces&v=4.0 HTTP/1.1" 304 -
201.245.192.253 - - [19/Sep/2022:12:45:22 -0500] "GET /sipse/faces/javax.faces.resource/layout/layout.css?ln=primefaces&v=4.0 HTTP/1.1" 304 -
201.245.192.253 - - [19/Sep/2022:12:45:22 -0500] "GET /sipse/faces/javax.faces.resource/jquery/jquery.js?ln=primefaces&v=4.0 HTTP/1.1" 304 -
201.245.192.253 - - [19/Sep/2022:12:45:22 -0500] "GET /sipse/faces/javax.faces.resource/primefaces.js?ln=primefaces&v=4.0 HTTP/1.1" 304 -
201.245.192.253 - - [19/Sep/2022:12:45:22 -0500] "GET /sipse/faces/javax.faces.resource/layout/layout.js?ln=primefaces&v=4.0 HTTP/1.1" 304 -
201.245.192.253 - - [19/Sep/2022:12:45:22 -0500] "GET /sipse/faces/javax.faces.resource/fileupload/fileupload.js?ln=primefaces&v=4.0 HTTP/1.1" 304 -
216.245.221.92 - - [19/Sep/2022:12:45:24 -0500] "HEAD / HTTP/1.1" 200 -
172.22.2.4 - - [19/Sep/2022:12:45:25 -0500] "GET /BLA/boletinlegal/actos.php HTTP/1.1" 200 9559
172.22.2.4 - - [19/Sep/2022:12:43:45 -0500] "HEAD /BLA/boletinlegal/ HTTP/1.1" 200 -
201.245.192.253 - - [19/Sep/2022:12:45:30 -0500] "GET /sipse/faces/javax.faces.resource/theme.css?ln=primefaces-sipse HTTP/1.1" 304 -
201.245.192.253 - - [19/Sep/2022:12:45:30 -0500] "GET /sipse/faces/javax.faces.resource/layout/layout.css?ln=primefaces&v=4.0 HTTP/1.1" 304 -
201.245.192.253 - - [19/Sep/2022:12:45:30 -0500] "GET /sipse/faces/javax.faces.resource/primefaces.css?ln=primefaces&v=4.0 HTTP/1.1" 304 -
201.245.192.253 - - [19/Sep/2022:12:45:30 -0500] "GET /sipse/faces/javax.faces.resource/jquery/jquery.js?ln=primefaces&v=4.0 HTTP/1.1" 304 -
201.245.192.253 - - [19/Sep/2022:12:45:30 -0500] "GET /sipse/faces/javax.faces.resource/jquery/jquery-plugins.js?ln=primefaces&v=4.0 HTTP/1.1" 304 -
201.245.192.253 - - [19/Sep/2022:12:45:30 -0500] "GET /sipse/faces/javax.faces.resource/layout/layout.js?ln=primefaces&v=4.0 HTTP/1.1" 304 -
201.245.192.253 - - [19/Sep/2022:12:45:30 -0500] "GET /sipse/faces/javax.faces.resource/primefaces.js?ln=primefaces&v=4.0 HTTP/1.1" 304 -
201.245.192.253 - - [19/Sep/2022:12:45:30 -0500] "GET /sipse/faces/javax.faces.resource/images/ui-icons_898989_256x240.png?ln=primefaces-aristo HTTP/1.1" 304 -
201.245.192.253 - - [19/Sep/2022:12:45:29 -0500] "POST /sipse/faces/presentacion/sistema/anexos/cargarAnexoSolicitudProceso.xhtml HTTP/1.1" 200 178540
191.95.55.52 - - [19/Sep/2022:12:45:35 -0500] "GET /BLA/resoluciones/AUTOS%202022/1369.pdf HTTP/1.1" 200 390652
172.22.2.4 - - [19/Sep/2022:12:45:51 -0500] "GET /BLA/boletinlegal/doctrina.php HTTP/1.1" 200 5604
186.86.33.43 - - [19/Sep/2022:12:45:55 -0500] "GET /BLA/resoluciones/dlf/dirup.png HTTP/1.1" 200 644
186.86.33.43 - - [19/Sep/2022:12:45:55 -0500] "GET /BLA/resoluciones/dlf/pdf.gif HTTP/1.1" 200 272
186.86.33.43 - - [19/Sep/2022:12:45:55 -0500] "GET /BLA/resoluciones/index.php?dir=RESOLUCIONES+2022%2F HTTP/1.1" 200 154594
172.22.2.4 - - [19/Sep/2022:12:46:08 -0500] "GET /BLA/boletinlegal/js/ajax_doctrina.js HTTP/1.1" 200 772
201.245.192.253 - - [19/Sep/2022:12:46:06 -0500] "POST /sipse/faces/presentacion/financiero/solicitudProceso/consultarSolicitudProceso.xhtml HTTP/1.1" 200 61682
201.245.192.253 - - [19/Sep/2022:12:46:08 -0500] "GET /sipse/faces/javax.faces.resource/theme.css?ln=primefaces-sipse HTTP/1.1" 304 -
201.245.192.253 - - [19/Sep/2022:12:46:08 -0500] "GET /sipse/faces/javax.faces.resource/layout/layout.css?ln=primefaces&v=4.0 HTTP/1.1" 304 -
201.245.192.253 - - [19/Sep/2022:12:46:08 -0500] "GET /sipse/faces/javax.faces.resource/primefaces.css?ln=primefaces&v=4.0 HTTP/1.1" 304 -
172.22.2.4 - - [19/Sep/2022:12:46:08 -0500] "GET /BLA/boletinlegal/style.css HTTP/1.1" 200 9406
201.245.192.253 - - [19/Sep/2022:12:46:08 -0500] "GET /sipse/faces/javax.faces.resource/jquery/jquery.js?ln=primefaces&v=4.0 HTTP/1.1" 304 -
201.245.192.253 - - [19/Sep/2022:12:46:08 -0500] "GET /sipse/faces/javax.faces.resource/jquery/jquery-plugins.js?ln=primefaces&v=4.0 HTTP/1.1" 304 -
201.245.192.253 - - [19/Sep/2022:12:46:08 -0500] "GET /sipse/faces/javax.faces.resource/primefaces.js?ln=primefaces&v=4.0 HTTP/1.1" 304 -
201.245.192.253 - - [19/Sep/2022:12:46:08 -0500] "GET /sipse/faces/javax.faces.resource/layout/layout.js?ln=primefaces&v=4.0 HTTP/1.1" 304 -
201.245.192.253 - - [19/Sep/2022:12:46:08 -0500] "GET /sipse/faces/javax.faces.resource/messages/messages.png?ln=primefaces&v=4.0 HTTP/1.1" 304 -
201.245.192.253 - - [19/Sep/2022:12:46:08 -0500] "POST /sipse/faces/presentacion/financiero/solicitudProceso/listarSolicitudProceso.xhtml HTTP/1.1" 200 1544
172.22.2.4 - - [19/Sep/2022:12:46:12 -0500] "GET /BLA/boletinlegal/js/jquery1.js HTTP/1.1" 200 29846
172.22.2.4 - - [19/Sep/2022:12:46:13 -0500] "GET /BLA/boletinlegal/js/popup.js HTTP/1.1" 200 1270
172.22.2.4 - - [19/Sep/2022:12:44:36 -0500] "GET /BLA/boletinlegal/ HTTP/1.1" 200 58163
172.22.2.4 - - [19/Sep/2022:12:46:17 -0500] "GET /BLA/boletinlegal/js/lib.js HTTP/1.1" 200 6474
186.86.33.43 - - [19/Sep/2022:12:46:16 -0500] "GET /BLA/resoluciones/index.php?dir=RESOLUCIONES+2021%2F HTTP/1.1" 200 422970
201.245.192.253 - - [19/Sep/2022:12:46:22 -0500] "POST /sipse/faces/presentacion/financiero/solicitudProceso/listarSolicitudProceso.xhtml HTTP/1.1" 200 137686
201.245.192.253 - - [19/Sep/2022:12:46:23 -0500] "GET /sipse/faces/javax.faces.resource/primefaces.css?ln=primefaces&v=4.0 HTTP/1.1" 304 -
201.245.192.253 - - [19/Sep/2022:12:46:23 -0500] "GET /sipse/faces/javax.faces.resource/theme.css?ln=primefaces-sipse HTTP/1.1" 304 -
201.245.192.253 - - [19/Sep/2022:12:46:23 -0500] "GET /sipse/faces/javax.faces.resource/layout/layout.css?ln=primefaces&v=4.0 HTTP/1.1" 304 -
201.245.192.253 - - [19/Sep/2022:12:46:24 -0500] "GET /sipse/faces/javax.faces.resource/jquery/jquery.js?ln=primefaces&v=4.0 HTTP/1.1" 304 -
201.245.192.253 - - [19/Sep/2022:12:46:24 -0500] "GET /sipse/faces/javax.faces.resource/jquery/jquery-plugins.js?ln=primefaces&v=4.0 HTTP/1.1" 304 -
201.245.192.253 - - [19/Sep/2022:12:46:24 -0500] "GET /sipse/faces/javax.faces.resource/primefaces.js?ln=primefaces&v=4.0 HTTP/1.1" 304 -
201.245.192.253 - - [19/Sep/2022:12:46:24 -0500] "GET /sipse/faces/javax.faces.resource/layout/layout.js?ln=primefaces&v=4.0 HTTP/1.1" 304 -
201.245.192.253 - - [19/Sep/2022:12:46:30 -0500] "POST /sipse/faces/presentacion/financiero/solicitudProceso/consultarSolicitudProceso.xhtml HTTP/1.1" 200 101636
191.95.55.52 - - [19/Sep/2022:12:46:38 -0500] "GET /BLA/resoluciones/AUTOS%202022/1282.pdf HTTP/1.1" 200 363019
186.86.33.43 - - [19/Sep/2022:12:46:41 -0500] "GET /BLA/resoluciones/index.php?dir=RESOLUCIONES+2020%2F HTTP/1.1" 200 165994
201.245.192.253 - - [19/Sep/2022:12:46:47 -0500] "POST /sipse/faces/presentacion/financiero/solicitudProceso/consultarSolicitudProceso.xhtml HTTP/1.1" 200 293074
201.245.192.253 - - [19/Sep/2022:12:46:51 -0500] "POST /sipse/faces/presentacion/financiero/solicitudProceso/consultarSolicitudProceso.xhtml HTTP/1.1" 200 171109
201.245.192.253 - - [19/Sep/2022:12:46:53 -0500] "POST /sipse/faces/presentacion/financiero/solicitudProceso/consultarSolicitudProceso.xhtml HTTP/1.1" 200 53327
201.245.192.253 - - [19/Sep/2022:12:46:57 -0500] "POST /sipse/faces/presentacion/financiero/solicitudProceso/consultarSolicitudProceso.xhtml HTTP/1.1" 200 5759340
201.245.192.253 - - [19/Sep/2022:12:47:03 -0500] "POST /sipse/faces/presentacion/financiero/solicitudProceso/consultarSolicitudProceso.xhtml HTTP/1.1" 200 5561
201.245.192.253 - - [19/Sep/2022:12:47:03 -0500] "GET /sipse/faces/javax.faces.resource/dynamiccontent.properties?ln=primefaces&pfdrid=XjOR5%2F%2FfPAZAuY9TpWQeCiM0BhlXxYRBGKi%2FQcXXfeA%3D&pfdrid_c=false HTTP/1.1" 200 165335
186.86.33.43 - - [19/Sep/2022:12:47:15 -0500] "GET /BLA/resoluciones/index.php?dir=RESOLUCIONES+2019%2F HTTP/1.1" 200 245920
191.95.55.52 - - [19/Sep/2022:12:47:18 -0500] "GET /BLA/resoluciones/AUTOS%202022/1204.pdf HTTP/1.1" 200 389492
201.245.192.253 - - [19/Sep/2022:12:47:21 -0500] "POST /sipse/faces/presentacion/financiero/solicitudProceso/consultarSolicitudProceso.xhtml HTTP/1.1" 200 5546
186.86.33.43 - - [19/Sep/2022:12:47:25 -0500] "GET /BLA/resoluciones/RESOLUCIONES%202019/1670.pdf HTTP/1.1" 200 282129
186.86.33.43 - - [19/Sep/2022:12:47:42 -0500] "GET /BLA/resoluciones/index.php?dir=RESOLUCIONES+2018%2F HTTP/1.1" 200 270926
186.86.33.43 - - [19/Sep/2022:12:47:59 -0500] "GET /BLA/resoluciones/index.php?dir=RESOLUCIONES+2018%2F HTTP/1.1" 200 270926
191.95.55.52 - - [19/Sep/2022:12:48:01 -0500] "GET /BLA/resoluciones/AUTOS%202022/1029.pdf HTTP/1.1" 200 508375
172.22.2.4 - - [19/Sep/2022:12:46:27 -0500] "GET /BLA/boletinlegal/ HTTP/1.1" 200 63207
186.86.33.43 - - [19/Sep/2022:12:48:24 -0500] "GET /BLA/resoluciones/index.php?dir=RESOLUCIONES+2017%2F HTTP/1.1" 200 283936
186.86.33.43 - - [19/Sep/2022:12:48:45 -0500] "GET /BLA/resoluciones/dlf/unknown.png HTTP/1.1" 200 266
186.86.33.43 - - [19/Sep/2022:12:48:45 -0500] "GET /BLA/resoluciones/index.php?dir=RESOLUCIONES+2016%2F HTTP/1.1" 200 170796
186.86.33.43 - - [19/Sep/2022:12:49:02 -0500] "GET /BLA/resoluciones/index.php?dir=RESOLUCIONES+2017%2F HTTP/1.1" 200 283936
201.245.192.253 - - [19/Sep/2022:12:49:17 -0500] "POST /kwsrmcab/Wsrmcab  HTTP/1.1" 200 37989
186.86.33.43 - - [19/Sep/2022:12:49:22 -0500] "GET /BLA/resoluciones/index.php?dir=RESOLUCIONES+2017%2F HTTP/1.1" 200 283936
186.86.33.43 - - [19/Sep/2022:12:49:47 -0500] "GET /BLA/resoluciones/index.php?dir=RESOLUCIONES+2016%2F HTTP/1.1" 200 170796
186.86.33.43 - - [19/Sep/2022:12:50:09 -0500] "GET /BLA/resoluciones/index.php?dir=RESOLUCIONES+2015%2F HTTP/1.1" 200 130562
191.95.55.52 - - [19/Sep/2022:12:50:14 -0500] "GET /BLA/resoluciones/AUTOS%202022/0462.pdf HTTP/1.1" 200 375593
172.22.2.4 - - [19/Sep/2022:12:50:19 -0500] "GET /BLA/boletinlegal/consulta_actos.php?tipo=resoluciones&no=4610&usuario=&sector=PEV&fecha=2009&resuelve= HTTP/1.1" 200 1066
216.245.221.92 - - [19/Sep/2022:12:50:24 -0500] "HEAD / HTTP/1.1" 200 -
186.86.33.43 - - [19/Sep/2022:12:50:28 -0500] "GET /BLA/resoluciones/index.php?dir=RESOLUCIONES+2014%2F HTTP/1.1" 200 333679
186.86.33.43 - - [19/Sep/2022:12:50:37 -0500] "GET /BLA/resoluciones/RESOLUCIONES%202014/1670.pdf HTTP/1.1" 200 534765
172.22.2.4 - - [19/Sep/2022:12:50:57 -0500] "GET /BLA/boletinlegal/consulta_actos.php?tipo=resoluciones&no=4610&usuario=&sector=PEV&fecha=2010&resuelve= HTTP/1.1" 200 1165
186.86.33.43 - - [19/Sep/2022:12:51:00 -0500] "GET /BLA/resoluciones/index.php?dir=RESOLUCIONES+2013%2F HTTP/1.1" 200 237768
172.22.2.4 - - [19/Sep/2022:12:49:35 -0500] "HEAD /BLA/boletinlegal/ HTTP/1.1" 200 -
186.86.33.43 - - [19/Sep/2022:12:51:18 -0500] "GET /BLA/resoluciones/index.php?dir=RESOLUCIONES+2012%2F HTTP/1.1" 200 140066
200.29.113.38 - - [19/Sep/2022:12:51:39 -0500] "GET /BLA/resoluciones/index.php?dir=RESOLUCIONES+2013%2F HTTP/1.1" 200 237768
200.29.113.38 - - [19/Sep/2022:12:51:40 -0500] "GET /BLA/resoluciones/dlf/styles.css HTTP/1.1" 200 3049
200.29.113.38 - - [19/Sep/2022:12:51:40 -0500] "GET /BLA/resoluciones/dlf/dirup.png HTTP/1.1" 200 644
200.29.113.38 - - [19/Sep/2022:12:51:40 -0500] "GET /BLA/resoluciones/dlf/pdf.gif HTTP/1.1" 200 272
200.29.113.38 - - [19/Sep/2022:12:51:40 -0500] "GET /BLA/resoluciones/dlf/bg.gif HTTP/1.1" 200 54
66.249.73.127 - - [19/Sep/2022:12:52:02 -0500] "-" 408 -
172.22.2.4 - - [19/Sep/2022:12:50:26 -0500] "GET /BLA/boletinlegal/ HTTP/1.1" 200 54823
201.245.192.253 - - [19/Sep/2022:12:52:42 -0500] "GET /sipse/faces/javax.faces.resource/images/ui-bg_flat_0_2d5972_40x100.png?ln=primefaces-aristo HTTP/1.1" 304 -
201.245.192.253 - - [19/Sep/2022:12:52:42 -0500] "POST /sipse/faces/presentacion/financiero/solicitudProceso/consultarSolicitudProceso.xhtml HTTP/1.1" 200 5361
201.245.192.253 - - [19/Sep/2022:12:52:44 -0500] "POST /sipse/faces/presentacion/financiero/solicitudProceso/consultarSolicitudProceso.xhtml HTTP/1.1" 200 5336
201.245.192.253 - - [19/Sep/2022:12:52:45 -0500] "POST /sipse/faces/presentacion/financiero/solicitudProceso/consultarSolicitudProceso.xhtml HTTP/1.1" 200 29335
201.245.192.253 - - [19/Sep/2022:12:52:45 -0500] "GET /sipse/faces/javax.faces.resource/primefaces.css?ln=primefaces&v=4.0 HTTP/1.1" 304 -
201.245.192.253 - - [19/Sep/2022:12:52:45 -0500] "GET /sipse/faces/javax.faces.resource/theme.css?ln=primefaces-sipse HTTP/1.1" 304 -
201.245.192.253 - - [19/Sep/2022:12:52:45 -0500] "GET /sipse/faces/javax.faces.resource/layout/layout.css?ln=primefaces&v=4.0 HTTP/1.1" 304 -
201.245.192.253 - - [19/Sep/2022:12:52:45 -0500] "GET /sipse/faces/javax.faces.resource/jquery/jquery.js?ln=primefaces&v=4.0 HTTP/1.1" 304 -
201.245.192.253 - - [19/Sep/2022:12:52:45 -0500] "GET /sipse/faces/javax.faces.resource/jquery/jquery-plugins.js?ln=primefaces&v=4.0 HTTP/1.1" 304 -
201.245.192.253 - - [19/Sep/2022:12:52:45 -0500] "GET /sipse/faces/javax.faces.resource/primefaces.js?ln=primefaces&v=4.0 HTTP/1.1" 304 -
201.245.192.253 - - [19/Sep/2022:12:52:45 -0500] "GET /sipse/faces/javax.faces.resource/layout/layout.js?ln=primefaces&v=4.0 HTTP/1.1" 304 -
172.22.2.4 - - [19/Sep/2022:12:52:53 -0500] "GET /BLA/boletinlegal/jurisprudencia/analisis/CUADRO%20ANALISIS%20SENTENCIA%20T-411%20DE%201992.doc HTTP/1.1" 200 41984
186.86.33.43 - - [19/Sep/2022:12:53:01 -0500] "GET /BLA/resoluciones/index.php?dir=AUTOS+2020%2F HTTP/1.1" 200 326329
201.245.192.253 - - [19/Sep/2022:12:53:12 -0500] "POST /sipse/faces/presentacion/contratacion/contratista/listarContratista.xhtml HTTP/1.1" 200 7806
201.245.192.253 - - [19/Sep/2022:12:53:14 -0500] "POST /sipse/faces/presentacion/contratacion/contratista/listarContratista.xhtml HTTP/1.1" 200 7036
201.245.192.253 - - [19/Sep/2022:12:53:14 -0500] "GET /sipse/faces/javax.faces.resource/messages/messages.png?ln=primefaces&v=4.0 HTTP/1.1" 304 -
201.245.192.253 - - [19/Sep/2022:12:53:15 -0500] "POST /sipse/faces/presentacion/contratacion/contratista/listarContratista.xhtml HTTP/1.1" 200 67995
201.245.192.253 - - [19/Sep/2022:12:53:17 -0500] "GET /sipse/faces/javax.faces.resource/theme.css?ln=primefaces-sipse HTTP/1.1" 304 -
201.245.192.253 - - [19/Sep/2022:12:53:17 -0500] "GET /sipse/faces/javax.faces.resource/jquery/jquery.js?ln=primefaces&v=4.0 HTTP/1.1" 304 -
201.245.192.253 - - [19/Sep/2022:12:53:17 -0500] "GET /sipse/faces/javax.faces.resource/layout/layout.css?ln=primefaces&v=4.0 HTTP/1.1" 304 -
201.245.192.253 - - [19/Sep/2022:12:53:17 -0500] "GET /sipse/faces/javax.faces.resource/primefaces.css?ln=primefaces&v=4.0 HTTP/1.1" 304 -
201.245.192.253 - - [19/Sep/2022:12:53:17 -0500] "GET /sipse/faces/javax.faces.resource/jquery/jquery-plugins.js?ln=primefaces&v=4.0 HTTP/1.1" 304 -
201.245.192.253 - - [19/Sep/2022:12:53:17 -0500] "GET /sipse/faces/javax.faces.resource/primefaces.js?ln=primefaces&v=4.0 HTTP/1.1" 304 -
201.245.192.253 - - [19/Sep/2022:12:53:17 -0500] "GET /sipse/faces/javax.faces.resource/layout/layout.js?ln=primefaces&v=4.0 HTTP/1.1" 304 -
201.245.192.253 - - [19/Sep/2022:12:53:17 -0500] "GET /sipse/faces/javax.faces.resource/spacer/dot_clear.gif?ln=primefaces&v=4.0 HTTP/1.1" 200 42
201.245.192.253 - - [19/Sep/2022:12:53:17 -0500] "GET /sipse/css/imagen/contrasena.png HTTP/1.1" 404 383
201.245.192.253 - - [19/Sep/2022:12:53:17 -0500] "GET /sipse/faces/javax.faces.resource/images/ui-icons_898989_256x240.png?ln=primefaces-aristo HTTP/1.1" 304 -
172.22.2.4 - - [19/Sep/2022:12:53:18 -0500] "GET /BLA/boletinlegal/Directivas/2018/Directiva%20No.%2023%20del%2026%20de%20diciembre%20de%202018.pdf HTTP/1.1" 304 -
186.86.33.43 - - [19/Sep/2022:12:53:39 -0500] "GET /BLA/resoluciones/index.php?dir=AUTOS+2021%2F HTTP/1.1" 200 394468
186.86.33.43 - - [19/Sep/2022:12:53:54 -0500] "GET /BLA/resoluciones/AUTOS%202021/1670.pdf HTTP/1.1" 200 450622
201.245.192.253 - - [19/Sep/2022:12:54:16 -0500] "POST /kwsrmcab/Wsrmcab  HTTP/1.1" 200 37989
207.46.13.131 - - [19/Sep/2022:12:54:40 -0500] "GET /sipse/faces/faces/autenticacion.xhtml HTTP/1.1" 200 12496
201.245.192.253 - - [19/Sep/2022:12:54:56 -0500] "GET /sipse/faces/javax.faces.resource/images/ui-bg_flat_0_2d5972_40x100.png?ln=primefaces-aristo HTTP/1.1" 304 -
201.245.192.253 - - [19/Sep/2022:12:54:56 -0500] "POST /sipse/faces/presentacion/contratacion/contratista/consultarContratista.xhtml HTTP/1.1" 200 8140
201.245.192.253 - - [19/Sep/2022:12:54:58 -0500] "POST /sipse/faces/presentacion/contratacion/contratista/consultarContratista.xhtml HTTP/1.1" 200 9743
216.245.221.92 - - [19/Sep/2022:12:55:24 -0500] "HEAD / HTTP/1.1" 200 -
201.245.192.253 - - [19/Sep/2022:12:55:51 -0500] "POST /sipse/faces/presentacion/contratacion/contratista/consultarContratista.xhtml HTTP/1.1" 200 36568
201.245.192.253 - - [19/Sep/2022:12:56:32 -0500] "GET /sipse/faces/javax.faces.resource/primefaces.css?ln=primefaces&v=4.0 HTTP/1.1" 304 -
201.245.192.253 - - [19/Sep/2022:12:56:32 -0500] "GET /sipse/faces/javax.faces.resource/theme.css?ln=primefaces-sipse HTTP/1.1" 304 -
201.245.192.253 - - [19/Sep/2022:12:56:32 -0500] "GET /sipse/faces/javax.faces.resource/layout/layout.css?ln=primefaces&v=4.0 HTTP/1.1" 304 -
201.245.192.253 - - [19/Sep/2022:12:56:32 -0500] "GET /sipse/faces/javax.faces.resource/jquery/jquery.js?ln=primefaces&v=4.0 HTTP/1.1" 304 -
201.245.192.253 - - [19/Sep/2022:12:56:32 -0500] "GET /sipse/faces/javax.faces.resource/jquery/jquery-plugins.js?ln=primefaces&v=4.0 HTTP/1.1" 304 -
201.245.192.253 - - [19/Sep/2022:12:56:32 -0500] "GET /sipse/faces/javax.faces.resource/primefaces.js?ln=primefaces&v=4.0 HTTP/1.1" 304 -
201.245.192.253 - - [19/Sep/2022:12:56:32 -0500] "GET /sipse/faces/javax.faces.resource/layout/layout.js?ln=primefaces&v=4.0 HTTP/1.1" 304 -
201.245.192.253 - - [19/Sep/2022:12:56:32 -0500] "GET /sipse/css/imagen/contrasena.png HTTP/1.1" 404 383
201.245.192.253 - - [19/Sep/2022:12:56:32 -0500] "GET /sipse/faces/javax.faces.resource/images/ui-icons_898989_256x240.png?ln=primefaces-aristo HTTP/1.1" 304 -
