152.200.176.61 - - [21/Sep/2022:14:20:17 -0500] "GET /portaldeninos/wp-content/uploads/useanyfont/uaf.css?ver=1589905315 HTTP/1.1" 200 408
152.200.176.61 - - [21/Sep/2022:14:20:17 -0500] "GET /portaldeninos/wp-content/themes/betheme/style.css?ver=20.9.6 HTTP/1.1" 200 287
152.200.176.61 - - [21/Sep/2022:14:20:17 -0500] "GET /portaldeninos/wp-content/themes/betheme/css/base.css?ver=20.9.6 HTTP/1.1" 200 57283
152.200.176.61 - - [21/Sep/2022:14:20:18 -0500] "GET /portaldeninos/wp-content/themes/betheme/css/layout.css?ver=20.9.6 HTTP/1.1" 200 116639
152.200.176.61 - - [21/Sep/2022:14:20:18 -0500] "GET /portaldeninos/wp-content/themes/betheme/css/shortcodes.css?ver=20.9.6 HTTP/1.1" 200 138889
152.200.176.61 - - [21/Sep/2022:14:20:18 -0500] "GET /portaldeninos/wp-content/themes/betheme/assets/animations/animations.min.css?ver=20.9.6 HTTP/1.1" 200 58508
152.200.176.55 - - [21/Sep/2022:14:20:18 -0500] "GET /portaldeninos/wp-content/themes/betheme/assets/jplayer/css/jplayer.blue.monday.css?ver=20.9.6 HTTP/1.1" 200 9834
152.200.176.37 - - [21/Sep/2022:14:20:18 -0500] "GET /portaldeninos/wp-content/themes/betheme/assets/ui/jquery.ui.all.css?ver=20.9.6 HTTP/1.1" 200 18765
152.200.176.102 - - [21/Sep/2022:14:20:18 -0500] "GET /portaldeninos/wp-content/themes/betheme/css/responsive.css?ver=20.9.6 HTTP/1.1" 200 55740
152.200.176.37 - - [21/Sep/2022:14:20:18 -0500] "GET /portaldeninos/wp-content/plugins/google-analytics-for-wordpress/assets/js/frontend-gtag.min.js?ver=8.5.0 HTTP/1.1" 200 11801
152.200.176.102 - - [21/Sep/2022:14:20:18 -0500] "GET /portaldeninos/wp-includes/js/jquery/jquery.js?ver=1.12.4 HTTP/1.1" 200 97184
152.200.176.102 - - [21/Sep/2022:14:20:18 -0500] "GET /portaldeninos/wp-includes/js/jquery/jquery-migrate.min.js?ver=1.4.1 HTTP/1.1" 200 10056
152.200.176.61 - - [21/Sep/2022:14:20:18 -0500] "GET /portaldeninos/wp-includes/js/jquery/ui/core.min.js?ver=1.11.4 HTTP/1.1" 200 4000
152.200.176.102 - - [21/Sep/2022:14:20:18 -0500] "GET /portaldeninos/wp-content/plugins/gallery-videos/JS/modernizr.custom.js?ver=4.9.8 HTTP/1.1" 200 9019
152.200.176.61 - - [21/Sep/2022:14:20:18 -0500] "GET /portaldeninos/wp-content/plugins/gallery-videos/JS/Total-Soft-Gallery-Video-Widget.js?ver=4.9.8 HTTP/1.1" 200 80264
152.200.176.37 - - [21/Sep/2022:14:20:19 -0500] "GET /portaldeninos/wp-includes/js/jquery/ui/widget.min.js?ver=1.11.4 HTTP/1.1" 200 6908
152.200.176.37 - - [21/Sep/2022:14:20:19 -0500] "GET /portaldeninos/wp-includes/js/jquery/ui/mouse.min.js?ver=1.11.4 HTTP/1.1" 200 3148
152.200.176.37 - - [21/Sep/2022:14:20:19 -0500] "GET /portaldeninos/wp-includes/js/jquery/ui/sortable.min.js?ver=1.11.4 HTTP/1.1" 200 24899
152.200.176.37 - - [21/Sep/2022:14:20:19 -0500] "GET /portaldeninos/wp-includes/js/jquery/ui/tabs.min.js?ver=1.11.4 HTTP/1.1" 200 12110
152.200.176.37 - - [21/Sep/2022:14:20:19 -0500] "GET /portaldeninos/wp-includes/js/jquery/ui/accordion.min.js?ver=1.11.4 HTTP/1.1" 200 8584
152.200.176.37 - - [21/Sep/2022:14:20:19 -0500] "GET /portaldeninos/wp-content/themes/betheme/js/plugins.js?ver=20.9.6 HTTP/1.1" 200 197151
152.200.176.37 - - [21/Sep/2022:14:20:19 -0500] "GET /portaldeninos/wp-content/themes/betheme/js/menu.js?ver=20.9.6 HTTP/1.1" 200 2449
152.200.176.37 - - [21/Sep/2022:14:20:20 -0500] "GET /portaldeninos/wp-content/themes/betheme/assets/animations/animations.min.js?ver=20.9.6 HTTP/1.1" 200 1896
152.200.176.37 - - [21/Sep/2022:14:20:20 -0500] "GET /portaldeninos/wp-content/themes/betheme/assets/jplayer/jplayer.min.js?ver=20.9.6 HTTP/1.1" 200 52702
152.200.176.61 - - [21/Sep/2022:14:20:20 -0500] "GET /portaldeninos/wp-includes/js/wp-embed.min.js?ver=4.9.8 HTTP/1.1" 200 1398
152.200.176.37 - - [21/Sep/2022:14:20:20 -0500] "GET /portaldeninos/wp-content/themes/betheme/js/scripts.js?ver=20.9.6 HTTP/1.1" 200 77162
152.200.176.102 - - [21/Sep/2022:14:20:20 -0500] "GET /portaldeninos/wp-includes/js/wp-emoji-release.min.js?ver=4.9.8 HTTP/1.1" 200 12026
152.200.176.100 - - [21/Sep/2022:14:20:20 -0500] "GET /portaldeninos/wp-content/themes/betheme/fonts/mfn-icons.woff?93978679 HTTP/1.1" 200 80932
152.200.176.96 - - [21/Sep/2022:14:20:20 -0500] "GET /portaldeninos/wp-content/themes/betheme/fonts/mfn-icons.ttf?93978679 HTTP/1.1" 200 124684
152.200.176.55 - - [21/Sep/2022:14:20:20 -0500] "GET /portaldeninos/wp-content/themes/betheme/images/box_shadow.png HTTP/1.1" 200 108
152.200.176.21 - - [21/Sep/2022:14:20:23 -0500] "GET /portaldeninos/wp-content/themes/betheme/fonts/mfn-icons.woff?93978679 HTTP/1.1" 206 1
152.200.176.21 - - [21/Sep/2022:14:20:23 -0500] "GET /portaldeninos/wp-content/themes/betheme/fonts/mfn-icons.ttf?93978679 HTTP/1.1" 200 124684
172.22.2.4 - - [21/Sep/2022:14:18:44 -0500] "HEAD /BLA/boletinlegal/ HTTP/1.1" 200 -
192.168.171.63 - - [21/Sep/2022:14:20:40 -0500] "GET /BLA/boletinlegal/consulta_actos.php?tipo=resoluciones&no=3611&usuario=&sector=&fecha=2017&resuelve= HTTP/1.1" 200 626
152.200.176.102 - - [21/Sep/2022:14:20:47 -0500] "GET /portaldeninos/wp-content/themes/betheme/fonts/mfn-icons.woff?93978679 HTTP/1.1" 206 1
152.200.176.102 - - [21/Sep/2022:14:20:47 -0500] "GET /portaldeninos/wp-content/themes/betheme/fonts/mfn-icons.ttf?93978679 HTTP/1.1" 200 124684
167.0.140.139 - - [21/Sep/2022:14:20:49 -0500] "POST /sipse/faces/autenticacion.xhtml HTTP/1.1" 200 16071
167.0.140.139 - - [21/Sep/2022:14:20:49 -0500] "GET /sipse/css/custom_css_sg_prime.css HTTP/1.1" 200 5201
167.0.140.139 - - [21/Sep/2022:14:20:49 -0500] "GET /sipse/faces/javax.faces.resource/theme.css?ln=primefaces-sipse HTTP/1.1" 304 -
167.0.140.139 - - [21/Sep/2022:14:20:49 -0500] "GET /sipse/faces/javax.faces.resource/primefaces.css?ln=primefaces&v=4.0 HTTP/1.1" 304 -
167.0.140.139 - - [21/Sep/2022:14:20:49 -0500] "GET /sipse/faces/javax.faces.resource/layout/layout.css?ln=primefaces&v=4.0 HTTP/1.1" 304 -
167.0.140.139 - - [21/Sep/2022:14:20:49 -0500] "GET /sipse/js/jquery.min.js HTTP/1.1" 200 85582
167.0.140.139 - - [21/Sep/2022:14:20:49 -0500] "GET /sipse/faces/javax.faces.resource/jquery/jquery.js?ln=primefaces&v=4.0 HTTP/1.1" 304 -
167.0.140.139 - - [21/Sep/2022:14:20:49 -0500] "GET /sipse/faces/javax.faces.resource/jquery/jquery-plugins.js?ln=primefaces&v=4.0 HTTP/1.1" 304 -
167.0.140.139 - - [21/Sep/2022:14:20:49 -0500] "GET /sipse/faces/javax.faces.resource/primefaces.js?ln=primefaces&v=4.0 HTTP/1.1" 304 -
167.0.140.139 - - [21/Sep/2022:14:20:49 -0500] "GET /sipse/faces/javax.faces.resource/layout/layout.js?ln=primefaces&v=4.0 HTTP/1.1" 304 -
167.0.140.139 - - [21/Sep/2022:14:20:49 -0500] "GET /sipse/css/imagen/contrasena.png HTTP/1.1" 404 383
167.0.140.139 - - [21/Sep/2022:14:20:49 -0500] "GET /sipse/imagenes/cargando.gif HTTP/1.1" 200 36959
167.0.140.139 - - [21/Sep/2022:14:20:49 -0500] "GET /sipse/imagenes/logoAplicacion.jpg HTTP/1.1" 200 155084
167.0.140.139 - - [21/Sep/2022:14:20:50 -0500] "GET /sipse/faces/javax.faces.resource/messages/messages.png?ln=primefaces&v=4.0 HTTP/1.1" 200 27209
172.22.2.4 - - [21/Sep/2022:14:19:34 -0500] "GET /BLA/boletinlegal/ HTTP/1.1" 200 58163
172.22.2.4 - - [21/Sep/2022:14:21:20 -0500] "GET /BLA/boletinlegal/consulta_actos.php?tipo=autos&no=3497&usuario=&sector=&fecha=2013&resuelve= HTTP/1.1" 200 1072
192.168.176.70 - - [21/Sep/2022:14:22:17 -0500] "POST /BLA/boletinlegal/admin/notificaciones/ingresar.php HTTP/1.1" 200 30119
192.168.176.70 - - [21/Sep/2022:14:22:17 -0500] "GET /css/global/buttons.css HTTP/1.1" 404 1312
167.0.140.139 - - [21/Sep/2022:14:22:25 -0500] "GET /sipse/faces/javax.faces.resource/images/ui-bg_flat_0_2d5972_40x100.png?ln=primefaces-aristo HTTP/1.1" 200 183
167.0.140.139 - - [21/Sep/2022:14:22:28 -0500] "POST /sipse/faces/bienvenido.xhtml HTTP/1.1" 200 1471
172.22.2.4 - - [21/Sep/2022:14:22:28 -0500] "GET /BLA/boletinlegal/consulta_actos.php?tipo=autos&no=3523&usuario=&sector=&fecha=2013&resuelve= HTTP/1.1" 200 1068
167.0.140.139 - - [21/Sep/2022:14:22:31 -0500] "POST /sipse/faces/bienvenido.xhtml HTTP/1.1" 200 61348
167.0.140.139 - - [21/Sep/2022:14:22:31 -0500] "GET /sipse/faces/javax.faces.resource/theme.css?ln=primefaces-sipse HTTP/1.1" 304 -
167.0.140.139 - - [21/Sep/2022:14:22:31 -0500] "GET /sipse/faces/javax.faces.resource/primefaces.css?ln=primefaces&v=4.0 HTTP/1.1" 304 -
167.0.140.139 - - [21/Sep/2022:14:22:31 -0500] "GET /sipse/faces/javax.faces.resource/layout/layout.css?ln=primefaces&v=4.0 HTTP/1.1" 304 -
167.0.140.139 - - [21/Sep/2022:14:22:31 -0500] "GET /sipse/faces/javax.faces.resource/jquery/jquery.js?ln=primefaces&v=4.0 HTTP/1.1" 304 -
167.0.140.139 - - [21/Sep/2022:14:22:31 -0500] "GET /sipse/faces/javax.faces.resource/jquery/jquery-plugins.js?ln=primefaces&v=4.0 HTTP/1.1" 304 -
167.0.140.139 - - [21/Sep/2022:14:22:31 -0500] "GET /sipse/faces/javax.faces.resource/primefaces.js?ln=primefaces&v=4.0 HTTP/1.1" 304 -
167.0.140.139 - - [21/Sep/2022:14:22:31 -0500] "GET /sipse/faces/javax.faces.resource/layout/layout.js?ln=primefaces&v=4.0 HTTP/1.1" 304 -
167.0.140.139 - - [21/Sep/2022:14:22:32 -0500] "POST /sipse/faces/presentacion/financiero/solicitudProceso/listarSolicitudProceso.xhtml HTTP/1.1" 200 1544
66.249.73.127 - - [21/Sep/2022:14:22:48 -0500] "-" 408 -
172.22.2.4 - - [21/Sep/2022:14:22:51 -0500] "GET /BLA/boletinlegal/consulta_actos.php?tipo=autos&no=3745&usuario=&sector=&fecha=2014&resuelve= HTTP/1.1" 200 626
186.31.55.90 - - [21/Sep/2022:14:23:11 -0500] "GET /BLA/resoluciones/index.php?dir=AUTOS+2013%2F HTTP/1.1" 200 406450
172.22.2.4 - - [21/Sep/2022:14:23:34 -0500] "GET /BLA/boletinlegal/consulta_actos.php?tipo=autos&no=3529&usuario=&sector=&fecha=2014&resuelve= HTTP/1.1" 200 1070
201.245.192.253 - - [21/Sep/2022:14:23:35 -0500] "POST /kwsrmcab/Wsrmcab  HTTP/1.1" 200 37989
167.0.140.139 - - [21/Sep/2022:14:23:41 -0500] "POST /sipse/faces/presentacion/financiero/solicitudProceso/listarSolicitudProceso.xhtml HTTP/1.1" 200 31459
167.0.140.139 - - [21/Sep/2022:14:23:41 -0500] "POST /sipse/faces/presentacion/financiero/solicitudProceso/listarSolicitudProceso.xhtml HTTP/1.1" 200 43336
172.22.2.4 - - [21/Sep/2022:14:23:50 -0500] "GET /BLA/boletinlegal/consulta_actos.php?tipo=autos&no=3746&usuario=&sector=&fecha=2014&resuelve= HTTP/1.1" 200 1075
186.31.55.90 - - [21/Sep/2022:14:23:54 -0500] "GET /BLA/resoluciones/index.php?dir=AUTOS+2013%2F HTTP/1.1" 200 406450
201.245.192.253 - - [21/Sep/2022:14:24:04 -0500] "POST /sipse/faces/presentacion/financiero/solicitudProceso/consultarSolicitudProceso.xhtml HTTP/1.1" 200 5443
192.168.176.70 - - [21/Sep/2022:14:24:06 -0500] "POST /BLA/boletinlegal/admin/notificaciones/ingresar.php HTTP/1.1" 200 30119
192.168.176.70 - - [21/Sep/2022:14:24:07 -0500] "GET /css/global/buttons.css HTTP/1.1" 404 1312
172.22.2.4 - - [21/Sep/2022:14:24:08 -0500] "GET /BLA/boletinlegal/consulta_actos.php?tipo=autos&no=3759&usuario=&sector=&fecha=2014&resuelve= HTTP/1.1" 200 1080
172.22.2.4 - - [21/Sep/2022:14:24:26 -0500] "GET /BLA/boletinlegal/consulta_actos.php?tipo=autos&no=3761&usuario=&sector=&fecha=2014&resuelve= HTTP/1.1" 200 1078
201.245.192.253 - - [21/Sep/2022:14:24:41 -0500] "POST /sipse/faces/presentacion/financiero/solicitudProceso/consultarSolicitudProceso.xhtml HTTP/1.1" 200 5461
201.245.192.253 - - [21/Sep/2022:14:24:41 -0500] "GET /sipse/faces/javax.faces.resource/dynamiccontent.properties?ln=primefaces&pfdrid=XjOR5%2F%2FfPAZAuY9TpWQeCiM0BhlXxYRBGKi%2FQcXXfeA%3D&pfdrid_c=false HTTP/1.1" 200 165375
172.22.2.4 - - [21/Sep/2022:14:24:41 -0500] "GET /BLA/boletinlegal/consulta_actos.php?tipo=autos&no=3789&usuario=&sector=&fecha=2014&resuelve= HTTP/1.1" 200 1073
117.222.235.14 - - [21/Sep/2022:14:24:58 -0500] "GET / HTTP/1.1" 200 319
172.22.2.4 - - [21/Sep/2022:14:24:58 -0500] "GET /BLA/boletinlegal/consulta_actos.php?tipo=autos&no=3790&usuario=&sector=&fecha=2014&resuelve= HTTP/1.1" 200 1074
201.245.192.253 - - [21/Sep/2022:14:25:10 -0500] "POST /sipse/faces/presentacion/financiero/solicitudProceso/consultarSolicitudProceso.xhtml HTTP/1.1" 200 31901
201.245.192.253 - - [21/Sep/2022:14:25:11 -0500] "GET /sipse/faces/javax.faces.resource/theme.css?ln=primefaces-sipse HTTP/1.1" 304 -
201.245.192.253 - - [21/Sep/2022:14:25:11 -0500] "GET /sipse/faces/javax.faces.resource/jquery/jquery.js?ln=primefaces&v=4.0 HTTP/1.1" 304 -
201.245.192.253 - - [21/Sep/2022:14:25:11 -0500] "GET /sipse/faces/javax.faces.resource/primefaces.css?ln=primefaces&v=4.0 HTTP/1.1" 304 -
201.245.192.253 - - [21/Sep/2022:14:25:11 -0500] "GET /sipse/faces/javax.faces.resource/jquery/jquery-plugins.js?ln=primefaces&v=4.0 HTTP/1.1" 304 -
201.245.192.253 - - [21/Sep/2022:14:25:11 -0500] "GET /sipse/faces/javax.faces.resource/primefaces.js?ln=primefaces&v=4.0 HTTP/1.1" 304 -
201.245.192.253 - - [21/Sep/2022:14:25:11 -0500] "GET /sipse/faces/javax.faces.resource/layout/layout.css?ln=primefaces&v=4.0 HTTP/1.1" 304 -
201.245.192.253 - - [21/Sep/2022:14:25:11 -0500] "GET /sipse/faces/javax.faces.resource/layout/layout.js?ln=primefaces&v=4.0 HTTP/1.1" 304 -
201.245.192.253 - - [21/Sep/2022:14:25:11 -0500] "GET /sipse/faces/javax.faces.resource/images/ui-icons_898989_256x240.png?ln=primefaces-aristo HTTP/1.1" 304 -
201.245.192.253 - - [21/Sep/2022:14:25:14 -0500] "GET /sipse/faces/javax.faces.resource/images/ui-bg_flat_0_2d5972_40x100.png?ln=primefaces-aristo HTTP/1.1" 304 -
201.245.192.253 - - [21/Sep/2022:14:25:14 -0500] "POST /sipse/faces/presentacion/financiero/solicitudProceso/registrarAnotacion.xhtml HTTP/1.1" 200 120158
201.245.192.253 - - [21/Sep/2022:14:25:15 -0500] "GET /sipse/faces/javax.faces.resource/jquery/jquery.js?ln=primefaces&v=4.0 HTTP/1.1" 304 -
201.245.192.253 - - [21/Sep/2022:14:25:15 -0500] "GET /sipse/faces/javax.faces.resource/jquery/jquery-plugins.js?ln=primefaces&v=4.0 HTTP/1.1" 304 -
201.245.192.253 - - [21/Sep/2022:14:25:15 -0500] "GET /sipse/faces/javax.faces.resource/primefaces.js?ln=primefaces&v=4.0 HTTP/1.1" 304 -
201.245.192.253 - - [21/Sep/2022:14:25:15 -0500] "GET /sipse/faces/javax.faces.resource/layout/layout.js?ln=primefaces&v=4.0 HTTP/1.1" 304 -
201.245.192.253 - - [21/Sep/2022:14:25:15 -0500] "GET /sipse/faces/javax.faces.resource/dynamiccontent.properties?ln=primefaces&pfdrid=XjOR5%2F%2FfPAZAuY9TpWQeCiM0BhlXxYRBGKi%2FQcXXfeA%3D&pfdrid_c=false HTTP/1.1" 500 383
216.245.221.92 - - [21/Sep/2022:14:25:16 -0500] "HEAD / HTTP/1.1" 200 -
186.31.55.90 - - [21/Sep/2022:14:25:26 -0500] "GET /BLA/resoluciones/index.php?dir=RESOLUCIONES+2017%2F HTTP/1.1" 200 283936
201.245.192.253 - - [21/Sep/2022:14:25:35 -0500] "POST /sipse/faces/presentacion/financiero/solicitudProceso/consultarSolicitudProceso.xhtml HTTP/1.1" 200 71158
201.245.192.253 - - [21/Sep/2022:14:25:36 -0500] "GET /sipse/faces/javax.faces.resource/jquery/jquery.js?ln=primefaces&v=4.0 HTTP/1.1" 304 -
201.245.192.253 - - [21/Sep/2022:14:25:37 -0500] "GET /sipse/faces/javax.faces.resource/jquery/jquery-plugins.js?ln=primefaces&v=4.0 HTTP/1.1" 304 -
201.245.192.253 - - [21/Sep/2022:14:25:37 -0500] "GET /sipse/faces/javax.faces.resource/primefaces.js?ln=primefaces&v=4.0 HTTP/1.1" 304 -
201.245.192.253 - - [21/Sep/2022:14:25:37 -0500] "GET /sipse/faces/javax.faces.resource/layout/layout.js?ln=primefaces&v=4.0 HTTP/1.1" 304 -
201.245.192.253 - - [21/Sep/2022:14:25:37 -0500] "GET /sipse/faces/javax.faces.resource/messages/messages.png?ln=primefaces&v=4.0 HTTP/1.1" 304 -
201.245.192.253 - - [21/Sep/2022:14:25:37 -0500] "POST /sipse/faces/presentacion/financiero/solicitudProceso/listarSolicitudProceso.xhtml HTTP/1.1" 200 1544
201.245.192.253 - - [21/Sep/2022:14:25:41 -0500] "POST /sipse/faces/presentacion/financiero/solicitudProceso/listarSolicitudProceso.xhtml HTTP/1.1" 200 123091
201.245.192.253 - - [21/Sep/2022:14:26:06 -0500] "POST /sipse/faces/presentacion/financiero/solicitudProceso/listarSolicitudProceso.xhtml HTTP/1.1" 200 120785
201.245.192.253 - - [21/Sep/2022:14:26:07 -0500] "GET /sipse/faces/javax.faces.resource/jquery/jquery.js?ln=primefaces&v=4.0 HTTP/1.1" 304 -
201.245.192.253 - - [21/Sep/2022:14:26:07 -0500] "GET /sipse/faces/javax.faces.resource/jquery/jquery-plugins.js?ln=primefaces&v=4.0 HTTP/1.1" 304 -
201.245.192.253 - - [21/Sep/2022:14:26:07 -0500] "GET /sipse/faces/javax.faces.resource/primefaces.js?ln=primefaces&v=4.0 HTTP/1.1" 304 -
201.245.192.253 - - [21/Sep/2022:14:26:07 -0500] "GET /sipse/faces/javax.faces.resource/layout/layout.js?ln=primefaces&v=4.0 HTTP/1.1" 304 -
201.245.192.253 - - [21/Sep/2022:14:26:07 -0500] "GET /sipse/faces/javax.faces.resource/dynamiccontent.properties?ln=primefaces&pfdrid=XjOR5%2F%2FfPAZAuY9TpWQeCiM0BhlXxYRBGKi%2FQcXXfeA%3D&pfdrid_c=false HTTP/1.1" 500 383
172.22.2.4 - - [21/Sep/2022:14:24:34 -0500] "HEAD /BLA/boletinlegal/ HTTP/1.1" 200 -
186.31.55.90 - - [21/Sep/2022:14:26:47 -0500] "GET /BLA/resoluciones/index.php?dir=AUTOS+2013%2F HTTP/1.1" 200 406450
172.22.2.4 - - [21/Sep/2022:14:25:24 -0500] "GET /BLA/boletinlegal/ HTTP/1.1" 200 54823
186.84.20.76 - - [21/Sep/2022:14:27:06 -0500] "GET /portaldeninos/wp-content/uploads/useanyfont/uaf.css?ver=1589905315 HTTP/1.1" 200 408
186.84.20.76 - - [21/Sep/2022:14:27:06 -0500] "GET /portaldeninos/wp-content/themes/betheme/style.css?ver=20.9.6 HTTP/1.1" 200 287
186.84.20.76 - - [21/Sep/2022:14:27:06 -0500] "GET /portaldeninos/wp-content/plugins/gallery-videos/CSS/totalsoft.css?ver=4.9.8 HTTP/1.1" 200 40622
186.84.20.76 - - [21/Sep/2022:14:27:06 -0500] "GET /portaldeninos/wp-content/plugins/gallery-videos/CSS/Total-Soft-Gallery-Video-Widget.css?ver=4.9.8 HTTP/1.1" 200 51554
186.84.20.76 - - [21/Sep/2022:14:27:06 -0500] "GET /portaldeninos/wp-content/themes/betheme/css/base.css?ver=20.9.6 HTTP/1.1" 200 57283
186.84.20.76 - - [21/Sep/2022:14:27:06 -0500] "GET /portaldeninos/wp-content/themes/betheme/assets/ui/jquery.ui.all.css?ver=20.9.6 HTTP/1.1" 200 18765
186.84.20.76 - - [21/Sep/2022:14:27:06 -0500] "GET /portaldeninos/wp-content/themes/betheme/assets/animations/animations.min.css?ver=20.9.6 HTTP/1.1" 200 58508
186.84.20.76 - - [21/Sep/2022:14:27:06 -0500] "GET /portaldeninos/wp-content/themes/betheme/css/layout.css?ver=20.9.6 HTTP/1.1" 200 116639
186.84.20.76 - - [21/Sep/2022:14:27:06 -0500] "GET /portaldeninos/wp-content/themes/betheme/css/shortcodes.css?ver=20.9.6 HTTP/1.1" 200 138889
186.84.20.76 - - [21/Sep/2022:14:27:06 -0500] "GET /portaldeninos/wp-content/themes/betheme/assets/jplayer/css/jplayer.blue.monday.css?ver=20.9.6 HTTP/1.1" 200 9834
186.84.20.76 - - [21/Sep/2022:14:27:06 -0500] "GET /portaldeninos/wp-content/themes/betheme/css/responsive.css?ver=20.9.6 HTTP/1.1" 200 55740
186.84.20.76 - - [21/Sep/2022:14:27:06 -0500] "GET /portaldeninos/wp-content/plugins/google-analytics-for-wordpress/assets/js/frontend-gtag.min.js?ver=8.5.0 HTTP/1.1" 200 11801
186.84.20.76 - - [21/Sep/2022:14:27:07 -0500] "GET /portaldeninos/wp-includes/js/jquery/ui/core.min.js?ver=1.11.4 HTTP/1.1" 200 4000
186.84.20.76 - - [21/Sep/2022:14:27:07 -0500] "GET /portaldeninos/wp-content/plugins/gallery-videos/JS/modernizr.custom.js?ver=4.9.8 HTTP/1.1" 200 9019
186.84.20.76 - - [21/Sep/2022:14:27:07 -0500] "GET /portaldeninos/wp-includes/js/jquery/jquery-migrate.min.js?ver=1.4.1 HTTP/1.1" 200 10056
186.84.20.76 - - [21/Sep/2022:14:27:06 -0500] "GET /portaldeninos/wp-includes/js/jquery/jquery.js?ver=1.12.4 HTTP/1.1" 200 97184
186.84.20.76 - - [21/Sep/2022:14:27:07 -0500] "GET /portaldeninos/wp-content/plugins/gallery-videos/JS/Total-Soft-Gallery-Video-Widget.js?ver=4.9.8 HTTP/1.1" 200 80264
186.84.20.76 - - [21/Sep/2022:14:27:07 -0500] "GET /portaldeninos/wp-includes/js/jquery/ui/widget.min.js?ver=1.11.4 HTTP/1.1" 200 6908
186.84.20.76 - - [21/Sep/2022:14:27:07 -0500] "GET /portaldeninos/wp-includes/js/jquery/ui/mouse.min.js?ver=1.11.4 HTTP/1.1" 200 3148
186.84.20.76 - - [21/Sep/2022:14:27:07 -0500] "GET /portaldeninos/wp-includes/js/jquery/ui/tabs.min.js?ver=1.11.4 HTTP/1.1" 200 12110
186.84.20.76 - - [21/Sep/2022:14:27:07 -0500] "GET /portaldeninos/wp-includes/js/jquery/ui/accordion.min.js?ver=1.11.4 HTTP/1.1" 200 8584
186.84.20.76 - - [21/Sep/2022:14:27:07 -0500] "GET /portaldeninos/wp-includes/js/jquery/ui/sortable.min.js?ver=1.11.4 HTTP/1.1" 200 24899
186.84.20.76 - - [21/Sep/2022:14:27:07 -0500] "GET /portaldeninos/wp-content/themes/betheme/assets/animations/animations.min.js?ver=20.9.6 HTTP/1.1" 200 1896
186.84.20.76 - - [21/Sep/2022:14:27:07 -0500] "GET /portaldeninos/wp-content/themes/betheme/js/menu.js?ver=20.9.6 HTTP/1.1" 200 2449
186.84.20.76 - - [21/Sep/2022:14:27:07 -0500] "GET /portaldeninos/wp-content/themes/betheme/js/scripts.js?ver=20.9.6 HTTP/1.1" 200 77162
186.84.20.76 - - [21/Sep/2022:14:27:07 -0500] "GET /portaldeninos/wp-includes/js/wp-embed.min.js?ver=4.9.8 HTTP/1.1" 200 1398
186.84.20.76 - - [21/Sep/2022:14:27:07 -0500] "GET /portaldeninos/wp-content/themes/betheme/assets/jplayer/jplayer.min.js?ver=20.9.6 HTTP/1.1" 200 52702
186.84.20.76 - - [21/Sep/2022:14:27:07 -0500] "GET /portaldeninos/wp-includes/js/wp-emoji-release.min.js?ver=4.9.8 HTTP/1.1" 200 12026
186.84.20.76 - - [21/Sep/2022:14:27:07 -0500] "GET /portaldeninos/wp-content/themes/betheme/images/box_shadow.png HTTP/1.1" 200 108
186.84.20.76 - - [21/Sep/2022:14:27:07 -0500] "GET /portaldeninos/wp-content/themes/betheme/js/plugins.js?ver=20.9.6 HTTP/1.1" 200 197151
186.84.20.76 - - [21/Sep/2022:14:27:07 -0500] "GET /portaldeninos/wp-content/themes/betheme/fonts/mfn-icons.woff?93978679 HTTP/1.1" 200 80932
186.84.20.76 - - [21/Sep/2022:14:27:07 -0500] "GET /portaldeninos/wp-content/themes/betheme/fonts/mfn-icons.ttf?93978679 HTTP/1.1" 200 104069
172.22.2.4 - - [21/Sep/2022:14:27:30 -0500] "GET /BLA/boletinlegal/consulta_actos.php?tipo=autos&no=5007&usuario=&sector=&fecha=2014&resuelve= HTTP/1.1" 200 1107
172.22.2.4 - - [21/Sep/2022:14:27:56 -0500] "GET /BLA/boletinlegal/consulta_actos.php?tipo=autos&no=5513&usuario=&sector=&fecha=2014&resuelve= HTTP/1.1" 200 1114
172.22.2.4 - - [21/Sep/2022:14:28:16 -0500] "GET /BLA/boletinlegal/consulta_actos.php?tipo=autos&no=6028&usuario=&sector=&fecha=2014&resuelve= HTTP/1.1" 200 1077
201.245.192.253 - - [21/Sep/2022:14:28:22 -0500] "POST /sipse/faces/presentacion/financiero/solicitudProceso/consultarSolicitudProceso.xhtml HTTP/1.1" 200 243142
172.22.2.4 - - [21/Sep/2022:14:28:33 -0500] "GET /BLA/boletinlegal/consulta_actos.php?tipo=autos&no=6066&usuario=&sector=&fecha=2014&resuelve= HTTP/1.1" 200 1083
201.245.192.253 - - [21/Sep/2022:14:28:33 -0500] "POST /kwsrmcab/Wsrmcab  HTTP/1.1" 200 37989
172.22.2.4 - - [21/Sep/2022:14:28:53 -0500] "GET /BLA/boletinlegal/consulta_actos.php?tipo=autos&no=6348&usuario=&sector=&fecha=2014&resuelve= HTTP/1.1" 200 1078
172.22.2.4 - - [21/Sep/2022:14:29:11 -0500] "GET /BLA/boletinlegal/consulta_actos.php?tipo=autos&no=6349&usuario=&sector=&fecha=2014&resuelve= HTTP/1.1" 200 1075
186.145.91.234 - - [21/Sep/2022:14:29:18 -0500] "POST /sipse/faces/presentacion/financiero/solicitudProceso/listarSolicitudProceso.xhtml HTTP/1.1" 200 184
186.145.91.234 - - [21/Sep/2022:14:29:18 -0500] "POST /sipse/faces/presentacion/financiero/solicitudProceso/listarSolicitudProceso.xhtml HTTP/1.1" 200 184
186.145.91.234 - - [21/Sep/2022:14:29:18 -0500] "POST /sipse/faces/presentacion/financiero/solicitudProceso/listarSolicitudProceso.xhtml HTTP/1.1" 200 184
186.145.91.234 - - [21/Sep/2022:14:29:18 -0500] "GET /sipse/faces/presentacion/financiero/solicitudAnulacion/solicitudAnulacion.xhtml HTTP/1.1" 200 20277
186.145.91.234 - - [21/Sep/2022:14:29:18 -0500] "POST /sipse/faces/presentacion/financiero/solicitudProceso/listarSolicitudProceso.xhtml HTTP/1.1" 200 184
186.145.91.234 - - [21/Sep/2022:14:29:18 -0500] "POST /sipse/faces/presentacion/financiero/solicitudProceso/listarSolicitudProceso.xhtml HTTP/1.1" 200 184
186.145.91.234 - - [21/Sep/2022:14:29:18 -0500] "GET /sipse/faces/presentacion/financiero/solicitudAnulacion/solicitudAnulacion.xhtml HTTP/1.1" 200 17805
186.145.91.234 - - [21/Sep/2022:14:29:18 -0500] "GET /sipse/faces/presentacion/financiero/solicitudAnulacion/solicitudAnulacion.xhtml HTTP/1.1" 200 16113
186.145.91.234 - - [21/Sep/2022:14:29:19 -0500] "POST /sipse/faces/presentacion/financiero/solicitudProceso/listarSolicitudProceso.xhtml HTTP/1.1" 200 184
186.145.91.234 - - [21/Sep/2022:14:29:19 -0500] "GET /sipse/faces/presentacion/financiero/solicitudAnulacion/solicitudAnulacion.xhtml HTTP/1.1" 200 12285
186.145.91.234 - - [21/Sep/2022:14:29:19 -0500] "GET /sipse/faces/presentacion/financiero/solicitudAnulacion/solicitudAnulacion.xhtml HTTP/1.1" 200 17805
186.145.91.234 - - [21/Sep/2022:14:29:19 -0500] "GET /sipse/faces/javax.faces.resource/theme.css?ln=primefaces-sipse HTTP/1.1" 304 -
186.145.91.234 - - [21/Sep/2022:14:29:19 -0500] "GET /sipse/faces/presentacion/financiero/solicitudAnulacion/solicitudAnulacion.xhtml HTTP/1.1" 200 36367
186.145.91.234 - - [21/Sep/2022:14:29:19 -0500] "GET /sipse/faces/javax.faces.resource/layout/layout.css?ln=primefaces&v=4.0 HTTP/1.1" 304 -
186.145.91.234 - - [21/Sep/2022:14:29:19 -0500] "GET /sipse/faces/javax.faces.resource/primefaces.css?ln=primefaces&v=4.0 HTTP/1.1" 304 -
186.145.91.234 - - [21/Sep/2022:14:29:19 -0500] "GET /sipse/faces/javax.faces.resource/jquery/jquery-plugins.js?ln=primefaces&v=4.0 HTTP/1.1" 304 -
186.145.91.234 - - [21/Sep/2022:14:29:19 -0500] "GET /sipse/faces/javax.faces.resource/jquery/jquery.js?ln=primefaces&v=4.0 HTTP/1.1" 304 -
186.145.91.234 - - [21/Sep/2022:14:29:19 -0500] "GET /sipse/faces/javax.faces.resource/layout/layout.js?ln=primefaces&v=4.0 HTTP/1.1" 304 -
186.145.91.234 - - [21/Sep/2022:14:29:19 -0500] "GET /sipse/faces/javax.faces.resource/primefaces.js?ln=primefaces&v=4.0 HTTP/1.1" 304 -
186.145.91.234 - - [21/Sep/2022:14:29:19 -0500] "GET /sipse/css/imagen/contrasena.png HTTP/1.1" 404 383
186.145.91.234 - - [21/Sep/2022:14:29:19 -0500] "GET /sipse/faces/javax.faces.resource/images/ui-icons_898989_256x240.png?ln=primefaces-aristo HTTP/1.1" 304 -
186.145.91.234 - - [21/Sep/2022:14:29:19 -0500] "GET /sipse/faces/javax.faces.resource/images/ui-bg_flat_0_2d5972_40x100.png?ln=primefaces-aristo HTTP/1.1" 304 -
186.145.91.234 - - [21/Sep/2022:14:29:19 -0500] "POST /sipse/faces/presentacion/financiero/solicitudAnulacion/solicitudAnulacion.xhtml HTTP/1.1" 200 14779
66.249.73.127 - - [21/Sep/2022:14:29:21 -0500] "-" 408 -
186.145.91.234 - - [21/Sep/2022:14:29:21 -0500] "POST /sipse/faces/presentacion/financiero/solicitudAnulacion/solicitudAnulacion.xhtml HTTP/1.1" 200 60539
186.145.91.234 - - [21/Sep/2022:14:29:21 -0500] "GET /sipse/faces/javax.faces.resource/theme.css?ln=primefaces-sipse HTTP/1.1" 304 -
186.145.91.234 - - [21/Sep/2022:14:29:21 -0500] "GET /sipse/faces/javax.faces.resource/primefaces.css?ln=primefaces&v=4.0 HTTP/1.1" 304 -
186.145.91.234 - - [21/Sep/2022:14:29:21 -0500] "GET /sipse/faces/javax.faces.resource/layout/layout.css?ln=primefaces&v=4.0 HTTP/1.1" 304 -
186.145.91.234 - - [21/Sep/2022:14:29:21 -0500] "GET /sipse/faces/javax.faces.resource/jquery/jquery.js?ln=primefaces&v=4.0 HTTP/1.1" 304 -
186.145.91.234 - - [21/Sep/2022:14:29:21 -0500] "GET /sipse/faces/javax.faces.resource/jquery/jquery-plugins.js?ln=primefaces&v=4.0 HTTP/1.1" 304 -
186.145.91.234 - - [21/Sep/2022:14:29:21 -0500] "GET /sipse/faces/javax.faces.resource/primefaces.js?ln=primefaces&v=4.0 HTTP/1.1" 304 -
186.145.91.234 - - [21/Sep/2022:14:29:21 -0500] "GET /sipse/faces/javax.faces.resource/layout/layout.js?ln=primefaces&v=4.0 HTTP/1.1" 304 -
186.145.91.234 - - [21/Sep/2022:14:29:21 -0500] "POST /sipse/faces/presentacion/financiero/solicitudProceso/listarSolicitudProceso.xhtml HTTP/1.1" 200 1544
186.145.91.234 - - [21/Sep/2022:14:29:23 -0500] "POST /sipse/faces/presentacion/financiero/solicitudProceso/listarSolicitudProceso.xhtml HTTP/1.1" 200 28793
186.145.91.234 - - [21/Sep/2022:14:29:25 -0500] "POST /sipse/faces/presentacion/financiero/solicitudProceso/listarSolicitudProceso.xhtml HTTP/1.1" 200 28793
186.145.91.234 - - [21/Sep/2022:14:29:26 -0500] "POST /sipse/faces/presentacion/financiero/solicitudProceso/listarSolicitudProceso.xhtml HTTP/1.1" 200 143470
186.145.91.234 - - [21/Sep/2022:14:29:27 -0500] "GET /sipse/faces/javax.faces.resource/theme.css?ln=primefaces-sipse HTTP/1.1" 304 -
186.145.91.234 - - [21/Sep/2022:14:29:27 -0500] "GET /sipse/faces/javax.faces.resource/layout/layout.css?ln=primefaces&v=4.0 HTTP/1.1" 304 -
186.145.91.234 - - [21/Sep/2022:14:29:27 -0500] "GET /sipse/faces/javax.faces.resource/primefaces.css?ln=primefaces&v=4.0 HTTP/1.1" 304 -
186.145.91.234 - - [21/Sep/2022:14:29:27 -0500] "GET /sipse/faces/javax.faces.resource/jquery/jquery.js?ln=primefaces&v=4.0 HTTP/1.1" 304 -
186.145.91.234 - - [21/Sep/2022:14:29:27 -0500] "GET /sipse/faces/javax.faces.resource/jquery/jquery-plugins.js?ln=primefaces&v=4.0 HTTP/1.1" 304 -
186.145.91.234 - - [21/Sep/2022:14:29:27 -0500] "GET /sipse/faces/javax.faces.resource/primefaces.js?ln=primefaces&v=4.0 HTTP/1.1" 304 -
186.145.91.234 - - [21/Sep/2022:14:29:27 -0500] "GET /sipse/faces/javax.faces.resource/layout/layout.js?ln=primefaces&v=4.0 HTTP/1.1" 304 -
201.245.192.253 - - [21/Sep/2022:14:29:24 -0500] "POST /kwsrmcab/Wsrmcab HTTP/1.1" 200 42137
186.145.91.234 - - [21/Sep/2022:14:29:27 -0500] "GET /sipse/faces/javax.faces.resource/dynamiccontent.properties?ln=primefaces&pfdrid=XjOR5%2F%2FfPAZAuY9TpWQeCiM0BhlXxYRBGKi%2FQcXXfeA%3D&pfdrid_c=false HTTP/1.1" 500 383
172.22.2.4 - - [21/Sep/2022:14:29:28 -0500] "GET /BLA/boletinlegal/consulta_actos.php?tipo=autos&no=6440&usuario=&sector=&fecha=2014&resuelve= HTTP/1.1" 200 1072
201.245.192.253 - - [21/Sep/2022:14:29:28 -0500] "POST /kwsrmcab/Wsrmcab HTTP/1.1" 200 41738
186.145.91.234 - - [21/Sep/2022:14:29:46 -0500] "POST /sipse/faces/presentacion/financiero/solicitudProceso/consultarSolicitudProceso.xhtml HTTP/1.1" 200 252718
186.145.91.234 - - [21/Sep/2022:14:29:47 -0500] "POST /sipse/faces/presentacion/financiero/solicitudProceso/consultarSolicitudProceso.xhtml HTTP/1.1" 200 799953
172.22.2.4 - - [21/Sep/2022:14:29:52 -0500] "GET /BLA/boletinlegal/consulta_actos.php?tipo=resoluciones&no=2936&usuario=&sector=&fecha=2022&resuelve= HTTP/1.1" 200 1070
172.22.2.4 - - [21/Sep/2022:14:30:06 -0500] "GET /BLA/boletinlegal/consulta_actos.php?tipo=resoluciones&no=2935&usuario=&sector=&fecha=2022&resuelve= HTTP/1.1" 200 1070
216.245.221.92 - - [21/Sep/2022:14:30:16 -0500] "HEAD / HTTP/1.1" 200 -
190.147.51.246 - - [21/Sep/2022:14:30:16 -0500] "GET /galeria/galeria/jquery.fancybox.css?v=2.1.5 HTTP/1.1" 200 4895
190.147.51.246 - - [21/Sep/2022:14:30:16 -0500] "GET /BLA/boletinlegal/js/jquery.scrollShow.js HTTP/1.1" 200 4586
190.147.51.246 - - [21/Sep/2022:14:30:16 -0500] "GET /galeria/galeria/jquery.fancybox.js?v=2.1.5 HTTP/1.1" 200 48706
201.245.192.253 - - [21/Sep/2022:14:30:24 -0500] "POST /sipse/faces/presentacion/financiero/solicitudProceso/consultarSolicitudProceso.xhtml HTTP/1.1" 200 5463
172.22.2.4 - - [21/Sep/2022:14:30:31 -0500] "GET /BLA/boletinlegal/consulta_actos.php?tipo=resoluciones&no=2934&usuario=&sector=&fecha=2022&resuelve= HTTP/1.1" 200 1070
172.22.2.4 - - [21/Sep/2022:14:30:44 -0500] "GET /BLA/boletinlegal/consulta_actos.php?tipo=resoluciones&no=2933&usuario=&sector=&fecha=2022&resuelve= HTTP/1.1" 200 1070
172.22.2.4 - - [21/Sep/2022:14:31:02 -0500] "GET /BLA/boletinlegal/consulta_actos.php?tipo=resoluciones&no=2932&usuario=&sector=&fecha=2022&resuelve= HTTP/1.1" 200 1070
201.245.192.253 - - [21/Sep/2022:14:31:04 -0500] "POST /sipse/faces/presentacion/financiero/solicitudProceso/consultarSolicitudProceso.xhtml HTTP/1.1" 200 38804
201.245.192.253 - - [21/Sep/2022:14:31:04 -0500] "GET /sipse/faces/javax.faces.resource/theme.css?ln=primefaces-sipse HTTP/1.1" 304 -
201.245.192.253 - - [21/Sep/2022:14:31:04 -0500] "GET /sipse/faces/javax.faces.resource/layout/layout.css?ln=primefaces&v=4.0 HTTP/1.1" 304 -
201.245.192.253 - - [21/Sep/2022:14:31:04 -0500] "GET /sipse/faces/javax.faces.resource/primefaces.css?ln=primefaces&v=4.0 HTTP/1.1" 304 -
201.245.192.253 - - [21/Sep/2022:14:31:04 -0500] "GET /sipse/faces/javax.faces.resource/layout/layout.js?ln=primefaces&v=4.0 HTTP/1.1" 304 -
201.245.192.253 - - [21/Sep/2022:14:31:04 -0500] "GET /sipse/faces/javax.faces.resource/jquery/jquery.js?ln=primefaces&v=4.0 HTTP/1.1" 304 -
201.245.192.253 - - [21/Sep/2022:14:31:04 -0500] "GET /sipse/faces/javax.faces.resource/jquery/jquery-plugins.js?ln=primefaces&v=4.0 HTTP/1.1" 304 -
201.245.192.253 - - [21/Sep/2022:14:31:04 -0500] "GET /sipse/faces/javax.faces.resource/primefaces.js?ln=primefaces&v=4.0 HTTP/1.1" 304 -
201.245.192.253 - - [21/Sep/2022:14:31:04 -0500] "GET /sipse/faces/javax.faces.resource/images/ui-icons_898989_256x240.png?ln=primefaces-aristo HTTP/1.1" 304 -
201.245.192.253 - - [21/Sep/2022:14:31:09 -0500] "POST /sipse/faces/presentacion/financiero/solicitudProceso/consultarHistorialSolProceso.xhtml HTTP/1.1" 200 166029
201.245.192.253 - - [21/Sep/2022:14:31:10 -0500] "GET /sipse/faces/javax.faces.resource/theme.css?ln=primefaces-sipse HTTP/1.1" 304 -
201.245.192.253 - - [21/Sep/2022:14:31:10 -0500] "GET /sipse/faces/javax.faces.resource/primefaces.css?ln=primefaces&v=4.0 HTTP/1.1" 304 -
201.245.192.253 - - [21/Sep/2022:14:31:10 -0500] "GET /sipse/faces/javax.faces.resource/layout/layout.css?ln=primefaces&v=4.0 HTTP/1.1" 304 -
201.245.192.253 - - [21/Sep/2022:14:31:10 -0500] "GET /sipse/faces/javax.faces.resource/jquery/jquery.js?ln=primefaces&v=4.0 HTTP/1.1" 304 -
201.245.192.253 - - [21/Sep/2022:14:31:10 -0500] "GET /sipse/faces/javax.faces.resource/jquery/jquery-plugins.js?ln=primefaces&v=4.0 HTTP/1.1" 304 -
201.245.192.253 - - [21/Sep/2022:14:31:10 -0500] "GET /sipse/faces/javax.faces.resource/primefaces.js?ln=primefaces&v=4.0 HTTP/1.1" 304 -
201.245.192.253 - - [21/Sep/2022:14:31:10 -0500] "GET /sipse/faces/javax.faces.resource/layout/layout.js?ln=primefaces&v=4.0 HTTP/1.1" 304 -
201.245.192.253 - - [21/Sep/2022:14:31:10 -0500] "GET /sipse/faces/javax.faces.resource/images/ui-icons_898989_256x240.png?ln=primefaces-aristo HTTP/1.1" 304 -
172.22.2.4 - - [21/Sep/2022:14:31:17 -0500] "GET /BLA/boletinlegal/consulta_actos.php?tipo=resoluciones&no=2931&usuario=&sector=&fecha=2022&resuelve= HTTP/1.1" 200 1070
201.245.192.253 - - [21/Sep/2022:14:31:17 -0500] "GET /sipse/faces/javax.faces.resource/images/ui-bg_flat_0_2d5972_40x100.png?ln=primefaces-aristo HTTP/1.1" 304 -
201.245.192.253 - - [21/Sep/2022:14:31:17 -0500] "POST /sipse/faces/presentacion/financiero/solicitudProceso/consultarSolicitudProceso.xhtml HTTP/1.1" 200 5485
201.245.192.253 - - [21/Sep/2022:14:31:17 -0500] "GET /sipse/faces/javax.faces.resource/dynamiccontent.properties?ln=primefaces&pfdrid=XjOR5%2F%2FfPAZAuY9TpWQeCiM0BhlXxYRBGKi%2FQcXXfeA%3D&pfdrid_c=false HTTP/1.1" 200 165357
172.22.2.4 - - [21/Sep/2022:14:31:33 -0500] "GET /BLA/boletinlegal/consulta_actos.php?tipo=resoluciones&no=2937&usuario=&sector=&fecha=2022&resuelve= HTTP/1.1" 200 1070
201.245.192.253 - - [21/Sep/2022:14:31:48 -0500] "POST /sipse/faces/presentacion/financiero/solicitudProceso/consultarSolicitudProceso.xhtml HTTP/1.1" 200 31901
201.245.192.253 - - [21/Sep/2022:14:31:49 -0500] "GET /sipse/faces/javax.faces.resource/theme.css?ln=primefaces-sipse HTTP/1.1" 304 -
201.245.192.253 - - [21/Sep/2022:14:31:49 -0500] "GET /sipse/faces/javax.faces.resource/primefaces.css?ln=primefaces&v=4.0 HTTP/1.1" 304 -
201.245.192.253 - - [21/Sep/2022:14:31:49 -0500] "GET /sipse/faces/javax.faces.resource/layout/layout.css?ln=primefaces&v=4.0 HTTP/1.1" 304 -
201.245.192.253 - - [21/Sep/2022:14:31:49 -0500] "GET /sipse/faces/javax.faces.resource/jquery/jquery.js?ln=primefaces&v=4.0 HTTP/1.1" 304 -
201.245.192.253 - - [21/Sep/2022:14:31:49 -0500] "GET /sipse/faces/javax.faces.resource/layout/layout.js?ln=primefaces&v=4.0 HTTP/1.1" 304 -
201.245.192.253 - - [21/Sep/2022:14:31:49 -0500] "GET /sipse/faces/javax.faces.resource/jquery/jquery-plugins.js?ln=primefaces&v=4.0 HTTP/1.1" 304 -
201.245.192.253 - - [21/Sep/2022:14:31:49 -0500] "GET /sipse/faces/javax.faces.resource/primefaces.js?ln=primefaces&v=4.0 HTTP/1.1" 304 -
201.245.192.253 - - [21/Sep/2022:14:31:49 -0500] "GET /sipse/faces/javax.faces.resource/images/ui-icons_898989_256x240.png?ln=primefaces-aristo HTTP/1.1" 304 -
172.22.2.4 - - [21/Sep/2022:14:31:49 -0500] "GET /BLA/boletinlegal/consulta_actos.php?tipo=resoluciones&no=2938&usuario=&sector=&fecha=2022&resuelve= HTTP/1.1" 200 1070
201.245.192.253 - - [21/Sep/2022:14:31:58 -0500] "GET /sipse/faces/javax.faces.resource/images/ui-bg_flat_0_2d5972_40x100.png?ln=primefaces-aristo HTTP/1.1" 304 -
201.245.192.253 - - [21/Sep/2022:14:31:58 -0500] "POST /sipse/faces/presentacion/financiero/solicitudProceso/registrarAnotacion.xhtml HTTP/1.1" 200 120785
201.245.192.253 - - [21/Sep/2022:14:31:58 -0500] "GET /sipse/faces/javax.faces.resource/jquery/jquery.js?ln=primefaces&v=4.0 HTTP/1.1" 304 -
201.245.192.253 - - [21/Sep/2022:14:31:58 -0500] "GET /sipse/faces/javax.faces.resource/jquery/jquery-plugins.js?ln=primefaces&v=4.0 HTTP/1.1" 304 -
201.245.192.253 - - [21/Sep/2022:14:31:58 -0500] "GET /sipse/faces/javax.faces.resource/primefaces.js?ln=primefaces&v=4.0 HTTP/1.1" 304 -
201.245.192.253 - - [21/Sep/2022:14:31:58 -0500] "GET /sipse/faces/javax.faces.resource/layout/layout.js?ln=primefaces&v=4.0 HTTP/1.1" 304 -
201.245.192.253 - - [21/Sep/2022:14:31:58 -0500] "GET /sipse/faces/javax.faces.resource/dynamiccontent.properties?ln=primefaces&pfdrid=XjOR5%2F%2FfPAZAuY9TpWQeCiM0BhlXxYRBGKi%2FQcXXfeA%3D&pfdrid_c=false HTTP/1.1" 500 383
186.31.55.90 - - [21/Sep/2022:14:32:02 -0500] "GET /BLA/resoluciones/index.php?dir=AUTOS+2014%2F HTTP/1.1" 200 881235
172.22.2.4 - - [21/Sep/2022:14:32:03 -0500] "GET /BLA/boletinlegal/consulta_actos.php?tipo=resoluciones&no=2940&usuario=&sector=&fecha=2022&resuelve= HTTP/1.1" 200 1070
172.22.2.4 - - [21/Sep/2022:14:30:24 -0500] "HEAD /BLA/boletinlegal/ HTTP/1.1" 200 -
201.245.192.253 - - [21/Sep/2022:14:32:04 -0500] "POST /sipse/faces/presentacion/financiero/solicitudProceso/consultarSolicitudProceso.xhtml HTTP/1.1" 200 71071
201.245.192.253 - - [21/Sep/2022:14:32:06 -0500] "GET /sipse/faces/javax.faces.resource/jquery/jquery.js?ln=primefaces&v=4.0 HTTP/1.1" 304 -
201.245.192.253 - - [21/Sep/2022:14:32:06 -0500] "GET /sipse/faces/javax.faces.resource/jquery/jquery-plugins.js?ln=primefaces&v=4.0 HTTP/1.1" 304 -
201.245.192.253 - - [21/Sep/2022:14:32:06 -0500] "GET /sipse/faces/javax.faces.resource/primefaces.js?ln=primefaces&v=4.0 HTTP/1.1" 304 -
201.245.192.253 - - [21/Sep/2022:14:32:06 -0500] "GET /sipse/faces/javax.faces.resource/layout/layout.js?ln=primefaces&v=4.0 HTTP/1.1" 304 -
201.245.192.253 - - [21/Sep/2022:14:32:06 -0500] "GET /sipse/faces/javax.faces.resource/messages/messages.png?ln=primefaces&v=4.0 HTTP/1.1" 304 -
201.245.192.253 - - [21/Sep/2022:14:32:07 -0500] "POST /sipse/faces/presentacion/financiero/solicitudProceso/listarSolicitudProceso.xhtml HTTP/1.1" 200 1544
201.245.192.253 - - [21/Sep/2022:14:32:16 -0500] "POST /sipse/faces/presentacion/financiero/solicitudProceso/listarSolicitudProceso.xhtml HTTP/1.1" 200 50345
201.245.192.253 - - [21/Sep/2022:14:32:17 -0500] "GET /sipse/faces/javax.faces.resource/jquery/jquery.js?ln=primefaces&v=4.0 HTTP/1.1" 304 -
201.245.192.253 - - [21/Sep/2022:14:32:17 -0500] "GET /sipse/faces/javax.faces.resource/jquery/jquery-plugins.js?ln=primefaces&v=4.0 HTTP/1.1" 304 -
201.245.192.253 - - [21/Sep/2022:14:32:17 -0500] "GET /sipse/faces/javax.faces.resource/primefaces.js?ln=primefaces&v=4.0 HTTP/1.1" 304 -
201.245.192.253 - - [21/Sep/2022:14:32:17 -0500] "GET /sipse/faces/javax.faces.resource/layout/layout.js?ln=primefaces&v=4.0 HTTP/1.1" 304 -
201.245.192.253 - - [21/Sep/2022:14:32:17 -0500] "POST /sipse/faces/presentacion/financiero/solicitudProceso/consultar.xhtml HTTP/1.1" 200 43763
201.245.192.253 - - [21/Sep/2022:14:32:17 -0500] "POST /sipse/faces/presentacion/financiero/solicitudProceso/consultar.xhtml HTTP/1.1" 200 43763
172.22.2.4 - - [21/Sep/2022:14:32:19 -0500] "GET /BLA/boletinlegal/consulta_actos.php?tipo=resoluciones&no=2942&usuario=&sector=&fecha=2022&resuelve= HTTP/1.1" 200 1070
201.245.192.253 - - [21/Sep/2022:14:32:21 -0500] "POST /sipse/faces/presentacion/financiero/solicitudProceso/consultar.xhtml HTTP/1.1" 200 12879
179.1.79.212 - - [21/Sep/2022:14:32:21 -0500] "GET /galeria/galeria/jquery.fancybox.css?v=2.1.5 HTTP/1.1" 200 4895
179.1.79.212 - - [21/Sep/2022:14:32:21 -0500] "GET /BLA/boletinlegal/js/jquery.scrollShow.js HTTP/1.1" 200 4586
179.1.79.212 - - [21/Sep/2022:14:32:21 -0500] "GET /galeria/galeria/jquery.fancybox.js?v=2.1.5 HTTP/1.1" 200 48706
179.1.79.212 - - [21/Sep/2022:14:32:23 -0500] "GET /galeria/carrusel/Carrusel/jquery.thumbnailScroller.css HTTP/1.1" 200 2066
179.1.79.212 - - [21/Sep/2022:14:32:23 -0500] "GET /galeria/carrusel/Carrusel/jquery-ui-1.8.13.custom.min.js HTTP/1.1" 200 10800
179.1.79.212 - - [21/Sep/2022:14:32:23 -0500] "GET /galeria/carrusel/Carrusel/jquery.thumbnailScroller.js HTTP/1.1" 200 8157
179.1.79.212 - - [21/Sep/2022:14:32:25 -0500] "GET /galeria/nivo-slider/demo/banner.html HTTP/1.1" 200 5446
201.245.192.253 - - [21/Sep/2022:14:32:27 -0500] "POST /sipse/faces/presentacion/financiero/solicitudProceso/consultar.xhtml HTTP/1.1" 200 70574
201.245.192.253 - - [21/Sep/2022:14:32:27 -0500] "GET /sipse/faces/javax.faces.resource/jquery/jquery.js?ln=primefaces&v=4.0 HTTP/1.1" 304 -
201.245.192.253 - - [21/Sep/2022:14:32:27 -0500] "GET /sipse/faces/javax.faces.resource/jquery/jquery-plugins.js?ln=primefaces&v=4.0 HTTP/1.1" 304 -
201.245.192.253 - - [21/Sep/2022:14:32:27 -0500] "GET /sipse/faces/javax.faces.resource/primefaces.js?ln=primefaces&v=4.0 HTTP/1.1" 304 -
201.245.192.253 - - [21/Sep/2022:14:32:27 -0500] "GET /sipse/faces/javax.faces.resource/layout/layout.js?ln=primefaces&v=4.0 HTTP/1.1" 304 -
201.245.192.253 - - [21/Sep/2022:14:32:27 -0500] "POST /sipse/faces/presentacion/financiero/solicitudProceso/listarSolicitudProceso.xhtml HTTP/1.1" 200 63966
201.245.192.253 - - [21/Sep/2022:14:32:27 -0500] "POST /sipse/faces/presentacion/financiero/solicitudProceso/listarSolicitudProceso.xhtml HTTP/1.1" 200 63966
201.245.192.253 - - [21/Sep/2022:14:32:28 -0500] "POST /sipse/faces/presentacion/financiero/solicitudProceso/listarSolicitudProceso.xhtml HTTP/1.1" 200 63966
201.245.192.253 - - [21/Sep/2022:14:32:28 -0500] "POST /sipse/faces/presentacion/financiero/solicitudProceso/listarSolicitudProceso.xhtml HTTP/1.1" 200 1544
201.245.192.253 - - [21/Sep/2022:14:32:28 -0500] "POST /sipse/faces/presentacion/financiero/solicitudProceso/listarSolicitudProceso.xhtml HTTP/1.1" 200 1548
201.245.192.253 - - [21/Sep/2022:14:32:28 -0500] "POST /sipse/faces/presentacion/financiero/solicitudProceso/listarSolicitudProceso.xhtml HTTP/1.1" 200 1552
71.6.158.166 - - [21/Sep/2022:14:32:28 -0500] "GET / HTTP/1.1" 200 319
201.245.192.253 - - [21/Sep/2022:14:32:28 -0500] "POST /sipse/faces/presentacion/financiero/solicitudProceso/listarSolicitudProceso.xhtml HTTP/1.1" 200 1548
179.1.79.212 - - [21/Sep/2022:14:32:31 -0500] "GET /galeria/nivo-slider/themes/default/default.css HTTP/1.1" 200 1569
179.1.79.212 - - [21/Sep/2022:14:32:31 -0500] "GET /galeria/nivo-slider/themes/pascal/pascal.css HTTP/1.1" 200 2258
201.245.192.253 - - [21/Sep/2022:14:32:32 -0500] "POST /sipse/faces/presentacion/financiero/solicitudProceso/listarSolicitudProceso.xhtml HTTP/1.1" 200 120057
179.1.79.212 - - [21/Sep/2022:14:32:34 -0500] "GET /galeria/nivo-slider/themes/orman/orman.css HTTP/1.1" 200 2152
179.1.79.212 - - [21/Sep/2022:14:32:34 -0500] "GET /galeria/nivo-slider/nivo-slider.css HTTP/1.1" 200 1507
179.1.79.212 - - [21/Sep/2022:14:32:37 -0500] "GET /galeria/nivo-slider/demo/style.css HTTP/1.1" 200 2222
179.1.79.212 - - [21/Sep/2022:14:32:37 -0500] "GET /galeria/nivo-slider/demo/images/bannertortuga_optimized.jpg HTTP/1.1" 200 39066
71.6.158.166 - - [21/Sep/2022:14:32:38 -0500] "GET /sitemap.xml HTTP/1.1" 404 1018
179.1.79.212 - - [21/Sep/2022:14:32:38 -0500] "GET /galeria/nivo-slider/demo/images/Bannermujeresquereverdecen.jpg HTTP/1.1" 200 46558
71.6.158.166 - - [21/Sep/2022:14:32:38 -0500] "GET /.well-known/security.txt HTTP/1.1" 404 1018
71.6.158.166 - - [21/Sep/2022:14:32:40 -0500] "GET /favicon.ico HTTP/1.1" 200 7782
179.1.79.212 - - [21/Sep/2022:14:32:41 -0500] "GET /galeria/nivo-slider/demo/images/4Simple_Slider.png HTTP/1.1" 200 11722
179.1.79.212 - - [21/Sep/2022:14:32:44 -0500] "GET /galeria/nivo-slider/themes/default/loading.gif HTTP/1.1" 200 1737
179.1.79.212 - - [21/Sep/2022:14:32:46 -0500] "GET /galeria/nivo-slider/demo/images/bannertrafico_optimized.jpg HTTP/1.1" 200 42578
179.1.79.212 - - [21/Sep/2022:14:32:47 -0500] "GET /galeria/nivo-slider/demo/images/Bannersedeelectronica.jpg HTTP/1.1" 200 40383
179.1.79.212 - - [21/Sep/2022:14:32:48 -0500] "GET /galeria/nivo-slider/demo/images/bannerrutaesperanza.jpg HTTP/1.1" 200 55560
179.1.79.212 - - [21/Sep/2022:14:32:50 -0500] "GET /galeria/nivo-slider/demo/images/banneraire2021.jpg HTTP/1.1" 200 265101
179.1.79.212 - - [21/Sep/2022:14:32:52 -0500] "GET /galeria/nivo-slider/demo/images/Bannerplasticosseptiembre.jpg HTTP/1.1" 200 45633
179.1.79.212 - - [21/Sep/2022:14:32:54 -0500] "GET /galeria/nivo-slider/demo/images/bannerresiduoshospitalariosagosto.jpg HTTP/1.1" 200 36499
179.1.79.212 - - [21/Sep/2022:14:32:54 -0500] "GET /galeria/nivo-slider/demo/images/banneraccionpopularcrr68.jpg HTTP/1.1" 200 51887
172.22.2.4 - - [21/Sep/2022:14:31:14 -0500] "GET /BLA/boletinlegal/ HTTP/1.1" 200 58575
179.1.79.212 - - [21/Sep/2022:14:32:55 -0500] "GET /galeria/nivo-slider/demo/images/banneraccionpopular.jpeg HTTP/1.1" 200 41707
179.1.79.212 - - [21/Sep/2022:14:32:55 -0500] "GET /galeria/nivo-slider/demo/images/bannerclases2021.jpg HTTP/1.1" 200 68230
179.1.79.212 - - [21/Sep/2022:14:32:55 -0500] "GET /galeria/nivo-slider/demo/images/bannercapacitacionesbogota.jpg HTTP/1.1" 200 42416
179.1.79.212 - - [21/Sep/2022:14:32:55 -0500] "GET /galeria/nivo-slider/demo/images/Bannerenvases.jpg HTTP/1.1" 200 37316
179.1.79.212 - - [21/Sep/2022:14:32:55 -0500] "GET /galeria/nivo-slider/demo/images/Bannervirtualescanales.jpg HTTP/1.1" 200 174544
179.1.79.212 - - [21/Sep/2022:14:32:55 -0500] "GET /galeria/nivo-slider/demo/scripts/jquery-1.7.1.min.js HTTP/1.1" 200 93868
179.1.79.212 - - [21/Sep/2022:14:32:56 -0500] "GET /galeria/nivo-slider/jquery.nivo.slider.pack.js HTTP/1.1" 200 11561
179.1.79.212 - - [21/Sep/2022:14:32:56 -0500] "GET /galeria/nivo-slider/themes/default/arrows.png HTTP/1.1" 200 824
179.1.79.212 - - [21/Sep/2022:14:32:56 -0500] "GET /galeria/nivo-slider/themes/default/bullets.png HTTP/1.1" 200 1281
192.168.171.63 - - [21/Sep/2022:14:33:26 -0500] "GET /BLA/boletinlegal/consulta_actos.php?tipo=resoluciones&no=2909&usuario=&sector=&fecha=2018&resuelve= HTTP/1.1" 200 626
192.168.171.63 - - [21/Sep/2022:14:33:27 -0500] "GET /BLA/boletinlegal/consulta_actos.php?tipo=resoluciones&no=2909&usuario=&sector=&fecha=2018&resuelve= HTTP/1.1" 200 626
192.168.171.63 - - [21/Sep/2022:14:33:32 -0500] "GET /BLA/boletinlegal/consulta_actos.php?tipo=resoluciones&no=2909&usuario=&sector=&fecha=2018&resuelve= HTTP/1.1" 200 626
192.168.171.63 - - [21/Sep/2022:14:33:33 -0500] "GET /BLA/boletinlegal/actos.php HTTP/1.1" 200 9559
201.245.192.253 - - [21/Sep/2022:14:33:32 -0500] "POST /kwsrmcab/Wsrmcab  HTTP/1.1" 200 37989
192.168.171.63 - - [21/Sep/2022:14:33:51 -0500] "GET /BLA/boletinlegal/consulta_actos.php?tipo=resoluciones&no=0909&usuario=&sector=&fecha=2018&resuelve= HTTP/1.1" 200 626
186.145.91.234 - - [21/Sep/2022:14:33:57 -0500] "POST /sipse/faces/presentacion/financiero/solicitudProceso/consultarSolicitudProceso.xhtml HTTP/1.1" 200 171492
66.249.73.127 - - [21/Sep/2022:14:35:06 -0500] "-" 408 -
216.245.221.92 - - [21/Sep/2022:14:35:16 -0500] "HEAD / HTTP/1.1" 200 -
201.245.192.253 - - [21/Sep/2022:14:35:21 -0500] "GET /sipse/faces/index.xhtml HTTP/1.1" 200 677
201.245.192.253 - - [21/Sep/2022:14:35:21 -0500] "GET /sipse/faces/javax.faces.resource/theme.css?ln=primefaces-sipse HTTP/1.1" 304 -
201.245.192.253 - - [21/Sep/2022:14:35:21 -0500] "GET /sipse/faces/faces/autenticacion.xhtml HTTP/1.1" 200 12179
201.245.192.253 - - [21/Sep/2022:14:35:21 -0500] "GET /sipse/faces/javax.faces.resource/theme.css?ln=primefaces-sipse HTTP/1.1" 304 -
201.245.192.253 - - [21/Sep/2022:14:35:21 -0500] "GET /sipse/faces/javax.faces.resource/jquery/jquery-plugins.js?ln=primefaces&v=4.0 HTTP/1.1" 304 -
201.245.192.253 - - [21/Sep/2022:14:35:21 -0500] "GET /sipse/faces/javax.faces.resource/primefaces.js?ln=primefaces&v=4.0 HTTP/1.1" 304 -
201.245.192.253 - - [21/Sep/2022:14:35:21 -0500] "GET /sipse/faces/javax.faces.resource/primefaces.css?ln=primefaces&v=4.0 HTTP/1.1" 304 -
201.245.192.253 - - [21/Sep/2022:14:35:21 -0500] "GET /sipse/faces/javax.faces.resource/jquery/jquery.js?ln=primefaces&v=4.0 HTTP/1.1" 304 -
201.245.192.253 - - [21/Sep/2022:14:35:21 -0500] "GET /sipse/faces/javax.faces.resource/layout/layout.css?ln=primefaces&v=4.0 HTTP/1.1" 304 -
201.245.192.253 - - [21/Sep/2022:14:35:21 -0500] "GET /sipse/faces/javax.faces.resource/layout/layout.js?ln=primefaces&v=4.0 HTTP/1.1" 304 -
201.245.192.253 - - [21/Sep/2022:14:35:21 -0500] "GET /sipse/faces/javax.faces.resource/images/ui-icons_898989_256x240.png?ln=primefaces-aristo HTTP/1.1" 304 -
201.245.192.253 - - [21/Sep/2022:14:35:23 -0500] "POST /sipse/faces/autenticacion.xhtml HTTP/1.1" 200 2217
201.245.192.253 - - [21/Sep/2022:14:35:23 -0500] "GET /sipse/faces/javax.faces.resource/messages/messages.png?ln=primefaces&v=4.0 HTTP/1.1" 304 -
201.245.192.253 - - [21/Sep/2022:14:35:24 -0500] "POST /sipse/faces/autenticacion.xhtml HTTP/1.1" 200 16239
201.245.192.253 - - [21/Sep/2022:14:35:24 -0500] "GET /sipse/faces/javax.faces.resource/layout/layout.css?ln=primefaces&v=4.0 HTTP/1.1" 304 -
201.245.192.253 - - [21/Sep/2022:14:35:24 -0500] "GET /sipse/faces/javax.faces.resource/theme.css?ln=primefaces-sipse HTTP/1.1" 304 -
201.245.192.253 - - [21/Sep/2022:14:35:24 -0500] "GET /sipse/faces/javax.faces.resource/primefaces.css?ln=primefaces&v=4.0 HTTP/1.1" 304 -
201.245.192.253 - - [21/Sep/2022:14:35:24 -0500] "GET /sipse/faces/javax.faces.resource/jquery/jquery.js?ln=primefaces&v=4.0 HTTP/1.1" 304 -
201.245.192.253 - - [21/Sep/2022:14:35:24 -0500] "GET /sipse/faces/javax.faces.resource/jquery/jquery-plugins.js?ln=primefaces&v=4.0 HTTP/1.1" 304 -
