186.145.91.234 - - [21/Sep/2022:08:33:59 -0500] "GET /sipse/faces/javax.faces.resource/theme.css?ln=primefaces-sipse HTTP/1.1" 304 -
186.145.91.234 - - [21/Sep/2022:08:33:59 -0500] "GET /sipse/faces/javax.faces.resource/primefaces.css?ln=primefaces&v=4.0 HTTP/1.1" 304 -
186.145.91.234 - - [21/Sep/2022:08:33:59 -0500] "GET /sipse/faces/javax.faces.resource/jquery/jquery.js?ln=primefaces&v=4.0 HTTP/1.1" 304 -
186.145.91.234 - - [21/Sep/2022:08:33:59 -0500] "GET /sipse/faces/javax.faces.resource/layout/layout.css?ln=primefaces&v=4.0 HTTP/1.1" 304 -
186.145.91.234 - - [21/Sep/2022:08:33:59 -0500] "GET /sipse/faces/javax.faces.resource/jquery/jquery-plugins.js?ln=primefaces&v=4.0 HTTP/1.1" 304 -
186.145.91.234 - - [21/Sep/2022:08:33:59 -0500] "GET /sipse/faces/javax.faces.resource/primefaces.js?ln=primefaces&v=4.0 HTTP/1.1" 304 -
186.145.91.234 - - [21/Sep/2022:08:33:59 -0500] "GET /sipse/faces/javax.faces.resource/layout/layout.js?ln=primefaces&v=4.0 HTTP/1.1" 304 -
186.145.91.234 - - [21/Sep/2022:08:34:02 -0500] "POST /sipse/faces/presentacion/financiero/solicitudProceso/consultarSolicitudProceso.xhtml HTTP/1.1" 200 5515
172.22.2.4 - - [21/Sep/2022:08:34:04 -0500] "GET /BLA/boletinlegal/consulta_actos.php?tipo=autos&no=3706&usuario=&sector=&fecha=2022&resuelve= HTTP/1.1" 200 1080
172.22.2.4 - - [21/Sep/2022:08:34:14 -0500] "GET /BLA/boletinlegal/consulta_actos.php?tipo=autos&no=4092&usuario=&sector=&fecha=2022&resuelve= HTTP/1.1" 200 1082
34.90.17.62 - - [21/Sep/2022:08:34:19 -0500] "GET / HTTP/1.1" 200 319
34.90.17.62 - - [21/Sep/2022:08:34:19 -0500] "GET / HTTP/1.1" 200 4720
186.145.91.234 - - [21/Sep/2022:08:34:20 -0500] "POST /sipse/faces/presentacion/financiero/solicitudProceso/consultarSolicitudProceso.xhtml HTTP/1.1" 200 54093
186.145.91.234 - - [21/Sep/2022:08:34:20 -0500] "GET /sipse/faces/javax.faces.resource/theme.css?ln=primefaces-sipse HTTP/1.1" 304 -
186.145.91.234 - - [21/Sep/2022:08:34:20 -0500] "GET /sipse/faces/javax.faces.resource/primefaces.css?ln=primefaces&v=4.0 HTTP/1.1" 304 -
186.145.91.234 - - [21/Sep/2022:08:34:20 -0500] "GET /sipse/faces/javax.faces.resource/layout/layout.css?ln=primefaces&v=4.0 HTTP/1.1" 304 -
186.145.91.234 - - [21/Sep/2022:08:34:20 -0500] "GET /sipse/faces/javax.faces.resource/jquery/jquery.js?ln=primefaces&v=4.0 HTTP/1.1" 304 -
186.145.91.234 - - [21/Sep/2022:08:34:21 -0500] "GET /sipse/faces/javax.faces.resource/jquery/jquery-plugins.js?ln=primefaces&v=4.0 HTTP/1.1" 304 -
186.145.91.234 - - [21/Sep/2022:08:34:21 -0500] "GET /sipse/faces/javax.faces.resource/primefaces.js?ln=primefaces&v=4.0 HTTP/1.1" 304 -
186.145.91.234 - - [21/Sep/2022:08:34:21 -0500] "GET /sipse/faces/javax.faces.resource/layout/layout.js?ln=primefaces&v=4.0 HTTP/1.1" 304 -
186.145.91.234 - - [21/Sep/2022:08:34:21 -0500] "POST /sipse/faces/presentacion/financiero/solicitudProceso/listarSolicitudProceso.xhtml HTTP/1.1" 200 47455
186.145.91.234 - - [21/Sep/2022:08:34:21 -0500] "POST /sipse/faces/presentacion/financiero/solicitudProceso/listarSolicitudProceso.xhtml HTTP/1.1" 200 47455
186.145.91.234 - - [21/Sep/2022:08:34:21 -0500] "POST /sipse/faces/presentacion/financiero/solicitudProceso/listarSolicitudProceso.xhtml HTTP/1.1" 200 47455
186.145.91.234 - - [21/Sep/2022:08:34:21 -0500] "POST /sipse/faces/presentacion/financiero/solicitudProceso/listarSolicitudProceso.xhtml HTTP/1.1" 200 47455
186.145.91.234 - - [21/Sep/2022:08:34:22 -0500] "POST /sipse/faces/presentacion/financiero/solicitudProceso/listarSolicitudProceso.xhtml HTTP/1.1" 200 47455
186.145.91.234 - - [21/Sep/2022:08:34:22 -0500] "POST /sipse/faces/presentacion/financiero/solicitudProceso/listarSolicitudProceso.xhtml HTTP/1.1" 200 47455
186.145.91.234 - - [21/Sep/2022:08:34:22 -0500] "POST /sipse/faces/presentacion/financiero/solicitudProceso/listarSolicitudProceso.xhtml HTTP/1.1" 200 47455
186.145.91.234 - - [21/Sep/2022:08:34:22 -0500] "POST /sipse/faces/presentacion/financiero/solicitudProceso/listarSolicitudProceso.xhtml HTTP/1.1" 200 47455
186.145.91.234 - - [21/Sep/2022:08:34:23 -0500] "POST /sipse/faces/presentacion/financiero/solicitudProceso/listarSolicitudProceso.xhtml HTTP/1.1" 200 1516
186.145.91.234 - - [21/Sep/2022:08:34:23 -0500] "POST /sipse/faces/presentacion/financiero/solicitudProceso/listarSolicitudProceso.xhtml HTTP/1.1" 200 1520
186.145.91.234 - - [21/Sep/2022:08:34:23 -0500] "POST /sipse/faces/presentacion/financiero/solicitudProceso/listarSolicitudProceso.xhtml HTTP/1.1" 200 1520
186.145.91.234 - - [21/Sep/2022:08:34:23 -0500] "POST /sipse/faces/presentacion/financiero/solicitudProceso/listarSolicitudProceso.xhtml HTTP/1.1" 200 1520
186.145.91.234 - - [21/Sep/2022:08:34:23 -0500] "POST /sipse/faces/presentacion/financiero/solicitudProceso/listarSolicitudProceso.xhtml HTTP/1.1" 200 1520
186.145.91.234 - - [21/Sep/2022:08:34:23 -0500] "POST /sipse/faces/presentacion/financiero/solicitudProceso/listarSolicitudProceso.xhtml HTTP/1.1" 200 1520
186.145.91.234 - - [21/Sep/2022:08:34:23 -0500] "POST /sipse/faces/presentacion/financiero/solicitudProceso/listarSolicitudProceso.xhtml HTTP/1.1" 200 1520
186.145.91.234 - - [21/Sep/2022:08:34:23 -0500] "POST /sipse/faces/presentacion/financiero/solicitudProceso/listarSolicitudProceso.xhtml HTTP/1.1" 200 1520
186.145.91.234 - - [21/Sep/2022:08:34:24 -0500] "POST /sipse/faces/presentacion/financiero/solicitudProceso/listarSolicitudProceso.xhtml HTTP/1.1" 200 1520
31.13.115.7 - - [21/Sep/2022:08:34:24 -0500] "GET /images/jardines-verticales-plantas-24-mayo.jpg HTTP/1.1" 200 148288
172.22.2.4 - - [21/Sep/2022:08:34:25 -0500] "GET /BLA/boletinlegal/consulta_actos.php?tipo=autos&no=4206&usuario=&sector=&fecha=2022&resuelve= HTTP/1.1" 200 1078
186.145.91.234 - - [21/Sep/2022:08:34:26 -0500] "POST /sipse/faces/presentacion/financiero/solicitudProceso/listarSolicitudProceso.xhtml HTTP/1.1" 200 125127
186.145.91.234 - - [21/Sep/2022:08:34:27 -0500] "GET /sipse/faces/javax.faces.resource/theme.css?ln=primefaces-sipse HTTP/1.1" 304 -
186.145.91.234 - - [21/Sep/2022:08:34:27 -0500] "GET /sipse/faces/javax.faces.resource/primefaces.css?ln=primefaces&v=4.0 HTTP/1.1" 304 -
186.145.91.234 - - [21/Sep/2022:08:34:27 -0500] "GET /sipse/faces/javax.faces.resource/layout/layout.css?ln=primefaces&v=4.0 HTTP/1.1" 304 -
186.145.91.234 - - [21/Sep/2022:08:34:27 -0500] "GET /sipse/faces/javax.faces.resource/jquery/jquery.js?ln=primefaces&v=4.0 HTTP/1.1" 304 -
186.145.91.234 - - [21/Sep/2022:08:34:27 -0500] "GET /sipse/faces/javax.faces.resource/jquery/jquery-plugins.js?ln=primefaces&v=4.0 HTTP/1.1" 304 -
186.145.91.234 - - [21/Sep/2022:08:34:27 -0500] "GET /sipse/faces/javax.faces.resource/primefaces.js?ln=primefaces&v=4.0 HTTP/1.1" 304 -
186.145.91.234 - - [21/Sep/2022:08:34:27 -0500] "GET /sipse/faces/javax.faces.resource/layout/layout.js?ln=primefaces&v=4.0 HTTP/1.1" 304 -
186.145.91.234 - - [21/Sep/2022:08:34:31 -0500] "POST /sipse/faces/presentacion/financiero/solicitudProceso/consultarSolicitudProceso.xhtml HTTP/1.1" 200 5515
172.22.2.4 - - [21/Sep/2022:08:34:34 -0500] "GET /BLA/boletinlegal/consulta_actos.php?tipo=autos&no=3800&usuario=&sector=&fecha=2022&resuelve= HTTP/1.1" 200 1069
172.22.2.4 - - [21/Sep/2022:08:34:44 -0500] "GET /BLA/boletinlegal/consulta_actos.php?tipo=autos&no=4094&usuario=&sector=&fecha=2022&resuelve= HTTP/1.1" 200 1070
201.245.192.253 - - [21/Sep/2022:08:34:50 -0500] "GET /sipse/faces/index.xhtml HTTP/1.1" 200 677
201.245.192.253 - - [21/Sep/2022:08:34:50 -0500] "GET /sipse/faces/javax.faces.resource/theme.css?ln=primefaces-sipse HTTP/1.1" 304 -
201.245.192.253 - - [21/Sep/2022:08:34:51 -0500] "GET /sipse/faces/faces/autenticacion.xhtml HTTP/1.1" 200 12179
201.245.192.253 - - [21/Sep/2022:08:34:51 -0500] "GET /sipse/faces/javax.faces.resource/theme.css?ln=primefaces-sipse HTTP/1.1" 304 -
201.245.192.253 - - [21/Sep/2022:08:34:51 -0500] "GET /sipse/faces/javax.faces.resource/layout/layout.css?ln=primefaces&v=4.0 HTTP/1.1" 200 542
201.245.192.253 - - [21/Sep/2022:08:34:51 -0500] "GET /sipse/faces/javax.faces.resource/jquery/jquery.js?ln=primefaces&v=4.0 HTTP/1.1" 304 -
201.245.192.253 - - [21/Sep/2022:08:34:51 -0500] "GET /sipse/faces/javax.faces.resource/jquery/jquery-plugins.js?ln=primefaces&v=4.0 HTTP/1.1" 304 -
201.245.192.253 - - [21/Sep/2022:08:34:51 -0500] "GET /sipse/faces/javax.faces.resource/primefaces.js?ln=primefaces&v=4.0 HTTP/1.1" 304 -
201.245.192.253 - - [21/Sep/2022:08:34:51 -0500] "GET /sipse/faces/javax.faces.resource/layout/layout.js?ln=primefaces&v=4.0 HTTP/1.1" 304 -
201.245.192.253 - - [21/Sep/2022:08:34:51 -0500] "GET /sipse/faces/javax.faces.resource/primefaces.css?ln=primefaces&v=4.0 HTTP/1.1" 200 53295
201.245.192.253 - - [21/Sep/2022:08:34:51 -0500] "GET /sipse/css/imagen/logoSDG.png HTTP/1.1" 200 19186
201.245.192.253 - - [21/Sep/2022:08:34:51 -0500] "GET /sipse/faces/javax.faces.resource/images/ui-icons_898989_256x240.png?ln=primefaces-aristo HTTP/1.1" 200 5355
201.245.192.253 - - [21/Sep/2022:08:34:51 -0500] "GET /sipse/css/imagen/loginimg.png HTTP/1.1" 200 15714
201.245.192.253 - - [21/Sep/2022:08:34:50 -0500] "POST /kwsrmcab/Wsrmcab  HTTP/1.1" 200 37989
172.22.2.4 - - [21/Sep/2022:08:34:54 -0500] "GET /BLA/boletinlegal/consulta_actos.php?tipo=autos&no=3668&usuario=&sector=&fecha=2022&resuelve= HTTP/1.1" 200 1072
80.94.92.239 - - [21/Sep/2022:08:34:59 -0500] "GET / HTTP/1.1" 200 319
172.22.2.4 - - [21/Sep/2022:08:35:04 -0500] "GET /BLA/boletinlegal/consulta_actos.php?tipo=autos&no=3691&usuario=&sector=&fecha=2022&resuelve= HTTP/1.1" 200 1078
186.145.91.234 - - [21/Sep/2022:08:35:05 -0500] "POST /sipse/faces/presentacion/financiero/solicitudProceso/consultarSolicitudProceso.xhtml HTTP/1.1" 200 54093
186.145.91.234 - - [21/Sep/2022:08:35:05 -0500] "GET /sipse/faces/javax.faces.resource/theme.css?ln=primefaces-sipse HTTP/1.1" 304 -
186.145.91.234 - - [21/Sep/2022:08:35:05 -0500] "GET /sipse/faces/javax.faces.resource/primefaces.css?ln=primefaces&v=4.0 HTTP/1.1" 304 -
186.145.91.234 - - [21/Sep/2022:08:35:05 -0500] "GET /sipse/faces/javax.faces.resource/layout/layout.css?ln=primefaces&v=4.0 HTTP/1.1" 304 -
186.145.91.234 - - [21/Sep/2022:08:35:05 -0500] "GET /sipse/faces/javax.faces.resource/jquery/jquery.js?ln=primefaces&v=4.0 HTTP/1.1" 304 -
186.145.91.234 - - [21/Sep/2022:08:35:05 -0500] "GET /sipse/faces/javax.faces.resource/jquery/jquery-plugins.js?ln=primefaces&v=4.0 HTTP/1.1" 304 -
186.145.91.234 - - [21/Sep/2022:08:35:05 -0500] "GET /sipse/faces/javax.faces.resource/primefaces.js?ln=primefaces&v=4.0 HTTP/1.1" 304 -
186.145.91.234 - - [21/Sep/2022:08:35:05 -0500] "GET /sipse/faces/javax.faces.resource/layout/layout.js?ln=primefaces&v=4.0 HTTP/1.1" 304 -
186.145.91.234 - - [21/Sep/2022:08:35:05 -0500] "POST /sipse/faces/presentacion/financiero/solicitudProceso/listarSolicitudProceso.xhtml HTTP/1.1" 200 47455
186.145.91.234 - - [21/Sep/2022:08:35:05 -0500] "POST /sipse/faces/presentacion/financiero/solicitudProceso/listarSolicitudProceso.xhtml HTTP/1.1" 200 47455
186.145.91.234 - - [21/Sep/2022:08:35:06 -0500] "POST /sipse/faces/presentacion/financiero/solicitudProceso/listarSolicitudProceso.xhtml HTTP/1.1" 200 47455
186.145.91.234 - - [21/Sep/2022:08:35:06 -0500] "POST /sipse/faces/presentacion/financiero/solicitudProceso/listarSolicitudProceso.xhtml HTTP/1.1" 200 47455
186.145.91.234 - - [21/Sep/2022:08:35:06 -0500] "POST /sipse/faces/presentacion/financiero/solicitudProceso/listarSolicitudProceso.xhtml HTTP/1.1" 200 47455
186.145.91.234 - - [21/Sep/2022:08:35:06 -0500] "POST /sipse/faces/presentacion/financiero/solicitudProceso/listarSolicitudProceso.xhtml HTTP/1.1" 200 47455
186.145.91.234 - - [21/Sep/2022:08:35:07 -0500] "POST /sipse/faces/presentacion/financiero/solicitudProceso/listarSolicitudProceso.xhtml HTTP/1.1" 200 47455
186.145.91.234 - - [21/Sep/2022:08:35:07 -0500] "POST /sipse/faces/presentacion/financiero/solicitudProceso/listarSolicitudProceso.xhtml HTTP/1.1" 200 47455
186.145.91.234 - - [21/Sep/2022:08:35:07 -0500] "POST /sipse/faces/presentacion/financiero/solicitudProceso/listarSolicitudProceso.xhtml HTTP/1.1" 200 47455
186.145.91.234 - - [21/Sep/2022:08:35:07 -0500] "POST /sipse/faces/presentacion/financiero/solicitudProceso/listarSolicitudProceso.xhtml HTTP/1.1" 200 47455
186.145.91.234 - - [21/Sep/2022:08:35:08 -0500] "POST /sipse/faces/presentacion/financiero/solicitudProceso/listarSolicitudProceso.xhtml HTTP/1.1" 200 1516
186.145.91.234 - - [21/Sep/2022:08:35:08 -0500] "POST /sipse/faces/presentacion/financiero/solicitudProceso/listarSolicitudProceso.xhtml HTTP/1.1" 200 1520
186.145.91.234 - - [21/Sep/2022:08:35:08 -0500] "POST /sipse/faces/presentacion/financiero/solicitudProceso/listarSolicitudProceso.xhtml HTTP/1.1" 200 1520
186.145.91.234 - - [21/Sep/2022:08:35:08 -0500] "POST /sipse/faces/presentacion/financiero/solicitudProceso/listarSolicitudProceso.xhtml HTTP/1.1" 200 1520
186.145.91.234 - - [21/Sep/2022:08:35:08 -0500] "POST /sipse/faces/presentacion/financiero/solicitudProceso/listarSolicitudProceso.xhtml HTTP/1.1" 200 1520
186.145.91.234 - - [21/Sep/2022:08:35:08 -0500] "POST /sipse/faces/presentacion/financiero/solicitudProceso/listarSolicitudProceso.xhtml HTTP/1.1" 200 1520
201.245.192.253 - - [21/Sep/2022:08:35:08 -0500] "POST /sipse/faces/autenticacion.xhtml HTTP/1.1" 200 19127
186.145.91.234 - - [21/Sep/2022:08:35:08 -0500] "POST /sipse/faces/presentacion/financiero/solicitudProceso/listarSolicitudProceso.xhtml HTTP/1.1" 200 1520
186.145.91.234 - - [21/Sep/2022:08:35:08 -0500] "POST /sipse/faces/presentacion/financiero/solicitudProceso/listarSolicitudProceso.xhtml HTTP/1.1" 200 1520
186.145.91.234 - - [21/Sep/2022:08:35:09 -0500] "POST /sipse/faces/presentacion/financiero/solicitudProceso/listarSolicitudProceso.xhtml HTTP/1.1" 200 1520
201.245.192.253 - - [21/Sep/2022:08:35:09 -0500] "GET /sipse/faces/javax.faces.resource/jquery/jquery.js?ln=primefaces&v=4.0 HTTP/1.1" 304 -
201.245.192.253 - - [21/Sep/2022:08:35:09 -0500] "GET /sipse/faces/javax.faces.resource/jquery/jquery-plugins.js?ln=primefaces&v=4.0 HTTP/1.1" 304 -
201.245.192.253 - - [21/Sep/2022:08:35:09 -0500] "GET /sipse/faces/javax.faces.resource/primefaces.js?ln=primefaces&v=4.0 HTTP/1.1" 304 -
201.245.192.253 - - [21/Sep/2022:08:35:09 -0500] "GET /sipse/faces/javax.faces.resource/layout/layout.js?ln=primefaces&v=4.0 HTTP/1.1" 304 -
186.145.91.234 - - [21/Sep/2022:08:35:09 -0500] "POST /sipse/faces/presentacion/financiero/solicitudProceso/listarSolicitudProceso.xhtml HTTP/1.1" 200 1520
201.245.192.253 - - [21/Sep/2022:08:35:09 -0500] "GET /sipse/css/imagen/contrasena.png HTTP/1.1" 404 383
201.245.192.253 - - [21/Sep/2022:08:35:09 -0500] "GET /sipse/faces/javax.faces.resource/messages/messages.png?ln=primefaces&v=4.0 HTTP/1.1" 304 -
186.145.91.234 - - [21/Sep/2022:08:35:09 -0500] "POST /sipse/faces/presentacion/financiero/solicitudProceso/listarSolicitudProceso.xhtml HTTP/1.1" 200 1520
201.245.192.253 - - [21/Sep/2022:08:35:12 -0500] "GET /sipse/faces/javax.faces.resource/images/ui-bg_flat_0_2d5972_40x100.png?ln=primefaces-aristo HTTP/1.1" 304 -
201.245.192.253 - - [21/Sep/2022:08:35:12 -0500] "POST /sipse/faces/bienvenido.xhtml HTTP/1.1" 200 2055
186.145.91.234 - - [21/Sep/2022:08:35:12 -0500] "POST /sipse/faces/presentacion/financiero/solicitudProceso/listarSolicitudProceso.xhtml HTTP/1.1" 200 125102
186.145.91.234 - - [21/Sep/2022:08:35:12 -0500] "GET /sipse/faces/javax.faces.resource/theme.css?ln=primefaces-sipse HTTP/1.1" 304 -
186.145.91.234 - - [21/Sep/2022:08:35:13 -0500] "GET /sipse/faces/javax.faces.resource/primefaces.css?ln=primefaces&v=4.0 HTTP/1.1" 304 -
186.145.91.234 - - [21/Sep/2022:08:35:13 -0500] "GET /sipse/faces/javax.faces.resource/layout/layout.css?ln=primefaces&v=4.0 HTTP/1.1" 304 -
186.145.91.234 - - [21/Sep/2022:08:35:13 -0500] "GET /sipse/faces/javax.faces.resource/jquery/jquery.js?ln=primefaces&v=4.0 HTTP/1.1" 304 -
186.145.91.234 - - [21/Sep/2022:08:35:13 -0500] "GET /sipse/faces/javax.faces.resource/jquery/jquery-plugins.js?ln=primefaces&v=4.0 HTTP/1.1" 304 -
186.145.91.234 - - [21/Sep/2022:08:35:13 -0500] "GET /sipse/faces/javax.faces.resource/primefaces.js?ln=primefaces&v=4.0 HTTP/1.1" 304 -
186.145.91.234 - - [21/Sep/2022:08:35:13 -0500] "GET /sipse/faces/javax.faces.resource/layout/layout.js?ln=primefaces&v=4.0 HTTP/1.1" 304 -
172.22.2.4 - - [21/Sep/2022:08:35:13 -0500] "GET /BLA/boletinlegal/consulta_actos.php?tipo=autos&no=3684&usuario=&sector=&fecha=2022&resuelve= HTTP/1.1" 200 1069
216.245.221.92 - - [21/Sep/2022:08:35:17 -0500] "HEAD / HTTP/1.1" 200 -
172.22.2.4 - - [21/Sep/2022:08:35:22 -0500] "GET /BLA/boletinlegal/consulta_actos.php?tipo=autos&no=3701&usuario=&sector=&fecha=2022&resuelve= HTTP/1.1" 200 1079
186.145.91.234 - - [21/Sep/2022:08:35:28 -0500] "POST /sipse/faces/presentacion/financiero/solicitudProceso/consultarSolicitudProceso.xhtml HTTP/1.1" 200 5515
172.22.2.4 - - [21/Sep/2022:08:35:32 -0500] "GET /BLA/boletinlegal/consulta_actos.php?tipo=autos&no=4207&usuario=&sector=&fecha=2022&resuelve= HTTP/1.1" 200 1072
172.22.2.4 - - [21/Sep/2022:08:35:42 -0500] "GET /BLA/boletinlegal/consulta_actos.php?tipo=autos&no=4077&usuario=&sector=&fecha=2022&resuelve= HTTP/1.1" 200 1068
201.245.192.253 - - [21/Sep/2022:08:35:13 -0500] "POST /sipse/faces/bienvenido.xhtml HTTP/1.1" 200 82826
201.245.192.253 - - [21/Sep/2022:08:35:47 -0500] "GET /sipse/faces/javax.faces.resource/jquery/jquery.js?ln=primefaces&v=4.0 HTTP/1.1" 304 -
201.245.192.253 - - [21/Sep/2022:08:35:47 -0500] "GET /sipse/faces/javax.faces.resource/jquery/jquery-plugins.js?ln=primefaces&v=4.0 HTTP/1.1" 304 -
201.245.192.253 - - [21/Sep/2022:08:35:47 -0500] "GET /sipse/faces/javax.faces.resource/primefaces.js?ln=primefaces&v=4.0 HTTP/1.1" 304 -
201.245.192.253 - - [21/Sep/2022:08:35:47 -0500] "GET /sipse/faces/javax.faces.resource/layout/layout.js?ln=primefaces&v=4.0 HTTP/1.1" 304 -
201.245.192.253 - - [21/Sep/2022:08:35:53 -0500] "POST /sipse/faces/presentacion/proyectos/proyecto/listarProyecto.xhtml HTTP/1.1" 200 4954
172.22.2.4 - - [21/Sep/2022:08:35:55 -0500] "GET /BLA/boletinlegal/consulta_actos.php?tipo=autos&no=3678&usuario=&sector=&fecha=2022&resuelve= HTTP/1.1" 200 1069
201.245.192.253 - - [21/Sep/2022:08:36:08 -0500] "POST /sipse/faces/presentacion/proyectos/proyecto/listarProyecto.xhtml HTTP/1.1" 200 4958
201.245.192.253 - - [21/Sep/2022:08:36:10 -0500] "POST /sipse/faces/presentacion/proyectos/proyecto/listarProyecto.xhtml HTTP/1.1" 200 2221
172.22.2.4 - - [21/Sep/2022:08:34:33 -0500] "HEAD /BLA/boletinlegal/ HTTP/1.1" 200 -
201.245.192.253 - - [21/Sep/2022:08:36:21 -0500] "POST /sipse/faces/presentacion/proyectos/proyecto/listarProyecto.xhtml HTTP/1.1" 200 4916
201.245.192.253 - - [21/Sep/2022:08:36:35 -0500] "POST /sipse/faces/presentacion/proyectos/proyecto/listarProyecto.xhtml HTTP/1.1" 200 4908
172.22.2.4 - - [21/Sep/2022:08:36:37 -0500] "GET /BLA/boletinlegal/consulta_actos.php?tipo=autos&no=3678&usuario=&sector=&fecha=2022&resuelve= HTTP/1.1" 200 1069
201.245.192.253 - - [21/Sep/2022:08:36:38 -0500] "POST /sipse/faces/presentacion/proyectos/proyecto/listarProyecto.xhtml HTTP/1.1" 200 4916
201.245.192.253 - - [21/Sep/2022:08:36:39 -0500] "POST /sipse/faces/presentacion/proyectos/proyecto/listarProyecto.xhtml HTTP/1.1" 200 58360
201.245.192.253 - - [21/Sep/2022:08:36:40 -0500] "POST /sipse/faces/presentacion/proyectos/proyecto/listarProyecto.xhtml HTTP/1.1" 200 58364
201.245.192.253 - - [21/Sep/2022:08:36:41 -0500] "POST /sipse/faces/presentacion/proyectos/proyecto/listarProyecto.xhtml HTTP/1.1" 200 58392
201.245.192.253 - - [21/Sep/2022:08:36:42 -0500] "POST /sipse/faces/presentacion/proyectos/proyecto/listarProyecto.xhtml HTTP/1.1" 200 2225
201.245.192.253 - - [21/Sep/2022:08:36:42 -0500] "POST /sipse/faces/presentacion/proyectos/proyecto/listarProyecto.xhtml HTTP/1.1" 200 2221
172.22.2.4 - - [21/Sep/2022:08:35:23 -0500] "GET /BLA/boletinlegal/ HTTP/1.1" 200 59828
201.245.192.253 - - [21/Sep/2022:08:37:04 -0500] "POST /sipse/faces/presentacion/proyectos/proyecto/listarProyecto.xhtml HTTP/1.1" 200 2225
201.245.192.253 - - [21/Sep/2022:08:37:12 -0500] "POST /sipse/faces/presentacion/proyectos/proyecto/listarProyecto.xhtml HTTP/1.1" 200 2221
201.245.192.253 - - [21/Sep/2022:08:37:13 -0500] "POST /sipse/faces/presentacion/proyectos/proyecto/listarProyecto.xhtml HTTP/1.1" 200 2225
201.245.192.253 - - [21/Sep/2022:08:37:13 -0500] "POST /sipse/faces/presentacion/proyectos/proyecto/listarProyecto.xhtml HTTP/1.1" 200 2221
157.55.39.188 - - [21/Sep/2022:08:37:15 -0500] "GET /BLA/boletinlegal/Directivas/2019/Directiva%20008%20del%2001%20de%20noviembre%20de%202019.pdf HTTP/1.1" 304 -
201.245.192.253 - - [21/Sep/2022:08:37:15 -0500] "POST /sipse/faces/presentacion/proyectos/proyecto/listarProyecto.xhtml HTTP/1.1" 200 58364
201.245.192.253 - - [21/Sep/2022:08:37:18 -0500] "POST /sipse/faces/presentacion/proyectos/proyecto/listarProyecto.xhtml HTTP/1.1" 200 4875
173.252.87.2 - - [21/Sep/2022:08:37:29 -0500] "GET /images/Junio%2002-experiencias-jardines-verticales-sda.jpeg HTTP/1.1" 200 31171
186.102.24.61 - - [21/Sep/2022:08:37:43 -0500] "GET /kwssiamovil/sm/acme/a?s=U2FsdGVkX18T8IcqnfKhgFnacnDtRWeOM/FvSVpfB4JmbnCLfkApH4fwbB7BmjVlzddoMf0BPNF9ePLOc/qK8wb+JU8oaYqWaJj4q6SmF7xbOq7O6izhliUwi5IDgNYvCVexIFwkA9YQx3FmzuORiSLortbn+YpBOQ/ay8+iAiKNA1GnWvWg7Tr7YlvUSrb/gC9r7msaVvDYkGO3Cqx4Tmsm+6K7sGHOoKUpsemXx9kvjvmL+bn5swwihkxnrqP6L45GxUcZDzi4JgLTTdJcTQ==&u=U2FsdGVkX1/NLnmg2DAV3buJwLNIQpcPMEmkxQm+OHVZ+nikfD32acWmMGsLMdP/&y=U2FsdGVkX19NAKvvu6q2yfTmpdauIqk1d53+J0MldBnms40C6sNmoH08xmyarBzi HTTP/1.1" 200 25
186.102.24.61 - - [21/Sep/2022:08:37:43 -0500] "GET /kwssiamovil/sm/acme/a?s=U2FsdGVkX1/9qEsjJwlPHp+/Jm1l555aY1GStQDc/ndV72NVVKLSSrtGDGbxq5s6j1/+EdR9QPAOFexpJiEbGCY5pqy1QbsHAFn2G2sbNpgayq9zLqVEFakOv6g8S2Y+0miFNH1vBC2T+DInHoJ2qzxIjThAZ83wvYZWppPfOGg+6bUL0tTmMfXK5fKR/MLRjujZnGPEnx/3IQAup0fy88GGP6Fn9g87syRe67tHDLGEVMHSUGBKsp40HJo819XPtZUP4cqBXhYTckf55GF2n2U6O+rO+ruWa8lLe0ZlAKJ1Ua1vywLSrVtQox3iy2GFg4qkfatI2LElc1OJ2wsv91VGzVuYzDsicvu8UOlHW4nWCPun9lTO6J3ar1Bn70upDivaTY3kFui88fU0VrpwjvBa7lErml38TDcbe9dzpmD9W/Of+dZn7hdkZ4o0lXJsPNwYoG7rOkAxkbmVwVx8Ct2cdC3GXjqzatmYSTu1aV4MoXDQC9PcGbOxc3E6MMmbech+gEsGzkRJALrG18pOI09Q15vrliaJ8fNk5emLb5tB4Va1ErmLJ1Xm4Gcu8oq9LnYxJ6m43ebeLnd3boWfFVw3laQR6Bu2LV7PXSygzH3SeZwi4weCOi2sFHgdQ2IEelkplLWd790YG+mOJB0W+m+i9n4JUKHpLhmIxI8CL2YjlakYblFp8cwYC9RgVFxH+W5Dqd5vjzQ45Y0kO5G089kKF1IBlGu3vDL0d6rcvnvJ2ZpRQH8LFjxcWEKRNLAFbYxOHtmqe8NZ/atVEFC8jbFAvgDRoLNdVbjcQyjB5dij4DGytDKSTMokt0htdsZP7wO2a4wbtzWnebG3xuYJzWBJeUkiX741M8WsD0LCKcfz1lI0xBcrTPVPlOyCdch64B0vb0ZDu8cfBahnKeJ1aCCezEeVUtylNI+iYs8xhlZ+m9RE3rxKCjGA28hIa0dBc0cdyePjrEit1HmaA9T3d0Pblf8tM8of1VNB+ecAayF7dwgxr1qcCf+JjNAxez1axefxfM4kf9BjmdUj1DKskhkq54M0/pwksDFDo6Jx3qgqHLrrMerpAI2nQvTa4ODMwULsvoAJRuQr0P7lez3Ln8stJoLfZ3/nc1UGW6AsFNXYefDUqr+5Ep3w0xFsJ83MODB/TS6xQdLSAKeJENNf+GBTB/4bXxOWz9hOUPJB7BRqSyvhSP+ZzgWYjhFoZuV726ci89EPAZWWgf/oT8FMXo9nLVmGe+i7mUqRPhpN1zngL1VcRA07aggMy14NIYtsdK7RCzu7ywY/WlPrGqx+vjpV0G0W1rHHQ2jvql1ocJMeOWIakVC6QGZXPyJIMMP1zojc5G0/LTPn6NWFdwkCDM0NKBmQnqUkqdrdXhVrRweo09bBoqMKLLHEkGFzo3xZhPC3mPyiDoNM1gXgPfGRP9tQVs9eBw7XK5rUbgTvIOLzC1IhzNQSv1W0hSKjX9ypCb6xRlBjwHQVqwAC5/F1zrzktk1DgH/B1DWie5vEIoevFQkVWp5wIp+A4tU0Pb7xX8w+Yn9nOcVqtQn80F5RKDABw3YK/wcqJFYKravRgzG0YanRocou1R0YBN2JpLEkQmPzmkM6wGBX+xIG02gnO9lk3LItRCdB/ZKjRPWiZutWlkA9yqe7ECtbrWWoMnihy69+W+vRgs0g6VtOJZnfy5cNRxCUopfvlG6W5wBPauHqBpRx8AFDqU+XxQUUf7UQ6q5qpeiFxP7Iw4trwQa6p2ut4aOHcAqETFO4Qphf1652aAYJmWB0LLSctYMsnhpCn3iAh+eg54uUB1pVuvjwjZyoUpO7cIhLesDsfCaCpK20qYHClg5s/dDNlUl672sKyZXAo0aOgM18X9G3o3bMIdA3fpaKly+AaT9rr+jIzv0ka80Gvo2OoPu6Dz/3K5/ERJbcZca22eEDJ7ctl1bvvN9Wv1nRpY5mPi7ezn3tfb+hp4Yf1ISjLVAZoX1jM7GFaR9i8Y3jq+qkKk84lrnzMqXRZz7q20RyKXzhPJtEoXPXL6sj1qtwVvO79qPbNjuq8in90ZMIoFA7+yVISyT0Kst75yyRHSDebwEs9vrWV8OOTa7W9gGZ7cCWGx1Vwbr223BB5Hsag0o/aXtpjnpM5wppVxrBjBXKHhPhN36GObKEAtiNrB2TdM72couaWR4Qx0Rl4iyNcEee6LuGujrp9hkrSlgTGEveJKV7lyj+rKqEMiuhOzavBIqf+tEG2Lnc+1iQwgdLZS+BPkwMeJAf0IQwyIviyaYONdUVOg/xHV6wJj6fo6VBp60KMsbVj0u2N4jYgo+mI5vISugYyV+AAbdBVejii855Ct8zAHLtaxipDYzkdJBN96ffJqEfDiGftHy0I4ZTz1Ns8OfFK+fwa7GGSq70VcaQAVErk9UTR1DPtH33NZITgT/yIAzh8tFGdnxifgqCA3EbbHAbuoQXvMDUTcbKlw3wuwIPhX+CoQO9XabvWsG2x+jGLIhU4RqYy1SQj8/oVuiyfA84iujJ1djp8tZwm9GpIRu1xqXzRJLfNSe+oqxvHhkMNczYX9yy62jbSLpDJruh2quJbqofCACGvvZSIcxBmn467Uh/BRJ6h5ZbURtNXl92Rh0Y1rvkVMAhpECkGBRLTY3f2tokg6BFNrjZ/Ou+qwHFQ6ItEhre5P7fSYbVmBVAWVw68uWIzjCssJGUzEJSnGOT/NQc9EkZb540gpZCX229rSpVBcFZWBYiJZ8uRI7NaryxT4SHuFf3tzLJIin6YYmDBNyk85VA7yurqBPk/L3sQj7GgX2NcUlxZPvXkWih2UeGwQhVmUAYDdDSoL6McdARHUAEBJFmgQ4lf3ApqUxxpnkZQlqAf6h6Hf+MTxKSBjWbEAQl&u=U2FsdGVkX1/NLnmg2DAV3buJwLNIQpcPMEmkxQm+OHVZ+nikfD32acWmMGsLMdP/&y=U2FsdGVkX19NAKvvu6q2yfTmpdauIqk1d53+J0MldBnms40C6sNmoH08xmyarBzi HTTP/1.1" 200 25
186.102.24.61 - - [21/Sep/2022:08:37:44 -0500] "GET /kwssiamovil/sm/acme/a?s=U2FsdGVkX1+Zp2nlhuY04IerxSneMOpkthkj6FSSFVN4pniXEbyxw9+PYaJxM0jonx6bph5Brmbn1hNgvNYgTAEne020JAR7weGB6Ngty+7Mk/H2SEvX27OAeeZchIgdZqSp9MyEZ3wv+jUcr895q/11D1gJz5MNZ0fKcUprLr8=&u=U2FsdGVkX1/NLnmg2DAV3buJwLNIQpcPMEmkxQm+OHVZ+nikfD32acWmMGsLMdP/&y=U2FsdGVkX19NAKvvu6q2yfTmpdauIqk1d53+J0MldBnms40C6sNmoH08xmyarBzi HTTP/1.1" 200 25
186.102.24.61 - - [21/Sep/2022:08:37:44 -0500] "GET /kwssiamovil/sm/acme/a?s=U2FsdGVkX19DdcRmonS8pOEGEp4jGPn2WjMPH43Bm5mLdMMMrk4T1/1fOY64EN1kMyOZGenDks8dvQaJBnwTyNDK7vBSliu5FR2bH3Ilab9EqwCIMucy4IgDk5py86u1vs+mIy/JXg8JQiRR1NjKlALU7tNDqcBBYMlxoEbEcz0=&u=U2FsdGVkX1/NLnmg2DAV3buJwLNIQpcPMEmkxQm+OHVZ+nikfD32acWmMGsLMdP/&y=U2FsdGVkX19NAKvvu6q2yfTmpdauIqk1d53+J0MldBnms40C6sNmoH08xmyarBzi HTTP/1.1" 200 25
186.102.24.61 - - [21/Sep/2022:08:37:44 -0500] "GET /kwssiamovil/sm/acme/a?s=U2FsdGVkX18ebWdjzHamvLQk0qhgn8RSZrJPv8sWU5WTHUYi1qYJ861/+927gy9SfT9nlwJQjaG0LRg73SVlOotMqIB/8tmclH+QxaW8vQX55xU9mMw96G6nNek0gTOuK2i2nvrvjyEIfgelYaadItCg6Xm9iPXxPr+pAr6Gh4Q=&u=U2FsdGVkX1/NLnmg2DAV3buJwLNIQpcPMEmkxQm+OHVZ+nikfD32acWmMGsLMdP/&y=U2FsdGVkX19NAKvvu6q2yfTmpdauIqk1d53+J0MldBnms40C6sNmoH08xmyarBzi HTTP/1.1" 200 25
186.102.24.61 - - [21/Sep/2022:08:37:44 -0500] "GET /kwssiamovil/sm/acme/a?s=U2FsdGVkX1+EF4PzEC65ezVxY24j5Bgjtv+Ab40Fv3UKU4cVrTmzTeuN0mUwops9UHRKWx1nv6ofAEJlt1gIf2C6sf4kX/jEByW/3byqBxyJhUKPzMLU2Uau5ZrYeAsYM+PGZQMESwCjXHdmE4aElChWq+kNlf8wKBeqZrqzYmNY3Uuwrg52tKYz+I8shlaSYigKNYY6I2SpG5B9ur2zwg==&u=U2FsdGVkX1/NLnmg2DAV3buJwLNIQpcPMEmkxQm+OHVZ+nikfD32acWmMGsLMdP/&y=U2FsdGVkX19NAKvvu6q2yfTmpdauIqk1d53+J0MldBnms40C6sNmoH08xmyarBzi HTTP/1.1" 200 25
186.102.94.188 - - [21/Sep/2022:08:37:52 -0500] "GET /kwssiamovil/sm/ldap/au?x=U2FsdGVkX19/MQtCrQGh4+0uwEI/xsEUT5UJzP2O3udnFw06/azBfcvVrpaxB4uk&y=U2FsdGVkX1/o4YkdXxXM6EXFJ3fd0d7oaGODHk8ENs0= HTTP/1.1" 200 30
186.102.94.188 - - [21/Sep/2022:08:37:53 -0500] "GET /kwssiamovil/sm/acme/s?s=U2FsdGVkX1/toUP+rTCbf0rcgZVClwKqRkCLpWm2TnQ+DIWRYaYZZ7svjEypqPoejsBq8zak3ORHvyDyMOrenN+GhO1QpgBIeiKV7c6gXI4=&u=U2FsdGVkX1+V1e2AXcoB52ZFPR+RkSCZbNXm9W2JDRg=&y=U2FsdGVkX1/o4YkdXxXM6EXFJ3fd0d7oaGODHk8ENs0= HTTP/1.1" 200 97
186.102.94.188 - - [21/Sep/2022:08:37:53 -0500] "GET /kwssiamovil/sm/acme/s?s=U2FsdGVkX19Mkh0NgnbpKZoUUyzeBF85OPaKca2hLaD8vCoZJ7+LFjv+WKmOWJrfNYIg23Cz1mGMSbCJlPQYlw/L5DiGpBlbctfn5yswwUfomDJ/hSXgKszFk2jo4rpCLwhTB/7UbG0NHFCMOARlzuVzcH7oBbbM2xZPwJiHNJuut51w2FNA3CXzONI77RIJ6Fw00rwRxILR+6fg/NbG4Kv74KroDooNbU/Z/73k09IfE5gyX+puU89uVevik6Yd3nT+7bN2ZvzYnijwwYN06VkyHQhgeGWMPTM5+AfQynXLBqRZBhr9sISVIVTIgBMbSBk91VaBY9zo19GaOneq6+25J2b0m90fa62l3YczWhJSF5VXNnbWloVGnOgFKZo5igcbmcxPqvYK8sElR1Z/9+PG7+bYACWx8qQjhGd3vw0ijD/y1OoyTGEOl0jHJ8n81nrA9gZEE4PHOQggLVqVj8jgPFO4wVA6kBQi55SPLPq8TTJsqKZZUdU26sgVnf15aorbbCe6ohW40aYTHXakkVRTx6udsYj3sj/FoHTE6+bhAdYUxR4TJ11DO9GQ9bDo6pi3n2lspHu6q4E/D2rQz3Pq5AVmbGlIjk+pjFrnMnLxvlaRGDP1IyRnfoIuIH8xa0OSGdf6t5rrG45rELPnI45MnWGhlTzoC9hjfRKtJMzkkOBhgLOaUxrLiowtv6hoId6UN1f19+g2PWwZ0fj71iXNXZkgeiIDngUc09Gw+WpjKh309GhxMKknvJwYs0wfwJh6MIj8296sgno5J9gQY6QUzafmrtI0KppKvb+4JjhDNB2lFUZSszqYglln4zDz74xN7XS+PNasjZEjb/Nc6Z15xKDQjnxrfD5oSeV5DQPTKW0LaDyGqIm8XlJOTmHy34EZSYNVqPKgyQDbwId0vv8NFCtbPA2n0rhnN1AMy4I7+7GBcy9L24Ftfg+g7jzldYSut5iFTxNXBtJ3XsQRtzCW2u0J1IsT2WUOiSPpzKiFPTRsO21BtNA1Xq14CEoGhLEAqGs+ljBKr3kReoyu+pQg8xHtq8Avmnmpl6JcyuoMjiGTBTxyL7bfyOy6KFEhumCPC3NTGXezka1MmZAizonbWgPPUsLJvnmY8MMw6L7GlcE8HM0SGcxmxusNU3/g8W1tyWtldJTMyjFY+HokbZNpio3JR8ZM/9jVcM2UGu9JnL+DkLHFfLatziMURPD3G+paDU76lWt06dKoGFIEop2ocG3A3akpdM5kV9PpgCsrNZuLwFQ+BfQUBs9yw5wD33bMGTrmiXx4gpIQu8P/ywpldfnHLhqeELbRgl/TN7Z1kNkKf4Ru0aGA6IWjQUKeP5P9cWs1XxCYFxhjx0KbslONRdpS+LICsvLJ1ixRE8o=&u=U2FsdGVkX1+V1e2AXcoB52ZFPR+RkSCZbNXm9W2JDRg=&y=U2FsdGVkX1/o4YkdXxXM6EXFJ3fd0d7oaGODHk8ENs0= HTTP/1.1" 200 2051
186.102.94.188 - - [21/Sep/2022:08:37:53 -0500] "GET /kwssiamovil/sm/acme/s?s=U2FsdGVkX19b73/RFvHP3xcETaETQjB7Cj+Dia09yRKwMqWsKxUpJWhgIWkZukiBMpwSjuf/CPH10HRrquxJOB+jXHbyIjH0q/F/2D0voKH7RoQiNRpFk+3GuDzhBcIa5V76YzpjC7zTKK4g2L6TTfroFc9qIEqsPmAGhyJW/96P+6FnKOFjBJJyh/9KRpWHRQe4tPpG+D99Dz7XrZy4MJZ/eiSLKByhhUD2JaoXaXxgfCQ7Q5Jvnn1aSJihmrKyE+/KVflbM8O38k7sZZQQ17DHcx78BwwM/3Lp6IP+2Gs=&u=U2FsdGVkX1+V1e2AXcoB52ZFPR+RkSCZbNXm9W2JDRg=&y=U2FsdGVkX1/o4YkdXxXM6EXFJ3fd0d7oaGODHk8ENs0= HTTP/1.1" 200 176
186.102.94.188 - - [21/Sep/2022:08:37:53 -0500] "GET /kwssiamovil/sm/cjson/pre?f=1&x=U2FsdGVkX19/MQtCrQGh4+0uwEI/xsEUT5UJzP2O3udnFw06/azBfcvVrpaxB4uk HTTP/1.1" 200 30992
172.22.2.4 - - [21/Sep/2022:08:38:03 -0500] "GET /BLA/boletinlegal/actos.php HTTP/1.1" 200 9559
172.22.2.4 - - [21/Sep/2022:08:38:03 -0500] "GET /BLA/boletinlegal/styles2.css HTTP/1.1" 200 1838
172.22.2.4 - - [21/Sep/2022:08:38:03 -0500] "GET /BLA/boletinlegal/js/ajax_actos.js HTTP/1.1" 200 1322
172.22.2.4 - - [21/Sep/2022:08:38:03 -0500] "GET /BLA/boletinlegal/niceforms-default.css HTTP/1.1" 200 6694
172.22.2.4 - - [21/Sep/2022:08:38:03 -0500] "GET /BLA/boletinlegal/style.css HTTP/1.1" 200 9406
172.22.2.4 - - [21/Sep/2022:08:38:03 -0500] "GET /BLA/boletinlegal/niceforms.js HTTP/1.1" 200 22876
172.22.2.4 - - [21/Sep/2022:08:38:03 -0500] "GET /BLA/boletinlegal/js/popup.js HTTP/1.1" 200 1270
172.22.2.4 - - [21/Sep/2022:08:38:03 -0500] "GET /BLA/boletinlegal/js/jquery1.js HTTP/1.1" 200 29846
172.22.2.4 - - [21/Sep/2022:08:38:03 -0500] "GET /BLA/boletinlegal/js/lib.js HTTP/1.1" 200 6474
172.22.2.4 - - [21/Sep/2022:08:38:03 -0500] "GET /BLA/boletinlegal/images/cabezote%20BLEGAL.jpg HTTP/1.1" 200 118164
172.22.2.4 - - [21/Sep/2022:08:38:03 -0500] "GET /BLA/boletinlegal/images/subscribe-icon-big.png HTTP/1.1" 200 47702
172.22.2.4 - - [21/Sep/2022:08:38:03 -0500] "GET /BLA/boletinlegal/images/historia.png HTTP/1.1" 200 52775
172.22.2.4 - - [21/Sep/2022:08:38:03 -0500] "GET /BLA/boletinlegal/images/registro-usuarios.png HTTP/1.1" 200 8106
172.22.2.4 - - [21/Sep/2022:08:38:03 -0500] "GET /BLA/boletinlegal/images/green-yellow-blue-pink-th.png HTTP/1.1" 200 7394
172.22.2.4 - - [21/Sep/2022:08:38:03 -0500] "GET /BLA/boletinlegal/images/abajo.png HTTP/1.1" 200 96676
172.22.2.4 - - [21/Sep/2022:08:38:03 -0500] "GET /BLA/boletinlegal/images/icono-email.png HTTP/1.1" 200 5544
172.22.2.4 - - [21/Sep/2022:08:38:03 -0500] "GET /BLA/boletinlegal/images/tel.png HTTP/1.1" 200 14477
172.22.2.4 - - [21/Sep/2022:08:38:03 -0500] "GET /BLA/boletinlegal/images/body_bg.jpg HTTP/1.1" 200 1601
172.22.2.4 - - [21/Sep/2022:08:38:03 -0500] "GET /BLA/boletinlegal/images/menu_rght.gif HTTP/1.1" 200 1627
172.22.2.4 - - [21/Sep/2022:08:38:03 -0500] "GET /BLA/boletinlegal/images/menu_lft.gif HTTP/1.1" 200 1713
172.22.2.4 - - [21/Sep/2022:08:38:03 -0500] "GET /BLA/boletinlegal/images/bg_top.jpg HTTP/1.1" 200 522
172.22.2.4 - - [21/Sep/2022:08:38:03 -0500] "GET /BLA/boletinlegal/images/menu_bg.jpg HTTP/1.1" 200 620
172.22.2.4 - - [21/Sep/2022:08:38:03 -0500] "GET /BLA/boletinlegal/images/hover.jpg HTTP/1.1" 200 640
172.22.2.4 - - [21/Sep/2022:08:38:03 -0500] "GET /BLA/boletinlegal/images/footer_bg.jpg HTTP/1.1" 200 586
172.22.2.4 - - [21/Sep/2022:08:38:03 -0500] "GET /BLA/boletinlegal/images/text.jpg HTTP/1.1" 200 568
172.22.2.4 - - [21/Sep/2022:08:38:03 -0500] "GET /BLA/boletinlegal/images/footer_bg_l.jpg HTTP/1.1" 200 776
172.22.2.4 - - [21/Sep/2022:08:38:04 -0500] "GET /BLA/boletinlegal/img/select-left.png HTTP/1.1" 200 263
172.22.2.4 - - [21/Sep/2022:08:38:04 -0500] "GET /BLA/boletinlegal/img/select-right.png HTTP/1.1" 200 44019
172.22.2.4 - - [21/Sep/2022:08:38:04 -0500] "GET /BLA/boletinlegal/img/button.png HTTP/1.1" 200 43241
172.22.2.4 - - [21/Sep/2022:08:38:04 -0500] "GET /BLA/boletinlegal/img/0.png HTTP/1.1" 200 110
172.22.2.4 - - [21/Sep/2022:08:38:04 -0500] "GET /BLA/boletinlegal/img/button-left.png HTTP/1.1" 200 57071
172.22.2.4 - - [21/Sep/2022:08:38:04 -0500] "GET /BLA/boletinlegal/img/button-right.png HTTP/1.1" 200 57878
172.22.2.4 - - [21/Sep/2022:08:38:04 -0500] "GET /BLA/boletinlegal/favicon.ico HTTP/1.1" 404 1326
201.245.192.253 - - [21/Sep/2022:08:38:26 -0500] "POST /sipse/faces/presentacion/proyectos/proyecto/listarProyecto.xhtml HTTP/1.1" 200 4879
201.245.192.253 - - [21/Sep/2022:08:38:30 -0500] "POST /sipse/faces/presentacion/proyectos/proyecto/listarProyecto.xhtml HTTP/1.1" 200 58360
201.245.192.253 - - [21/Sep/2022:08:38:33 -0500] "POST /sipse/faces/presentacion/proyectos/proyecto/listarProyecto.xhtml HTTP/1.1" 200 58364
201.245.192.253 - - [21/Sep/2022:08:38:34 -0500] "POST /sipse/faces/presentacion/proyectos/proyecto/listarProyecto.xhtml HTTP/1.1" 200 2337
201.245.192.253 - - [21/Sep/2022:08:38:36 -0500] "POST /sipse/faces/presentacion/proyectos/proyecto/listarProyecto.xhtml HTTP/1.1" 200 4972
201.245.192.253 - - [21/Sep/2022:08:38:36 -0500] "POST /sipse/faces/presentacion/proyectos/proyecto/listarProyecto.xhtml HTTP/1.1" 200 4968
201.245.192.253 - - [21/Sep/2022:08:38:50 -0500] "POST /sipse/faces/presentacion/proyectos/proyecto/listarProyecto.xhtml HTTP/1.1" 200 4972
201.245.192.253 - - [21/Sep/2022:08:38:52 -0500] "POST /sipse/faces/presentacion/proyectos/proyecto/listarProyecto.xhtml HTTP/1.1" 200 4968
186.112.16.223 - - [21/Sep/2022:08:38:52 -0500] "POST /sipse/faces/autenticacion.xhtml HTTP/1.1" 200 2220
186.112.16.223 - - [21/Sep/2022:08:38:53 -0500] "GET /sipse/faces/javax.faces.resource/messages/messages.png?ln=primefaces&v=4.0 HTTP/1.1" 304 -
201.245.192.253 - - [21/Sep/2022:08:38:53 -0500] "POST /sipse/faces/presentacion/proyectos/proyecto/listarProyecto.xhtml HTTP/1.1" 200 58364
186.112.16.223 - - [21/Sep/2022:08:38:53 -0500] "POST /sipse/faces/autenticacion.xhtml HTTP/1.1" 200 2224
186.112.16.223 - - [21/Sep/2022:08:38:53 -0500] "POST /sipse/faces/autenticacion.xhtml HTTP/1.1" 200 2228
186.112.16.223 - - [21/Sep/2022:08:38:53 -0500] "POST /sipse/faces/autenticacion.xhtml HTTP/1.1" 200 2228
186.112.16.223 - - [21/Sep/2022:08:38:54 -0500] "POST /sipse/faces/autenticacion.xhtml HTTP/1.1" 200 2228
201.245.192.253 - - [21/Sep/2022:08:38:54 -0500] "POST /sipse/faces/presentacion/proyectos/proyecto/listarProyecto.xhtml HTTP/1.1" 200 2381
186.112.16.223 - - [21/Sep/2022:08:38:54 -0500] "POST /sipse/faces/autenticacion.xhtml HTTP/1.1" 200 16263
186.112.16.223 - - [21/Sep/2022:08:38:55 -0500] "GET /sipse/css/custom_css_sg_prime.css HTTP/1.1" 304 -
186.112.16.223 - - [21/Sep/2022:08:38:55 -0500] "GET /sipse/js/jquery.min.js HTTP/1.1" 304 -
186.112.16.223 - - [21/Sep/2022:08:38:55 -0500] "GET /sipse/faces/javax.faces.resource/theme.css?ln=primefaces-sipse HTTP/1.1" 304 -
186.112.16.223 - - [21/Sep/2022:08:38:55 -0500] "GET /sipse/faces/javax.faces.resource/layout/layout.css?ln=primefaces&v=4.0 HTTP/1.1" 304 -
186.112.16.223 - - [21/Sep/2022:08:38:55 -0500] "GET /sipse/faces/javax.faces.resource/primefaces.css?ln=primefaces&v=4.0 HTTP/1.1" 304 -
186.112.16.223 - - [21/Sep/2022:08:38:55 -0500] "GET /sipse/faces/javax.faces.resource/jquery/jquery.js?ln=primefaces&v=4.0 HTTP/1.1" 304 -
186.112.16.223 - - [21/Sep/2022:08:38:56 -0500] "GET /sipse/faces/javax.faces.resource/jquery/jquery-plugins.js?ln=primefaces&v=4.0 HTTP/1.1" 304 -
186.112.16.223 - - [21/Sep/2022:08:38:56 -0500] "GET /sipse/faces/javax.faces.resource/primefaces.js?ln=primefaces&v=4.0 HTTP/1.1" 304 -
186.112.16.223 - - [21/Sep/2022:08:38:56 -0500] "GET /sipse/faces/javax.faces.resource/layout/layout.js?ln=primefaces&v=4.0 HTTP/1.1" 304 -
186.112.16.223 - - [21/Sep/2022:08:38:56 -0500] "GET /sipse/imagenes/cargando.gif HTTP/1.1" 304 -
186.112.16.223 - - [21/Sep/2022:08:38:56 -0500] "GET /sipse/imagenes/logoAplicacion.jpg HTTP/1.1" 304 -
186.112.16.223 - - [21/Sep/2022:08:38:56 -0500] "GET /sipse/css/imagen/contrasena.png HTTP/1.1" 404 383
201.245.192.253 - - [21/Sep/2022:08:38:56 -0500] "POST /sipse/faces/presentacion/proyectos/proyecto/listarProyecto.xhtml HTTP/1.1" 200 2389
201.245.192.253 - - [21/Sep/2022:08:38:57 -0500] "POST /sipse/faces/presentacion/proyectos/proyecto/listarProyecto.xhtml HTTP/1.1" 200 58360
201.245.192.253 - - [21/Sep/2022:08:38:57 -0500] "POST /sipse/faces/presentacion/proyectos/proyecto/listarProyecto.xhtml HTTP/1.1" 200 58364
201.245.192.253 - - [21/Sep/2022:08:38:59 -0500] "POST /sipse/faces/presentacion/proyectos/proyecto/listarProyecto.xhtml HTTP/1.1" 200 2381
186.112.16.223 - - [21/Sep/2022:08:38:59 -0500] "GET /sipse/faces/javax.faces.resource/images/ui-bg_flat_0_2d5972_40x100.png?ln=primefaces-aristo HTTP/1.1" 304 -
186.112.16.223 - - [21/Sep/2022:08:38:59 -0500] "POST /sipse/faces/bienvenido.xhtml HTTP/1.1" 200 2658
201.245.192.253 - - [21/Sep/2022:08:39:01 -0500] "POST /sipse/faces/presentacion/proyectos/proyecto/listarProyecto.xhtml HTTP/1.1" 200 58364
186.112.16.223 - - [21/Sep/2022:08:39:00 -0500] "POST /sipse/faces/bienvenido.xhtml HTTP/1.1" 200 66004
186.112.16.223 - - [21/Sep/2022:08:39:02 -0500] "GET /sipse/faces/javax.faces.resource/theme.css?ln=primefaces-sipse HTTP/1.1" 304 -
186.112.16.223 - - [21/Sep/2022:08:39:02 -0500] "GET /sipse/faces/javax.faces.resource/primefaces.css?ln=primefaces&v=4.0 HTTP/1.1" 304 -
186.112.16.223 - - [21/Sep/2022:08:39:02 -0500] "GET /sipse/faces/javax.faces.resource/layout/layout.css?ln=primefaces&v=4.0 HTTP/1.1" 304 -
186.112.16.223 - - [21/Sep/2022:08:39:02 -0500] "GET /sipse/faces/javax.faces.resource/jquery/jquery.js?ln=primefaces&v=4.0 HTTP/1.1" 304 -
186.112.16.223 - - [21/Sep/2022:08:39:02 -0500] "GET /sipse/faces/javax.faces.resource/jquery/jquery-plugins.js?ln=primefaces&v=4.0 HTTP/1.1" 304 -
186.112.16.223 - - [21/Sep/2022:08:39:02 -0500] "GET /sipse/faces/javax.faces.resource/primefaces.js?ln=primefaces&v=4.0 HTTP/1.1" 304 -
186.112.16.223 - - [21/Sep/2022:08:39:02 -0500] "GET /sipse/faces/javax.faces.resource/layout/layout.js?ln=primefaces&v=4.0 HTTP/1.1" 304 -
186.112.16.223 - - [21/Sep/2022:08:39:03 -0500] "POST /sipse/faces/presentacion/financiero/solicitudProceso/listarSolicitudProceso.xhtml HTTP/1.1" 200 1544
201.245.192.253 - - [21/Sep/2022:08:39:10 -0500] "POST /sipse/faces/presentacion/proyectos/proyecto/listarProyecto.xhtml HTTP/1.1" 200 58360
186.112.16.223 - - [21/Sep/2022:08:39:10 -0500] "POST /sipse/faces/presentacion/financiero/solicitudProceso/listarSolicitudProceso.xhtml HTTP/1.1" 200 41246
186.112.16.223 - - [21/Sep/2022:08:39:11 -0500] "POST /sipse/faces/presentacion/financiero/solicitudProceso/listarSolicitudProceso.xhtml HTTP/1.1" 200 41242
201.245.192.253 - - [21/Sep/2022:08:39:12 -0500] "POST /sipse/faces/presentacion/proyectos/proyecto/listarProyecto.xhtml HTTP/1.1" 200 2229
201.245.192.253 - - [21/Sep/2022:08:39:12 -0500] "POST /sipse/faces/presentacion/financiero/solicitudProceso/consultarSolicitudProceso.xhtml HTTP/1.1" 200 30833
201.245.192.253 - - [21/Sep/2022:08:39:12 -0500] "GET /sipse/faces/javax.faces.resource/theme.css?ln=primefaces-sipse HTTP/1.1" 304 -
201.245.192.253 - - [21/Sep/2022:08:39:12 -0500] "GET /sipse/faces/javax.faces.resource/primefaces.css?ln=primefaces&v=4.0 HTTP/1.1" 304 -
201.245.192.253 - - [21/Sep/2022:08:39:12 -0500] "GET /sipse/faces/javax.faces.resource/jquery/jquery-plugins.js?ln=primefaces&v=4.0 HTTP/1.1" 304 -
201.245.192.253 - - [21/Sep/2022:08:39:12 -0500] "GET /sipse/faces/javax.faces.resource/jquery/jquery.js?ln=primefaces&v=4.0 HTTP/1.1" 304 -
201.245.192.253 - - [21/Sep/2022:08:39:12 -0500] "GET /sipse/faces/javax.faces.resource/primefaces.js?ln=primefaces&v=4.0 HTTP/1.1" 304 -
201.245.192.253 - - [21/Sep/2022:08:39:12 -0500] "GET /sipse/faces/javax.faces.resource/layout/layout.css?ln=primefaces&v=4.0 HTTP/1.1" 304 -
201.245.192.253 - - [21/Sep/2022:08:39:12 -0500] "GET /sipse/faces/javax.faces.resource/layout/layout.js?ln=primefaces&v=4.0 HTTP/1.1" 304 -
201.245.192.253 - - [21/Sep/2022:08:39:12 -0500] "GET /sipse/faces/javax.faces.resource/images/ui-icons_898989_256x240.png?ln=primefaces-aristo HTTP/1.1" 304 -
201.245.192.253 - - [21/Sep/2022:08:39:14 -0500] "POST /sipse/faces/presentacion/proyectos/proyecto/listarProyecto.xhtml HTTP/1.1" 200 58360
201.245.192.253 - - [21/Sep/2022:08:39:14 -0500] "POST /sipse/faces/presentacion/financiero/solicitudProceso/consultarHistorialSolProceso.xhtml HTTP/1.1" 200 161007
201.245.192.253 - - [21/Sep/2022:08:39:15 -0500] "GET /sipse/faces/javax.faces.resource/theme.css?ln=primefaces-sipse HTTP/1.1" 304 -
201.245.192.253 - - [21/Sep/2022:08:39:15 -0500] "GET /sipse/faces/javax.faces.resource/primefaces.css?ln=primefaces&v=4.0 HTTP/1.1" 304 -
201.245.192.253 - - [21/Sep/2022:08:39:15 -0500] "GET /sipse/faces/javax.faces.resource/layout/layout.css?ln=primefaces&v=4.0 HTTP/1.1" 304 -
201.245.192.253 - - [21/Sep/2022:08:39:15 -0500] "GET /sipse/faces/javax.faces.resource/jquery/jquery.js?ln=primefaces&v=4.0 HTTP/1.1" 304 -
201.245.192.253 - - [21/Sep/2022:08:39:15 -0500] "GET /sipse/faces/javax.faces.resource/jquery/jquery-plugins.js?ln=primefaces&v=4.0 HTTP/1.1" 304 -
201.245.192.253 - - [21/Sep/2022:08:39:15 -0500] "GET /sipse/faces/javax.faces.resource/primefaces.js?ln=primefaces&v=4.0 HTTP/1.1" 304 -
201.245.192.253 - - [21/Sep/2022:08:39:15 -0500] "GET /sipse/faces/javax.faces.resource/layout/layout.js?ln=primefaces&v=4.0 HTTP/1.1" 304 -
201.245.192.253 - - [21/Sep/2022:08:39:15 -0500] "GET /sipse/faces/javax.faces.resource/images/ui-icons_898989_256x240.png?ln=primefaces-aristo HTTP/1.1" 304 -
172.22.2.4 - - [21/Sep/2022:08:39:18 -0500] "GET /BLA/boletinlegal/consulta_actos.php?tipo=autos&no=3600&usuario=&sector=&fecha=2022&resuelve= HTTP/1.1" 200 1068
201.245.192.253 - - [21/Sep/2022:08:39:20 -0500] "GET /sipse/faces/javax.faces.resource/images/ui-bg_flat_0_2d5972_40x100.png?ln=primefaces-aristo HTTP/1.1" 304 -
201.245.192.253 - - [21/Sep/2022:08:39:20 -0500] "POST /sipse/faces/presentacion/financiero/solicitudProceso/consultarSolicitudProceso.xhtml HTTP/1.1" 200 5463
177.155.134.1 - - [21/Sep/2022:08:39:21 -0500] "GET / HTTP/1.1" 200 319
201.245.192.253 - - [21/Sep/2022:08:39:24 -0500] "POST /kwsrmcab/Wsrmcab HTTP/1.1" 200 42337
201.245.192.253 - - [21/Sep/2022:08:39:28 -0500] "POST /kwsrmcab/Wsrmcab HTTP/1.1" 200 42495
186.112.16.223 - - [21/Sep/2022:08:39:31 -0500] "POST /sipse/faces/presentacion/financiero/solicitudProceso/listarSolicitudProceso.xhtml HTTP/1.1" 200 41347
186.112.16.223 - - [21/Sep/2022:08:39:33 -0500] "POST /sipse/faces/presentacion/financiero/solicitudProceso/listarSolicitudProceso.xhtml HTTP/1.1" 200 19944
186.112.16.223 - - [21/Sep/2022:08:39:33 -0500] "POST /sipse/faces/presentacion/financiero/solicitudProceso/listarSolicitudProceso.xhtml HTTP/1.1" 200 19948
186.112.16.223 - - [21/Sep/2022:08:39:35 -0500] "POST /sipse/faces/presentacion/financiero/solicitudProceso/listarSolicitudProceso.xhtml HTTP/1.1" 200 13876
186.112.16.223 - - [21/Sep/2022:08:39:40 -0500] "POST /sipse/faces/presentacion/financiero/solicitudProceso/listarSolicitudProceso.xhtml HTTP/1.1" 200 130363
186.112.16.223 - - [21/Sep/2022:08:39:41 -0500] "GET /sipse/faces/javax.faces.resource/theme.css?ln=primefaces-sipse HTTP/1.1" 304 -
186.112.16.223 - - [21/Sep/2022:08:39:41 -0500] "GET /sipse/faces/javax.faces.resource/primefaces.css?ln=primefaces&v=4.0 HTTP/1.1" 304 -
186.112.16.223 - - [21/Sep/2022:08:39:41 -0500] "GET /sipse/faces/javax.faces.resource/layout/layout.css?ln=primefaces&v=4.0 HTTP/1.1" 304 -
186.112.16.223 - - [21/Sep/2022:08:39:41 -0500] "GET /sipse/faces/javax.faces.resource/jquery/jquery.js?ln=primefaces&v=4.0 HTTP/1.1" 304 -
186.112.16.223 - - [21/Sep/2022:08:39:41 -0500] "GET /sipse/faces/javax.faces.resource/jquery/jquery-plugins.js?ln=primefaces&v=4.0 HTTP/1.1" 304 -
186.112.16.223 - - [21/Sep/2022:08:39:41 -0500] "GET /sipse/faces/javax.faces.resource/primefaces.js?ln=primefaces&v=4.0 HTTP/1.1" 304 -
186.112.16.223 - - [21/Sep/2022:08:39:41 -0500] "GET /sipse/faces/javax.faces.resource/layout/layout.js?ln=primefaces&v=4.0 HTTP/1.1" 304 -
172.22.2.4 - - [21/Sep/2022:08:39:44 -0500] "GET /BLA/boletinlegal/consulta_actos.php?tipo=resoluciones&no=2396&usuario=&sector=&fecha=2019&resuelve= HTTP/1.1" 200 626
172.22.2.4 - - [21/Sep/2022:08:39:48 -0500] "GET /BLA/boletinlegal/consulta_actos.php?tipo=resoluciones&no=2396&usuario=&sector=&fecha=2019&resuelve= HTTP/1.1" 200 626
201.245.192.253 - - [21/Sep/2022:08:39:48 -0500] "POST /kwsrmcab/Wsrmcab  HTTP/1.1" 200 37989
172.22.2.4 - - [21/Sep/2022:08:39:52 -0500] "GET /BLA/boletinlegal/consulta_actos.php?tipo=resoluciones&no=2396&usuario=&sector=&fecha=2018&resuelve= HTTP/1.1" 200 1390
172.22.2.4 - - [21/Sep/2022:08:39:52 -0500] "GET /BLA/boletinlegal/images/pdf.gif HTTP/1.1" 200 567
186.112.16.223 - - [21/Sep/2022:08:39:55 -0500] "POST /sipse/faces/presentacion/financiero/solicitudProceso/consultarSolicitudProceso.xhtml HTTP/1.1" 200 29321
186.112.16.223 - - [21/Sep/2022:08:39:55 -0500] "GET /sipse/faces/javax.faces.resource/theme.css?ln=primefaces-sipse HTTP/1.1" 304 -
186.112.16.223 - - [21/Sep/2022:08:39:55 -0500] "GET /sipse/faces/javax.faces.resource/primefaces.css?ln=primefaces&v=4.0 HTTP/1.1" 304 -
186.112.16.223 - - [21/Sep/2022:08:39:55 -0500] "GET /sipse/faces/javax.faces.resource/layout/layout.css?ln=primefaces&v=4.0 HTTP/1.1" 304 -
186.112.16.223 - - [21/Sep/2022:08:39:55 -0500] "GET /sipse/faces/javax.faces.resource/jquery/jquery.js?ln=primefaces&v=4.0 HTTP/1.1" 304 -
186.112.16.223 - - [21/Sep/2022:08:39:55 -0500] "GET /sipse/faces/javax.faces.resource/jquery/jquery-plugins.js?ln=primefaces&v=4.0 HTTP/1.1" 304 -
186.112.16.223 - - [21/Sep/2022:08:39:55 -0500] "GET /sipse/faces/javax.faces.resource/primefaces.js?ln=primefaces&v=4.0 HTTP/1.1" 304 -
186.112.16.223 - - [21/Sep/2022:08:39:55 -0500] "GET /sipse/faces/javax.faces.resource/layout/layout.js?ln=primefaces&v=4.0 HTTP/1.1" 304 -
172.22.2.4 - - [21/Sep/2022:08:40:05 -0500] "GET /BLA/boletinlegal/consulta_actos.php?tipo=resoluciones&no=2396&usuario=&sector=&fecha=2019&resuelve= HTTP/1.1" 200 626
201.245.192.253 - - [21/Sep/2022:08:40:08 -0500] "POST /sipse/faces/presentacion/financiero/solicitudProceso/consultarSolicitudProceso.xhtml HTTP/1.1" 200 5481
201.245.192.253 - - [21/Sep/2022:08:40:08 -0500] "GET /sipse/faces/javax.faces.resource/dynamiccontent.properties?ln=primefaces&pfdrid=XjOR5%2F%2FfPAZAuY9TpWQeCiM0BhlXxYRBGKi%2FQcXXfeA%3D&pfdrid_c=false HTTP/1.1" 200 165402
216.245.221.92 - - [21/Sep/2022:08:40:17 -0500] "HEAD / HTTP/1.1" 200 -
201.245.192.253 - - [21/Sep/2022:08:40:22 -0500] "POST /sipse/faces/presentacion/financiero/solicitudProceso/consultarSolicitudProceso.xhtml HTTP/1.1" 200 26617
201.245.192.253 - - [21/Sep/2022:08:40:23 -0500] "GET /sipse/faces/javax.faces.resource/theme.css?ln=primefaces-sipse HTTP/1.1" 304 -
201.245.192.253 - - [21/Sep/2022:08:40:23 -0500] "GET /sipse/faces/javax.faces.resource/primefaces.js?ln=primefaces&v=4.0 HTTP/1.1" 304 -
201.245.192.253 - - [21/Sep/2022:08:40:23 -0500] "GET /sipse/faces/javax.faces.resource/jquery/jquery-plugins.js?ln=primefaces&v=4.0 HTTP/1.1" 304 -
201.245.192.253 - - [21/Sep/2022:08:40:23 -0500] "GET /sipse/faces/javax.faces.resource/primefaces.css?ln=primefaces&v=4.0 HTTP/1.1" 304 -
201.245.192.253 - - [21/Sep/2022:08:40:23 -0500] "GET /sipse/faces/javax.faces.resource/jquery/jquery.js?ln=primefaces&v=4.0 HTTP/1.1" 304 -
201.245.192.253 - - [21/Sep/2022:08:40:23 -0500] "GET /sipse/faces/javax.faces.resource/layout/layout.css?ln=primefaces&v=4.0 HTTP/1.1" 304 -
201.245.192.253 - - [21/Sep/2022:08:40:23 -0500] "GET /sipse/faces/javax.faces.resource/layout/layout.js?ln=primefaces&v=4.0 HTTP/1.1" 304 -
201.245.192.253 - - [21/Sep/2022:08:40:23 -0500] "GET /sipse/faces/javax.faces.resource/images/ui-icons_898989_256x240.png?ln=primefaces-aristo HTTP/1.1" 304 -
201.245.192.253 - - [21/Sep/2022:08:40:34 -0500] "GET /sipse/faces/javax.faces.resource/images/ui-bg_flat_0_2d5972_40x100.png?ln=primefaces-aristo HTTP/1.1" 304 -
201.245.192.253 - - [21/Sep/2022:08:40:34 -0500] "POST /sipse/faces/presentacion/financiero/solicitudProceso/registrarAnotacion.xhtml HTTP/1.1" 200 115763
201.245.192.253 - - [21/Sep/2022:08:40:35 -0500] "GET /sipse/faces/javax.faces.resource/jquery/jquery.js?ln=primefaces&v=4.0 HTTP/1.1" 304 -
201.245.192.253 - - [21/Sep/2022:08:40:35 -0500] "GET /sipse/faces/javax.faces.resource/jquery/jquery-plugins.js?ln=primefaces&v=4.0 HTTP/1.1" 304 -
201.245.192.253 - - [21/Sep/2022:08:40:35 -0500] "GET /sipse/faces/javax.faces.resource/primefaces.js?ln=primefaces&v=4.0 HTTP/1.1" 304 -
201.245.192.253 - - [21/Sep/2022:08:40:35 -0500] "GET /sipse/faces/javax.faces.resource/layout/layout.js?ln=primefaces&v=4.0 HTTP/1.1" 304 -
201.245.192.253 - - [21/Sep/2022:08:40:35 -0500] "GET /sipse/faces/javax.faces.resource/dynamiccontent.properties?ln=primefaces&pfdrid=XjOR5%2F%2FfPAZAuY9TpWQeCiM0BhlXxYRBGKi%2FQcXXfeA%3D&pfdrid_c=false HTTP/1.1" 500 383
186.112.16.223 - - [21/Sep/2022:08:40:40 -0500] "GET /sipse/faces/javax.faces.resource/theme.css?ln=primefaces-sipse HTTP/1.1" 304 -
186.112.16.223 - - [21/Sep/2022:08:40:40 -0500] "GET /sipse/faces/javax.faces.resource/primefaces.css?ln=primefaces&v=4.0 HTTP/1.1" 304 -
186.112.16.223 - - [21/Sep/2022:08:40:40 -0500] "GET /sipse/faces/javax.faces.resource/layout/layout.css?ln=primefaces&v=4.0 HTTP/1.1" 304 -
186.112.16.223 - - [21/Sep/2022:08:40:40 -0500] "GET /sipse/faces/javax.faces.resource/jquery/jquery.js?ln=primefaces&v=4.0 HTTP/1.1" 304 -
186.112.16.223 - - [21/Sep/2022:08:40:40 -0500] "GET /sipse/faces/javax.faces.resource/jquery/jquery-plugins.js?ln=primefaces&v=4.0 HTTP/1.1" 304 -
186.112.16.223 - - [21/Sep/2022:08:40:40 -0500] "GET /sipse/faces/javax.faces.resource/primefaces.js?ln=primefaces&v=4.0 HTTP/1.1" 304 -
