172.22.2.4 - - [22/Sep/2022:03:31:16 -0500] "GET /BLA/boletinlegal/ HTTP/1.1" 200 55630
216.245.221.92 - - [22/Sep/2022:03:35:14 -0500] "HEAD / HTTP/1.1" 200 -
201.245.192.253 - - [22/Sep/2022:03:36:01 -0500] "POST /kwsrmcab/Wsrmcab  HTTP/1.1" 200 37989
157.55.39.200 - - [22/Sep/2022:03:36:04 -0500] "GET /BLA/resoluciones/RESOLUCIONES%202002/RES%202002%20301-350/00000315.tif HTTP/1.1" 200 136958
172.22.2.4 - - [22/Sep/2022:03:36:16 -0500] "HEAD /BLA/boletinlegal/ HTTP/1.1" 200 -
66.249.73.127 - - [22/Sep/2022:03:38:13 -0500] "-" 408 -
152.89.196.211 - - [22/Sep/2022:03:38:17 -0500] "GET /actuator/gateway/routes HTTP/1.1" 404 1018
157.55.39.202 - - [22/Sep/2022:03:38:36 -0500] "GET /autoliquidacion2020 HTTP/1.1" 301 250
157.55.39.202 - - [22/Sep/2022:03:38:36 -0500] "GET /autoliquidacion2020/ HTTP/1.1" 200 6146
172.22.2.4 - - [22/Sep/2022:03:37:07 -0500] "GET /BLA/boletinlegal/ HTTP/1.1" 200 53290
201.245.192.253 - - [22/Sep/2022:03:39:20 -0500] "POST /kwsrmcab/Wsrmcab HTTP/1.1" 200 41985
201.245.192.253 - - [22/Sep/2022:03:39:24 -0500] "POST /kwsrmcab/Wsrmcab HTTP/1.1" 200 43565
172.22.2.4 - - [22/Sep/2022:03:39:32 -0500] "GET /BLA/boletinlegal/robots.txt HTTP/1.1" 404 1038
172.22.2.4 - - [22/Sep/2022:03:39:34 -0500] "GET /BLA/boletinlegal/jurisprudencia.php HTTP/1.1" 200 17573
216.245.221.92 - - [22/Sep/2022:03:40:14 -0500] "HEAD / HTTP/1.1" 200 -
172.22.2.4 - - [22/Sep/2022:03:40:41 -0500] "GET /BLA/boletinlegal/jurisprudencia/analisis/AnalisisT-606-15.docx HTTP/1.1" 200 26698
172.22.2.4 - - [22/Sep/2022:03:40:44 -0500] "GET /BLA/boletinlegal/apple-touch-icon-120x120-precomposed.png HTTP/1.1" 404 1140
172.22.2.4 - - [22/Sep/2022:03:40:44 -0500] "GET /BLA/boletinlegal/apple-touch-icon-120x120.png HTTP/1.1" 404 1140
172.22.2.4 - - [22/Sep/2022:03:40:44 -0500] "GET /BLA/boletinlegal/apple-touch-icon-precomposed.png HTTP/1.1" 404 1140
172.22.2.4 - - [22/Sep/2022:03:40:45 -0500] "GET /BLA/boletinlegal/apple-touch-icon.png HTTP/1.1" 404 1140
172.22.2.4 - - [22/Sep/2022:03:40:45 -0500] "GET /BLA/boletinlegal/favicon.ico HTTP/1.1" 404 1140
172.22.2.4 - - [22/Sep/2022:03:40:45 -0500] "GET /BLA/boletinlegal/apple-touch-icon-120x120-precomposed.png HTTP/1.1" 404 1140
172.22.2.4 - - [22/Sep/2022:03:40:45 -0500] "GET /BLA/boletinlegal/apple-touch-icon-120x120.png HTTP/1.1" 404 1140
172.22.2.4 - - [22/Sep/2022:03:40:45 -0500] "GET /BLA/boletinlegal/apple-touch-icon-precomposed.png HTTP/1.1" 404 1140
172.22.2.4 - - [22/Sep/2022:03:40:45 -0500] "GET /BLA/boletinlegal/apple-touch-icon.png HTTP/1.1" 404 1140
172.22.2.4 - - [22/Sep/2022:03:40:45 -0500] "GET /BLA/boletinlegal/favicon.ico HTTP/1.1" 404 1140
201.245.192.253 - - [22/Sep/2022:03:41:00 -0500] "POST /kwsrmcab/Wsrmcab  HTTP/1.1" 200 37989
65.154.226.220 - - [22/Sep/2022:03:42:45 -0500] "GET /portaldeninos/wp-includes/js/wp-emoji-release.min.js?ver=4.9.8 HTTP/1.1" 200 12026
65.154.226.220 - - [22/Sep/2022:03:42:46 -0500] "GET /portaldeninos/wp-content/plugins/google-analytics-for-wordpress/assets/js/frontend-gtag.min.js?ver=8.5.0 HTTP/1.1" 200 11801
65.154.226.220 - - [22/Sep/2022:03:42:47 -0500] "GET /portaldeninos/wp-includes/js/jquery/jquery.js?ver=1.12.4 HTTP/1.1" 200 97184
65.154.226.220 - - [22/Sep/2022:03:42:48 -0500] "GET /portaldeninos/wp-includes/js/jquery/jquery-migrate.min.js?ver=1.4.1 HTTP/1.1" 200 10056
65.154.226.220 - - [22/Sep/2022:03:42:48 -0500] "GET /portaldeninos/wp-includes/js/jquery/ui/core.min.js?ver=1.11.4 HTTP/1.1" 200 4000
65.154.226.220 - - [22/Sep/2022:03:42:48 -0500] "GET /portaldeninos/wp-content/plugins/gallery-videos/JS/modernizr.custom.js?ver=4.9.8 HTTP/1.1" 200 9019
65.154.226.220 - - [22/Sep/2022:03:42:48 -0500] "GET /portaldeninos/wp-content/plugins/gallery-videos/JS/Total-Soft-Gallery-Video-Widget.js?ver=4.9.8 HTTP/1.1" 200 80264
65.154.226.220 - - [22/Sep/2022:03:42:49 -0500] "GET /portaldeninos/wp-includes/js/jquery/ui/widget.min.js?ver=1.11.4 HTTP/1.1" 200 6908
65.154.226.220 - - [22/Sep/2022:03:42:49 -0500] "GET /portaldeninos/wp-includes/js/jquery/ui/mouse.min.js?ver=1.11.4 HTTP/1.1" 200 3148
65.154.226.220 - - [22/Sep/2022:03:42:49 -0500] "GET /portaldeninos/wp-includes/js/jquery/ui/sortable.min.js?ver=1.11.4 HTTP/1.1" 200 24899
65.154.226.220 - - [22/Sep/2022:03:42:50 -0500] "GET /portaldeninos/wp-includes/js/jquery/ui/tabs.min.js?ver=1.11.4 HTTP/1.1" 200 12110
65.154.226.220 - - [22/Sep/2022:03:42:50 -0500] "GET /portaldeninos/wp-includes/js/jquery/ui/accordion.min.js?ver=1.11.4 HTTP/1.1" 200 8584
65.154.226.220 - - [22/Sep/2022:03:42:50 -0500] "GET /portaldeninos/wp-content/themes/betheme/js/plugins.js?ver=20.9.6 HTTP/1.1" 200 197151
65.154.226.220 - - [22/Sep/2022:03:42:52 -0500] "GET /portaldeninos/wp-content/themes/betheme/js/menu.js?ver=20.9.6 HTTP/1.1" 200 2449
65.154.226.220 - - [22/Sep/2022:03:42:52 -0500] "GET /portaldeninos/wp-content/themes/betheme/assets/animations/animations.min.js?ver=20.9.6 HTTP/1.1" 200 1896
65.154.226.220 - - [22/Sep/2022:03:42:52 -0500] "GET /portaldeninos/wp-content/themes/betheme/assets/jplayer/jplayer.min.js?ver=20.9.6 HTTP/1.1" 200 52702
65.154.226.220 - - [22/Sep/2022:03:42:53 -0500] "GET /portaldeninos/wp-content/themes/betheme/js/scripts.js?ver=20.9.6 HTTP/1.1" 200 77162
65.154.226.220 - - [22/Sep/2022:03:42:53 -0500] "GET /portaldeninos/wp-includes/js/wp-embed.min.js?ver=4.9.8 HTTP/1.1" 200 1398
172.22.2.4 - - [22/Sep/2022:03:42:06 -0500] "HEAD /BLA/boletinlegal/ HTTP/1.1" 200 -
66.249.73.127 - - [22/Sep/2022:03:43:53 -0500] "-" 408 -
172.22.2.4 - - [22/Sep/2022:03:42:56 -0500] "GET /BLA/boletinlegal/ HTTP/1.1" 200 58163
216.245.221.92 - - [22/Sep/2022:03:45:14 -0500] "HEAD / HTTP/1.1" 200 -
201.245.192.253 - - [22/Sep/2022:03:45:59 -0500] "POST /kwsrmcab/Wsrmcab  HTTP/1.1" 200 37989
172.22.2.4 - - [22/Sep/2022:03:46:16 -0500] "GET /BLA/boletinlegal/ HTTP/1.1" 200 32715
190.156.185.197 - - [22/Sep/2022:03:48:47 -0500] "GET /BLA/resoluciones/AUTOS%202021/5855.pdf HTTP/1.1" 200 389440
172.22.2.4 - - [22/Sep/2022:03:47:56 -0500] "HEAD /BLA/boletinlegal/ HTTP/1.1" 200 -
66.249.73.127 - - [22/Sep/2022:03:49:43 -0500] "-" 408 -
216.245.221.92 - - [22/Sep/2022:03:50:14 -0500] "HEAD / HTTP/1.1" 200 -
172.22.2.4 - - [22/Sep/2022:03:48:46 -0500] "GET /BLA/boletinlegal/ HTTP/1.1" 200 58163
201.245.192.253 - - [22/Sep/2022:03:50:58 -0500] "POST /kwsrmcab/Wsrmcab  HTTP/1.1" 200 37989
95.217.144.236 - - [22/Sep/2022:03:54:17 -0500] "-" 408 -
40.77.139.42 - - [22/Sep/2022:03:54:25 -0500] "GET /dlf/styles.css HTTP/1.1" 404 1188
216.245.221.92 - - [22/Sep/2022:03:55:14 -0500] "HEAD / HTTP/1.1" 200 -
172.22.2.4 - - [22/Sep/2022:03:53:46 -0500] "HEAD /BLA/boletinlegal/ HTTP/1.1" 200 -
201.245.192.253 - - [22/Sep/2022:03:55:57 -0500] "POST /kwsrmcab/Wsrmcab  HTTP/1.1" 200 37989
172.22.2.4 - - [22/Sep/2022:03:54:37 -0500] "GET /BLA/boletinlegal/ HTTP/1.1" 200 57725
66.249.73.127 - - [22/Sep/2022:03:57:04 -0500] "-" 408 -
190.159.14.237 - - [22/Sep/2022:03:59:44 -0500] "GET /sipse/faces/index.xhtml HTTP/1.1" 200 677
190.159.14.237 - - [22/Sep/2022:03:59:44 -0500] "GET /sipse/faces/javax.faces.resource/theme.css?ln=primefaces-sipse HTTP/1.1" 304 -
190.159.14.237 - - [22/Sep/2022:03:59:44 -0500] "GET /sipse/faces/faces/autenticacion.xhtml HTTP/1.1" 200 12175
190.159.14.237 - - [22/Sep/2022:03:59:44 -0500] "GET /sipse/faces/javax.faces.resource/primefaces.css?ln=primefaces&v=4.0 HTTP/1.1" 304 -
190.159.14.237 - - [22/Sep/2022:03:59:44 -0500] "GET /sipse/faces/javax.faces.resource/theme.css?ln=primefaces-sipse HTTP/1.1" 304 -
190.159.14.237 - - [22/Sep/2022:03:59:44 -0500] "GET /sipse/faces/javax.faces.resource/layout/layout.css?ln=primefaces&v=4.0 HTTP/1.1" 304 -
190.159.14.237 - - [22/Sep/2022:03:59:44 -0500] "GET /sipse/faces/javax.faces.resource/primefaces.js?ln=primefaces&v=4.0 HTTP/1.1" 304 -
190.159.14.237 - - [22/Sep/2022:03:59:44 -0500] "GET /sipse/faces/javax.faces.resource/jquery/jquery.js?ln=primefaces&v=4.0 HTTP/1.1" 304 -
190.159.14.237 - - [22/Sep/2022:03:59:44 -0500] "GET /sipse/faces/javax.faces.resource/jquery/jquery-plugins.js?ln=primefaces&v=4.0 HTTP/1.1" 304 -
190.159.14.237 - - [22/Sep/2022:03:59:45 -0500] "GET /sipse/faces/javax.faces.resource/layout/layout.js?ln=primefaces&v=4.0 HTTP/1.1" 304 -
190.159.14.237 - - [22/Sep/2022:03:59:45 -0500] "GET /sipse/faces/javax.faces.resource/images/ui-icons_898989_256x240.png?ln=primefaces-aristo HTTP/1.1" 304 -
190.159.14.237 - - [22/Sep/2022:03:59:54 -0500] "POST /sipse/faces/autenticacion.xhtml HTTP/1.1" 200 2220
190.159.14.237 - - [22/Sep/2022:03:59:55 -0500] "GET /sipse/faces/javax.faces.resource/messages/messages.png?ln=primefaces&v=4.0 HTTP/1.1" 304 -
190.159.14.237 - - [22/Sep/2022:03:59:56 -0500] "POST /sipse/faces/autenticacion.xhtml HTTP/1.1" 200 16259
190.159.14.237 - - [22/Sep/2022:03:59:56 -0500] "GET /sipse/faces/javax.faces.resource/layout/layout.css?ln=primefaces&v=4.0 HTTP/1.1" 304 -
190.159.14.237 - - [22/Sep/2022:03:59:56 -0500] "GET /sipse/faces/javax.faces.resource/theme.css?ln=primefaces-sipse HTTP/1.1" 304 -
190.159.14.237 - - [22/Sep/2022:03:59:56 -0500] "GET /sipse/faces/javax.faces.resource/primefaces.css?ln=primefaces&v=4.0 HTTP/1.1" 304 -
190.159.14.237 - - [22/Sep/2022:03:59:57 -0500] "GET /sipse/faces/javax.faces.resource/jquery/jquery.js?ln=primefaces&v=4.0 HTTP/1.1" 304 -
190.159.14.237 - - [22/Sep/2022:03:59:57 -0500] "GET /sipse/faces/javax.faces.resource/jquery/jquery-plugins.js?ln=primefaces&v=4.0 HTTP/1.1" 304 -
190.159.14.237 - - [22/Sep/2022:03:59:57 -0500] "GET /sipse/faces/javax.faces.resource/primefaces.js?ln=primefaces&v=4.0 HTTP/1.1" 304 -
190.159.14.237 - - [22/Sep/2022:03:59:57 -0500] "GET /sipse/faces/javax.faces.resource/layout/layout.js?ln=primefaces&v=4.0 HTTP/1.1" 304 -
190.159.14.237 - - [22/Sep/2022:03:59:57 -0500] "GET /sipse/css/imagen/contrasena.png HTTP/1.1" 404 383
190.159.14.237 - - [22/Sep/2022:04:00:00 -0500] "GET /sipse/faces/javax.faces.resource/images/ui-bg_flat_0_2d5972_40x100.png?ln=primefaces-aristo HTTP/1.1" 304 -
190.159.14.237 - - [22/Sep/2022:04:00:00 -0500] "POST /sipse/faces/bienvenido.xhtml HTTP/1.1" 200 2658
190.159.14.237 - - [22/Sep/2022:04:00:02 -0500] "POST /sipse/faces/bienvenido.xhtml HTTP/1.1" 200 66140
190.159.14.237 - - [22/Sep/2022:04:00:03 -0500] "GET /sipse/faces/javax.faces.resource/layout/layout.css?ln=primefaces&v=4.0 HTTP/1.1" 304 -
190.159.14.237 - - [22/Sep/2022:04:00:03 -0500] "GET /sipse/faces/javax.faces.resource/primefaces.css?ln=primefaces&v=4.0 HTTP/1.1" 304 -
190.159.14.237 - - [22/Sep/2022:04:00:03 -0500] "GET /sipse/faces/javax.faces.resource/theme.css?ln=primefaces-sipse HTTP/1.1" 304 -
190.159.14.237 - - [22/Sep/2022:04:00:03 -0500] "GET /sipse/faces/javax.faces.resource/jquery/jquery.js?ln=primefaces&v=4.0 HTTP/1.1" 304 -
190.159.14.237 - - [22/Sep/2022:04:00:03 -0500] "GET /sipse/faces/javax.faces.resource/jquery/jquery-plugins.js?ln=primefaces&v=4.0 HTTP/1.1" 304 -
190.159.14.237 - - [22/Sep/2022:04:00:03 -0500] "GET /sipse/faces/javax.faces.resource/primefaces.js?ln=primefaces&v=4.0 HTTP/1.1" 304 -
190.159.14.237 - - [22/Sep/2022:04:00:03 -0500] "GET /sipse/faces/javax.faces.resource/layout/layout.js?ln=primefaces&v=4.0 HTTP/1.1" 304 -
190.159.14.237 - - [22/Sep/2022:04:00:03 -0500] "POST /sipse/faces/presentacion/financiero/solicitudProceso/listarSolicitudProceso.xhtml HTTP/1.1" 200 1544
216.245.221.92 - - [22/Sep/2022:04:00:14 -0500] "HEAD / HTTP/1.1" 200 -
190.159.14.237 - - [22/Sep/2022:04:00:32 -0500] "POST /sipse/faces/presentacion/financiero/solicitudProceso/listarSolicitudProceso.xhtml HTTP/1.1" 200 59048
190.159.14.237 - - [22/Sep/2022:04:00:32 -0500] "GET /sipse/faces/javax.faces.resource/theme.css?ln=primefaces-sipse HTTP/1.1" 304 -
190.159.14.237 - - [22/Sep/2022:04:00:32 -0500] "GET /sipse/faces/javax.faces.resource/layout/layout.css?ln=primefaces&v=4.0 HTTP/1.1" 304 -
190.159.14.237 - - [22/Sep/2022:04:00:32 -0500] "GET /sipse/faces/javax.faces.resource/primefaces.css?ln=primefaces&v=4.0 HTTP/1.1" 304 -
190.159.14.237 - - [22/Sep/2022:04:00:32 -0500] "GET /sipse/faces/javax.faces.resource/jquery/jquery.js?ln=primefaces&v=4.0 HTTP/1.1" 304 -
190.159.14.237 - - [22/Sep/2022:04:00:32 -0500] "GET /sipse/faces/javax.faces.resource/jquery/jquery-plugins.js?ln=primefaces&v=4.0 HTTP/1.1" 304 -
190.159.14.237 - - [22/Sep/2022:04:00:32 -0500] "GET /sipse/faces/javax.faces.resource/primefaces.js?ln=primefaces&v=4.0 HTTP/1.1" 304 -
190.159.14.237 - - [22/Sep/2022:04:00:32 -0500] "GET /sipse/faces/javax.faces.resource/layout/layout.js?ln=primefaces&v=4.0 HTTP/1.1" 304 -
190.159.14.237 - - [22/Sep/2022:04:00:41 -0500] "POST /sipse/faces/presentacion/financiero/solicitudProceso/crearModificarSolicitudProceso.xhtml HTTP/1.1" 200 27325
201.245.192.253 - - [22/Sep/2022:04:00:55 -0500] "POST /kwsrmcab/Wsrmcab  HTTP/1.1" 200 37989
172.22.2.4 - - [22/Sep/2022:03:59:36 -0500] "HEAD /BLA/boletinlegal/ HTTP/1.1" 200 -
172.22.2.4 - - [22/Sep/2022:04:00:26 -0500] "GET /BLA/boletinlegal/ HTTP/1.1" 200 53290
190.159.14.237 - - [22/Sep/2022:04:02:49 -0500] "POST /sipse/faces/presentacion/financiero/solicitudProceso/crearModificarSolicitudProceso.xhtml HTTP/1.1" 200 9398
66.249.73.127 - - [22/Sep/2022:04:03:03 -0500] "-" 408 -
190.159.14.237 - - [22/Sep/2022:04:04:12 -0500] "GET /sipse/faces/javax.faces.resource/theme.css?ln=primefaces-sipse HTTP/1.1" 304 -
190.159.14.237 - - [22/Sep/2022:04:04:12 -0500] "GET /sipse/faces/javax.faces.resource/primefaces.css?ln=primefaces&v=4.0 HTTP/1.1" 304 -
190.159.14.237 - - [22/Sep/2022:04:04:12 -0500] "GET /sipse/faces/javax.faces.resource/layout/layout.css?ln=primefaces&v=4.0 HTTP/1.1" 304 -
190.159.14.237 - - [22/Sep/2022:04:04:12 -0500] "GET /sipse/faces/javax.faces.resource/jquery/jquery.js?ln=primefaces&v=4.0 HTTP/1.1" 304 -
190.159.14.237 - - [22/Sep/2022:04:04:12 -0500] "GET /sipse/faces/javax.faces.resource/jquery/jquery-plugins.js?ln=primefaces&v=4.0 HTTP/1.1" 304 -
190.159.14.237 - - [22/Sep/2022:04:04:12 -0500] "GET /sipse/faces/javax.faces.resource/primefaces.js?ln=primefaces&v=4.0 HTTP/1.1" 304 -
190.159.14.237 - - [22/Sep/2022:04:04:12 -0500] "GET /sipse/faces/javax.faces.resource/layout/layout.js?ln=primefaces&v=4.0 HTTP/1.1" 304 -
190.159.14.237 - - [22/Sep/2022:04:04:12 -0500] "POST /sipse/faces/presentacion/financiero/solicitudProceso/crearModificarSolicitudProceso.xhtml HTTP/1.1" 200 67728
190.159.14.237 - - [22/Sep/2022:04:04:15 -0500] "GET /sipse/faces/javax.faces.resource/messages/messages.png?ln=primefaces&v=4.0 HTTP/1.1" 304 -
190.159.14.237 - - [22/Sep/2022:04:04:46 -0500] "POST /sipse/faces/presentacion/financiero/solicitudProceso/crearModificarSolicitudProceso.xhtml HTTP/1.1" 200 24604
190.159.14.237 - - [22/Sep/2022:04:04:46 -0500] "GET /sipse/faces/javax.faces.resource/theme.css?ln=primefaces-sipse HTTP/1.1" 304 -
190.159.14.237 - - [22/Sep/2022:04:04:46 -0500] "GET /sipse/faces/javax.faces.resource/layout/layout.css?ln=primefaces&v=4.0 HTTP/1.1" 304 -
190.159.14.237 - - [22/Sep/2022:04:04:46 -0500] "GET /sipse/faces/javax.faces.resource/primefaces.css?ln=primefaces&v=4.0 HTTP/1.1" 304 -
190.159.14.237 - - [22/Sep/2022:04:04:46 -0500] "GET /sipse/faces/javax.faces.resource/jquery/jquery.js?ln=primefaces&v=4.0 HTTP/1.1" 304 -
190.159.14.237 - - [22/Sep/2022:04:04:46 -0500] "GET /sipse/faces/javax.faces.resource/jquery/jquery-plugins.js?ln=primefaces&v=4.0 HTTP/1.1" 304 -
190.159.14.237 - - [22/Sep/2022:04:04:46 -0500] "GET /sipse/faces/javax.faces.resource/primefaces.js?ln=primefaces&v=4.0 HTTP/1.1" 304 -
190.159.14.237 - - [22/Sep/2022:04:04:46 -0500] "GET /sipse/faces/javax.faces.resource/layout/layout.js?ln=primefaces&v=4.0 HTTP/1.1" 304 -
190.159.14.237 - - [22/Sep/2022:04:04:53 -0500] "POST /sipse/faces/presentacion/financiero/solicitudProyectoActividad/asociarProyectoSolicitud.xhtml HTTP/1.1" 200 2122
190.159.14.237 - - [22/Sep/2022:04:04:56 -0500] "POST /sipse/faces/presentacion/financiero/solicitudProyectoActividad/asociarProyectoSolicitud.xhtml HTTP/1.1" 200 6625
190.159.14.237 - - [22/Sep/2022:04:04:57 -0500] "POST /sipse/faces/presentacion/financiero/solicitudProyectoActividad/asociarProyectoSolicitud.xhtml HTTP/1.1" 200 1708
190.159.14.237 - - [22/Sep/2022:04:05:00 -0500] "POST /sipse/faces/presentacion/financiero/solicitudProyectoActividad/asociarProyectoSolicitud.xhtml HTTP/1.1" 200 76327
190.159.14.237 - - [22/Sep/2022:04:05:01 -0500] "GET /sipse/faces/javax.faces.resource/theme.css?ln=primefaces-sipse HTTP/1.1" 304 -
190.159.14.237 - - [22/Sep/2022:04:05:01 -0500] "GET /sipse/faces/javax.faces.resource/primefaces.css?ln=primefaces&v=4.0 HTTP/1.1" 304 -
190.159.14.237 - - [22/Sep/2022:04:05:01 -0500] "GET /sipse/faces/javax.faces.resource/layout/layout.css?ln=primefaces&v=4.0 HTTP/1.1" 304 -
190.159.14.237 - - [22/Sep/2022:04:05:01 -0500] "GET /sipse/faces/javax.faces.resource/jquery/jquery.js?ln=primefaces&v=4.0 HTTP/1.1" 304 -
190.159.14.237 - - [22/Sep/2022:04:05:01 -0500] "GET /sipse/faces/javax.faces.resource/jquery/jquery-plugins.js?ln=primefaces&v=4.0 HTTP/1.1" 304 -
190.159.14.237 - - [22/Sep/2022:04:05:01 -0500] "GET /sipse/faces/javax.faces.resource/primefaces.js?ln=primefaces&v=4.0 HTTP/1.1" 304 -
190.159.14.237 - - [22/Sep/2022:04:05:01 -0500] "GET /sipse/faces/javax.faces.resource/layout/layout.js?ln=primefaces&v=4.0 HTTP/1.1" 304 -
190.159.14.237 - - [22/Sep/2022:04:05:03 -0500] "GET /sipse/faces/javax.faces.resource/images/ui-icons_898989_256x240.png?ln=primefaces-aristo HTTP/1.1" 304 -
190.159.14.237 - - [22/Sep/2022:04:05:05 -0500] "POST /sipse/faces/presentacion/financiero/solicitudProyectoActividad/asociarActividadSolicitud.xhtml HTTP/1.1" 200 20101
190.159.14.237 - - [22/Sep/2022:04:05:06 -0500] "GET /sipse/faces/javax.faces.resource/primefaces.css?ln=primefaces&v=4.0 HTTP/1.1" 304 -
190.159.14.237 - - [22/Sep/2022:04:05:06 -0500] "GET /sipse/faces/javax.faces.resource/theme.css?ln=primefaces-sipse HTTP/1.1" 304 -
190.159.14.237 - - [22/Sep/2022:04:05:06 -0500] "GET /sipse/faces/javax.faces.resource/layout/layout.css?ln=primefaces&v=4.0 HTTP/1.1" 304 -
190.159.14.237 - - [22/Sep/2022:04:05:06 -0500] "GET /sipse/faces/javax.faces.resource/jquery/jquery.js?ln=primefaces&v=4.0 HTTP/1.1" 304 -
190.159.14.237 - - [22/Sep/2022:04:05:06 -0500] "GET /sipse/faces/javax.faces.resource/jquery/jquery-plugins.js?ln=primefaces&v=4.0 HTTP/1.1" 304 -
190.159.14.237 - - [22/Sep/2022:04:05:06 -0500] "GET /sipse/faces/javax.faces.resource/primefaces.js?ln=primefaces&v=4.0 HTTP/1.1" 304 -
190.159.14.237 - - [22/Sep/2022:04:05:06 -0500] "GET /sipse/faces/javax.faces.resource/layout/layout.js?ln=primefaces&v=4.0 HTTP/1.1" 304 -
216.245.221.92 - - [22/Sep/2022:04:05:14 -0500] "HEAD / HTTP/1.1" 200 -
190.159.14.237 - - [22/Sep/2022:04:05:29 -0500] "GET /sipse/faces/javax.faces.resource/theme.css?ln=primefaces-sipse HTTP/1.1" 304 -
190.159.14.237 - - [22/Sep/2022:04:05:29 -0500] "GET /sipse/faces/javax.faces.resource/layout/layout.css?ln=primefaces&v=4.0 HTTP/1.1" 304 -
190.159.14.237 - - [22/Sep/2022:04:05:29 -0500] "GET /sipse/faces/javax.faces.resource/primefaces.css?ln=primefaces&v=4.0 HTTP/1.1" 304 -
190.159.14.237 - - [22/Sep/2022:04:05:29 -0500] "GET /sipse/faces/javax.faces.resource/jquery/jquery-plugins.js?ln=primefaces&v=4.0 HTTP/1.1" 304 -
190.159.14.237 - - [22/Sep/2022:04:05:29 -0500] "GET /sipse/faces/javax.faces.resource/jquery/jquery.js?ln=primefaces&v=4.0 HTTP/1.1" 304 -
190.159.14.237 - - [22/Sep/2022:04:05:29 -0500] "GET /sipse/faces/javax.faces.resource/primefaces.js?ln=primefaces&v=4.0 HTTP/1.1" 304 -
190.159.14.237 - - [22/Sep/2022:04:05:29 -0500] "GET /sipse/faces/javax.faces.resource/layout/layout.js?ln=primefaces&v=4.0 HTTP/1.1" 304 -
190.159.14.237 - - [22/Sep/2022:04:05:29 -0500] "POST /sipse/faces/presentacion/financiero/solicitudProyectoActividad/asociarFuentesSolicitud.xhtml HTTP/1.1" 200 66165
201.245.192.253 - - [22/Sep/2022:04:05:53 -0500] "POST /kwsrmcab/Wsrmcab  HTTP/1.1" 200 37989
190.159.14.237 - - [22/Sep/2022:04:06:02 -0500] "GET /sipse/faces/javax.faces.resource/theme.css?ln=primefaces-sipse HTTP/1.1" 304 -
190.159.14.237 - - [22/Sep/2022:04:06:02 -0500] "GET /sipse/faces/javax.faces.resource/primefaces.css?ln=primefaces&v=4.0 HTTP/1.1" 304 -
190.159.14.237 - - [22/Sep/2022:04:06:02 -0500] "GET /sipse/faces/javax.faces.resource/jquery/jquery.js?ln=primefaces&v=4.0 HTTP/1.1" 304 -
190.159.14.237 - - [22/Sep/2022:04:06:02 -0500] "GET /sipse/faces/javax.faces.resource/layout/layout.css?ln=primefaces&v=4.0 HTTP/1.1" 304 -
190.159.14.237 - - [22/Sep/2022:04:06:02 -0500] "GET /sipse/faces/javax.faces.resource/jquery/jquery-plugins.js?ln=primefaces&v=4.0 HTTP/1.1" 304 -
190.159.14.237 - - [22/Sep/2022:04:05:59 -0500] "POST /sipse/faces/presentacion/financiero/solicitudProceso/crearModificarSolicitudProceso.xhtml HTTP/1.1" 200 44549
190.159.14.237 - - [22/Sep/2022:04:06:02 -0500] "GET /sipse/faces/javax.faces.resource/primefaces.js?ln=primefaces&v=4.0 HTTP/1.1" 304 -
190.159.14.237 - - [22/Sep/2022:04:06:02 -0500] "GET /sipse/faces/javax.faces.resource/layout/layout.js?ln=primefaces&v=4.0 HTTP/1.1" 304 -
190.159.14.237 - - [22/Sep/2022:04:06:12 -0500] "POST /sipse/faces/presentacion/financiero/contrato/consultarContratosSolicitudProceso.xhtml HTTP/1.1" 200 49564
190.159.14.237 - - [22/Sep/2022:04:06:19 -0500] "POST /sipse/faces/presentacion/financiero/contrato/consultarContratosSolicitudProceso.xhtml HTTP/1.1" 200 61626
190.159.14.237 - - [22/Sep/2022:04:06:20 -0500] "GET /sipse/faces/javax.faces.resource/theme.css?ln=primefaces-sipse HTTP/1.1" 304 -
190.159.14.237 - - [22/Sep/2022:04:06:21 -0500] "GET /sipse/faces/javax.faces.resource/primefaces.css?ln=primefaces&v=4.0 HTTP/1.1" 304 -
190.159.14.237 - - [22/Sep/2022:04:06:21 -0500] "GET /sipse/faces/javax.faces.resource/jquery/jquery.js?ln=primefaces&v=4.0 HTTP/1.1" 304 -
190.159.14.237 - - [22/Sep/2022:04:06:21 -0500] "GET /sipse/faces/javax.faces.resource/layout/layout.css?ln=primefaces&v=4.0 HTTP/1.1" 304 -
190.159.14.237 - - [22/Sep/2022:04:06:21 -0500] "GET /sipse/faces/javax.faces.resource/jquery/jquery-plugins.js?ln=primefaces&v=4.0 HTTP/1.1" 304 -
190.159.14.237 - - [22/Sep/2022:04:06:21 -0500] "GET /sipse/faces/javax.faces.resource/primefaces.js?ln=primefaces&v=4.0 HTTP/1.1" 304 -
190.159.14.237 - - [22/Sep/2022:04:06:21 -0500] "GET /sipse/faces/javax.faces.resource/layout/layout.js?ln=primefaces&v=4.0 HTTP/1.1" 304 -
190.159.14.237 - - [22/Sep/2022:04:06:39 -0500] "GET /sipse/faces/javax.faces.resource/theme.css?ln=primefaces-sipse HTTP/1.1" 304 -
190.159.14.237 - - [22/Sep/2022:04:06:39 -0500] "GET /sipse/faces/javax.faces.resource/layout/layout.css?ln=primefaces&v=4.0 HTTP/1.1" 304 -
190.159.14.237 - - [22/Sep/2022:04:06:39 -0500] "GET /sipse/faces/javax.faces.resource/primefaces.css?ln=primefaces&v=4.0 HTTP/1.1" 304 -
190.159.14.237 - - [22/Sep/2022:04:06:39 -0500] "GET /sipse/faces/javax.faces.resource/jquery/jquery.js?ln=primefaces&v=4.0 HTTP/1.1" 304 -
190.159.14.237 - - [22/Sep/2022:04:06:39 -0500] "GET /sipse/faces/javax.faces.resource/fileupload/fileupload.css?ln=primefaces&v=4.0 HTTP/1.1" 304 -
190.159.14.237 - - [22/Sep/2022:04:06:39 -0500] "GET /sipse/faces/javax.faces.resource/jquery/jquery-plugins.js?ln=primefaces&v=4.0 HTTP/1.1" 304 -
190.159.14.237 - - [22/Sep/2022:04:06:39 -0500] "POST /sipse/faces/presentacion/financiero/solicitudProceso/crearModificarSolicitudProceso.xhtml HTTP/1.1" 200 21135
190.159.14.237 - - [22/Sep/2022:04:06:39 -0500] "GET /sipse/faces/javax.faces.resource/primefaces.js?ln=primefaces&v=4.0 HTTP/1.1" 304 -
190.159.14.237 - - [22/Sep/2022:04:06:39 -0500] "GET /sipse/faces/javax.faces.resource/layout/layout.js?ln=primefaces&v=4.0 HTTP/1.1" 304 -
190.159.14.237 - - [22/Sep/2022:04:06:39 -0500] "GET /sipse/faces/javax.faces.resource/fileupload/fileupload.js?ln=primefaces&v=4.0 HTTP/1.1" 304 -
172.22.2.4 - - [22/Sep/2022:04:06:46 -0500] "GET /BLA/boletinlegal/jurisprudencia/analisis/AnalisisT-606-15.docx HTTP/1.1" 200 26698
172.22.2.4 - - [22/Sep/2022:04:06:47 -0500] "GET /BLA/boletinlegal/apple-touch-icon-120x120-precomposed.png HTTP/1.1" 404 1140
172.22.2.4 - - [22/Sep/2022:04:06:47 -0500] "GET /BLA/boletinlegal/apple-touch-icon-120x120.png HTTP/1.1" 404 1140
172.22.2.4 - - [22/Sep/2022:04:06:47 -0500] "GET /BLA/boletinlegal/apple-touch-icon-precomposed.png HTTP/1.1" 404 1140
172.22.2.4 - - [22/Sep/2022:04:06:47 -0500] "GET /BLA/boletinlegal/apple-touch-icon.png HTTP/1.1" 404 1140
172.22.2.4 - - [22/Sep/2022:04:06:47 -0500] "GET /BLA/boletinlegal/favicon.ico HTTP/1.1" 404 1140
172.22.2.4 - - [22/Sep/2022:04:06:47 -0500] "GET /BLA/boletinlegal/apple-touch-icon-120x120-precomposed.png HTTP/1.1" 404 1140
172.22.2.4 - - [22/Sep/2022:04:06:47 -0500] "GET /BLA/boletinlegal/apple-touch-icon-120x120.png HTTP/1.1" 404 1140
172.22.2.4 - - [22/Sep/2022:04:06:47 -0500] "GET /BLA/boletinlegal/apple-touch-icon-precomposed.png HTTP/1.1" 404 1140
172.22.2.4 - - [22/Sep/2022:04:06:47 -0500] "GET /BLA/boletinlegal/apple-touch-icon.png HTTP/1.1" 404 1140
172.22.2.4 - - [22/Sep/2022:04:06:47 -0500] "GET /BLA/boletinlegal/favicon.ico HTTP/1.1" 404 1140
172.22.2.4 - - [22/Sep/2022:04:05:26 -0500] "HEAD /BLA/boletinlegal/ HTTP/1.1" 200 -
190.159.14.237 - - [22/Sep/2022:04:07:12 -0500] "GET /sipse/faces/javax.faces.resource/theme.css?ln=primefaces-sipse HTTP/1.1" 304 -
190.159.14.237 - - [22/Sep/2022:04:07:12 -0500] "GET /sipse/faces/javax.faces.resource/primefaces.css?ln=primefaces&v=4.0 HTTP/1.1" 304 -
190.159.14.237 - - [22/Sep/2022:04:07:12 -0500] "GET /sipse/faces/javax.faces.resource/jquery/jquery.js?ln=primefaces&v=4.0 HTTP/1.1" 304 -
190.159.14.237 - - [22/Sep/2022:04:07:12 -0500] "GET /sipse/faces/javax.faces.resource/layout/layout.css?ln=primefaces&v=4.0 HTTP/1.1" 304 -
190.159.14.237 - - [22/Sep/2022:04:07:12 -0500] "GET /sipse/faces/javax.faces.resource/jquery/jquery-plugins.js?ln=primefaces&v=4.0 HTTP/1.1" 304 -
190.159.14.237 - - [22/Sep/2022:04:07:12 -0500] "GET /sipse/faces/javax.faces.resource/primefaces.js?ln=primefaces&v=4.0 HTTP/1.1" 304 -
190.159.14.237 - - [22/Sep/2022:04:07:12 -0500] "GET /sipse/faces/javax.faces.resource/layout/layout.js?ln=primefaces&v=4.0 HTTP/1.1" 304 -
190.159.14.237 - - [22/Sep/2022:04:07:11 -0500] "POST /sipse/faces/presentacion/sistema/anexos/cargarAnexoSolicitudProceso.xhtml HTTP/1.1" 200 67493
190.159.14.237 - - [22/Sep/2022:04:07:21 -0500] "POST /sipse/faces/presentacion/financiero/solicitudProceso/crearModificarSolicitudProceso.xhtml HTTP/1.1" 200 66448
190.159.14.237 - - [22/Sep/2022:04:07:25 -0500] "GET /sipse/faces/javax.faces.resource/theme.css?ln=primefaces-sipse HTTP/1.1" 304 -
190.159.14.237 - - [22/Sep/2022:04:07:25 -0500] "GET /sipse/faces/javax.faces.resource/primefaces.css?ln=primefaces&v=4.0 HTTP/1.1" 304 -
190.159.14.237 - - [22/Sep/2022:04:07:25 -0500] "GET /sipse/faces/javax.faces.resource/layout/layout.css?ln=primefaces&v=4.0 HTTP/1.1" 304 -
190.159.14.237 - - [22/Sep/2022:04:07:25 -0500] "GET /sipse/faces/javax.faces.resource/jquery/jquery.js?ln=primefaces&v=4.0 HTTP/1.1" 304 -
190.159.14.237 - - [22/Sep/2022:04:07:25 -0500] "GET /sipse/faces/javax.faces.resource/jquery/jquery-plugins.js?ln=primefaces&v=4.0 HTTP/1.1" 304 -
190.159.14.237 - - [22/Sep/2022:04:07:25 -0500] "GET /sipse/faces/javax.faces.resource/primefaces.js?ln=primefaces&v=4.0 HTTP/1.1" 304 -
190.159.14.237 - - [22/Sep/2022:04:07:25 -0500] "GET /sipse/faces/javax.faces.resource/layout/layout.js?ln=primefaces&v=4.0 HTTP/1.1" 304 -
190.159.14.237 - - [22/Sep/2022:04:07:26 -0500] "POST /sipse/faces/presentacion/financiero/solicitudProceso/listarSolicitudProceso.xhtml HTTP/1.1" 200 1544
172.22.2.4 - - [22/Sep/2022:04:06:16 -0500] "GET /BLA/boletinlegal/ HTTP/1.1" 200 57725
66.249.73.127 - - [22/Sep/2022:04:08:40 -0500] "-" 408 -
190.159.14.237 - - [22/Sep/2022:04:09:48 -0500] "POST /sipse/faces/presentacion/financiero/solicitudProceso/listarSolicitudProceso.xhtml HTTP/1.1" 200 107517
190.159.14.237 - - [22/Sep/2022:04:09:49 -0500] "GET /sipse/faces/javax.faces.resource/theme.css?ln=primefaces-sipse HTTP/1.1" 304 -
190.159.14.237 - - [22/Sep/2022:04:09:49 -0500] "GET /sipse/faces/javax.faces.resource/jquery/jquery.js?ln=primefaces&v=4.0 HTTP/1.1" 304 -
190.159.14.237 - - [22/Sep/2022:04:09:49 -0500] "GET /sipse/faces/javax.faces.resource/primefaces.css?ln=primefaces&v=4.0 HTTP/1.1" 304 -
190.159.14.237 - - [22/Sep/2022:04:09:49 -0500] "GET /sipse/faces/javax.faces.resource/layout/layout.css?ln=primefaces&v=4.0 HTTP/1.1" 304 -
190.159.14.237 - - [22/Sep/2022:04:09:49 -0500] "GET /sipse/faces/javax.faces.resource/jquery/jquery-plugins.js?ln=primefaces&v=4.0 HTTP/1.1" 304 -
190.159.14.237 - - [22/Sep/2022:04:09:50 -0500] "GET /sipse/faces/javax.faces.resource/primefaces.js?ln=primefaces&v=4.0 HTTP/1.1" 304 -
190.159.14.237 - - [22/Sep/2022:04:09:50 -0500] "GET /sipse/faces/javax.faces.resource/layout/layout.js?ln=primefaces&v=4.0 HTTP/1.1" 304 -
190.159.14.237 - - [22/Sep/2022:04:09:59 -0500] "POST /sipse/faces/presentacion/financiero/solicitudProceso/consultarSolicitudProceso.xhtml HTTP/1.1" 200 21135
190.159.14.237 - - [22/Sep/2022:04:10:00 -0500] "GET /sipse/faces/javax.faces.resource/theme.css?ln=primefaces-sipse HTTP/1.1" 304 -
190.159.14.237 - - [22/Sep/2022:04:10:00 -0500] "GET /sipse/faces/javax.faces.resource/primefaces.css?ln=primefaces&v=4.0 HTTP/1.1" 304 -
190.159.14.237 - - [22/Sep/2022:04:10:00 -0500] "GET /sipse/faces/javax.faces.resource/layout/layout.css?ln=primefaces&v=4.0 HTTP/1.1" 304 -
190.159.14.237 - - [22/Sep/2022:04:10:00 -0500] "GET /sipse/faces/javax.faces.resource/fileupload/fileupload.css?ln=primefaces&v=4.0 HTTP/1.1" 304 -
190.159.14.237 - - [22/Sep/2022:04:10:00 -0500] "GET /sipse/faces/javax.faces.resource/jquery/jquery.js?ln=primefaces&v=4.0 HTTP/1.1" 304 -
190.159.14.237 - - [22/Sep/2022:04:10:00 -0500] "GET /sipse/faces/javax.faces.resource/primefaces.js?ln=primefaces&v=4.0 HTTP/1.1" 304 -
190.159.14.237 - - [22/Sep/2022:04:10:00 -0500] "GET /sipse/faces/javax.faces.resource/jquery/jquery-plugins.js?ln=primefaces&v=4.0 HTTP/1.1" 304 -
190.159.14.237 - - [22/Sep/2022:04:10:00 -0500] "GET /sipse/faces/javax.faces.resource/layout/layout.js?ln=primefaces&v=4.0 HTTP/1.1" 304 -
190.159.14.237 - - [22/Sep/2022:04:10:00 -0500] "GET /sipse/faces/javax.faces.resource/fileupload/fileupload.js?ln=primefaces&v=4.0 HTTP/1.1" 304 -
190.159.14.237 - - [22/Sep/2022:04:10:13 -0500] "GET /sipse/faces/javax.faces.resource/theme.css?ln=primefaces-sipse HTTP/1.1" 304 -
190.159.14.237 - - [22/Sep/2022:04:10:13 -0500] "GET /sipse/faces/javax.faces.resource/primefaces.css?ln=primefaces&v=4.0 HTTP/1.1" 304 -
190.159.14.237 - - [22/Sep/2022:04:10:13 -0500] "GET /sipse/faces/javax.faces.resource/layout/layout.css?ln=primefaces&v=4.0 HTTP/1.1" 304 -
190.159.14.237 - - [22/Sep/2022:04:10:13 -0500] "GET /sipse/faces/javax.faces.resource/jquery/jquery.js?ln=primefaces&v=4.0 HTTP/1.1" 304 -
190.159.14.237 - - [22/Sep/2022:04:10:13 -0500] "GET /sipse/faces/javax.faces.resource/jquery/jquery-plugins.js?ln=primefaces&v=4.0 HTTP/1.1" 304 -
190.159.14.237 - - [22/Sep/2022:04:10:13 -0500] "GET /sipse/faces/javax.faces.resource/layout/layout.js?ln=primefaces&v=4.0 HTTP/1.1" 304 -
190.159.14.237 - - [22/Sep/2022:04:10:13 -0500] "GET /sipse/faces/javax.faces.resource/primefaces.js?ln=primefaces&v=4.0 HTTP/1.1" 304 -
216.245.221.92 - - [22/Sep/2022:04:10:14 -0500] "HEAD / HTTP/1.1" 200 -
190.159.14.237 - - [22/Sep/2022:04:10:12 -0500] "POST /sipse/faces/presentacion/sistema/anexos/cargarAnexoSolicitudProceso.xhtml HTTP/1.1" 200 154211
190.159.14.237 - - [22/Sep/2022:04:10:43 -0500] "POST /sipse/faces/presentacion/financiero/solicitudProceso/consultarSolicitudProceso.xhtml HTTP/1.1" 200 911
201.245.192.253 - - [22/Sep/2022:04:10:52 -0500] "POST /kwsrmcab/Wsrmcab  HTTP/1.1" 200 37989
64.62.243.165 - - [22/Sep/2022:04:11:08 -0500] "GET / HTTP/1.1" 200 319
172.22.2.4 - - [22/Sep/2022:04:11:16 -0500] "HEAD /BLA/boletinlegal/ HTTP/1.1" 200 -
172.22.2.4 - - [22/Sep/2022:04:12:06 -0500] "GET /BLA/boletinlegal/ HTTP/1.1" 200 57725
216.245.221.92 - - [22/Sep/2022:04:15:14 -0500] "HEAD / HTTP/1.1" 200 -
201.245.192.253 - - [22/Sep/2022:04:15:51 -0500] "POST /kwsrmcab/Wsrmcab  HTTP/1.1" 200 37989
157.55.39.188 - - [22/Sep/2022:04:16:25 -0500] "GET /BLA/resoluciones/RESOLUCIONES%202002/RES%202002%20301-350/00000321.tif HTTP/1.1" 200 96750
207.46.13.176 - - [22/Sep/2022:04:18:05 -0500] "GET /portaldeninos/ HTTP/1.1" 200 110197
207.46.13.176 - - [22/Sep/2022:04:18:15 -0500] "GET /portaldeninos/ HTTP/1.1" 200 110197
172.22.2.4 - - [22/Sep/2022:04:17:06 -0500] "HEAD /BLA/boletinlegal/ HTTP/1.1" 200 -
201.245.192.253 - - [22/Sep/2022:04:19:21 -0500] "POST /kwsrmcab/Wsrmcab HTTP/1.1" 200 41990
201.245.192.253 - - [22/Sep/2022:04:19:25 -0500] "POST /kwsrmcab/Wsrmcab HTTP/1.1" 200 43572
172.22.2.4 - - [22/Sep/2022:04:17:56 -0500] "GET /BLA/boletinlegal/ HTTP/1.1" 200 57375
216.245.221.92 - - [22/Sep/2022:04:20:14 -0500] "HEAD / HTTP/1.1" 200 -
201.245.192.253 - - [22/Sep/2022:04:20:50 -0500] "POST /kwsrmcab/Wsrmcab  HTTP/1.1" 200 37989
172.22.2.4 - - [22/Sep/2022:04:22:56 -0500] "HEAD /BLA/boletinlegal/ HTTP/1.1" 200 -
185.119.81.97 - - [22/Sep/2022:04:24:46 -0500] "GET /portaldeninos/wp-login.php HTTP/1.1" 200 2592
185.119.81.97 - - [22/Sep/2022:04:24:47 -0500] "POST /portaldeninos/wp-login.php HTTP/1.1" 200 3670
216.245.221.92 - - [22/Sep/2022:04:25:14 -0500] "HEAD / HTTP/1.1" 200 -
172.22.2.4 - - [22/Sep/2022:04:23:46 -0500] "GET /BLA/boletinlegal/ HTTP/1.1" 200 53290
201.245.192.253 - - [22/Sep/2022:04:25:49 -0500] "POST /kwsrmcab/Wsrmcab  HTTP/1.1" 200 37989
172.22.2.4 - - [22/Sep/2022:04:27:36 -0500] "GET /BLA/boletinlegal/wordpress/wp-admin/setup-config.php?step=1 HTTP/1.1" 404 1038
201.245.192.253 - - [22/Sep/2022:04:29:21 -0500] "POST /kwsrmcab/Wsrmcab HTTP/1.1" 200 41990
201.245.192.253 - - [22/Sep/2022:04:29:24 -0500] "POST /kwsrmcab/Wsrmcab HTTP/1.1" 200 43572
216.245.221.92 - - [22/Sep/2022:04:30:14 -0500] "HEAD / HTTP/1.1" 200 -
172.22.2.4 - - [22/Sep/2022:04:28:46 -0500] "HEAD /BLA/boletinlegal/ HTTP/1.1" 200 -
201.245.192.253 - - [22/Sep/2022:04:30:48 -0500] "POST /kwsrmcab/Wsrmcab  HTTP/1.1" 200 37989
172.22.2.4 - - [22/Sep/2022:04:29:36 -0500] "GET /BLA/boletinlegal/ HTTP/1.1" 200 60281
66.249.73.100 - - [22/Sep/2022:04:32:18 -0500] "-" 408 -
216.245.221.92 - - [22/Sep/2022:04:35:14 -0500] "HEAD / HTTP/1.1" 200 -
201.245.192.253 - - [22/Sep/2022:04:35:47 -0500] "POST /kwsrmcab/Wsrmcab  HTTP/1.1" 200 37989
172.22.2.4 - - [22/Sep/2022:04:34:36 -0500] "HEAD /BLA/boletinlegal/ HTTP/1.1" 200 -
172.22.2.4 - - [22/Sep/2022:04:35:26 -0500] "GET /BLA/boletinlegal/ HTTP/1.1" 200 53640
201.245.192.253 - - [22/Sep/2022:04:39:21 -0500] "POST /kwsrmcab/Wsrmcab HTTP/1.1" 200 41990
201.245.192.253 - - [22/Sep/2022:04:39:24 -0500] "POST /kwsrmcab/Wsrmcab HTTP/1.1" 200 43572
216.245.221.92 - - [22/Sep/2022:04:40:14 -0500] "HEAD / HTTP/1.1" 200 -
201.245.192.253 - - [22/Sep/2022:04:40:45 -0500] "POST /kwsrmcab/Wsrmcab  HTTP/1.1" 200 37989
172.22.2.4 - - [22/Sep/2022:04:40:26 -0500] "HEAD /BLA/boletinlegal/ HTTP/1.1" 200 -
172.22.2.4 - - [22/Sep/2022:04:41:16 -0500] "GET /BLA/boletinlegal/ HTTP/1.1" 200 59828
216.245.221.92 - - [22/Sep/2022:04:45:14 -0500] "HEAD / HTTP/1.1" 200 -
201.245.192.253 - - [22/Sep/2022:04:45:44 -0500] "POST /kwsrmcab/Wsrmcab  HTTP/1.1" 200 37989
207.46.13.131 - - [22/Sep/2022:04:46:57 -0500] "GET /BLA/resoluciones/RESOLUCIONES%202003/RES%202003%20851-900/874.tif HTTP/1.1" 200 73632
172.22.2.4 - - [22/Sep/2022:04:46:16 -0500] "HEAD /BLA/boletinlegal/ HTTP/1.1" 200 -
172.22.2.4 - - [22/Sep/2022:04:48:30 -0500] "GET /BLA/boletinlegal/jurisprudencia/analisis/analisis%20C-595-2010.doc HTTP/1.1" 200 39424
172.22.2.4 - - [22/Sep/2022:04:47:06 -0500] "GET /BLA/boletinlegal/ HTTP/1.1" 200 58163
216.245.221.92 - - [22/Sep/2022:04:50:14 -0500] "HEAD / HTTP/1.1" 200 -
201.245.192.253 - - [22/Sep/2022:04:50:44 -0500] "POST /kwsrmcab/Wsrmcab  HTTP/1.1" 200 37989
95.217.32.126 - - [22/Sep/2022:04:50:53 -0500] "GET /BLA/resoluciones/RESOLUCIONES%202021/5262.pdf HTTP/1.1" 200 370932
190.156.185.197 - - [22/Sep/2022:04:52:42 -0500] "GET /BLA/resoluciones/AUTOS%202021/5811.pdf HTTP/1.1" 200 403133
172.22.2.4 - - [22/Sep/2022:04:52:06 -0500] "HEAD /BLA/boletinlegal/ HTTP/1.1" 200 -
157.55.39.188 - - [22/Sep/2022:04:53:50 -0500] "GET /forest/ HTTP/1.1" 200 12041
172.22.2.4 - - [22/Sep/2022:04:52:56 -0500] "GET /BLA/boletinlegal/ HTTP/1.1" 200 53290
64.62.197.32 - - [22/Sep/2022:04:55:11 -0500] "GET / HTTP/1.1" 200 319
216.245.221.92 - - [22/Sep/2022:04:55:14 -0500] "HEAD / HTTP/1.1" 200 -
201.245.192.253 - - [22/Sep/2022:04:55:43 -0500] "POST /kwsrmcab/Wsrmcab  HTTP/1.1" 200 37989
66.249.73.97 - - [22/Sep/2022:04:56:07 -0500] "-" 408 -
64.62.197.36 - - [22/Sep/2022:04:58:26 -0500] "GET /favicon.ico HTTP/1.1" 200 7782
185.119.81.102 - - [22/Sep/2022:04:58:34 -0500] "GET /portaldeninos/wp-login.php HTTP/1.1" 200 2592
185.119.81.102 - - [22/Sep/2022:04:58:35 -0500] "POST /portaldeninos/wp-login.php HTTP/1.1" 200 3605
172.22.2.4 - - [22/Sep/2022:04:57:56 -0500] "HEAD /BLA/boletinlegal/ HTTP/1.1" 200 -
185.119.81.97 - - [22/Sep/2022:04:59:39 -0500] "GET /portaldeninos/wp-login.php HTTP/1.1" 200 2592
185.119.81.97 - - [22/Sep/2022:04:59:40 -0500] "POST /portaldeninos/wp-login.php HTTP/1.1" 200 3670
185.119.81.102 - - [22/Sep/2022:04:59:43 -0500] "GET /portaldeninos/wp-login.php HTTP/1.1" 200 2592
185.119.81.102 - - [22/Sep/2022:04:59:44 -0500] "POST /portaldeninos/wp-login.php HTTP/1.1" 200 3605
216.245.221.92 - - [22/Sep/2022:05:00:14 -0500] "HEAD / HTTP/1.1" 200 -
172.22.2.4 - - [22/Sep/2022:04:58:46 -0500] "GET /BLA/boletinlegal/ HTTP/1.1" 200 60281
201.245.192.253 - - [22/Sep/2022:05:00:42 -0500] "POST /kwsrmcab/Wsrmcab  HTTP/1.1" 200 37989
207.46.13.213 - - [22/Sep/2022:05:01:18 -0500] "GET /portaldeninos/2018/06/06/hola-mundo-3-2-2/ HTTP/1.1" 200 94319
172.22.2.4 - - [22/Sep/2022:05:02:45 -0500] "GET /BLA/boletinlegal/style.css HTTP/1.1" 200 9406
172.22.2.4 - - [22/Sep/2022:05:02:45 -0500] "GET /BLA/boletinlegal/styles2.css HTTP/1.1" 200 1838
172.22.2.4 - - [22/Sep/2022:05:02:45 -0500] "GET /BLA/boletinlegal/js/jquery.scrollTo-min.js HTTP/1.1" 200 1150
172.22.2.4 - - [22/Sep/2022:05:02:45 -0500] "GET /BLA/boletinlegal/js/jquery.js HTTP/1.1" 200 57254
172.22.2.4 - - [22/Sep/2022:05:02:45 -0500] "GET /BLA/boletinlegal/js/jquery.scrollShow.js HTTP/1.1" 200 4586
172.22.2.4 - - [22/Sep/2022:05:02:45 -0500] "GET /BLA/boletinlegal/images/cabezote%20BLEGAL.jpg HTTP/1.1" 200 118164
172.22.2.4 - - [22/Sep/2022:05:02:45 -0500] "GET /BLA/boletinlegal/images/subscribe-icon-big.png HTTP/1.1" 200 47702
172.22.2.4 - - [22/Sep/2022:05:02:45 -0500] "GET /BLA/boletinlegal/images/historia.png HTTP/1.1" 200 52775
172.22.2.4 - - [22/Sep/2022:05:02:45 -0500] "GET /BLA/boletinlegal/images/registro-usuarios.png HTTP/1.1" 200 8106
172.22.2.4 - - [22/Sep/2022:05:02:45 -0500] "GET /BLA/boletinlegal/images/arr_l.jpg HTTP/1.1" 200 1979
172.22.2.4 - - [22/Sep/2022:05:02:45 -0500] "GET /BLA/boletinlegal/images/screen_1.png HTTP/1.1" 200 202547
172.22.2.4 - - [22/Sep/2022:05:02:45 -0500] "GET /BLA/boletinlegal/images/launch.jpg HTTP/1.1" 200 14577
172.22.2.4 - - [22/Sep/2022:05:02:45 -0500] "GET /BLA/boletinlegal/images/menu_rght.gif HTTP/1.1" 200 1627
172.22.2.4 - - [22/Sep/2022:05:02:45 -0500] "GET /BLA/boletinlegal/images/text.jpg HTTP/1.1" 200 568
172.22.2.4 - - [22/Sep/2022:05:02:45 -0500] "GET /BLA/boletinlegal/images/bg_top.jpg HTTP/1.1" 200 522
172.22.2.4 - - [22/Sep/2022:05:02:45 -0500] "GET /BLA/boletinlegal/images/menu_lft.gif HTTP/1.1" 200 1713
172.22.2.4 - - [22/Sep/2022:05:02:45 -0500] "GET /BLA/boletinlegal/images/hover.jpg HTTP/1.1" 200 640
172.22.2.4 - - [22/Sep/2022:05:02:45 -0500] "GET /BLA/boletinlegal/images/body_bg.jpg HTTP/1.1" 200 1601
172.22.2.4 - - [22/Sep/2022:05:02:45 -0500] "GET /BLA/boletinlegal/images/menu_bg.jpg HTTP/1.1" 200 620
172.22.2.4 - - [22/Sep/2022:05:02:47 -0500] "GET /BLA/boletinlegal/actos.php HTTP/1.1" 200 9559
172.22.2.4 - - [22/Sep/2022:05:02:47 -0500] "GET /BLA/boletinlegal/js/ajax_actos.js HTTP/1.1" 200 1322
172.22.2.4 - - [22/Sep/2022:05:02:47 -0500] "GET /BLA/boletinlegal/niceforms.js HTTP/1.1" 200 22876
172.22.2.4 - - [22/Sep/2022:05:02:47 -0500] "GET /BLA/boletinlegal/niceforms-default.css HTTP/1.1" 200 6694
172.22.2.4 - - [22/Sep/2022:05:02:47 -0500] "GET /BLA/boletinlegal/js/lib.js HTTP/1.1" 200 6474
172.22.2.4 - - [22/Sep/2022:05:02:47 -0500] "GET /BLA/boletinlegal/js/popup.js HTTP/1.1" 200 1270
172.22.2.4 - - [22/Sep/2022:05:02:47 -0500] "GET /BLA/boletinlegal/js/jquery1.js HTTP/1.1" 200 29846
172.22.2.4 - - [22/Sep/2022:05:02:47 -0500] "GET /BLA/boletinlegal/images/green-yellow-blue-pink-th.png HTTP/1.1" 200 7394
172.22.2.4 - - [22/Sep/2022:05:02:47 -0500] "GET /BLA/boletinlegal/images/abajo.png HTTP/1.1" 200 96676
172.22.2.4 - - [22/Sep/2022:05:02:47 -0500] "GET /BLA/boletinlegal/images/tel.png HTTP/1.1" 200 14477
172.22.2.4 - - [22/Sep/2022:05:02:47 -0500] "GET /BLA/boletinlegal/images/icono-email.png HTTP/1.1" 200 5544
172.22.2.4 - - [22/Sep/2022:05:02:47 -0500] "GET /BLA/boletinlegal/images/footer_bg.jpg HTTP/1.1" 200 586
172.22.2.4 - - [22/Sep/2022:05:02:47 -0500] "GET /BLA/boletinlegal/images/footer_bg_l.jpg HTTP/1.1" 200 776
172.22.2.4 - - [22/Sep/2022:05:02:47 -0500] "GET /BLA/boletinlegal/img/0.png HTTP/1.1" 200 110
172.22.2.4 - - [22/Sep/2022:05:02:47 -0500] "GET /BLA/boletinlegal/img/select-left.png HTTP/1.1" 200 263
172.22.2.4 - - [22/Sep/2022:05:02:47 -0500] "GET /BLA/boletinlegal/img/select-right.png HTTP/1.1" 200 44019
172.22.2.4 - - [22/Sep/2022:05:02:47 -0500] "GET /BLA/boletinlegal/img/button-left.png HTTP/1.1" 200 57071
172.22.2.4 - - [22/Sep/2022:05:02:47 -0500] "GET /BLA/boletinlegal/img/button-right.png HTTP/1.1" 200 57878
172.22.2.4 - - [22/Sep/2022:05:02:47 -0500] "GET /BLA/boletinlegal/img/button.png HTTP/1.1" 200 43241
172.22.2.4 - - [22/Sep/2022:05:02:47 -0500] "GET /BLA/boletinlegal/favicon.ico HTTP/1.1" 404 1326
200.118.62.139 - - [22/Sep/2022:05:02:49 -0500] "GET /BLA/resoluciones/ HTTP/1.1" 200 13093
200.118.62.139 - - [22/Sep/2022:05:02:49 -0500] "GET /BLA/resoluciones/dlf/styles.css HTTP/1.1" 200 3049
200.118.62.139 - - [22/Sep/2022:05:02:49 -0500] "GET /BLA/resoluciones/dlf/folder.png HTTP/1.1" 200 410
200.118.62.139 - - [22/Sep/2022:05:02:49 -0500] "GET /BLA/resoluciones/dlf/bg.gif HTTP/1.1" 200 54
200.118.62.139 - - [22/Sep/2022:05:02:49 -0500] "GET /favicon.ico HTTP/1.1" 200 7782
200.118.62.139 - - [22/Sep/2022:05:02:54 -0500] "GET /BLA/resoluciones/dlf/dirup.png HTTP/1.1" 200 644
200.118.62.139 - - [22/Sep/2022:05:02:54 -0500] "GET /BLA/resoluciones/dlf/pdf.gif HTTP/1.1" 200 272
200.118.62.139 - - [22/Sep/2022:05:02:53 -0500] "GET /BLA/resoluciones/index.php?dir=RESOLUCIONES+2011%2F HTTP/1.1" 200 746823
200.118.62.139 - - [22/Sep/2022:05:03:02 -0500] "GET /BLA/resoluciones/RESOLUCIONES%202011/0167.pdf HTTP/1.1" 200 604972
200.118.62.139 - - [22/Sep/2022:05:03:02 -0500] "GET /BLA/resoluciones/RESOLUCIONES%202011/0167.pdf HTTP/1.1" 200 604972
172.22.2.4 - - [22/Sep/2022:05:02:44 -0500] "GET /BLA/boletinlegal/ HTTP/1.1" 200 24523
157.55.39.200 - - [22/Sep/2022:05:05:13 -0500] "GET / HTTP/1.1" 200 319
216.245.221.92 - - [22/Sep/2022:05:05:14 -0500] "HEAD / HTTP/1.1" 200 -
172.22.2.4 - - [22/Sep/2022:05:03:46 -0500] "HEAD /BLA/boletinlegal/ HTTP/1.1" 200 -
201.245.192.253 - - [22/Sep/2022:05:05:41 -0500] "POST /kwsrmcab/Wsrmcab  HTTP/1.1" 200 37989
172.22.2.4 - - [22/Sep/2022:05:04:36 -0500] "GET /BLA/boletinlegal/ HTTP/1.1" 200 58163
157.55.39.188 - - [22/Sep/2022:05:09:41 -0500] "GET /BLA/resoluciones/00000318.tif HTTP/1.1" 404 1018
216.245.221.92 - - [22/Sep/2022:05:10:14 -0500] "HEAD / HTTP/1.1" 200 -
201.245.192.253 - - [22/Sep/2022:05:10:40 -0500] "POST /kwsrmcab/Wsrmcab  HTTP/1.1" 200 37989
159.65.20.120 - - [22/Sep/2022:05:10:58 -0500] "\x16\x03\x01" 400 226
159.65.20.120 - - [22/Sep/2022:05:10:58 -0500] "\x16\x03\x01" 400 226
159.65.20.120 - - [22/Sep/2022:05:10:59 -0500] "GET / HTTP/1.1" 200 319
207.46.13.131 - - [22/Sep/2022:05:10:59 -0500] "GET /BLA/resoluciones/0201.tif HTTP/1.1" 404 1018
172.22.2.4 - - [22/Sep/2022:05:09:36 -0500] "HEAD /BLA/boletinlegal/ HTTP/1.1" 200 -
172.22.2.4 - - [22/Sep/2022:05:10:26 -0500] "GET /BLA/boletinlegal/ HTTP/1.1" 200 52877
205.169.39.123 - - [22/Sep/2022:05:12:12 -0500] "GET /portaldeninos/wp-includes/js/wp-emoji-release.min.js?ver=4.9.8 HTTP/1.1" 200 12026
205.169.39.123 - - [22/Sep/2022:05:12:12 -0500] "GET /portaldeninos/wp-content/plugins/google-analytics-for-wordpress/assets/js/frontend-gtag.min.js?ver=8.5.0 HTTP/1.1" 200 11801
205.169.39.123 - - [22/Sep/2022:05:12:13 -0500] "GET /portaldeninos/wp-includes/js/jquery/jquery.js?ver=1.12.4 HTTP/1.1" 200 97184
205.169.39.123 - - [22/Sep/2022:05:12:13 -0500] "GET /portaldeninos/wp-includes/js/jquery/jquery-migrate.min.js?ver=1.4.1 HTTP/1.1" 200 10056
205.169.39.123 - - [22/Sep/2022:05:12:14 -0500] "GET /portaldeninos/wp-includes/js/jquery/ui/core.min.js?ver=1.11.4 HTTP/1.1" 200 4000
205.169.39.123 - - [22/Sep/2022:05:12:14 -0500] "GET /portaldeninos/wp-content/plugins/gallery-videos/JS/modernizr.custom.js?ver=4.9.8 HTTP/1.1" 200 9019
205.169.39.123 - - [22/Sep/2022:05:12:14 -0500] "GET /portaldeninos/wp-content/plugins/gallery-videos/JS/Total-Soft-Gallery-Video-Widget.js?ver=4.9.8 HTTP/1.1" 200 80264
205.169.39.123 - - [22/Sep/2022:05:12:15 -0500] "GET /portaldeninos/wp-includes/js/jquery/ui/widget.min.js?ver=1.11.4 HTTP/1.1" 200 6908
205.169.39.123 - - [22/Sep/2022:05:12:15 -0500] "GET /portaldeninos/wp-includes/js/jquery/ui/mouse.min.js?ver=1.11.4 HTTP/1.1" 200 3148
205.169.39.123 - - [22/Sep/2022:05:12:15 -0500] "GET /portaldeninos/wp-includes/js/jquery/ui/sortable.min.js?ver=1.11.4 HTTP/1.1" 200 24899
205.169.39.123 - - [22/Sep/2022:05:12:16 -0500] "GET /portaldeninos/wp-includes/js/jquery/ui/tabs.min.js?ver=1.11.4 HTTP/1.1" 200 12110
205.169.39.123 - - [22/Sep/2022:05:12:16 -0500] "GET /portaldeninos/wp-includes/js/jquery/ui/accordion.min.js?ver=1.11.4 HTTP/1.1" 200 8584
205.169.39.123 - - [22/Sep/2022:05:12:16 -0500] "GET /portaldeninos/wp-content/themes/betheme/js/plugins.js?ver=20.9.6 HTTP/1.1" 200 197151
205.169.39.123 - - [22/Sep/2022:05:12:17 -0500] "GET /portaldeninos/wp-content/themes/betheme/js/menu.js?ver=20.9.6 HTTP/1.1" 200 2449
66.249.73.127 - - [22/Sep/2022:05:12:17 -0500] "-" 408 -
205.169.39.123 - - [22/Sep/2022:05:12:17 -0500] "GET /portaldeninos/wp-content/themes/betheme/assets/animations/animations.min.js?ver=20.9.6 HTTP/1.1" 200 1896
205.169.39.123 - - [22/Sep/2022:05:12:18 -0500] "GET /portaldeninos/wp-content/themes/betheme/assets/jplayer/jplayer.min.js?ver=20.9.6 HTTP/1.1" 200 52702
205.169.39.123 - - [22/Sep/2022:05:12:18 -0500] "GET /portaldeninos/wp-content/themes/betheme/js/scripts.js?ver=20.9.6 HTTP/1.1" 200 77162
205.169.39.123 - - [22/Sep/2022:05:12:19 -0500] "GET /portaldeninos/wp-includes/js/wp-embed.min.js?ver=4.9.8 HTTP/1.1" 200 1398
186.102.69.245 - - [22/Sep/2022:05:13:35 -0500] "GET /galeria/galeria/jquery.fancybox.css?v=2.1.5 HTTP/1.1" 200 4895
186.102.69.245 - - [22/Sep/2022:05:13:39 -0500] "GET /BLA/boletinlegal/js/jquery.scrollShow.js HTTP/1.1" 200 4586
186.102.69.245 - - [22/Sep/2022:05:13:40 -0500] "GET /galeria/galeria/jquery.fancybox.js?v=2.1.5 HTTP/1.1" 200 48706
216.245.221.92 - - [22/Sep/2022:05:15:14 -0500] "HEAD / HTTP/1.1" 200 -
201.245.192.253 - - [22/Sep/2022:05:15:39 -0500] "POST /kwsrmcab/Wsrmcab  HTTP/1.1" 200 37989
157.55.39.200 - - [22/Sep/2022:05:16:44 -0500] "GET /BLA/resoluciones/RESOLUCIONES%202002/RES%202002%20301-350/00000326.tif HTTP/1.1" 200 237478
172.22.2.4 - - [22/Sep/2022:05:15:26 -0500] "HEAD /BLA/boletinlegal/ HTTP/1.1" 200 -
172.22.2.4 - - [22/Sep/2022:05:16:16 -0500] "GET /BLA/boletinlegal/ HTTP/1.1" 200 58163
201.245.192.253 - - [22/Sep/2022:05:19:21 -0500] "POST /kwsrmcab/Wsrmcab HTTP/1.1" 200 41995
201.245.192.253 - - [22/Sep/2022:05:19:24 -0500] "POST /kwsrmcab/Wsrmcab HTTP/1.1" 200 43269
216.245.221.92 - - [22/Sep/2022:05:20:14 -0500] "HEAD / HTTP/1.1" 200 -
201.245.192.253 - - [22/Sep/2022:05:20:39 -0500] "POST /kwsrmcab/Wsrmcab  HTTP/1.1" 200 37989
66.249.73.127 - - [22/Sep/2022:05:22:11 -0500] "-" 408 -
172.22.2.4 - - [22/Sep/2022:05:21:16 -0500] "HEAD /BLA/boletinlegal/ HTTP/1.1" 200 -
172.22.2.4 - - [22/Sep/2022:05:22:06 -0500] "GET /BLA/boletinlegal/ HTTP/1.1" 200 54003
34.90.147.91 - - [22/Sep/2022:05:25:06 -0500] "GET / HTTP/1.1" 200 319
34.90.147.91 - - [22/Sep/2022:05:25:06 -0500] "GET / HTTP/1.1" 200 4720
216.245.221.92 - - [22/Sep/2022:05:25:14 -0500] "HEAD / HTTP/1.1" 200 -
201.245.192.253 - - [22/Sep/2022:05:25:38 -0500] "POST /kwsrmcab/Wsrmcab  HTTP/1.1" 200 37989
172.22.2.4 - - [22/Sep/2022:05:25:43 -0500] "GET /BLA/boletinlegal/robots.txt HTTP/1.1" 404 1038
172.22.2.4 - - [22/Sep/2022:05:25:43 -0500] "GET /BLA/boletinlegal/jurisprudencia/analisis/AnalisisT-146-16.docx HTTP/1.1" 304 -
172.22.2.4 - - [22/Sep/2022:05:26:37 -0500] "GET /BLA/boletinlegal/conceptos.php HTTP/1.1" 200 7443
172.22.2.4 - - [22/Sep/2022:05:26:37 -0500] "GET /BLA/boletinlegal/js/ajax_conceptos.js HTTP/1.1" 200 1326
172.22.2.4 - - [22/Sep/2022:05:26:37 -0500] "GET /BLA/boletinlegal/niceforms.js HTTP/1.1" 200 22876
172.22.2.4 - - [22/Sep/2022:05:26:37 -0500] "GET /BLA/boletinlegal/niceforms-default.css HTTP/1.1" 200 6694
172.22.2.4 - - [22/Sep/2022:05:26:37 -0500] "GET /BLA/boletinlegal/style.css HTTP/1.1" 200 9406
172.22.2.4 - - [22/Sep/2022:05:26:37 -0500] "GET /BLA/boletinlegal/images/cabezote%20BLEGAL.jpg HTTP/1.1" 200 118164
172.22.2.4 - - [22/Sep/2022:05:26:37 -0500] "GET /BLA/boletinlegal/styles2.css HTTP/1.1" 200 1838
172.22.2.4 - - [22/Sep/2022:05:26:37 -0500] "GET /BLA/boletinlegal/images/subscribe-icon-big.png HTTP/1.1" 200 47702
172.22.2.4 - - [22/Sep/2022:05:26:37 -0500] "GET /BLA/boletinlegal/images/historia.png HTTP/1.1" 200 52775
172.22.2.4 - - [22/Sep/2022:05:26:37 -0500] "GET /BLA/boletinlegal/images/registro-usuarios.png HTTP/1.1" 200 8106
172.22.2.4 - - [22/Sep/2022:05:26:37 -0500] "GET /BLA/boletinlegal/images/body_bg.jpg HTTP/1.1" 200 1601
