172.22.2.4 - - [22/Sep/2022:05:26:37 -0500] "GET /BLA/boletinlegal/images/footer_bg.jpg HTTP/1.1" 200 586
172.22.2.4 - - [22/Sep/2022:05:26:37 -0500] "GET /BLA/boletinlegal/images/menu_lft.gif HTTP/1.1" 200 1713
172.22.2.4 - - [22/Sep/2022:05:26:37 -0500] "GET /BLA/boletinlegal/images/menu_rght.gif HTTP/1.1" 200 1627
172.22.2.4 - - [22/Sep/2022:05:26:37 -0500] "GET /BLA/boletinlegal/images/bg_top.jpg HTTP/1.1" 200 522
172.22.2.4 - - [22/Sep/2022:05:26:37 -0500] "GET /BLA/boletinlegal/images/menu_bg.jpg HTTP/1.1" 200 620
172.22.2.4 - - [22/Sep/2022:05:26:37 -0500] "GET /BLA/boletinlegal/images/text.jpg HTTP/1.1" 200 568
172.22.2.4 - - [22/Sep/2022:05:26:37 -0500] "GET /BLA/boletinlegal/images/abajo.png HTTP/1.1" 200 96676
172.22.2.4 - - [22/Sep/2022:05:26:37 -0500] "GET /BLA/boletinlegal/images/hover.jpg HTTP/1.1" 200 640
172.22.2.4 - - [22/Sep/2022:05:26:37 -0500] "GET /BLA/boletinlegal/images/tel.png HTTP/1.1" 200 14477
172.22.2.4 - - [22/Sep/2022:05:26:37 -0500] "GET /BLA/boletinlegal/images/icono-email.png HTTP/1.1" 200 5544
172.22.2.4 - - [22/Sep/2022:05:26:37 -0500] "GET /BLA/boletinlegal/images/footer_bg_l.jpg HTTP/1.1" 200 776
172.22.2.4 - - [22/Sep/2022:05:26:37 -0500] "GET /BLA/boletinlegal/img/0.png HTTP/1.1" 200 110
172.22.2.4 - - [22/Sep/2022:05:26:37 -0500] "GET /BLA/boletinlegal/img/select-left.png HTTP/1.1" 200 263
172.22.2.4 - - [22/Sep/2022:05:26:37 -0500] "GET /BLA/boletinlegal/img/select-right.png HTTP/1.1" 200 44019
172.22.2.4 - - [22/Sep/2022:05:26:37 -0500] "GET /BLA/boletinlegal/img/button.png HTTP/1.1" 200 43241
172.22.2.4 - - [22/Sep/2022:05:26:37 -0500] "GET /BLA/boletinlegal/img/button-left.png HTTP/1.1" 200 57071
172.22.2.4 - - [22/Sep/2022:05:26:37 -0500] "GET /BLA/boletinlegal/img/button-right.png HTTP/1.1" 200 57878
172.22.2.4 - - [22/Sep/2022:05:26:37 -0500] "GET /BLA/boletinlegal/favicon.ico HTTP/1.1" 404 1334
157.55.39.25 - - [22/Sep/2022:05:28:36 -0500] "GET /bla/resoluciones/autos%202013/0308.pdf HTTP/1.1" 200 2583311
157.55.39.25 - - [22/Sep/2022:05:28:38 -0500] "GET /BLA/resoluciones/00000345.tif HTTP/1.1" 404 1018
172.22.2.4 - - [22/Sep/2022:05:27:06 -0500] "HEAD /BLA/boletinlegal/ HTTP/1.1" 200 -
172.22.2.4 - - [22/Sep/2022:05:29:19 -0500] "GET /BLA/boletinlegal/actos.php HTTP/1.1" 200 9559
172.22.2.4 - - [22/Sep/2022:05:29:19 -0500] "GET /BLA/boletinlegal/js/lib.js HTTP/1.1" 200 6474
172.22.2.4 - - [22/Sep/2022:05:29:19 -0500] "GET /BLA/boletinlegal/js/popup.js HTTP/1.1" 200 1270
172.22.2.4 - - [22/Sep/2022:05:29:19 -0500] "GET /BLA/boletinlegal/js/jquery1.js HTTP/1.1" 200 29846
172.22.2.4 - - [22/Sep/2022:05:29:19 -0500] "GET /BLA/boletinlegal/js/ajax_actos.js HTTP/1.1" 200 1322
172.22.2.4 - - [22/Sep/2022:05:29:19 -0500] "GET /BLA/boletinlegal/images/green-yellow-blue-pink-th.png HTTP/1.1" 200 7394
201.245.192.253 - - [22/Sep/2022:05:29:20 -0500] "POST /kwsrmcab/Wsrmcab HTTP/1.1" 200 41995
201.245.192.253 - - [22/Sep/2022:05:29:24 -0500] "POST /kwsrmcab/Wsrmcab HTTP/1.1" 200 42792
173.252.87.120 - - [22/Sep/2022:05:29:34 -0500] "GET /caminos-de-los-cerros-espacios-naturales-seguros-para-cuidar-la-salud-fisica-y-mental-de-los-ciudadanos.html HTTP/1.1" 206 1139
172.22.2.4 - - [22/Sep/2022:05:27:56 -0500] "GET /BLA/boletinlegal/ HTTP/1.1" 200 52877
173.252.87.8 - - [22/Sep/2022:05:29:37 -0500] "GET /images/Quebrada1.jpg HTTP/1.1" 200 77711
172.22.2.4 - - [22/Sep/2022:05:29:58 -0500] "GET /BLA/boletinlegal/consulta_actos.php?tipo=autos&no=5768&usuario=&sector=VERTIMIENTOS&fecha=2022&resuelve= HTTP/1.1" 200 626
216.245.221.92 - - [22/Sep/2022:05:30:14 -0500] "HEAD / HTTP/1.1" 200 -
172.22.2.4 - - [22/Sep/2022:05:30:15 -0500] "GET /BLA/boletinlegal/consulta_actos.php?tipo=autos&no=5768&usuario=&sector=VERTIMIENTOS&fecha=2022&resuelve= HTTP/1.1" 200 626
201.245.192.253 - - [22/Sep/2022:05:30:37 -0500] "POST /kwsrmcab/Wsrmcab  HTTP/1.1" 200 37989
190.60.243.2 - - [22/Sep/2022:05:30:57 -0500] "GET /BLA/resoluciones/ HTTP/1.1" 200 13093
190.60.243.2 - - [22/Sep/2022:05:30:57 -0500] "GET /BLA/resoluciones/dlf/styles.css HTTP/1.1" 200 3049
190.60.243.2 - - [22/Sep/2022:05:30:57 -0500] "GET /BLA/resoluciones/dlf/folder.png HTTP/1.1" 200 410
190.60.243.2 - - [22/Sep/2022:05:30:57 -0500] "GET /BLA/resoluciones/dlf/bg.gif HTTP/1.1" 200 54
190.60.243.2 - - [22/Sep/2022:05:30:57 -0500] "GET /favicon.ico HTTP/1.1" 200 7782
190.60.243.2 - - [22/Sep/2022:05:31:05 -0500] "GET /BLA/resoluciones/index.php?dir=AUTOS+2022%2F HTTP/1.1" 200 265926
190.60.243.2 - - [22/Sep/2022:05:31:05 -0500] "GET /BLA/resoluciones/dlf/dirup.png HTTP/1.1" 200 644
190.60.243.2 - - [22/Sep/2022:05:31:05 -0500] "GET /BLA/resoluciones/dlf/pdf.gif HTTP/1.1" 200 272
190.60.243.2 - - [22/Sep/2022:05:31:21 -0500] "GET /BLA/resoluciones/AUTOS%202022/0703.pdf HTTP/1.1" 200 659485
157.55.39.25 - - [22/Sep/2022:05:32:04 -0500] "GET /BLA/resoluciones/00000330.tif HTTP/1.1" 404 1018
190.60.243.2 - - [22/Sep/2022:05:32:12 -0500] "GET /BLA/resoluciones/AUTOS%202022/5798.pdf HTTP/1.1" 200 313231
185.119.81.97 - - [22/Sep/2022:05:32:44 -0500] "GET /portaldeninos/wp-login.php HTTP/1.1" 200 2592
185.119.81.97 - - [22/Sep/2022:05:32:45 -0500] "POST /portaldeninos/wp-login.php HTTP/1.1" 200 3670
157.55.39.25 - - [22/Sep/2022:05:33:03 -0500] "GET /galeria/nivo-slider/demo/banner.html HTTP/1.1" 200 5446
172.22.2.4 - - [22/Sep/2022:05:33:38 -0500] "GET /BLA/boletinlegal/Directivas/2022/DIRECTIVA%20No.%2000001%20DEL%2015%20DE%20JUNIO%20DEL%202022.pdf HTTP/1.1" 304 -
172.22.2.4 - - [22/Sep/2022:05:33:52 -0500] "GET /BLA/boletinlegal/conceptos.php HTTP/1.1" 200 7443
172.22.2.4 - - [22/Sep/2022:05:34:09 -0500] "GET /BLA/boletinlegal/consulta_conceptos.php?no=7669&solicitante=&radicado_entrada=&fecha_concepto=2022&objeto= HTTP/1.1" 200 570
172.22.2.4 - - [22/Sep/2022:05:34:32 -0500] "GET /BLA/boletinlegal/sugerencias.php HTTP/1.1" 200 8615
172.22.2.4 - - [22/Sep/2022:05:34:32 -0500] "GET /BLA/boletinlegal/js/jquery.scrollTo-min.js HTTP/1.1" 200 1150
172.22.2.4 - - [22/Sep/2022:05:34:32 -0500] "GET /BLA/boletinlegal/js/jquery.scrollShow.js HTTP/1.1" 200 4586
172.22.2.4 - - [22/Sep/2022:05:34:32 -0500] "GET /BLA/boletinlegal/js/jquery.js HTTP/1.1" 200 57254
172.22.2.4 - - [22/Sep/2022:05:32:56 -0500] "HEAD /BLA/boletinlegal/ HTTP/1.1" 200 -
172.22.2.4 - - [22/Sep/2022:05:35:05 -0500] "GET /BLA/boletinlegal/consulta_conceptos.php?no=7669&solicitante=&radicado_entrada=&fecha_concepto=2022&objeto= HTTP/1.1" 200 570
172.22.2.4 - - [22/Sep/2022:05:35:06 -0500] "GET /BLA/boletinlegal/consulta_conceptos.php?no=7669&solicitante=&radicado_entrada=&fecha_concepto=2022&objeto= HTTP/1.1" 200 570
216.245.221.92 - - [22/Sep/2022:05:35:14 -0500] "HEAD / HTTP/1.1" 200 -
172.22.2.4 - - [22/Sep/2022:05:33:46 -0500] "GET /BLA/boletinlegal/ HTTP/1.1" 200 60281
201.245.192.253 - - [22/Sep/2022:05:35:36 -0500] "POST /kwsrmcab/Wsrmcab  HTTP/1.1" 200 37989
172.22.2.4 - - [22/Sep/2022:05:36:18 -0500] "GET /BLA/boletinlegal/conceptos.php HTTP/1.1" 200 7443
172.22.2.4 - - [22/Sep/2022:05:36:37 -0500] "GET /BLA/boletinlegal/consulta_conceptos.php?no=7669&solicitante=&radicado_entrada=&fecha_concepto=2022&objeto= HTTP/1.1" 200 570
172.22.2.4 - - [22/Sep/2022:05:36:50 -0500] "GET /BLA/boletinlegal/sugerencias.php HTTP/1.1" 200 8615
172.22.2.4 - - [22/Sep/2022:05:36:55 -0500] "GET /BLA/boletinlegal/registro/assets/css/contact.css HTTP/1.1" 200 3025
172.22.2.4 - - [22/Sep/2022:05:36:55 -0500] "GET /BLA/boletinlegal/registro/assets/css/lay.css HTTP/1.1" 200 588
172.22.2.4 - - [22/Sep/2022:05:36:55 -0500] "GET /BLA/boletinlegal/registro/index.php HTTP/1.1" 200 3151
172.22.2.4 - - [22/Sep/2022:05:36:55 -0500] "GET /BLA/boletinlegal/registro/assets/img/contact/ajax-loader.gif HTTP/1.1" 200 673
172.22.2.4 - - [22/Sep/2022:05:36:55 -0500] "GET /BLA/boletinlegal/registro/assets/img/lay/bg.jpg HTTP/1.1" 200 309
172.22.2.4 - - [22/Sep/2022:05:36:55 -0500] "GET /BLA/boletinlegal/registro/assets/img/lay/center.jpg HTTP/1.1" 200 480
172.22.2.4 - - [22/Sep/2022:05:36:55 -0500] "GET /BLA/boletinlegal/registro/assets/img/contact/user_suit.png HTTP/1.1" 200 748
172.22.2.4 - - [22/Sep/2022:05:36:55 -0500] "GET /BLA/boletinlegal/registro/assets/img/contact/email.png HTTP/1.1" 200 641
172.22.2.4 - - [22/Sep/2022:05:36:55 -0500] "GET /BLA/boletinlegal/registro/assets/img/lay/top.jpg HTTP/1.1" 200 17190
172.22.2.4 - - [22/Sep/2022:05:36:55 -0500] "GET /BLA/boletinlegal/registro/assets/img/contact/send_button.png HTTP/1.1" 200 256
172.22.2.4 - - [22/Sep/2022:05:36:55 -0500] "GET /BLA/boletinlegal/registro/assets/img/lay/bot.jpg HTTP/1.1" 200 1641
172.22.2.4 - - [22/Sep/2022:05:36:55 -0500] "GET /BLA/boletinlegal/registro/captcha.php HTTP/1.1" 200 1714
172.22.2.4 - - [22/Sep/2022:05:37:03 -0500] "GET /BLA/boletinlegal/conceptos.php HTTP/1.1" 200 7443
172.22.2.4 - - [22/Sep/2022:05:37:05 -0500] "GET /BLA/boletinlegal/jurisprudencia.php HTTP/1.1" 200 17573
172.22.2.4 - - [22/Sep/2022:05:37:05 -0500] "GET /BLA/boletinlegal/images/jurisprudencia.png HTTP/1.1" 200 66721
172.22.2.4 - - [22/Sep/2022:05:37:05 -0500] "GET /BLA/boletinlegal/images/sub_ul_li.gif HTTP/1.1" 200 343
172.22.2.4 - - [22/Sep/2022:05:37:07 -0500] "GET /BLA/boletinlegal/doctrina.php HTTP/1.1" 200 5604
172.22.2.4 - - [22/Sep/2022:05:37:07 -0500] "GET /BLA/boletinlegal/js/ajax_doctrina.js HTTP/1.1" 200 772
172.22.2.4 - - [22/Sep/2022:05:37:08 -0500] "GET /BLA/boletinlegal/actos.php HTTP/1.1" 200 9559
172.22.2.4 - - [22/Sep/2022:05:37:20 -0500] "GET /BLA/boletinlegal/consulta_actos.php?tipo=autos&no=5768&usuario=&sector=&fecha=2022&resuelve= HTTP/1.1" 200 626
172.22.2.4 - - [22/Sep/2022:05:37:26 -0500] "GET /BLA/boletinlegal/conceptos.php HTTP/1.1" 200 7443
172.22.2.4 - - [22/Sep/2022:05:37:41 -0500] "GET /BLA/boletinlegal/consulta_conceptos.php?no=7669&solicitante=&radicado_entrada=&fecha_concepto=2022&objeto= HTTP/1.1" 200 570
35.208.187.63 - - [22/Sep/2022:05:38:28 -0500] "HEAD /BLA/resoluciones/RESOLUCIONES%202017/0520.pdf HTTP/1.1" 200 -
172.22.2.4 - - [22/Sep/2022:05:38:32 -0500] "GET /BLA/boletinlegal/consulta_conceptos.php?no=7669&solicitante=&radicado_entrada=&fecha_concepto=2022&objeto= HTTP/1.1" 200 570
172.22.2.4 - - [22/Sep/2022:05:38:36 -0500] "GET /BLA/boletinlegal/jurisprudencia.php HTTP/1.1" 200 17573
172.22.2.4 - - [22/Sep/2022:05:38:37 -0500] "GET /BLA/boletinlegal/doctrina.php HTTP/1.1" 200 5604
172.22.2.4 - - [22/Sep/2022:05:38:38 -0500] "GET /BLA/boletinlegal/actos.php HTTP/1.1" 200 9559
172.22.2.4 - - [22/Sep/2022:05:38:48 -0500] "GET /BLA/boletinlegal/conceptos.php HTTP/1.1" 200 7443
172.22.2.4 - - [22/Sep/2022:05:38:58 -0500] "GET /BLA/boletinlegal/consulta_conceptos.php?no=7669&solicitante=&radicado_entrada=&fecha_concepto=2022&objeto= HTTP/1.1" 200 570
172.22.2.4 - - [22/Sep/2022:05:39:13 -0500] "GET /BLA/boletinlegal/js/ajax_normativa.js HTTP/1.1" 200 1154
172.22.2.4 - - [22/Sep/2022:05:39:13 -0500] "GET /BLA/boletinlegal/normativa.php HTTP/1.1" 200 8326
172.22.2.4 - - [22/Sep/2022:05:39:16 -0500] "GET /BLA/boletinlegal/consulta_normativa.php?tipo=&sector=Aire&ano=&resuelve= HTTP/1.1" 200 949
172.22.2.4 - - [22/Sep/2022:05:39:16 -0500] "GET /BLA/boletinlegal/images/docs.png HTTP/1.1" 200 10288
201.245.192.253 - - [22/Sep/2022:05:39:20 -0500] "POST /kwsrmcab/Wsrmcab HTTP/1.1" 200 41995
201.245.192.253 - - [22/Sep/2022:05:39:24 -0500] "POST /kwsrmcab/Wsrmcab HTTP/1.1" 200 42792
172.22.2.4 - - [22/Sep/2022:05:39:32 -0500] "GET /BLA/boletinlegal/consulta_normativa.php?tipo=&sector=vertimientos&ano=&resuelve= HTTP/1.1" 200 12054
172.22.2.4 - - [22/Sep/2022:05:39:32 -0500] "GET /BLA/boletinlegal/images/background.gif HTTP/1.1" 200 -
172.22.2.4 - - [22/Sep/2022:05:39:51 -0500] "GET /BLA/boletinlegal/consulta_normativa.php?tipo=&sector=Aire&ano=&resuelve= HTTP/1.1" 200 949
190.60.243.2 - - [22/Sep/2022:05:39:54 -0500] "GET /bla/resoluciones/RESOLUCIONES%202009/4955.pdf HTTP/1.1" 200 879460
216.245.221.92 - - [22/Sep/2022:05:40:14 -0500] "HEAD / HTTP/1.1" 200 -
205.169.39.171 - - [22/Sep/2022:05:40:24 -0500] "GET /portaldeninos/wp-includes/js/wp-emoji-release.min.js?ver=4.9.8 HTTP/1.1" 200 12026
205.169.39.171 - - [22/Sep/2022:05:40:24 -0500] "GET /portaldeninos/wp-content/plugins/google-analytics-for-wordpress/assets/js/frontend-gtag.min.js?ver=8.5.0 HTTP/1.1" 200 11801
205.169.39.171 - - [22/Sep/2022:05:40:25 -0500] "GET /portaldeninos/wp-includes/js/jquery/jquery.js?ver=1.12.4 HTTP/1.1" 200 97184
205.169.39.171 - - [22/Sep/2022:05:40:25 -0500] "GET /portaldeninos/wp-includes/js/jquery/jquery-migrate.min.js?ver=1.4.1 HTTP/1.1" 200 10056
205.169.39.171 - - [22/Sep/2022:05:40:25 -0500] "GET /portaldeninos/wp-includes/js/jquery/ui/core.min.js?ver=1.11.4 HTTP/1.1" 200 4000
205.169.39.171 - - [22/Sep/2022:05:40:25 -0500] "GET /portaldeninos/wp-content/plugins/gallery-videos/JS/modernizr.custom.js?ver=4.9.8 HTTP/1.1" 200 9019
205.169.39.171 - - [22/Sep/2022:05:40:25 -0500] "GET /portaldeninos/wp-content/plugins/gallery-videos/JS/Total-Soft-Gallery-Video-Widget.js?ver=4.9.8 HTTP/1.1" 200 80264
205.169.39.171 - - [22/Sep/2022:05:40:26 -0500] "GET /portaldeninos/wp-includes/js/jquery/ui/widget.min.js?ver=1.11.4 HTTP/1.1" 200 6908
205.169.39.171 - - [22/Sep/2022:05:40:26 -0500] "GET /portaldeninos/wp-includes/js/jquery/ui/mouse.min.js?ver=1.11.4 HTTP/1.1" 200 3148
172.22.2.4 - - [22/Sep/2022:05:38:46 -0500] "HEAD /BLA/boletinlegal/ HTTP/1.1" 200 -
205.169.39.171 - - [22/Sep/2022:05:40:26 -0500] "GET /portaldeninos/wp-includes/js/jquery/ui/sortable.min.js?ver=1.11.4 HTTP/1.1" 200 24899
205.169.39.171 - - [22/Sep/2022:05:40:26 -0500] "GET /portaldeninos/wp-includes/js/jquery/ui/tabs.min.js?ver=1.11.4 HTTP/1.1" 200 12110
205.169.39.171 - - [22/Sep/2022:05:40:27 -0500] "GET /portaldeninos/wp-includes/js/jquery/ui/accordion.min.js?ver=1.11.4 HTTP/1.1" 200 8584
205.169.39.171 - - [22/Sep/2022:05:40:27 -0500] "GET /portaldeninos/wp-content/themes/betheme/js/plugins.js?ver=20.9.6 HTTP/1.1" 200 197151
205.169.39.171 - - [22/Sep/2022:05:40:27 -0500] "GET /portaldeninos/wp-content/themes/betheme/js/menu.js?ver=20.9.6 HTTP/1.1" 200 2449
205.169.39.171 - - [22/Sep/2022:05:40:27 -0500] "GET /portaldeninos/wp-content/themes/betheme/assets/animations/animations.min.js?ver=20.9.6 HTTP/1.1" 200 1896
205.169.39.171 - - [22/Sep/2022:05:40:27 -0500] "GET /portaldeninos/wp-content/themes/betheme/assets/jplayer/jplayer.min.js?ver=20.9.6 HTTP/1.1" 200 52702
205.169.39.171 - - [22/Sep/2022:05:40:28 -0500] "GET /portaldeninos/wp-content/themes/betheme/js/scripts.js?ver=20.9.6 HTTP/1.1" 200 77162
205.169.39.171 - - [22/Sep/2022:05:40:28 -0500] "GET /portaldeninos/wp-includes/js/wp-embed.min.js?ver=4.9.8 HTTP/1.1" 200 1398
172.22.2.4 - - [22/Sep/2022:05:40:29 -0500] "GET /BLA/boletinlegal/consulta_normativa.php?tipo=&sector=vertimientos&ano=&resuelve= HTTP/1.1" 200 12054
201.245.192.253 - - [22/Sep/2022:05:40:35 -0500] "POST /kwsrmcab/Wsrmcab  HTTP/1.1" 200 37989
172.22.2.4 - - [22/Sep/2022:05:39:36 -0500] "GET /BLA/boletinlegal/ HTTP/1.1" 200 58163
114.119.148.4 - - [22/Sep/2022:05:41:56 -0500] "-" 408 -
157.55.39.200 - - [22/Sep/2022:05:42:56 -0500] "GET /BLA/resoluciones/RESOLUCIONES%202021/0561.pdf HTTP/1.1" 200 523712
157.55.39.25 - - [22/Sep/2022:05:43:04 -0500] "GET /BLA/resoluciones/0986.tif HTTP/1.1" 404 1018
157.55.39.25 - - [22/Sep/2022:05:43:05 -0500] "GET /bla/resoluciones/autos%202021/5766.pdf HTTP/1.1" 200 358420
207.46.13.86 - - [22/Sep/2022:05:43:23 -0500] "GET /BLA/resoluciones/00000320.tif HTTP/1.1" 404 1018
216.245.221.92 - - [22/Sep/2022:05:45:14 -0500] "HEAD / HTTP/1.1" 200 -
201.245.192.253 - - [22/Sep/2022:05:45:34 -0500] "POST /kwsrmcab/Wsrmcab  HTTP/1.1" 200 37989
172.22.2.4 - - [22/Sep/2022:05:44:36 -0500] "HEAD /BLA/boletinlegal/ HTTP/1.1" 200 -
193.118.53.194 - - [22/Sep/2022:05:46:56 -0500] "GET /portaldeninos/ HTTP/1.1" 200 110197
172.22.2.4 - - [22/Sep/2022:05:45:26 -0500] "GET /BLA/boletinlegal/ HTTP/1.1" 200 59828
172.22.2.4 - - [22/Sep/2022:05:47:09 -0500] "GET /BLA/boletinlegal/consulta_normativa.php?tipo=&sector=residuos&ano=&resuelve= HTTP/1.1" 200 20100
157.55.39.200 - - [22/Sep/2022:05:48:46 -0500] "GET /BLA/resoluciones/00000310.tif HTTP/1.1" 404 1018
40.77.189.120 - - [22/Sep/2022:05:49:01 -0500] "GET /galeria/nivo-slider/themes/pascal/pascal.css HTTP/1.1" 200 2258
216.245.221.92 - - [22/Sep/2022:05:50:14 -0500] "HEAD / HTTP/1.1" 200 -
201.245.192.253 - - [22/Sep/2022:05:50:32 -0500] "POST /kwsrmcab/Wsrmcab  HTTP/1.1" 200 37989
172.22.2.4 - - [22/Sep/2022:05:50:26 -0500] "HEAD /BLA/boletinlegal/ HTTP/1.1" 200 -
172.22.2.4 - - [22/Sep/2022:05:52:23 -0500] "GET /BLA/boletinlegal/wp-admin/css/ HTTP/1.1" 404 1148
172.22.2.4 - - [22/Sep/2022:05:52:31 -0500] "GET /BLA/boletinlegal/.well-known/ HTTP/1.1" 404 1148
172.22.2.4 - - [22/Sep/2022:05:52:41 -0500] "GET /BLA/boletinlegal/sites/default/files/ HTTP/1.1" 404 1148
172.22.2.4 - - [22/Sep/2022:05:52:45 -0500] "GET /BLA/boletinlegal/admin/controller/extension/extension/ HTTP/1.1" 404 1148
172.22.2.4 - - [22/Sep/2022:05:52:51 -0500] "GET /BLA/boletinlegal/uploads/ HTTP/1.1" 404 1148
172.22.2.4 - - [22/Sep/2022:05:52:55 -0500] "GET /BLA/boletinlegal/images/ HTTP/1.1" 200 527
172.22.2.4 - - [22/Sep/2022:05:51:16 -0500] "GET /BLA/boletinlegal/ HTTP/1.1" 200 52877
172.22.2.4 - - [22/Sep/2022:05:53:02 -0500] "GET /BLA/boletinlegal/files/ HTTP/1.1" 404 1148
185.119.81.102 - - [22/Sep/2022:05:53:37 -0500] "GET /portaldeninos/wp-login.php HTTP/1.1" 200 2592
185.119.81.102 - - [22/Sep/2022:05:53:38 -0500] "POST /portaldeninos/wp-login.php HTTP/1.1" 200 3650
207.46.13.86 - - [22/Sep/2022:05:55:04 -0500] "GET /BLA/resoluciones/RESOLUCIONES%202002/RES%202002%20301-350/00000304.tif HTTP/1.1" 200 80338
216.245.221.92 - - [22/Sep/2022:05:55:14 -0500] "HEAD / HTTP/1.1" 200 -
201.245.192.253 - - [22/Sep/2022:05:55:32 -0500] "POST /kwsrmcab/Wsrmcab  HTTP/1.1" 200 37989
172.22.2.4 - - [22/Sep/2022:05:56:16 -0500] "HEAD /BLA/boletinlegal/ HTTP/1.1" 200 -
172.22.2.4 - - [22/Sep/2022:05:57:06 -0500] "GET /BLA/boletinlegal/ HTTP/1.1" 200 60281
216.245.221.92 - - [22/Sep/2022:06:00:14 -0500] "HEAD / HTTP/1.1" 200 -
201.245.192.253 - - [22/Sep/2022:06:00:31 -0500] "POST /kwsrmcab/Wsrmcab  HTTP/1.1" 200 37989
157.55.39.200 - - [22/Sep/2022:06:02:19 -0500] "GET /BLA/resoluciones/AUTOS%202022/2844.pdf HTTP/1.1" 200 297035
172.22.2.4 - - [22/Sep/2022:06:02:06 -0500] "HEAD /BLA/boletinlegal/ HTTP/1.1" 200 -
172.22.2.4 - - [22/Sep/2022:06:03:54 -0500] "GET /BLA/boletinlegal/jurisprudencia/analisis/CUADRO%20SENTENCIA%20C-245%20DE%202004.doc HTTP/1.1" 304 -
172.22.2.4 - - [22/Sep/2022:06:04:20 -0500] "GET /BLA/boletinlegal/actuator/health HTTP/1.1" 404 1018
172.22.2.4 - - [22/Sep/2022:06:02:56 -0500] "GET /BLA/boletinlegal/ HTTP/1.1" 200 58163
216.245.221.92 - - [22/Sep/2022:06:05:14 -0500] "HEAD / HTTP/1.1" 200 -
201.245.192.253 - - [22/Sep/2022:06:05:30 -0500] "POST /kwsrmcab/Wsrmcab  HTTP/1.1" 200 37989
157.55.39.200 - - [22/Sep/2022:06:05:58 -0500] "GET /BLA/resoluciones/RESOLUCIONES%202005/00001072.tif HTTP/1.1" 200 314290
172.22.2.4 - - [22/Sep/2022:06:07:56 -0500] "HEAD /BLA/boletinlegal/ HTTP/1.1" 200 -
216.245.221.92 - - [22/Sep/2022:06:10:14 -0500] "HEAD / HTTP/1.1" 200 -
66.249.73.97 - - [22/Sep/2022:06:10:18 -0500] "-" 408 -
172.22.2.4 - - [22/Sep/2022:06:08:46 -0500] "GET /BLA/boletinlegal/ HTTP/1.1" 200 59828
201.245.192.253 - - [22/Sep/2022:06:10:29 -0500] "POST /kwsrmcab/Wsrmcab  HTTP/1.1" 200 37989
216.245.221.92 - - [22/Sep/2022:06:15:14 -0500] "HEAD / HTTP/1.1" 200 -
172.22.2.4 - - [22/Sep/2022:06:13:46 -0500] "HEAD /BLA/boletinlegal/ HTTP/1.1" 200 -
201.245.192.253 - - [22/Sep/2022:06:15:29 -0500] "POST /kwsrmcab/Wsrmcab  HTTP/1.1" 200 37989
207.46.13.131 - - [22/Sep/2022:06:15:56 -0500] "GET /BLA/boletinlegal/images/signo-menos.gif HTTP/1.1" 200 13454
154.89.5.100 - - [22/Sep/2022:06:16:09 -0500] "GET / HTTP/1.0" 200 319
172.22.2.4 - - [22/Sep/2022:06:14:36 -0500] "GET /BLA/boletinlegal/ HTTP/1.1" 200 60281
201.245.192.253 - - [22/Sep/2022:06:19:20 -0500] "POST /kwsrmcab/Wsrmcab HTTP/1.1" 200 42151
201.245.192.253 - - [22/Sep/2022:06:19:23 -0500] "POST /kwsrmcab/Wsrmcab HTTP/1.1" 200 42962
216.245.221.92 - - [22/Sep/2022:06:20:14 -0500] "HEAD / HTTP/1.1" 200 -
201.245.192.253 - - [22/Sep/2022:06:20:28 -0500] "POST /kwsrmcab/Wsrmcab  HTTP/1.1" 200 37989
185.119.81.101 - - [22/Sep/2022:06:20:46 -0500] "GET /portaldeninos/wp-login.php HTTP/1.1" 200 2592
185.119.81.101 - - [22/Sep/2022:06:20:47 -0500] "POST /portaldeninos/wp-login.php HTTP/1.1" 200 3605
172.22.2.4 - - [22/Sep/2022:06:19:36 -0500] "HEAD /BLA/boletinlegal/ HTTP/1.1" 200 -
172.22.2.4 - - [22/Sep/2022:06:20:26 -0500] "GET /BLA/boletinlegal/ HTTP/1.1" 200 56376
216.245.221.92 - - [22/Sep/2022:06:25:14 -0500] "HEAD / HTTP/1.1" 200 -
201.245.192.253 - - [22/Sep/2022:06:25:26 -0500] "POST /kwsrmcab/Wsrmcab  HTTP/1.1" 200 37989
172.22.2.4 - - [22/Sep/2022:06:25:26 -0500] "HEAD /BLA/boletinlegal/ HTTP/1.1" 200 -
172.22.2.4 - - [22/Sep/2022:06:26:16 -0500] "GET /BLA/boletinlegal/ HTTP/1.1" 200 60281
117.241.72.50 - - [22/Sep/2022:06:28:06 -0500] "GET /catalogoisis/ HTTP/1.1" 200 8575
117.241.72.50 - - [22/Sep/2022:06:28:08 -0500] "GET /catalogoisis/ HTTP/1.1" 200 8575
157.55.39.188 - - [22/Sep/2022:06:28:39 -0500] "GET /forest/ HTTP/1.1" 200 12041
201.245.192.253 - - [22/Sep/2022:06:29:21 -0500] "POST /kwsrmcab/Wsrmcab HTTP/1.1" 200 42151
201.245.192.253 - - [22/Sep/2022:06:29:24 -0500] "POST /kwsrmcab/Wsrmcab HTTP/1.1" 200 42962
216.245.221.92 - - [22/Sep/2022:06:30:14 -0500] "HEAD / HTTP/1.1" 200 -
201.245.192.253 - - [22/Sep/2022:06:30:24 -0500] "POST /kwsrmcab/Wsrmcab  HTTP/1.1" 200 37989
172.22.2.4 - - [22/Sep/2022:06:31:11 -0500] "GET /BLA/boletinlegal/actos.php HTTP/1.1" 200 9559
172.22.2.4 - - [22/Sep/2022:06:31:11 -0500] "GET /BLA/boletinlegal/favicon.ico HTTP/1.1" 404 1326
213.194.145.89 - - [22/Sep/2022:06:31:16 -0500] "GET /BLA/resoluciones/ HTTP/1.1" 200 13093
172.22.2.4 - - [22/Sep/2022:06:31:08 -0500] "GET /BLA/boletinlegal/ HTTP/1.1" 200 24523
213.194.145.89 - - [22/Sep/2022:06:32:22 -0500] "GET /BLA/resoluciones/index.php?dir=AUTOS+2020%2F HTTP/1.1" 200 326329
213.194.145.89 - - [22/Sep/2022:06:32:48 -0500] "GET /BLA/resoluciones/AUTOS%202020/0943.pdf HTTP/1.1" 200 385024
172.22.2.4 - - [22/Sep/2022:06:31:16 -0500] "HEAD /BLA/boletinlegal/ HTTP/1.1" 200 -
213.194.145.89 - - [22/Sep/2022:06:33:27 -0500] "GET /BLA/resoluciones/ HTTP/1.1" 200 13093
213.194.145.89 - - [22/Sep/2022:06:33:29 -0500] "GET /BLA/resoluciones/index.php?dir=AUTOS+2020%2F HTTP/1.1" 200 326329
89.203.249.86 - - [22/Sep/2022:06:33:23 -0500] "POST /boaform/admin/formLogin HTTP/1.1" 404 1186
172.22.2.4 - - [22/Sep/2022:06:32:06 -0500] "GET /BLA/boletinlegal/ HTTP/1.1" 200 54356
172.22.2.4 - - [22/Sep/2022:06:34:12 -0500] "GET /BLA/boletinlegal/conceptos/2020/46.pdf HTTP/1.1" 200 350199
157.55.39.202 - - [22/Sep/2022:06:34:21 -0500] "GET /BLA/resoluciones/RESOLUCIONES%202021/1304.pdf HTTP/1.1" 200 508464
172.22.2.4 - - [22/Sep/2022:06:33:03 -0500] "GET /BLA/boletinlegal/ HTTP/1.1" 200 58575
216.245.221.92 - - [22/Sep/2022:06:35:13 -0500] "HEAD / HTTP/1.1" 200 -
201.245.192.253 - - [22/Sep/2022:06:35:23 -0500] "POST /kwsrmcab/Wsrmcab  HTTP/1.1" 200 37989
172.22.2.4 - - [22/Sep/2022:06:35:37 -0500] "GET /BLA/boletinlegal/conceptos.php HTTP/1.1" 200 7443
172.22.2.4 - - [22/Sep/2022:06:35:41 -0500] "GET /BLA/boletinlegal/conceptos.php HTTP/1.1" 200 7443
172.22.2.4 - - [22/Sep/2022:06:35:48 -0500] "GET /BLA/boletinlegal/actos.php HTTP/1.1" 200 9559
190.60.243.2 - - [22/Sep/2022:06:35:51 -0500] "GET /BLA/resoluciones/ HTTP/1.1" 200 13093
190.60.243.2 - - [22/Sep/2022:06:35:56 -0500] "GET /BLA/resoluciones/index.php?dir=AUTOS+2022%2F HTTP/1.1" 200 265926
172.22.2.4 - - [22/Sep/2022:06:36:01 -0500] "GET /BLA/boletinlegal/images/screen_2.png HTTP/1.1" 200 362502
172.22.2.4 - - [22/Sep/2022:06:36:01 -0500] "GET /BLA/boletinlegal/images/screen_3.png HTTP/1.1" 200 210620
172.22.2.4 - - [22/Sep/2022:06:36:01 -0500] "GET /BLA/boletinlegal/images/screen_5.png HTTP/1.1" 200 368876
172.22.2.4 - - [22/Sep/2022:06:36:02 -0500] "GET /BLA/boletinlegal/images/arr_r.jpg HTTP/1.1" 200 1998
172.22.2.4 - - [22/Sep/2022:06:36:09 -0500] "GET /BLA/boletinlegal/images/pdf.gif HTTP/1.1" 200 567
172.22.2.4 - - [22/Sep/2022:06:36:11 -0500] "GET /BLA/boletinlegal/style.css HTTP/1.1" 200 9406
172.22.2.4 - - [22/Sep/2022:06:36:11 -0500] "GET /BLA/boletinlegal/js/jquery.js HTTP/1.1" 200 57254
172.22.2.4 - - [22/Sep/2022:06:36:11 -0500] "GET /BLA/boletinlegal/styles2.css HTTP/1.1" 200 1838
172.22.2.4 - - [22/Sep/2022:06:36:11 -0500] "GET /BLA/boletinlegal/js/jquery.scrollTo-min.js HTTP/1.1" 200 1150
172.22.2.4 - - [22/Sep/2022:06:36:11 -0500] "GET /BLA/boletinlegal/js/jquery.scrollShow.js HTTP/1.1" 200 4586
172.22.2.4 - - [22/Sep/2022:06:36:11 -0500] "GET /BLA/boletinlegal/images/cabezote%20BLEGAL.jpg HTTP/1.1" 200 118164
172.22.2.4 - - [22/Sep/2022:06:36:11 -0500] "GET /BLA/boletinlegal/images/subscribe-icon-big.png HTTP/1.1" 200 47702
172.22.2.4 - - [22/Sep/2022:06:36:11 -0500] "GET /BLA/boletinlegal/images/registro-usuarios.png HTTP/1.1" 200 8106
172.22.2.4 - - [22/Sep/2022:06:36:11 -0500] "GET /BLA/boletinlegal/images/arr_l.jpg HTTP/1.1" 200 1979
172.22.2.4 - - [22/Sep/2022:06:36:11 -0500] "GET /BLA/boletinlegal/images/screen_1.png HTTP/1.1" 200 202547
172.22.2.4 - - [22/Sep/2022:06:36:11 -0500] "GET /BLA/boletinlegal/images/menu_lft.gif HTTP/1.1" 200 1713
172.22.2.4 - - [22/Sep/2022:06:36:11 -0500] "GET /BLA/boletinlegal/images/historia.png HTTP/1.1" 200 52775
172.22.2.4 - - [22/Sep/2022:06:36:11 -0500] "GET /BLA/boletinlegal/images/bg_top.jpg HTTP/1.1" 200 522
172.22.2.4 - - [22/Sep/2022:06:36:11 -0500] "GET /BLA/boletinlegal/images/body_bg.jpg HTTP/1.1" 200 1601
172.22.2.4 - - [22/Sep/2022:06:36:11 -0500] "GET /BLA/boletinlegal/images/launch.jpg HTTP/1.1" 200 14577
172.22.2.4 - - [22/Sep/2022:06:36:11 -0500] "GET /BLA/boletinlegal/images/hover.jpg HTTP/1.1" 200 640
172.22.2.4 - - [22/Sep/2022:06:36:11 -0500] "GET /BLA/boletinlegal/images/menu_bg.jpg HTTP/1.1" 200 620
172.22.2.4 - - [22/Sep/2022:06:36:11 -0500] "GET /BLA/boletinlegal/images/text.jpg HTTP/1.1" 200 568
172.22.2.4 - - [22/Sep/2022:06:36:11 -0500] "GET /BLA/boletinlegal/images/menu_rght.gif HTTP/1.1" 200 1627
172.22.2.4 - - [22/Sep/2022:06:36:21 -0500] "GET /BLA/boletinlegal/images/screen_2.png HTTP/1.1" 200 362502
172.22.2.4 - - [22/Sep/2022:06:36:21 -0500] "GET /BLA/boletinlegal/images/screen_3.png HTTP/1.1" 200 210620
172.22.2.4 - - [22/Sep/2022:06:36:21 -0500] "GET /BLA/boletinlegal/images/screen_5.png HTTP/1.1" 200 368876
172.22.2.4 - - [22/Sep/2022:06:36:21 -0500] "GET /BLA/boletinlegal/images/arr_r.jpg HTTP/1.1" 200 1998
172.22.2.4 - - [22/Sep/2022:06:36:21 -0500] "GET /BLA/boletinlegal/images/footer_bg.jpg HTTP/1.1" 200 586
66.249.73.127 - - [22/Sep/2022:06:36:22 -0500] "-" 408 -
172.22.2.4 - - [22/Sep/2022:06:36:29 -0500] "GET /BLA/boletinlegal/images/pdf.gif HTTP/1.1" 200 567
190.60.243.2 - - [22/Sep/2022:06:36:32 -0500] "GET /BLA/resoluciones/AUTOS%202022/6071.pdf HTTP/1.1" 200 371368
172.22.2.4 - - [22/Sep/2022:06:35:53 -0500] "GET /BLA/boletinlegal/ HTTP/1.1" 200 53640
172.22.2.4 - - [22/Sep/2022:06:37:50 -0500] "GET /BLA/boletinlegal/actos.php HTTP/1.1" 200 9559
172.22.2.4 - - [22/Sep/2022:06:37:50 -0500] "GET /BLA/boletinlegal/js/ajax_actos.js HTTP/1.1" 200 1322
172.22.2.4 - - [22/Sep/2022:06:37:50 -0500] "GET /BLA/boletinlegal/niceforms.js HTTP/1.1" 200 22876
172.22.2.4 - - [22/Sep/2022:06:37:50 -0500] "GET /BLA/boletinlegal/js/lib.js HTTP/1.1" 200 6474
172.22.2.4 - - [22/Sep/2022:06:37:50 -0500] "GET /BLA/boletinlegal/js/popup.js HTTP/1.1" 200 1270
172.22.2.4 - - [22/Sep/2022:06:37:50 -0500] "GET /BLA/boletinlegal/js/jquery1.js HTTP/1.1" 200 29846
172.22.2.4 - - [22/Sep/2022:06:37:50 -0500] "GET /BLA/boletinlegal/niceforms-default.css HTTP/1.1" 200 6694
172.22.2.4 - - [22/Sep/2022:06:37:50 -0500] "GET /BLA/boletinlegal/images/green-yellow-blue-pink-th.png HTTP/1.1" 200 7394
172.22.2.4 - - [22/Sep/2022:06:37:50 -0500] "GET /BLA/boletinlegal/images/tel.png HTTP/1.1" 200 14477
172.22.2.4 - - [22/Sep/2022:06:37:50 -0500] "GET /BLA/boletinlegal/images/abajo.png HTTP/1.1" 200 96676
172.22.2.4 - - [22/Sep/2022:06:37:50 -0500] "GET /BLA/boletinlegal/images/icono-email.png HTTP/1.1" 200 5544
172.22.2.4 - - [22/Sep/2022:06:37:50 -0500] "GET /BLA/boletinlegal/images/footer_bg_l.jpg HTTP/1.1" 200 776
172.22.2.4 - - [22/Sep/2022:06:37:50 -0500] "GET /BLA/boletinlegal/img/0.png HTTP/1.1" 200 110
172.22.2.4 - - [22/Sep/2022:06:37:50 -0500] "GET /BLA/boletinlegal/img/select-left.png HTTP/1.1" 200 263
172.22.2.4 - - [22/Sep/2022:06:37:50 -0500] "GET /BLA/boletinlegal/img/button-right.png HTTP/1.1" 200 57878
172.22.2.4 - - [22/Sep/2022:06:37:50 -0500] "GET /BLA/boletinlegal/img/button.png HTTP/1.1" 200 43241
172.22.2.4 - - [22/Sep/2022:06:37:50 -0500] "GET /BLA/boletinlegal/img/select-right.png HTTP/1.1" 200 44019
172.22.2.4 - - [22/Sep/2022:06:37:50 -0500] "GET /BLA/boletinlegal/img/button-left.png HTTP/1.1" 200 57071
172.22.2.4 - - [22/Sep/2022:06:37:50 -0500] "GET /BLA/boletinlegal/favicon.ico HTTP/1.1" 404 1326
172.22.2.4 - - [22/Sep/2022:06:36:11 -0500] "GET /BLA/boletinlegal/ HTTP/1.1" 200 53290
172.22.2.4 - - [22/Sep/2022:06:37:53 -0500] "GET /BLA/boletinlegal/consulta_actos.php?tipo=autos&no=&usuario=&sector=&fecha=2022&resuelve= HTTP/1.1" 200 971452
172.22.2.4 - - [22/Sep/2022:06:37:54 -0500] "GET /BLA/boletinlegal/images/background.gif HTTP/1.1" 200 -
172.22.2.4 - - [22/Sep/2022:06:37:06 -0500] "HEAD /BLA/boletinlegal/ HTTP/1.1" 200 -
201.245.192.253 - - [22/Sep/2022:06:39:21 -0500] "POST /kwsrmcab/Wsrmcab HTTP/1.1" 200 42151
201.245.192.253 - - [22/Sep/2022:06:39:24 -0500] "POST /kwsrmcab/Wsrmcab HTTP/1.1" 200 42962
172.22.2.4 - - [22/Sep/2022:06:37:56 -0500] "GET /BLA/boletinlegal/ HTTP/1.1" 200 58163
64.62.197.194 - - [22/Sep/2022:06:39:53 -0500] "GET /favicon.ico HTTP/1.1" 200 7782
216.245.221.92 - - [22/Sep/2022:06:40:14 -0500] "HEAD / HTTP/1.1" 200 -
201.245.192.253 - - [22/Sep/2022:06:40:22 -0500] "POST /kwsrmcab/Wsrmcab  HTTP/1.1" 200 37989
173.252.83.9 - - [22/Sep/2022:06:41:41 -0500] "GET /images/actividades-dia-tierra-22-abril.jpg HTTP/1.1" 200 77276
172.22.2.4 - - [22/Sep/2022:06:44:35 -0500] "GET /BLA/boletinlegal/style.css HTTP/1.1" 200 9406
172.22.2.4 - - [22/Sep/2022:06:44:35 -0500] "GET /BLA/boletinlegal/styles2.css HTTP/1.1" 200 1838
172.22.2.4 - - [22/Sep/2022:06:44:35 -0500] "GET /BLA/boletinlegal/js/jquery.scrollTo-min.js HTTP/1.1" 200 1150
172.22.2.4 - - [22/Sep/2022:06:44:35 -0500] "GET /BLA/boletinlegal/js/jquery.scrollShow.js HTTP/1.1" 200 4586
172.22.2.4 - - [22/Sep/2022:06:44:35 -0500] "GET /BLA/boletinlegal/js/jquery.js HTTP/1.1" 200 57254
172.22.2.4 - - [22/Sep/2022:06:44:35 -0500] "GET /BLA/boletinlegal/images/registro-usuarios.png HTTP/1.1" 200 8106
172.22.2.4 - - [22/Sep/2022:06:44:35 -0500] "GET /BLA/boletinlegal/images/historia.png HTTP/1.1" 200 52775
172.22.2.4 - - [22/Sep/2022:06:44:35 -0500] "GET /BLA/boletinlegal/images/launch.jpg HTTP/1.1" 200 14577
172.22.2.4 - - [22/Sep/2022:06:44:35 -0500] "GET /BLA/boletinlegal/images/subscribe-icon-big.png HTTP/1.1" 200 47702
172.22.2.4 - - [22/Sep/2022:06:44:35 -0500] "GET /BLA/boletinlegal/images/cabezote%20BLEGAL.jpg HTTP/1.1" 200 118164
172.22.2.4 - - [22/Sep/2022:06:44:35 -0500] "GET /BLA/boletinlegal/images/arr_l.jpg HTTP/1.1" 200 1979
172.22.2.4 - - [22/Sep/2022:06:44:35 -0500] "GET /BLA/boletinlegal/images/body_bg.jpg HTTP/1.1" 200 1601
172.22.2.4 - - [22/Sep/2022:06:44:35 -0500] "GET /BLA/boletinlegal/images/menu_lft.gif HTTP/1.1" 200 1713
172.22.2.4 - - [22/Sep/2022:06:44:35 -0500] "GET /BLA/boletinlegal/images/menu_bg.jpg HTTP/1.1" 200 620
172.22.2.4 - - [22/Sep/2022:06:44:35 -0500] "GET /BLA/boletinlegal/images/menu_rght.gif HTTP/1.1" 200 1627
172.22.2.4 - - [22/Sep/2022:06:44:35 -0500] "GET /BLA/boletinlegal/images/bg_top.jpg HTTP/1.1" 200 522
172.22.2.4 - - [22/Sep/2022:06:44:35 -0500] "GET /BLA/boletinlegal/images/hover.jpg HTTP/1.1" 200 640
172.22.2.4 - - [22/Sep/2022:06:44:35 -0500] "GET /BLA/boletinlegal/images/text.jpg HTTP/1.1" 200 568
172.22.2.4 - - [22/Sep/2022:06:44:35 -0500] "GET /BLA/boletinlegal/images/screen_1.png HTTP/1.1" 200 202547
172.22.2.4 - - [22/Sep/2022:06:42:56 -0500] "HEAD /BLA/boletinlegal/ HTTP/1.1" 200 -
172.22.2.4 - - [22/Sep/2022:06:44:37 -0500] "GET /BLA/boletinlegal/favicon.ico HTTP/1.1" 404 1308
172.22.2.4 - - [22/Sep/2022:06:44:38 -0500] "GET /BLA/boletinlegal/conceptos.php HTTP/1.1" 200 7443
172.22.2.4 - - [22/Sep/2022:06:44:38 -0500] "GET /BLA/boletinlegal/js/ajax_conceptos.js HTTP/1.1" 200 1326
172.22.2.4 - - [22/Sep/2022:06:44:38 -0500] "GET /BLA/boletinlegal/niceforms.js HTTP/1.1" 200 22876
172.22.2.4 - - [22/Sep/2022:06:44:38 -0500] "GET /BLA/boletinlegal/niceforms-default.css HTTP/1.1" 200 6694
172.22.2.4 - - [22/Sep/2022:06:44:38 -0500] "GET /BLA/boletinlegal/images/abajo.png HTTP/1.1" 200 96676
172.22.2.4 - - [22/Sep/2022:06:44:38 -0500] "GET /BLA/boletinlegal/images/tel.png HTTP/1.1" 200 14477
172.22.2.4 - - [22/Sep/2022:06:44:38 -0500] "GET /BLA/boletinlegal/images/icono-email.png HTTP/1.1" 200 5544
172.22.2.4 - - [22/Sep/2022:06:44:38 -0500] "GET /BLA/boletinlegal/images/footer_bg_l.jpg HTTP/1.1" 200 776
172.22.2.4 - - [22/Sep/2022:06:44:38 -0500] "GET /BLA/boletinlegal/images/footer_bg.jpg HTTP/1.1" 200 586
172.22.2.4 - - [22/Sep/2022:06:44:38 -0500] "GET /BLA/boletinlegal/img/0.png HTTP/1.1" 200 110
172.22.2.4 - - [22/Sep/2022:06:44:38 -0500] "GET /BLA/boletinlegal/img/select-left.png HTTP/1.1" 200 263
172.22.2.4 - - [22/Sep/2022:06:44:38 -0500] "GET /BLA/boletinlegal/img/button-left.png HTTP/1.1" 200 57071
172.22.2.4 - - [22/Sep/2022:06:44:38 -0500] "GET /BLA/boletinlegal/img/select-right.png HTTP/1.1" 200 44019
172.22.2.4 - - [22/Sep/2022:06:44:38 -0500] "GET /BLA/boletinlegal/img/button.png HTTP/1.1" 200 43241
172.22.2.4 - - [22/Sep/2022:06:44:38 -0500] "GET /BLA/boletinlegal/img/button-right.png HTTP/1.1" 200 57878
172.22.2.4 - - [22/Sep/2022:06:44:40 -0500] "GET /BLA/boletinlegal/consulta_conceptos.php?no=&solicitante=&radicado_entrada=&fecha_concepto=2022&objeto= HTTP/1.1" 200 22883
172.22.2.4 - - [22/Sep/2022:06:44:40 -0500] "GET /BLA/boletinlegal/images/background.gif HTTP/1.1" 200 -
172.22.2.4 - - [22/Sep/2022:06:44:40 -0500] "GET /BLA/boletinlegal/images/pdf.gif HTTP/1.1" 200 567
172.22.2.4 - - [22/Sep/2022:06:44:42 -0500] "GET /BLA/boletinlegal/conceptos/2022/36.pdf HTTP/1.1" 200 341158
172.22.2.4 - - [22/Sep/2022:06:44:42 -0500] "GET /BLA/boletinlegal/conceptos/2022/36.pdf HTTP/1.1" 206 13478
172.22.2.4 - - [22/Sep/2022:06:44:42 -0500] "GET /BLA/boletinlegal/conceptos/2022/36.pdf HTTP/1.1" 206 65536
172.22.2.4 - - [22/Sep/2022:06:45:02 -0500] "GET /BLA/boletinlegal/conceptos/2022/35.pdf HTTP/1.1" 200 364418
172.22.2.4 - - [22/Sep/2022:06:44:35 -0500] "GET /BLA/boletinlegal/ HTTP/1.1" 200 24523
216.245.221.92 - - [22/Sep/2022:06:45:13 -0500] "HEAD / HTTP/1.1" 200 -
201.245.192.253 - - [22/Sep/2022:06:45:22 -0500] "POST /kwsrmcab/Wsrmcab  HTTP/1.1" 200 37989
172.22.2.4 - - [22/Sep/2022:06:43:46 -0500] "GET /BLA/boletinlegal/ HTTP/1.1" 200 51183
185.119.81.102 - - [22/Sep/2022:06:45:27 -0500] "GET /portaldeninos/wp-login.php HTTP/1.1" 200 2592
185.119.81.102 - - [22/Sep/2022:06:45:28 -0500] "POST /portaldeninos/wp-login.php HTTP/1.1" 200 3670
157.55.39.200 - - [22/Sep/2022:06:46:52 -0500] "GET /BLA/resoluciones/00000319.tif HTTP/1.1" 404 1018
172.22.2.4 - - [22/Sep/2022:06:47:03 -0500] "GET /BLA/boletinlegal/consulta_actos.php?tipo=resoluciones&no=0115&usuario=&sector=&fecha=2022&resuelve= HTTP/1.1" 200 626
172.22.2.4 - - [22/Sep/2022:06:47:07 -0500] "GET /BLA/boletinlegal/consulta_actos.php?tipo=resoluciones&no=115&usuario=&sector=&fecha=2022&resuelve= HTTP/1.1" 200 626
172.22.2.4 - - [22/Sep/2022:06:47:14 -0500] "GET /BLA/boletinlegal/consulta_actos.php?tipo=resoluciones&no=0115&usuario=&sector=&fecha=2022&resuelve= HTTP/1.1" 200 626
172.22.2.4 - - [22/Sep/2022:06:47:17 -0500] "GET /BLA/boletinlegal/consulta_actos.php?tipo=resoluciones&no=0115&usuario=&sector=&fecha=2021&resuelve= HTTP/1.1" 200 626
186.155.103.104 - - [22/Sep/2022:06:48:53 -0500] "GET /catalogoisis/Css/Busqueda.css HTTP/1.1" 200 1995
186.155.103.104 - - [22/Sep/2022:06:48:53 -0500] "GET /catalogoisis/ HTTP/1.1" 200 8575
186.155.103.104 - - [22/Sep/2022:06:48:53 -0500] "GET /catalogoisis/Js/CriterioCombinada.js HTTP/1.1" 200 1843
186.155.103.104 - - [22/Sep/2022:06:48:53 -0500] "GET /catalogoisis/Js/AceptarLimpiar.js HTTP/1.1" 200 331
186.155.103.104 - - [22/Sep/2022:06:48:53 -0500] "GET /catalogoisis/Js/LimpiarCombinada.js HTTP/1.1" 200 207
186.155.103.104 - - [22/Sep/2022:06:48:53 -0500] "GET /catalogoisis/Js/Remote.js HTTP/1.1" 200 436
186.155.103.104 - - [22/Sep/2022:06:48:53 -0500] "GET /catalogoisis/Js/Go.js HTTP/1.1" 200 364
186.155.103.104 - - [22/Sep/2022:06:48:53 -0500] "GET /catalogoisis/Js/Cookies.js HTTP/1.1" 200 1369
186.155.103.104 - - [22/Sep/2022:06:48:53 -0500] "GET /catalogoisis/Js/Numero.js HTTP/1.1" 200 398
186.155.103.104 - - [22/Sep/2022:06:48:53 -0500] "GET /catalogoisis/Js/Enter.js HTTP/1.1" 200 1208
186.155.103.104 - - [22/Sep/2022:06:48:53 -0500] "GET /catalogoisis/imagenes/br1c1.gif HTTP/1.1" 200 172
186.155.103.104 - - [22/Sep/2022:06:48:53 -0500] "GET /catalogoisis/imagenes/br1c3.gif HTTP/1.1" 200 302
186.155.103.104 - - [22/Sep/2022:06:48:53 -0500] "GET /catalogoisis/imagenes/Turnbo1.gif HTTP/1.1" 200 227
186.155.103.104 - - [22/Sep/2022:06:48:53 -0500] "GET /catalogoisis/imagenes/aceptar1.gif HTTP/1.1" 200 604
186.155.103.104 - - [22/Sep/2022:06:48:53 -0500] "GET /catalogoisis/imagenes/limpiar1.gif HTTP/1.1" 200 606
186.155.103.104 - - [22/Sep/2022:06:48:53 -0500] "GET /catalogoisis/imagenes/br3c1.gif HTTP/1.1" 200 177
186.155.103.104 - - [22/Sep/2022:06:48:53 -0500] "GET /catalogoisis/imagenes/br3c2.gif HTTP/1.1" 200 285
186.155.103.104 - - [22/Sep/2022:06:48:53 -0500] "GET /catalogoisis/imagenes/Header.gif HTTP/1.1" 200 30313
186.155.103.104 - - [22/Sep/2022:06:48:53 -0500] "GET /catalogoisis/imagenes/br1c2.gif HTTP/1.1" 200 297
186.155.103.104 - - [22/Sep/2022:06:48:53 -0500] "GET /catalogoisis/imagenes/br2c1.gif HTTP/1.1" 200 297
186.155.103.104 - - [22/Sep/2022:06:48:53 -0500] "GET /catalogoisis/imagenes/br3c3.gif HTTP/1.1" 200 186
186.155.103.104 - - [22/Sep/2022:06:48:53 -0500] "GET /catalogoisis/imagenes/br2c2.gif HTTP/1.1" 200 302
186.155.103.104 - - [22/Sep/2022:06:48:53 -0500] "GET /catalogoisis/imagenes/br2c3.gif HTTP/1.1" 200 416
186.155.103.104 - - [22/Sep/2022:06:48:53 -0500] "GET /favicon.ico HTTP/1.1" 200 7782
172.22.2.4 - - [22/Sep/2022:06:49:45 -0500] "GET /BLA/boletinlegal/actos.php HTTP/1.1" 200 9559
172.22.2.4 - - [22/Sep/2022:06:49:58 -0500] "GET /BLA/boletinlegal/consulta_actos.php?tipo=resoluciones&no=0115&usuario=&sector=&fecha=2022&resuelve= HTTP/1.1" 200 626
216.245.221.92 - - [22/Sep/2022:06:50:14 -0500] "HEAD / HTTP/1.1" 200 -
201.245.192.253 - - [22/Sep/2022:06:50:21 -0500] "POST /kwsrmcab/Wsrmcab  HTTP/1.1" 200 37989
172.22.2.4 - - [22/Sep/2022:06:48:46 -0500] "HEAD /BLA/boletinlegal/ HTTP/1.1" 200 -
157.55.39.25 - - [22/Sep/2022:06:50:54 -0500] "GET /BLA/resoluciones/RESOLUCIONES%202002/RES%202002%20301-350/00000317.tif HTTP/1.1" 200 184916
172.22.2.4 - - [22/Sep/2022:06:49:36 -0500] "GET /BLA/boletinlegal/ HTTP/1.1" 200 60281
66.249.73.127 - - [22/Sep/2022:06:51:42 -0500] "-" 408 -
216.245.221.92 - - [22/Sep/2022:06:55:13 -0500] "HEAD / HTTP/1.1" 200 -
201.245.192.253 - - [22/Sep/2022:06:55:20 -0500] "POST /kwsrmcab/Wsrmcab  HTTP/1.1" 200 37989
172.22.2.4 - - [22/Sep/2022:06:54:36 -0500] "HEAD /BLA/boletinlegal/ HTTP/1.1" 200 -
172.22.2.4 - - [22/Sep/2022:06:55:26 -0500] "GET /BLA/boletinlegal/ HTTP/1.1" 200 60281
172.22.2.4 - - [22/Sep/2022:06:58:29 -0500] "GET /BLA/boletinlegal/ HTTP/1.1" 200 63207
216.245.221.92 - - [22/Sep/2022:07:00:13 -0500] "HEAD / HTTP/1.1" 200 -
201.245.192.253 - - [22/Sep/2022:07:00:19 -0500] "POST /kwsrmcab/Wsrmcab  HTTP/1.1" 200 37989
172.22.2.4 - - [22/Sep/2022:07:00:47 -0500] "GET /BLA/boletinlegal/Circulares/2022/CIRCULAR%20No.%2000004%20DEL%2019%20DE%20MAYO%20DEL%202022.pdf HTTP/1.1" 304 -
172.22.2.4 - - [22/Sep/2022:07:00:26 -0500] "HEAD /BLA/boletinlegal/ HTTP/1.1" 200 -
157.55.39.188 - - [22/Sep/2022:07:02:12 -0500] "GET /BLA/resoluciones/RESOLUCIONES%202005/2173.tif HTTP/1.1" 200 207258
66.249.73.127 - - [22/Sep/2022:07:02:27 -0500] "-" 408 -
172.22.2.4 - - [22/Sep/2022:07:01:16 -0500] "GET /BLA/boletinlegal/ HTTP/1.1" 200 60281
181.53.12.60 - - [22/Sep/2022:07:03:07 -0500] "GET /BLA/resoluciones/ HTTP/1.1" 200 13093
181.53.12.60 - - [22/Sep/2022:07:03:07 -0500] "GET /BLA/resoluciones/dlf/folder.png HTTP/1.1" 200 410
181.53.12.60 - - [22/Sep/2022:07:03:11 -0500] "GET /BLA/resoluciones/index.php?dir=RESOLUCIONES+2021%2F HTTP/1.1" 200 12235
181.53.12.60 - - [22/Sep/2022:07:03:11 -0500] "GET /BLA/resoluciones/index.php?dir=RESOLUCIONES+2021%2F HTTP/1.1" 200 422970
181.53.12.60 - - [22/Sep/2022:07:03:35 -0500] "GET /BLA/resoluciones/RESOLUCIONES%202021/2608.pdf HTTP/1.1" 200 531052
216.245.221.92 - - [22/Sep/2022:07:05:13 -0500] "HEAD / HTTP/1.1" 200 -
201.245.192.253 - - [22/Sep/2022:07:05:17 -0500] "POST /kwsrmcab/Wsrmcab  HTTP/1.1" 200 37989
157.55.39.25 - - [22/Sep/2022:07:06:49 -0500] "GET /BLA/resoluciones/RESOLUCIONES%202001/2001%20200-249.TIF HTTP/1.1" 200 8819186
172.22.2.4 - - [22/Sep/2022:07:07:26 -0500] "GET /BLA/boletinlegal/images/cabezote%20BLEGAL.jpg HTTP/1.1" 200 118164
172.22.2.4 - - [22/Sep/2022:07:07:26 -0500] "GET /BLA/boletinlegal/images/screen_1.png HTTP/1.1" 200 202547
172.22.2.4 - - [22/Sep/2022:07:07:28 -0500] "GET /BLA/boletinlegal/actos.php HTTP/1.1" 200 9559
172.22.2.4 - - [22/Sep/2022:07:07:28 -0500] "GET /BLA/boletinlegal/favicon.ico HTTP/1.1" 404 1326
191.107.176.244 - - [22/Sep/2022:07:07:30 -0500] "GET /BLA/resoluciones/ HTTP/1.1" 200 13093
172.22.2.4 - - [22/Sep/2022:07:07:36 -0500] "GET /BLA/boletinlegal/images/screen_2.png HTTP/1.1" 200 362502
172.22.2.4 - - [22/Sep/2022:07:07:36 -0500] "GET /BLA/boletinlegal/images/screen_3.png HTTP/1.1" 200 210620
172.22.2.4 - - [22/Sep/2022:07:07:36 -0500] "GET /BLA/boletinlegal/images/screen_5.png HTTP/1.1" 200 368876
191.107.176.244 - - [22/Sep/2022:07:07:42 -0500] "GET /BLA/resoluciones/index.php?dir=RESOLUCIONES+2022%2F HTTP/1.1" 200 158676
172.22.2.4 - - [22/Sep/2022:07:06:16 -0500] "HEAD /BLA/boletinlegal/ HTTP/1.1" 200 -
172.22.2.4 - - [22/Sep/2022:07:07:06 -0500] "GET /BLA/boletinlegal/ HTTP/1.1" 200 49689
172.22.2.4 - - [22/Sep/2022:07:07:26 -0500] "GET /BLA/boletinlegal/ HTTP/1.1" 200 53640
186.102.21.81 - - [22/Sep/2022:07:10:09 -0500] "GET /kwssiamovil/sm/acme/a?s=U2FsdGVkX1/lTaJPTGwsnwA3wZ+P2WtSqXDtiCSxtnsqEEMWVOmzkp2Eoj+QRiJLBkFXZtjMc1Rf82u6q5OETEQSlNRh6jPcgcJHJGpNNkiadSGh2B83FhEF91Y6gcp1kdvAyfPT9LXQtIvUYBM1GIu2vFI34EdI1mMpS0p1nSHBXXcOMT49KKqo2JgiB12dizTnSCCzoxn2K/yknfBO2x+PyK9z0Q6LcKB6QgEcI2TcgnAahb8smGOleqpIZBHOAIJTENEp3b0qvVizcOEKKg==&u=U2FsdGVkX1/+q40ZYkQymy4O0Som41IzyBJ0vtAo/+GwRTECs9tvWde8wDq/Mxt1&y=U2FsdGVkX1+aEcKm+WARfx7uvPAlb9w61gxRZ3RV8FRkxUlDzL1GcB35+ku1Hole HTTP/1.1" 200 25
186.102.21.81 - - [22/Sep/2022:07:10:10 -0500] "GET /kwssiamovil/sm/acme/a?s=U2FsdGVkX1+1c33wFYHXj+BG1/vc0SrdQ/NyOHoUZlcP2xD11nqibjk8M5/+Xh3FPA0t+KuAFNtf7Muni9ygOWGVo/JMRCw6LPbBC05tfBofQu3Ap8SThV4vG+OEn9o6+e3cOP+nyDYj96+7zwww4c+9Dh5VAFMyktFgHOCTrwOkhVeqF/l1SQRjT5/vd03P34dXU/tvRc01qYD70JexQN088SpDc1bFeUiCNXmeYLb6+RNh58Dlde6EFLYoD9td55o0GnJeyK0E3/h+GWPfwSjDsZS1QvyQat7d7hrhCJO+dt72UjGV/0MqJiE4OGoiIARSDUZg5/qUkvUWeLGSUAAYShb8v5l6fkJECurpHbMewI5/ln68kmh+idHKEr8NUbCAt7eVvJ5TpFh8naiLF7QtTi4Wfw5L6xc40j6gug1hR22SX97OkVhGIY+EWguO3OayVYvA7xvYq6r1tPES0gQDwk5cYPZakEjVFmAN/qDFRT82n2/xdw05anwZQjb9H7O4FL6zt9HoFNuXR6hoDpBvNEk7i84+NKAAPyVMNxgeLPQ4u3Vn/9pnvDU4phbomPZbBzyXLlCTNSkrpuJOi2ANzHZGyuUVHD9GK6+XIXNhZ7Q102HmXEGToMqfaa0eI3EJV4bHJKUr+zD+G0pWbljeVHgEfZpqJ/xK5CjbyxJLh2O5aamBxa4wHYRwpeVvNqQY+FDTqkg+1n2CwbGV21dSPzFQhjOJ9o5h3/fV8yrkOaCUqCM84QXNvZHIb8l43efjbSjeBzNagFDjxcyw1wWbYfFVwcx7fQ+ynkGy8/9ZJM+6NeQW8Hs4IqYMGlvSx52pBv6GUNcdqltarykDeoXIakK0tXZ+dwGrSl9+2au5+wTrCb0SJTVLQgO3dFW70rUjoEE1vtEadFFyVZ5drbvSx/1PSvwqTv3+snwia7UjUiylDfOP6Evm8kB935l2OOKKnNIFu2CqlepZWeY7lBBk6xAhxdyMWMLyXQulud6HphAzNHiz/QJLSzt2T77W2ZbvXm5h8iVSTG84mJMSZyeP9T8ID7H6ButuPxwBJZaPZ2TBacnQOga9zrEJJAoAIqjnwRhsGx73D0Kb2sDTgqMcixBMI5SJ5vlbp/Pe8K9nbJAmW4GMMse+BrzDtG7nOZIXDQs/bVV/+IZ2MeOtRASzV+rT3zD8SYwzRpWZiM/kAPHiMIuHamXzkc+gNDiVCcYu5S66loXgwDWd/hmI/c46YbimJPy+agsAy+AeYz3WQphziVtIWSnrWW9mSrK3qlkgf62RsTIsjYVKrgyQx+xI4E1o70seJn6LvnEWr1Qxd+z/DwQloKi4WnzZavwViSa+FgOUsYBIrGdzfQHzb4iPspQw9YjZhnLGI5zQYe96ftSfO9CCXS2uCJzkzJaCOKJu/SALsT/CuP+eBAbvqe9aX1EvzJLv6sTd1vR3uN2Tg/vE1+yPHjvmWS6lIep0y45i9V1cWLMDn80Mn3ni4DKviNytAhJe7X19izDIJOHgsJPmu3hAmnlS+F6ia2YTOJHyRq0y0DJ4v+/QyJ4oH6JIeeTlFNuQJ4yrfZqt0EEHpSUWUfjsckvuVoeMr6j0i8GIv3yIzdp+6WzeLWY5LNYJ6nBHSsLQvvNXdI+OBRmOQ5BYN8ert2YbaZIQjqb8HKOTsys3itkHqegkwVEAe0mjTvsrTf+LLjxIcbyAo78Uq8EuMVxkokDvp/TVnsPIKXHXmo1RAfhTizjjr79dwNzWZxp+SEYuEPMBv3thNIJTeJJsyqJ+4BxvxsLhz2h7nBQeGXFuqKT8lK3mS52kR2OyoMy4dqKskKfbOFdE3dXVL1xkywxS9dFTzs2v5jRWAGczZAAzTwytoLcBYdoxcKcjdnOtkZ2r8piEYAjV4StOEQ3NbOgXgjuL367E71qcyater3Ha0nbsh+/e4DzvPfEC/lq2C5iGqBk8+Fzdg1Km9sg8qu24ovckxJWss283niDamPRjRy/Jnc8U68PMW9K16wuAqmTLOr7gPudQVTu++qCi4anq3kIA77BBU6Yo7s4j8NKADcSXPwPbGwWAxmJagubzbXX+bDtzRKgHiRZjPaMTAWtc9tXN28S1TtlbnHvANvowvtrIBwafyY6hwZ6gzsjWIBHVCAEuM3g0eWb2Mix0STdNlRw0xN2chSk2BPJ98ImWElvXXMWL9hv1TXjnl3QNd9lY4OoAJBJXEFzlyNPzfRq82oBjM71JQVXAL3PIqZJjqFCmZKckXZbURh9lGaFtwuOCHGIfS+nwAinLEEhLppnwgh1IIeLGYFcwQaeqDPddbEsl4zMJ1ENbRn2RhJL9pbOMZxEah7uZ7m9aSKMhVa0wEToZGWKEXHXv+ywNAVT+yqS4hKfWy5kOmmPRu9ReGozfzcB6kjv+BYiO+kbtnpTNI4CRAGXdJT18dL1xxj976Ix3G4oRpdxAMlm4l6SmnwLiSuGme+oGUndgc80KQOFkJxN2a478xLJNkHh6qA0ZmUSvqS0JKwvJq965Qvnu+p+8uIe/Xj+crp4V2QtS6TaQXrvNrN4amMZTyM+j4M71OA8ISBnLfXo3jcE5m/xsSpsEgpWcIdMqDtmOX0bDiZea6FgdIlLKoSggZ9ozJh6+liwASGNtYfYpK789JKmXqQ7jH01xQJcmSfZRt/Np5xTXhyGgzHpFBlZdp52FKm4xZ7bdYtAC2SIL4CICHGRU6s0mmqQ29wl6H6+w/YP0HD5w0Qy/4nWDyo4P&u=U2FsdGVkX1/+q40ZYkQymy4O0Som41IzyBJ0vtAo/+GwRTECs9tvWde8wDq/Mxt1&y=U2FsdGVkX1+aEcKm+WARfx7uvPAlb9w61gxRZ3RV8FRkxUlDzL1GcB35+ku1Hole HTTP/1.1" 200 25
186.102.21.81 - - [22/Sep/2022:07:10:10 -0500] "GET /kwssiamovil/sm/acme/a?s=U2FsdGVkX1/dvtH6K6andrDemriF6SnoUyB6acJH/sGTzRbIye0a2IskkNanSkMSuwyqea2BsAktPLOrd3Pa9XlQP5xG7Da2ju6TCYJTC32XVelkFF7aNrqXW6fPDLeu3F0z5PtbbLkgPyCcLkAqsztVBPaGj5jfrzQ10SrMdEA=&u=U2FsdGVkX1/+q40ZYkQymy4O0Som41IzyBJ0vtAo/+GwRTECs9tvWde8wDq/Mxt1&y=U2FsdGVkX1+aEcKm+WARfx7uvPAlb9w61gxRZ3RV8FRkxUlDzL1GcB35+ku1Hole HTTP/1.1" 200 25
186.102.21.81 - - [22/Sep/2022:07:10:11 -0500] "GET /kwssiamovil/sm/acme/a?s=U2FsdGVkX1+qiIDqCWzo4gjwH/gmd06FFCFF7+ttMv6oJOC0gwDxak9+x1SzDzKEpGMAEVRmLRW306hG8d8XvePMebx4pJRvzkX1NjxdMNQGZ83O95t2cQDC0/O0TigmoZ++7ferIqDRtgYJCRalsgEbC6occPwB9tuEHZpfMM4=&u=U2FsdGVkX1/+q40ZYkQymy4O0Som41IzyBJ0vtAo/+GwRTECs9tvWde8wDq/Mxt1&y=U2FsdGVkX1+aEcKm+WARfx7uvPAlb9w61gxRZ3RV8FRkxUlDzL1GcB35+ku1Hole HTTP/1.1" 200 25
186.102.21.81 - - [22/Sep/2022:07:10:11 -0500] "GET /kwssiamovil/sm/acme/a?s=U2FsdGVkX1/T7Q3Ux1sv+k+Y+DOzVNwhq9kkcRR5Opl0/zu2ahNS+ccnyk7PSwiQ7T41LI8vQ8Qb/2hNYC7LsUDyBlOoRouLDXfplBruvtUHoOc3XPdUIDwV80HacTS4FRoijUwLDDgps74HDhnJRJgic9/T/QeNF8LrYAu+6Io=&u=U2FsdGVkX1/+q40ZYkQymy4O0Som41IzyBJ0vtAo/+GwRTECs9tvWde8wDq/Mxt1&y=U2FsdGVkX1+aEcKm+WARfx7uvPAlb9w61gxRZ3RV8FRkxUlDzL1GcB35+ku1Hole HTTP/1.1" 200 25
186.102.21.81 - - [22/Sep/2022:07:10:11 -0500] "GET /kwssiamovil/sm/acme/a?s=U2FsdGVkX1/q+hquDr5+kWDwgNy08amuDckLHKSawudlETkb/tQgefm4upy/gv2bjU2dhiOexI/PVQOD2mSVmAJampkk7E5UrMslXAml8ivSVFMNJhq1ud/5dxqnOS9TXMtNMe9DW4vVCcf1mDpyLH/pIYBU7e3vLM+CyF7W4DZYHWqVrUsqi7FvynkvLL8b&u=U2FsdGVkX1/+q40ZYkQymy4O0Som41IzyBJ0vtAo/+GwRTECs9tvWde8wDq/Mxt1&y=U2FsdGVkX1+aEcKm+WARfx7uvPAlb9w61gxRZ3RV8FRkxUlDzL1GcB35+ku1Hole HTTP/1.1" 200 25
216.245.221.92 - - [22/Sep/2022:07:10:13 -0500] "HEAD / HTTP/1.1" 200 -
201.245.192.253 - - [22/Sep/2022:07:10:17 -0500] "POST /kwsrmcab/Wsrmcab  HTTP/1.1" 200 37989
201.245.192.253 - - [22/Sep/2022:07:10:45 -0500] "POST /sipse/faces/presentacion/proyectos/proyecto/proyecto.xhtml HTTP/1.1" 302 -
201.245.192.253 - - [22/Sep/2022:07:10:45 -0500] "GET /sipse/faces/autenticacion.xhtml HTTP/1.1" 200 1099
172.22.2.4 - - [22/Sep/2022:07:10:56 -0500] "GET /BLA/boletinlegal/jurisprudencia/analisis/analisis%20C-595-2010.doc HTTP/1.1" 304 -
201.245.192.253 - - [22/Sep/2022:07:11:21 -0500] "GET /sipse/faces/faces/autenticacion.xhtml HTTP/1.1" 200 12497
201.245.192.253 - - [22/Sep/2022:07:11:21 -0500] "GET /sipse/faces/javax.faces.resource/layout/layout.css;jsessionid=Q88qONEXS+OlG57kvFs+-RWM.undefined?ln=primefaces&v=4.0 HTTP/1.1" 200 542
201.245.192.253 - - [22/Sep/2022:07:11:21 -0500] "GET /sipse/css/custom_css_sg_prime_login.css HTTP/1.1" 304 -
201.245.192.253 - - [22/Sep/2022:07:11:21 -0500] "GET /sipse/faces/javax.faces.resource/theme.css?ln=primefaces-sipse HTTP/1.1" 304 -
201.245.192.253 - - [22/Sep/2022:07:11:21 -0500] "GET /sipse/faces/javax.faces.resource/primefaces.js;jsessionid=Q88qONEXS+OlG57kvFs+-RWM.undefined?ln=primefaces&v=4.0 HTTP/1.1" 200 276924
201.245.192.253 - - [22/Sep/2022:07:11:21 -0500] "GET /sipse/faces/javax.faces.resource/primefaces.css;jsessionid=Q88qONEXS+OlG57kvFs+-RWM.undefined?ln=primefaces&v=4.0 HTTP/1.1" 200 53295
201.245.192.253 - - [22/Sep/2022:07:11:21 -0500] "GET /sipse/faces/javax.faces.resource/jquery/jquery.js;jsessionid=Q88qONEXS+OlG57kvFs+-RWM.undefined?ln=primefaces&v=4.0 HTTP/1.1" 200 105384
201.245.192.253 - - [22/Sep/2022:07:11:21 -0500] "GET /sipse/faces/javax.faces.resource/layout/layout.js;jsessionid=Q88qONEXS+OlG57kvFs+-RWM.undefined?ln=primefaces&v=4.0 HTTP/1.1" 200 87560
201.245.192.253 - - [22/Sep/2022:07:11:21 -0500] "GET /sipse/faces/javax.faces.resource/jquery/jquery-plugins.js;jsessionid=Q88qONEXS+OlG57kvFs+-RWM.undefined?ln=primefaces&v=4.0 HTTP/1.1" 200 220526
201.245.192.253 - - [22/Sep/2022:07:11:21 -0500] "GET /sipse/css/imagen/loginimg.png HTTP/1.1" 304 -
201.245.192.253 - - [22/Sep/2022:07:11:21 -0500] "GET /sipse/faces/javax.faces.resource/images/ui-icons_898989_256x240.png?ln=primefaces-aristo HTTP/1.1" 304 -
201.245.192.253 - - [22/Sep/2022:07:11:21 -0500] "GET /sipse/faces/faces/index.xhtml HTTP/1.1" 200 677
