167.0.140.139 - - [22/Sep/2022:12:29:04 -0500] "GET /sipse/faces/javax.faces.resource/theme.css?ln=primefaces-sipse HTTP/1.1" 304 -
167.0.140.139 - - [22/Sep/2022:12:29:04 -0500] "GET /sipse/faces/javax.faces.resource/primefaces.css?ln=primefaces&v=4.0 HTTP/1.1" 304 -
167.0.140.139 - - [22/Sep/2022:12:29:04 -0500] "GET /sipse/faces/javax.faces.resource/layout/layout.css?ln=primefaces&v=4.0 HTTP/1.1" 304 -
167.0.140.139 - - [22/Sep/2022:12:29:04 -0500] "GET /sipse/faces/javax.faces.resource/jquery/jquery.js?ln=primefaces&v=4.0 HTTP/1.1" 304 -
167.0.140.139 - - [22/Sep/2022:12:29:04 -0500] "GET /sipse/faces/javax.faces.resource/jquery/jquery-plugins.js?ln=primefaces&v=4.0 HTTP/1.1" 304 -
167.0.140.139 - - [22/Sep/2022:12:29:04 -0500] "GET /sipse/faces/javax.faces.resource/primefaces.js?ln=primefaces&v=4.0 HTTP/1.1" 304 -
167.0.140.139 - - [22/Sep/2022:12:29:04 -0500] "GET /sipse/faces/javax.faces.resource/layout/layout.js?ln=primefaces&v=4.0 HTTP/1.1" 304 -
167.0.140.139 - - [22/Sep/2022:12:29:05 -0500] "GET /sipse/faces/javax.faces.resource/dynamiccontent.properties?ln=primefaces&pfdrid=XjOR5%2F%2FfPAZAuY9TpWQeCiM0BhlXxYRBGKi%2FQcXXfeA%3D&pfdrid_c=false HTTP/1.1" 500 383
186.31.15.92 - - [22/Sep/2022:12:29:04 -0500] "POST /sipse/faces/presentacion/contratacion/contrato/crearModificarContrato.xhtml HTTP/1.1" 200 41195
186.31.15.92 - - [22/Sep/2022:12:29:05 -0500] "GET /sipse/faces/javax.faces.resource/theme.css?ln=primefaces-sipse HTTP/1.1" 304 -
186.31.15.92 - - [22/Sep/2022:12:29:05 -0500] "GET /sipse/faces/javax.faces.resource/primefaces.css?ln=primefaces&v=4.0 HTTP/1.1" 304 -
186.31.15.92 - - [22/Sep/2022:12:29:05 -0500] "GET /sipse/faces/javax.faces.resource/layout/layout.css?ln=primefaces&v=4.0 HTTP/1.1" 304 -
186.31.15.92 - - [22/Sep/2022:12:29:05 -0500] "GET /sipse/faces/javax.faces.resource/jquery/jquery.js?ln=primefaces&v=4.0 HTTP/1.1" 304 -
186.31.15.92 - - [22/Sep/2022:12:29:05 -0500] "GET /sipse/faces/javax.faces.resource/jquery/jquery-plugins.js?ln=primefaces&v=4.0 HTTP/1.1" 304 -
186.31.15.92 - - [22/Sep/2022:12:29:05 -0500] "GET /sipse/faces/javax.faces.resource/layout/layout.js?ln=primefaces&v=4.0 HTTP/1.1" 304 -
186.31.15.92 - - [22/Sep/2022:12:29:05 -0500] "GET /sipse/faces/javax.faces.resource/primefaces.js?ln=primefaces&v=4.0 HTTP/1.1" 304 -
190.27.151.122 - - [22/Sep/2022:12:29:09 -0500] "POST /sipse/faces/presentacion/proyectos/proyecto/actividad/crearActividad.xhtml HTTP/1.1" 200 2580
186.31.15.92 - - [22/Sep/2022:12:29:10 -0500] "POST /sipse/faces/presentacion/contratacion/contrato/adicionarSupervisor.xhtml HTTP/1.1" 200 16853
201.245.192.253 - - [22/Sep/2022:12:29:07 -0500] "POST /kwsrmcab/Wsrmcab  HTTP/1.1" 200 37989
186.31.15.92 - - [22/Sep/2022:12:29:11 -0500] "POST /sipse/faces/presentacion/contratacion/contrato/adicionarSupervisor.xhtml HTTP/1.1" 200 79624
186.31.15.92 - - [22/Sep/2022:12:29:11 -0500] "GET /sipse/faces/javax.faces.resource/theme.css?ln=primefaces-sipse HTTP/1.1" 304 -
186.31.15.92 - - [22/Sep/2022:12:29:11 -0500] "GET /sipse/faces/javax.faces.resource/jquery/jquery-plugins.js?ln=primefaces&v=4.0 HTTP/1.1" 304 -
186.31.15.92 - - [22/Sep/2022:12:29:11 -0500] "GET /sipse/faces/javax.faces.resource/primefaces.css?ln=primefaces&v=4.0 HTTP/1.1" 304 -
186.31.15.92 - - [22/Sep/2022:12:29:11 -0500] "GET /sipse/faces/javax.faces.resource/layout/layout.css?ln=primefaces&v=4.0 HTTP/1.1" 304 -
186.31.15.92 - - [22/Sep/2022:12:29:11 -0500] "GET /sipse/faces/javax.faces.resource/jquery/jquery.js?ln=primefaces&v=4.0 HTTP/1.1" 304 -
186.31.15.92 - - [22/Sep/2022:12:29:11 -0500] "GET /sipse/faces/javax.faces.resource/primefaces.js?ln=primefaces&v=4.0 HTTP/1.1" 304 -
186.31.15.92 - - [22/Sep/2022:12:29:11 -0500] "GET /sipse/faces/javax.faces.resource/layout/layout.js?ln=primefaces&v=4.0 HTTP/1.1" 304 -
190.27.151.122 - - [22/Sep/2022:12:29:14 -0500] "POST /sipse/faces/presentacion/proyectos/proyecto/actividad/crearActividad.xhtml HTTP/1.1" 200 2588
186.31.15.92 - - [22/Sep/2022:12:29:13 -0500] "POST /sipse/faces/presentacion/contratacion/contrato/crearModificarContrato.xhtml HTTP/1.1" 200 153623
186.31.15.92 - - [22/Sep/2022:12:29:14 -0500] "GET /sipse/faces/javax.faces.resource/theme.css?ln=primefaces-sipse HTTP/1.1" 304 -
186.31.15.92 - - [22/Sep/2022:12:29:14 -0500] "GET /sipse/faces/javax.faces.resource/primefaces.css?ln=primefaces&v=4.0 HTTP/1.1" 304 -
186.31.15.92 - - [22/Sep/2022:12:29:14 -0500] "GET /sipse/faces/javax.faces.resource/layout/layout.css?ln=primefaces&v=4.0 HTTP/1.1" 304 -
186.31.15.92 - - [22/Sep/2022:12:29:14 -0500] "GET /sipse/faces/javax.faces.resource/jquery/jquery.js?ln=primefaces&v=4.0 HTTP/1.1" 304 -
186.31.15.92 - - [22/Sep/2022:12:29:14 -0500] "GET /sipse/faces/javax.faces.resource/jquery/jquery-plugins.js?ln=primefaces&v=4.0 HTTP/1.1" 304 -
186.31.15.92 - - [22/Sep/2022:12:29:14 -0500] "GET /sipse/faces/javax.faces.resource/primefaces.js?ln=primefaces&v=4.0 HTTP/1.1" 304 -
190.27.151.122 - - [22/Sep/2022:12:29:14 -0500] "POST /sipse/faces/presentacion/proyectos/proyecto/actividad/crearActividad.xhtml HTTP/1.1" 200 2588
186.31.15.92 - - [22/Sep/2022:12:29:14 -0500] "GET /sipse/faces/javax.faces.resource/layout/layout.js?ln=primefaces&v=4.0 HTTP/1.1" 304 -
186.31.15.92 - - [22/Sep/2022:12:29:15 -0500] "GET /sipse/faces/javax.faces.resource/dynamiccontent.properties?ln=primefaces&pfdrid=XjOR5%2F%2FfPAZAuY9TpWQeCiM0BhlXxYRBGKi%2FQcXXfeA%3D&pfdrid_c=false HTTP/1.1" 500 383
190.27.151.122 - - [22/Sep/2022:12:29:15 -0500] "POST /sipse/faces/presentacion/proyectos/proyecto/actividad/crearActividad.xhtml HTTP/1.1" 200 2588
186.29.166.91 - - [22/Sep/2022:12:29:15 -0500] "GET /catalogoisis/ HTTP/1.1" 200 8575
186.29.166.91 - - [22/Sep/2022:12:29:16 -0500] "GET /catalogoisis/Css/Busqueda.css HTTP/1.1" 200 1995
186.29.166.91 - - [22/Sep/2022:12:29:16 -0500] "GET /catalogoisis/Js/Go.js HTTP/1.1" 200 364
186.29.166.91 - - [22/Sep/2022:12:29:16 -0500] "GET /catalogoisis/Js/Enter.js HTTP/1.1" 200 1208
186.29.166.91 - - [22/Sep/2022:12:29:16 -0500] "GET /catalogoisis/Js/LimpiarCombinada.js HTTP/1.1" 200 207
186.29.166.91 - - [22/Sep/2022:12:29:16 -0500] "GET /catalogoisis/Js/Numero.js HTTP/1.1" 200 398
186.29.166.91 - - [22/Sep/2022:12:29:16 -0500] "GET /catalogoisis/Js/Cookies.js HTTP/1.1" 200 1369
186.29.166.91 - - [22/Sep/2022:12:29:16 -0500] "GET /catalogoisis/Js/Remote.js HTTP/1.1" 200 436
186.29.166.91 - - [22/Sep/2022:12:29:16 -0500] "GET /catalogoisis/Js/AceptarLimpiar.js HTTP/1.1" 200 331
186.29.166.91 - - [22/Sep/2022:12:29:16 -0500] "GET /catalogoisis/Js/CriterioCombinada.js HTTP/1.1" 200 1843
186.29.166.91 - - [22/Sep/2022:12:29:16 -0500] "GET /catalogoisis/imagenes/Turnbo1.gif HTTP/1.1" 200 227
186.29.166.91 - - [22/Sep/2022:12:29:16 -0500] "GET /catalogoisis/imagenes/br3c2.gif HTTP/1.1" 200 285
186.29.166.91 - - [22/Sep/2022:12:29:16 -0500] "GET /catalogoisis/imagenes/aceptar1.gif HTTP/1.1" 200 604
186.29.166.91 - - [22/Sep/2022:12:29:16 -0500] "GET /catalogoisis/imagenes/br1c1.gif HTTP/1.1" 200 172
186.29.166.91 - - [22/Sep/2022:12:29:16 -0500] "GET /catalogoisis/imagenes/br3c1.gif HTTP/1.1" 200 177
186.29.166.91 - - [22/Sep/2022:12:29:16 -0500] "GET /catalogoisis/imagenes/br1c3.gif HTTP/1.1" 200 302
186.29.166.91 - - [22/Sep/2022:12:29:16 -0500] "GET /catalogoisis/imagenes/limpiar1.gif HTTP/1.1" 200 606
186.29.166.91 - - [22/Sep/2022:12:29:16 -0500] "GET /catalogoisis/imagenes/br3c3.gif HTTP/1.1" 200 186
186.29.166.91 - - [22/Sep/2022:12:29:16 -0500] "GET /catalogoisis/imagenes/Header.gif HTTP/1.1" 200 30313
186.29.166.91 - - [22/Sep/2022:12:29:17 -0500] "GET /catalogoisis/imagenes/br1c2.gif HTTP/1.1" 200 297
186.29.166.91 - - [22/Sep/2022:12:29:17 -0500] "GET /catalogoisis/imagenes/br2c1.gif HTTP/1.1" 200 297
186.29.166.91 - - [22/Sep/2022:12:29:17 -0500] "GET /catalogoisis/imagenes/br2c2.gif HTTP/1.1" 200 302
186.29.166.91 - - [22/Sep/2022:12:29:17 -0500] "GET /catalogoisis/imagenes/br2c3.gif HTTP/1.1" 200 416
186.29.166.91 - - [22/Sep/2022:12:29:17 -0500] "GET /favicon.ico HTTP/1.1" 200 7782
190.27.151.122 - - [22/Sep/2022:12:29:20 -0500] "POST /sipse/faces/presentacion/proyectos/proyecto/actividad/crearActividad.xhtml HTTP/1.1" 200 2596
186.31.15.92 - - [22/Sep/2022:12:29:18 -0500] "POST /sipse/faces/presentacion/financiero/solicitudProceso/consultarSolicitudProceso.xhtml HTTP/1.1" 200 62832
186.31.15.92 - - [22/Sep/2022:12:29:20 -0500] "GET /sipse/faces/javax.faces.resource/layout/layout.css?ln=primefaces&v=4.0 HTTP/1.1" 304 -
186.31.15.92 - - [22/Sep/2022:12:29:20 -0500] "GET /sipse/faces/javax.faces.resource/primefaces.css?ln=primefaces&v=4.0 HTTP/1.1" 304 -
186.31.15.92 - - [22/Sep/2022:12:29:20 -0500] "GET /sipse/faces/javax.faces.resource/theme.css?ln=primefaces-sipse HTTP/1.1" 304 -
186.31.15.92 - - [22/Sep/2022:12:29:20 -0500] "GET /sipse/faces/javax.faces.resource/jquery/jquery.js?ln=primefaces&v=4.0 HTTP/1.1" 304 -
186.31.15.92 - - [22/Sep/2022:12:29:20 -0500] "GET /sipse/faces/javax.faces.resource/jquery/jquery-plugins.js?ln=primefaces&v=4.0 HTTP/1.1" 304 -
186.31.15.92 - - [22/Sep/2022:12:29:20 -0500] "GET /sipse/faces/javax.faces.resource/primefaces.js?ln=primefaces&v=4.0 HTTP/1.1" 304 -
186.31.15.92 - - [22/Sep/2022:12:29:20 -0500] "GET /sipse/faces/javax.faces.resource/layout/layout.js?ln=primefaces&v=4.0 HTTP/1.1" 304 -
186.31.15.92 - - [22/Sep/2022:12:29:20 -0500] "POST /sipse/faces/presentacion/financiero/solicitudProceso/listarSolicitudProceso.xhtml HTTP/1.1" 200 1544
167.0.140.139 - - [22/Sep/2022:12:29:20 -0500] "POST /sipse/faces/presentacion/financiero/solicitudProceso/consultarSolicitudProceso.xhtml HTTP/1.1" 200 61494
186.31.15.92 - - [22/Sep/2022:12:29:21 -0500] "POST /sipse/faces/presentacion/financiero/solicitudProceso/listarSolicitudProceso.xhtml HTTP/1.1" 200 26498
201.245.192.253 - - [22/Sep/2022:12:29:20 -0500] "POST /kwsrmcab/Wsrmcab HTTP/1.1" 200 42605
190.27.151.122 - - [22/Sep/2022:12:29:25 -0500] "POST /sipse/faces/presentacion/proyectos/proyecto/actividad/crearActividad.xhtml HTTP/1.1" 200 2596
201.245.192.253 - - [22/Sep/2022:12:29:23 -0500] "POST /kwsrmcab/Wsrmcab HTTP/1.1" 200 44785
190.27.151.122 - - [22/Sep/2022:12:29:29 -0500] "POST /sipse/faces/presentacion/proyectos/proyecto/actividad/crearActividad.xhtml HTTP/1.1" 200 7295
190.27.151.122 - - [22/Sep/2022:12:29:30 -0500] "POST /sipse/faces/presentacion/proyectos/proyecto/actividad/crearActividad.xhtml HTTP/1.1" 200 7294
190.27.151.122 - - [22/Sep/2022:12:29:32 -0500] "POST /sipse/faces/presentacion/proyectos/proyecto/actividad/crearActividad.xhtml HTTP/1.1" 200 7310
190.27.151.122 - - [22/Sep/2022:12:29:35 -0500] "POST /sipse/faces/presentacion/proyectos/proyecto/actividad/crearActividad.xhtml HTTP/1.1" 200 55913
172.22.2.4 - - [22/Sep/2022:12:27:55 -0500] "GET /BLA/boletinlegal/ HTTP/1.1" 200 53290
190.27.151.122 - - [22/Sep/2022:12:29:35 -0500] "GET /sipse/faces/javax.faces.resource/jquery/jquery.js?ln=primefaces&v=4.0 HTTP/1.1" 304 -
190.27.151.122 - - [22/Sep/2022:12:29:35 -0500] "GET /sipse/faces/javax.faces.resource/jquery/jquery-plugins.js?ln=primefaces&v=4.0 HTTP/1.1" 304 -
190.27.151.122 - - [22/Sep/2022:12:29:35 -0500] "GET /sipse/faces/javax.faces.resource/primefaces.js?ln=primefaces&v=4.0 HTTP/1.1" 304 -
190.27.151.122 - - [22/Sep/2022:12:29:35 -0500] "GET /sipse/faces/javax.faces.resource/layout/layout.js?ln=primefaces&v=4.0 HTTP/1.1" 304 -
167.0.140.139 - - [22/Sep/2022:12:29:36 -0500] "POST /sipse/faces/presentacion/financiero/solicitudProceso/consultarSolicitudProceso.xhtml HTTP/1.1" 200 3462455
190.27.151.122 - - [22/Sep/2022:12:29:48 -0500] "POST /sipse/faces/presentacion/proyectos/proyecto/actividad/ponderacionVertical.xhtml HTTP/1.1" 200 36964
190.27.151.122 - - [22/Sep/2022:12:29:51 -0500] "POST /sipse/faces/presentacion/proyectos/proyecto/actividad/ponderacionVertical.xhtml HTTP/1.1" 200 36961
190.27.151.122 - - [22/Sep/2022:12:29:52 -0500] "POST /sipse/faces/presentacion/proyectos/proyecto/actividad/ponderacionVertical.xhtml HTTP/1.1" 200 178292
190.27.151.122 - - [22/Sep/2022:12:29:53 -0500] "GET /sipse/faces/javax.faces.resource/theme.css?ln=primefaces-sipse HTTP/1.1" 304 -
190.27.151.122 - - [22/Sep/2022:12:29:53 -0500] "GET /sipse/faces/javax.faces.resource/primefaces.css?ln=primefaces&v=4.0 HTTP/1.1" 304 -
190.27.151.122 - - [22/Sep/2022:12:29:53 -0500] "GET /sipse/faces/javax.faces.resource/layout/layout.css?ln=primefaces&v=4.0 HTTP/1.1" 304 -
190.27.151.122 - - [22/Sep/2022:12:29:53 -0500] "GET /sipse/faces/javax.faces.resource/jquery/jquery.js?ln=primefaces&v=4.0 HTTP/1.1" 304 -
190.27.151.122 - - [22/Sep/2022:12:29:53 -0500] "GET /sipse/faces/javax.faces.resource/primefaces.js?ln=primefaces&v=4.0 HTTP/1.1" 304 -
190.27.151.122 - - [22/Sep/2022:12:29:53 -0500] "GET /sipse/faces/javax.faces.resource/jquery/jquery-plugins.js?ln=primefaces&v=4.0 HTTP/1.1" 304 -
190.27.151.122 - - [22/Sep/2022:12:29:53 -0500] "GET /sipse/faces/javax.faces.resource/layout/layout.js?ln=primefaces&v=4.0 HTTP/1.1" 304 -
190.27.151.122 - - [22/Sep/2022:12:29:53 -0500] "GET /sipse/faces/javax.faces.resource/spacer/dot_clear.gif?ln=primefaces&v=4.0 HTTP/1.1" 304 -
190.27.151.122 - - [22/Sep/2022:12:29:53 -0500] "GET /sipse/faces/javax.faces.resource/images/ui-icons_898989_256x240.png?ln=primefaces-aristo HTTP/1.1" 304 -
190.27.151.122 - - [22/Sep/2022:12:29:53 -0500] "GET /sipse/faces/javax.faces.resource/messages/messages.png?ln=primefaces&v=4.0 HTTP/1.1" 304 -
190.27.151.122 - - [22/Sep/2022:12:30:02 -0500] "GET /sipse/faces/javax.faces.resource/images/ui-bg_flat_0_2d5972_40x100.png?ln=primefaces-aristo HTTP/1.1" 304 -
190.27.151.122 - - [22/Sep/2022:12:30:02 -0500] "POST /sipse/faces/presentacion/proyectos/proyecto/actividad/crearActividad.xhtml HTTP/1.1" 200 142455
190.27.151.122 - - [22/Sep/2022:12:30:04 -0500] "GET /sipse/faces/javax.faces.resource/jquery/jquery.js?ln=primefaces&v=4.0 HTTP/1.1" 304 -
190.27.151.122 - - [22/Sep/2022:12:30:04 -0500] "GET /sipse/faces/javax.faces.resource/jquery/jquery-plugins.js?ln=primefaces&v=4.0 HTTP/1.1" 304 -
190.27.151.122 - - [22/Sep/2022:12:30:04 -0500] "GET /sipse/faces/javax.faces.resource/primefaces.js?ln=primefaces&v=4.0 HTTP/1.1" 304 -
190.27.151.122 - - [22/Sep/2022:12:30:05 -0500] "GET /sipse/faces/javax.faces.resource/layout/layout.js?ln=primefaces&v=4.0 HTTP/1.1" 304 -
190.27.151.122 - - [22/Sep/2022:12:30:08 -0500] "POST /sipse/faces/presentacion/proyectos/proyecto/meta/meta.xhtml HTTP/1.1" 200 25264
201.245.192.253 - - [22/Sep/2022:12:30:12 -0500] "POST /sipse/faces/presentacion/financiero/solicitudProceso/consultarSolicitudProceso.xhtml HTTP/1.1" 200 230631
216.245.221.92 - - [22/Sep/2022:12:30:13 -0500] "HEAD / HTTP/1.1" 200 -
190.27.151.122 - - [22/Sep/2022:12:30:27 -0500] "POST /sipse/faces/presentacion/proyectos/proyecto/meta/meta.xhtml HTTP/1.1" 200 172471
190.27.151.122 - - [22/Sep/2022:12:30:28 -0500] "GET /sipse/faces/javax.faces.resource/jquery/jquery.js?ln=primefaces&v=4.0 HTTP/1.1" 304 -
190.27.151.122 - - [22/Sep/2022:12:30:28 -0500] "GET /sipse/faces/javax.faces.resource/jquery/jquery-plugins.js?ln=primefaces&v=4.0 HTTP/1.1" 304 -
190.27.151.122 - - [22/Sep/2022:12:30:28 -0500] "GET /sipse/faces/javax.faces.resource/primefaces.js?ln=primefaces&v=4.0 HTTP/1.1" 304 -
190.27.151.122 - - [22/Sep/2022:12:30:28 -0500] "GET /sipse/faces/javax.faces.resource/layout/layout.js?ln=primefaces&v=4.0 HTTP/1.1" 304 -
186.31.15.92 - - [22/Sep/2022:12:30:42 -0500] "POST /sipse/faces/presentacion/financiero/solicitudProceso/listarSolicitudProceso.xhtml HTTP/1.1" 200 155544
186.31.15.92 - - [22/Sep/2022:12:30:43 -0500] "GET /sipse/faces/javax.faces.resource/theme.css?ln=primefaces-sipse HTTP/1.1" 304 -
186.31.15.92 - - [22/Sep/2022:12:30:43 -0500] "GET /sipse/faces/javax.faces.resource/layout/layout.css?ln=primefaces&v=4.0 HTTP/1.1" 304 -
186.31.15.92 - - [22/Sep/2022:12:30:43 -0500] "GET /sipse/faces/javax.faces.resource/primefaces.css?ln=primefaces&v=4.0 HTTP/1.1" 304 -
186.31.15.92 - - [22/Sep/2022:12:30:43 -0500] "GET /sipse/faces/javax.faces.resource/jquery/jquery.js?ln=primefaces&v=4.0 HTTP/1.1" 304 -
186.31.15.92 - - [22/Sep/2022:12:30:43 -0500] "GET /sipse/faces/javax.faces.resource/jquery/jquery-plugins.js?ln=primefaces&v=4.0 HTTP/1.1" 304 -
186.31.15.92 - - [22/Sep/2022:12:30:43 -0500] "GET /sipse/faces/javax.faces.resource/primefaces.js?ln=primefaces&v=4.0 HTTP/1.1" 304 -
186.31.15.92 - - [22/Sep/2022:12:30:43 -0500] "GET /sipse/faces/javax.faces.resource/layout/layout.js?ln=primefaces&v=4.0 HTTP/1.1" 304 -
186.31.15.92 - - [22/Sep/2022:12:30:43 -0500] "GET /sipse/faces/javax.faces.resource/images/ui-icons_898989_256x240.png?ln=primefaces-aristo HTTP/1.1" 304 -
186.31.15.92 - - [22/Sep/2022:12:30:43 -0500] "GET /sipse/faces/javax.faces.resource/dynamiccontent.properties?ln=primefaces&pfdrid=XjOR5%2F%2FfPAZAuY9TpWQeCiM0BhlXxYRBGKi%2FQcXXfeA%3D&pfdrid_c=false HTTP/1.1" 500 383
190.27.151.122 - - [22/Sep/2022:12:30:47 -0500] "POST /sipse/faces/presentacion/proyectos/proyecto/actividad/crearActividad.xhtml HTTP/1.1" 200 2540
186.31.15.92 - - [22/Sep/2022:12:30:48 -0500] "POST /sipse/faces/presentacion/financiero/solicitudProceso/consultarSolicitudProceso.xhtml HTTP/1.1" 200 314646
190.27.151.122 - - [22/Sep/2022:12:30:49 -0500] "POST /sipse/faces/presentacion/proyectos/proyecto/actividad/crearActividad.xhtml HTTP/1.1" 200 2564
190.27.151.122 - - [22/Sep/2022:12:30:52 -0500] "POST /sipse/faces/presentacion/proyectos/proyecto/actividad/crearActividad.xhtml HTTP/1.1" 200 2572
186.31.15.92 - - [22/Sep/2022:12:30:54 -0500] "POST /sipse/faces/presentacion/financiero/solicitudProceso/consultarSolicitudProceso.xhtml HTTP/1.1" 200 200771
190.27.151.122 - - [22/Sep/2022:12:30:55 -0500] "POST /sipse/faces/presentacion/proyectos/proyecto/actividad/crearActividad.xhtml HTTP/1.1" 200 2576
190.27.151.122 - - [22/Sep/2022:12:31:11 -0500] "POST /sipse/faces/presentacion/proyectos/proyecto/actividad/crearActividad.xhtml HTTP/1.1" 200 2588
190.27.151.122 - - [22/Sep/2022:12:31:12 -0500] "POST /sipse/faces/presentacion/proyectos/proyecto/actividad/crearActividad.xhtml HTTP/1.1" 200 2596
190.27.151.122 - - [22/Sep/2022:12:31:13 -0500] "POST /sipse/faces/presentacion/proyectos/proyecto/actividad/crearActividad.xhtml HTTP/1.1" 200 2596
190.27.151.122 - - [22/Sep/2022:12:31:14 -0500] "POST /sipse/faces/presentacion/proyectos/proyecto/actividad/crearActividad.xhtml HTTP/1.1" 200 2596
190.27.151.122 - - [22/Sep/2022:12:31:24 -0500] "POST /sipse/faces/presentacion/proyectos/proyecto/actividad/crearActividad.xhtml HTTP/1.1" 200 2596
190.27.151.122 - - [22/Sep/2022:12:31:26 -0500] "POST /sipse/faces/presentacion/proyectos/proyecto/actividad/crearActividad.xhtml HTTP/1.1" 200 7295
190.27.151.122 - - [22/Sep/2022:12:31:28 -0500] "POST /sipse/faces/presentacion/proyectos/proyecto/actividad/crearActividad.xhtml HTTP/1.1" 200 7298
190.27.151.122 - - [22/Sep/2022:12:31:29 -0500] "POST /sipse/faces/presentacion/proyectos/proyecto/actividad/crearActividad.xhtml HTTP/1.1" 200 7310
190.27.151.122 - - [22/Sep/2022:12:31:33 -0500] "POST /sipse/faces/presentacion/proyectos/proyecto/actividad/crearActividad.xhtml HTTP/1.1" 200 57790
190.27.151.122 - - [22/Sep/2022:12:31:34 -0500] "GET /sipse/faces/javax.faces.resource/jquery/jquery.js?ln=primefaces&v=4.0 HTTP/1.1" 304 -
190.27.151.122 - - [22/Sep/2022:12:31:34 -0500] "GET /sipse/faces/javax.faces.resource/jquery/jquery-plugins.js?ln=primefaces&v=4.0 HTTP/1.1" 304 -
190.27.151.122 - - [22/Sep/2022:12:31:34 -0500] "GET /sipse/faces/javax.faces.resource/primefaces.js?ln=primefaces&v=4.0 HTTP/1.1" 304 -
190.27.151.122 - - [22/Sep/2022:12:31:34 -0500] "GET /sipse/faces/javax.faces.resource/layout/layout.js?ln=primefaces&v=4.0 HTTP/1.1" 304 -
190.27.151.122 - - [22/Sep/2022:12:31:39 -0500] "POST /sipse/faces/presentacion/proyectos/proyecto/actividad/ponderacionVertical.xhtml HTTP/1.1" 200 38841
190.27.151.122 - - [22/Sep/2022:12:31:41 -0500] "POST /sipse/faces/presentacion/proyectos/proyecto/actividad/ponderacionVertical.xhtml HTTP/1.1" 200 38838
157.55.39.25 - - [22/Sep/2022:12:31:43 -0500] "GET /BLA/resoluciones/RESOLUCIONES%202005/00001068.tif HTTP/1.1" 200 140632
186.102.49.255 - - [22/Sep/2022:12:31:49 -0500] "GET /kwssiamovil/sm/acme/a?s=U2FsdGVkX1+lowDaN/wLjsg6dNmNcqIMr3rM0h1jU/OpmW960ufQQgasHlGSfww6TXa/19WI5Hno3dKzMusYj+AZmni/u8XNs0Ysc4zy0J65s1J/lxJIbn1JG8uLRLv10X/yHlNhMj1ZI9qwmjH10PKpC21kOfl+Php4GFh7eDofMBqG7HpvtXO1XTYymGuJ2vDKuxsmbAp1xAzsRoMS+xYqLLQDfeePjQhE7Silc2zLq56jE/Dp6Gegzq/ze/HHJlSbGh0Dj6hS094LQ+4bGA==&u=U2FsdGVkX1+OzkvDnRqfp96QCRWcgp49J+XJcEyVfmgK8Z6RCgZ6/NEIhhOt32GV&y=U2FsdGVkX1/Yt5tCDd3QgIOR9nwpMTfF0KqrJe0iGsVcAnKub9qIMIdGPKDRO+nb HTTP/1.1" 200 25
186.102.49.255 - - [22/Sep/2022:12:31:50 -0500] "GET /kwssiamovil/sm/acme/a?s=U2FsdGVkX18kmeI384u3N2idfGXbhQTr1becW5XywvS+T+m9CsWK/ovTs+r50J8DLZo0IYiJJC28iGeBO9CVzmXTr6sfpXWhdaTyx1XLtY304sii5NTFFwpCqSrA+JeiQ84tXJYyJgb4Gm9tZamh6z+yAaJXveQjVUlgcsYbV9SifeD0nrSjCnOaa2qppOFQRSPCY/3ZUnjuAYooGxAWtk2msXYacY35qm1hlYoOBlb2ciQvzezDqFd+ifpzHSKCanUC2iKg5Ap7rGoG2pQgY0E+zEZG2E1sTzqgAPuoOOY9e1otAls48wvfypWd6OtyUrzRlW2FQhX1WXOsUaaT9cq5e5Kb9BTi9UCTCvo4fJwk1PLrIZjhC73ZHrXAGxzSxFhVf9sEQBBM/whkU14ZM+XuNGo9YliWgZ8KpDhkEttGSJo17LnlwJd5Pt1YDRh7wI3o72DFRLrD1NbeJZ2yqZoPFIXW/kjrPvyxCfSL9Lts8r640yuSjOOUIA7MXaGOgm1mPEX3auZsM2ujHn20+DBi9jYcyD7Cp2NpD1vcIXXVZg4iOdaZU72T3nf5O/nVHSYb6lkbbMv774dDZY6Z7DlpiG/gg1tqERty6hVeW7mZY2dqdfAijLsAyLGULDWza1lPy4kmSObtl2fM+hmuCUPE/uV5lnjpQGBuLwBdowlTdXsIQFgg7Z3vC+q4mwOwJE61csdbcIEVOsh6UV0U3ervOVq97MEQnNPcKeO7v0sKzb6/iPJ8zh1aMxJ20svI49CX+a48EDZC+O4OGAdDlw1Fh8UDKCz5SA898pDkbd85GroaqTVlgbFmG/UccPZA9aimnmqRASx7It8MpwMrBe57xE6yjjMoeah3XmjxIzY1z3ZZPb4Xc66rrWoZ1dAySRouvtpzh2lu2IhskTk1Zf1+idzwOIyR0CRDOAFZwo8w8tTEFmd3DqI7O9Qr1ojQYAAOFhzFxB6JOhzP8jrV7n/vUEQ/yzcntYksVX0tdlJ/E+s+W5KhVEuzUBh59YVR7Gd+O9OoGY0L3A+XUU0vNYI94tZOdKjOqncL6UQEb8FUdzHBYQEtr2a9az9nP95hGvkkG51DkgpsRlHWJ++jjAldOpgA7hTwu6Zr9EQiEYfTUxPXf8/l6oTPOVYw2aCe/LMifEsT+aVimgsWZ8W2F86UMvxXGkX1oo2+EZJyAq1rIyu7YKLKk+v4iMpyggluYKS2CcPqfy2EBe5jTQytw9FWThbbCGxMpW4xqLVUGdAChdxqoAS8Qu0/PVVAwlDN/Osj2uKzCr4oLlW33mhC8Qw2MOdRVlHUBqeZTNcLQQjQ6BN8TvJzO6KumsXVaLfhnlAv8DpNEUacq0bBvQpDQV/DpXe1rcWT9KS9wWZfSB3Uuy+hSVsPd6yTeDR7PXb5jPMkV47o0weGjRixAKIUNxAW4m0VyvfVQfauBkKkcGyJ3ywNBH5oyfPKSTwkww6bBKEuxCjSwD14zLhht460S/U0VWkOZ/o52sNTeVUuUns5BCUwNuG8ODYXgVgzPUU3p8IZgIp0WGawj+jihH2WcQJ7OFSdyNcWId116hcKP7TVKvs/Q+11TYkWYNkPC9v6r+zBLycGG4ecPbniTpYJnVetuSXyHAK+NI/YtDi5T4k1XggSV2AbjzpqaGclKdBzG/TqGgeGxxedVtIfvBgySVoloHdqhIOkcJFCE34pH+YTjUcke5k6pXbDfdw5pInIlCtnXeAkyVsX/HQEwPNjYQ==&u=U2FsdGVkX1+OzkvDnRqfp96QCRWcgp49J+XJcEyVfmgK8Z6RCgZ6/NEIhhOt32GV&y=U2FsdGVkX1/Yt5tCDd3QgIOR9nwpMTfF0KqrJe0iGsVcAnKub9qIMIdGPKDRO+nb HTTP/1.1" 200 25
186.102.49.255 - - [22/Sep/2022:12:31:50 -0500] "GET /kwssiamovil/sm/acme/a?s=U2FsdGVkX1+/5BcrINI+Ti0kFHNcmo4CWz3n+kc4HjP+iXkXU1mXGLHl8TyQOvulAdsSDA7IEbHfxtIk92koZBZTUZpMSD+Cb6JHxjPYuXZezMOOMfh7bEHxeU04PDx+a4quG1VJj2l6svycR99KfrCCEqoYR6kp6R3zEUFBn20=&u=U2FsdGVkX1+OzkvDnRqfp96QCRWcgp49J+XJcEyVfmgK8Z6RCgZ6/NEIhhOt32GV&y=U2FsdGVkX1/Yt5tCDd3QgIOR9nwpMTfF0KqrJe0iGsVcAnKub9qIMIdGPKDRO+nb HTTP/1.1" 200 25
186.102.49.255 - - [22/Sep/2022:12:31:50 -0500] "GET /kwssiamovil/sm/acme/a?s=U2FsdGVkX1+PovFW2Oji1wstb771BXj9gakXo22L/EFMtXsjTv3G+Mh9idqRxaqKg0N+yE86nj7c5+leFusKamY+ArP7RV1g5PKV4d82KDrnoiNcvU9C4UvSmbTsdI0OfES29vnrP3pRlE9s1/9Y4kvwGd+EQNiDm22W+t6Sg3s=&u=U2FsdGVkX1+OzkvDnRqfp96QCRWcgp49J+XJcEyVfmgK8Z6RCgZ6/NEIhhOt32GV&y=U2FsdGVkX1/Yt5tCDd3QgIOR9nwpMTfF0KqrJe0iGsVcAnKub9qIMIdGPKDRO+nb HTTP/1.1" 200 25
186.102.49.255 - - [22/Sep/2022:12:31:50 -0500] "GET /kwssiamovil/sm/acme/a?s=U2FsdGVkX1+HDc01v1p3Pr9G5sL0nZwJGXkvQtUB91bxQejeRT8ieMdX+Zgr3mTpEp3sYq7SFmd/kUuu2SAPWPwYINN7bzKyExKqEkg7VCVuHeiyjsGX8zPZBXSsHba96CC4kodarmyaSZZOhUaPttRaF+TOhadcOwq/V0sxMKA=&u=U2FsdGVkX1+OzkvDnRqfp96QCRWcgp49J+XJcEyVfmgK8Z6RCgZ6/NEIhhOt32GV&y=U2FsdGVkX1/Yt5tCDd3QgIOR9nwpMTfF0KqrJe0iGsVcAnKub9qIMIdGPKDRO+nb HTTP/1.1" 200 25
186.102.49.255 - - [22/Sep/2022:12:31:51 -0500] "GET /kwssiamovil/sm/acme/a?s=U2FsdGVkX1+ACC22RYA/q7asM1rK5A0fPhH4vzmV0ISI4XqhHXPDCe4mQMs/WmOZTTjkfMZr9B74it90UE0MV/33mXilDeLVEpX6YHId87IGTuk3WuTAu59Pxvz25N+8uvnP4NnwHWhjmzR8S2WT2gsJ4vVKR7Re6Ck1Px8roQqU58jm5N63IhgvE/73nsNq&u=U2FsdGVkX1+OzkvDnRqfp96QCRWcgp49J+XJcEyVfmgK8Z6RCgZ6/NEIhhOt32GV&y=U2FsdGVkX1/Yt5tCDd3QgIOR9nwpMTfF0KqrJe0iGsVcAnKub9qIMIdGPKDRO+nb HTTP/1.1" 200 25
186.31.15.92 - - [22/Sep/2022:12:31:52 -0500] "GET /sipse/faces/javax.faces.resource/images/ui-bg_flat_0_2d5972_40x100.png?ln=primefaces-aristo HTTP/1.1" 304 -
186.31.15.92 - - [22/Sep/2022:12:31:52 -0500] "POST /sipse/faces/presentacion/financiero/solicitudProceso/consultarSolicitudProceso.xhtml HTTP/1.1" 200 73499
186.31.15.92 - - [22/Sep/2022:12:31:53 -0500] "GET /sipse/faces/javax.faces.resource/theme.css?ln=primefaces-sipse HTTP/1.1" 304 -
186.31.15.92 - - [22/Sep/2022:12:31:53 -0500] "GET /sipse/faces/javax.faces.resource/primefaces.css?ln=primefaces&v=4.0 HTTP/1.1" 304 -
186.31.15.92 - - [22/Sep/2022:12:31:53 -0500] "GET /sipse/faces/javax.faces.resource/layout/layout.css?ln=primefaces&v=4.0 HTTP/1.1" 304 -
186.31.15.92 - - [22/Sep/2022:12:31:53 -0500] "GET /sipse/faces/javax.faces.resource/jquery/jquery.js?ln=primefaces&v=4.0 HTTP/1.1" 304 -
186.31.15.92 - - [22/Sep/2022:12:31:53 -0500] "GET /sipse/faces/javax.faces.resource/jquery/jquery-plugins.js?ln=primefaces&v=4.0 HTTP/1.1" 304 -
186.31.15.92 - - [22/Sep/2022:12:31:53 -0500] "GET /sipse/faces/javax.faces.resource/primefaces.js?ln=primefaces&v=4.0 HTTP/1.1" 304 -
186.31.15.92 - - [22/Sep/2022:12:31:53 -0500] "GET /sipse/faces/javax.faces.resource/layout/layout.js?ln=primefaces&v=4.0 HTTP/1.1" 304 -
190.27.151.122 - - [22/Sep/2022:12:31:53 -0500] "GET /sipse/faces/javax.faces.resource/primefaces.css?ln=primefaces&v=4.0 HTTP/1.1" 304 -
190.27.151.122 - - [22/Sep/2022:12:31:53 -0500] "GET /sipse/faces/javax.faces.resource/theme.css?ln=primefaces-sipse HTTP/1.1" 304 -
190.27.151.122 - - [22/Sep/2022:12:31:53 -0500] "GET /sipse/faces/javax.faces.resource/layout/layout.css?ln=primefaces&v=4.0 HTTP/1.1" 304 -
190.27.151.122 - - [22/Sep/2022:12:31:53 -0500] "GET /sipse/faces/javax.faces.resource/jquery/jquery.js?ln=primefaces&v=4.0 HTTP/1.1" 304 -
190.27.151.122 - - [22/Sep/2022:12:31:53 -0500] "GET /sipse/faces/javax.faces.resource/primefaces.js?ln=primefaces&v=4.0 HTTP/1.1" 304 -
190.27.151.122 - - [22/Sep/2022:12:31:53 -0500] "GET /sipse/faces/javax.faces.resource/jquery/jquery-plugins.js?ln=primefaces&v=4.0 HTTP/1.1" 304 -
190.27.151.122 - - [22/Sep/2022:12:31:54 -0500] "GET /sipse/faces/javax.faces.resource/layout/layout.js?ln=primefaces&v=4.0 HTTP/1.1" 304 -
190.27.151.122 - - [22/Sep/2022:12:31:52 -0500] "POST /sipse/faces/presentacion/proyectos/proyecto/actividad/ponderacionVertical.xhtml HTTP/1.1" 200 178562
190.27.151.122 - - [22/Sep/2022:12:31:54 -0500] "GET /sipse/faces/javax.faces.resource/spacer/dot_clear.gif?ln=primefaces&v=4.0 HTTP/1.1" 304 -
190.27.151.122 - - [22/Sep/2022:12:31:54 -0500] "GET /sipse/faces/javax.faces.resource/images/ui-icons_898989_256x240.png?ln=primefaces-aristo HTTP/1.1" 304 -
190.27.151.122 - - [22/Sep/2022:12:31:54 -0500] "GET /sipse/faces/javax.faces.resource/messages/messages.png?ln=primefaces&v=4.0 HTTP/1.1" 304 -
186.31.15.92 - - [22/Sep/2022:12:32:13 -0500] "POST /sipse/faces/presentacion/contratacion/contrato/crearModificarContrato.xhtml HTTP/1.1" 200 58423
186.31.15.92 - - [22/Sep/2022:12:32:13 -0500] "POST /sipse/faces/presentacion/contratacion/contrato/crearModificarContrato.xhtml HTTP/1.1" 200 30945
186.31.15.92 - - [22/Sep/2022:12:32:13 -0500] "GET /sipse/faces/javax.faces.resource/theme.css?ln=primefaces-sipse HTTP/1.1" 304 -
186.31.15.92 - - [22/Sep/2022:12:32:13 -0500] "GET /sipse/faces/javax.faces.resource/primefaces.css?ln=primefaces&v=4.0 HTTP/1.1" 304 -
186.31.15.92 - - [22/Sep/2022:12:32:13 -0500] "GET /sipse/faces/javax.faces.resource/jquery/jquery.js?ln=primefaces&v=4.0 HTTP/1.1" 304 -
186.31.15.92 - - [22/Sep/2022:12:32:13 -0500] "GET /sipse/faces/javax.faces.resource/jquery/jquery-plugins.js?ln=primefaces&v=4.0 HTTP/1.1" 304 -
186.31.15.92 - - [22/Sep/2022:12:32:13 -0500] "GET /sipse/faces/javax.faces.resource/layout/layout.js?ln=primefaces&v=4.0 HTTP/1.1" 304 -
186.31.15.92 - - [22/Sep/2022:12:32:13 -0500] "GET /sipse/faces/javax.faces.resource/layout/layout.css?ln=primefaces&v=4.0 HTTP/1.1" 304 -
186.31.15.92 - - [22/Sep/2022:12:32:13 -0500] "GET /sipse/faces/javax.faces.resource/primefaces.js?ln=primefaces&v=4.0 HTTP/1.1" 304 -
186.31.15.92 - - [22/Sep/2022:12:32:18 -0500] "POST /sipse/faces/presentacion/contratacion/procesoContractual/registrarInvitacionContratista.xhtml HTTP/1.1" 200 9685
190.27.151.122 - - [22/Sep/2022:12:32:24 -0500] "GET /sipse/faces/javax.faces.resource/images/ui-bg_flat_0_2d5972_40x100.png?ln=primefaces-aristo HTTP/1.1" 304 -
190.27.151.122 - - [22/Sep/2022:12:32:24 -0500] "POST /sipse/faces/presentacion/proyectos/proyecto/actividad/crearActividad.xhtml HTTP/1.1" 200 142455
190.27.151.122 - - [22/Sep/2022:12:32:26 -0500] "GET /sipse/faces/javax.faces.resource/jquery/jquery.js?ln=primefaces&v=4.0 HTTP/1.1" 304 -
190.27.151.122 - - [22/Sep/2022:12:32:26 -0500] "GET /sipse/faces/javax.faces.resource/jquery/jquery-plugins.js?ln=primefaces&v=4.0 HTTP/1.1" 304 -
190.27.151.122 - - [22/Sep/2022:12:32:26 -0500] "GET /sipse/faces/javax.faces.resource/primefaces.js?ln=primefaces&v=4.0 HTTP/1.1" 304 -
190.27.151.122 - - [22/Sep/2022:12:32:26 -0500] "GET /sipse/faces/javax.faces.resource/layout/layout.js?ln=primefaces&v=4.0 HTTP/1.1" 304 -
186.31.15.92 - - [22/Sep/2022:12:32:28 -0500] "POST /sipse/faces/presentacion/contratacion/procesoContractual/registrarInvitacionContratista.xhtml HTTP/1.1" 200 9251
186.31.15.92 - - [22/Sep/2022:12:32:29 -0500] "GET /sipse/faces/javax.faces.resource/images/ui-icons_898989_256x240.png?ln=primefaces-aristo HTTP/1.1" 304 -
186.31.15.92 - - [22/Sep/2022:12:32:30 -0500] "POST /sipse/faces/presentacion/contratacion/procesoContractual/registrarInvitacionContratista.xhtml HTTP/1.1" 200 74330
186.31.15.92 - - [22/Sep/2022:12:32:30 -0500] "GET /sipse/faces/javax.faces.resource/theme.css?ln=primefaces-sipse HTTP/1.1" 304 -
186.31.15.92 - - [22/Sep/2022:12:32:30 -0500] "GET /sipse/faces/javax.faces.resource/primefaces.css?ln=primefaces&v=4.0 HTTP/1.1" 304 -
186.31.15.92 - - [22/Sep/2022:12:32:30 -0500] "GET /sipse/faces/javax.faces.resource/layout/layout.css?ln=primefaces&v=4.0 HTTP/1.1" 304 -
186.31.15.92 - - [22/Sep/2022:12:32:30 -0500] "GET /sipse/faces/javax.faces.resource/jquery/jquery.js?ln=primefaces&v=4.0 HTTP/1.1" 304 -
186.31.15.92 - - [22/Sep/2022:12:32:30 -0500] "GET /sipse/faces/javax.faces.resource/jquery/jquery-plugins.js?ln=primefaces&v=4.0 HTTP/1.1" 304 -
186.31.15.92 - - [22/Sep/2022:12:32:30 -0500] "GET /sipse/faces/javax.faces.resource/primefaces.js?ln=primefaces&v=4.0 HTTP/1.1" 304 -
186.31.15.92 - - [22/Sep/2022:12:32:30 -0500] "GET /sipse/faces/javax.faces.resource/layout/layout.js?ln=primefaces&v=4.0 HTTP/1.1" 304 -
186.31.15.92 - - [22/Sep/2022:12:32:32 -0500] "POST /sipse/faces/presentacion/contratacion/contrato/crearModificarContrato.xhtml HTTP/1.1" 200 41195
186.31.15.92 - - [22/Sep/2022:12:32:32 -0500] "GET /sipse/faces/javax.faces.resource/theme.css?ln=primefaces-sipse HTTP/1.1" 304 -
186.31.15.92 - - [22/Sep/2022:12:32:32 -0500] "GET /sipse/faces/javax.faces.resource/layout/layout.css?ln=primefaces&v=4.0 HTTP/1.1" 304 -
186.31.15.92 - - [22/Sep/2022:12:32:32 -0500] "GET /sipse/faces/javax.faces.resource/primefaces.css?ln=primefaces&v=4.0 HTTP/1.1" 304 -
186.31.15.92 - - [22/Sep/2022:12:32:32 -0500] "GET /sipse/faces/javax.faces.resource/jquery/jquery.js?ln=primefaces&v=4.0 HTTP/1.1" 304 -
186.31.15.92 - - [22/Sep/2022:12:32:32 -0500] "GET /sipse/faces/javax.faces.resource/jquery/jquery-plugins.js?ln=primefaces&v=4.0 HTTP/1.1" 304 -
186.31.15.92 - - [22/Sep/2022:12:32:32 -0500] "GET /sipse/faces/javax.faces.resource/layout/layout.js?ln=primefaces&v=4.0 HTTP/1.1" 304 -
186.31.15.92 - - [22/Sep/2022:12:32:32 -0500] "GET /sipse/faces/javax.faces.resource/primefaces.js?ln=primefaces&v=4.0 HTTP/1.1" 304 -
190.27.151.122 - - [22/Sep/2022:12:32:33 -0500] "POST /sipse/faces/presentacion/proyectos/proyecto/meta/meta.xhtml HTTP/1.1" 200 28682
186.31.15.92 - - [22/Sep/2022:12:32:40 -0500] "POST /sipse/faces/presentacion/contratacion/contrato/adicionarSupervisor.xhtml HTTP/1.1" 200 16853
186.31.15.92 - - [22/Sep/2022:12:32:41 -0500] "GET /sipse/faces/javax.faces.resource/theme.css?ln=primefaces-sipse HTTP/1.1" 304 -
186.31.15.92 - - [22/Sep/2022:12:32:41 -0500] "GET /sipse/faces/javax.faces.resource/jquery/jquery.js?ln=primefaces&v=4.0 HTTP/1.1" 304 -
186.31.15.92 - - [22/Sep/2022:12:32:41 -0500] "GET /sipse/faces/javax.faces.resource/primefaces.css?ln=primefaces&v=4.0 HTTP/1.1" 304 -
186.31.15.92 - - [22/Sep/2022:12:32:41 -0500] "GET /sipse/faces/javax.faces.resource/layout/layout.css?ln=primefaces&v=4.0 HTTP/1.1" 304 -
186.31.15.92 - - [22/Sep/2022:12:32:41 -0500] "GET /sipse/faces/javax.faces.resource/jquery/jquery-plugins.js?ln=primefaces&v=4.0 HTTP/1.1" 304 -
186.31.15.92 - - [22/Sep/2022:12:32:41 -0500] "GET /sipse/faces/javax.faces.resource/layout/layout.js?ln=primefaces&v=4.0 HTTP/1.1" 304 -
186.31.15.92 - - [22/Sep/2022:12:32:41 -0500] "GET /sipse/faces/javax.faces.resource/primefaces.js?ln=primefaces&v=4.0 HTTP/1.1" 304 -
186.31.15.92 - - [22/Sep/2022:12:32:41 -0500] "POST /sipse/faces/presentacion/contratacion/contrato/adicionarSupervisor.xhtml HTTP/1.1" 200 79635
186.102.31.38 - - [22/Sep/2022:12:32:43 -0500] "GET /kwssiamovil/sm/des/ldap/au?x=U2FsdGVkX18dj2um2ClTqhnU0alLHMAI/tAvrKWjBzA0q0KQjRpZpCPJaMEjDtL3&y=U2FsdGVkX1/yTKK1+SGkZQr9RSQg7AdKVexI4S8rdK4= HTTP/1.1" 200 31
186.31.15.92 - - [22/Sep/2022:12:32:43 -0500] "POST /sipse/faces/presentacion/contratacion/contrato/crearModificarContrato.xhtml HTTP/1.1" 200 160702
186.31.15.92 - - [22/Sep/2022:12:32:44 -0500] "GET /sipse/faces/javax.faces.resource/primefaces.css?ln=primefaces&v=4.0 HTTP/1.1" 304 -
186.31.15.92 - - [22/Sep/2022:12:32:44 -0500] "GET /sipse/faces/javax.faces.resource/theme.css?ln=primefaces-sipse HTTP/1.1" 304 -
186.31.15.92 - - [22/Sep/2022:12:32:44 -0500] "GET /sipse/faces/javax.faces.resource/layout/layout.css?ln=primefaces&v=4.0 HTTP/1.1" 304 -
186.31.15.92 - - [22/Sep/2022:12:32:44 -0500] "GET /sipse/faces/javax.faces.resource/jquery/jquery.js?ln=primefaces&v=4.0 HTTP/1.1" 304 -
186.31.15.92 - - [22/Sep/2022:12:32:44 -0500] "GET /sipse/faces/javax.faces.resource/jquery/jquery-plugins.js?ln=primefaces&v=4.0 HTTP/1.1" 304 -
186.31.15.92 - - [22/Sep/2022:12:32:44 -0500] "GET /sipse/faces/javax.faces.resource/primefaces.js?ln=primefaces&v=4.0 HTTP/1.1" 304 -
186.31.15.92 - - [22/Sep/2022:12:32:44 -0500] "GET /sipse/faces/javax.faces.resource/layout/layout.js?ln=primefaces&v=4.0 HTTP/1.1" 304 -
186.31.15.92 - - [22/Sep/2022:12:32:45 -0500] "GET /sipse/faces/javax.faces.resource/dynamiccontent.properties?ln=primefaces&pfdrid=XjOR5%2F%2FfPAZAuY9TpWQeCiM0BhlXxYRBGKi%2FQcXXfeA%3D&pfdrid_c=false HTTP/1.1" 500 383
186.31.15.92 - - [22/Sep/2022:12:32:47 -0500] "POST /sipse/faces/presentacion/financiero/solicitudProceso/consultarSolicitudProceso.xhtml HTTP/1.1" 200 62832
186.31.15.92 - - [22/Sep/2022:12:32:49 -0500] "GET /sipse/faces/javax.faces.resource/layout/layout.css?ln=primefaces&v=4.0 HTTP/1.1" 304 -
186.31.15.92 - - [22/Sep/2022:12:32:49 -0500] "GET /sipse/faces/javax.faces.resource/theme.css?ln=primefaces-sipse HTTP/1.1" 304 -
186.31.15.92 - - [22/Sep/2022:12:32:49 -0500] "GET /sipse/faces/javax.faces.resource/primefaces.css?ln=primefaces&v=4.0 HTTP/1.1" 304 -
186.31.15.92 - - [22/Sep/2022:12:32:49 -0500] "GET /sipse/faces/javax.faces.resource/jquery/jquery.js?ln=primefaces&v=4.0 HTTP/1.1" 304 -
186.31.15.92 - - [22/Sep/2022:12:32:49 -0500] "GET /sipse/faces/javax.faces.resource/jquery/jquery-plugins.js?ln=primefaces&v=4.0 HTTP/1.1" 304 -
186.31.15.92 - - [22/Sep/2022:12:32:49 -0500] "GET /sipse/faces/javax.faces.resource/primefaces.js?ln=primefaces&v=4.0 HTTP/1.1" 304 -
186.31.15.92 - - [22/Sep/2022:12:32:49 -0500] "GET /sipse/faces/javax.faces.resource/layout/layout.js?ln=primefaces&v=4.0 HTTP/1.1" 304 -
186.31.15.92 - - [22/Sep/2022:12:32:49 -0500] "GET /sipse/faces/javax.faces.resource/messages/messages.png?ln=primefaces&v=4.0 HTTP/1.1" 304 -
186.31.15.92 - - [22/Sep/2022:12:32:49 -0500] "POST /sipse/faces/presentacion/financiero/solicitudProceso/listarSolicitudProceso.xhtml HTTP/1.1" 200 1544
186.31.15.92 - - [22/Sep/2022:12:32:53 -0500] "POST /sipse/faces/presentacion/financiero/solicitudProceso/listarSolicitudProceso.xhtml HTTP/1.1" 200 23580
186.31.15.92 - - [22/Sep/2022:12:32:55 -0500] "POST /sipse/faces/presentacion/financiero/solicitudProceso/listarSolicitudProceso.xhtml HTTP/1.1" 200 32704
190.27.151.122 - - [22/Sep/2022:12:33:01 -0500] "POST /sipse/faces/presentacion/proyectos/proyecto/meta/meta.xhtml HTTP/1.1" 200 172471
190.27.151.122 - - [22/Sep/2022:12:33:02 -0500] "GET /sipse/faces/javax.faces.resource/jquery/jquery.js?ln=primefaces&v=4.0 HTTP/1.1" 304 -
190.27.151.122 - - [22/Sep/2022:12:33:02 -0500] "GET /sipse/faces/javax.faces.resource/jquery/jquery-plugins.js?ln=primefaces&v=4.0 HTTP/1.1" 304 -
190.27.151.122 - - [22/Sep/2022:12:33:02 -0500] "GET /sipse/faces/javax.faces.resource/primefaces.js?ln=primefaces&v=4.0 HTTP/1.1" 304 -
190.27.151.122 - - [22/Sep/2022:12:33:02 -0500] "GET /sipse/faces/javax.faces.resource/layout/layout.js?ln=primefaces&v=4.0 HTTP/1.1" 304 -
186.102.31.38 - - [22/Sep/2022:12:33:04 -0500] "GET /kwssiamovil/sm/des/ldap/au?x=U2FsdGVkX1/Sigq9MG1rBCFfoLO/fb2Bkq8mw5AbZE5cGCbfRpyAJJsHiZmPZkhI&y=U2FsdGVkX1+SEGcyBRidRo+Yohu6rV0UsOnbIkVyPxvNlh1HVEw5FWLIkSKiY22K HTTP/1.1" 200 30
186.102.31.38 - - [22/Sep/2022:12:33:04 -0500] "GET /kwssiamovil/sm/des/acme/s?s=U2FsdGVkX1+pCEDnl/SMa0QaKRUhXip4Vn1M3K+0lib/9mshp01ThHDeB62D+noZj2SGWtrSLkd06VzyOt9dxg3sbCsiIw0QLn7NEqgfrlw=&u=U2FsdGVkX18+Xhc8IZAOuzwMxOOGjx/343R3nk+6saE=&y=U2FsdGVkX1+SEGcyBRidRo+Yohu6rV0UsOnbIkVyPxvNlh1HVEw5FWLIkSKiY22K HTTP/1.1" 200 97
186.102.31.38 - - [22/Sep/2022:12:33:04 -0500] "GET /kwssiamovil/sm/des/acme/s?s=U2FsdGVkX1+U0UO5Lqm0bGe+03QnN6iK5aUb4dorjAIaxmBVw/GVvhEwfdS9hwen7vFPtQtxJUdOzFVFRB+Cvd0Hj5Uhz5e+fwy2iSRokDjKyVMYxfxBIUSySDtJzFtumGqy5YCRmIgkbPCxn7SqY/Y1d6mBOnHzeDE3vHRj7iF5D8NdY+ejjjptSivUwm8BTfuiqG+09ZL+5AcsilKpkRyG1a7R7AFg7Pml6IbNq+2ctJaCBFSkzadM5F06WXIA2pXsNZ67B/amAJKmQA6Odypp0Qkt2iTVip+K3+kN53/20d70Xm7thE+rdaIAoOyhxro+RShEbqjz9wuXX6xhxnlf+zCcEG4n+hQ7V/BWTYc8MRATEcgnxi15ST7xZo244zA2fHdwRAEOd5cwXnjlvEwT9bBWHy/w2E+ea5zBhKu19MCscSE2HacbtI1o5u6CP8CHlGdIIM2qJISZqQSGrHYbmLQ5rObqCMCdNMZVsNhxehlChj3pywqIgcQhJ4SsRzJdhJDFfcsiKCqp/MlZLK8etABaT7h8U0S1vo9EPcIb118LuH4r+0wOG7sOGCm6NrT/aVqN8zPCo0ClCoJFC6oW+jnGDn3SXQeBLZOCcI0BdhmlfL9TGUskINbXjYd84vYrjgmfKQee17GXgn4d67xrRuyVOOvXMaAIf3qioqMPdoPqJx4g7ThJYZUZssOYnkvpeYeB16rBNG41pXrIA7u0II8zwW0iazeQFD3PWf19JWhAk+oyREPHK0+RNyC060Yz4DxPrKxHJsGleZcvV6QbgJqNctWle42U8BoGbkufirQU/DE2ZXuQFwKgg7na9qDCcAOYFZMba0eBZqtMTjpP0absmTc5DxGuuxIX82PGDcrvb4P6KWkCVCcHNWCy+0SeJzKOquKc9tac29YGDZwByEaO1NO4Jwlm+UZLK6A5Ppju7DFGz16Y7iSCrryAIkxc53cy+XqcJnyP+j6uuGxGuSqQGisUiPDUh8CCdRxOztIHOH4mOsYywA/R/fTA9KAlBfUZlFIJ0Hr6y7lyRv1RSvCp7L/cgr7u9OWix+PpSD3y3Fo6sCbZn8uJ4X3Dp5ggLDibv8W0rfjY+9I3kLFrqejC3mEJ4rWo3pjH8LOPSyIo6f8xDSmdHy1wkyplWmUVjd+5Gb9EthjFxHwlmAlxMLDnij2BG4cRtKrXZHHE+grazy197DdVamW2ufNESoW0LvUSSC9ukCc5csK3+CXrN9sJ0SH85KUg/EGdes3c+YL288huoFeLsyz7EhqqKsbbrZGKegzurJ2C5K0A31a5z8+ADSbGEIGkZ3Ml4PkGz49wB03AWy8e6G7GTw63K64MRB5WKCMRFFqSXknwEwyNliHuXfFlKa9ODSOxoTc=&u=U2FsdGVkX18+Xhc8IZAOuzwMxOOGjx/343R3nk+6saE=&y=U2FsdGVkX1+SEGcyBRidRo+Yohu6rV0UsOnbIkVyPxvNlh1HVEw5FWLIkSKiY22K HTTP/1.1" 200 953
186.102.31.38 - - [22/Sep/2022:12:33:05 -0500] "GET /kwssiamovil/sm/des/acme/s?s=U2FsdGVkX1+xOhLt6hBOJnykp3Vd+T8MGutwYlUzhEva8XHlR6aj3LGKsIPZTOYj86TpQ2cfMnGpdkvc6lopmz1Je5XqY/gSnGeGJK9RsF4gnuL+B/bdjPWGd3sQwsyHHIGnKif7QKO7klfDdFU14ORBq8adEatmUygtB+X21ddS7m+gJD1Uj60bt8ZvsQ+w9+DiMCuk2VA2fQ3KISqatg==&u=U2FsdGVkX18+Xhc8IZAOuzwMxOOGjx/343R3nk+6saE=&y=U2FsdGVkX1+SEGcyBRidRo+Yohu6rV0UsOnbIkVyPxvNlh1HVEw5FWLIkSKiY22K HTTP/1.1" 200 96060
186.102.31.38 - - [22/Sep/2022:12:33:05 -0500] "GET /kwssiamovil/sm/des/acme/s?s=U2FsdGVkX19ibh5Yg+bLfQJf0ulId28wrpzKfHsgKcA1c9bz4uJ9lRjmWrZKMHDKn+8jgmkFCuJoyExbWPZECmed58FFK/iLzdX6+Ptmi0PfpYu38biVWfP7Wn5OY35V8l1T4vBs6vhRWNFWvn6pf3mJ6dVN1HEi33pvoBcet4h9cLwOA4SMDWw3MFXbj3mwAU7sD7JFydlZQVwuFCME2g==&u=U2FsdGVkX18+Xhc8IZAOuzwMxOOGjx/343R3nk+6saE=&y=U2FsdGVkX1+SEGcyBRidRo+Yohu6rV0UsOnbIkVyPxvNlh1HVEw5FWLIkSKiY22K HTTP/1.1" 200 96060
186.102.31.38 - - [22/Sep/2022:12:33:06 -0500] "GET /kwssiamovil/sm/des/acme/s?s=U2FsdGVkX18RN4Tq7czYT/OlZAiBe0jh3ZmOHLxtsW4m6a5g3aXH6HtbZeqodaDJIjSmiplEC790quWp3JHUHi0mL4NCvxAGATCG7EtpjuWrj/rPl4R1Bn7Ku0MNUZH4yeQd0adXCqhD3pXCD3ivxzsDr4AbqM4GDweBkHfCE960ZTFmWCGqkqXljnpeZISg5RGwaTjkqd8UYgQDGbcYC6ky7IGCw5AiRCiZSvsv9/Mk1qaDuzjBLnrGeviZ6XRqdE0Z3BO1P/kbcXnVHqRCRN3lSCcyECl1eD3xqyrsP45ED5Z6rVWMfDwr6ZJba46ThpxGfOVuKle56h3DNErJNg==&u=U2FsdGVkX18+Xhc8IZAOuzwMxOOGjx/343R3nk+6saE=&y=U2FsdGVkX1+SEGcyBRidRo+Yohu6rV0UsOnbIkVyPxvNlh1HVEw5FWLIkSKiY22K HTTP/1.1" 200 849
190.27.151.122 - - [22/Sep/2022:12:33:08 -0500] "POST /sipse/faces/presentacion/proyectos/proyecto/actividad/crearActividad.xhtml HTTP/1.1" 200 2548
186.102.31.38 - - [22/Sep/2022:12:33:06 -0500] "GET /kwssiamovil/sm/des/cjson/pre?f=17&x=U2FsdGVkX1/Sigq9MG1rBCFfoLO/fb2Bkq8mw5AbZE5cGCbfRpyAJJsHiZmPZkhI HTTP/1.1" 200 12729
190.27.151.122 - - [22/Sep/2022:12:33:20 -0500] "POST /sipse/faces/presentacion/proyectos/proyecto/actividad/crearActividad.xhtml HTTP/1.1" 200 2560
186.102.31.38 - - [22/Sep/2022:12:33:06 -0500] "GET /kwssiamovil/sm/des/cjson/pre?f=9&x=U2FsdGVkX1/Sigq9MG1rBCFfoLO/fb2Bkq8mw5AbZE5cGCbfRpyAJJsHiZmPZkhI HTTP/1.1" 200 14478
190.27.151.122 - - [22/Sep/2022:12:33:22 -0500] "POST /sipse/faces/presentacion/proyectos/proyecto/actividad/crearActividad.xhtml HTTP/1.1" 200 2576
186.31.15.92 - - [22/Sep/2022:12:33:22 -0500] "POST /sipse/faces/presentacion/financiero/solicitudProceso/listarSolicitudProceso.xhtml HTTP/1.1" 200 144821
186.31.15.92 - - [22/Sep/2022:12:33:24 -0500] "GET /sipse/faces/javax.faces.resource/theme.css?ln=primefaces-sipse HTTP/1.1" 304 -
186.31.15.92 - - [22/Sep/2022:12:33:24 -0500] "GET /sipse/faces/javax.faces.resource/primefaces.css?ln=primefaces&v=4.0 HTTP/1.1" 304 -
186.31.15.92 - - [22/Sep/2022:12:33:24 -0500] "GET /sipse/faces/javax.faces.resource/layout/layout.css?ln=primefaces&v=4.0 HTTP/1.1" 304 -
186.31.15.92 - - [22/Sep/2022:12:33:24 -0500] "GET /sipse/faces/javax.faces.resource/jquery/jquery.js?ln=primefaces&v=4.0 HTTP/1.1" 304 -
186.31.15.92 - - [22/Sep/2022:12:33:24 -0500] "GET /sipse/faces/javax.faces.resource/jquery/jquery-plugins.js?ln=primefaces&v=4.0 HTTP/1.1" 304 -
186.31.15.92 - - [22/Sep/2022:12:33:24 -0500] "GET /sipse/faces/javax.faces.resource/primefaces.js?ln=primefaces&v=4.0 HTTP/1.1" 304 -
186.31.15.92 - - [22/Sep/2022:12:33:24 -0500] "GET /sipse/faces/javax.faces.resource/layout/layout.js?ln=primefaces&v=4.0 HTTP/1.1" 304 -
186.31.15.92 - - [22/Sep/2022:12:33:24 -0500] "GET /sipse/faces/javax.faces.resource/images/ui-icons_898989_256x240.png?ln=primefaces-aristo HTTP/1.1" 304 -
186.31.15.92 - - [22/Sep/2022:12:33:24 -0500] "GET /sipse/faces/javax.faces.resource/dynamiccontent.properties?ln=primefaces&pfdrid=XjOR5%2F%2FfPAZAuY9TpWQeCiM0BhlXxYRBGKi%2FQcXXfeA%3D&pfdrid_c=false HTTP/1.1" 500 383
186.102.31.38 - - [22/Sep/2022:12:33:06 -0500] "GET /kwssiamovil/sm/des/cjson/pre?f=1&x=U2FsdGVkX1/Sigq9MG1rBCFfoLO/fb2Bkq8mw5AbZE5cGCbfRpyAJJsHiZmPZkhI HTTP/1.1" 200 24378
190.27.151.122 - - [22/Sep/2022:12:33:25 -0500] "POST /sipse/faces/presentacion/proyectos/proyecto/actividad/crearActividad.xhtml HTTP/1.1" 200 2580
186.31.15.92 - - [22/Sep/2022:12:33:28 -0500] "POST /sipse/faces/presentacion/financiero/solicitudProceso/consultarSolicitudProceso.xhtml HTTP/1.1" 200 244698
186.102.31.38 - - [22/Sep/2022:12:33:06 -0500] "GET /kwssiamovil/sm/des/cjson/pre?f=18&x=U2FsdGVkX1/Sigq9MG1rBCFfoLO/fb2Bkq8mw5AbZE5cGCbfRpyAJJsHiZmPZkhI HTTP/1.1" 200 14478
186.31.15.92 - - [22/Sep/2022:12:33:34 -0500] "POST /sipse/faces/presentacion/financiero/solicitudProceso/consultarSolicitudProceso.xhtml HTTP/1.1" 200 703953
190.27.151.122 - - [22/Sep/2022:12:33:35 -0500] "POST /sipse/faces/presentacion/proyectos/proyecto/actividad/crearActividad.xhtml HTTP/1.1" 200 2588
190.27.151.122 - - [22/Sep/2022:12:33:37 -0500] "POST /sipse/faces/presentacion/proyectos/proyecto/actividad/crearActividad.xhtml HTTP/1.1" 200 2596
190.27.151.122 - - [22/Sep/2022:12:33:38 -0500] "POST /sipse/faces/presentacion/proyectos/proyecto/actividad/crearActividad.xhtml HTTP/1.1" 200 2596
186.102.31.38 - - [22/Sep/2022:12:33:06 -0500] "GET /kwssiamovil/sm/des/cjson/pre?f=3&x=U2FsdGVkX1/Sigq9MG1rBCFfoLO/fb2Bkq8mw5AbZE5cGCbfRpyAJJsHiZmPZkhI HTTP/1.1" 200 14478
190.27.151.122 - - [22/Sep/2022:12:33:39 -0500] "POST /sipse/faces/presentacion/proyectos/proyecto/actividad/crearActividad.xhtml HTTP/1.1" 200 2596
186.102.31.38 - - [22/Sep/2022:12:33:06 -0500] "GET /kwssiamovil/sm/des/cjson/pre?f=5&x=U2FsdGVkX1/Sigq9MG1rBCFfoLO/fb2Bkq8mw5AbZE5cGCbfRpyAJJsHiZmPZkhI HTTP/1.1" 200 14478
190.27.151.122 - - [22/Sep/2022:12:33:45 -0500] "POST /sipse/faces/presentacion/proyectos/proyecto/actividad/crearActividad.xhtml HTTP/1.1" 200 2596
190.27.151.122 - - [22/Sep/2022:12:33:51 -0500] "POST /sipse/faces/presentacion/proyectos/proyecto/actividad/crearActividad.xhtml HTTP/1.1" 200 7295
190.27.151.122 - - [22/Sep/2022:12:33:52 -0500] "POST /sipse/faces/presentacion/proyectos/proyecto/actividad/crearActividad.xhtml HTTP/1.1" 200 7298
190.27.151.122 - - [22/Sep/2022:12:33:54 -0500] "POST /sipse/faces/presentacion/proyectos/proyecto/actividad/crearActividad.xhtml HTTP/1.1" 200 7310
190.27.151.122 - - [22/Sep/2022:12:33:56 -0500] "POST /sipse/faces/presentacion/proyectos/proyecto/actividad/crearActividad.xhtml HTTP/1.1" 200 59503
190.27.151.122 - - [22/Sep/2022:12:33:57 -0500] "GET /sipse/faces/javax.faces.resource/jquery/jquery.js?ln=primefaces&v=4.0 HTTP/1.1" 304 -
190.27.151.122 - - [22/Sep/2022:12:33:57 -0500] "GET /sipse/faces/javax.faces.resource/jquery/jquery-plugins.js?ln=primefaces&v=4.0 HTTP/1.1" 304 -
190.27.151.122 - - [22/Sep/2022:12:33:57 -0500] "GET /sipse/faces/javax.faces.resource/primefaces.js?ln=primefaces&v=4.0 HTTP/1.1" 304 -
190.27.151.122 - - [22/Sep/2022:12:33:57 -0500] "GET /sipse/faces/javax.faces.resource/layout/layout.js?ln=primefaces&v=4.0 HTTP/1.1" 304 -
172.22.2.4 - - [22/Sep/2022:12:34:02 -0500] "GET /BLA/boletinlegal/consulta_actos.php?tipo=resoluciones&no=5177&usuario=&sector=&fecha=2021&resuelve= HTTP/1.1" 200 1074
201.245.192.253 - - [22/Sep/2022:12:34:06 -0500] "POST /kwsrmcab/Wsrmcab  HTTP/1.1" 200 37989
172.22.2.4 - - [22/Sep/2022:12:32:55 -0500] "HEAD /BLA/boletinlegal/ HTTP/1.1" 200 -
172.22.2.1 - - [22/Sep/2022:12:34:36 -0500] "GET /reportes_sipse/sdg/ServletViabilidad?reporte=memo_viabilidad&solicitud=18548 HTTP/1.1" 200 1538
186.31.15.92 - - [22/Sep/2022:12:34:46 -0500] "POST /sipse/faces/presentacion/financiero/solicitudProceso/consultarSolicitudProceso.xhtml HTTP/1.1" 200 703953
172.22.2.1 - - [22/Sep/2022:12:34:46 -0500] "GET /reportes_sipse/sdg/ServletViabilidad?reporte=memo_viabilidad&solicitud=18547 HTTP/1.1" 200 1538
186.84.21.86 - - [22/Sep/2022:12:34:57 -0500] "-" 408 -
216.245.221.92 - - [22/Sep/2022:12:35:13 -0500] "HEAD / HTTP/1.1" 200 -
172.22.2.4 - - [22/Sep/2022:12:33:45 -0500] "GET /BLA/boletinlegal/ HTTP/1.1" 200 57725
66.249.79.148 - - [22/Sep/2022:12:35:27 -0500] "-" 408 -
190.27.151.122 - - [22/Sep/2022:12:35:45 -0500] "POST /sipse/faces/presentacion/proyectos/proyecto/actividad/ponderacionVertical.xhtml HTTP/1.1" 200 40554
190.27.151.122 - - [22/Sep/2022:12:35:49 -0500] "POST /sipse/faces/presentacion/proyectos/proyecto/actividad/ponderacionVertical.xhtml HTTP/1.1" 200 40551
190.27.151.122 - - [22/Sep/2022:12:35:50 -0500] "POST /sipse/faces/presentacion/proyectos/proyecto/actividad/ponderacionVertical.xhtml HTTP/1.1" 200 178232
190.27.151.122 - - [22/Sep/2022:12:35:51 -0500] "GET /sipse/faces/javax.faces.resource/theme.css?ln=primefaces-sipse HTTP/1.1" 304 -
190.27.151.122 - - [22/Sep/2022:12:35:51 -0500] "GET /sipse/faces/javax.faces.resource/jquery/jquery.js?ln=primefaces&v=4.0 HTTP/1.1" 304 -
190.27.151.122 - - [22/Sep/2022:12:35:51 -0500] "GET /sipse/faces/javax.faces.resource/layout/layout.css?ln=primefaces&v=4.0 HTTP/1.1" 304 -
190.27.151.122 - - [22/Sep/2022:12:35:51 -0500] "GET /sipse/faces/javax.faces.resource/primefaces.css?ln=primefaces&v=4.0 HTTP/1.1" 304 -
190.27.151.122 - - [22/Sep/2022:12:35:51 -0500] "GET /sipse/faces/javax.faces.resource/layout/layout.js?ln=primefaces&v=4.0 HTTP/1.1" 304 -
190.27.151.122 - - [22/Sep/2022:12:35:51 -0500] "GET /sipse/faces/javax.faces.resource/jquery/jquery-plugins.js?ln=primefaces&v=4.0 HTTP/1.1" 304 -
190.27.151.122 - - [22/Sep/2022:12:35:51 -0500] "GET /sipse/faces/javax.faces.resource/primefaces.js?ln=primefaces&v=4.0 HTTP/1.1" 304 -
190.27.151.122 - - [22/Sep/2022:12:35:51 -0500] "GET /sipse/faces/javax.faces.resource/spacer/dot_clear.gif?ln=primefaces&v=4.0 HTTP/1.1" 304 -
190.27.151.122 - - [22/Sep/2022:12:35:51 -0500] "GET /sipse/faces/javax.faces.resource/images/ui-icons_898989_256x240.png?ln=primefaces-aristo HTTP/1.1" 304 -
190.27.151.122 - - [22/Sep/2022:12:35:51 -0500] "GET /sipse/faces/javax.faces.resource/messages/messages.png?ln=primefaces&v=4.0 HTTP/1.1" 304 -
186.31.15.92 - - [22/Sep/2022:12:36:00 -0500] "GET /sipse/faces/javax.faces.resource/images/ui-bg_flat_0_2d5972_40x100.png?ln=primefaces-aristo HTTP/1.1" 304 -
186.31.15.92 - - [22/Sep/2022:12:36:00 -0500] "POST /sipse/faces/presentacion/financiero/solicitudProceso/consultarSolicitudProceso.xhtml HTTP/1.1" 200 73453
186.31.15.92 - - [22/Sep/2022:12:36:01 -0500] "GET /sipse/faces/javax.faces.resource/theme.css?ln=primefaces-sipse HTTP/1.1" 304 -
186.31.15.92 - - [22/Sep/2022:12:36:01 -0500] "GET /sipse/faces/javax.faces.resource/primefaces.css?ln=primefaces&v=4.0 HTTP/1.1" 304 -
186.31.15.92 - - [22/Sep/2022:12:36:01 -0500] "GET /sipse/faces/javax.faces.resource/layout/layout.css?ln=primefaces&v=4.0 HTTP/1.1" 304 -
