201.245.192.253 - - [26/Sep/2022:05:31:54 -0500] "POST /kwsrmcab/Wsrmcab  HTTP/1.1" 200 213
216.245.221.92 - - [26/Sep/2022:05:32:31 -0500] "HEAD / HTTP/1.1" 200 -
172.22.2.4 - - [26/Sep/2022:05:32:30 -0500] "HEAD /BLA/boletinlegal/ HTTP/1.1" 200 -
157.55.39.200 - - [26/Sep/2022:05:34:51 -0500] "GET / HTTP/1.1" 200 319
172.22.2.4 - - [26/Sep/2022:05:33:20 -0500] "GET /BLA/boletinlegal/ HTTP/1.1" 200 58575
172.22.2.4 - - [26/Sep/2022:05:36:22 -0500] "GET /BLA/boletinlegal/robots.txt HTTP/1.1" 404 1140
172.22.2.4 - - [26/Sep/2022:05:36:35 -0500] "GET /BLA/boletinlegal/robots.txt HTTP/1.1" 404 1140
201.245.192.253 - - [26/Sep/2022:05:36:53 -0500] "POST /kwsrmcab/Wsrmcab  HTTP/1.1" 200 213
216.245.221.92 - - [26/Sep/2022:05:37:31 -0500] "HEAD / HTTP/1.1" 200 -
201.245.192.253 - - [26/Sep/2022:05:39:01 -0500] "POST /kwsrmcab/Wsrmcab HTTP/1.1" 200 42792
201.245.192.253 - - [26/Sep/2022:05:39:04 -0500] "POST /kwsrmcab/Wsrmcab HTTP/1.1" 200 44505
172.22.2.4 - - [26/Sep/2022:05:38:20 -0500] "HEAD /BLA/boletinlegal/ HTTP/1.1" 200 -
172.22.2.4 - - [26/Sep/2022:05:39:10 -0500] "GET /BLA/boletinlegal/ HTTP/1.1" 200 58163
201.245.192.253 - - [26/Sep/2022:05:41:53 -0500] "POST /kwsrmcab/Wsrmcab  HTTP/1.1" 200 213
216.245.221.92 - - [26/Sep/2022:05:42:31 -0500] "HEAD / HTTP/1.1" 200 -
172.22.2.4 - - [26/Sep/2022:05:44:09 -0500] "HEAD /BLA/boletinlegal/ HTTP/1.1" 200 -
172.22.2.4 - - [26/Sep/2022:05:45:00 -0500] "GET /BLA/boletinlegal/ HTTP/1.1" 200 55220
201.245.192.253 - - [26/Sep/2022:05:46:52 -0500] "POST /kwsrmcab/Wsrmcab  HTTP/1.1" 200 213
216.245.221.92 - - [26/Sep/2022:05:47:31 -0500] "HEAD / HTTP/1.1" 200 -
35.204.151.152 - - [26/Sep/2022:05:47:44 -0500] "GET / HTTP/1.1" 200 319
35.204.151.152 - - [26/Sep/2022:05:47:44 -0500] "GET / HTTP/1.1" 200 4720
172.22.2.4 - - [26/Sep/2022:05:50:18 -0500] "GET /BLA/boletinlegal/Circulares/2013/Circular%20No.%204%20del%2005%20de%20junio%20de%202013.pdf HTTP/1.1" 304 -
172.22.2.4 - - [26/Sep/2022:05:50:00 -0500] "HEAD /BLA/boletinlegal/ HTTP/1.1" 200 -
201.245.192.253 - - [26/Sep/2022:05:51:51 -0500] "POST /kwsrmcab/Wsrmcab  HTTP/1.1" 200 213
172.22.2.4 - - [26/Sep/2022:05:51:29 -0500] "GET /BLA/boletinlegal/ HTTP/1.1" 200 32715
172.22.2.4 - - [26/Sep/2022:05:50:50 -0500] "GET /BLA/boletinlegal/ HTTP/1.1" 200 55220
216.245.221.92 - - [26/Sep/2022:05:52:31 -0500] "HEAD / HTTP/1.1" 200 -
201.245.192.253 - - [26/Sep/2022:05:56:50 -0500] "POST /kwsrmcab/Wsrmcab  HTTP/1.1" 200 213
172.22.2.4 - - [26/Sep/2022:05:55:50 -0500] "HEAD /BLA/boletinlegal/ HTTP/1.1" 200 -
216.245.221.92 - - [26/Sep/2022:05:57:31 -0500] "HEAD / HTTP/1.1" 200 -
172.22.2.4 - - [26/Sep/2022:05:56:40 -0500] "GET /BLA/boletinlegal/ HTTP/1.1" 200 53640
199.47.82.21 - - [26/Sep/2022:05:58:25 -0500] "GET /portaldeninos/agua-y-estructura-ecologica-principal HTTP/1.1" 301 -
199.47.82.21 - - [26/Sep/2022:05:58:25 -0500] "GET /portaldeninos/aire/ HTTP/1.1" 200 88215
199.47.82.21 - - [26/Sep/2022:05:58:25 -0500] "GET /portaldeninos/aula-ambiental-artistica-itinerante-auambari/ HTTP/1.1" 200 89306
199.47.82.21 - - [26/Sep/2022:05:58:27 -0500] "GET /portaldeninos/aulas-ambientales/ HTTP/1.1" 200 88416
199.47.82.21 - - [26/Sep/2022:05:58:26 -0500] "GET /portaldeninos/aulas-ambientales-2/parque-ecologico-distrital-de-montana-entrenubes/ HTTP/1.1" 200 90406
199.47.82.21 - - [26/Sep/2022:05:58:27 -0500] "GET /portaldeninos/biodiversidad HTTP/1.1" 301 -
199.47.82.21 - - [26/Sep/2022:05:58:27 -0500] "GET /portaldeninos/aulas-ambientales/aula-ambiental-sorotama/ HTTP/1.1" 200 89596
199.47.82.21 - - [26/Sep/2022:05:58:28 -0500] "GET /portaldeninos/contactanos/ HTTP/1.1" 200 88135
199.47.82.21 - - [26/Sep/2022:05:58:28 -0500] "GET /portaldeninos/corresponsal-ambiental/ HTTP/1.1" 200 93768
199.47.82.21 - - [26/Sep/2022:05:58:29 -0500] "GET /portaldeninos/fauna/ HTTP/1.1" 200 88429
199.47.82.21 - - [26/Sep/2022:05:58:29 -0500] "GET /portaldeninos/gestion-del-riesgo-incendios-forestales HTTP/1.1" 301 -
199.47.82.21 - - [26/Sep/2022:05:58:30 -0500] "GET /portaldeninos/glosario/ HTTP/1.1" 200 97198
199.47.82.21 - - [26/Sep/2022:05:58:30 -0500] "GET /portaldeninos/humedal-capellania-2/ HTTP/1.1" 200 87949
199.47.82.21 - - [26/Sep/2022:05:58:31 -0500] "GET /portaldeninos/humedal-cordoba-2/ HTTP/1.1" 200 88041
199.47.82.21 - - [26/Sep/2022:05:58:32 -0500] "GET /portaldeninos/humedal-el-tunjo/ HTTP/1.1" 200 87661
199.47.82.21 - - [26/Sep/2022:05:58:31 -0500] "GET /portaldeninos/humedal-el-burro-2/ HTTP/1.1" 200 87926
199.47.82.21 - - [26/Sep/2022:05:58:32 -0500] "GET /portaldeninos/humedal-jaboque-2/ HTTP/1.1" 200 87846
199.47.82.21 - - [26/Sep/2022:05:58:33 -0500] "GET /portaldeninos/humedal-juan-amarillo-2/ HTTP/1.1" 200 88155
199.47.82.21 - - [26/Sep/2022:05:58:33 -0500] "GET /portaldeninos/humedal-la-conejera-2/ HTTP/1.1" 200 88020
199.47.82.21 - - [26/Sep/2022:05:58:34 -0500] "GET /portaldeninos/humedal-la-vaca-2/ HTTP/1.1" 200 87837
199.47.82.21 - - [26/Sep/2022:05:58:34 -0500] "GET /portaldeninos/humedal-santa-maria-del-lago/ HTTP/1.1" 200 88988
199.47.82.21 - - [26/Sep/2022:05:58:35 -0500] "GET /portaldeninos/humedal-tibanica-2/ HTTP/1.1" 200 87771
199.47.82.21 - - [26/Sep/2022:05:58:35 -0500] "GET /portaldeninos/humedal-torca-y-guaymaral-2/ HTTP/1.1" 200 88086
199.47.82.21 - - [26/Sep/2022:05:58:36 -0500] "GET /portaldeninos/humedales-ramsar/ HTTP/1.1" 200 89255
199.47.82.21 - - [26/Sep/2022:05:58:36 -0500] "GET /portaldeninos/los-arboles/ HTTP/1.1" 200 87546
199.47.82.21 - - [26/Sep/2022:05:58:37 -0500] "GET /portaldeninos/los-arboles/tips/ HTTP/1.1" 200 87677
199.47.82.21 - - [26/Sep/2022:05:58:37 -0500] "GET /portaldeninos/parque-ecologico-distrital-humedal-santa-maria-del-lago/ HTTP/1.1" 200 90199
199.47.82.21 - - [26/Sep/2022:05:58:38 -0500] "GET /portaldeninos/parque-mirador-de-los-nevados/ HTTP/1.1" 200 89855
199.47.82.21 - - [26/Sep/2022:05:58:39 -0500] "GET /portaldeninos/que-es-cambio-climatico HTTP/1.1" 301 -
199.47.82.21 - - [26/Sep/2022:05:58:38 -0500] "GET /portaldeninos/publicidad/ HTTP/1.1" 200 87569
199.47.82.21 - - [26/Sep/2022:05:58:39 -0500] "GET /portaldeninos/relatos-urbanos-de-los-ecosistemas-bogotanos-2/ HTTP/1.1" 200 88374
199.47.82.21 - - [26/Sep/2022:05:58:40 -0500] "GET /portaldeninos/residuos HTTP/1.1" 301 -
199.47.82.21 - - [26/Sep/2022:05:58:40 -0500] "GET /portaldeninos/ruido/ HTTP/1.1" 200 88494
199.47.82.21 - - [26/Sep/2022:05:58:41 -0500] "GET /portaldeninos/tipos-de-arboles-en-bogota/ HTTP/1.1" 200 109802
172.22.2.4 - - [26/Sep/2022:05:59:42 -0500] "GET /BLA/boletinlegal/robots.txt HTTP/1.1" 404 1038
172.22.2.4 - - [26/Sep/2022:05:59:42 -0500] "GET /BLA/boletinlegal/conceptos.php HTTP/1.1" 200 7443
172.22.2.4 - - [26/Sep/2022:05:59:42 -0500] "GET /BLA/boletinlegal/doctrina.php HTTP/1.1" 200 5604
172.22.2.4 - - [26/Sep/2022:05:59:44 -0500] "GET /BLA/boletinlegal/jurisprudencia.php HTTP/1.1" 200 17573
172.22.2.4 - - [26/Sep/2022:05:59:44 -0500] "GET /BLA/boletinlegal/normativa.php HTTP/1.1" 200 8326
172.22.2.4 - - [26/Sep/2022:05:59:44 -0500] "GET /BLA/boletinlegal/sugerencias.php HTTP/1.1" 200 8615
172.22.2.4 - - [26/Sep/2022:05:59:43 -0500] "GET /BLA/boletinlegal/index.php HTTP/1.1" 200 57291
201.245.192.253 - - [26/Sep/2022:06:01:48 -0500] "POST /kwsrmcab/Wsrmcab  HTTP/1.1" 200 213
216.245.221.92 - - [26/Sep/2022:06:02:31 -0500] "HEAD / HTTP/1.1" 200 -
172.22.2.4 - - [26/Sep/2022:06:01:39 -0500] "HEAD /BLA/boletinlegal/ HTTP/1.1" 200 -
157.55.39.202 - - [26/Sep/2022:06:03:23 -0500] "GET /BLA/resoluciones/RESOLUCIONES%202005/RES%202005%201751-1800/00001786.tif HTTP/1.1" 200 174974
172.22.2.4 - - [26/Sep/2022:06:02:30 -0500] "GET /BLA/boletinlegal/ HTTP/1.1" 200 51630
201.245.192.253 - - [26/Sep/2022:06:06:48 -0500] "POST /kwsrmcab/Wsrmcab  HTTP/1.1" 200 213
216.245.221.92 - - [26/Sep/2022:06:07:31 -0500] "HEAD / HTTP/1.1" 200 -
172.22.2.4 - - [26/Sep/2022:06:07:30 -0500] "HEAD /BLA/boletinlegal/ HTTP/1.1" 200 -
172.22.2.4 - - [26/Sep/2022:06:08:20 -0500] "GET /BLA/boletinlegal/ HTTP/1.1" 200 54003
172.22.2.4 - - [26/Sep/2022:06:10:05 -0500] "GET /BLA/boletinlegal/consulta_actos.php?tipo=resoluciones&no=0115&usuario=&sector=&fecha=2022&resuelve= HTTP/1.1" 200 626
172.22.2.4 - - [26/Sep/2022:06:10:12 -0500] "GET /BLA/boletinlegal/consulta_actos.php?tipo=resoluciones&no=5665&usuario=&sector=&fecha=2022&resuelve= HTTP/1.1" 200 626
172.22.2.4 - - [26/Sep/2022:06:10:19 -0500] "GET /BLA/boletinlegal/consulta_actos.php?tipo=resoluciones&no=5665&usuario=&sector=&fecha=2021&resuelve= HTTP/1.1" 200 626
172.22.2.4 - - [26/Sep/2022:06:10:40 -0500] "GET /BLA/boletinlegal/actos.php HTTP/1.1" 200 9559
172.22.2.4 - - [26/Sep/2022:06:10:49 -0500] "GET /BLA/boletinlegal/consulta_actos.php?tipo=resoluciones&no=5665&usuario=&sector=&fecha=2021&resuelve= HTTP/1.1" 200 626
172.22.2.4 - - [26/Sep/2022:06:10:52 -0500] "POST /BLA/boletinlegal/vendor/phpunit/phpunit/src/Util/PHP/eval-stdin.php HTTP/1.1" 404 1018
172.22.2.4 - - [26/Sep/2022:06:10:58 -0500] "GET /BLA/boletinlegal/consulta_actos.php?tipo=resoluciones&no=0115&usuario=&sector=&fecha=2022&resuelve= HTTP/1.1" 200 626
66.249.72.141 - - [26/Sep/2022:06:11:04 -0500] "-" 408 -
201.245.192.253 - - [26/Sep/2022:06:11:47 -0500] "POST /kwsrmcab/Wsrmcab  HTTP/1.1" 200 213
216.245.221.92 - - [26/Sep/2022:06:12:31 -0500] "HEAD / HTTP/1.1" 200 -
154.16.192.202 - - [26/Sep/2022:06:14:09 -0500] "GET / HTTP/1.1" 200 319
186.82.177.20 - - [26/Sep/2022:06:14:13 -0500] "GET /appsia/controlador HTTP/1.1" 200 4799
186.82.177.20 - - [26/Sep/2022:06:14:13 -0500] "GET /appsia/css/estilos.css HTTP/1.1" 304 -
186.82.177.20 - - [26/Sep/2022:06:14:13 -0500] "GET /appsia/scripts/validarIngreso.js HTTP/1.1" 304 -
186.82.177.20 - - [26/Sep/2022:06:14:13 -0500] "GET /appsia/images/logo_bogota_p.png HTTP/1.1" 304 -
186.82.177.20 - - [26/Sep/2022:06:14:13 -0500] "GET /appsia/images/cabezoteHojaVida.png HTTP/1.1" 304 -
186.82.177.20 - - [26/Sep/2022:06:14:13 -0500] "GET /favicon.ico HTTP/1.1" 200 7782
186.82.177.20 - - [26/Sep/2022:06:14:17 -0500] "POST /appsia/controlador HTTP/1.1" 200 5437
186.82.177.20 - - [26/Sep/2022:06:14:19 -0500] "POST /appsia/controlador HTTP/1.1" 200 7783
186.82.177.20 - - [26/Sep/2022:06:14:20 -0500] "POST /appsia/controlador HTTP/1.1" 200 6644
186.82.177.20 - - [26/Sep/2022:06:14:23 -0500] "POST /appsia/controlador HTTP/1.1" 200 10602
157.55.39.153 - - [26/Sep/2022:06:14:26 -0500] "GET /portaldeninos/wp-content/uploads/2021/10/infografia-fauna-ni%C3%B1os-ambientic-43x146.jpg HTTP/1.1" 200 3183
172.22.2.4 - - [26/Sep/2022:06:13:19 -0500] "HEAD /BLA/boletinlegal/ HTTP/1.1" 200 -
157.55.39.202 - - [26/Sep/2022:06:15:26 -0500] "GET /BLA/resoluciones/RESOLUCIONES%202001/2001%20400-449.TIF HTTP/1.1" 200 9262392
172.22.2.4 - - [26/Sep/2022:06:14:10 -0500] "GET /BLA/boletinlegal/ HTTP/1.1" 200 56732
201.245.192.253 - - [26/Sep/2022:06:16:46 -0500] "POST /kwsrmcab/Wsrmcab  HTTP/1.1" 200 213
172.22.2.4 - - [26/Sep/2022:06:16:43 -0500] "GET /BLA/boletinlegal/ HTTP/1.1" 200 32715
216.245.221.92 - - [26/Sep/2022:06:17:31 -0500] "HEAD / HTTP/1.1" 200 -
201.245.192.253 - - [26/Sep/2022:06:19:01 -0500] "POST /kwsrmcab/Wsrmcab HTTP/1.1" 200 42962
201.245.192.253 - - [26/Sep/2022:06:19:04 -0500] "POST /kwsrmcab/Wsrmcab HTTP/1.1" 200 44527
199.16.157.180 - - [26/Sep/2022:06:19:36 -0500] "-" 408 -
199.16.157.183 - - [26/Sep/2022:06:19:36 -0500] "-" 408 -
172.22.2.4 - - [26/Sep/2022:06:20:06 -0500] "GET /BLA/boletinlegal/favicon.ico HTTP/1.1" 404 1018
172.22.2.4 - - [26/Sep/2022:06:19:59 -0500] "GET /BLA/boletinlegal/ HTTP/1.1" 200 24523
172.22.2.4 - - [26/Sep/2022:06:19:09 -0500] "HEAD /BLA/boletinlegal/ HTTP/1.1" 200 -
172.22.2.4 - - [26/Sep/2022:06:20:00 -0500] "GET /BLA/boletinlegal/ HTTP/1.1" 200 56014
201.245.192.253 - - [26/Sep/2022:06:21:45 -0500] "POST /kwsrmcab/Wsrmcab  HTTP/1.1" 200 213
157.55.39.25 - - [26/Sep/2022:06:22:19 -0500] "GET /BLA/resoluciones/RESOLUCIONES%202001/2001%201300-1349.tif HTTP/1.1" 200 4561457
216.245.221.92 - - [26/Sep/2022:06:22:31 -0500] "HEAD / HTTP/1.1" 200 -
78.142.18.92 - - [26/Sep/2022:06:23:02 -0500] "CONNECT google.com:443 HTTP/1.1" 405 938
172.22.2.4 - - [26/Sep/2022:06:24:59 -0500] "HEAD /BLA/boletinlegal/ HTTP/1.1" 200 -
201.245.192.253 - - [26/Sep/2022:06:26:44 -0500] "POST /kwsrmcab/Wsrmcab  HTTP/1.1" 200 213
172.22.2.4 - - [26/Sep/2022:06:25:50 -0500] "GET /BLA/boletinlegal/ HTTP/1.1" 200 58163
216.245.221.92 - - [26/Sep/2022:06:27:31 -0500] "HEAD / HTTP/1.1" 200 -
172.22.2.4 - - [26/Sep/2022:06:27:40 -0500] "GET /BLA/boletinlegal/ HTTP/1.1" 200 32715
201.245.192.253 - - [26/Sep/2022:06:29:01 -0500] "POST /kwsrmcab/Wsrmcab HTTP/1.1" 200 42962
201.245.192.253 - - [26/Sep/2022:06:29:05 -0500] "POST /kwsrmcab/Wsrmcab HTTP/1.1" 200 44527
186.102.35.152 - - [26/Sep/2022:06:29:48 -0500] "GET /kwssiamovil/sm/ldap/au?x=U2FsdGVkX1/NcCWkMlYLx6h6ig7VTxtE8LxRH9Oy1SmtSiN8myzKw4Z0V4FO4p88&y=U2FsdGVkX1+zgJc/ruB9aTAPwhWWleSShoSwJkbxeHshoC+HV6DjY7ruauIXpDOE HTTP/1.1" 200 30
186.102.35.152 - - [26/Sep/2022:06:29:49 -0500] "GET /kwssiamovil/sm/acme/s?s=U2FsdGVkX1/6aWwTipwA9RScEdVcQ92htfXKeGCZS/i0/JlAGjpa2Dsm/NqWcIb9I+JP9r2hkq83rBS3qLDFa6v39ncZGEVV9lsC1DomcMg=&u=U2FsdGVkX18hwkvuXrd5NrWSe7hxByvZbx5XUvmKMso=&y=U2FsdGVkX1+zgJc/ruB9aTAPwhWWleSShoSwJkbxeHshoC+HV6DjY7ruauIXpDOE HTTP/1.1" 200 97
186.102.35.152 - - [26/Sep/2022:06:29:49 -0500] "GET /kwssiamovil/sm/acme/s?s=U2FsdGVkX199w/c+Mkt5qN/U8zcb8tJLjjuh+gvtIM71dFyN3v96sOH4MkIrmmsb3Lm/iZOHN3Cw8xhF7ZuFAVm9ZyxhkMRZg+b4QjO/Wm/kXw1G+K9Zg7/Dhkz8sDogEvO9yPAdSxcU0lmL3uKu/Ont57dlAfIhNTbkJM22IO9XXqNGWdGXYZjgfUDwGqKw+Kc8t9bAN4z89VM54FEJpoAWXHfy66XM+93T1CiXXx9mrOEjs2Mgi/5CNtMm6EzluUj17UkVM4mpMJ2tQZvnB1XC1HASKZt4AkLcFxQ2nvaXQJxD/veF8fhKof36D7zr20CTaNDSrKP22vtuwzeCjcKowDDmACgghnjw+Y4/dpLNkAMS+/mQTHtpyhB9HnqmVTIO8IduxYWDxZUSE7vVx00+azhO9Pfij1UzBehDqF6gyB/3V64UOLwgJ1zIS1r8wUzOWZcGypRlAvlHvjV2j7DKvAuu4KkcT4neFJUb5PiBXnLJW8ee52QtZooGrnzzJgx+T4IelqF4ojvpAsvVKoNtgDuCmGf+gnsmKsTh5Lb4JTnzSqNYI+g7rkREx2WUJVcmTi/rtZZCpdpnn9IZ+eqFqBvX6LFz7sbYJm7IUn/E9K9WxIglyaPtsoiHymvUvT19LthWLHYsDaoGj65g7VJZrgLn4IVM16OqJ15E/WhHo4W6dihSGeTicC2p3B3DutJl88RUTXeGsuo7Vr5X8sMYfOENLudBGaz0zqDsHf84vyfMsYihu3pAlFqF4SmuS0uuBQgNCx+hsAaS62gsM/FCDK2OmW2Xfr8XfLSLOW96peZ6qtf0J2epf/r6veN/ba7vuEEfoyZ8petJLgpc9Vt+EYGekZJkWnkeB85M0+e8lo87yN/qjnUpwPb6OU3ODnslaBz/XSPsRrFj4PAHiFwnkR15Nn+Jky4Vpg0KXUeP4/EPoCEO78J5B3+FEFW0vc3V0WjCF1J2ywGMV3EQJxrUoun9V7Byz//pqI86amVynR1qnj+/xNUakHR3F7ZYDdLmxsv5YFvqhT6r7eNmpdL4jwprxotnhb+YSZuJ0TGzsx+fbkqjVcOVASGMTQVacVYT2PiAYptPsd5QCeqnoD4l9FXfKxB8HVA5Oke2JpSpHZpAphYuDms73wX2Dyt6I/L15ax/OsHI/uVnyyWoooPX0JtaWrvt58BalpoldsPyeZbkMnGArzIj59DuKLEL7StFn6r4rkQtSRDMObm3SNTCCGSEvUknYgaS2fgVZ6CKOmO9Ma7IFmlMGgKzOanM8Q7V0ZJE/u55+iWJMLjdP3Ld0D63O00p7z6tXLyEKuGq3gOmsewP+blkKH6EGWoBHanlvtDNWzjBtHeO4oOe+KinsFEFh3mOwkYBobeoV7k=&u=U2FsdGVkX18hwkvuXrd5NrWSe7hxByvZbx5XUvmKMso=&y=U2FsdGVkX1+zgJc/ruB9aTAPwhWWleSShoSwJkbxeHshoC+HV6DjY7ruauIXpDOE HTTP/1.1" 200 3723
186.102.35.152 - - [26/Sep/2022:06:29:49 -0500] "GET /kwssiamovil/sm/acme/s?s=U2FsdGVkX19oGdHNyWC/pXt9wZ4UJroO0Zzv3E7IGAApv/QKydk51gMG+C6kciO18Ya9a2mpDpMwhtuzYUM6L7tYozTeRT2UG4a6H5BPyZ2GX1l8YQBznsn8IDjyzX9sxKsx5zxduJ9v8utqMbZyahCrvMkLxN1LdYTYuTtb39fge2qyc8t+GT+TTlewVWyUx9LjNQztJLtKwhOXah0n+r8XGd1EUfjHBMX+5xHWv/zbaEsCe7PcHo+7rYMuzZvNguD2XWgUJi4gh5t3IZVNtMWB1rKz9t9n/WjSMdDAPN4Gg1NY1z6Hq0w9UKJlJ/mQ8uXYF7jhpfb0kWv1lBmZ12M3KpPDIMadjylUKGZKGVY=&u=U2FsdGVkX18hwkvuXrd5NrWSe7hxByvZbx5XUvmKMso=&y=U2FsdGVkX1+zgJc/ruB9aTAPwhWWleSShoSwJkbxeHshoC+HV6DjY7ruauIXpDOE HTTP/1.1" 200 196
191.156.227.186 - - [26/Sep/2022:06:29:49 -0500] "GET /galeria/galeria/jquery.fancybox.css?v=2.1.5 HTTP/1.1" 200 4895
191.156.227.186 - - [26/Sep/2022:06:29:49 -0500] "GET /BLA/boletinlegal/js/jquery.scrollShow.js HTTP/1.1" 200 4586
191.156.227.186 - - [26/Sep/2022:06:29:49 -0500] "GET /galeria/galeria/jquery.fancybox.js?v=2.1.5 HTTP/1.1" 200 48706
186.102.35.152 - - [26/Sep/2022:06:29:49 -0500] "GET /kwssiamovil/sm/cjson/pre?f=1&x=U2FsdGVkX1/NcCWkMlYLx6h6ig7VTxtE8LxRH9Oy1SmtSiN8myzKw4Z0V4FO4p88 HTTP/1.1" 200 30992
172.22.2.4 - - [26/Sep/2022:06:30:07 -0500] "GET /BLA/boletinlegal/ HTTP/1.1" 200 20427
207.46.13.213 - - [26/Sep/2022:06:30:53 -0500] "GET / HTTP/1.1" 200 4720
157.55.39.188 - - [26/Sep/2022:06:31:16 -0500] "GET /forest/ HTTP/1.1" 200 12041
157.55.39.25 - - [26/Sep/2022:06:31:42 -0500] "GET /BLA/resoluciones/AUTOS%202022/2083.pdf HTTP/1.1" 200 379397
201.245.192.253 - - [26/Sep/2022:06:31:43 -0500] "POST /kwsrmcab/Wsrmcab  HTTP/1.1" 200 213
172.22.2.4 - - [26/Sep/2022:06:30:49 -0500] "HEAD /BLA/boletinlegal/ HTTP/1.1" 200 -
216.245.221.92 - - [26/Sep/2022:06:32:31 -0500] "HEAD / HTTP/1.1" 200 -
207.46.13.86 - - [26/Sep/2022:06:32:36 -0500] "GET /BLA/resoluciones/00001778.tif HTTP/1.1" 404 1018
172.22.2.4 - - [26/Sep/2022:06:31:40 -0500] "GET /BLA/boletinlegal/ HTTP/1.1" 200 53640
157.55.39.153 - - [26/Sep/2022:06:33:58 -0500] "GET /portaldeninos/tipos-de-arboles-en-bogota/ HTTP/1.1" 200 109802
186.28.92.248 - - [26/Sep/2022:06:34:33 -0500] "GET /galeria/galeria/jquery.fancybox.css?v=2.1.5 HTTP/1.1" 200 4895
186.28.92.248 - - [26/Sep/2022:06:34:33 -0500] "GET /BLA/boletinlegal/js/jquery.scrollShow.js HTTP/1.1" 200 4586
186.28.92.248 - - [26/Sep/2022:06:34:33 -0500] "GET /galeria/galeria/jquery.fancybox.js?v=2.1.5 HTTP/1.1" 200 48706
157.55.39.202 - - [26/Sep/2022:06:34:46 -0500] "GET /BLA/resoluciones/2002RES148.tif HTTP/1.1" 404 1018
66.220.149.20 - - [26/Sep/2022:06:36:11 -0500] "GET /images/reciclaton-mayo-3-mayo.jpg HTTP/1.1" 200 278453
201.245.192.253 - - [26/Sep/2022:06:36:43 -0500] "POST /kwsrmcab/Wsrmcab  HTTP/1.1" 200 213
216.245.221.92 - - [26/Sep/2022:06:37:31 -0500] "HEAD / HTTP/1.1" 200 -
172.22.2.4 - - [26/Sep/2022:06:36:39 -0500] "HEAD /BLA/boletinlegal/ HTTP/1.1" 200 -
201.245.192.253 - - [26/Sep/2022:06:39:01 -0500] "POST /kwsrmcab/Wsrmcab HTTP/1.1" 200 42962
201.245.192.253 - - [26/Sep/2022:06:39:05 -0500] "POST /kwsrmcab/Wsrmcab HTTP/1.1" 200 44527
172.22.2.4 - - [26/Sep/2022:06:37:30 -0500] "GET /BLA/boletinlegal/ HTTP/1.1" 200 57375
207.46.13.40 - - [26/Sep/2022:06:41:31 -0500] "GET /sipse/faces/faces/autenticacion.xhtml HTTP/1.1" 200 12496
201.245.192.253 - - [26/Sep/2022:06:41:43 -0500] "POST /kwsrmcab/Wsrmcab  HTTP/1.1" 200 213
20.250.41.226 - - [26/Sep/2022:06:42:11 -0500] "GET /wp-admin/includes/ HTTP/1.1" 404 1035
20.250.41.226 - - [26/Sep/2022:06:42:18 -0500] "GET /wp-includes/SimplePie/ HTTP/1.1" 404 1035
20.250.41.226 - - [26/Sep/2022:06:42:21 -0500] "GET /wp-includes/customize/ HTTP/1.1" 404 1035
20.250.41.226 - - [26/Sep/2022:06:42:22 -0500] "GET /wp-includes/Requests/ HTTP/1.1" 404 1035
20.250.41.226 - - [26/Sep/2022:06:42:28 -0500] "GET /wp-includes/IXR/ HTTP/1.1" 404 1035
20.250.41.226 - - [26/Sep/2022:06:42:30 -0500] "GET /wp-includes/ID3/ HTTP/1.1" 404 1035
20.250.41.226 - - [26/Sep/2022:06:42:31 -0500] "GET /wp-includes/blocks/ HTTP/1.1" 404 1035
216.245.221.92 - - [26/Sep/2022:06:42:31 -0500] "HEAD / HTTP/1.1" 200 -
20.250.41.226 - - [26/Sep/2022:06:42:32 -0500] "GET /wp-includes/rest-api/ HTTP/1.1" 404 1035
20.250.41.226 - - [26/Sep/2022:06:42:33 -0500] "GET /wp-includes/images/ HTTP/1.1" 404 1035
20.250.41.226 - - [26/Sep/2022:06:42:34 -0500] "GET /wp-includes/pomo/ HTTP/1.1" 404 1035
172.22.2.4 - - [26/Sep/2022:06:42:29 -0500] "HEAD /BLA/boletinlegal/ HTTP/1.1" 200 -
172.22.2.4 - - [26/Sep/2022:06:43:20 -0500] "GET /BLA/boletinlegal/ HTTP/1.1" 200 60281
172.22.2.4 - - [26/Sep/2022:06:45:05 -0500] "GET /BLA/boletinlegal/jurisprudencia/analisis/AnalisisT-146-16.docx HTTP/1.1" 304 -
207.46.13.176 - - [26/Sep/2022:06:45:28 -0500] "GET /portaldeninos/ HTTP/1.1" 200 110197
40.77.167.23 - - [26/Sep/2022:06:45:32 -0500] "GET /BLA/boletinlegal/images/pdf.gif HTTP/1.1" 200 567
172.22.2.4 - - [26/Sep/2022:06:45:35 -0500] "GET /BLA/boletinlegal/index.php?s=/Index/\\think\\app/invokefunction&function=call_user_func_array&vars[0]=md5&vars[1][]=HelloThinkPHP21 HTTP/1.1" 200 36811
201.245.192.253 - - [26/Sep/2022:06:46:41 -0500] "POST /kwsrmcab/Wsrmcab  HTTP/1.1" 200 213
157.55.39.200 - - [26/Sep/2022:06:47:07 -0500] "GET / HTTP/1.1" 200 319
107.21.132.156 - - [26/Sep/2022:06:47:18 -0500] "GET /bogota-respiro-y-disfruto-del-dia-sin-carro-y-sin-moto.html HTTP/1.1" 200 845
216.245.221.92 - - [26/Sep/2022:06:47:31 -0500] "HEAD / HTTP/1.1" 200 -
173.252.79.15 - - [26/Sep/2022:06:47:33 -0500] "GET /images/Junio%2002-experiencias-jardines-verticales-sda.jpeg HTTP/1.1" 200 31171
185.119.81.96 - - [26/Sep/2022:06:49:46 -0500] "GET /portaldeninos/wp-login.php HTTP/1.1" 200 2592
185.119.81.96 - - [26/Sep/2022:06:49:47 -0500] "POST /portaldeninos/wp-login.php HTTP/1.1" 200 3670
207.46.13.40 - - [26/Sep/2022:06:49:57 -0500] "GET /BLA/resoluciones/RESOLUCIONES%202002/RES%202002%20301-350/00000344.tif HTTP/1.1" 200 110978
172.22.2.4 - - [26/Sep/2022:06:48:19 -0500] "HEAD /BLA/boletinlegal/ HTTP/1.1" 200 -
172.22.2.4 - - [26/Sep/2022:06:49:10 -0500] "GET /BLA/boletinlegal/ HTTP/1.1" 200 60281
201.245.192.253 - - [26/Sep/2022:06:51:40 -0500] "POST /kwsrmcab/Wsrmcab  HTTP/1.1" 200 213
157.55.39.200 - - [26/Sep/2022:06:51:57 -0500] "GET /galeria/galeria/fotos/Humedal-la-Isla2G.jpg HTTP/1.1" 200 207490
216.245.221.92 - - [26/Sep/2022:06:52:31 -0500] "HEAD / HTTP/1.1" 200 -
66.249.72.141 - - [26/Sep/2022:06:53:22 -0500] "-" 408 -
201.245.192.253 - - [26/Sep/2022:06:54:53 -0500] "GET /appsia/controlador HTTP/1.1" 200 4799
201.245.192.253 - - [26/Sep/2022:06:54:59 -0500] "POST /appsia/controlador HTTP/1.1" 200 5437
201.245.192.253 - - [26/Sep/2022:06:55:01 -0500] "POST /appsia/controlador HTTP/1.1" 200 7781
201.245.192.253 - - [26/Sep/2022:06:55:03 -0500] "POST /appsia/controlador HTTP/1.1" 200 6646
201.245.192.253 - - [26/Sep/2022:06:55:04 -0500] "POST /appsia/controlador HTTP/1.1" 200 12478
172.22.2.4 - - [26/Sep/2022:06:54:09 -0500] "HEAD /BLA/boletinlegal/ HTTP/1.1" 200 -
172.22.2.4 - - [26/Sep/2022:06:55:00 -0500] "GET /BLA/boletinlegal/ HTTP/1.1" 200 58163
201.245.192.253 - - [26/Sep/2022:06:56:39 -0500] "POST /kwsrmcab/Wsrmcab  HTTP/1.1" 200 213
216.245.221.92 - - [26/Sep/2022:06:57:31 -0500] "HEAD / HTTP/1.1" 200 -
201.245.192.253 - - [26/Sep/2022:06:58:08 -0500] "POST /appsia/controlador HTTP/1.1" 200 7781
201.245.192.253 - - [26/Sep/2022:06:58:14 -0500] "POST /appsia/controlador HTTP/1.1" 200 6646
201.245.192.253 - - [26/Sep/2022:06:58:15 -0500] "POST /appsia/controlador HTTP/1.1" 200 10557
20.250.41.226 - - [26/Sep/2022:06:58:18 -0500] "GET /wp-admin/includes/ HTTP/1.1" 404 1032
20.250.41.226 - - [26/Sep/2022:06:58:19 -0500] "GET /wp-includes/SimplePie/ HTTP/1.1" 404 1032
20.250.41.226 - - [26/Sep/2022:06:58:30 -0500] "GET /wp-includes/customize/ HTTP/1.1" 404 1032
20.250.41.226 - - [26/Sep/2022:06:58:44 -0500] "GET /wp-includes/Requests/ HTTP/1.1" 404 1032
20.250.41.226 - - [26/Sep/2022:06:58:57 -0500] "GET /wp-includes/IXR/ HTTP/1.1" 404 1032
20.250.41.226 - - [26/Sep/2022:06:58:59 -0500] "GET /wp-includes/ID3/ HTTP/1.1" 404 1032
20.250.41.226 - - [26/Sep/2022:06:59:00 -0500] "GET /wp-includes/blocks/ HTTP/1.1" 404 1032
20.250.41.226 - - [26/Sep/2022:06:59:01 -0500] "GET /wp-includes/rest-api/ HTTP/1.1" 404 1032
20.250.41.226 - - [26/Sep/2022:06:59:02 -0500] "GET /wp-includes/images/ HTTP/1.1" 404 1032
20.250.41.226 - - [26/Sep/2022:06:59:03 -0500] "GET /wp-includes/pomo/ HTTP/1.1" 404 1032
172.22.2.4 - - [26/Sep/2022:06:59:59 -0500] "HEAD /BLA/boletinlegal/ HTTP/1.1" 200 -
201.245.192.253 - - [26/Sep/2022:07:01:38 -0500] "POST /kwsrmcab/Wsrmcab  HTTP/1.1" 200 213
172.22.2.4 - - [26/Sep/2022:07:00:50 -0500] "GET /BLA/boletinlegal/ HTTP/1.1" 200 59828
216.245.221.92 - - [26/Sep/2022:07:02:31 -0500] "HEAD / HTTP/1.1" 200 -
69.63.189.116 - - [26/Sep/2022:07:02:37 -0500] "GET /actividades-para-celebrar-el-dia-del-rio-bogota.html HTTP/1.1" 206 805
201.245.192.253 - - [26/Sep/2022:07:04:13 -0500] "POST /appsia/controlador HTTP/1.1" 200 7781
201.245.192.253 - - [26/Sep/2022:07:04:15 -0500] "POST /appsia/controlador HTTP/1.1" 200 6646
201.245.192.253 - - [26/Sep/2022:07:04:16 -0500] "POST /appsia/controlador HTTP/1.1" 200 12478
172.22.2.4 - - [26/Sep/2022:07:06:25 -0500] "GET /BLA/boletinlegal/robots.txt HTTP/1.1" 404 1140
201.245.192.253 - - [26/Sep/2022:07:06:37 -0500] "POST /kwsrmcab/Wsrmcab  HTTP/1.1" 200 213
172.22.2.4 - - [26/Sep/2022:07:05:49 -0500] "HEAD /BLA/boletinlegal/ HTTP/1.1" 200 -
216.245.221.92 - - [26/Sep/2022:07:07:31 -0500] "HEAD / HTTP/1.1" 200 -
201.245.192.253 - - [26/Sep/2022:07:07:54 -0500] "GET /appsia/controlador HTTP/1.1" 200 4799
201.245.192.253 - - [26/Sep/2022:07:07:54 -0500] "GET /appsia/scripts/validarIngreso.js HTTP/1.1" 200 851
201.245.192.253 - - [26/Sep/2022:07:07:54 -0500] "GET /appsia/css/estilos.css HTTP/1.1" 200 4804
201.245.192.253 - - [26/Sep/2022:07:07:54 -0500] "GET /appsia/images/logo_bogota_p.png HTTP/1.1" 200 14951
201.245.192.253 - - [26/Sep/2022:07:07:54 -0500] "GET /appsia/images/cabezoteHojaVida.png HTTP/1.1" 200 32493
201.245.192.253 - - [26/Sep/2022:07:07:58 -0500] "GET /appsia/controlador HTTP/1.1" 200 4799
201.245.192.253 - - [26/Sep/2022:07:07:58 -0500] "GET /appsia/css/estilos.css HTTP/1.1" 200 4804
201.245.192.253 - - [26/Sep/2022:07:07:58 -0500] "GET /appsia/scripts/validarIngreso.js HTTP/1.1" 200 851
201.245.192.253 - - [26/Sep/2022:07:07:58 -0500] "GET /appsia/images/logo_bogota_p.png HTTP/1.1" 200 14951
201.245.192.253 - - [26/Sep/2022:07:07:58 -0500] "GET /appsia/images/cabezoteHojaVida.png HTTP/1.1" 200 32493
201.245.192.253 - - [26/Sep/2022:07:07:58 -0500] "GET /favicon.ico HTTP/1.1" 200 7782
201.245.192.253 - - [26/Sep/2022:07:08:01 -0500] "POST /appsia/controlador HTTP/1.1" 200 5437
201.245.192.253 - - [26/Sep/2022:07:08:03 -0500] "POST /appsia/controlador HTTP/1.1" 200 5437
201.245.192.253 - - [26/Sep/2022:07:08:04 -0500] "POST /appsia/controlador HTTP/1.1" 200 7771
181.48.255.198 - - [26/Sep/2022:07:08:05 -0500] "GET /appsia/controlador HTTP/1.1" 200 4799
181.48.255.198 - - [26/Sep/2022:07:08:06 -0500] "GET /appsia/scripts/validarIngreso.js HTTP/1.1" 200 851
201.245.192.253 - - [26/Sep/2022:07:08:06 -0500] "POST /appsia/controlador HTTP/1.1" 200 7775
181.48.255.198 - - [26/Sep/2022:07:08:06 -0500] "GET /appsia/css/estilos.css HTTP/1.1" 200 4804
181.48.255.198 - - [26/Sep/2022:07:08:06 -0500] "GET /appsia/images/logo_bogota_p.png HTTP/1.1" 200 14951
181.48.255.198 - - [26/Sep/2022:07:08:06 -0500] "GET /appsia/images/cabezoteHojaVida.png HTTP/1.1" 200 32493
201.245.192.253 - - [26/Sep/2022:07:08:06 -0500] "POST /appsia/controlador HTTP/1.1" 200 6636
201.245.192.253 - - [26/Sep/2022:07:08:07 -0500] "POST /appsia/controlador HTTP/1.1" 200 6640
201.245.192.253 - - [26/Sep/2022:07:08:08 -0500] "POST /appsia/controlador HTTP/1.1" 200 10567
201.245.192.253 - - [26/Sep/2022:07:08:08 -0500] "POST /appsia/controlador HTTP/1.1" 200 12077
201.245.192.253 - - [26/Sep/2022:07:08:11 -0500] "POST /appsia/controlador HTTP/1.1" 200 75881
172.22.2.4 - - [26/Sep/2022:07:06:40 -0500] "GET /BLA/boletinlegal/ HTTP/1.1" 200 56732
201.245.192.253 - - [26/Sep/2022:07:08:46 -0500] "GET /appsia/controlador HTTP/1.1" 200 4799
201.245.192.253 - - [26/Sep/2022:07:08:46 -0500] "GET /appsia/images/cabezoteHojaVida.png HTTP/1.1" 200 32493
201.245.192.253 - - [26/Sep/2022:07:08:54 -0500] "POST /appsia/controlador HTTP/1.1" 200 5437
201.245.192.253 - - [26/Sep/2022:07:08:55 -0500] "POST /appsia/controlador HTTP/1.1" 200 7791
201.245.192.253 - - [26/Sep/2022:07:08:57 -0500] "POST /appsia/controlador HTTP/1.1" 200 6656
201.245.192.253 - - [26/Sep/2022:07:08:58 -0500] "POST /appsia/controlador HTTP/1.1" 200 10611
201.245.192.253 - - [26/Sep/2022:07:10:45 -0500] "POST /appsia/controlador HTTP/1.1" 200 75892
60.217.75.70 - - [26/Sep/2022:07:11:07 -0500] "GET / HTTP/1.1" 200 319
201.245.192.253 - - [26/Sep/2022:07:11:26 -0500] "POST /appsia/controlador HTTP/1.1" 200 7771
201.245.192.253 - - [26/Sep/2022:07:11:28 -0500] "POST /appsia/controlador HTTP/1.1" 200 5437
201.245.192.253 - - [26/Sep/2022:07:11:29 -0500] "POST /appsia/controlador HTTP/1.1" 200 4799
201.245.192.253 - - [26/Sep/2022:07:11:36 -0500] "POST /kwsrmcab/Wsrmcab  HTTP/1.1" 200 213
201.245.192.253 - - [26/Sep/2022:07:11:43 -0500] "POST /appsia/controlador HTTP/1.1" 200 4799
201.245.192.253 - - [26/Sep/2022:07:11:54 -0500] "POST /appsia/controlador HTTP/1.1" 200 4799
181.131.183.227 - - [26/Sep/2022:07:12:13 -0500] "GET /appsia/controlador HTTP/1.1" 200 4799
181.131.183.227 - - [26/Sep/2022:07:12:14 -0500] "GET /appsia/css/estilos.css HTTP/1.1" 200 4804
181.131.183.227 - - [26/Sep/2022:07:12:14 -0500] "GET /appsia/scripts/validarIngreso.js HTTP/1.1" 200 851
181.131.183.227 - - [26/Sep/2022:07:12:14 -0500] "GET /appsia/images/logo_bogota_p.png HTTP/1.1" 200 14951
181.131.183.227 - - [26/Sep/2022:07:12:14 -0500] "GET /appsia/images/cabezoteHojaVida.png HTTP/1.1" 200 32493
181.131.183.227 - - [26/Sep/2022:07:12:14 -0500] "GET /favicon.ico HTTP/1.1" 200 7782
201.245.192.253 - - [26/Sep/2022:07:12:20 -0500] "GET /appsia/controlador HTTP/1.1" 200 4799
201.245.192.253 - - [26/Sep/2022:07:12:20 -0500] "GET /appsia/css/estilos.css HTTP/1.1" 200 4804
201.245.192.253 - - [26/Sep/2022:07:12:20 -0500] "GET /appsia/scripts/validarIngreso.js HTTP/1.1" 200 851
201.245.192.253 - - [26/Sep/2022:07:12:20 -0500] "GET /appsia/images/cabezoteHojaVida.png HTTP/1.1" 200 32493
201.245.192.253 - - [26/Sep/2022:07:12:20 -0500] "GET /appsia/images/logo_bogota_p.png HTTP/1.1" 200 14951
181.131.183.227 - - [26/Sep/2022:07:12:20 -0500] "POST /appsia/controlador HTTP/1.1" 200 5437
201.245.192.253 - - [26/Sep/2022:07:12:20 -0500] "GET /favicon.ico HTTP/1.1" 200 7782
181.131.183.227 - - [26/Sep/2022:07:12:24 -0500] "POST /appsia/controlador HTTP/1.1" 200 7773
181.131.183.227 - - [26/Sep/2022:07:12:28 -0500] "POST /appsia/controlador HTTP/1.1" 200 6638
201.245.192.253 - - [26/Sep/2022:07:12:29 -0500] "POST /appsia/controlador HTTP/1.1" 200 3599
201.245.192.253 - - [26/Sep/2022:07:12:29 -0500] "GET /appsia/jscripts/validarSolicitud.js HTTP/1.1" 404 68
181.131.183.227 - - [26/Sep/2022:07:12:31 -0500] "POST /appsia/controlador HTTP/1.1" 200 10223
216.245.221.92 - - [26/Sep/2022:07:12:31 -0500] "HEAD / HTTP/1.1" 200 -
201.245.192.253 - - [26/Sep/2022:07:12:31 -0500] "POST /appsia/controlador HTTP/1.1" 200 4799
201.245.192.253 - - [26/Sep/2022:07:12:47 -0500] "POST /appsia/controlador HTTP/1.1" 200 3599
201.245.192.253 - - [26/Sep/2022:07:12:47 -0500] "GET /appsia/jscripts/validarSolicitud.js HTTP/1.1" 404 68
201.245.192.253 - - [26/Sep/2022:07:12:54 -0500] "POST /appsia/controlador HTTP/1.1" 200 4799
201.245.192.253 - - [26/Sep/2022:07:13:07 -0500] "POST /appsia/controlador HTTP/1.1" 200 3599
201.245.192.253 - - [26/Sep/2022:07:13:07 -0500] "GET /appsia/jscripts/validarSolicitud.js HTTP/1.1" 404 68
172.22.2.4 - - [26/Sep/2022:07:11:39 -0500] "HEAD /BLA/boletinlegal/ HTTP/1.1" 200 -
172.22.2.4 - - [26/Sep/2022:07:12:30 -0500] "GET /BLA/boletinlegal/ HTTP/1.1" 200 60281
201.245.192.253 - - [26/Sep/2022:07:14:56 -0500] "POST /appsia/controlador HTTP/1.1" 200 4799
201.245.192.253 - - [26/Sep/2022:07:15:07 -0500] "POST /appsia/controlador HTTP/1.1" 200 3599
201.245.192.253 - - [26/Sep/2022:07:15:07 -0500] "GET /appsia/jscripts/validarSolicitud.js HTTP/1.1" 404 68
201.245.192.253 - - [26/Sep/2022:07:16:34 -0500] "POST /kwsrmcab/Wsrmcab  HTTP/1.1" 200 213
216.245.221.92 - - [26/Sep/2022:07:17:31 -0500] "HEAD / HTTP/1.1" 200 -
34.77.181.223 - - [26/Sep/2022:07:17:32 -0500] "GET /portaldeninos/ HTTP/1.1" 200 110197
201.245.192.253 - - [26/Sep/2022:07:19:01 -0500] "POST /kwsrmcab/Wsrmcab HTTP/1.1" 200 42962
201.245.192.253 - - [26/Sep/2022:07:19:04 -0500] "POST /kwsrmcab/Wsrmcab HTTP/1.1" 200 44378
172.22.2.4 - - [26/Sep/2022:07:17:29 -0500] "HEAD /BLA/boletinlegal/ HTTP/1.1" 200 -
201.245.192.253 - - [26/Sep/2022:07:19:22 -0500] "GET /sipse/faces/faces/autenticacion.xhtml HTTP/1.1" 200 12496
201.245.192.253 - - [26/Sep/2022:07:19:22 -0500] "GET /sipse/faces/javax.faces.resource/theme.css?ln=primefaces-sipse HTTP/1.1" 304 -
201.245.192.253 - - [26/Sep/2022:07:19:22 -0500] "GET /sipse/faces/javax.faces.resource/layout/layout.css;jsessionid=We3Em2m5TW1j6p0P6Mn93EKB.undefined?ln=primefaces&v=4.0 HTTP/1.1" 200 542
201.245.192.253 - - [26/Sep/2022:07:19:22 -0500] "GET /sipse/faces/javax.faces.resource/layout/layout.js;jsessionid=We3Em2m5TW1j6p0P6Mn93EKB.undefined?ln=primefaces&v=4.0 HTTP/1.1" 200 87560
201.245.192.253 - - [26/Sep/2022:07:19:22 -0500] "GET /sipse/faces/javax.faces.resource/primefaces.css;jsessionid=We3Em2m5TW1j6p0P6Mn93EKB.undefined?ln=primefaces&v=4.0 HTTP/1.1" 200 53295
201.245.192.253 - - [26/Sep/2022:07:19:22 -0500] "GET /sipse/faces/javax.faces.resource/jquery/jquery.js;jsessionid=We3Em2m5TW1j6p0P6Mn93EKB.undefined?ln=primefaces&v=4.0 HTTP/1.1" 200 105384
201.245.192.253 - - [26/Sep/2022:07:19:22 -0500] "GET /sipse/faces/javax.faces.resource/jquery/jquery-plugins.js;jsessionid=We3Em2m5TW1j6p0P6Mn93EKB.undefined?ln=primefaces&v=4.0 HTTP/1.1" 200 220526
201.245.192.253 - - [26/Sep/2022:07:19:22 -0500] "GET /sipse/faces/javax.faces.resource/primefaces.js;jsessionid=We3Em2m5TW1j6p0P6Mn93EKB.undefined?ln=primefaces&v=4.0 HTTP/1.1" 200 276924
201.245.192.253 - - [26/Sep/2022:07:19:22 -0500] "GET /sipse/faces/javax.faces.resource/images/ui-icons_898989_256x240.png?ln=primefaces-aristo HTTP/1.1" 304 -
201.245.192.253 - - [26/Sep/2022:07:19:22 -0500] "GET /sipse/faces/faces/index.xhtml HTTP/1.1" 200 677
201.245.192.253 - - [26/Sep/2022:07:19:22 -0500] "GET /sipse/faces/javax.faces.resource/theme.css?ln=primefaces-sipse HTTP/1.1" 304 -
201.245.192.253 - - [26/Sep/2022:07:19:22 -0500] "GET /sipse/faces/faces/faces/autenticacion.xhtml HTTP/1.1" 200 12174
201.245.192.253 - - [26/Sep/2022:07:19:22 -0500] "GET /sipse/faces/javax.faces.resource/theme.css?ln=primefaces-sipse HTTP/1.1" 304 -
201.245.192.253 - - [26/Sep/2022:07:19:22 -0500] "GET /sipse/faces/javax.faces.resource/jquery/jquery.js?ln=primefaces&v=4.0 HTTP/1.1" 304 -
201.245.192.253 - - [26/Sep/2022:07:19:22 -0500] "GET /sipse/faces/javax.faces.resource/layout/layout.css?ln=primefaces&v=4.0 HTTP/1.1" 200 542
201.245.192.253 - - [26/Sep/2022:07:19:22 -0500] "GET /sipse/faces/javax.faces.resource/jquery/jquery-plugins.js?ln=primefaces&v=4.0 HTTP/1.1" 304 -
201.245.192.253 - - [26/Sep/2022:07:19:22 -0500] "GET /sipse/faces/javax.faces.resource/primefaces.js?ln=primefaces&v=4.0 HTTP/1.1" 304 -
201.245.192.253 - - [26/Sep/2022:07:19:22 -0500] "GET /sipse/faces/javax.faces.resource/layout/layout.js?ln=primefaces&v=4.0 HTTP/1.1" 304 -
201.245.192.253 - - [26/Sep/2022:07:19:22 -0500] "GET /sipse/faces/javax.faces.resource/primefaces.css?ln=primefaces&v=4.0 HTTP/1.1" 200 53295
201.245.192.253 - - [26/Sep/2022:07:19:22 -0500] "GET /sipse/faces/javax.faces.resource/images/ui-icons_898989_256x240.png?ln=primefaces-aristo HTTP/1.1" 304 -
201.245.192.253 - - [26/Sep/2022:07:19:36 -0500] "POST /sipse/faces/autenticacion.xhtml HTTP/1.1" 200 11168
201.245.192.253 - - [26/Sep/2022:07:19:36 -0500] "GET /sipse/css/custom_css_sg_prime.css HTTP/1.1" 200 5201
201.245.192.253 - - [26/Sep/2022:07:19:36 -0500] "GET /sipse/faces/javax.faces.resource/jquery/jquery.js?ln=primefaces&v=4.0 HTTP/1.1" 304 -
201.245.192.253 - - [26/Sep/2022:07:19:36 -0500] "GET /sipse/faces/javax.faces.resource/jquery/jquery-plugins.js?ln=primefaces&v=4.0 HTTP/1.1" 304 -
201.245.192.253 - - [26/Sep/2022:07:19:36 -0500] "GET /sipse/faces/javax.faces.resource/primefaces.js?ln=primefaces&v=4.0 HTTP/1.1" 304 -
201.245.192.253 - - [26/Sep/2022:07:19:36 -0500] "GET /sipse/faces/javax.faces.resource/layout/layout.js?ln=primefaces&v=4.0 HTTP/1.1" 304 -
201.245.192.253 - - [26/Sep/2022:07:19:36 -0500] "GET /sipse/faces/javax.faces.resource/messages/messages.png?ln=primefaces&v=4.0 HTTP/1.1" 200 27209
201.245.192.253 - - [26/Sep/2022:07:19:40 -0500] "POST /sipse/faces/presentacion/sistema/seguridad/seleccionRol.xhtml HTTP/1.1" 200 5600
201.245.192.253 - - [26/Sep/2022:07:19:42 -0500] "POST /sipse/faces/presentacion/sistema/seguridad/seleccionRol.xhtml HTTP/1.1" 200 17462
201.245.192.253 - - [26/Sep/2022:07:19:42 -0500] "GET /sipse/faces/javax.faces.resource/jquery/jquery.js?ln=primefaces&v=4.0 HTTP/1.1" 304 -
201.245.192.253 - - [26/Sep/2022:07:19:42 -0500] "GET /sipse/faces/javax.faces.resource/jquery/jquery-plugins.js?ln=primefaces&v=4.0 HTTP/1.1" 304 -
201.245.192.253 - - [26/Sep/2022:07:19:42 -0500] "GET /sipse/faces/javax.faces.resource/primefaces.js?ln=primefaces&v=4.0 HTTP/1.1" 304 -
201.245.192.253 - - [26/Sep/2022:07:19:42 -0500] "GET /sipse/faces/javax.faces.resource/layout/layout.js?ln=primefaces&v=4.0 HTTP/1.1" 304 -
201.245.192.253 - - [26/Sep/2022:07:19:42 -0500] "GET /sipse/imagenes/cargando.gif HTTP/1.1" 200 16770
201.245.192.253 - - [26/Sep/2022:07:19:42 -0500] "GET /sipse/css/imagen/contrasena.png HTTP/1.1" 404 383
201.245.192.253 - - [26/Sep/2022:07:19:46 -0500] "GET /sipse/faces/javax.faces.resource/images/ui-bg_flat_0_2d5972_40x100.png?ln=primefaces-aristo HTTP/1.1" 200 183
201.245.192.253 - - [26/Sep/2022:07:19:46 -0500] "POST /sipse/faces/bienvenido.xhtml HTTP/1.1" 200 3843
201.245.192.253 - - [26/Sep/2022:07:19:48 -0500] "POST /sipse/faces/bienvenido.xhtml HTTP/1.1" 200 66002
201.245.192.253 - - [26/Sep/2022:07:19:48 -0500] "GET /sipse/faces/javax.faces.resource/jquery/jquery.js?ln=primefaces&v=4.0 HTTP/1.1" 304 -
201.245.192.253 - - [26/Sep/2022:07:19:48 -0500] "GET /sipse/faces/javax.faces.resource/jquery/jquery-plugins.js?ln=primefaces&v=4.0 HTTP/1.1" 304 -
201.245.192.253 - - [26/Sep/2022:07:19:48 -0500] "GET /sipse/faces/javax.faces.resource/primefaces.js?ln=primefaces&v=4.0 HTTP/1.1" 304 -
201.245.192.253 - - [26/Sep/2022:07:19:48 -0500] "GET /sipse/faces/javax.faces.resource/layout/layout.js?ln=primefaces&v=4.0 HTTP/1.1" 304 -
201.245.192.253 - - [26/Sep/2022:07:19:48 -0500] "POST /sipse/faces/presentacion/financiero/solicitudProceso/listarSolicitudProceso.xhtml HTTP/1.1" 200 1544
201.245.192.253 - - [26/Sep/2022:07:19:54 -0500] "POST /sipse/faces/presentacion/financiero/solicitudProceso/listarSolicitudProceso.xhtml HTTP/1.1" 200 144551
172.22.2.4 - - [26/Sep/2022:07:18:20 -0500] "GET /BLA/boletinlegal/ HTTP/1.1" 200 58163
201.245.192.253 - - [26/Sep/2022:07:20:22 -0500] "POST /sipse/faces/presentacion/financiero/solicitudProceso/listarSolicitudProceso.xhtml HTTP/1.1" 200 127536
201.245.192.253 - - [26/Sep/2022:07:20:23 -0500] "GET /sipse/faces/javax.faces.resource/jquery/jquery.js?ln=primefaces&v=4.0 HTTP/1.1" 304 -
201.245.192.253 - - [26/Sep/2022:07:20:23 -0500] "GET /sipse/faces/javax.faces.resource/jquery/jquery-plugins.js?ln=primefaces&v=4.0 HTTP/1.1" 304 -
201.245.192.253 - - [26/Sep/2022:07:20:23 -0500] "GET /sipse/faces/javax.faces.resource/primefaces.js?ln=primefaces&v=4.0 HTTP/1.1" 304 -
201.245.192.253 - - [26/Sep/2022:07:20:23 -0500] "GET /sipse/faces/javax.faces.resource/layout/layout.js?ln=primefaces&v=4.0 HTTP/1.1" 304 -
201.245.192.253 - - [26/Sep/2022:07:21:10 -0500] "POST /sipse/faces/presentacion/financiero/solicitudProceso/consultarSolicitudProceso.xhtml HTTP/1.1" 200 101816
201.245.192.253 - - [26/Sep/2022:07:21:30 -0500] "POST /sipse/faces/presentacion/financiero/solicitudProceso/consultarSolicitudProceso.xhtml HTTP/1.1" 200 101816
201.245.192.253 - - [26/Sep/2022:07:21:33 -0500] "POST /kwsrmcab/Wsrmcab  HTTP/1.1" 200 213
172.105.89.161 - - [26/Sep/2022:07:21:40 -0500] "\xba\xabd\xa1EZC\xdbM\x87\xee^\xfd\xbf\x159 X\xd4>\x12\x98\xc4<\xe0\x13\xcf" 400 226
216.245.221.92 - - [26/Sep/2022:07:22:31 -0500] "HEAD / HTTP/1.1" 200 -
185.119.81.96 - - [26/Sep/2022:07:22:56 -0500] "GET /portaldeninos/wp-login.php HTTP/1.1" 200 2592
185.119.81.96 - - [26/Sep/2022:07:22:59 -0500] "POST /portaldeninos/wp-login.php HTTP/1.1" 200 3605
201.245.192.253 - - [26/Sep/2022:07:23:43 -0500] "POST /sipse/faces/presentacion/financiero/solicitudProceso/consultarSolicitudProceso.xhtml HTTP/1.1" 200 31716
201.245.192.253 - - [26/Sep/2022:07:23:43 -0500] "GET /sipse/faces/javax.faces.resource/theme.css?ln=primefaces-sipse HTTP/1.1" 304 -
201.245.192.253 - - [26/Sep/2022:07:23:43 -0500] "GET /sipse/faces/javax.faces.resource/primefaces.css?ln=primefaces&v=4.0 HTTP/1.1" 304 -
201.245.192.253 - - [26/Sep/2022:07:23:43 -0500] "GET /sipse/faces/javax.faces.resource/layout/layout.css?ln=primefaces&v=4.0 HTTP/1.1" 304 -
201.245.192.253 - - [26/Sep/2022:07:23:43 -0500] "GET /sipse/faces/javax.faces.resource/primefaces.js?ln=primefaces&v=4.0 HTTP/1.1" 304 -
201.245.192.253 - - [26/Sep/2022:07:23:43 -0500] "GET /sipse/faces/javax.faces.resource/jquery/jquery-plugins.js?ln=primefaces&v=4.0 HTTP/1.1" 304 -
201.245.192.253 - - [26/Sep/2022:07:23:43 -0500] "GET /sipse/faces/javax.faces.resource/layout/layout.js?ln=primefaces&v=4.0 HTTP/1.1" 304 -
201.245.192.253 - - [26/Sep/2022:07:23:43 -0500] "GET /sipse/faces/javax.faces.resource/jquery/jquery.js?ln=primefaces&v=4.0 HTTP/1.1" 304 -
201.245.192.253 - - [26/Sep/2022:07:23:43 -0500] "GET /sipse/faces/javax.faces.resource/images/ui-icons_898989_256x240.png?ln=primefaces-aristo HTTP/1.1" 304 -
201.245.192.253 - - [26/Sep/2022:07:23:56 -0500] "POST /sipse/faces/presentacion/financiero/solicitudProceso/consultarHistorialSolProceso.xhtml HTTP/1.1" 200 173570
201.245.192.253 - - [26/Sep/2022:07:23:57 -0500] "GET /sipse/faces/javax.faces.resource/theme.css?ln=primefaces-sipse HTTP/1.1" 304 -
201.245.192.253 - - [26/Sep/2022:07:23:57 -0500] "GET /sipse/faces/javax.faces.resource/primefaces.css?ln=primefaces&v=4.0 HTTP/1.1" 304 -
201.245.192.253 - - [26/Sep/2022:07:23:57 -0500] "GET /sipse/faces/javax.faces.resource/layout/layout.css?ln=primefaces&v=4.0 HTTP/1.1" 304 -
201.245.192.253 - - [26/Sep/2022:07:23:57 -0500] "GET /sipse/faces/javax.faces.resource/jquery/jquery.js?ln=primefaces&v=4.0 HTTP/1.1" 304 -
201.245.192.253 - - [26/Sep/2022:07:23:57 -0500] "GET /sipse/faces/javax.faces.resource/primefaces.js?ln=primefaces&v=4.0 HTTP/1.1" 304 -
201.245.192.253 - - [26/Sep/2022:07:23:57 -0500] "GET /sipse/faces/javax.faces.resource/jquery/jquery-plugins.js?ln=primefaces&v=4.0 HTTP/1.1" 304 -
201.245.192.253 - - [26/Sep/2022:07:23:57 -0500] "GET /sipse/faces/javax.faces.resource/layout/layout.js?ln=primefaces&v=4.0 HTTP/1.1" 304 -
201.245.192.253 - - [26/Sep/2022:07:23:57 -0500] "GET /sipse/faces/javax.faces.resource/images/ui-icons_898989_256x240.png?ln=primefaces-aristo HTTP/1.1" 304 -
201.245.192.253 - - [26/Sep/2022:07:24:03 -0500] "GET /sipse/faces/javax.faces.resource/images/ui-bg_flat_0_2d5972_40x100.png?ln=primefaces-aristo HTTP/1.1" 304 -
201.245.192.253 - - [26/Sep/2022:07:24:03 -0500] "POST /sipse/faces/presentacion/financiero/solicitudProceso/consultarSolicitudProceso.xhtml HTTP/1.1" 200 5539
201.245.192.253 - - [26/Sep/2022:07:24:32 -0500] "POST /sipse/faces/presentacion/financiero/solicitudProceso/consultarSolicitudProceso.xhtml HTTP/1.1" 200 5557
201.245.192.253 - - [26/Sep/2022:07:24:32 -0500] "GET /sipse/faces/javax.faces.resource/dynamiccontent.properties?ln=primefaces&pfdrid=XjOR5%2F%2FfPAZAuY9TpWQeCiM0BhlXxYRBGKi%2FQcXXfeA%3D&pfdrid_c=false HTTP/1.1" 200 165323
201.245.192.253 - - [26/Sep/2022:07:24:54 -0500] "GET /sipse/faces/javax.faces.resource/theme.css?ln=primefaces-sipse HTTP/1.1" 304 -
201.245.192.253 - - [26/Sep/2022:07:24:54 -0500] "GET /sipse/faces/javax.faces.resource/jquery/jquery.js?ln=primefaces&v=4.0 HTTP/1.1" 304 -
201.245.192.253 - - [26/Sep/2022:07:24:54 -0500] "GET /sipse/faces/javax.faces.resource/layout/layout.css?ln=primefaces&v=4.0 HTTP/1.1" 304 -
201.245.192.253 - - [26/Sep/2022:07:24:54 -0500] "GET /sipse/faces/javax.faces.resource/primefaces.css?ln=primefaces&v=4.0 HTTP/1.1" 304 -
201.245.192.253 - - [26/Sep/2022:07:24:54 -0500] "GET /sipse/faces/javax.faces.resource/jquery/jquery-plugins.js?ln=primefaces&v=4.0 HTTP/1.1" 304 -
201.245.192.253 - - [26/Sep/2022:07:24:54 -0500] "GET /sipse/faces/javax.faces.resource/primefaces.js?ln=primefaces&v=4.0 HTTP/1.1" 304 -
201.245.192.253 - - [26/Sep/2022:07:24:54 -0500] "GET /sipse/faces/javax.faces.resource/layout/layout.js?ln=primefaces&v=4.0 HTTP/1.1" 304 -
201.245.192.253 - - [26/Sep/2022:07:24:54 -0500] "POST /sipse/faces/presentacion/financiero/solicitudProceso/consultarSolicitudProceso.xhtml HTTP/1.1" 200 26612
201.245.192.253 - - [26/Sep/2022:07:24:54 -0500] "GET /sipse/faces/javax.faces.resource/images/ui-icons_898989_256x240.png?ln=primefaces-aristo HTTP/1.1" 304 -
172.22.2.4 - - [26/Sep/2022:07:23:19 -0500] "HEAD /BLA/boletinlegal/ HTTP/1.1" 200 -
201.245.192.253 - - [26/Sep/2022:07:25:03 -0500] "GET /sipse/faces/javax.faces.resource/images/ui-bg_flat_0_2d5972_40x100.png?ln=primefaces-aristo HTTP/1.1" 304 -
201.245.192.253 - - [26/Sep/2022:07:25:03 -0500] "POST /sipse/faces/presentacion/financiero/solicitudProceso/registrarAnotacion.xhtml HTTP/1.1" 200 127551
201.245.192.253 - - [26/Sep/2022:07:25:03 -0500] "GET /sipse/faces/javax.faces.resource/jquery/jquery.js?ln=primefaces&v=4.0 HTTP/1.1" 304 -
201.245.192.253 - - [26/Sep/2022:07:25:03 -0500] "GET /sipse/faces/javax.faces.resource/jquery/jquery-plugins.js?ln=primefaces&v=4.0 HTTP/1.1" 304 -
201.245.192.253 - - [26/Sep/2022:07:25:03 -0500] "GET /sipse/faces/javax.faces.resource/primefaces.js?ln=primefaces&v=4.0 HTTP/1.1" 304 -
201.245.192.253 - - [26/Sep/2022:07:25:03 -0500] "GET /sipse/faces/javax.faces.resource/layout/layout.js?ln=primefaces&v=4.0 HTTP/1.1" 304 -
201.245.192.253 - - [26/Sep/2022:07:25:03 -0500] "GET /sipse/faces/javax.faces.resource/dynamiccontent.properties?ln=primefaces&pfdrid=XjOR5%2F%2FfPAZAuY9TpWQeCiM0BhlXxYRBGKi%2FQcXXfeA%3D&pfdrid_c=false HTTP/1.1" 500 383
201.245.192.253 - - [26/Sep/2022:07:25:08 -0500] "POST /sipse/faces/presentacion/financiero/solicitudProceso/consultarSolicitudProceso.xhtml HTTP/1.1" 200 66499
201.245.192.253 - - [26/Sep/2022:07:25:12 -0500] "GET /sipse/faces/javax.faces.resource/jquery/jquery.js?ln=primefaces&v=4.0 HTTP/1.1" 304 -
201.245.192.253 - - [26/Sep/2022:07:25:12 -0500] "GET /sipse/faces/javax.faces.resource/jquery/jquery-plugins.js?ln=primefaces&v=4.0 HTTP/1.1" 304 -
201.245.192.253 - - [26/Sep/2022:07:25:12 -0500] "GET /sipse/faces/javax.faces.resource/primefaces.js?ln=primefaces&v=4.0 HTTP/1.1" 304 -
201.245.192.253 - - [26/Sep/2022:07:25:12 -0500] "GET /sipse/faces/javax.faces.resource/layout/layout.js?ln=primefaces&v=4.0 HTTP/1.1" 304 -
201.245.192.253 - - [26/Sep/2022:07:25:12 -0500] "GET /sipse/faces/javax.faces.resource/messages/messages.png?ln=primefaces&v=4.0 HTTP/1.1" 304 -
201.245.192.253 - - [26/Sep/2022:07:25:12 -0500] "POST /sipse/faces/presentacion/financiero/solicitudProceso/listarSolicitudProceso.xhtml HTTP/1.1" 200 1544
201.245.192.253 - - [26/Sep/2022:07:25:16 -0500] "POST /sipse/faces/presentacion/financiero/solicitudProceso/listarSolicitudProceso.xhtml HTTP/1.1" 200 141678
201.245.192.253 - - [26/Sep/2022:07:25:49 -0500] "GET /appsia/controlador HTTP/1.1" 200 4799
172.22.2.4 - - [26/Sep/2022:07:24:10 -0500] "GET /BLA/boletinlegal/ HTTP/1.1" 200 59828
201.245.192.253 - - [26/Sep/2022:07:25:54 -0500] "POST /sipse/faces/presentacion/financiero/solicitudProceso/listarSolicitudProceso.xhtml HTTP/1.1" 200 126853
201.245.192.253 - - [26/Sep/2022:07:25:55 -0500] "GET /sipse/faces/javax.faces.resource/jquery/jquery.js?ln=primefaces&v=4.0 HTTP/1.1" 304 -
201.245.192.253 - - [26/Sep/2022:07:25:55 -0500] "GET /sipse/faces/javax.faces.resource/jquery/jquery-plugins.js?ln=primefaces&v=4.0 HTTP/1.1" 304 -
201.245.192.253 - - [26/Sep/2022:07:25:55 -0500] "GET /sipse/faces/javax.faces.resource/primefaces.js?ln=primefaces&v=4.0 HTTP/1.1" 304 -
201.245.192.253 - - [26/Sep/2022:07:25:55 -0500] "GET /sipse/faces/javax.faces.resource/layout/layout.js?ln=primefaces&v=4.0 HTTP/1.1" 304 -
201.245.192.253 - - [26/Sep/2022:07:25:55 -0500] "GET /sipse/faces/javax.faces.resource/dynamiccontent.properties?ln=primefaces&pfdrid=XjOR5%2F%2FfPAZAuY9TpWQeCiM0BhlXxYRBGKi%2FQcXXfeA%3D&pfdrid_c=false HTTP/1.1" 500 383
201.245.192.253 - - [26/Sep/2022:07:26:32 -0500] "POST /kwsrmcab/Wsrmcab  HTTP/1.1" 200 213
201.245.192.253 - - [26/Sep/2022:07:27:28 -0500] "POST /sipse/faces/presentacion/financiero/solicitudProceso/consultarSolicitudProceso.xhtml HTTP/1.1" 200 102658
216.245.221.92 - - [26/Sep/2022:07:27:31 -0500] "HEAD / HTTP/1.1" 200 -
207.46.13.176 - - [26/Sep/2022:07:28:01 -0500] "GET /portaldeninos/ HTTP/1.1" 200 110197
172.22.2.4 - - [26/Sep/2022:07:28:51 -0500] "GET /BLA/boletinlegal/js/jquery.js HTTP/1.1" 200 57254
172.22.2.4 - - [26/Sep/2022:07:28:51 -0500] "GET /BLA/boletinlegal/images/cabezote%20BLEGAL.jpg HTTP/1.1" 200 118164
172.22.2.4 - - [26/Sep/2022:07:28:51 -0500] "GET /BLA/boletinlegal/images/subscribe-icon-big.png HTTP/1.1" 200 47702
172.22.2.4 - - [26/Sep/2022:07:28:51 -0500] "GET /BLA/boletinlegal/images/screen_1.png HTTP/1.1" 200 202547
172.22.2.4 - - [26/Sep/2022:07:28:51 -0500] "GET /BLA/boletinlegal/images/launch.jpg HTTP/1.1" 200 14577
172.22.2.4 - - [26/Sep/2022:07:28:51 -0500] "GET /BLA/boletinlegal/images/historia.png HTTP/1.1" 200 52775
172.22.2.4 - - [26/Sep/2022:07:28:57 -0500] "GET /BLA/boletinlegal/actos.php HTTP/1.1" 200 9559
172.22.2.4 - - [26/Sep/2022:07:28:57 -0500] "GET /BLA/boletinlegal/js/jquery1.js HTTP/1.1" 200 29846
172.22.2.4 - - [26/Sep/2022:07:28:57 -0500] "GET /BLA/boletinlegal/images/abajo.png HTTP/1.1" 200 96676
172.22.2.4 - - [26/Sep/2022:07:28:57 -0500] "GET /BLA/boletinlegal/images/tel.png HTTP/1.1" 200 14477
172.22.2.4 - - [26/Sep/2022:07:28:57 -0500] "GET /BLA/boletinlegal/img/select-right.png HTTP/1.1" 200 44019
172.22.2.4 - - [26/Sep/2022:07:28:57 -0500] "GET /BLA/boletinlegal/img/button-left.png HTTP/1.1" 200 57071
172.22.2.4 - - [26/Sep/2022:07:28:57 -0500] "GET /BLA/boletinlegal/img/button.png HTTP/1.1" 200 43241
172.22.2.4 - - [26/Sep/2022:07:28:57 -0500] "GET /BLA/boletinlegal/favicon.ico HTTP/1.1" 404 1326
172.22.2.4 - - [26/Sep/2022:07:28:57 -0500] "GET /BLA/boletinlegal/img/button-right.png HTTP/1.1" 200 57878
186.80.52.5 - - [26/Sep/2022:07:28:58 -0500] "GET /BLA/resoluciones/ HTTP/1.1" 200 13093
186.80.52.5 - - [26/Sep/2022:07:29:01 -0500] "GET /BLA/resoluciones/index.php?dir=RESOLUCIONES+2018%2F HTTP/1.1" 200 271266
201.245.192.253 - - [26/Sep/2022:07:29:01 -0500] "POST /kwsrmcab/Wsrmcab HTTP/1.1" 200 42962
