201.245.192.253 - - [27/Sep/2022:14:18:28 -0500] "GET /sipse/faces/javax.faces.resource/jquery/jquery-plugins.js?ln=primefaces&v=4.0 HTTP/1.1" 304 -
201.245.192.253 - - [27/Sep/2022:14:18:28 -0500] "GET /sipse/faces/javax.faces.resource/primefaces.js?ln=primefaces&v=4.0 HTTP/1.1" 304 -
201.245.192.253 - - [27/Sep/2022:14:18:28 -0500] "GET /sipse/faces/javax.faces.resource/layout/layout.js?ln=primefaces&v=4.0 HTTP/1.1" 304 -
181.235.120.247 - - [27/Sep/2022:14:18:31 -0500] "POST /sipse/faces/autenticacion.xhtml HTTP/1.1" 200 16259
181.235.120.247 - - [27/Sep/2022:14:18:31 -0500] "GET /sipse/faces/javax.faces.resource/theme.css?ln=primefaces-sipse HTTP/1.1" 304 -
181.235.120.247 - - [27/Sep/2022:14:18:31 -0500] "GET /sipse/faces/javax.faces.resource/primefaces.css?ln=primefaces&v=4.0 HTTP/1.1" 304 -
181.235.120.247 - - [27/Sep/2022:14:18:31 -0500] "GET /sipse/faces/javax.faces.resource/layout/layout.css?ln=primefaces&v=4.0 HTTP/1.1" 304 -
181.235.120.247 - - [27/Sep/2022:14:18:31 -0500] "GET /sipse/faces/javax.faces.resource/jquery/jquery.js?ln=primefaces&v=4.0 HTTP/1.1" 304 -
181.235.120.247 - - [27/Sep/2022:14:18:31 -0500] "GET /sipse/faces/javax.faces.resource/jquery/jquery-plugins.js?ln=primefaces&v=4.0 HTTP/1.1" 304 -
181.235.120.247 - - [27/Sep/2022:14:18:31 -0500] "GET /sipse/faces/javax.faces.resource/primefaces.js?ln=primefaces&v=4.0 HTTP/1.1" 304 -
181.235.120.247 - - [27/Sep/2022:14:18:31 -0500] "GET /sipse/faces/javax.faces.resource/layout/layout.js?ln=primefaces&v=4.0 HTTP/1.1" 304 -
181.235.120.247 - - [27/Sep/2022:14:18:31 -0500] "GET /sipse/css/imagen/contrasena.png HTTP/1.1" 404 383
181.235.120.247 - - [27/Sep/2022:14:18:34 -0500] "GET /sipse/faces/javax.faces.resource/images/ui-bg_flat_0_2d5972_40x100.png?ln=primefaces-aristo HTTP/1.1" 304 -
181.235.120.247 - - [27/Sep/2022:14:18:34 -0500] "POST /sipse/faces/bienvenido.xhtml HTTP/1.1" 200 2658
181.235.120.247 - - [27/Sep/2022:14:18:35 -0500] "POST /sipse/faces/bienvenido.xhtml HTTP/1.1" 200 65908
181.235.120.247 - - [27/Sep/2022:14:18:36 -0500] "GET /sipse/faces/javax.faces.resource/theme.css?ln=primefaces-sipse HTTP/1.1" 304 -
181.235.120.247 - - [27/Sep/2022:14:18:36 -0500] "GET /sipse/faces/javax.faces.resource/layout/layout.css?ln=primefaces&v=4.0 HTTP/1.1" 304 -
181.235.120.247 - - [27/Sep/2022:14:18:36 -0500] "GET /sipse/faces/javax.faces.resource/primefaces.css?ln=primefaces&v=4.0 HTTP/1.1" 304 -
181.235.120.247 - - [27/Sep/2022:14:18:36 -0500] "GET /sipse/faces/javax.faces.resource/jquery/jquery.js?ln=primefaces&v=4.0 HTTP/1.1" 304 -
181.235.120.247 - - [27/Sep/2022:14:18:36 -0500] "GET /sipse/faces/javax.faces.resource/jquery/jquery-plugins.js?ln=primefaces&v=4.0 HTTP/1.1" 304 -
181.235.120.247 - - [27/Sep/2022:14:18:36 -0500] "GET /sipse/faces/javax.faces.resource/primefaces.js?ln=primefaces&v=4.0 HTTP/1.1" 304 -
181.235.120.247 - - [27/Sep/2022:14:18:36 -0500] "GET /sipse/faces/javax.faces.resource/layout/layout.js?ln=primefaces&v=4.0 HTTP/1.1" 304 -
172.22.2.4 - - [27/Sep/2022:14:18:36 -0500] "GET /BLA/boletinlegal/consulta_conceptos.php?no=&solicitante=&radicado_entrada=198680&fecha_concepto=2019&objeto= HTTP/1.1" 200 570
181.235.120.247 - - [27/Sep/2022:14:18:36 -0500] "POST /sipse/faces/presentacion/financiero/solicitudProceso/listarSolicitudProceso.xhtml HTTP/1.1" 200 1544
201.245.192.253 - - [27/Sep/2022:14:18:46 -0500] "POST /sipse/faces/presentacion/financiero/solicitudProceso/consultarSolicitudProceso.xhtml HTTP/1.1" 200 49144
201.245.192.253 - - [27/Sep/2022:14:18:46 -0500] "GET /sipse/faces/javax.faces.resource/theme.css?ln=primefaces-sipse HTTP/1.1" 304 -
201.245.192.253 - - [27/Sep/2022:14:18:46 -0500] "GET /sipse/faces/javax.faces.resource/primefaces.css?ln=primefaces&v=4.0 HTTP/1.1" 304 -
201.245.192.253 - - [27/Sep/2022:14:18:46 -0500] "GET /sipse/faces/javax.faces.resource/layout/layout.css?ln=primefaces&v=4.0 HTTP/1.1" 304 -
201.245.192.253 - - [27/Sep/2022:14:18:46 -0500] "GET /sipse/faces/javax.faces.resource/primefaces.js?ln=primefaces&v=4.0 HTTP/1.1" 304 -
201.245.192.253 - - [27/Sep/2022:14:18:46 -0500] "GET /sipse/faces/javax.faces.resource/jquery/jquery-plugins.js?ln=primefaces&v=4.0 HTTP/1.1" 304 -
201.245.192.253 - - [27/Sep/2022:14:18:46 -0500] "GET /sipse/faces/javax.faces.resource/jquery/jquery.js?ln=primefaces&v=4.0 HTTP/1.1" 304 -
201.245.192.253 - - [27/Sep/2022:14:18:46 -0500] "GET /sipse/faces/javax.faces.resource/layout/layout.js?ln=primefaces&v=4.0 HTTP/1.1" 304 -
201.245.192.253 - - [27/Sep/2022:14:18:46 -0500] "GET /sipse/css/imagen/contrasena.png HTTP/1.1" 404 383
201.245.192.253 - - [27/Sep/2022:14:18:46 -0500] "GET /sipse/faces/javax.faces.resource/images/ui-icons_898989_256x240.png?ln=primefaces-aristo HTTP/1.1" 304 -
201.245.192.253 - - [27/Sep/2022:14:18:46 -0500] "GET /sipse/faces/javax.faces.resource/images/ui-bg_flat_0_2d5972_40x100.png?ln=primefaces-aristo HTTP/1.1" 304 -
201.245.192.253 - - [27/Sep/2022:14:18:46 -0500] "POST /sipse/faces/presentacion/financiero/solicitudProceso/listarSolicitudProceso.xhtml HTTP/1.1" 200 1460
201.245.192.253 - - [27/Sep/2022:14:18:46 -0500] "POST /sipse/faces/presentacion/financiero/solicitudProceso/listarSolicitudProceso.xhtml HTTP/1.1" 200 1448
201.245.192.253 - - [27/Sep/2022:14:18:55 -0500] "POST /kwsrmcab/Wsrmcab HTTP/1.1" 200 42796
186.83.128.125 - - [27/Sep/2022:14:19:00 -0500] "GET /galeria/galeria/jquery.fancybox.css?v=2.1.5 HTTP/1.1" 200 4895
186.83.128.125 - - [27/Sep/2022:14:19:00 -0500] "GET /BLA/boletinlegal/js/jquery.scrollShow.js HTTP/1.1" 200 4586
186.83.128.125 - - [27/Sep/2022:14:19:00 -0500] "GET /galeria/galeria/jquery.fancybox.js?v=2.1.5 HTTP/1.1" 200 48706
201.245.192.253 - - [27/Sep/2022:14:18:58 -0500] "POST /kwsrmcab/Wsrmcab HTTP/1.1" 200 44348
186.84.20.178 - - [27/Sep/2022:14:19:05 -0500] "POST /sipse/faces/autenticacion.xhtml HTTP/1.1" 200 2217
186.84.20.178 - - [27/Sep/2022:14:19:05 -0500] "GET /sipse/faces/javax.faces.resource/messages/messages.png?ln=primefaces&v=4.0 HTTP/1.1" 200 27209
186.84.20.178 - - [27/Sep/2022:14:19:10 -0500] "POST /sipse/faces/autenticacion.xhtml HTTP/1.1" 200 16281
186.84.20.178 - - [27/Sep/2022:14:19:10 -0500] "GET /sipse/faces/javax.faces.resource/jquery/jquery.js?ln=primefaces&v=4.0 HTTP/1.1" 304 -
186.84.20.178 - - [27/Sep/2022:14:19:10 -0500] "GET /sipse/faces/javax.faces.resource/jquery/jquery-plugins.js?ln=primefaces&v=4.0 HTTP/1.1" 304 -
186.84.20.178 - - [27/Sep/2022:14:19:10 -0500] "GET /sipse/faces/javax.faces.resource/primefaces.js?ln=primefaces&v=4.0 HTTP/1.1" 304 -
186.84.20.178 - - [27/Sep/2022:14:19:10 -0500] "GET /sipse/faces/javax.faces.resource/layout/layout.js?ln=primefaces&v=4.0 HTTP/1.1" 304 -
186.84.20.178 - - [27/Sep/2022:14:19:10 -0500] "GET /sipse/imagenes/cargando.gif HTTP/1.1" 200 20242
186.84.20.178 - - [27/Sep/2022:14:19:10 -0500] "GET /sipse/css/imagen/contrasena.png HTTP/1.1" 404 383
173.252.95.22 - - [27/Sep/2022:14:19:11 -0500] "GET /images/negocios-verdes-mayo-2022.jpg HTTP/1.1" 200 48000
186.80.52.172 - - [27/Sep/2022:14:19:49 -0500] "POST /appsia/controlador HTTP/1.1" 200 3226
186.80.52.172 - - [27/Sep/2022:14:19:49 -0500] "GET /appsia/jscripts/validarSolicitud.js HTTP/1.1" 404 68
181.235.120.247 - - [27/Sep/2022:14:19:50 -0500] "POST /sipse/faces/presentacion/financiero/solicitudProceso/listarSolicitudProceso.xhtml HTTP/1.1" 200 120818
186.80.52.172 - - [27/Sep/2022:14:19:51 -0500] "POST /appsia/controlador HTTP/1.1" 200 4799
181.235.120.247 - - [27/Sep/2022:14:19:51 -0500] "GET /sipse/faces/javax.faces.resource/theme.css?ln=primefaces-sipse HTTP/1.1" 304 -
181.235.120.247 - - [27/Sep/2022:14:19:51 -0500] "GET /sipse/faces/javax.faces.resource/primefaces.css?ln=primefaces&v=4.0 HTTP/1.1" 304 -
181.235.120.247 - - [27/Sep/2022:14:19:51 -0500] "GET /sipse/faces/javax.faces.resource/layout/layout.css?ln=primefaces&v=4.0 HTTP/1.1" 304 -
181.235.120.247 - - [27/Sep/2022:14:19:51 -0500] "GET /sipse/faces/javax.faces.resource/jquery/jquery.js?ln=primefaces&v=4.0 HTTP/1.1" 304 -
181.235.120.247 - - [27/Sep/2022:14:19:51 -0500] "GET /sipse/faces/javax.faces.resource/jquery/jquery-plugins.js?ln=primefaces&v=4.0 HTTP/1.1" 304 -
181.235.120.247 - - [27/Sep/2022:14:19:51 -0500] "GET /sipse/faces/javax.faces.resource/primefaces.js?ln=primefaces&v=4.0 HTTP/1.1" 304 -
181.235.120.247 - - [27/Sep/2022:14:19:51 -0500] "GET /sipse/faces/javax.faces.resource/layout/layout.js?ln=primefaces&v=4.0 HTTP/1.1" 304 -
172.22.2.4 - - [27/Sep/2022:14:19:52 -0500] "GET /BLA/boletinlegal/consulta_conceptos.php?no=&solicitante=&radicado_entrada=130569&fecha_concepto=2020&objeto= HTTP/1.1" 200 570
172.22.2.4 - - [27/Sep/2022:14:19:54 -0500] "GET /BLA/boletinlegal/consulta_conceptos.php?no=&solicitante=&radicado_entrada=130569&fecha_concepto=2020&objeto= HTTP/1.1" 200 570
172.22.2.4 - - [27/Sep/2022:14:19:55 -0500] "GET /BLA/boletinlegal/consulta_conceptos.php?no=&solicitante=&radicado_entrada=130569&fecha_concepto=2020&objeto= HTTP/1.1" 200 570
172.22.2.4 - - [27/Sep/2022:14:18:15 -0500] "HEAD /BLA/boletinlegal/ HTTP/1.1" 200 -
172.22.2.4 - - [27/Sep/2022:14:19:55 -0500] "GET /BLA/boletinlegal/consulta_conceptos.php?no=&solicitante=&radicado_entrada=130569&fecha_concepto=2020&objeto= HTTP/1.1" 200 570
172.22.2.4 - - [27/Sep/2022:14:19:55 -0500] "GET /BLA/boletinlegal/consulta_conceptos.php?no=&solicitante=&radicado_entrada=130569&fecha_concepto=2020&objeto= HTTP/1.1" 200 570
172.22.2.4 - - [27/Sep/2022:14:19:55 -0500] "GET /BLA/boletinlegal/actos.php HTTP/1.1" 200 9559
172.22.2.4 - - [27/Sep/2022:14:19:55 -0500] "GET /BLA/boletinlegal/consulta_conceptos.php?no=&solicitante=&radicado_entrada=130569&fecha_concepto=2020&objeto= HTTP/1.1" 200 570
172.22.2.4 - - [27/Sep/2022:14:19:55 -0500] "GET /BLA/boletinlegal/consulta_conceptos.php?no=&solicitante=&radicado_entrada=130569&fecha_concepto=2020&objeto= HTTP/1.1" 200 570
172.22.2.4 - - [27/Sep/2022:14:19:59 -0500] "GET /BLA/boletinlegal/consulta_conceptos.php?no=&solicitante=&radicado_entrada=130569&fecha_concepto=2020&objeto= HTTP/1.1" 200 570
190.25.249.213 - - [27/Sep/2022:14:19:59 -0500] "GET /catalogoisis/ HTTP/1.1" 200 8575
172.22.2.4 - - [27/Sep/2022:14:19:59 -0500] "GET /BLA/boletinlegal/consulta_conceptos.php?no=&solicitante=&radicado_entrada=130569&fecha_concepto=2020&objeto= HTTP/1.1" 200 570
172.22.2.4 - - [27/Sep/2022:14:20:00 -0500] "GET /BLA/boletinlegal/consulta_conceptos.php?no=&solicitante=&radicado_entrada=130569&fecha_concepto=2020&objeto= HTTP/1.1" 200 570
172.22.2.4 - - [27/Sep/2022:14:20:00 -0500] "GET /BLA/boletinlegal/consulta_conceptos.php?no=&solicitante=&radicado_entrada=130569&fecha_concepto=2020&objeto= HTTP/1.1" 200 570
172.22.2.4 - - [27/Sep/2022:14:20:00 -0500] "GET /BLA/boletinlegal/consulta_conceptos.php?no=&solicitante=&radicado_entrada=130569&fecha_concepto=2020&objeto= HTTP/1.1" 200 570
172.22.2.4 - - [27/Sep/2022:14:20:00 -0500] "GET /BLA/boletinlegal/consulta_conceptos.php?no=&solicitante=&radicado_entrada=130569&fecha_concepto=2020&objeto= HTTP/1.1" 200 570
172.22.2.4 - - [27/Sep/2022:14:20:00 -0500] "GET /BLA/boletinlegal/consulta_conceptos.php?no=&solicitante=&radicado_entrada=130569&fecha_concepto=2020&objeto= HTTP/1.1" 200 570
186.80.52.172 - - [27/Sep/2022:14:20:01 -0500] "POST /appsia/controlador HTTP/1.1" 200 5437
181.235.120.247 - - [27/Sep/2022:14:20:01 -0500] "POST /sipse/faces/presentacion/financiero/solicitudProceso/consultarSolicitudProceso.xhtml HTTP/1.1" 200 65908
181.235.120.247 - - [27/Sep/2022:14:20:02 -0500] "GET /sipse/faces/javax.faces.resource/primefaces.css?ln=primefaces&v=4.0 HTTP/1.1" 304 -
181.235.120.247 - - [27/Sep/2022:14:20:02 -0500] "GET /sipse/faces/javax.faces.resource/theme.css?ln=primefaces-sipse HTTP/1.1" 304 -
181.235.120.247 - - [27/Sep/2022:14:20:02 -0500] "GET /sipse/faces/javax.faces.resource/layout/layout.css?ln=primefaces&v=4.0 HTTP/1.1" 304 -
181.235.120.247 - - [27/Sep/2022:14:20:02 -0500] "GET /sipse/faces/javax.faces.resource/jquery/jquery.js?ln=primefaces&v=4.0 HTTP/1.1" 304 -
181.235.120.247 - - [27/Sep/2022:14:20:02 -0500] "GET /sipse/faces/javax.faces.resource/jquery/jquery-plugins.js?ln=primefaces&v=4.0 HTTP/1.1" 304 -
181.235.120.247 - - [27/Sep/2022:14:20:02 -0500] "GET /sipse/faces/javax.faces.resource/primefaces.js?ln=primefaces&v=4.0 HTTP/1.1" 304 -
181.235.120.247 - - [27/Sep/2022:14:20:02 -0500] "GET /sipse/faces/javax.faces.resource/layout/layout.js?ln=primefaces&v=4.0 HTTP/1.1" 304 -
172.22.2.4 - - [27/Sep/2022:14:20:02 -0500] "GET /BLA/boletinlegal/consulta_conceptos.php?no=&solicitante=&radicado_entrada=130569&fecha_concepto=2020&objeto= HTTP/1.1" 200 570
190.25.249.213 - - [27/Sep/2022:14:20:02 -0500] "GET /catalogoisis/Css/Busqueda.css HTTP/1.1" 200 1995
181.235.120.247 - - [27/Sep/2022:14:20:02 -0500] "POST /sipse/faces/presentacion/financiero/solicitudProceso/listarSolicitudProceso.xhtml HTTP/1.1" 200 59277
190.25.249.213 - - [27/Sep/2022:14:20:02 -0500] "GET /catalogoisis/Js/AceptarLimpiar.js HTTP/1.1" 200 331
190.25.249.213 - - [27/Sep/2022:14:20:02 -0500] "GET /catalogoisis/Js/CriterioCombinada.js HTTP/1.1" 200 1843
190.25.249.213 - - [27/Sep/2022:14:20:02 -0500] "GET /catalogoisis/Js/Remote.js HTTP/1.1" 200 436
190.25.249.213 - - [27/Sep/2022:14:20:02 -0500] "GET /catalogoisis/Js/Cookies.js HTTP/1.1" 200 1369
190.25.249.213 - - [27/Sep/2022:14:20:02 -0500] "GET /catalogoisis/Js/LimpiarCombinada.js HTTP/1.1" 200 207
172.22.2.4 - - [27/Sep/2022:14:20:02 -0500] "GET /BLA/boletinlegal/consulta_conceptos.php?no=&solicitante=&radicado_entrada=130569&fecha_concepto=2020&objeto= HTTP/1.1" 200 570
190.25.249.213 - - [27/Sep/2022:14:20:02 -0500] "GET /catalogoisis/Js/Go.js HTTP/1.1" 200 364
172.22.2.4 - - [27/Sep/2022:14:20:02 -0500] "GET /BLA/boletinlegal/consulta_conceptos.php?no=&solicitante=&radicado_entrada=130569&fecha_concepto=2020&objeto= HTTP/1.1" 200 570
190.25.249.213 - - [27/Sep/2022:14:20:03 -0500] "GET /catalogoisis/Js/Numero.js HTTP/1.1" 200 398
190.25.249.213 - - [27/Sep/2022:14:20:03 -0500] "GET /catalogoisis/Js/Enter.js HTTP/1.1" 200 1208
181.235.120.247 - - [27/Sep/2022:14:20:02 -0500] "POST /sipse/faces/presentacion/financiero/solicitudProceso/listarSolicitudProceso.xhtml HTTP/1.1" 200 59277
190.25.249.213 - - [27/Sep/2022:14:20:03 -0500] "GET /catalogoisis/imagenes/br3c2.gif HTTP/1.1" 200 285
190.25.249.213 - - [27/Sep/2022:14:20:03 -0500] "GET /catalogoisis/imagenes/br1c3.gif HTTP/1.1" 200 302
190.25.249.213 - - [27/Sep/2022:14:20:03 -0500] "GET /catalogoisis/imagenes/aceptar1.gif HTTP/1.1" 200 604
190.25.249.213 - - [27/Sep/2022:14:20:03 -0500] "GET /catalogoisis/imagenes/br3c1.gif HTTP/1.1" 200 177
190.25.249.213 - - [27/Sep/2022:14:20:03 -0500] "GET /catalogoisis/imagenes/Turnbo1.gif HTTP/1.1" 200 227
190.25.249.213 - - [27/Sep/2022:14:20:03 -0500] "GET /catalogoisis/imagenes/br1c1.gif HTTP/1.1" 200 172
190.25.249.213 - - [27/Sep/2022:14:20:03 -0500] "GET /catalogoisis/imagenes/br1c2.gif HTTP/1.1" 200 297
190.25.249.213 - - [27/Sep/2022:14:20:03 -0500] "GET /catalogoisis/imagenes/br2c1.gif HTTP/1.1" 200 297
190.25.249.213 - - [27/Sep/2022:14:20:03 -0500] "GET /catalogoisis/imagenes/limpiar1.gif HTTP/1.1" 200 606
190.25.249.213 - - [27/Sep/2022:14:20:03 -0500] "GET /catalogoisis/imagenes/br2c2.gif HTTP/1.1" 200 302
190.25.249.213 - - [27/Sep/2022:14:20:03 -0500] "GET /catalogoisis/imagenes/br3c3.gif HTTP/1.1" 200 186
190.25.249.213 - - [27/Sep/2022:14:20:03 -0500] "GET /catalogoisis/imagenes/br2c3.gif HTTP/1.1" 200 416
190.25.249.213 - - [27/Sep/2022:14:20:03 -0500] "GET /catalogoisis/imagenes/Header.gif HTTP/1.1" 200 30313
181.235.120.247 - - [27/Sep/2022:14:20:03 -0500] "POST /sipse/faces/presentacion/financiero/solicitudProceso/listarSolicitudProceso.xhtml HTTP/1.1" 200 1544
190.25.249.213 - - [27/Sep/2022:14:20:03 -0500] "GET /favicon.ico HTTP/1.1" 200 7782
181.235.120.247 - - [27/Sep/2022:14:20:03 -0500] "POST /sipse/faces/presentacion/financiero/solicitudProceso/listarSolicitudProceso.xhtml HTTP/1.1" 200 1548
181.235.120.247 - - [27/Sep/2022:14:20:04 -0500] "POST /sipse/faces/presentacion/financiero/solicitudProceso/listarSolicitudProceso.xhtml HTTP/1.1" 200 1552
186.80.52.172 - - [27/Sep/2022:14:20:05 -0500] "POST /appsia/controlador HTTP/1.1" 200 7769
172.22.2.4 - - [27/Sep/2022:14:20:08 -0500] "GET /BLA/boletinlegal/consulta_conceptos.php?no=&solicitante=&radicado_entrada=130569&fecha_concepto=2020&objeto= HTTP/1.1" 200 570
172.22.2.4 - - [27/Sep/2022:14:20:08 -0500] "GET /BLA/boletinlegal/consulta_conceptos.php?no=&solicitante=&radicado_entrada=130569&fecha_concepto=2020&objeto= HTTP/1.1" 200 570
172.22.2.4 - - [27/Sep/2022:14:20:08 -0500] "GET /BLA/boletinlegal/consulta_conceptos.php?no=&solicitante=&radicado_entrada=130569&fecha_concepto=2020&objeto= HTTP/1.1" 200 570
172.22.2.4 - - [27/Sep/2022:14:20:09 -0500] "GET /BLA/boletinlegal/consulta_conceptos.php?no=&solicitante=&radicado_entrada=130569&fecha_concepto=2020&objeto= HTTP/1.1" 200 570
172.22.2.4 - - [27/Sep/2022:14:20:09 -0500] "GET /BLA/boletinlegal/consulta_conceptos.php?no=&solicitante=&radicado_entrada=130569&fecha_concepto=2020&objeto= HTTP/1.1" 200 570
181.235.120.247 - - [27/Sep/2022:14:20:08 -0500] "POST /sipse/faces/presentacion/financiero/solicitudProceso/listarSolicitudProceso.xhtml HTTP/1.1" 200 118052
181.235.120.247 - - [27/Sep/2022:14:20:09 -0500] "GET /sipse/faces/javax.faces.resource/layout/layout.css?ln=primefaces&v=4.0 HTTP/1.1" 304 -
181.235.120.247 - - [27/Sep/2022:14:20:09 -0500] "GET /sipse/faces/javax.faces.resource/primefaces.css?ln=primefaces&v=4.0 HTTP/1.1" 304 -
181.235.120.247 - - [27/Sep/2022:14:20:09 -0500] "GET /sipse/faces/javax.faces.resource/theme.css?ln=primefaces-sipse HTTP/1.1" 304 -
181.235.120.247 - - [27/Sep/2022:14:20:09 -0500] "GET /sipse/faces/javax.faces.resource/jquery/jquery.js?ln=primefaces&v=4.0 HTTP/1.1" 304 -
181.235.120.247 - - [27/Sep/2022:14:20:09 -0500] "GET /sipse/faces/javax.faces.resource/jquery/jquery-plugins.js?ln=primefaces&v=4.0 HTTP/1.1" 304 -
181.235.120.247 - - [27/Sep/2022:14:20:09 -0500] "GET /sipse/faces/javax.faces.resource/primefaces.js?ln=primefaces&v=4.0 HTTP/1.1" 304 -
181.235.120.247 - - [27/Sep/2022:14:20:09 -0500] "GET /sipse/faces/javax.faces.resource/layout/layout.js?ln=primefaces&v=4.0 HTTP/1.1" 304 -
172.22.2.4 - - [27/Sep/2022:14:20:14 -0500] "GET /BLA/boletinlegal/consulta_actos.php?tipo=autos&no=6353&usuario=&sector=&fecha=2010&resuelve= HTTP/1.1" 200 1048
186.80.52.172 - - [27/Sep/2022:14:20:15 -0500] "POST /appsia/controlador HTTP/1.1" 200 6634
186.80.52.172 - - [27/Sep/2022:14:20:16 -0500] "POST /appsia/controlador HTTP/1.1" 200 12124
190.25.249.213 - - [27/Sep/2022:14:20:32 -0500] "GET /catalogoisis/Diccionario.php?i=0&form=0&element=2&prefix=au-&first=yes HTTP/1.1" 200 4197
190.25.249.213 - - [27/Sep/2022:14:20:32 -0500] "GET /catalogoisis/Css/Diccionario.css HTTP/1.1" 200 1478
190.25.249.213 - - [27/Sep/2022:14:20:32 -0500] "GET /catalogoisis/Js/CriterioDiccionario.js HTTP/1.1" 200 608
190.25.249.213 - - [27/Sep/2022:14:20:32 -0500] "GET /catalogoisis/Js/LimpiarDiccionario.js HTTP/1.1" 200 98
190.25.249.213 - - [27/Sep/2022:14:20:32 -0500] "GET /catalogoisis/Js/Diccionario.js HTTP/1.1" 200 999
190.25.249.213 - - [27/Sep/2022:14:20:32 -0500] "GET /favicon.ico HTTP/1.1" 200 7782
172.22.2.4 - - [27/Sep/2022:14:19:53 -0500] "GET /BLA/boletinlegal/ HTTP/1.1" 200 24523
172.22.2.4 - - [27/Sep/2022:14:19:05 -0500] "GET /BLA/boletinlegal/ HTTP/1.1" 200 54356
190.93.140.233 - - [27/Sep/2022:14:20:45 -0500] "GET /kwssiamovil/sm/acme/a?s=U2FsdGVkX184ZumBUi8Taif/hY7FXdAB+RBySpg/wkSZE5oCG0as3CebPL/PZaW1gf0BLPxZfVA6PkefNjQ//Wi2a5bhkCbHzIsWBHxw8uQoyD58ScGqI8TDGQ+5c0rr0TTTKiuQ551FAYDuj5zUJ6YCA3BW7XgeNolFdRbkXlIvATfDxXQK9A/CYnVEyaZo5itbEXmH6ibX8KnJ81kBNtuvmgPdSKWoIOMvWpfVwxT5WHl+5I9Ev87TEytKmALHC7P8zBFJIrtbqw2mV91NUw==&u=U2FsdGVkX181BHsZGwoOrLbnB/eFvnQyiTqY69eltPAh6UJykBMqi3vnA2JniFNg&y=U2FsdGVkX1+SNItoKFMwz5720iFfShHO5SmLE+O2+rtHRVwtZD7zD91Qrw7a4REX HTTP/1.1" 200 25
190.93.140.233 - - [27/Sep/2022:14:20:46 -0500] "GET /kwssiamovil/sm/acme/a?s=U2FsdGVkX1+lJS/7L7QQAPbwAv+HjxGJouOIWfe6gl9F6+ubguGJ0j9NZYyYE+B3lsBVatzSm2f0zuji7S+NTLRMoFXOJLHWPDVYlz/SXgCJJMolJvJ1MDgdGNLIUA4DR1TXy16BbuKdcl/KMXZs7sN/39zckh+abXlYDrmrozVGg6bPukO9ouIGKsgapxLuquSM2FHbE5JlgqZokuVcjw+fB4Mf3UKEJbWbF9NYUk/qA7wqODuW3qFMOAcW4x0QrfRfltH/T8eOxjQdEJTyBxcKi8y0EDJnRTziL3w2FBrEEYTrLlaAJWM5HVa4/vhQorFJ7IutnRGG0oN0TcbFT3a3/9LPcDgePjkxKj6aZzKCKbD5d0GY0udMZf48btTiA4AYCZp0QKutUcGtg6fP9p0lusDHYJW+gmnTzZXph6S4bjZRoNTLn6Vlbbh0FlnnYbClp5smOoADOMgbnn2QR+WHvfuLveX6fMxeGKA8oYpcZDUD93MEYjx/hGew2g1OiWQdb3HI6RhKilRleqy60SYX9PCMrjnsJljZyGNXwJLoQltdFLPWARjke2+1X0KCkEQ5Y5+9BEfPzpuh2tDfn8o1jd1nSd7pf2JdJul+bN8gfRa4abjJRKeMwxjY3ECd1gCj83zW4WmhDsygz13I+TnIstKcL6Jhzv5gMbL1z2V0ECTjHmD3tO8krXKMngDS/Zt2FjejC4bTDqyMYBPJrEWQbbA4mJ8yZMCFnjpyDMLIcV/qUrutIMgkrh9mRM5oAz5TRUXG8uuDj2+n02u7ZjmGqTI6Kaznq89fAD44Q8opLvgANNzA0gzuqsVwlK/1VTP1hGQl7zWcjdDdolb37Ivpp2dERvOTGX4unIr/XyRjeHnQwmuh+6hbpWNQrV0y8tcMQz+NHAg15iPYONEMOTLyWviMbWor14eXHeCDyy4R9+nIm6D4h/P7t3Y1TAuUxbmz9C0YJRTUUBN2Fn+FFEc7e5wz17UQ+pa8LM0N70kR1xsoidLLZ/y+NNnFzrXq7t4hdwbydTElSThA05D4NWuDWQ8hD/YzGksf+excfokGojO2EmLYB3SOOYh4X+LZrND+rE8WKT6PWzb4h7ZFK6LTNUyvehWlG3bNQ4qlzTfSQN/BbQeNuyrpx5/mTGz/DtU7ZqNbrrjfEhGfEAVvvL2ioOrxas4G9ec5sFJzR/A7F8xS+JWd7ocWPkyYRxohYSKvAqaTQRT0sTXjrZW5dxCSkRybWFKe/lmT0OTRv5ypGYx36T+HUB1rKDPtN9tS4YrKuel33S37e45uTWXCk8+FU7DvSFUQ8DJCI9xOEP3sDttJf3zh0iYd/7PUDbLDFoMgVAXbL7qQ6XHyOj57KscSS4XD2JgRIP4QvbdkaTwLWU+A4pop2wFuLX+koubZuQeek43IIV5z2NDOz9Y0UainjdeQkNIznd8QmzacIW5LEmz/Ww2ZtT38R4v6/4oQ3TqanURKna1CVbKJJa3AJexwxwQ1RiB01VE50bD8MH7oI+a8mHbE4qjIzdRwKG6/A3u+uCHbNTtQCZdgSsvkFgR7OgBGcytWN5+NUXfKBiQ4GQEmolaiNTnc+rSc+FV789JYhry99oHez5TwVeS3S88a7khcds4V7s1WqKfpHMu/tEaXtui/7+jt+Yd+XXKrsWdLNQriGxtjVR9BHbJnVvsscLw/txHGAFG05JMOXtQsag6IKyCcvzJmlb+CgUknCnA12WEDkTiXOwHbJaZwj17MzH8eyPI0Ga+KN5+5ufLfznIXdvue0neD3CvJs5d+CVp6/FDQT+krVP8BuqRZEe/lgyCK/bWt34dv5HLFbQkAX7+53jQrXwKunJT0oVs3pvsN0HUt8+hXT888+jX180B+luMr5LdbQw6oZOnnv2yR4cfKJOHBHvvY/pf2AxR5tnoohO4sy85nBE3wUuoGtEpn7YuUOBudDFgHenb5G3Wd+1iTtaq7I12XhOGzdCXC0qMU2XFZw0SqzPPB+v4E75yjSJynxEdKEFeu9G1C6jAoK1DDiQT1vyTTsKdlE8Ov9Pr4z5GIgINjjw2o7Vz4GHmPBGBEZlX0Z+C8enzAKKIpf1OZsOSKNp6wHrMBlP4hxwsj7sNcDjhSOxiVmodJpJgoV4/IEopGBvrAg03V5V/zPywaZXBSfvlzsZRjECKpyO/gHKji0bY2+uVLaanYxhHVqohYM9U40qz/4NjlWjR1VyueXjWsBKC/NylIQ6F2kOsngjQrMkdISsZ2O0w/8oaDQUnwWOKMWkwPb8wB8EkKHuNAfiKLhEmFvs3bzqkBecYbemaY8wkJvca9OiMYTFJ65223vjmlIys4XBa27VqQKCdVkhx1sXsn4xwKLa4pPdZurIZoWdQNA+dtykghrh/NXGYRoiagn0yidbUXCjcYKZA2kP/pVsohdn9/Cnyx3v0hgRJffpbUE8IMllZS/yEv8W/1HJ/FxeqsNu6ISWBzKqVJbUEwmoLPGzRSfNIB9iDoQFbrUkUTIUzpIt5GDpJS5boBoOjUFEjUt7Hob7HdeIo+ARU/fu0+yr5FdR7xHM7kOIZYPyA5IxcYtgX5VZXd4r/I7xENiWd/9sso65+o4GIH4UioRmtZKuG9WRW7I/wB68oSy6+5eL9j4s+vPWkx+JgSZ7R80s7EX5O2mlpcweiA7tbZLUpa6DeaamkJ/mbjUV5uNVbULGxeZDqdWNXmW3zPfYngCrm5vB8dR8NFKbZoVfYr6KbvGhjzcX6jQeyb35yYv/DssTRpZUtSA0SbapR68wVoUAkiYq4tq6H+cXzmTiq/OT1v2iNwtmYv9arANRlJJCTevk5iE7xYFVp84iqHLR+FQijRDCHLk9945UrvWwr/kofCVEfhihNX3buB2cZYrvnkfdnlFA4M1umFL4t8Pp7ILbzjC1QoGdhfpO/PfnNKJ4h1zq4D1+LjYMJlpwud3NPcJdhnuM3jY+SrjjOLBltUTawEONuOr5+JP8dv2W6O3d1yZrSapdsFU7BGst7oBuRze0s1inQkBI5HWSZ82594aZNa/t6xMY5qN6XTXDFmTfZvUpMOfP0qyXqMXS/xwm2lRcrtYoJ4rIGhMpzV/K21ofcFqe4/Pw8hrl4kVaHd3GtFHk8p4QDn&u=U2FsdGVkX181BHsZGwoOrLbnB/eFvnQyiTqY69eltPAh6UJykBMqi3vnA2JniFNg&y=U2FsdGVkX1+SNItoKFMwz5720iFfShHO5SmLE+O2+rtHRVwtZD7zD91Qrw7a4REX HTTP/1.1" 200 25
190.93.140.233 - - [27/Sep/2022:14:20:46 -0500] "GET /kwssiamovil/sm/acme/a?s=U2FsdGVkX18VNSLCvlFJaVph2Qcc3nzoQOxGv7S5/n3+kG7g45ouqceQcUQuD3gV6WUPLSQYWah7zA9jnM765E0clRgp+Yo0ACMIjvg3nAKc4DIA1z/2YKdgbOSm1h7JCABoxY+hEGWzp1JGRiE2tMUxt79UO1rL8hfc4SQW+Pg=&u=U2FsdGVkX181BHsZGwoOrLbnB/eFvnQyiTqY69eltPAh6UJykBMqi3vnA2JniFNg&y=U2FsdGVkX1+SNItoKFMwz5720iFfShHO5SmLE+O2+rtHRVwtZD7zD91Qrw7a4REX HTTP/1.1" 200 25
190.93.140.233 - - [27/Sep/2022:14:20:46 -0500] "GET /kwssiamovil/sm/acme/a?s=U2FsdGVkX18TdERRVMJA6zuddLoDLbZlXHisKniIyS+8A4Ti+DtZwnEINYayieDczsExrqZ0nkNPGXqw3kLutwg1hCSWys378tBZ/x6kmeBDXhNcnC1URQh1/Xuwea2tLujzEPhW1bDkjy3X+jC4moNjMplHKOCGM8xchlxiI5Y=&u=U2FsdGVkX181BHsZGwoOrLbnB/eFvnQyiTqY69eltPAh6UJykBMqi3vnA2JniFNg&y=U2FsdGVkX1+SNItoKFMwz5720iFfShHO5SmLE+O2+rtHRVwtZD7zD91Qrw7a4REX HTTP/1.1" 200 25
190.93.140.233 - - [27/Sep/2022:14:20:46 -0500] "GET /kwssiamovil/sm/acme/a?s=U2FsdGVkX1+EVf+h6hVC/9ghD5mDRETgSHWfKjtIGisHL07Hd4bWyPPD9NRXyWCg+XwmDwV9G1IFNt/tkhNLO+yF/E9o5YyyqjQNifR9LoFtorSZ7uDubX6M4bHvJGslGRClRDkKZm6hVJr9b7JDfMSGzlDsF6DfUdV+dPJm1MI=&u=U2FsdGVkX181BHsZGwoOrLbnB/eFvnQyiTqY69eltPAh6UJykBMqi3vnA2JniFNg&y=U2FsdGVkX1+SNItoKFMwz5720iFfShHO5SmLE+O2+rtHRVwtZD7zD91Qrw7a4REX HTTP/1.1" 200 25
190.93.140.233 - - [27/Sep/2022:14:20:46 -0500] "GET /kwssiamovil/sm/acme/a?s=U2FsdGVkX19gnZCXjDEtH8TmeQzl0SUFUGZezYOKr/IKuxe1/PTmjHMC1i0MgUwZh/+AYXhayzreHld9IriMWGa/CiXLyP7dbqUn1f+pD77dZs6HyuAnOZm6GuK+LGUZBSM7nq+Cs1b7HOX8rqUl0erWcz/lAqf/SwIPQ+waY3af4KNQR3J1J/IH0JXRzjEh&u=U2FsdGVkX181BHsZGwoOrLbnB/eFvnQyiTqY69eltPAh6UJykBMqi3vnA2JniFNg&y=U2FsdGVkX1+SNItoKFMwz5720iFfShHO5SmLE+O2+rtHRVwtZD7zD91Qrw7a4REX HTTP/1.1" 200 25
190.25.249.213 - - [27/Sep/2022:14:20:50 -0500] "GET /catalogoisis/Diccionario.php?i=5&form=0&element=9&prefix=&first=yes HTTP/1.1" 200 4194
190.25.249.213 - - [27/Sep/2022:14:20:50 -0500] "GET /favicon.ico HTTP/1.1" 200 7782
172.22.2.4 - - [27/Sep/2022:14:20:52 -0500] "GET /BLA/boletinlegal/style.css HTTP/1.1" 200 9406
172.22.2.4 - - [27/Sep/2022:14:20:52 -0500] "GET /BLA/boletinlegal/styles2.css HTTP/1.1" 200 1838
172.22.2.4 - - [27/Sep/2022:14:20:52 -0500] "GET /BLA/boletinlegal/js/jquery.js HTTP/1.1" 200 57254
172.22.2.4 - - [27/Sep/2022:14:20:52 -0500] "GET /BLA/boletinlegal/js/jquery.scrollTo-min.js HTTP/1.1" 200 1150
172.22.2.4 - - [27/Sep/2022:14:20:52 -0500] "GET /BLA/boletinlegal/js/jquery.scrollShow.js HTTP/1.1" 200 4586
172.22.2.4 - - [27/Sep/2022:14:20:52 -0500] "GET /BLA/boletinlegal/images/cabezote%20BLEGAL.jpg HTTP/1.1" 200 118164
172.22.2.4 - - [27/Sep/2022:14:20:52 -0500] "GET /BLA/boletinlegal/images/subscribe-icon-big.png HTTP/1.1" 200 47702
172.22.2.4 - - [27/Sep/2022:14:20:52 -0500] "GET /BLA/boletinlegal/images/historia.png HTTP/1.1" 200 52775
172.22.2.4 - - [27/Sep/2022:14:20:52 -0500] "GET /BLA/boletinlegal/images/registro-usuarios.png HTTP/1.1" 200 8106
172.22.2.4 - - [27/Sep/2022:14:20:52 -0500] "GET /BLA/boletinlegal/images/arr_l.jpg HTTP/1.1" 200 1979
172.22.2.4 - - [27/Sep/2022:14:20:52 -0500] "GET /BLA/boletinlegal/images/screen_1.png HTTP/1.1" 200 202547
172.22.2.4 - - [27/Sep/2022:14:20:52 -0500] "GET /BLA/boletinlegal/images/launch.jpg HTTP/1.1" 200 14577
172.22.2.4 - - [27/Sep/2022:14:20:52 -0500] "GET /BLA/boletinlegal/images/body_bg.jpg HTTP/1.1" 200 1601
172.22.2.4 - - [27/Sep/2022:14:20:52 -0500] "GET /BLA/boletinlegal/images/menu_lft.gif HTTP/1.1" 200 1713
172.22.2.4 - - [27/Sep/2022:14:20:52 -0500] "GET /BLA/boletinlegal/images/menu_rght.gif HTTP/1.1" 200 1627
172.22.2.4 - - [27/Sep/2022:14:20:52 -0500] "GET /BLA/boletinlegal/images/bg_top.jpg HTTP/1.1" 200 522
172.22.2.4 - - [27/Sep/2022:14:20:52 -0500] "GET /BLA/boletinlegal/images/menu_bg.jpg HTTP/1.1" 200 620
172.22.2.4 - - [27/Sep/2022:14:20:52 -0500] "GET /BLA/boletinlegal/images/hover.jpg HTTP/1.1" 200 640
172.22.2.4 - - [27/Sep/2022:14:20:52 -0500] "GET /BLA/boletinlegal/images/text.jpg HTTP/1.1" 200 568
186.80.52.172 - - [27/Sep/2022:14:20:56 -0500] "POST /appsia/controlador HTTP/1.1" 200 76063
172.22.2.4 - - [27/Sep/2022:14:20:59 -0500] "GET /BLA/boletinlegal/images/screen_2.png HTTP/1.1" 200 362502
172.22.2.4 - - [27/Sep/2022:14:20:59 -0500] "GET /BLA/boletinlegal/images/screen_5.png HTTP/1.1" 200 368876
172.22.2.4 - - [27/Sep/2022:14:20:59 -0500] "GET /BLA/boletinlegal/images/screen_3.png HTTP/1.1" 200 210620
172.22.2.4 - - [27/Sep/2022:14:20:59 -0500] "GET /BLA/boletinlegal/images/arr_r.jpg HTTP/1.1" 200 1998
172.22.2.4 - - [27/Sep/2022:14:20:59 -0500] "GET /BLA/boletinlegal/images/footer_bg.jpg HTTP/1.1" 200 586
186.84.20.178 - - [27/Sep/2022:14:21:02 -0500] "GET /sipse/faces/javax.faces.resource/images/ui-bg_flat_0_2d5972_40x100.png?ln=primefaces-aristo HTTP/1.1" 200 183
186.84.20.178 - - [27/Sep/2022:14:21:02 -0500] "POST /sipse/faces/bienvenido.xhtml HTTP/1.1" 200 9786
186.84.20.178 - - [27/Sep/2022:14:21:05 -0500] "POST /sipse/faces/bienvenido.xhtml HTTP/1.1" 200 2060
186.84.20.178 - - [27/Sep/2022:14:21:06 -0500] "POST /sipse/faces/bienvenido.xhtml HTTP/1.1" 200 32440
186.84.20.178 - - [27/Sep/2022:14:21:07 -0500] "GET /sipse/faces/javax.faces.resource/jquery/jquery.js?ln=primefaces&v=4.0 HTTP/1.1" 304 -
186.84.20.178 - - [27/Sep/2022:14:21:07 -0500] "GET /sipse/faces/javax.faces.resource/jquery/jquery-plugins.js?ln=primefaces&v=4.0 HTTP/1.1" 304 -
186.84.20.178 - - [27/Sep/2022:14:21:07 -0500] "GET /sipse/faces/javax.faces.resource/primefaces.js?ln=primefaces&v=4.0 HTTP/1.1" 304 -
186.84.20.178 - - [27/Sep/2022:14:21:07 -0500] "GET /sipse/faces/javax.faces.resource/layout/layout.js?ln=primefaces&v=4.0 HTTP/1.1" 304 -
186.84.20.178 - - [27/Sep/2022:14:21:07 -0500] "POST /sipse/faces/presentacion/financiero/solicitudProceso/listarSolicitudProceso.xhtml HTTP/1.1" 200 1368
172.22.2.4 - - [27/Sep/2022:14:21:07 -0500] "GET /BLA/boletinlegal/images/pdf.gif HTTP/1.1" 200 567
186.80.52.172 - - [27/Sep/2022:14:21:10 -0500] "POST /appsia/controlador HTTP/1.1" 200 76063
201.245.192.253 - - [27/Sep/2022:14:21:20 -0500] "POST /sipse/faces/presentacion/proyectos/proyecto/proyecto.xhtml HTTP/1.1" 200 50166
201.245.192.253 - - [27/Sep/2022:14:21:21 -0500] "GET /sipse/faces/javax.faces.resource/jquery/jquery.js?ln=primefaces&v=4.0 HTTP/1.1" 304 -
201.245.192.253 - - [27/Sep/2022:14:21:21 -0500] "GET /sipse/faces/javax.faces.resource/jquery/jquery-plugins.js?ln=primefaces&v=4.0 HTTP/1.1" 304 -
201.245.192.253 - - [27/Sep/2022:14:21:21 -0500] "GET /sipse/faces/javax.faces.resource/primefaces.js?ln=primefaces&v=4.0 HTTP/1.1" 304 -
201.245.192.253 - - [27/Sep/2022:14:21:21 -0500] "GET /sipse/faces/javax.faces.resource/layout/layout.js?ln=primefaces&v=4.0 HTTP/1.1" 304 -
201.245.192.253 - - [27/Sep/2022:14:21:21 -0500] "POST /sipse/faces/presentacion/financiero/solicitudProceso/listarSolicitudProceso.xhtml HTTP/1.1" 200 43562
201.245.192.253 - - [27/Sep/2022:14:21:21 -0500] "POST /sipse/faces/presentacion/financiero/solicitudProceso/listarSolicitudProceso.xhtml HTTP/1.1" 200 43562
201.245.192.253 - - [27/Sep/2022:14:21:21 -0500] "POST /sipse/faces/presentacion/financiero/solicitudProceso/listarSolicitudProceso.xhtml HTTP/1.1" 200 43562
172.22.2.4 - - [27/Sep/2022:14:21:22 -0500] "GET /BLA/boletinlegal/consulta_conceptos.php?no=&solicitante=&radicado_entrada=130569&fecha_concepto=2020&objeto= HTTP/1.1" 200 570
201.245.192.253 - - [27/Sep/2022:14:21:22 -0500] "POST /sipse/faces/presentacion/financiero/solicitudProceso/listarSolicitudProceso.xhtml HTTP/1.1" 200 43562
172.22.2.4 - - [27/Sep/2022:14:21:22 -0500] "GET /BLA/boletinlegal/consulta_conceptos.php?no=&solicitante=&radicado_entrada=130569&fecha_concepto=2020&objeto= HTTP/1.1" 200 570
201.245.192.253 - - [27/Sep/2022:14:21:22 -0500] "POST /sipse/faces/presentacion/financiero/solicitudProceso/listarSolicitudProceso.xhtml HTTP/1.1" 200 43562
172.22.2.4 - - [27/Sep/2022:14:21:22 -0500] "GET /BLA/boletinlegal/consulta_conceptos.php?no=&solicitante=&radicado_entrada=130569&fecha_concepto=2020&objeto= HTTP/1.1" 200 570
201.245.192.253 - - [27/Sep/2022:14:21:22 -0500] "POST /sipse/faces/presentacion/financiero/solicitudProceso/listarSolicitudProceso.xhtml HTTP/1.1" 200 43562
172.22.2.4 - - [27/Sep/2022:14:21:22 -0500] "GET /BLA/boletinlegal/consulta_conceptos.php?no=&solicitante=&radicado_entrada=130569&fecha_concepto=2020&objeto= HTTP/1.1" 200 570
172.22.2.4 - - [27/Sep/2022:14:21:22 -0500] "GET /BLA/boletinlegal/consulta_conceptos.php?no=&solicitante=&radicado_entrada=130569&fecha_concepto=2020&objeto= HTTP/1.1" 200 570
201.245.192.253 - - [27/Sep/2022:14:21:22 -0500] "POST /sipse/faces/presentacion/financiero/solicitudProceso/listarSolicitudProceso.xhtml HTTP/1.1" 200 43562
201.245.192.253 - - [27/Sep/2022:14:21:23 -0500] "POST /sipse/faces/presentacion/financiero/solicitudProceso/listarSolicitudProceso.xhtml HTTP/1.1" 200 43562
201.245.192.253 - - [27/Sep/2022:14:21:23 -0500] "POST /sipse/faces/presentacion/financiero/solicitudProceso/listarSolicitudProceso.xhtml HTTP/1.1" 200 43562
201.245.192.253 - - [27/Sep/2022:14:21:23 -0500] "POST /sipse/faces/presentacion/financiero/solicitudProceso/listarSolicitudProceso.xhtml HTTP/1.1" 200 43562
201.245.192.253 - - [27/Sep/2022:14:21:23 -0500] "POST /sipse/faces/presentacion/financiero/solicitudProceso/listarSolicitudProceso.xhtml HTTP/1.1" 200 1428
201.245.192.253 - - [27/Sep/2022:14:21:23 -0500] "POST /sipse/faces/presentacion/financiero/solicitudProceso/listarSolicitudProceso.xhtml HTTP/1.1" 200 1548
201.245.192.253 - - [27/Sep/2022:14:21:23 -0500] "POST /sipse/faces/presentacion/financiero/solicitudProceso/listarSolicitudProceso.xhtml HTTP/1.1" 200 1552
201.245.192.253 - - [27/Sep/2022:14:21:24 -0500] "POST /sipse/faces/presentacion/financiero/solicitudProceso/listarSolicitudProceso.xhtml HTTP/1.1" 200 1548
201.245.192.253 - - [27/Sep/2022:14:21:24 -0500] "POST /sipse/faces/presentacion/financiero/solicitudProceso/listarSolicitudProceso.xhtml HTTP/1.1" 200 1552
201.245.192.253 - - [27/Sep/2022:14:21:24 -0500] "POST /sipse/faces/presentacion/financiero/solicitudProceso/listarSolicitudProceso.xhtml HTTP/1.1" 200 1548
201.245.192.253 - - [27/Sep/2022:14:21:24 -0500] "POST /sipse/faces/presentacion/financiero/solicitudProceso/listarSolicitudProceso.xhtml HTTP/1.1" 200 1552
201.245.192.253 - - [27/Sep/2022:14:21:24 -0500] "POST /sipse/faces/presentacion/financiero/solicitudProceso/listarSolicitudProceso.xhtml HTTP/1.1" 200 1548
201.245.192.253 - - [27/Sep/2022:14:21:24 -0500] "POST /sipse/faces/presentacion/financiero/solicitudProceso/listarSolicitudProceso.xhtml HTTP/1.1" 200 1552
201.245.192.253 - - [27/Sep/2022:14:21:24 -0500] "POST /sipse/faces/presentacion/financiero/solicitudProceso/listarSolicitudProceso.xhtml HTTP/1.1" 200 1548
201.245.192.253 - - [27/Sep/2022:14:21:24 -0500] "POST /sipse/faces/presentacion/financiero/solicitudProceso/listarSolicitudProceso.xhtml HTTP/1.1" 200 1552
172.22.2.4 - - [27/Sep/2022:14:21:47 -0500] "GET /BLA/boletinlegal/consulta_conceptos.php?no=&solicitante=&radicado_entrada=130569&fecha_concepto=2020&objeto= HTTP/1.1" 200 570
172.22.2.4 - - [27/Sep/2022:14:21:47 -0500] "GET /BLA/boletinlegal/consulta_conceptos.php?no=&solicitante=&radicado_entrada=130569&fecha_concepto=2020&objeto= HTTP/1.1" 200 570
172.22.2.4 - - [27/Sep/2022:14:21:47 -0500] "GET /BLA/boletinlegal/consulta_conceptos.php?no=&solicitante=&radicado_entrada=130569&fecha_concepto=2020&objeto= HTTP/1.1" 200 570
172.22.2.4 - - [27/Sep/2022:14:21:48 -0500] "GET /BLA/boletinlegal/consulta_conceptos.php?no=&solicitante=&radicado_entrada=130569&fecha_concepto=2020&objeto= HTTP/1.1" 200 570
172.22.2.4 - - [27/Sep/2022:14:21:48 -0500] "GET /BLA/boletinlegal/consulta_conceptos.php?no=&solicitante=&radicado_entrada=130569&fecha_concepto=2020&objeto= HTTP/1.1" 200 570
172.22.2.4 - - [27/Sep/2022:14:21:48 -0500] "GET /BLA/boletinlegal/consulta_actos.php?tipo=autos&no=5790&usuario=&sector=&fecha=2022&resuelve= HTTP/1.1" 200 626
201.245.192.253 - - [27/Sep/2022:14:21:59 -0500] "POST /sipse/faces/presentacion/financiero/solicitudProceso/listarSolicitudProceso.xhtml HTTP/1.1" 200 122392
201.245.192.253 - - [27/Sep/2022:14:22:00 -0500] "GET /sipse/faces/javax.faces.resource/jquery/jquery.js?ln=primefaces&v=4.0 HTTP/1.1" 304 -
201.245.192.253 - - [27/Sep/2022:14:22:00 -0500] "GET /sipse/faces/javax.faces.resource/jquery/jquery-plugins.js?ln=primefaces&v=4.0 HTTP/1.1" 304 -
201.245.192.253 - - [27/Sep/2022:14:22:00 -0500] "GET /sipse/faces/javax.faces.resource/primefaces.js?ln=primefaces&v=4.0 HTTP/1.1" 304 -
201.245.192.253 - - [27/Sep/2022:14:22:00 -0500] "GET /sipse/faces/javax.faces.resource/layout/layout.js?ln=primefaces&v=4.0 HTTP/1.1" 304 -
186.154.35.183 - - [27/Sep/2022:14:22:03 -0500] "GET /kwssiamovil/sm/acme/a?s=U2FsdGVkX18vEOke6CU4BP282pUvt3vzqb38ztR+FYQfIKb2dJv1R871diCZfTaQp/QPHejejE/7w9wqzxXETMGVWEAue7+83ihBsw05NhQmUFneU53yLKx+DgUCxXV8ijT/Hvcw+R9Mf1X4aGTLYUV+QHbQuZ66z4bhpfywsRbn5MqEP6d+DrhFuYUDAd4uPY6qNhSxHJiiEWIuhxLnH23Y1yz4Az7fdvfRXpITWf7EOarxZCZjD/WkMXybiVx/gM1X6s4t4mQgP6DtpwC4cg==&u=U2FsdGVkX1+QbV9Y0e/dudyAIF0+0rkom0M0fMsrCw7GG+AwqquvvkukJAZvzR8B&y=U2FsdGVkX1/LZp1luMqmJuqnob7JtiF5FOaP2JTM4Ynd5hMgM+k4+OwaEgasx8zS HTTP/1.1" 200 25
186.154.35.183 - - [27/Sep/2022:14:22:04 -0500] "GET /kwssiamovil/sm/acme/a?s=U2FsdGVkX1/zwzX74bIupirux84F1sWoXCi9fLavyxuTQHlht7qKsAwUeNgEtwByigkT+9Eq4FACXPoWN5tHvWExRxylrg5Gw5xUlem5/BUs/n23PtYAMsyN6YjtO22xG7cigXWahevZPYrzbRKn/1g52ZrsM+Y0XuhMh1OFSKpt8OTQXzZjBv2pABg0a88uywcn0+4UEahf7LLhMFbJ2LcKVaQ1U4bMUFageLrOnVMuORZhGC5N+PSLK9oQ4CVv0gKonF8p4NlXDy478SKIYfJCfy18tTChzh7/K//CWO7CPXvuKmXBNU7auEwFXzmaf8bkms1NScpgSa9DK/zVnQG1o+JeqmGHgw1ZT1UfUifgFhFGQWBm3BVWq0tuL6CCEjUSz49NJx6knUt4QdA/DEjXhESXg6qMPk4WCmvwTwmMQj8zfoHH2EjmHBweCdOEh1jcQlcUzLjiVAZoB/tsP6CMhhk6pluEcc5HadbxXPqW55YxIpLef9c0Y4Gd9j5hutR0qv27F/tuni2XjbWteQ2fJYYJivKx6s1XurwfKricsmAZxThIqktBz4H5Y8qZpmtvMQlUhWgd+GLmoq/DmJ80joOsj1KECMRbG81KHcM7vtl8KVfcLMXht0qbujUSJTyLn9YQz8QWAq6D7PhyGwQXtBOmsEmNVTymCMv/xPYAELyZEeIjuTdtd9mNxj0D9TIed74PNXsMUB+dt4or8HeX0Vmzf0P/zIyw08nxC9jLzLJjRoytkNcLilyrRI1JabGYYdH1yjoLcO4ljrVmgc8S9w3SRwL9PJw8Al97u/xL6O4eyRqr8Wm3yUlIpyrxhHbP0RN2qFpHKmwLFtuFCFYWqrSA+tJtD7bJs9Hu49sWQauNIHhUXtycprdb1Aqpt3mjCEaqigV+r8/tQ5cs1SI2kiz36A/dGRG0HDF96J7lU/VyvIMSKAGyqQPgUXwzbKxvo883veBq83/PbcuPBSfAEG/nccHIgGz7LbhHqLWoQ8LWa/1+ggr+kpNyqFWCTjAEfESen+a/LocGoun2v0/TFZlrvzen36D7RdF0j4gVC1lV/Zjg1UJvFOI0EK2NzgWzb5sS5+Ugi+CvzCaZ9BE28PcTdMvqo2CNF1nD/h299AnbXMSGvt1ipre92wZWJEj8KKiNYU60KgVl+wedks0cOipooDkvxx647myx9xzKAxnEvedWrdvWsAoEpg22x1+iuVTA1WDUBIhcJR5aTi/z4fR+mYOmettPpL2sXIipWqOB1JE1MkOTkEu0EsuogtuEsg6cL9wiuqSU45naoXLHrZhjDCdH6Y13ZzJ3F+owZxjdqcUapzd6OXjXA0o/lUIijwzgoHfICaIbLvvLLnWqu+V5fJzPJfHp7if0N2+Qni/Jq8ZGGOcMhJl+cQRYtkxzz4rut3YM0WXI96hBByj7sUT3WxZttvdb2y83oZ+AqQ8DOeWOiMBf2vJT6Fw7RTIRI3ERpOtDjXS3I/vTFkzEZ5j10dNWOq27HAdywS1Gd2jU907VM3BW/Ei4n19qI9Z8lg7ikKbZyDTacMpicdySj1x4kYYkCREwjIg/g+1Ikrx8Z/Ms2/pHGQf1egD8meMl93wh+6qFzsFQNiE2i4gG+Wzu92bURZIPB0aYkf7WQYQXxNvOuXPq9MJeqcSKqcqCf7qBfgYjvjR1N/ANZSCqzSN2gtJ/dinSWW8OIfGijN2ibg9XXwaiWMI47Ahcdn/BR8GqSdcptc7LMLIaCvNOrbaGYXjxWD/kWXO7PIT5VhYVxc9CSwtVZOHTy2cJX9xYyd0KeCwGfSB6Z3lN1nM6YCDGFwCmKgW9H2Xfb9ig/uKZKQrW6bFICXodB37ggbkx7fRLSYHFWb05hLpRW5mLt6NBM7Ebvctw3NHWxCeL2eeskjAJBhFv8uNxs27k46n6llpHZeNPuHqPKyCXVrhsVPIWc6weY1EAPewOdxP5dTT0+MaPHDcN9PeL+zsNLNFwWyzVsv2I5IJutn5KPOXDzFrYofUmaASio4IrXwwdJdfZ/2MMvxjsjYNzjKaHEBpSuSADT7K4746fB1pPKAGJprgH168EYSxnK77l0sQWnKIjwS2zG+5g1MqV5HQN2jJjnEYJfr/gjpo24NiUnyw2FoJr6IwBwhEAkibIUE8vhfhMm1gdGkD1llSZGjM/FRScfNzZ4O4VkoopKDxGB+MyVHS8JFdQdq3ROc6HJazQcJLba9KciPcDJXJxs4KeSSMQ8+ddjdxfwuOEQj4+Rs5epcO1+KbDBm5gu/7Myf8SDI/okheN3zqwodcoAla21pSqEgoBaFCOyEGgS56j8JMXOrGtOq9AUak3O+wleHAcNW4THVPtKHwp4StlMeVhuPYWJy+GmzEbuN93zIBSjYnbII6z3nV4kMrPTC/oeONR3dadhNj4JWWpXpGb1BQ/fFa5QAu26BlizVecIrJ+4sFZnYDEiVm+i4lDD86N1J87/DNnxfOEOGFcqMjx8GcIpKPYTD+UTHK4y4Mj2l5hrcvckUk+DCPq/6YSV1VaZOTuFBFAINTbzm3BIT66H5fy/96CJ1NuzsYZurwDX0txVTIliG65TOFedmNBW3q9FR617HyQNgy/aKDcbusg4JWxdCrygKbzG0GGC014FeDJdQ==&u=U2FsdGVkX1+QbV9Y0e/dudyAIF0+0rkom0M0fMsrCw7GG+AwqquvvkukJAZvzR8B&y=U2FsdGVkX1/LZp1luMqmJuqnob7JtiF5FOaP2JTM4Ynd5hMgM+k4+OwaEgasx8zS HTTP/1.1" 200 25
186.154.35.183 - - [27/Sep/2022:14:22:04 -0500] "GET /kwssiamovil/sm/acme/a?s=U2FsdGVkX1+78yKdA//iUj9+OvcD+c647C8HlQuTULPH6g6LKpVtBQl4tRf8KTKxQwDQmhbLSyk4LCCzl6OZMdkBVorzYDmHeFUhhe22dT5sXuy/BgVPD3hDHuajuZa1Dppyf0NqWjxFizvTPY1+jHT8w3pfyFtD5FrGh/Or+Dw=&u=U2FsdGVkX1+QbV9Y0e/dudyAIF0+0rkom0M0fMsrCw7GG+AwqquvvkukJAZvzR8B&y=U2FsdGVkX1/LZp1luMqmJuqnob7JtiF5FOaP2JTM4Ynd5hMgM+k4+OwaEgasx8zS HTTP/1.1" 200 25
186.154.35.183 - - [27/Sep/2022:14:22:04 -0500] "GET /kwssiamovil/sm/acme/a?s=U2FsdGVkX1/dJeDQS+gfOVadV/wkbge9aTWuQ2/8zopqkAiD5PedivHqDZ31BBjgouCr9oyY/czp980bFlNM2mBs/oU9OQlJXwSLKXTLNM7lXrH2f8f1LV7i9idVODljnr8qio07ScdFfOuO+SnJu+fyq0/02fpb8ZZ/9d/fZF8=&u=U2FsdGVkX1+QbV9Y0e/dudyAIF0+0rkom0M0fMsrCw7GG+AwqquvvkukJAZvzR8B&y=U2FsdGVkX1/LZp1luMqmJuqnob7JtiF5FOaP2JTM4Ynd5hMgM+k4+OwaEgasx8zS HTTP/1.1" 200 25
186.154.35.183 - - [27/Sep/2022:14:22:05 -0500] "GET /kwssiamovil/sm/acme/a?s=U2FsdGVkX18uDKTRRl8RlL9Jc8+YHQF81bTr25P5zP77XAfNyXgr0Lr4qaGvtiZNGYRNLsQQO4JG+nhxZxu0hv0I/qlHdhX/gdxy1rhTGvsmrePiFX8nRgSJHypzulcLlHjl2e7uJlVBDwgN4PyqyED1LmK0LmwZN4BwtYqFzRM=&u=U2FsdGVkX1+QbV9Y0e/dudyAIF0+0rkom0M0fMsrCw7GG+AwqquvvkukJAZvzR8B&y=U2FsdGVkX1/LZp1luMqmJuqnob7JtiF5FOaP2JTM4Ynd5hMgM+k4+OwaEgasx8zS HTTP/1.1" 200 25
186.154.35.183 - - [27/Sep/2022:14:22:05 -0500] "GET /kwssiamovil/sm/acme/a?s=U2FsdGVkX1/aqegxlXqwf4hjHEtNCN0SG8XQHgxJAb6pmO337Em9XV9zv535cl5nwaFMDU8IsBDzLtTgXOhu+O5KrASvIOhV0GavyneF5EDN31lb+mYOvvMtgbivcoBTuRWizoFShGV8A+itZPes6HI52ipXm25bveBiJa9NXJGmHKniu8aD6SmBQ2Hio9HOwfY3wnBMdc/WjoNDNIehWg==&u=U2FsdGVkX1+QbV9Y0e/dudyAIF0+0rkom0M0fMsrCw7GG+AwqquvvkukJAZvzR8B&y=U2FsdGVkX1/LZp1luMqmJuqnob7JtiF5FOaP2JTM4Ynd5hMgM+k4+OwaEgasx8zS HTTP/1.1" 200 25
66.249.73.97 - - [27/Sep/2022:14:22:07 -0500] "-" 408 -
190.25.249.213 - - [27/Sep/2022:14:22:11 -0500] "GET /catalogoisis/imagenes/aceptar2.gif HTTP/1.1" 200 586
190.25.249.213 - - [27/Sep/2022:14:22:15 -0500] "GET /catalogoisis/imagenes/aceptar2.gif HTTP/1.1" 200 586
190.25.249.213 - - [27/Sep/2022:14:22:17 -0500] "GET /catalogoisis/imagenes/limpiar2.gif HTTP/1.1" 200 589
172.22.2.4 - - [27/Sep/2022:14:22:18 -0500] "GET /BLA/boletinlegal/consulta_conceptos.php?no=&solicitante=&radicado_entrada=130569&fecha_concepto=2020&objeto= HTTP/1.1" 200 570
172.22.2.4 - - [27/Sep/2022:14:22:20 -0500] "GET /BLA/boletinlegal/consulta_conceptos.php?no=&solicitante=&radicado_entrada=130569&fecha_concepto=2020&objeto= HTTP/1.1" 200 570
172.22.2.4 - - [27/Sep/2022:14:22:21 -0500] "GET /BLA/boletinlegal/consulta_conceptos.php?no=&solicitante=&radicado_entrada=130569&fecha_concepto=2020&objeto= HTTP/1.1" 200 570
172.22.2.4 - - [27/Sep/2022:14:22:21 -0500] "GET /BLA/boletinlegal/consulta_conceptos.php?no=&solicitante=&radicado_entrada=130569&fecha_concepto=2020&objeto= HTTP/1.1" 200 570
190.25.249.213 - - [27/Sep/2022:14:22:23 -0500] "GET /catalogoisis/imagenes/aceptar2.gif HTTP/1.1" 200 586
172.22.2.4 - - [27/Sep/2022:14:22:24 -0500] "GET /BLA/boletinlegal/consulta_conceptos.php?no=&solicitante=&radicado_entrada=130569&fecha_concepto=2020&objeto= HTTP/1.1" 200 570
172.22.2.4 - - [27/Sep/2022:14:22:24 -0500] "GET /BLA/boletinlegal/consulta_conceptos.php?no=&solicitante=&radicado_entrada=130569&fecha_concepto=2020&objeto= HTTP/1.1" 200 570
172.22.2.4 - - [27/Sep/2022:14:22:25 -0500] "GET /BLA/boletinlegal/consulta_conceptos.php?no=&solicitante=&radicado_entrada=130569&fecha_concepto=2020&objeto= HTTP/1.1" 200 570
172.22.2.4 - - [27/Sep/2022:14:22:25 -0500] "GET /BLA/boletinlegal/consulta_conceptos.php?no=&solicitante=&radicado_entrada=130569&fecha_concepto=2020&objeto= HTTP/1.1" 200 570
216.245.221.92 - - [27/Sep/2022:14:22:27 -0500] "HEAD / HTTP/1.1" 200 -
172.22.2.4 - - [27/Sep/2022:14:20:52 -0500] "GET /BLA/boletinlegal/ HTTP/1.1" 200 63207
172.22.2.4 - - [27/Sep/2022:14:22:32 -0500] "GET /BLA/boletinlegal/favicon.ico HTTP/1.1" 404 1308
172.22.2.4 - - [27/Sep/2022:14:23:16 -0500] "GET /BLA/boletinlegal/images/background.gif HTTP/1.1" 200 -
201.245.192.253 - - [27/Sep/2022:14:23:18 -0500] "POST /kwsrmcab/Wsrmcab  HTTP/1.1" 200 43876
186.80.52.172 - - [27/Sep/2022:14:23:26 -0500] "POST /appsia/controlador HTTP/1.1" 200 7769
186.80.52.172 - - [27/Sep/2022:14:23:37 -0500] "POST /appsia/controlador HTTP/1.1" 200 6634
186.80.52.172 - - [27/Sep/2022:14:23:39 -0500] "POST /appsia/controlador HTTP/1.1" 200 12483
186.80.52.172 - - [27/Sep/2022:14:23:42 -0500] "POST /appsia/controlador HTTP/1.1" 200 76107
201.245.192.253 - - [27/Sep/2022:14:23:57 -0500] "POST /sipse/faces/presentacion/financiero/solicitudProceso/consultarSolicitudProceso.xhtml HTTP/1.1" 200 490091
172.22.2.4 - - [27/Sep/2022:14:24:00 -0500] "GET /BLA/boletinlegal/actos.php HTTP/1.1" 200 9559
172.22.2.4 - - [27/Sep/2022:14:24:00 -0500] "GET /BLA/boletinlegal/niceforms.js HTTP/1.1" 200 22876
172.22.2.4 - - [27/Sep/2022:14:24:00 -0500] "GET /BLA/boletinlegal/js/popup.js HTTP/1.1" 200 1270
172.22.2.4 - - [27/Sep/2022:14:24:00 -0500] "GET /BLA/boletinlegal/niceforms-default.css HTTP/1.1" 200 6694
172.22.2.4 - - [27/Sep/2022:14:24:00 -0500] "GET /BLA/boletinlegal/js/lib.js HTTP/1.1" 200 6474
172.22.2.4 - - [27/Sep/2022:14:24:00 -0500] "GET /BLA/boletinlegal/js/jquery1.js HTTP/1.1" 200 29846
172.22.2.4 - - [27/Sep/2022:14:24:00 -0500] "GET /BLA/boletinlegal/js/ajax_actos.js HTTP/1.1" 200 1322
172.22.2.4 - - [27/Sep/2022:14:24:00 -0500] "GET /BLA/boletinlegal/images/green-yellow-blue-pink-th.png HTTP/1.1" 200 7394
172.22.2.4 - - [27/Sep/2022:14:24:00 -0500] "GET /BLA/boletinlegal/images/abajo.png HTTP/1.1" 200 96676
172.22.2.4 - - [27/Sep/2022:14:24:00 -0500] "GET /BLA/boletinlegal/images/tel.png HTTP/1.1" 200 14477
172.22.2.4 - - [27/Sep/2022:14:24:00 -0500] "GET /BLA/boletinlegal/images/icono-email.png HTTP/1.1" 200 5544
172.22.2.4 - - [27/Sep/2022:14:24:00 -0500] "GET /BLA/boletinlegal/images/footer_bg_l.jpg HTTP/1.1" 200 776
172.22.2.4 - - [27/Sep/2022:14:24:00 -0500] "GET /BLA/boletinlegal/img/0.png HTTP/1.1" 200 110
172.22.2.4 - - [27/Sep/2022:14:24:00 -0500] "GET /BLA/boletinlegal/img/select-left.png HTTP/1.1" 200 263
172.22.2.4 - - [27/Sep/2022:14:24:00 -0500] "GET /BLA/boletinlegal/img/select-right.png HTTP/1.1" 200 44019
172.22.2.4 - - [27/Sep/2022:14:24:00 -0500] "GET /BLA/boletinlegal/img/button-left.png HTTP/1.1" 200 57071
172.22.2.4 - - [27/Sep/2022:14:24:00 -0500] "GET /BLA/boletinlegal/img/button.png HTTP/1.1" 200 43241
172.22.2.4 - - [27/Sep/2022:14:24:00 -0500] "GET /BLA/boletinlegal/img/button-right.png HTTP/1.1" 200 57878
173.252.127.7 - - [27/Sep/2022:14:24:01 -0500] "GET /images/operativo-licencias-ambientales-5-noviembre%20.jpg HTTP/1.1" 200 38992
172.22.2.4 - - [27/Sep/2022:14:24:02 -0500] "GET /BLA/boletinlegal/consulta_actos.php?tipo=autos&no=&usuario=&sector=&fecha=2022&resuelve= HTTP/1.1" 200 1048992
172.22.2.1 - - [27/Sep/2022:14:24:03 -0500] "GET /reportes_sipse/sdg/ServletFirma?solicitud=18468 HTTP/1.1" 200 -
172.22.2.4 - - [27/Sep/2022:14:24:14 -0500] "GET /BLA/boletinlegal/consulta_actos.php?tipo=resoluciones&no=&usuario=&sector=&fecha=2022&resuelve= HTTP/1.1" 200 2514441
172.22.2.4 - - [27/Sep/2022:14:24:21 -0500] "GET /BLA/boletinlegal/consulta_actos.php?tipo=resoluciones&no=&usuario=&sector=&fecha=2022&resuelve= HTTP/1.1" 200 2514441
172.22.2.1 - - [27/Sep/2022:14:24:17 -0500] "GET /reportes_sipse/sdg/ServletFirma?solicitud=18466 HTTP/1.1" 200 -
181.235.120.247 - - [27/Sep/2022:14:24:31 -0500] "POST /sipse/faces/presentacion/financiero/solicitudProceso/consultarSolicitudProceso.xhtml HTTP/1.1" 200 65908
181.235.120.247 - - [27/Sep/2022:14:24:31 -0500] "GET /sipse/faces/javax.faces.resource/theme.css?ln=primefaces-sipse HTTP/1.1" 304 -
181.235.120.247 - - [27/Sep/2022:14:24:31 -0500] "GET /sipse/faces/javax.faces.resource/layout/layout.css?ln=primefaces&v=4.0 HTTP/1.1" 304 -
181.235.120.247 - - [27/Sep/2022:14:24:31 -0500] "GET /sipse/faces/javax.faces.resource/primefaces.css?ln=primefaces&v=4.0 HTTP/1.1" 304 -
181.235.120.247 - - [27/Sep/2022:14:24:31 -0500] "GET /sipse/faces/javax.faces.resource/jquery/jquery.js?ln=primefaces&v=4.0 HTTP/1.1" 304 -
181.235.120.247 - - [27/Sep/2022:14:24:31 -0500] "GET /sipse/faces/javax.faces.resource/jquery/jquery-plugins.js?ln=primefaces&v=4.0 HTTP/1.1" 304 -
181.235.120.247 - - [27/Sep/2022:14:24:31 -0500] "GET /sipse/faces/javax.faces.resource/primefaces.js?ln=primefaces&v=4.0 HTTP/1.1" 304 -
181.235.120.247 - - [27/Sep/2022:14:24:31 -0500] "GET /sipse/faces/javax.faces.resource/layout/layout.js?ln=primefaces&v=4.0 HTTP/1.1" 304 -
181.235.120.247 - - [27/Sep/2022:14:24:31 -0500] "POST /sipse/faces/presentacion/financiero/solicitudProceso/listarSolicitudProceso.xhtml HTTP/1.1" 200 59277
181.235.120.247 - - [27/Sep/2022:14:24:32 -0500] "POST /sipse/faces/presentacion/financiero/solicitudProceso/listarSolicitudProceso.xhtml HTTP/1.1" 200 59277
181.235.120.247 - - [27/Sep/2022:14:24:33 -0500] "POST /sipse/faces/presentacion/financiero/solicitudProceso/listarSolicitudProceso.xhtml HTTP/1.1" 200 59277
181.235.120.247 - - [27/Sep/2022:14:24:33 -0500] "POST /sipse/faces/presentacion/financiero/solicitudProceso/listarSolicitudProceso.xhtml HTTP/1.1" 200 59277
181.235.120.247 - - [27/Sep/2022:14:24:34 -0500] "POST /sipse/faces/presentacion/financiero/solicitudProceso/listarSolicitudProceso.xhtml HTTP/1.1" 200 1544
181.235.120.247 - - [27/Sep/2022:14:24:34 -0500] "POST /sipse/faces/presentacion/financiero/solicitudProceso/listarSolicitudProceso.xhtml HTTP/1.1" 200 1548
181.235.120.247 - - [27/Sep/2022:14:24:35 -0500] "POST /sipse/faces/presentacion/financiero/solicitudProceso/listarSolicitudProceso.xhtml HTTP/1.1" 200 1552
172.22.2.1 - - [27/Sep/2022:14:24:30 -0500] "GET /reportes_sipse/sdg/ServletFirma?solicitud=18462 HTTP/1.1" 200 -
181.235.120.247 - - [27/Sep/2022:14:24:35 -0500] "POST /sipse/faces/presentacion/financiero/solicitudProceso/listarSolicitudProceso.xhtml HTTP/1.1" 200 1548
181.235.120.247 - - [27/Sep/2022:14:24:35 -0500] "POST /sipse/faces/presentacion/financiero/solicitudProceso/listarSolicitudProceso.xhtml HTTP/1.1" 200 1552
69.63.189.120 - - [27/Sep/2022:14:24:36 -0500] "GET /mas-de-60-personas-privadas-de-la-libertad-se-certificaron-como-dinamizadores-ambientales.html HTTP/1.1" 206 951
201.245.192.253 - - [27/Sep/2022:14:25:42 -0500] "POST /sipse/faces/presentacion/financiero/solicitudProceso/consultarSolicitudProceso.xhtml HTTP/1.1" 200 5463
172.22.2.4 - - [27/Sep/2022:14:24:05 -0500] "HEAD /BLA/boletinlegal/ HTTP/1.1" 200 -
186.80.52.172 - - [27/Sep/2022:14:25:48 -0500] "POST /appsia/controlador HTTP/1.1" 200 7769
186.80.52.172 - - [27/Sep/2022:14:25:54 -0500] "POST /appsia/controlador HTTP/1.1" 200 6634
186.80.52.172 - - [27/Sep/2022:14:25:55 -0500] "POST /appsia/controlador HTTP/1.1" 200 12483
186.80.52.172 - - [27/Sep/2022:14:25:59 -0500] "POST /appsia/controlador HTTP/1.1" 200 76108
