191.95.166.141 - - [27/Sep/2022:01:39:50 -0500] "GET /kwssiamovil/sm/acme/a?s=U2FsdGVkX1+F6/Bu9WkSeFQewt+Nw3vBcc0A8y42FpDuuu6fNlh+Bh77fJgztV2TN2+UwJuNRaFStjnO9sTU+EirO1NK5C2CeFsoE/S8XjnpEaG/z6XhPco0TC0kLPkD3xK9VLmaSRz+SIqqaQo4v/Bsfmshgyn4oUf76L5PfM7dupPb2xMDxWkT27yw7nHnGyAERfgZHLhv65JKnWDXH/rcqPPEkjrsSUNDxXhO33JF82K6xt6O3Jsui3wOaz+9erZ5QiB0miUiVHLilO3vEZI7AdKSeGoXY/lPQKz8vbvSd4sFH4RGhn8+yGkhbwvQxpTiaQmoAdro/HxFFv/Koo0PYZjd8tylbIM9+koZHxR8/vTuK6VgjyYMOuaN/DrlwQQHGJ6o8LQ9eiJPxmfAW518tLxc89mmUMsKPumBBOzWUkW8arqx831bpvUNVhtpds3z50eC0hSeO4g53smDiiZXOym1+WMCznahY8JJofl33WZZ2qXRe1e370OIvKaNTUeq9jhJR6EYB756mSf1l2YatXhB7RpYhEmPLG5loWLr6CDYXN3fvoGSSZO1n7IRtnLr6jmmv8jcALc6LBiz7SVUF9jfvmlMtlMHDZNRib5UEHt/UuVNU9nQHWW0e56VGutvDVRSlATPYcNXASvEK+afYRAs2pA7/fHDaiD0f0EPPcUlSDuk5c/lAKqbYxDe0fkQVRu/XMYICwterjumkskSQPKfyxczK552XkNCiZZ7kqkW+FmkeAqFLkEF4TofDF/85hbumpG4Ei9W+GVLWIxvE3avE5aP6n+tmpDv8VXur0XJr0/3wOsxqUm9ffXR0kfYgynk+3U6fqgkh8uGgOIVqNROvuDjTS/kXrSBGqaBCVokDvQtGLXUI426XcSY5U6mCnKHu8lgf6T2C8I0Or+4JRVzRHERITjyCpMf3E69HTLR08ywmaElP3UDRxUuI4t9tJzW/aDKfR689QMX+LyXP6jPQrPbQUtQh+UKstYaYgDHmc0a6GNmMt/z3Uu4hzL4CvZpx93oYezC70YKb0iOa7toEn1MkcmpTnfCzgulv0lUjff0BHQGys5kptKkAqfEruUFiHRadqX8NbN7w6Sgi92drHGVWjogKTlQbttx+N55UhMlIDqmuXh6NfvsGjeXVocRHtIqVsXZGlPs+JqClxQAPlzp+Fu0NnV0iiOqR9OZ2EJw8g9EkuoNK+sLe5HHfd5MAION4fa5eYFw+jKWIAojTyf9y5PCs7QOZsZCEdoLhGB8oBpst+D18HFqaCCu8PXxZGctoevdN51Ado35hZiuQKkLaPtFYRPquFuGNKEDD4If3CUS/XL4PrxBUBp9WWAI6Il2+GWTk/r3CVJkDKemyWR9VqwN7GoMm/wcoXSHhwQrVOA44G52MuWsLo6CZ4iORmEWBL532kvXqwkzPX/hxHplMrAb5sIDVOZyUxk0rBv3/BB5xu8lTCPf&u=U2FsdGVkX182SFGxNrnTbPovA2GDgGZzZWZ2Xj2rT6c=&y=U2FsdGVkX19RitfiSB8URNtuLZGQRb1k06kal1zg2GXMqzzfyB1b0n6kjqoSoldZ HTTP/1.1" 200 2816
191.95.166.141 - - [27/Sep/2022:01:39:50 -0500] "GET /kwssiamovil/sm/acme/a?s=U2FsdGVkX1+0ay5bOfXhAHjM/pCjW2Jr7VzSv8JMn23uafyIgGCJrHsm5xsjDI01B8eNOomzfPTkeueEkF+4atUU7t0q0bmwSz6h5GHq9DczDpDMDC3EUuFRcEOpu/BTSC0QusrpwXGVezepy/YtEjKFthRrk/hthTrZQDJH6i4=&u=U2FsdGVkX182SFGxNrnTbPovA2GDgGZzZWZ2Xj2rT6c=&y=U2FsdGVkX19RitfiSB8URNtuLZGQRb1k06kal1zg2GXMqzzfyB1b0n6kjqoSoldZ HTTP/1.1" 200 25
191.95.166.141 - - [27/Sep/2022:01:39:50 -0500] "GET /kwssiamovil/sm/acme/a?s=U2FsdGVkX19dFnAl94oDxc4snQCPTh1S4uJvrAtyICBr68bVBkLGhaeKlJkjOqcJqHSCzB+Lc6oIEOD63VMuNOOrgPHz6xTeyvEIHk0pqvTGPFDHD+pELqlcFnH8ly/VKiFDJZ88GMrJxdjhWaPOKxDEGHC0kMjf7WWjbesgA2g=&u=U2FsdGVkX182SFGxNrnTbPovA2GDgGZzZWZ2Xj2rT6c=&y=U2FsdGVkX19RitfiSB8URNtuLZGQRb1k06kal1zg2GXMqzzfyB1b0n6kjqoSoldZ HTTP/1.1" 200 362
191.95.166.141 - - [27/Sep/2022:01:39:51 -0500] "GET /kwssiamovil/sm/acme/a?s=U2FsdGVkX19sjC0ECQ+N8IwdzxW9i/f70caZaOjWLd1zCjJ3U11rLiPFpnK7ETC13r4kc1D/aebfIY1pdTRTqdDKEt0BH02D0FTxi83UFdzoLGMCtmHzYxlBzGIKfRTi3cKzmLsdN2iQtbnRazo7tJeiKQEma/CxZ13Obc7jDkE=&u=U2FsdGVkX182SFGxNrnTbPovA2GDgGZzZWZ2Xj2rT6c=&y=U2FsdGVkX19RitfiSB8URNtuLZGQRb1k06kal1zg2GXMqzzfyB1b0n6kjqoSoldZ HTTP/1.1" 200 362
191.95.166.141 - - [27/Sep/2022:01:39:51 -0500] "GET /kwssiamovil/sm/acme/a?s=U2FsdGVkX1+rBYQ+o1wdIX3+/TWgNlTEWUkI/a7xRllr4PPoswP0LHVxAdZiw2ZZS1cJIdp4HO+jK+dxJRKlWByI/Ueqryuwfjo2cnkkGwE4H5KUHs2aS7DltLAzGaLl8Yhkw+C52WcTu88xQmG84OAjsrD3XLa47nWoTavBLQK8fGyWTwGno7sj4HRm4vsAesQMlIxYKbN6EMVgESQD7g==&u=U2FsdGVkX182SFGxNrnTbPovA2GDgGZzZWZ2Xj2rT6c=&y=U2FsdGVkX19RitfiSB8URNtuLZGQRb1k06kal1zg2GXMqzzfyB1b0n6kjqoSoldZ HTTP/1.1" 200 437
201.245.192.253 - - [27/Sep/2022:01:40:04 -0500] "POST /kwsrmcab/Wsrmcab  HTTP/1.1" 200 44040
157.55.39.25 - - [27/Sep/2022:01:40:26 -0500] "GET /BLA/resoluciones/RESOLUCIONES%202014/2094.pdf HTTP/1.1" 304 -
201.245.192.253 - - [27/Sep/2022:01:41:07 -0500] "POST /kwsrmcab/Wsrmcab  HTTP/1.1" 200 44040
172.22.2.4 - - [27/Sep/2022:01:39:57 -0500] "HEAD /BLA/boletinlegal/ HTTP/1.1" 200 -
172.22.2.4 - - [27/Sep/2022:01:40:47 -0500] "GET /BLA/boletinlegal/ HTTP/1.1" 200 53640
216.245.221.92 - - [27/Sep/2022:01:42:28 -0500] "HEAD / HTTP/1.1" 200 -
201.245.192.253 - - [27/Sep/2022:01:46:06 -0500] "POST /kwsrmcab/Wsrmcab  HTTP/1.1" 200 44040
157.55.39.202 - - [27/Sep/2022:01:47:13 -0500] "GET /BLA/resoluciones/00001754.tif HTTP/1.1" 404 1018
172.22.2.4 - - [27/Sep/2022:01:45:47 -0500] "HEAD /BLA/boletinlegal/ HTTP/1.1" 200 -
216.245.221.92 - - [27/Sep/2022:01:47:28 -0500] "HEAD / HTTP/1.1" 200 -
172.22.2.4 - - [27/Sep/2022:01:46:37 -0500] "GET /BLA/boletinlegal/ HTTP/1.1" 200 53290
157.55.39.25 - - [27/Sep/2022:01:50:33 -0500] "GET /BLA/resoluciones/00000309.tif HTTP/1.1" 404 1018
201.245.192.253 - - [27/Sep/2022:01:51:05 -0500] "POST /kwsrmcab/Wsrmcab  HTTP/1.1" 200 44040
157.55.39.196 - - [27/Sep/2022:01:51:45 -0500] "GET /BLA/resoluciones/AUTOS%202022/4081.pdf HTTP/1.1" 200 389168
216.245.221.92 - - [27/Sep/2022:01:52:28 -0500] "HEAD / HTTP/1.1" 200 -
172.22.2.4 - - [27/Sep/2022:01:51:37 -0500] "HEAD /BLA/boletinlegal/ HTTP/1.1" 200 -
172.22.2.4 - - [27/Sep/2022:01:54:01 -0500] "GET /BLA/boletinlegal/Directivas/2018/Directiva%20No.%2025%20del%2027%20de%20diciembre%20de%202018.pdf HTTP/1.1" 304 -
172.22.2.4 - - [27/Sep/2022:01:52:27 -0500] "GET /BLA/boletinlegal/ HTTP/1.1" 200 58163
66.249.73.127 - - [27/Sep/2022:01:55:09 -0500] "-" 408 -
201.245.192.253 - - [27/Sep/2022:01:56:03 -0500] "POST /kwsrmcab/Wsrmcab  HTTP/1.1" 200 44040
207.46.13.40 - - [27/Sep/2022:01:57:17 -0500] "GET /BLA/resoluciones/AUTOS%202022/3478.pdf HTTP/1.1" 200 377720
216.245.221.92 - - [27/Sep/2022:01:57:28 -0500] "HEAD / HTTP/1.1" 200 -
64.20.63.126 - - [27/Sep/2022:01:57:56 -0500] "GET /game/zhuce/index.php HTTP/1.1" 404 1018
172.22.2.4 - - [27/Sep/2022:01:57:27 -0500] "HEAD /BLA/boletinlegal/ HTTP/1.1" 200 -
138.197.160.225 - - [27/Sep/2022:01:59:45 -0500] "\x16\x03\x01" 400 226
138.197.160.225 - - [27/Sep/2022:01:59:45 -0500] "\x16\x03\x01" 400 226
138.197.160.225 - - [27/Sep/2022:01:59:46 -0500] "GET / HTTP/1.1" 200 319
172.22.2.4 - - [27/Sep/2022:01:58:17 -0500] "GET /BLA/boletinlegal/ HTTP/1.1" 200 57375
201.245.192.253 - - [27/Sep/2022:02:01:02 -0500] "POST /kwsrmcab/Wsrmcab  HTTP/1.1" 200 44040
157.55.39.154 - - [27/Sep/2022:02:01:55 -0500] "GET / HTTP/1.1" 200 319
216.245.221.92 - - [27/Sep/2022:02:02:28 -0500] "HEAD / HTTP/1.1" 200 -
172.22.2.4 - - [27/Sep/2022:02:02:07 -0500] "GET /BLA/boletinlegal/ HTTP/1.1" 200 36811
172.22.2.4 - - [27/Sep/2022:02:03:16 -0500] "HEAD /BLA/boletinlegal/ HTTP/1.1" 200 -
192.241.216.135 - - [27/Sep/2022:02:05:02 -0500] "GET / HTTP/1.1" 200 319
172.22.2.4 - - [27/Sep/2022:02:04:07 -0500] "GET /BLA/boletinlegal/ HTTP/1.1" 200 54356
201.245.192.253 - - [27/Sep/2022:02:06:01 -0500] "POST /kwsrmcab/Wsrmcab  HTTP/1.1" 200 44040
192.241.197.220 - - [27/Sep/2022:02:06:05 -0500] "MGLNDD_190.27.245.106_80" 501 953
66.249.73.127 - - [27/Sep/2022:02:07:18 -0500] "-" 408 -
216.245.221.92 - - [27/Sep/2022:02:07:28 -0500] "HEAD / HTTP/1.1" 200 -
172.22.2.4 - - [27/Sep/2022:02:09:06 -0500] "HEAD /BLA/boletinlegal/ HTTP/1.1" 200 -
201.245.192.253 - - [27/Sep/2022:02:11:00 -0500] "POST /kwsrmcab/Wsrmcab  HTTP/1.1" 200 44040
172.22.2.4 - - [27/Sep/2022:02:09:57 -0500] "GET /BLA/boletinlegal/ HTTP/1.1" 200 53640
172.22.2.4 - - [27/Sep/2022:02:10:35 -0500] "GET /BLA/boletinlegal/ HTTP/1.1" 200 56732
216.245.221.92 - - [27/Sep/2022:02:12:28 -0500] "HEAD / HTTP/1.1" 200 -
201.245.192.253 - - [27/Sep/2022:02:15:58 -0500] "POST /kwsrmcab/Wsrmcab  HTTP/1.1" 200 44040
172.22.2.4 - - [27/Sep/2022:02:14:56 -0500] "HEAD /BLA/boletinlegal/ HTTP/1.1" 200 -
66.249.73.127 - - [27/Sep/2022:02:16:46 -0500] "-" 408 -
172.22.2.4 - - [27/Sep/2022:02:15:47 -0500] "GET /BLA/boletinlegal/ HTTP/1.1" 200 58163
216.245.221.92 - - [27/Sep/2022:02:17:28 -0500] "HEAD / HTTP/1.1" 200 -
205.169.39.124 - - [27/Sep/2022:02:17:58 -0500] "GET /portaldeninos/wp-includes/js/wp-emoji-release.min.js?ver=4.9.8 HTTP/1.1" 200 12026
205.169.39.124 - - [27/Sep/2022:02:18:02 -0500] "GET /portaldeninos/wp-content/plugins/google-analytics-for-wordpress/assets/js/frontend-gtag.min.js?ver=8.5.0 HTTP/1.1" 200 11801
205.169.39.124 - - [27/Sep/2022:02:18:02 -0500] "GET /portaldeninos/wp-includes/js/jquery/jquery.js?ver=1.12.4 HTTP/1.1" 200 97184
205.169.39.124 - - [27/Sep/2022:02:18:04 -0500] "GET /portaldeninos/wp-includes/js/jquery/jquery-migrate.min.js?ver=1.4.1 HTTP/1.1" 200 10056
205.169.39.124 - - [27/Sep/2022:02:18:04 -0500] "GET /portaldeninos/wp-includes/js/jquery/ui/core.min.js?ver=1.11.4 HTTP/1.1" 200 4000
205.169.39.124 - - [27/Sep/2022:02:18:04 -0500] "GET /portaldeninos/wp-content/plugins/gallery-videos/JS/modernizr.custom.js?ver=4.9.8 HTTP/1.1" 200 9019
205.169.39.124 - - [27/Sep/2022:02:18:04 -0500] "GET /portaldeninos/wp-content/plugins/gallery-videos/JS/Total-Soft-Gallery-Video-Widget.js?ver=4.9.8 HTTP/1.1" 200 80264
205.169.39.124 - - [27/Sep/2022:02:18:06 -0500] "GET /portaldeninos/wp-includes/js/jquery/ui/widget.min.js?ver=1.11.4 HTTP/1.1" 200 6908
205.169.39.124 - - [27/Sep/2022:02:18:06 -0500] "GET /portaldeninos/wp-includes/js/jquery/ui/mouse.min.js?ver=1.11.4 HTTP/1.1" 200 3148
205.169.39.124 - - [27/Sep/2022:02:18:06 -0500] "GET /portaldeninos/wp-includes/js/jquery/ui/sortable.min.js?ver=1.11.4 HTTP/1.1" 200 24899
205.169.39.124 - - [27/Sep/2022:02:18:06 -0500] "GET /portaldeninos/wp-includes/js/jquery/ui/tabs.min.js?ver=1.11.4 HTTP/1.1" 200 12110
205.169.39.124 - - [27/Sep/2022:02:18:06 -0500] "GET /portaldeninos/wp-includes/js/jquery/ui/accordion.min.js?ver=1.11.4 HTTP/1.1" 200 8584
205.169.39.124 - - [27/Sep/2022:02:18:07 -0500] "GET /portaldeninos/wp-content/themes/betheme/js/plugins.js?ver=20.9.6 HTTP/1.1" 200 197151
205.169.39.124 - - [27/Sep/2022:02:18:08 -0500] "GET /portaldeninos/wp-content/themes/betheme/js/menu.js?ver=20.9.6 HTTP/1.1" 200 2449
205.169.39.124 - - [27/Sep/2022:02:18:08 -0500] "GET /portaldeninos/wp-content/themes/betheme/assets/animations/animations.min.js?ver=20.9.6 HTTP/1.1" 200 1896
205.169.39.124 - - [27/Sep/2022:02:18:09 -0500] "GET /portaldeninos/wp-content/themes/betheme/assets/jplayer/jplayer.min.js?ver=20.9.6 HTTP/1.1" 200 52702
205.169.39.124 - - [27/Sep/2022:02:18:09 -0500] "GET /portaldeninos/wp-content/themes/betheme/js/scripts.js?ver=20.9.6 HTTP/1.1" 200 77162
205.169.39.124 - - [27/Sep/2022:02:18:10 -0500] "GET /portaldeninos/wp-includes/js/wp-embed.min.js?ver=4.9.8 HTTP/1.1" 200 1398
201.245.192.253 - - [27/Sep/2022:02:18:57 -0500] "POST /kwsrmcab/Wsrmcab HTTP/1.1" 200 43901
201.245.192.253 - - [27/Sep/2022:02:19:01 -0500] "POST /kwsrmcab/Wsrmcab HTTP/1.1" 200 44815
152.89.196.211 - - [27/Sep/2022:02:19:13 -0500] "GET /index.php?s=/Index/\\think\\app/invokefunction&function=call_user_func_array&vars[0]=md5&vars[1][]=HelloThinkPHP21 HTTP/1.1" 404 1018
201.245.192.253 - - [27/Sep/2022:02:20:57 -0500] "POST /kwsrmcab/Wsrmcab  HTTP/1.1" 200 44040
172.22.2.4 - - [27/Sep/2022:02:20:47 -0500] "HEAD /BLA/boletinlegal/ HTTP/1.1" 200 -
216.245.221.92 - - [27/Sep/2022:02:22:28 -0500] "HEAD / HTTP/1.1" 200 -
157.55.39.188 - - [27/Sep/2022:02:23:09 -0500] "GET /BLA/resoluciones/RESOLUCIONES%202005/00001092.tif HTTP/1.1" 200 136212
172.22.2.4 - - [27/Sep/2022:02:23:15 -0500] "GET /BLA/boletinlegal/jurisprudencia/analisis/analisis%20C-595-2010.doc HTTP/1.1" 304 -
172.22.2.4 - - [27/Sep/2022:02:21:37 -0500] "GET /BLA/boletinlegal/ HTTP/1.1" 200 58163
201.245.192.253 - - [27/Sep/2022:02:25:56 -0500] "POST /kwsrmcab/Wsrmcab  HTTP/1.1" 200 44040
157.55.39.25 - - [27/Sep/2022:02:26:30 -0500] "GET /galeria/galeria/fotos/GuaymaralTorca3G.jpg HTTP/1.1" 200 330310
216.245.221.92 - - [27/Sep/2022:02:27:28 -0500] "HEAD / HTTP/1.1" 200 -
128.14.209.162 - - [27/Sep/2022:02:27:41 -0500] "GET /solr/ HTTP/1.1" 404 1018
172.22.2.4 - - [27/Sep/2022:02:26:36 -0500] "HEAD /BLA/boletinlegal/ HTTP/1.1" 200 -
201.245.192.253 - - [27/Sep/2022:02:28:57 -0500] "POST /kwsrmcab/Wsrmcab HTTP/1.1" 200 43901
201.245.192.253 - - [27/Sep/2022:02:29:00 -0500] "POST /kwsrmcab/Wsrmcab HTTP/1.1" 200 44815
172.22.2.4 - - [27/Sep/2022:02:27:27 -0500] "GET /BLA/boletinlegal/ HTTP/1.1" 200 54823
66.249.73.127 - - [27/Sep/2022:02:30:57 -0500] "-" 408 -
201.245.192.253 - - [27/Sep/2022:02:30:56 -0500] "POST /kwsrmcab/Wsrmcab  HTTP/1.1" 200 44040
157.55.39.202 - - [27/Sep/2022:02:31:17 -0500] "GET /BLA/resoluciones/RESOLUCIONES%202005/RES%202005%201751-1800/00001798.tif HTTP/1.1" 200 167040
157.55.39.188 - - [27/Sep/2022:02:31:22 -0500] "GET /BLA/boletinlegal/norma_menu.php HTTP/1.1" 200 6318
157.55.39.202 - - [27/Sep/2022:02:31:36 -0500] "GET /BLA/boletinlegal/js/lib.js HTTP/1.1" 200 6474
157.55.39.196 - - [27/Sep/2022:02:31:38 -0500] "GET /BLA/boletinlegal/styles2.css HTTP/1.1" 200 1838
157.55.39.188 - - [27/Sep/2022:02:31:40 -0500] "GET /BLA/boletinlegal/js/ajax.js HTTP/1.1" 200 772
207.46.13.40 - - [27/Sep/2022:02:31:40 -0500] "GET /BLA/boletinlegal/js/jquery1.js HTTP/1.1" 200 29846
207.46.13.40 - - [27/Sep/2022:02:31:40 -0500] "GET /BLA/boletinlegal/js/popup.js HTTP/1.1" 200 1270
207.46.13.40 - - [27/Sep/2022:02:31:41 -0500] "GET /BLA/boletinlegal/style.css HTTP/1.1" 200 9406
207.46.13.86 - - [27/Sep/2022:02:31:49 -0500] "GET /BLA/boletinlegal/swfobject.js HTTP/1.1" 200 9763
216.245.221.92 - - [27/Sep/2022:02:32:28 -0500] "HEAD / HTTP/1.1" 200 -
207.46.13.40 - - [27/Sep/2022:02:33:28 -0500] "GET /BLA/resoluciones/0201.tif HTTP/1.1" 404 1018
172.22.2.4 - - [27/Sep/2022:02:32:26 -0500] "HEAD /BLA/boletinlegal/ HTTP/1.1" 200 -
172.22.2.4 - - [27/Sep/2022:02:33:17 -0500] "GET /BLA/boletinlegal/ HTTP/1.1" 200 59828
201.245.192.253 - - [27/Sep/2022:02:35:54 -0500] "POST /kwsrmcab/Wsrmcab  HTTP/1.1" 200 44040
66.249.73.127 - - [27/Sep/2022:02:37:17 -0500] "-" 408 -
216.245.221.92 - - [27/Sep/2022:02:37:28 -0500] "HEAD / HTTP/1.1" 200 -
207.46.13.230 - - [27/Sep/2022:02:38:19 -0500] "-" 408 -
201.245.192.253 - - [27/Sep/2022:02:38:57 -0500] "POST /kwsrmcab/Wsrmcab HTTP/1.1" 200 43901
201.245.192.253 - - [27/Sep/2022:02:39:01 -0500] "POST /kwsrmcab/Wsrmcab HTTP/1.1" 200 44815
172.22.2.4 - - [27/Sep/2022:02:38:16 -0500] "HEAD /BLA/boletinlegal/ HTTP/1.1" 200 -
172.22.2.4 - - [27/Sep/2022:02:39:07 -0500] "GET /BLA/boletinlegal/ HTTP/1.1" 200 59828
201.245.192.253 - - [27/Sep/2022:02:40:53 -0500] "POST /kwsrmcab/Wsrmcab  HTTP/1.1" 200 44040
31.13.103.8 - - [27/Sep/2022:02:41:56 -0500] "GET /oso-melero-recuperado-en-bogota-fue-liberado-exitosamente-en-el-meta.html HTTP/1.1" 206 948
216.245.221.92 - - [27/Sep/2022:02:42:28 -0500] "HEAD / HTTP/1.1" 200 -
157.55.39.25 - - [27/Sep/2022:02:45:30 -0500] "GET /BLA/resoluciones/RESOLUCIONES%202005/00001085.tif HTTP/1.1" 200 37864
172.22.2.4 - - [27/Sep/2022:02:44:06 -0500] "HEAD /BLA/boletinlegal/ HTTP/1.1" 200 -
201.245.192.253 - - [27/Sep/2022:02:45:52 -0500] "POST /kwsrmcab/Wsrmcab  HTTP/1.1" 200 44040
172.22.2.4 - - [27/Sep/2022:02:44:57 -0500] "GET /BLA/boletinlegal/ HTTP/1.1" 200 56732
66.249.73.127 - - [27/Sep/2022:02:46:43 -0500] "-" 408 -
216.245.221.92 - - [27/Sep/2022:02:47:28 -0500] "HEAD / HTTP/1.1" 200 -
157.55.39.25 - - [27/Sep/2022:02:48:29 -0500] "GET /BLA/resoluciones/00000321.tif HTTP/1.1" 404 1018
207.46.13.181 - - [27/Sep/2022:02:50:07 -0500] "GET /portaldeninos/humedal-santa-maria-del-lago/ HTTP/1.1" 200 88988
201.245.192.253 - - [27/Sep/2022:02:50:52 -0500] "POST /kwsrmcab/Wsrmcab  HTTP/1.1" 200 44040
172.22.2.4 - - [27/Sep/2022:02:49:56 -0500] "HEAD /BLA/boletinlegal/ HTTP/1.1" 200 -
172.22.2.4 - - [27/Sep/2022:02:50:47 -0500] "GET /BLA/boletinlegal/ HTTP/1.1" 200 52877
216.245.221.92 - - [27/Sep/2022:02:52:28 -0500] "HEAD / HTTP/1.1" 200 -
207.46.13.211 - - [27/Sep/2022:02:53:19 -0500] "GET /portaldeninos/wp-content/uploads/2018/06/infantil-5-960x480.jpg HTTP/1.1" 200 69157
66.249.73.127 - - [27/Sep/2022:02:53:31 -0500] "-" 408 -
205.169.39.148 - - [27/Sep/2022:02:55:18 -0500] "GET /portaldeninos/wp-includes/js/wp-emoji-release.min.js?ver=4.9.8 HTTP/1.1" 200 12026
205.169.39.148 - - [27/Sep/2022:02:55:18 -0500] "GET /portaldeninos/wp-content/plugins/google-analytics-for-wordpress/assets/js/frontend-gtag.min.js?ver=8.5.0 HTTP/1.1" 200 11801
205.169.39.148 - - [27/Sep/2022:02:55:19 -0500] "GET /portaldeninos/wp-includes/js/jquery/jquery.js?ver=1.12.4 HTTP/1.1" 200 97184
205.169.39.148 - - [27/Sep/2022:02:55:19 -0500] "GET /portaldeninos/wp-includes/js/jquery/jquery-migrate.min.js?ver=1.4.1 HTTP/1.1" 200 10056
205.169.39.148 - - [27/Sep/2022:02:55:19 -0500] "GET /portaldeninos/wp-includes/js/jquery/ui/core.min.js?ver=1.11.4 HTTP/1.1" 200 4000
205.169.39.148 - - [27/Sep/2022:02:55:20 -0500] "GET /portaldeninos/wp-content/plugins/gallery-videos/JS/modernizr.custom.js?ver=4.9.8 HTTP/1.1" 200 9019
205.169.39.148 - - [27/Sep/2022:02:55:20 -0500] "GET /portaldeninos/wp-content/plugins/gallery-videos/JS/Total-Soft-Gallery-Video-Widget.js?ver=4.9.8 HTTP/1.1" 200 80264
205.169.39.148 - - [27/Sep/2022:02:55:20 -0500] "GET /portaldeninos/wp-includes/js/jquery/ui/widget.min.js?ver=1.11.4 HTTP/1.1" 200 6908
205.169.39.148 - - [27/Sep/2022:02:55:20 -0500] "GET /portaldeninos/wp-includes/js/jquery/ui/mouse.min.js?ver=1.11.4 HTTP/1.1" 200 3148
205.169.39.148 - - [27/Sep/2022:02:55:21 -0500] "GET /portaldeninos/wp-includes/js/jquery/ui/sortable.min.js?ver=1.11.4 HTTP/1.1" 200 24899
205.169.39.148 - - [27/Sep/2022:02:55:21 -0500] "GET /portaldeninos/wp-includes/js/jquery/ui/tabs.min.js?ver=1.11.4 HTTP/1.1" 200 12110
205.169.39.148 - - [27/Sep/2022:02:55:21 -0500] "GET /portaldeninos/wp-includes/js/jquery/ui/accordion.min.js?ver=1.11.4 HTTP/1.1" 200 8584
205.169.39.148 - - [27/Sep/2022:02:55:22 -0500] "GET /portaldeninos/wp-content/themes/betheme/js/plugins.js?ver=20.9.6 HTTP/1.1" 200 197151
205.169.39.148 - - [27/Sep/2022:02:55:23 -0500] "GET /portaldeninos/wp-content/themes/betheme/js/menu.js?ver=20.9.6 HTTP/1.1" 200 2449
205.169.39.148 - - [27/Sep/2022:02:55:23 -0500] "GET /portaldeninos/wp-content/themes/betheme/assets/animations/animations.min.js?ver=20.9.6 HTTP/1.1" 200 1896
205.169.39.148 - - [27/Sep/2022:02:55:23 -0500] "GET /portaldeninos/wp-content/themes/betheme/assets/jplayer/jplayer.min.js?ver=20.9.6 HTTP/1.1" 200 52702
205.169.39.148 - - [27/Sep/2022:02:55:24 -0500] "GET /portaldeninos/wp-content/themes/betheme/js/scripts.js?ver=20.9.6 HTTP/1.1" 200 77162
205.169.39.148 - - [27/Sep/2022:02:55:25 -0500] "GET /portaldeninos/wp-includes/js/wp-embed.min.js?ver=4.9.8 HTTP/1.1" 200 1398
201.245.192.253 - - [27/Sep/2022:02:55:51 -0500] "POST /kwsrmcab/Wsrmcab  HTTP/1.1" 200 44040
35.204.45.150 - - [27/Sep/2022:02:56:55 -0500] "GET / HTTP/1.1" 200 319
35.204.45.150 - - [27/Sep/2022:02:56:55 -0500] "GET / HTTP/1.1" 200 4720
172.22.2.4 - - [27/Sep/2022:02:55:46 -0500] "HEAD /BLA/boletinlegal/ HTTP/1.1" 200 -
216.245.221.92 - - [27/Sep/2022:02:57:28 -0500] "HEAD / HTTP/1.1" 200 -
172.22.2.4 - - [27/Sep/2022:02:56:37 -0500] "GET /BLA/boletinlegal/ HTTP/1.1" 200 58163
157.55.39.202 - - [27/Sep/2022:02:59:12 -0500] "GET /BLA/resoluciones/index.php?dir=AUTOS+2021%2F HTTP/1.1" 200 394468
80.94.92.231 - - [27/Sep/2022:02:59:47 -0500] "GET / HTTP/1.1" 200 319
201.245.192.253 - - [27/Sep/2022:03:00:49 -0500] "POST /kwsrmcab/Wsrmcab  HTTP/1.1" 200 44040
172.22.2.4 - - [27/Sep/2022:02:59:27 -0500] "OPTIONS /BLA/boletinlegal/ HTTP/1.1" 200 63207
216.245.221.92 - - [27/Sep/2022:03:02:28 -0500] "HEAD / HTTP/1.1" 200 -
66.249.73.127 - - [27/Sep/2022:03:02:42 -0500] "-" 408 -
172.22.2.4 - - [27/Sep/2022:03:01:36 -0500] "HEAD /BLA/boletinlegal/ HTTP/1.1" 200 -
172.22.2.4 - - [27/Sep/2022:03:03:58 -0500] "GET /BLA/boletinlegal/robots.txt HTTP/1.1" 404 1037
172.22.2.4 - - [27/Sep/2022:03:03:58 -0500] "GET /BLA/boletinlegal/robots.txt HTTP/1.1" 404 1037
207.46.13.213 - - [27/Sep/2022:03:04:00 -0500] "GET /portaldeninos/aulas-ambientales/aula-ambiental-sorotama/ HTTP/1.1" 200 89596
172.22.2.4 - - [27/Sep/2022:03:02:27 -0500] "GET /BLA/boletinlegal/ HTTP/1.1" 200 57725
172.22.2.4 - - [27/Sep/2022:03:04:44 -0500] "GET /BLA/boletinlegal/robots.txt HTTP/1.1" 404 1037
172.22.2.4 - - [27/Sep/2022:03:04:46 -0500] "GET /BLA/boletinlegal/ads.txt HTTP/1.1" 404 1037
172.22.2.4 - - [27/Sep/2022:03:03:42 -0500] "GET /BLA/boletinlegal/ HTTP/1.1" 200 49099
201.245.192.253 - - [27/Sep/2022:03:05:49 -0500] "POST /kwsrmcab/Wsrmcab  HTTP/1.1" 200 44040
216.245.221.92 - - [27/Sep/2022:03:07:28 -0500] "HEAD / HTTP/1.1" 200 -
157.55.39.202 - - [27/Sep/2022:03:08:32 -0500] "GET /BLA/resoluciones/AUTOS%202022/0958.pdf HTTP/1.1" 200 395268
66.249.73.127 - - [27/Sep/2022:03:08:46 -0500] "-" 408 -
172.22.2.4 - - [27/Sep/2022:03:07:26 -0500] "HEAD /BLA/boletinlegal/ HTTP/1.1" 200 -
172.22.2.4 - - [27/Sep/2022:03:08:28 -0500] "GET /BLA/boletinlegal/ HTTP/1.1" 200 24523
172.22.2.4 - - [27/Sep/2022:03:08:17 -0500] "GET /BLA/boletinlegal/ HTTP/1.1" 200 54003
201.245.192.253 - - [27/Sep/2022:03:10:48 -0500] "POST /kwsrmcab/Wsrmcab  HTTP/1.1" 200 44040
172.22.2.4 - - [27/Sep/2022:03:11:28 -0500] "GET /BLA/boletinlegal/jurisprudencia.php/js/jquery1.js HTTP/1.1" 200 17573
216.245.221.92 - - [27/Sep/2022:03:12:28 -0500] "HEAD / HTTP/1.1" 200 -
213.16.222.59 - - [27/Sep/2022:03:12:50 -0500] "GET / HTTP/1.1" 200 319
66.249.73.127 - - [27/Sep/2022:03:14:54 -0500] "-" 408 -
172.22.2.4 - - [27/Sep/2022:03:13:16 -0500] "HEAD /BLA/boletinlegal/ HTTP/1.1" 200 -
172.22.2.4 - - [27/Sep/2022:03:14:07 -0500] "GET /BLA/boletinlegal/ HTTP/1.1" 200 59828
201.245.192.253 - - [27/Sep/2022:03:15:46 -0500] "POST /kwsrmcab/Wsrmcab  HTTP/1.1" 200 44040
199.47.82.21 - - [27/Sep/2022:03:16:28 -0500] "-" 408 -
216.245.221.92 - - [27/Sep/2022:03:17:28 -0500] "HEAD / HTTP/1.1" 200 -
207.46.13.40 - - [27/Sep/2022:03:17:41 -0500] "GET /BLA/resoluciones/AUTOS%202022/2069.pdf HTTP/1.1" 200 444072
179.43.139.202 - - [27/Sep/2022:03:18:28 -0500] "-" 408 -
201.245.192.253 - - [27/Sep/2022:03:18:57 -0500] "POST /kwsrmcab/Wsrmcab HTTP/1.1" 200 44050
201.245.192.253 - - [27/Sep/2022:03:19:00 -0500] "POST /kwsrmcab/Wsrmcab HTTP/1.1" 200 44814
157.55.39.188 - - [27/Sep/2022:03:19:34 -0500] "GET /BLA/resoluciones/RESOLUCIONES%202005/RES%202005%201751-1800/00001785.tif HTTP/1.1" 200 264312
172.22.2.4 - - [27/Sep/2022:03:19:06 -0500] "HEAD /BLA/boletinlegal/ HTTP/1.1" 200 -
201.245.192.253 - - [27/Sep/2022:03:20:45 -0500] "POST /kwsrmcab/Wsrmcab  HTTP/1.1" 200 44040
66.249.73.127 - - [27/Sep/2022:03:20:54 -0500] "-" 408 -
172.22.2.4 - - [27/Sep/2022:03:19:42 -0500] "GET /BLA/boletinlegal/ HTTP/1.1" 200 51630
172.22.2.4 - - [27/Sep/2022:03:19:57 -0500] "GET /BLA/boletinlegal/ HTTP/1.1" 200 52877
216.245.221.92 - - [27/Sep/2022:03:22:28 -0500] "HEAD / HTTP/1.1" 200 -
172.22.2.4 - - [27/Sep/2022:03:22:28 -0500] "GET /BLA/boletinlegal/jurisprudencia/analisis/AnalisisT-606-15.docx HTTP/1.1" 200 26698
172.22.2.4 - - [27/Sep/2022:03:22:29 -0500] "GET /BLA/boletinlegal/apple-touch-icon-120x120-precomposed.png HTTP/1.1" 404 1140
172.22.2.4 - - [27/Sep/2022:03:22:29 -0500] "GET /BLA/boletinlegal/apple-touch-icon-120x120.png HTTP/1.1" 404 1140
172.22.2.4 - - [27/Sep/2022:03:22:30 -0500] "GET /BLA/boletinlegal/apple-touch-icon-precomposed.png HTTP/1.1" 404 1140
172.22.2.4 - - [27/Sep/2022:03:22:30 -0500] "GET /BLA/boletinlegal/apple-touch-icon.png HTTP/1.1" 404 1140
172.22.2.4 - - [27/Sep/2022:03:22:30 -0500] "GET /BLA/boletinlegal/favicon.ico HTTP/1.1" 404 1140
172.22.2.4 - - [27/Sep/2022:03:22:30 -0500] "GET /BLA/boletinlegal/apple-touch-icon-120x120-precomposed.png HTTP/1.1" 404 1140
172.22.2.4 - - [27/Sep/2022:03:22:30 -0500] "GET /BLA/boletinlegal/apple-touch-icon-120x120.png HTTP/1.1" 404 1140
172.22.2.4 - - [27/Sep/2022:03:22:30 -0500] "GET /BLA/boletinlegal/apple-touch-icon-precomposed.png HTTP/1.1" 404 1140
172.22.2.4 - - [27/Sep/2022:03:22:30 -0500] "GET /BLA/boletinlegal/apple-touch-icon.png HTTP/1.1" 404 1140
172.22.2.4 - - [27/Sep/2022:03:22:30 -0500] "GET /BLA/boletinlegal/favicon.ico HTTP/1.1" 404 1140
172.22.2.4 - - [27/Sep/2022:03:22:48 -0500] "GET /BLA/boletinlegal/owa/auth/logon.aspx HTTP/1.1" 404 1018
172.22.2.4 - - [27/Sep/2022:03:23:22 -0500] "GET /BLA/boletinlegal/ecp/Current/exporttool/microsoft.exchange.ediscovery.exporttool.application HTTP/1.1" 404 1018
201.245.192.253 - - [27/Sep/2022:03:25:45 -0500] "POST /kwsrmcab/Wsrmcab  HTTP/1.1" 200 44040
172.22.2.4 - - [27/Sep/2022:03:26:34 -0500] "GET /BLA/boletinlegal/owa/auth/x.js HTTP/1.1" 404 1018
172.22.2.4 - - [27/Sep/2022:03:24:56 -0500] "HEAD /BLA/boletinlegal/ HTTP/1.1" 200 -
172.22.2.4 - - [27/Sep/2022:03:25:47 -0500] "GET /BLA/boletinlegal/ HTTP/1.1" 200 58163
216.245.221.92 - - [27/Sep/2022:03:27:28 -0500] "HEAD / HTTP/1.1" 200 -
66.249.73.127 - - [27/Sep/2022:03:28:08 -0500] "-" 408 -
201.245.192.253 - - [27/Sep/2022:03:28:57 -0500] "POST /kwsrmcab/Wsrmcab HTTP/1.1" 200 44050
201.245.192.253 - - [27/Sep/2022:03:29:01 -0500] "POST /kwsrmcab/Wsrmcab HTTP/1.1" 200 44814
201.245.192.253 - - [27/Sep/2022:03:30:43 -0500] "POST /kwsrmcab/Wsrmcab  HTTP/1.1" 200 44040
34.220.193.233 - - [27/Sep/2022:03:31:21 -0500] "GET /portaldeninos/wp-content/uploads/2020/01/Tierra-escenario.jpg HTTP/1.1" 200 181491
172.22.2.4 - - [27/Sep/2022:03:30:46 -0500] "HEAD /BLA/boletinlegal/ HTTP/1.1" 200 -
216.245.221.92 - - [27/Sep/2022:03:32:28 -0500] "HEAD / HTTP/1.1" 200 -
172.22.2.4 - - [27/Sep/2022:03:31:37 -0500] "GET /BLA/boletinlegal/ HTTP/1.1" 200 55630
66.249.73.127 - - [27/Sep/2022:03:33:51 -0500] "-" 408 -
201.245.192.253 - - [27/Sep/2022:03:35:42 -0500] "POST /kwsrmcab/Wsrmcab  HTTP/1.1" 200 44040
216.245.221.92 - - [27/Sep/2022:03:37:28 -0500] "HEAD / HTTP/1.1" 200 -
172.22.2.4 - - [27/Sep/2022:03:36:36 -0500] "HEAD /BLA/boletinlegal/ HTTP/1.1" 200 -
201.245.192.253 - - [27/Sep/2022:03:38:57 -0500] "POST /kwsrmcab/Wsrmcab HTTP/1.1" 200 44050
201.245.192.253 - - [27/Sep/2022:03:39:01 -0500] "POST /kwsrmcab/Wsrmcab HTTP/1.1" 200 44814
172.22.2.4 - - [27/Sep/2022:03:37:27 -0500] "GET /BLA/boletinlegal/ HTTP/1.1" 200 54003
66.249.73.127 - - [27/Sep/2022:03:39:34 -0500] "-" 408 -
172.22.2.4 - - [27/Sep/2022:03:40:29 -0500] "GET /BLA/boletinlegal/favicon.ico HTTP/1.1" 404 1018
172.22.2.4 - - [27/Sep/2022:03:40:31 -0500] "GET /BLA/boletinlegal/favicon.ico HTTP/1.1" 404 1018
172.22.2.4 - - [27/Sep/2022:03:40:32 -0500] "GET /BLA/boletinlegal/favicon.ico HTTP/1.1" 404 1018
201.245.192.253 - - [27/Sep/2022:03:40:41 -0500] "POST /kwsrmcab/Wsrmcab  HTTP/1.1" 200 44040
172.22.2.4 - - [27/Sep/2022:03:40:06 -0500] "GET /BLA/boletinlegal/ HTTP/1.1" 200 36811
216.245.221.92 - - [27/Sep/2022:03:42:28 -0500] "HEAD / HTTP/1.1" 200 -
172.22.2.4 - - [27/Sep/2022:03:42:26 -0500] "HEAD /BLA/boletinlegal/ HTTP/1.1" 200 -
172.22.2.4 - - [27/Sep/2022:03:43:16 -0500] "GET /BLA/boletinlegal/ HTTP/1.1" 200 55630
66.249.73.127 - - [27/Sep/2022:03:45:23 -0500] "-" 408 -
201.245.192.253 - - [27/Sep/2022:03:45:40 -0500] "POST /kwsrmcab/Wsrmcab  HTTP/1.1" 200 44040
157.55.39.202 - - [27/Sep/2022:03:46:04 -0500] "GET /BLA/resoluciones/RESOLUCIONES%202001/2001%201350-1399.tif HTTP/1.1" 200 3333955
216.245.221.92 - - [27/Sep/2022:03:47:28 -0500] "HEAD / HTTP/1.1" 200 -
172.22.2.4 - - [27/Sep/2022:03:46:46 -0500] "GET /BLA/boletinlegal/ HTTP/1.1" 200 62380
172.22.2.4 - - [27/Sep/2022:03:48:16 -0500] "HEAD /BLA/boletinlegal/ HTTP/1.1" 200 -
173.252.127.3 - - [27/Sep/2022:03:50:25 -0500] "GET /distrito-declara-alerta-ambiental-por-calidad-del-aire-y-apoyara-extincion-de-incendios-en-la-amazonia.html HTTP/1.1" 206 928
201.245.192.253 - - [27/Sep/2022:03:50:39 -0500] "POST /kwsrmcab/Wsrmcab  HTTP/1.1" 200 44040
172.22.2.4 - - [27/Sep/2022:03:49:06 -0500] "GET /BLA/boletinlegal/ HTTP/1.1" 200 58163
216.245.221.92 - - [27/Sep/2022:03:52:28 -0500] "HEAD / HTTP/1.1" 200 -
66.249.73.127 - - [27/Sep/2022:03:54:43 -0500] "-" 408 -
201.245.192.253 - - [27/Sep/2022:03:55:36 -0500] "POST /kwsrmcab/Wsrmcab  HTTP/1.1" 200 44040
172.22.2.4 - - [27/Sep/2022:03:54:06 -0500] "HEAD /BLA/boletinlegal/ HTTP/1.1" 200 -
157.55.39.200 - - [27/Sep/2022:03:56:25 -0500] "GET / HTTP/1.1" 200 319
172.22.2.4 - - [27/Sep/2022:03:54:56 -0500] "GET /BLA/boletinlegal/ HTTP/1.1" 200 59319
216.245.221.92 - - [27/Sep/2022:03:57:28 -0500] "HEAD / HTTP/1.1" 200 -
201.245.192.253 - - [27/Sep/2022:04:00:36 -0500] "POST /kwsrmcab/Wsrmcab  HTTP/1.1" 200 44040
157.55.39.196 - - [27/Sep/2022:04:00:47 -0500] "GET /BLA/resoluciones/RESOLUCIONES%202005/00001081.tif HTTP/1.1" 200 148524
172.22.2.4 - - [27/Sep/2022:03:59:56 -0500] "HEAD /BLA/boletinlegal/ HTTP/1.1" 200 -
172.22.2.4 - - [27/Sep/2022:04:00:46 -0500] "GET /BLA/boletinlegal/ HTTP/1.1" 200 58163
216.245.221.92 - - [27/Sep/2022:04:02:28 -0500] "HEAD / HTTP/1.1" 200 -
66.249.73.127 - - [27/Sep/2022:04:02:42 -0500] "-" 408 -
172.22.2.4 - - [27/Sep/2022:04:03:01 -0500] "GET /BLA/boletinlegal/version HTTP/1.1" 404 1018
201.245.192.253 - - [27/Sep/2022:04:05:34 -0500] "POST /kwsrmcab/Wsrmcab  HTTP/1.1" 200 44040
172.22.2.4 - - [27/Sep/2022:04:05:46 -0500] "HEAD /BLA/boletinlegal/ HTTP/1.1" 200 -
216.245.221.92 - - [27/Sep/2022:04:07:28 -0500] "HEAD / HTTP/1.1" 200 -
207.46.13.86 - - [27/Sep/2022:04:07:48 -0500] "GET /BLA/resoluciones/RESOLUCIONES%202005/0201.tif HTTP/1.1" 200 290606
172.22.2.4 - - [27/Sep/2022:04:06:36 -0500] "GET /BLA/boletinlegal/ HTTP/1.1" 200 60281
157.55.39.188 - - [27/Sep/2022:04:08:39 -0500] "GET /sipse/faces/javax.faces.resource/jquery/jquery.js;jsessionid=xjpzum-xvnzgsj9bknta2cgw.undefined?ln=primefaces&v=4.0 HTTP/1.1" 200 105384
66.249.73.127 - - [27/Sep/2022:04:08:52 -0500] "-" 408 -
201.245.192.253 - - [27/Sep/2022:04:10:33 -0500] "POST /kwsrmcab/Wsrmcab  HTTP/1.1" 200 44040
35.229.120.64 - - [27/Sep/2022:04:11:14 -0500] "\x16\x03\x01" 400 226
35.229.120.64 - - [27/Sep/2022:04:11:17 -0500] "OPTIONS / HTTP/1.0" 200 -
157.55.39.200 - - [27/Sep/2022:04:12:15 -0500] "GET /BLA/resoluciones/RESOLUCIONES%202002/RES%202002%20301-350/00000342.tif HTTP/1.1" 200 198680
216.245.221.92 - - [27/Sep/2022:04:12:28 -0500] "HEAD / HTTP/1.1" 200 -
152.89.196.211 - - [27/Sep/2022:04:12:51 -0500] "GET /?XDEBUG_SESSION_START=phpstorm HTTP/1.1" 200 319
172.22.2.4 - - [27/Sep/2022:04:11:36 -0500] "HEAD /BLA/boletinlegal/ HTTP/1.1" 200 -
172.22.2.4 - - [27/Sep/2022:04:12:26 -0500] "GET /BLA/boletinlegal/ HTTP/1.1" 200 58163
66.249.73.127 - - [27/Sep/2022:04:15:13 -0500] "-" 408 -
201.245.192.253 - - [27/Sep/2022:04:15:32 -0500] "POST /kwsrmcab/Wsrmcab  HTTP/1.1" 200 44040
216.245.221.92 - - [27/Sep/2022:04:17:28 -0500] "HEAD / HTTP/1.1" 200 -
201.245.192.253 - - [27/Sep/2022:04:18:56 -0500] "POST /kwsrmcab/Wsrmcab HTTP/1.1" 200 43909
201.245.192.253 - - [27/Sep/2022:04:19:00 -0500] "POST /kwsrmcab/Wsrmcab HTTP/1.1" 200 44668
172.22.2.4 - - [27/Sep/2022:04:17:26 -0500] "HEAD /BLA/boletinlegal/ HTTP/1.1" 200 -
172.22.2.4 - - [27/Sep/2022:04:18:16 -0500] "GET /BLA/boletinlegal/ HTTP/1.1" 200 56376
201.245.192.253 - - [27/Sep/2022:04:20:32 -0500] "POST /kwsrmcab/Wsrmcab  HTTP/1.1" 200 44040
66.249.73.127 - - [27/Sep/2022:04:21:05 -0500] "-" 408 -
207.46.13.86 - - [27/Sep/2022:04:21:19 -0500] "GET /BLA/resoluciones/RESOLUCIONES%202016/2199.pdf HTTP/1.1" 304 -
216.245.221.92 - - [27/Sep/2022:04:22:28 -0500] "HEAD / HTTP/1.1" 200 -
172.22.2.4 - - [27/Sep/2022:04:22:29 -0500] "GET /BLA/boletinlegal/robots.txt HTTP/1.1" 404 1038
172.22.2.4 - - [27/Sep/2022:04:22:31 -0500] "GET /BLA/boletinlegal/jurisprudencia.php HTTP/1.1" 200 17573
157.55.39.202 - - [27/Sep/2022:04:23:46 -0500] "GET /BLA/resoluciones/RESOLUCIONES%202021/2903.pdf HTTP/1.1" 200 474460
172.22.2.4 - - [27/Sep/2022:04:23:16 -0500] "HEAD /BLA/boletinlegal/ HTTP/1.1" 200 -
201.245.192.253 - - [27/Sep/2022:04:25:31 -0500] "POST /kwsrmcab/Wsrmcab  HTTP/1.1" 200 44040
172.22.2.4 - - [27/Sep/2022:04:24:06 -0500] "GET /BLA/boletinlegal/ HTTP/1.1" 200 54356
216.245.221.92 - - [27/Sep/2022:04:27:28 -0500] "HEAD / HTTP/1.1" 200 -
66.249.73.127 - - [27/Sep/2022:04:28:17 -0500] "-" 408 -
157.55.39.25 - - [27/Sep/2022:04:28:57 -0500] "GET /BLA/resoluciones/RESOLUCIONES%202002/RES%202002%20301-350/00000339.tif HTTP/1.1" 200 67156
201.245.192.253 - - [27/Sep/2022:04:28:56 -0500] "POST /kwsrmcab/Wsrmcab HTTP/1.1" 200 43909
201.245.192.253 - - [27/Sep/2022:04:29:00 -0500] "POST /kwsrmcab/Wsrmcab HTTP/1.1" 200 44668
201.245.192.253 - - [27/Sep/2022:04:30:30 -0500] "POST /kwsrmcab/Wsrmcab  HTTP/1.1" 200 44040
172.22.2.4 - - [27/Sep/2022:04:29:06 -0500] "HEAD /BLA/boletinlegal/ HTTP/1.1" 200 -
172.22.2.4 - - [27/Sep/2022:04:29:56 -0500] "GET /BLA/boletinlegal/ HTTP/1.1" 200 58163
207.46.13.86 - - [27/Sep/2022:04:32:20 -0500] "GET /BLA/resoluciones/RESOLUCIONES%202002/RES%202002%20301-350/00000347.tif HTTP/1.1" 200 83768
216.245.221.92 - - [27/Sep/2022:04:32:28 -0500] "HEAD / HTTP/1.1" 200 -
201.245.192.253 - - [27/Sep/2022:04:35:29 -0500] "POST /kwsrmcab/Wsrmcab  HTTP/1.1" 200 44040
172.22.2.4 - - [27/Sep/2022:04:33:56 -0500] "GET /BLA/boletinlegal/ HTTP/1.1" 200 60281
172.22.2.4 - - [27/Sep/2022:04:34:56 -0500] "HEAD /BLA/boletinlegal/ HTTP/1.1" 200 -
66.249.73.127 - - [27/Sep/2022:04:36:39 -0500] "-" 408 -
157.55.39.200 - - [27/Sep/2022:04:37:07 -0500] "GET /BLA/resoluciones/00000310.tif HTTP/1.1" 404 1018
172.22.2.4 - - [27/Sep/2022:04:35:46 -0500] "GET /BLA/boletinlegal/ HTTP/1.1" 200 54823
216.245.221.92 - - [27/Sep/2022:04:37:28 -0500] "HEAD / HTTP/1.1" 200 -
207.46.13.40 - - [27/Sep/2022:04:37:40 -0500] "GET /BLA/resoluciones/00000323.tif HTTP/1.1" 404 1018
172.22.2.4 - - [27/Sep/2022:04:38:11 -0500] "GET /BLA/boletinlegal/js/jquery.scrollShow.js HTTP/1.1" 200 4586
172.22.2.4 - - [27/Sep/2022:04:38:12 -0500] "GET /BLA/boletinlegal/js/jquery.js HTTP/1.1" 200 57254
157.55.39.200 - - [27/Sep/2022:04:38:18 -0500] "GET /BLA/resoluciones/00000334.tif HTTP/1.1" 404 1018
201.245.192.253 - - [27/Sep/2022:04:38:56 -0500] "POST /kwsrmcab/Wsrmcab HTTP/1.1" 200 43909
201.245.192.253 - - [27/Sep/2022:04:39:00 -0500] "POST /kwsrmcab/Wsrmcab HTTP/1.1" 200 44668
152.89.196.211 - - [27/Sep/2022:04:39:34 -0500] "GET /console/ HTTP/1.1" 404 1018
201.245.192.253 - - [27/Sep/2022:04:40:28 -0500] "POST /kwsrmcab/Wsrmcab  HTTP/1.1" 200 44040
66.249.73.127 - - [27/Sep/2022:04:42:19 -0500] "-" 408 -
172.22.2.4 - - [27/Sep/2022:04:40:46 -0500] "HEAD /BLA/boletinlegal/ HTTP/1.1" 200 -
216.245.221.92 - - [27/Sep/2022:04:42:28 -0500] "HEAD / HTTP/1.1" 200 -
172.22.2.4 - - [27/Sep/2022:04:41:36 -0500] "GET /BLA/boletinlegal/ HTTP/1.1" 200 57725
201.245.192.253 - - [27/Sep/2022:04:45:26 -0500] "POST /kwsrmcab/Wsrmcab  HTTP/1.1" 200 44040
216.245.221.92 - - [27/Sep/2022:04:47:28 -0500] "HEAD / HTTP/1.1" 200 -
172.22.2.4 - - [27/Sep/2022:04:46:36 -0500] "HEAD /BLA/boletinlegal/ HTTP/1.1" 200 -
172.22.2.4 - - [27/Sep/2022:04:48:59 -0500] "GET /BLA/boletinlegal/actos.php HTTP/1.1" 200 9559
172.22.2.4 - - [27/Sep/2022:04:47:26 -0500] "GET /BLA/boletinlegal/ HTTP/1.1" 200 58163
172.22.2.4 - - [27/Sep/2022:04:49:10 -0500] "GET /BLA/boletinlegal/styles2.css HTTP/1.1" 200 1838
172.22.2.4 - - [27/Sep/2022:04:49:13 -0500] "GET /BLA/boletinlegal/js/jquery1.js HTTP/1.1" 200 29846
172.22.2.4 - - [27/Sep/2022:04:49:15 -0500] "GET /BLA/boletinlegal/js/ajax_actos.js HTTP/1.1" 200 1322
172.22.2.4 - - [27/Sep/2022:04:49:20 -0500] "GET /BLA/boletinlegal/js/lib.js HTTP/1.1" 200 6474
172.22.2.4 - - [27/Sep/2022:04:49:20 -0500] "GET /BLA/boletinlegal/niceforms-default.css HTTP/1.1" 200 6694
172.22.2.4 - - [27/Sep/2022:04:49:20 -0500] "GET /BLA/boletinlegal/niceforms.js HTTP/1.1" 200 22876
172.22.2.4 - - [27/Sep/2022:04:49:25 -0500] "GET /BLA/boletinlegal/js/popup.js HTTP/1.1" 200 1270
201.245.192.253 - - [27/Sep/2022:04:50:25 -0500] "POST /kwsrmcab/Wsrmcab  HTTP/1.1" 200 44040
216.245.221.92 - - [27/Sep/2022:04:52:28 -0500] "HEAD / HTTP/1.1" 200 -
207.46.13.213 - - [27/Sep/2022:04:52:32 -0500] "GET / HTTP/1.1" 200 4720
172.22.2.4 - - [27/Sep/2022:04:52:26 -0500] "HEAD /BLA/boletinlegal/ HTTP/1.1" 200 -
172.22.2.4 - - [27/Sep/2022:04:54:09 -0500] "GET /BLA/boletinlegal/actos.php HTTP/1.1" 200 9559
172.22.2.4 - - [27/Sep/2022:04:53:16 -0500] "GET /BLA/boletinlegal/ HTTP/1.1" 200 58163
201.245.192.253 - - [27/Sep/2022:04:55:25 -0500] "POST /kwsrmcab/Wsrmcab  HTTP/1.1" 200 44040
66.249.73.127 - - [27/Sep/2022:04:57:14 -0500] "-" 408 -
207.46.13.40 - - [27/Sep/2022:04:57:15 -0500] "GET /svr-ciudadano? HTTP/1.1" 301 245
207.46.13.40 - - [27/Sep/2022:04:57:16 -0500] "GET /svr-ciudadano/? HTTP/1.1" 200 90640
216.245.221.92 - - [27/Sep/2022:04:57:28 -0500] "HEAD / HTTP/1.1" 200 -
157.55.39.202 - - [27/Sep/2022:04:59:20 -0500] "GET /BLA/resoluciones/index.php?dir=RESOLUCIONES+2018%2F HTTP/1.1" 200 271266
157.55.39.202 - - [27/Sep/2022:04:59:40 -0500] "GET /BLA/resoluciones/dlf/styles.css HTTP/1.1" 200 3049
172.22.2.4 - - [27/Sep/2022:04:58:16 -0500] "HEAD /BLA/boletinlegal/ HTTP/1.1" 200 -
201.245.192.253 - - [27/Sep/2022:05:00:24 -0500] "POST /kwsrmcab/Wsrmcab  HTTP/1.1" 200 44040
172.22.2.4 - - [27/Sep/2022:04:59:06 -0500] "GET /BLA/boletinlegal/ HTTP/1.1" 200 57725
157.55.39.200 - - [27/Sep/2022:05:01:00 -0500] "GET /BLA/resoluciones/00000319.tif HTTP/1.1" 404 1018
216.245.221.92 - - [27/Sep/2022:05:02:28 -0500] "HEAD / HTTP/1.1" 200 -
46.245.46.39 - - [27/Sep/2022:05:02:57 -0500] "GET / HTTP/1.1" 200 319
66.249.73.127 - - [27/Sep/2022:05:03:36 -0500] "-" 408 -
172.22.2.4 - - [27/Sep/2022:05:04:08 -0500] "GET /BLA/boletinlegal/robots.txt HTTP/1.1" 404 1038
172.22.2.4 - - [27/Sep/2022:05:04:11 -0500] "GET /BLA/boletinlegal/Directivas/2022/DIRECTIVA%20No.%2000002%20DEL%2022%20DE%20JUNIO%20DEL%202022.pdf HTTP/1.1" 200 384175
128.14.136.18 - - [27/Sep/2022:05:04:11 -0500] "GET /portaldeninos/ HTTP/1.1" 200 110197
157.55.39.202 - - [27/Sep/2022:05:04:50 -0500] "GET /sipse/faces/autenticacion.xhtml HTTP/1.1" 200 12497
201.245.192.253 - - [27/Sep/2022:05:05:23 -0500] "POST /kwsrmcab/Wsrmcab  HTTP/1.1" 200 44040
172.22.2.4 - - [27/Sep/2022:05:04:06 -0500] "HEAD /BLA/boletinlegal/ HTTP/1.1" 200 -
172.22.2.4 - - [27/Sep/2022:05:04:56 -0500] "GET /BLA/boletinlegal/ HTTP/1.1" 200 60281
216.245.221.92 - - [27/Sep/2022:05:07:28 -0500] "HEAD / HTTP/1.1" 200 -
157.55.39.25 - - [27/Sep/2022:05:07:53 -0500] "GET /catalogoisis/ HTTP/1.1" 200 8575
152.89.196.211 - - [27/Sep/2022:05:09:24 -0500] "POST /Autodiscover/Autodiscover.xml HTTP/1.1" 404 1018
172.22.2.4 - - [27/Sep/2022:05:09:59 -0500] "GET /BLA/boletinlegal/.env HTTP/1.1" 404 1018
201.245.192.253 - - [27/Sep/2022:05:10:22 -0500] "POST /kwsrmcab/Wsrmcab  HTTP/1.1" 200 44040
172.22.2.4 - - [27/Sep/2022:05:09:56 -0500] "HEAD /BLA/boletinlegal/ HTTP/1.1" 200 -
172.22.2.4 - - [27/Sep/2022:05:10:46 -0500] "GET /BLA/boletinlegal/ HTTP/1.1" 200 59828
216.245.221.92 - - [27/Sep/2022:05:12:28 -0500] "HEAD / HTTP/1.1" 200 -
207.46.13.181 - - [27/Sep/2022:05:13:51 -0500] "GET /portaldeninos/que-es-cambio-climatico/ HTTP/1.1" 200 86727
207.46.13.211 - - [27/Sep/2022:05:14:11 -0500] "GET /portaldeninos/wp-content/uploads/2020/01/Infograf%C3%ADa.gif%22%22 HTTP/1.1" 301 -
207.46.13.211 - - [27/Sep/2022:05:14:12 -0500] "GET /portaldeninos/wp-content/uploads/2020/01/Infograf%C3%ADa.gif HTTP/1.1" 200 965626
201.245.192.253 - - [27/Sep/2022:05:15:20 -0500] "POST /kwsrmcab/Wsrmcab  HTTP/1.1" 200 44040
185.119.81.100 - - [27/Sep/2022:05:15:37 -0500] "GET /portaldeninos/wp-login.php HTTP/1.1" 200 2592
185.119.81.100 - - [27/Sep/2022:05:15:38 -0500] "POST /portaldeninos/wp-login.php HTTP/1.1" 200 3605
172.22.2.4 - - [27/Sep/2022:05:15:46 -0500] "HEAD /BLA/boletinlegal/ HTTP/1.1" 200 -
216.245.221.92 - - [27/Sep/2022:05:17:28 -0500] "HEAD / HTTP/1.1" 200 -
172.22.2.4 - - [27/Sep/2022:05:16:36 -0500] "GET /BLA/boletinlegal/ HTTP/1.1" 200 59828
201.245.192.253 - - [27/Sep/2022:05:18:57 -0500] "POST /kwsrmcab/Wsrmcab HTTP/1.1" 200 44207
201.245.192.253 - - [27/Sep/2022:05:19:01 -0500] "POST /kwsrmcab/Wsrmcab HTTP/1.1" 200 44828
157.55.39.188 - - [27/Sep/2022:05:19:46 -0500] "GET /BLA/resoluciones/index.php?dir=RESOLUCIONES+2009%2F HTTP/1.1" 200 790475
201.245.192.253 - - [27/Sep/2022:05:20:19 -0500] "POST /kwsrmcab/Wsrmcab  HTTP/1.1" 200 44040
216.245.221.92 - - [27/Sep/2022:05:22:28 -0500] "HEAD / HTTP/1.1" 200 -
172.22.2.4 - - [27/Sep/2022:05:21:36 -0500] "HEAD /BLA/boletinlegal/ HTTP/1.1" 200 -
31.148.130.238 - - [27/Sep/2022:05:23:59 -0500] "GET /BLA/resoluciones/AUTOS%202021/2163.pdf HTTP/1.1" 200 2652054
172.22.2.4 - - [27/Sep/2022:05:22:26 -0500] "GET /BLA/boletinlegal/ HTTP/1.1" 200 59828
201.245.192.253 - - [27/Sep/2022:05:25:18 -0500] "POST /kwsrmcab/Wsrmcab  HTTP/1.1" 200 44040
185.119.81.100 - - [27/Sep/2022:05:25:52 -0500] "GET /portaldeninos/wp-login.php HTTP/1.1" 200 2592
185.119.81.100 - - [27/Sep/2022:05:25:53 -0500] "POST /portaldeninos/wp-login.php HTTP/1.1" 200 3670
216.245.221.92 - - [27/Sep/2022:05:27:28 -0500] "HEAD / HTTP/1.1" 200 -
201.245.192.253 - - [27/Sep/2022:05:28:57 -0500] "POST /kwsrmcab/Wsrmcab HTTP/1.1" 200 44207
201.245.192.253 - - [27/Sep/2022:05:29:00 -0500] "POST /kwsrmcab/Wsrmcab HTTP/1.1" 200 44828
172.22.2.4 - - [27/Sep/2022:05:27:26 -0500] "HEAD /BLA/boletinlegal/ HTTP/1.1" 200 -
172.22.2.4 - - [27/Sep/2022:05:28:16 -0500] "GET /BLA/boletinlegal/ HTTP/1.1" 200 56376
201.245.192.253 - - [27/Sep/2022:05:30:17 -0500] "POST /kwsrmcab/Wsrmcab  HTTP/1.1" 200 44040
216.245.221.92 - - [27/Sep/2022:05:32:28 -0500] "HEAD / HTTP/1.1" 200 -
157.55.39.200 - - [27/Sep/2022:05:33:35 -0500] "GET / HTTP/1.1" 200 319
172.22.2.4 - - [27/Sep/2022:05:33:16 -0500] "HEAD /BLA/boletinlegal/ HTTP/1.1" 200 -
34.91.215.44 - - [27/Sep/2022:05:35:05 -0500] "GET / HTTP/1.1" 200 319
34.91.215.44 - - [27/Sep/2022:05:35:05 -0500] "GET / HTTP/1.1" 200 4720
207.46.13.40 - - [27/Sep/2022:05:35:15 -0500] "GET /BLA/resoluciones/00001068.tif HTTP/1.1" 404 1018
201.245.192.253 - - [27/Sep/2022:05:35:16 -0500] "POST /kwsrmcab/Wsrmcab  HTTP/1.1" 200 44040
172.22.2.4 - - [27/Sep/2022:05:34:06 -0500] "GET /BLA/boletinlegal/ HTTP/1.1" 200 60281
216.245.221.92 - - [27/Sep/2022:05:37:28 -0500] "HEAD / HTTP/1.1" 200 -
201.245.192.253 - - [27/Sep/2022:05:38:57 -0500] "POST /kwsrmcab/Wsrmcab HTTP/1.1" 200 44207
201.245.192.253 - - [27/Sep/2022:05:39:00 -0500] "POST /kwsrmcab/Wsrmcab HTTP/1.1" 200 44828
201.245.192.253 - - [27/Sep/2022:05:40:15 -0500] "POST /kwsrmcab/Wsrmcab  HTTP/1.1" 200 44040
172.22.2.4 - - [27/Sep/2022:05:39:06 -0500] "HEAD /BLA/boletinlegal/ HTTP/1.1" 200 -
172.22.2.4 - - [27/Sep/2022:05:39:56 -0500] "GET /BLA/boletinlegal/ HTTP/1.1" 200 55630
216.245.221.92 - - [27/Sep/2022:05:42:28 -0500] "HEAD / HTTP/1.1" 200 -
157.55.39.25 - - [27/Sep/2022:05:43:49 -0500] "GET /galeria/galeria/fotos/Humedal-la-Isla4G.jpg HTTP/1.1" 200 238346
172.22.2.4 - - [27/Sep/2022:05:45:02 -0500] "GET /BLA/boletinlegal/Electron/download/windows/%5CWindows%5Cwin.ini HTTP/1.1" 404 1011
201.245.192.253 - - [27/Sep/2022:05:45:14 -0500] "POST /kwsrmcab/Wsrmcab  HTTP/1.1" 200 44040
172.22.2.4 - - [27/Sep/2022:05:44:56 -0500] "HEAD /BLA/boletinlegal/ HTTP/1.1" 200 -
172.22.2.4 - - [27/Sep/2022:05:45:46 -0500] "GET /BLA/boletinlegal/ HTTP/1.1" 200 58163
216.245.221.92 - - [27/Sep/2022:05:47:28 -0500] "HEAD / HTTP/1.1" 200 -
185.119.81.96 - - [27/Sep/2022:05:48:54 -0500] "GET /portaldeninos/wp-login.php HTTP/1.1" 200 2592
185.119.81.96 - - [27/Sep/2022:05:48:55 -0500] "POST /portaldeninos/wp-login.php HTTP/1.1" 200 3605
201.245.192.253 - - [27/Sep/2022:05:50:13 -0500] "POST /kwsrmcab/Wsrmcab  HTTP/1.1" 200 44040
79.110.73.211 - - [27/Sep/2022:05:52:05 -0500] "GET /BLA/resoluciones/AUTOS%202021/4510.pdf HTTP/1.1" 200 353658
66.249.73.127 - - [27/Sep/2022:05:52:05 -0500] "-" 408 -
172.22.2.4 - - [27/Sep/2022:05:50:46 -0500] "HEAD /BLA/boletinlegal/ HTTP/1.1" 200 -
216.245.221.92 - - [27/Sep/2022:05:52:28 -0500] "HEAD / HTTP/1.1" 200 -
172.22.2.4 - - [27/Sep/2022:05:51:36 -0500] "GET /BLA/boletinlegal/ HTTP/1.1" 200 56014
201.245.192.253 - - [27/Sep/2022:05:55:12 -0500] "POST /kwsrmcab/Wsrmcab  HTTP/1.1" 200 44040
152.89.196.211 - - [27/Sep/2022:05:56:01 -0500] "GET /_ignition/execute-solution HTTP/1.1" 404 1018
172.22.2.4 - - [27/Sep/2022:05:56:13 -0500] "GET /BLA/boletinlegal/style.css HTTP/1.1" 200 9406
172.22.2.4 - - [27/Sep/2022:05:56:13 -0500] "GET /BLA/boletinlegal/styles2.css HTTP/1.1" 200 1838
172.22.2.4 - - [27/Sep/2022:05:56:13 -0500] "GET /BLA/boletinlegal/js/jquery.js HTTP/1.1" 200 57254
172.22.2.4 - - [27/Sep/2022:05:56:13 -0500] "GET /BLA/boletinlegal/js/jquery.scrollTo-min.js HTTP/1.1" 200 1150
172.22.2.4 - - [27/Sep/2022:05:56:13 -0500] "GET /BLA/boletinlegal/js/jquery.scrollShow.js HTTP/1.1" 200 4586
172.22.2.4 - - [27/Sep/2022:05:56:13 -0500] "GET /BLA/boletinlegal/images/cabezote%20BLEGAL.jpg HTTP/1.1" 200 118164
172.22.2.4 - - [27/Sep/2022:05:56:14 -0500] "GET /BLA/boletinlegal/images/subscribe-icon-big.png HTTP/1.1" 200 47702
172.22.2.4 - - [27/Sep/2022:05:56:14 -0500] "GET /BLA/boletinlegal/images/historia.png HTTP/1.1" 200 52775
172.22.2.4 - - [27/Sep/2022:05:56:14 -0500] "GET /BLA/boletinlegal/images/registro-usuarios.png HTTP/1.1" 200 8106
172.22.2.4 - - [27/Sep/2022:05:56:14 -0500] "GET /BLA/boletinlegal/images/arr_l.jpg HTTP/1.1" 200 1979
172.22.2.4 - - [27/Sep/2022:05:56:14 -0500] "GET /BLA/boletinlegal/images/menu_lft.gif HTTP/1.1" 200 1713
172.22.2.4 - - [27/Sep/2022:05:56:14 -0500] "GET /BLA/boletinlegal/images/bg_top.jpg HTTP/1.1" 200 522
172.22.2.4 - - [27/Sep/2022:05:56:14 -0500] "GET /BLA/boletinlegal/images/text.jpg HTTP/1.1" 200 568
172.22.2.4 - - [27/Sep/2022:05:56:14 -0500] "GET /BLA/boletinlegal/images/hover.jpg HTTP/1.1" 200 640
172.22.2.4 - - [27/Sep/2022:05:56:14 -0500] "GET /BLA/boletinlegal/images/body_bg.jpg HTTP/1.1" 200 1601
172.22.2.4 - - [27/Sep/2022:05:56:14 -0500] "GET /BLA/boletinlegal/images/menu_rght.gif HTTP/1.1" 200 1627
172.22.2.4 - - [27/Sep/2022:05:56:14 -0500] "GET /BLA/boletinlegal/images/menu_bg.jpg HTTP/1.1" 200 620
172.22.2.4 - - [27/Sep/2022:05:56:14 -0500] "GET /BLA/boletinlegal/images/screen_1.png HTTP/1.1" 200 202547
172.22.2.4 - - [27/Sep/2022:05:56:14 -0500] "GET /BLA/boletinlegal/images/launch.jpg HTTP/1.1" 200 14577
172.22.2.4 - - [27/Sep/2022:05:56:20 -0500] "GET /BLA/boletinlegal/images/screen_2.png HTTP/1.1" 200 362502
172.22.2.4 - - [27/Sep/2022:05:56:20 -0500] "GET /BLA/boletinlegal/images/screen_3.png HTTP/1.1" 200 210620
172.22.2.4 - - [27/Sep/2022:05:56:20 -0500] "GET /BLA/boletinlegal/images/screen_5.png HTTP/1.1" 200 368876
172.22.2.4 - - [27/Sep/2022:05:56:20 -0500] "GET /BLA/boletinlegal/images/arr_r.jpg HTTP/1.1" 200 1998
172.22.2.4 - - [27/Sep/2022:05:56:20 -0500] "GET /BLA/boletinlegal/images/footer_bg.jpg HTTP/1.1" 200 586
172.22.2.4 - - [27/Sep/2022:05:56:28 -0500] "GET /BLA/boletinlegal/images/pdf.gif HTTP/1.1" 200 567
172.22.2.4 - - [27/Sep/2022:05:56:13 -0500] "GET /BLA/boletinlegal/ HTTP/1.1" 200 36811
216.245.221.92 - - [27/Sep/2022:05:57:28 -0500] "HEAD / HTTP/1.1" 200 -
172.22.2.4 - - [27/Sep/2022:05:56:36 -0500] "HEAD /BLA/boletinlegal/ HTTP/1.1" 200 -
172.22.2.4 - - [27/Sep/2022:05:57:26 -0500] "GET /BLA/boletinlegal/ HTTP/1.1" 200 57725
201.245.192.253 - - [27/Sep/2022:06:00:11 -0500] "POST /kwsrmcab/Wsrmcab  HTTP/1.1" 200 44040
216.245.221.92 - - [27/Sep/2022:06:02:28 -0500] "HEAD / HTTP/1.1" 200 -
172.22.2.4 - - [27/Sep/2022:06:02:26 -0500] "HEAD /BLA/boletinlegal/ HTTP/1.1" 200 -
172.22.2.4 - - [27/Sep/2022:06:03:16 -0500] "GET /BLA/boletinlegal/ HTTP/1.1" 200 57725
201.245.192.253 - - [27/Sep/2022:06:05:10 -0500] "POST /kwsrmcab/Wsrmcab  HTTP/1.1" 200 44040
157.55.39.200 - - [27/Sep/2022:06:06:37 -0500] "GET /BLA/resoluciones/AUTOS%202021/5023.pdf HTTP/1.1" 304 -
173.252.83.9 - - [27/Sep/2022:06:06:41 -0500] "GET /galeria/galeria/fotos/Humedal-la-conejera4P.jpg HTTP/1.1" 200 33365
216.245.221.92 - - [27/Sep/2022:06:07:28 -0500] "HEAD / HTTP/1.1" 200 -
207.46.13.40 - - [27/Sep/2022:06:07:48 -0500] "GET /BLA/resoluciones/RESOLUCIONES%202002/RES%202002%20301-350/00000313.tif HTTP/1.1" 200 74500
157.55.39.25 - - [27/Sep/2022:06:08:22 -0500] "GET /BLA/resoluciones/00000339.tif HTTP/1.1" 404 1018
69.63.184.116 - - [27/Sep/2022:06:09:08 -0500] "GET /en-navidad-bogota-protege-el-musgo-y-sus-ecosistemas.html HTTP/1.1" 206 802
64.20.63.126 - - [27/Sep/2022:06:09:29 -0500] "GET /game/zhuce/index.php HTTP/1.1" 404 1018
172.22.2.4 - - [27/Sep/2022:06:08:16 -0500] "HEAD /BLA/boletinlegal/ HTTP/1.1" 200 -
201.245.192.253 - - [27/Sep/2022:06:10:10 -0500] "POST /kwsrmcab/Wsrmcab  HTTP/1.1" 200 44040
172.22.2.4 - - [27/Sep/2022:06:09:06 -0500] "GET /BLA/boletinlegal/ HTTP/1.1" 200 56014
216.245.221.92 - - [27/Sep/2022:06:12:28 -0500] "HEAD / HTTP/1.1" 200 -
201.245.192.253 - - [27/Sep/2022:06:15:07 -0500] "POST /kwsrmcab/Wsrmcab  HTTP/1.1" 200 44040
172.22.2.4 - - [27/Sep/2022:06:14:06 -0500] "HEAD /BLA/boletinlegal/ HTTP/1.1" 200 -
207.46.13.40 - - [27/Sep/2022:06:15:47 -0500] "GET /BLA/resoluciones/AUTOS%202022/0433.pdf HTTP/1.1" 304 -
172.22.2.4 - - [27/Sep/2022:06:14:56 -0500] "GET /BLA/boletinlegal/ HTTP/1.1" 200 58163
157.55.39.200 - - [27/Sep/2022:06:17:16 -0500] "GET /BLA/resoluciones/00000348.tif HTTP/1.1" 404 1018
216.245.221.92 - - [27/Sep/2022:06:17:28 -0500] "HEAD / HTTP/1.1" 200 -
191.156.56.47 - - [27/Sep/2022:06:18:18 -0500] "GET /catalogoisis/ HTTP/1.1" 200 8575
191.156.56.47 - - [27/Sep/2022:06:18:21 -0500] "GET /catalogoisis/Css/Busqueda.css HTTP/1.1" 200 1995
191.156.51.113 - - [27/Sep/2022:06:18:21 -0500] "GET /catalogoisis/Js/AceptarLimpiar.js HTTP/1.1" 200 331
191.156.61.196 - - [27/Sep/2022:06:18:21 -0500] "GET /catalogoisis/Js/Cookies.js HTTP/1.1" 200 1369
191.156.61.183 - - [27/Sep/2022:06:18:21 -0500] "GET /catalogoisis/Js/Remote.js HTTP/1.1" 200 436
191.156.51.113 - - [27/Sep/2022:06:18:21 -0500] "GET /catalogoisis/Js/CriterioCombinada.js HTTP/1.1" 200 1843
191.156.61.183 - - [27/Sep/2022:06:18:21 -0500] "GET /catalogoisis/Js/LimpiarCombinada.js HTTP/1.1" 200 207
191.156.51.113 - - [27/Sep/2022:06:18:21 -0500] "GET /catalogoisis/Js/Go.js HTTP/1.1" 200 364
191.156.56.47 - - [27/Sep/2022:06:18:21 -0500] "GET /catalogoisis/Js/Numero.js HTTP/1.1" 200 398
191.156.61.196 - - [27/Sep/2022:06:18:21 -0500] "GET /catalogoisis/Js/Enter.js HTTP/1.1" 200 1208
191.156.56.47 - - [27/Sep/2022:06:18:21 -0500] "GET /catalogoisis/imagenes/br1c1.gif HTTP/1.1" 200 172
191.156.61.196 - - [27/Sep/2022:06:18:21 -0500] "GET /catalogoisis/imagenes/Header.gif HTTP/1.1" 200 30313
191.156.61.183 - - [27/Sep/2022:06:18:21 -0500] "GET /catalogoisis/imagenes/Turnbo1.gif HTTP/1.1" 200 227
191.156.61.183 - - [27/Sep/2022:06:18:21 -0500] "GET /catalogoisis/imagenes/limpiar1.gif HTTP/1.1" 200 606
191.156.51.113 - - [27/Sep/2022:06:18:21 -0500] "GET /catalogoisis/imagenes/br1c3.gif HTTP/1.1" 200 302
