207.46.13.190 - - [30/Sep/2022:04:44:48 -0500] "GET /BLA/resoluciones/index.php?dir=RESOLUCIONES+2002%2FRES+2002+101-150%2F HTTP/1.1" 200 12339
172.22.2.4 - - [30/Sep/2022:04:43:57 -0500] "GET /BLA/boletinlegal/ HTTP/1.1" 200 54003
69.63.184.119 - - [30/Sep/2022:04:45:37 -0500] "GET /images/jardines-verticales-plantas-24-mayo.jpg HTTP/1.1" 200 148288
66.249.73.127 - - [30/Sep/2022:04:46:35 -0500] "-" 408 -
69.63.184.118 - - [30/Sep/2022:04:47:50 -0500] "GET /images/eficiencia-energetica-11-marzo.jpg HTTP/1.1" 200 46478
216.245.221.92 - - [30/Sep/2022:04:48:07 -0500] "HEAD / HTTP/1.1" 200 -
201.245.192.253 - - [30/Sep/2022:04:49:17 -0500] "POST /kwsrmcab/Wsrmcab  HTTP/1.1" 200 43876
207.46.13.213 - - [30/Sep/2022:04:49:28 -0500] "GET /portaldeninos/aulas-ambientales/aula-ambiental-sorotama/ HTTP/1.1" 200 89596
172.22.2.4 - - [30/Sep/2022:04:48:56 -0500] "HEAD /BLA/boletinlegal/ HTTP/1.1" 200 -
172.22.2.4 - - [30/Sep/2022:04:50:46 -0500] "GET /BLA/boletinlegal/robots.txt HTTP/1.1" 404 1038
45.61.187.18 - - [30/Sep/2022:04:50:43 -0500] "POST /boaform/admin/formLogin HTTP/1.1" 404 1186
185.119.81.96 - - [30/Sep/2022:04:51:05 -0500] "GET /portaldeninos/wp-login.php HTTP/1.1" 200 2592
185.119.81.96 - - [30/Sep/2022:04:51:06 -0500] "POST /portaldeninos/wp-login.php HTTP/1.1" 200 3650
172.22.2.4 - - [30/Sep/2022:04:49:47 -0500] "GET /BLA/boletinlegal/ HTTP/1.1" 200 52877
172.22.2.4 - - [30/Sep/2022:04:51:59 -0500] "GET /BLA/boletinlegal/images/icono-email.png HTTP/1.1" 200 5544
66.249.73.127 - - [30/Sep/2022:04:52:48 -0500] "-" 408 -
216.245.221.92 - - [30/Sep/2022:04:53:07 -0500] "HEAD / HTTP/1.1" 200 -
201.245.192.253 - - [30/Sep/2022:04:54:16 -0500] "POST /kwsrmcab/Wsrmcab  HTTP/1.1" 200 43876
172.22.2.4 - - [30/Sep/2022:04:54:46 -0500] "HEAD /BLA/boletinlegal/ HTTP/1.1" 200 -
34.67.96.123 - - [30/Sep/2022:04:56:59 -0500] "GET /galeria/galeria/fotos/2CaminataP5.jpg HTTP/1.1" 200 28121
172.22.2.4 - - [30/Sep/2022:04:55:37 -0500] "GET /BLA/boletinlegal/ HTTP/1.1" 200 60281
34.91.189.238 - - [30/Sep/2022:04:57:29 -0500] "GET / HTTP/1.1" 200 319
34.91.189.238 - - [30/Sep/2022:04:57:29 -0500] "GET / HTTP/1.1" 200 4720
216.245.221.92 - - [30/Sep/2022:04:58:07 -0500] "HEAD / HTTP/1.1" 200 -
201.245.192.253 - - [30/Sep/2022:04:59:15 -0500] "POST /kwsrmcab/Wsrmcab  HTTP/1.1" 200 43876
66.249.73.127 - - [30/Sep/2022:04:59:20 -0500] "-" 408 -
172.22.2.4 - - [30/Sep/2022:05:00:36 -0500] "HEAD /BLA/boletinlegal/ HTTP/1.1" 200 -
173.252.83.16 - - [30/Sep/2022:05:02:53 -0500] "GET /galeria/galeria/fotos/2humedal-Burro2P.jpg HTTP/1.1" 200 8996
172.22.2.4 - - [30/Sep/2022:05:01:27 -0500] "GET /BLA/boletinlegal/ HTTP/1.1" 200 58163
216.245.221.92 - - [30/Sep/2022:05:03:07 -0500] "HEAD / HTTP/1.1" 200 -
207.46.13.89 - - [30/Sep/2022:05:04:13 -0500] "GET /sipse/faces/autenticacion.xhtml HTTP/1.1" 200 12498
201.245.192.253 - - [30/Sep/2022:05:04:14 -0500] "POST /kwsrmcab/Wsrmcab  HTTP/1.1" 200 43876
207.46.13.190 - - [30/Sep/2022:05:04:28 -0500] "GET /sipse/css/custom_css_sg_prime_login.css HTTP/1.1" 200 443
157.55.39.202 - - [30/Sep/2022:05:04:32 -0500] "GET /sipse/faces/javax.faces.resource/jquery/jquery.js;jsessionid=wrRI68E4drEdO9SmcLuHOPJp.undefined?ln=primefaces&v=4.0 HTTP/1.1" 200 105384
207.46.13.84 - - [30/Sep/2022:05:04:33 -0500] "GET /sipse/faces/javax.faces.resource/jquery/jquery-plugins.js;jsessionid=wrRI68E4drEdO9SmcLuHOPJp.undefined?ln=primefaces&v=4.0 HTTP/1.1" 200 220526
157.55.39.25 - - [30/Sep/2022:05:04:37 -0500] "GET /sipse/js/funciones.js HTTP/1.1" 200 12592
207.46.13.84 - - [30/Sep/2022:05:04:42 -0500] "GET /sipse/js/disable_browser_buttons.js HTTP/1.1" 200 3230
66.249.73.127 - - [30/Sep/2022:05:05:15 -0500] "-" 408 -
157.55.39.25 - - [30/Sep/2022:05:06:55 -0500] "GET /catalogoisis/ HTTP/1.1" 200 8575
207.46.13.190 - - [30/Sep/2022:05:06:59 -0500] "GET /BLA/resoluciones/00001794.tif HTTP/1.1" 404 1018
157.55.39.202 - - [30/Sep/2022:05:07:09 -0500] "GET /catalogoisis/Js/Go.js HTTP/1.1" 200 364
207.46.13.89 - - [30/Sep/2022:05:07:13 -0500] "GET /sipse/css/custom_css_sg.css HTTP/1.1" 200 9694
207.46.13.84 - - [30/Sep/2022:05:07:14 -0500] "GET /catalogoisis/Js/CriterioCombinada.js HTTP/1.1" 200 1843
207.46.13.84 - - [30/Sep/2022:05:07:14 -0500] "GET /catalogoisis/Js/Numero.js HTTP/1.1" 200 398
207.46.13.84 - - [30/Sep/2022:05:07:15 -0500] "GET /catalogoisis/Js/Remote.js HTTP/1.1" 200 436
157.55.39.25 - - [30/Sep/2022:05:07:19 -0500] "GET /catalogoisis/Css/Busqueda.css HTTP/1.1" 200 1995
157.55.39.25 - - [30/Sep/2022:05:07:19 -0500] "GET /catalogoisis/Js/Cookies.js HTTP/1.1" 200 1369
172.22.2.4 - - [30/Sep/2022:05:06:26 -0500] "HEAD /BLA/boletinlegal/ HTTP/1.1" 200 -
216.245.221.92 - - [30/Sep/2022:05:08:07 -0500] "HEAD / HTTP/1.1" 200 -
172.22.2.4 - - [30/Sep/2022:05:07:17 -0500] "GET /BLA/boletinlegal/ HTTP/1.1" 200 58955
201.245.192.253 - - [30/Sep/2022:05:09:13 -0500] "POST /kwsrmcab/Wsrmcab  HTTP/1.1" 200 43876
207.46.13.190 - - [30/Sep/2022:05:10:09 -0500] "GET /BLA/boletinlegal/Circulares/2012/Circular%20No.%2010%20del%2022%20de%20Agosto%20de%202012.pdf HTTP/1.1" 304 -
207.46.13.190 - - [30/Sep/2022:05:10:10 -0500] "GET /catalogoisis/Js/AceptarLimpiar.js HTTP/1.1" 200 331
207.46.13.190 - - [30/Sep/2022:05:10:10 -0500] "GET /catalogoisis/Js/LimpiarCombinada.js HTTP/1.1" 200 207
66.249.73.127 - - [30/Sep/2022:05:11:11 -0500] "-" 408 -
216.245.221.92 - - [30/Sep/2022:05:13:07 -0500] "HEAD / HTTP/1.1" 200 -
157.55.39.25 - - [30/Sep/2022:05:13:37 -0500] "GET /BLA/resoluciones/00001758.tif HTTP/1.1" 404 1018
207.46.13.40 - - [30/Sep/2022:05:13:48 -0500] "GET /BLA/resoluciones/RESOLUCIONES%202005/RES%202005%201751-1800/00001756.tif HTTP/1.1" 200 171614
172.22.2.4 - - [30/Sep/2022:05:12:16 -0500] "HEAD /BLA/boletinlegal/ HTTP/1.1" 200 -
201.245.192.253 - - [30/Sep/2022:05:14:13 -0500] "POST /kwsrmcab/Wsrmcab  HTTP/1.1" 200 43876
172.22.2.4 - - [30/Sep/2022:05:13:07 -0500] "GET /BLA/boletinlegal/ HTTP/1.1" 200 60281
172.22.2.4 - - [30/Sep/2022:05:16:09 -0500] "GET /BLA/boletinlegal/actos.php HTTP/1.1" 200 9559
172.22.2.4 - - [30/Sep/2022:05:16:11 -0500] "GET /BLA/boletinlegal/favicon.ico HTTP/1.1" 404 1326
172.22.2.4 - - [30/Sep/2022:05:16:26 -0500] "GET /BLA/boletinlegal/consulta_actos.php?tipo=resoluciones&no=1018&usuario=&sector=&fecha=2022&resuelve= HTTP/1.1" 200 626
172.22.2.4 - - [30/Sep/2022:05:16:40 -0500] "GET /BLA/boletinlegal/consulta_actos.php?tipo=resoluciones&no=1018&usuario=&sector=COMPETENCIA&fecha=2022&resuelve= HTTP/1.1" 200 626
172.22.2.4 - - [30/Sep/2022:05:16:42 -0500] "GET /BLA/boletinlegal/consulta_actos.php?tipo=resoluciones&no=1018&usuario=&sector=COMPETENCIA&fecha=2022&resuelve= HTTP/1.1" 200 626
66.249.73.127 - - [30/Sep/2022:05:16:56 -0500] "-" 408 -
172.22.2.4 - - [30/Sep/2022:05:16:59 -0500] "GET /BLA/boletinlegal/consulta_actos.php?tipo=resoluciones&no=1386&usuario=&sector=COMPETENCIA&fecha=2022&resuelve= HTTP/1.1" 200 1100
191.156.50.23 - - [30/Sep/2022:05:17:01 -0500] "GET /BLA/resoluciones/RESOLUCIONES%202022/1386.pdf HTTP/1.1" 200 503805
216.245.221.92 - - [30/Sep/2022:05:18:07 -0500] "HEAD / HTTP/1.1" 200 -
172.22.2.4 - - [30/Sep/2022:05:17:38 -0500] "GET /BLA/boletinlegal/ HTTP/1.1" 200 32715
201.245.192.253 - - [30/Sep/2022:05:18:42 -0500] "POST /kwsrmcab/Wsrmcab HTTP/1.1" 200 43544
201.245.192.253 - - [30/Sep/2022:05:18:45 -0500] "POST /kwsrmcab/Wsrmcab HTTP/1.1" 200 44855
201.245.192.253 - - [30/Sep/2022:05:19:12 -0500] "POST /kwsrmcab/Wsrmcab  HTTP/1.1" 200 43876
172.22.2.4 - - [30/Sep/2022:05:18:06 -0500] "HEAD /BLA/boletinlegal/ HTTP/1.1" 200 -
172.22.2.4 - - [30/Sep/2022:05:20:14 -0500] "GET /BLA/boletinlegal/conceptos/2020/46.pdf HTTP/1.1" 200 350199
40.77.190.151 - - [30/Sep/2022:05:20:25 -0500] "GET /sipse/faces/javax.faces.resource/layout/layout.css;jsessionid=wrRI68E4drEdO9SmcLuHOPJp.undefined?ln=primefaces&v=4.0 HTTP/1.1" 200 542
40.77.190.105 - - [30/Sep/2022:05:20:25 -0500] "GET /sipse/faces/javax.faces.resource/primefaces.css;jsessionid=wrRI68E4drEdO9SmcLuHOPJp.undefined?ln=primefaces&v=4.0 HTTP/1.1" 200 53295
40.77.190.97 - - [30/Sep/2022:05:20:26 -0500] "GET /sipse/faces/javax.faces.resource/layout/layout.js;jsessionid=wrRI68E4drEdO9SmcLuHOPJp.undefined?ln=primefaces&v=4.0 HTTP/1.1" 200 87560
40.77.190.151 - - [30/Sep/2022:05:20:26 -0500] "GET /sipse/faces/javax.faces.resource/primefaces.js;jsessionid=wrRI68E4drEdO9SmcLuHOPJp.undefined?ln=primefaces&v=4.0 HTTP/1.1" 200 276924
40.77.188.142 - - [30/Sep/2022:05:20:27 -0500] "GET /sipse/faces/index.xhtml HTTP/1.1" 200 677
172.22.2.4 - - [30/Sep/2022:05:18:57 -0500] "GET /BLA/boletinlegal/ HTTP/1.1" 200 58163
66.249.73.127 - - [30/Sep/2022:05:22:35 -0500] "-" 408 -
216.245.221.92 - - [30/Sep/2022:05:23:07 -0500] "HEAD / HTTP/1.1" 200 -
40.77.189.236 - - [30/Sep/2022:05:23:07 -0500] "GET /catalogoisis/Js/Enter.js HTTP/1.1" 200 1208
201.245.192.253 - - [30/Sep/2022:05:24:11 -0500] "POST /kwsrmcab/Wsrmcab  HTTP/1.1" 200 43876
172.22.2.4 - - [30/Sep/2022:05:23:56 -0500] "HEAD /BLA/boletinlegal/ HTTP/1.1" 200 -
172.22.2.4 - - [30/Sep/2022:05:24:47 -0500] "GET /BLA/boletinlegal/ HTTP/1.1" 200 59828
216.245.221.92 - - [30/Sep/2022:05:28:07 -0500] "HEAD / HTTP/1.1" 200 -
66.249.73.127 - - [30/Sep/2022:05:28:19 -0500] "-" 408 -
207.46.13.84 - - [30/Sep/2022:05:28:38 -0500] "GET /sipse/faces/javax.faces.resource/primefaces.js;jsessionid=bh46qqtzijcosjx-nvg4h7ku.undefined?ln=primefaces&v=4.0 HTTP/1.1" 200 276924
201.245.192.253 - - [30/Sep/2022:05:28:42 -0500] "POST /kwsrmcab/Wsrmcab HTTP/1.1" 200 43544
201.245.192.253 - - [30/Sep/2022:05:28:46 -0500] "POST /kwsrmcab/Wsrmcab HTTP/1.1" 200 44855
201.245.192.253 - - [30/Sep/2022:05:29:10 -0500] "POST /kwsrmcab/Wsrmcab  HTTP/1.1" 200 43876
172.22.2.4 - - [30/Sep/2022:05:29:46 -0500] "HEAD /BLA/boletinlegal/ HTTP/1.1" 200 -
172.22.2.4 - - [30/Sep/2022:05:30:37 -0500] "GET /BLA/boletinlegal/ HTTP/1.1" 200 60281
216.245.221.92 - - [30/Sep/2022:05:33:07 -0500] "HEAD / HTTP/1.1" 200 -
201.245.192.253 - - [30/Sep/2022:05:34:08 -0500] "POST /kwsrmcab/Wsrmcab  HTTP/1.1" 200 43876
66.249.73.127 - - [30/Sep/2022:05:35:27 -0500] "-" 408 -
207.46.13.84 - - [30/Sep/2022:05:36:05 -0500] "GET /bla/resoluciones/resoluciones%202020/1473.pdf HTTP/1.1" 200 336078
192.0.99.35 - - [30/Sep/2022:05:36:36 -0500] "GET /galeria/galeria/fotos/Humedal-la-conejera3G.jpg HTTP/1.1" 200 373974
172.22.2.4 - - [30/Sep/2022:05:35:36 -0500] "HEAD /BLA/boletinlegal/ HTTP/1.1" 200 -
172.22.2.4 - - [30/Sep/2022:05:36:27 -0500] "GET /BLA/boletinlegal/ HTTP/1.1" 200 51183
216.245.221.92 - - [30/Sep/2022:05:38:07 -0500] "HEAD / HTTP/1.1" 200 -
201.245.192.253 - - [30/Sep/2022:05:38:42 -0500] "POST /kwsrmcab/Wsrmcab HTTP/1.1" 200 43544
201.245.192.253 - - [30/Sep/2022:05:38:46 -0500] "POST /kwsrmcab/Wsrmcab HTTP/1.1" 200 44855
157.55.39.202 - - [30/Sep/2022:05:39:04 -0500] "GET /sipse/faces/javax.faces.resource/layout/layout.js;jsessionid=bh46qqtzijcosjx-nvg4h7ku.undefined?ln=primefaces&v=4.0 HTTP/1.1" 200 87560
172.22.2.4 - - [30/Sep/2022:05:37:26 -0500] "GET /BLA/boletinlegal/ HTTP/1.1" 200 60874
201.245.192.253 - - [30/Sep/2022:05:39:07 -0500] "POST /kwsrmcab/Wsrmcab  HTTP/1.1" 200 43876
190.73.220.116 - - [30/Sep/2022:05:40:04 -0500] "GET /BLA/resoluciones/RESOLUCIONES%202021/3713.pdf HTTP/1.1" 200 398626
190.73.220.116 - - [30/Sep/2022:05:40:05 -0500] "GET /BLA/resoluciones/RESOLUCIONES%202021/3713.pdf HTTP/1.1" 200 398626
190.73.220.116 - - [30/Sep/2022:05:40:05 -0500] "GET /BLA/resoluciones/RESOLUCIONES%202021/3713.pdf HTTP/1.1" 206 1025
209.97.141.8 - - [30/Sep/2022:05:40:11 -0500] "\x16\x03\x01" 400 226
209.97.141.8 - - [30/Sep/2022:05:40:11 -0500] "\x16\x03\x01" 400 226
209.97.141.8 - - [30/Sep/2022:05:40:11 -0500] "GET / HTTP/1.1" 200 319
66.249.73.127 - - [30/Sep/2022:05:42:17 -0500] "-" 408 -
172.22.2.4 - - [30/Sep/2022:05:41:26 -0500] "HEAD /BLA/boletinlegal/ HTTP/1.1" 200 -
216.245.221.92 - - [30/Sep/2022:05:43:07 -0500] "HEAD / HTTP/1.1" 200 -
172.22.2.4 - - [30/Sep/2022:05:42:17 -0500] "GET /BLA/boletinlegal/ HTTP/1.1" 200 56014
201.245.192.253 - - [30/Sep/2022:05:44:06 -0500] "POST /kwsrmcab/Wsrmcab  HTTP/1.1" 200 43876
172.22.2.4 - - [30/Sep/2022:05:43:36 -0500] "GET /BLA/boletinlegal/ HTTP/1.1" 200 24523
157.55.39.202 - - [30/Sep/2022:05:44:53 -0500] "GET /BLA/resoluciones/RESOLUCIONES%202001/2001%201450-1499.tif HTTP/1.1" 200 5229714
185.119.81.96 - - [30/Sep/2022:05:47:01 -0500] "GET /portaldeninos/wp-login.php HTTP/1.1" 200 2592
185.119.81.96 - - [30/Sep/2022:05:47:02 -0500] "POST /portaldeninos/wp-login.php HTTP/1.1" 200 3670
172.22.2.4 - - [30/Sep/2022:05:45:30 -0500] "GET /BLA/boletinlegal/ HTTP/1.1" 200 63207
216.245.221.92 - - [30/Sep/2022:05:48:07 -0500] "HEAD / HTTP/1.1" 200 -
172.22.2.4 - - [30/Sep/2022:05:47:16 -0500] "HEAD /BLA/boletinlegal/ HTTP/1.1" 200 -
201.245.192.253 - - [30/Sep/2022:05:49:05 -0500] "POST /kwsrmcab/Wsrmcab  HTTP/1.1" 200 43876
172.22.2.4 - - [30/Sep/2022:05:48:07 -0500] "GET /BLA/boletinlegal/ HTTP/1.1" 200 57725
66.249.73.127 - - [30/Sep/2022:05:50:00 -0500] "-" 408 -
172.22.2.4 - - [30/Sep/2022:05:50:39 -0500] "GET /BLA/boletinlegal/favicon.ico HTTP/1.1" 404 1018
172.22.2.4 - - [30/Sep/2022:05:50:29 -0500] "GET /BLA/boletinlegal/ HTTP/1.1" 200 32715
216.245.221.92 - - [30/Sep/2022:05:53:07 -0500] "HEAD / HTTP/1.1" 200 -
201.245.192.253 - - [30/Sep/2022:05:54:04 -0500] "POST /kwsrmcab/Wsrmcab  HTTP/1.1" 200 43876
172.22.2.4 - - [30/Sep/2022:05:53:06 -0500] "HEAD /BLA/boletinlegal/ HTTP/1.1" 200 -
172.22.2.4 - - [30/Sep/2022:05:53:56 -0500] "GET /BLA/boletinlegal/ HTTP/1.1" 200 59828
66.249.73.127 - - [30/Sep/2022:05:57:08 -0500] "-" 408 -
216.245.221.92 - - [30/Sep/2022:05:58:07 -0500] "HEAD / HTTP/1.1" 200 -
207.46.13.89 - - [30/Sep/2022:05:58:48 -0500] "GET /BLA/resoluciones/2002RES141.tif HTTP/1.1" 404 1018
201.245.192.253 - - [30/Sep/2022:05:59:02 -0500] "POST /kwsrmcab/Wsrmcab  HTTP/1.1" 200 43876
172.22.2.4 - - [30/Sep/2022:05:58:56 -0500] "HEAD /BLA/boletinlegal/ HTTP/1.1" 200 -
172.22.2.4 - - [30/Sep/2022:05:59:47 -0500] "GET /BLA/boletinlegal/ HTTP/1.1" 200 58163
216.245.221.92 - - [30/Sep/2022:06:03:07 -0500] "HEAD / HTTP/1.1" 200 -
157.55.39.202 - - [30/Sep/2022:06:03:44 -0500] "GET /BLA/resoluciones/index.php?dir=AUTOS+2022%2F HTTP/1.1" 200 269023
201.245.192.253 - - [30/Sep/2022:06:04:01 -0500] "POST /kwsrmcab/Wsrmcab  HTTP/1.1" 200 43876
172.22.2.4 - - [30/Sep/2022:06:04:46 -0500] "HEAD /BLA/boletinlegal/ HTTP/1.1" 200 -
172.22.2.4 - - [30/Sep/2022:06:05:37 -0500] "GET /BLA/boletinlegal/ HTTP/1.1" 200 60281
64.62.197.196 - - [30/Sep/2022:06:07:27 -0500] "GET /favicon.ico HTTP/1.1" 200 7782
216.245.221.92 - - [30/Sep/2022:06:08:07 -0500] "HEAD / HTTP/1.1" 200 -
201.245.192.253 - - [30/Sep/2022:06:09:00 -0500] "POST /kwsrmcab/Wsrmcab  HTTP/1.1" 200 43876
172.22.2.4 - - [30/Sep/2022:06:10:36 -0500] "HEAD /BLA/boletinlegal/ HTTP/1.1" 200 -
172.22.2.4 - - [30/Sep/2022:06:11:27 -0500] "GET /BLA/boletinlegal/ HTTP/1.1" 200 52877
216.245.221.92 - - [30/Sep/2022:06:13:07 -0500] "HEAD / HTTP/1.1" 200 -
201.245.192.253 - - [30/Sep/2022:06:13:59 -0500] "POST /kwsrmcab/Wsrmcab  HTTP/1.1" 200 43876
172.22.2.4 - - [30/Sep/2022:06:16:26 -0500] "HEAD /BLA/boletinlegal/ HTTP/1.1" 200 -
216.245.221.92 - - [30/Sep/2022:06:18:07 -0500] "HEAD / HTTP/1.1" 200 -
201.245.192.253 - - [30/Sep/2022:06:18:42 -0500] "POST /kwsrmcab/Wsrmcab HTTP/1.1" 200 43574
201.245.192.253 - - [30/Sep/2022:06:18:46 -0500] "POST /kwsrmcab/Wsrmcab HTTP/1.1" 200 45026
172.22.2.4 - - [30/Sep/2022:06:17:16 -0500] "GET /BLA/boletinlegal/ HTTP/1.1" 200 58163
201.245.192.253 - - [30/Sep/2022:06:18:59 -0500] "POST /kwsrmcab/Wsrmcab  HTTP/1.1" 200 43876
186.102.56.102 - - [30/Sep/2022:06:20:48 -0500] "GET /mesa/contrasena.pdf HTTP/1.1" 200 443199
186.102.56.102 - - [30/Sep/2022:06:20:48 -0500] "GET /mesa/contrasena.pdf HTTP/1.1" 206 1
186.102.56.102 - - [30/Sep/2022:06:20:48 -0500] "GET /mesa/contrasena.pdf HTTP/1.1" 206 246375
186.102.56.102 - - [30/Sep/2022:06:21:02 -0500] "GET /mesa/contrasena.pdf HTTP/1.1" 206 1
186.102.56.102 - - [30/Sep/2022:06:21:02 -0500] "GET /mesa/contrasena.pdf HTTP/1.1" 206 246375
186.102.56.102 - - [30/Sep/2022:06:21:03 -0500] "GET /mesa/contrasena.pdf HTTP/1.1" 206 1
186.102.56.102 - - [30/Sep/2022:06:21:03 -0500] "GET /mesa/contrasena.pdf HTTP/1.1" 206 246375
186.102.56.102 - - [30/Sep/2022:06:21:08 -0500] "GET /mesa/contrasena.pdf HTTP/1.1" 206 1
186.102.56.102 - - [30/Sep/2022:06:21:08 -0500] "GET /mesa/contrasena.pdf HTTP/1.1" 206 246375
186.102.56.102 - - [30/Sep/2022:06:21:09 -0500] "GET /mesa/contrasena.pdf HTTP/1.1" 206 1
186.102.56.102 - - [30/Sep/2022:06:21:15 -0500] "GET /mesa/contrasena.pdf HTTP/1.1" 200 443199
216.245.221.92 - - [30/Sep/2022:06:23:07 -0500] "HEAD / HTTP/1.1" 200 -
172.22.2.4 - - [30/Sep/2022:06:22:16 -0500] "HEAD /BLA/boletinlegal/ HTTP/1.1" 200 -
201.245.192.253 - - [30/Sep/2022:06:23:57 -0500] "POST /kwsrmcab/Wsrmcab  HTTP/1.1" 200 43876
172.22.2.4 - - [30/Sep/2022:06:23:06 -0500] "GET /BLA/boletinlegal/ HTTP/1.1" 200 60281
66.249.73.97 - - [30/Sep/2022:06:25:00 -0500] "-" 408 -
216.245.221.92 - - [30/Sep/2022:06:28:07 -0500] "HEAD / HTTP/1.1" 200 -
201.245.192.253 - - [30/Sep/2022:06:28:42 -0500] "POST /kwsrmcab/Wsrmcab HTTP/1.1" 200 43574
201.245.192.253 - - [30/Sep/2022:06:28:45 -0500] "POST /kwsrmcab/Wsrmcab HTTP/1.1" 200 45026
201.245.192.253 - - [30/Sep/2022:06:28:56 -0500] "POST /kwsrmcab/Wsrmcab  HTTP/1.1" 200 43876
172.22.2.4 - - [30/Sep/2022:06:28:06 -0500] "HEAD /BLA/boletinlegal/ HTTP/1.1" 200 -
69.63.184.6 - - [30/Sep/2022:06:30:13 -0500] "GET /dos-animales-silvestres-carne-y-huevos-de-tortuga-fueron-recuperados-en-semana-santa.html HTTP/1.1" 206 1092
172.22.2.4 - - [30/Sep/2022:06:28:56 -0500] "GET /BLA/boletinlegal/ HTTP/1.1" 200 59828
173.252.87.2 - - [30/Sep/2022:06:30:55 -0500] "GET /alcaldia-de-bogota-y-gobernacion-de-cundinamarca-suscriben-convenio-para-implementar-pagos-por-servicios-ambientales-en-la-bogota-region.html HTTP/1.1" 206 1133
31.13.127.11 - - [30/Sep/2022:06:30:56 -0500] "GET /alcaldia-de-bogota-y-gobernacion-de-cundinamarca-suscriben-convenio-para-implementar-pagos-por-servicios-ambientales-en-la-bogota-region.html?fbclid=IwAR0R8wqorS2NWVKVK9JuVFK2_wmiteEeyXexNOjbwcJM60u1z6VtGLK5dG4 HTTP/1.1" 200 1133
103.145.13.132 - - [30/Sep/2022:06:31:57 -0500] "GET // HTTP/1.1" 200 319
103.145.13.132 - - [30/Sep/2022:06:31:58 -0500] "GET / HTTP/1.1" 200 319
216.245.221.92 - - [30/Sep/2022:06:33:07 -0500] "HEAD / HTTP/1.1" 200 -
190.240.122.73 - - [30/Sep/2022:06:33:10 -0500] "GET /sipse/faces/javax.faces.resource/theme.css?ln=primefaces-sipse HTTP/1.1" 304 -
190.240.122.73 - - [30/Sep/2022:06:33:10 -0500] "GET /sipse/faces/javax.faces.resource/primefaces.css?ln=primefaces&v=4.0 HTTP/1.1" 304 -
190.240.122.73 - - [30/Sep/2022:06:33:10 -0500] "GET /sipse/faces/javax.faces.resource/jquery/jquery.js?ln=primefaces&v=4.0 HTTP/1.1" 304 -
190.240.122.73 - - [30/Sep/2022:06:33:10 -0500] "GET /sipse/faces/javax.faces.resource/layout/layout.css?ln=primefaces&v=4.0 HTTP/1.1" 304 -
190.240.122.73 - - [30/Sep/2022:06:33:10 -0500] "GET /sipse/faces/javax.faces.resource/layout/layout.js?ln=primefaces&v=4.0 HTTP/1.1" 304 -
190.240.122.73 - - [30/Sep/2022:06:33:10 -0500] "GET /sipse/faces/javax.faces.resource/jquery/jquery-plugins.js?ln=primefaces&v=4.0 HTTP/1.1" 304 -
190.240.122.73 - - [30/Sep/2022:06:33:10 -0500] "GET /sipse/faces/javax.faces.resource/primefaces.js?ln=primefaces&v=4.0 HTTP/1.1" 304 -
190.240.122.73 - - [30/Sep/2022:06:33:10 -0500] "GET /sipse/faces/javax.faces.resource/images/ui-icons_898989_256x240.png?ln=primefaces-aristo HTTP/1.1" 304 -
190.240.122.73 - - [30/Sep/2022:06:33:11 -0500] "GET /sipse/faces/faces/faces/faces/index.xhtml HTTP/1.1" 200 677
190.240.122.73 - - [30/Sep/2022:06:33:11 -0500] "GET /sipse/faces/javax.faces.resource/theme.css?ln=primefaces-sipse HTTP/1.1" 304 -
190.240.122.73 - - [30/Sep/2022:06:33:11 -0500] "GET /sipse/faces/faces/faces/faces/faces/autenticacion.xhtml HTTP/1.1" 200 12176
190.240.122.73 - - [30/Sep/2022:06:33:11 -0500] "GET /sipse/faces/javax.faces.resource/primefaces.css?ln=primefaces&v=4.0 HTTP/1.1" 304 -
190.240.122.73 - - [30/Sep/2022:06:33:11 -0500] "GET /sipse/faces/javax.faces.resource/theme.css?ln=primefaces-sipse HTTP/1.1" 304 -
190.240.122.73 - - [30/Sep/2022:06:33:11 -0500] "GET /sipse/faces/javax.faces.resource/jquery/jquery.js?ln=primefaces&v=4.0 HTTP/1.1" 304 -
190.240.122.73 - - [30/Sep/2022:06:33:11 -0500] "GET /sipse/faces/javax.faces.resource/jquery/jquery-plugins.js?ln=primefaces&v=4.0 HTTP/1.1" 304 -
190.240.122.73 - - [30/Sep/2022:06:33:11 -0500] "GET /sipse/faces/javax.faces.resource/layout/layout.css?ln=primefaces&v=4.0 HTTP/1.1" 304 -
190.240.122.73 - - [30/Sep/2022:06:33:11 -0500] "GET /sipse/faces/javax.faces.resource/primefaces.js?ln=primefaces&v=4.0 HTTP/1.1" 304 -
190.240.122.73 - - [30/Sep/2022:06:33:11 -0500] "GET /sipse/faces/javax.faces.resource/layout/layout.js?ln=primefaces&v=4.0 HTTP/1.1" 304 -
190.240.122.73 - - [30/Sep/2022:06:33:12 -0500] "GET /sipse/faces/javax.faces.resource/images/ui-icons_898989_256x240.png?ln=primefaces-aristo HTTP/1.1" 304 -
190.240.122.73 - - [30/Sep/2022:06:33:24 -0500] "POST /sipse/faces/autenticacion.xhtml HTTP/1.1" 200 16688
190.240.122.73 - - [30/Sep/2022:06:33:24 -0500] "GET /sipse/faces/javax.faces.resource/theme.css?ln=primefaces-sipse HTTP/1.1" 304 -
190.240.122.73 - - [30/Sep/2022:06:33:24 -0500] "GET /sipse/faces/javax.faces.resource/layout/layout.css?ln=primefaces&v=4.0 HTTP/1.1" 304 -
190.240.122.73 - - [30/Sep/2022:06:33:24 -0500] "GET /sipse/faces/javax.faces.resource/primefaces.css?ln=primefaces&v=4.0 HTTP/1.1" 304 -
190.240.122.73 - - [30/Sep/2022:06:33:24 -0500] "GET /sipse/faces/javax.faces.resource/jquery/jquery.js?ln=primefaces&v=4.0 HTTP/1.1" 304 -
190.240.122.73 - - [30/Sep/2022:06:33:24 -0500] "GET /sipse/faces/javax.faces.resource/jquery/jquery-plugins.js?ln=primefaces&v=4.0 HTTP/1.1" 304 -
190.240.122.73 - - [30/Sep/2022:06:33:25 -0500] "GET /sipse/faces/javax.faces.resource/primefaces.js?ln=primefaces&v=4.0 HTTP/1.1" 304 -
190.240.122.73 - - [30/Sep/2022:06:33:25 -0500] "GET /sipse/faces/javax.faces.resource/layout/layout.js?ln=primefaces&v=4.0 HTTP/1.1" 304 -
190.240.122.73 - - [30/Sep/2022:06:33:25 -0500] "GET /sipse/css/imagen/contrasena.png HTTP/1.1" 404 383
190.240.122.73 - - [30/Sep/2022:06:33:25 -0500] "GET /sipse/faces/javax.faces.resource/messages/messages.png?ln=primefaces&v=4.0 HTTP/1.1" 304 -
190.240.122.73 - - [30/Sep/2022:06:33:30 -0500] "GET /sipse/faces/javax.faces.resource/images/ui-bg_flat_0_2d5972_40x100.png?ln=primefaces-aristo HTTP/1.1" 304 -
190.240.122.73 - - [30/Sep/2022:06:33:30 -0500] "POST /sipse/faces/bienvenido.xhtml HTTP/1.1" 200 2073
190.240.122.73 - - [30/Sep/2022:06:33:31 -0500] "POST /sipse/faces/bienvenido.xhtml HTTP/1.1" 200 193
191.108.7.60 - - [30/Sep/2022:06:33:31 -0500] "GET /kwssiamovil/sm/ldap/au?x=U2FsdGVkX19i3qbzHDk2tPjkDElasc0AgEQouMMmn7pB1T0646NYyLJRR1DQ6vWI&y=U2FsdGVkX1+tO+EETm6zCRPzjUWE8Pe+QM2ZbXKJGFUqi5eCfmlyQsabawzAsYiO HTTP/1.1" 200 30
190.240.122.73 - - [30/Sep/2022:06:33:31 -0500] "GET /sipse/faces/presentacion/financiero/solicitudAnulacion/consultarSolicitudAnulacion.xhtml HTTP/1.1" 200 35236
191.108.7.60 - - [30/Sep/2022:06:33:32 -0500] "GET /kwssiamovil/sm/acme/s?s=U2FsdGVkX19w0qJNxRC75hiBfhSrlwJZWq4N0fsQHhMDnzCcop0L1yFCCsJoNkzip5xF7YnQ+JJZAOvlI/lDXiwh5R1nndo5QPbxzas1wug=&u=U2FsdGVkX18sLROgnMSDopm/z1gcCZ6siik/fpwusp7PFassiFN8QDdBb+aime80&y=U2FsdGVkX1+tO+EETm6zCRPzjUWE8Pe+QM2ZbXKJGFUqi5eCfmlyQsabawzAsYiO HTTP/1.1" 200 97
190.240.122.73 - - [30/Sep/2022:06:33:32 -0500] "GET /sipse/faces/javax.faces.resource/theme.css?ln=primefaces-sipse HTTP/1.1" 304 -
190.240.122.73 - - [30/Sep/2022:06:33:32 -0500] "GET /sipse/faces/javax.faces.resource/layout/layout.css?ln=primefaces&v=4.0 HTTP/1.1" 304 -
190.240.122.73 - - [30/Sep/2022:06:33:32 -0500] "GET /sipse/faces/javax.faces.resource/primefaces.css?ln=primefaces&v=4.0 HTTP/1.1" 304 -
190.240.122.73 - - [30/Sep/2022:06:33:32 -0500] "GET /sipse/faces/javax.faces.resource/jquery/jquery.js?ln=primefaces&v=4.0 HTTP/1.1" 304 -
191.108.7.60 - - [30/Sep/2022:06:33:32 -0500] "GET /kwssiamovil/sm/acme/s?s=U2FsdGVkX18fY6RbqzmMmmN7tf3yhlv2qEEZ6JsO9Q2Iv/edO4y3VaOmfAdRQiHb1VeTsoc8Is9orOz+qn91uxx+vLD5vBzTTS36A02RfAcHSMq+WJSCW5fjJQaQ0coRHz7gbfHYK8mh9GFMDzz12F08aZUVYqs32XwMfAj3HY781QxOvPRcW8HpYfqkeeG9lpoYhjjvZKBLzwAQVuStFNoBT26IMorCQteJBEM+7CWg0Vo7Fhloo3ecw/sPX2ORTzCChdx1p7MiGx5uQhSMbJKUnu3jxbmBuv+9LgY+EgNiu4XKylAFnCy0pFSc/SFavdpLeFzlJ/BCjGG7nuwFVRaOUEbJuv4GxJKUDlVhX/1yeDRKcJBmCKKKjlk7dC9ZtVZizzI1UFlxU37wdexym/SWikD/4dpp9hr2ZGkkJ+7l/NwwGc00WUbrjWOHJNty+Hu4k0y4aktcdvQK6xnl2H1kELDbuVHTftNk9jb2OvDoHjBf7S5QTkL9Ej62PZTvZwBJsFrEAxLOuPQOJsEzRGDv5i42apfu7B3GVQ9bJRZecVNc6m7jV7eHuU0BaT6VSBoV4+HpVHpNtYE1S0s96G7prVqQxQE84YRJqDlBrxu40Qfq70nAobWjnrJlm10Ksr7qbeAMsIGwQhieH1Hpnz78oSa8rpYCY5LnLsNxqFNne882c2Yt6cJaP5sxIs0Ccw8RJaMyYvLPE17/zkumbopFw+DEuYXWcK1cnEcXGLqgEYpZCZxNO0zjf5msSLrZnwVLv+VUN8Srf3mt/RF5Q864c/kwuEYIrJWiDoHfLAeU+U8LG2vMW1K1I845+VeTwBqCc30urREyDLNuuQtoJa5HEowsXhLg2DsrM7cE1vThiUQG3AaJLfdADS8qZs9L8h+mOWrGvw2JIeb5lchN1Um4k3rCkKVRYk7TqRHXrZ11dfRi5Hw3tRsrrF+E785LZCSoO8z+rqLgYrpstJqyFZ0p0lEKyaiURWzj0xDMqATjN0pthhJ4U487fPYlRX5IN/M1JO6LNSFzAKYgtKc3eEqrWjyc1sV+dFqzIWif3yOYf62uYbPOxX7Qj/RpS4TAM8nwmDkllB+01CPPa2WBA9ogBr0KRq0afYx/5PzXXSLWrBOFWstm9A+AIJLEca2Cl+epOmJtANtg63RC0lJ9gsikP0lDTe5oIQzG232kE98W5ivw8COi464S6KyuaBSqRZ+btc7UFb0fQgEf6F0CJM+UnAgtsD5kbP7SKskIJIt5qv0me8RE9Crri55g/I3E+dDWs5fr4NVmUrxbf63NgCxXqZxQ0NR73wtKEPl8IiYbCmeCNHT0uDSpG+h19wHRsUlK5vMg+uNb+et0Q65VSecrzGuQePqG03p/rn2wDDk51K1/Vt0V9pxDkBscOfavnaerXShYKjFylewQS9GSG8+z+kALf26d0Bka/qavS2s=&u=U2FsdGVkX18sLROgnMSDopm/z1gcCZ6siik/fpwusp7PFassiFN8QDdBb+aime80&y=U2FsdGVkX1+tO+EETm6zCRPzjUWE8Pe+QM2ZbXKJGFUqi5eCfmlyQsabawzAsYiO HTTP/1.1" 200 2316
190.240.122.73 - - [30/Sep/2022:06:33:32 -0500] "GET /sipse/faces/javax.faces.resource/jquery/jquery-plugins.js?ln=primefaces&v=4.0 HTTP/1.1" 304 -
190.240.122.73 - - [30/Sep/2022:06:33:32 -0500] "GET /sipse/faces/javax.faces.resource/primefaces.js?ln=primefaces&v=4.0 HTTP/1.1" 304 -
190.240.122.73 - - [30/Sep/2022:06:33:32 -0500] "GET /sipse/faces/javax.faces.resource/layout/layout.js?ln=primefaces&v=4.0 HTTP/1.1" 304 -
191.108.7.60 - - [30/Sep/2022:06:33:32 -0500] "GET /kwssiamovil/sm/acme/s?s=U2FsdGVkX1+xXoHwP+CWvZ2l+/QXPZc5nDy0YYg19KY81omWF0/Ps/WgGz3aRopKfoqo4IBqo7Z4pUtTMSHYCCY0woCWLGe8sStB5L175t+4IX5eXubiovhFIIzIQZu34gl8UMlFjBOrO5yIH3kBsSwf3FGuGPb33t+Q/8zqqSFEhyRqT/FunW8x6YeoF9hb6Pu3t5tITlp52figfyVJxNwhCiWS51EK5NfIJaSrRPoBxvzo1lIJiDfhjEQqKSjuAanHod59ytTxRXyNEABxItjwEqCPx1pSWIxT8sSv/ahoyzsJsKlRU492VcFaVfOGLqu0cBymBDrWvBQuXDdarxOlDBnt7S+eTg4aQ8ZVU6U=&u=U2FsdGVkX18sLROgnMSDopm/z1gcCZ6siik/fpwusp7PFassiFN8QDdBb+aime80&y=U2FsdGVkX1+tO+EETm6zCRPzjUWE8Pe+QM2ZbXKJGFUqi5eCfmlyQsabawzAsYiO HTTP/1.1" 200 196
190.240.122.73 - - [30/Sep/2022:06:33:32 -0500] "POST /sipse/faces/presentacion/financiero/solicitudAnulacion/consultarSolicitudAnulacion.xhtml HTTP/1.1" 200 10624
191.108.7.60 - - [30/Sep/2022:06:33:32 -0500] "GET /kwssiamovil/sm/cjson/pre?f=1&x=U2FsdGVkX19i3qbzHDk2tPjkDElasc0AgEQouMMmn7pB1T0646NYyLJRR1DQ6vWI HTTP/1.1" 200 30992
190.240.122.73 - - [30/Sep/2022:06:33:41 -0500] "POST /sipse/faces/presentacion/financiero/solicitudAnulacion/consultarSolicitudAnulacion.xhtml HTTP/1.1" 200 16997
190.240.122.73 - - [30/Sep/2022:06:33:45 -0500] "GET /sipse/faces/javax.faces.resource/images/ui-icons_898989_256x240.png?ln=primefaces-aristo HTTP/1.1" 304 -
190.240.122.73 - - [30/Sep/2022:06:33:45 -0500] "POST /sipse/faces/presentacion/financiero/solicitudAnulacion/consultarSolicitudAnulacion.xhtml HTTP/1.1" 200 40814
190.240.122.73 - - [30/Sep/2022:06:33:46 -0500] "GET /sipse/faces/javax.faces.resource/primefaces.css?ln=primefaces&v=4.0 HTTP/1.1" 304 -
190.240.122.73 - - [30/Sep/2022:06:33:46 -0500] "GET /sipse/faces/javax.faces.resource/theme.css?ln=primefaces-sipse HTTP/1.1" 304 -
190.240.122.73 - - [30/Sep/2022:06:33:46 -0500] "GET /sipse/faces/javax.faces.resource/fileupload/fileupload.css?ln=primefaces&v=4.0 HTTP/1.1" 200 1330
190.240.122.73 - - [30/Sep/2022:06:33:46 -0500] "GET /sipse/faces/javax.faces.resource/layout/layout.css?ln=primefaces&v=4.0 HTTP/1.1" 304 -
190.240.122.73 - - [30/Sep/2022:06:33:46 -0500] "GET /sipse/faces/javax.faces.resource/jquery/jquery.js?ln=primefaces&v=4.0 HTTP/1.1" 304 -
190.240.122.73 - - [30/Sep/2022:06:33:46 -0500] "GET /sipse/faces/javax.faces.resource/jquery/jquery-plugins.js?ln=primefaces&v=4.0 HTTP/1.1" 304 -
190.240.122.73 - - [30/Sep/2022:06:33:46 -0500] "GET /sipse/faces/javax.faces.resource/primefaces.js?ln=primefaces&v=4.0 HTTP/1.1" 304 -
190.240.122.73 - - [30/Sep/2022:06:33:46 -0500] "GET /sipse/faces/javax.faces.resource/layout/layout.js?ln=primefaces&v=4.0 HTTP/1.1" 304 -
190.240.122.73 - - [30/Sep/2022:06:33:46 -0500] "GET /sipse/faces/javax.faces.resource/fileupload/fileupload.js?ln=primefaces&v=4.0 HTTP/1.1" 200 28091
190.240.122.73 - - [30/Sep/2022:06:33:54 -0500] "POST /sipse/faces/presentacion/financiero/solicitudAnulacion/registrarSolicitudAnulacion.xhtml HTTP/1.1" 200 26562
190.240.122.73 - - [30/Sep/2022:06:33:56 -0500] "GET /sipse/faces/javax.faces.resource/theme.css?ln=primefaces-sipse HTTP/1.1" 304 -
190.240.122.73 - - [30/Sep/2022:06:33:56 -0500] "GET /sipse/faces/javax.faces.resource/primefaces.css?ln=primefaces&v=4.0 HTTP/1.1" 304 -
190.240.122.73 - - [30/Sep/2022:06:33:56 -0500] "GET /sipse/faces/javax.faces.resource/layout/layout.css?ln=primefaces&v=4.0 HTTP/1.1" 304 -
190.240.122.73 - - [30/Sep/2022:06:33:56 -0500] "GET /sipse/faces/javax.faces.resource/jquery/jquery.js?ln=primefaces&v=4.0 HTTP/1.1" 304 -
190.240.122.73 - - [30/Sep/2022:06:33:56 -0500] "GET /sipse/faces/javax.faces.resource/jquery/jquery-plugins.js?ln=primefaces&v=4.0 HTTP/1.1" 304 -
190.240.122.73 - - [30/Sep/2022:06:33:56 -0500] "GET /sipse/faces/javax.faces.resource/primefaces.js?ln=primefaces&v=4.0 HTTP/1.1" 304 -
190.240.122.73 - - [30/Sep/2022:06:33:56 -0500] "GET /sipse/faces/javax.faces.resource/layout/layout.js?ln=primefaces&v=4.0 HTTP/1.1" 304 -
201.245.192.253 - - [30/Sep/2022:06:33:55 -0500] "POST /kwsrmcab/Wsrmcab  HTTP/1.1" 200 43876
190.240.122.73 - - [30/Sep/2022:06:34:16 -0500] "GET /sipse/faces/presentacion/financiero/solicitudAnulacion/consultarSolicitudAnulacion.xhtml HTTP/1.1" 200 37896
190.240.122.73 - - [30/Sep/2022:06:34:17 -0500] "POST /sipse/faces/presentacion/financiero/solicitudAnulacion/consultarSolicitudAnulacion.xhtml HTTP/1.1" 200 10632
172.22.2.4 - - [30/Sep/2022:06:33:56 -0500] "HEAD /BLA/boletinlegal/ HTTP/1.1" 200 -
172.22.2.4 - - [30/Sep/2022:06:34:46 -0500] "GET /BLA/boletinlegal/ HTTP/1.1" 200 59828
216.245.221.92 - - [30/Sep/2022:06:38:07 -0500] "HEAD / HTTP/1.1" 200 -
201.245.192.253 - - [30/Sep/2022:06:38:41 -0500] "POST /kwsrmcab/Wsrmcab HTTP/1.1" 200 43574
201.245.192.253 - - [30/Sep/2022:06:38:45 -0500] "POST /kwsrmcab/Wsrmcab HTTP/1.1" 200 45026
201.245.192.253 - - [30/Sep/2022:06:38:54 -0500] "POST /kwsrmcab/Wsrmcab  HTTP/1.1" 200 43876
172.22.2.4 - - [30/Sep/2022:06:39:46 -0500] "HEAD /BLA/boletinlegal/ HTTP/1.1" 200 -
172.22.2.4 - - [30/Sep/2022:06:40:36 -0500] "GET /BLA/boletinlegal/ HTTP/1.1" 200 58955
216.245.221.92 - - [30/Sep/2022:06:43:07 -0500] "HEAD / HTTP/1.1" 200 -
201.245.192.253 - - [30/Sep/2022:06:43:53 -0500] "POST /kwsrmcab/Wsrmcab  HTTP/1.1" 200 43876
157.55.39.25 - - [30/Sep/2022:06:44:16 -0500] "GET /BLA/resoluciones/00001792.tif HTTP/1.1" 404 1018
207.46.13.190 - - [30/Sep/2022:06:45:38 -0500] "GET /BLA/resoluciones/00001780.tif HTTP/1.1" 404 1018
207.46.13.40 - - [30/Sep/2022:06:46:56 -0500] "GET /galeria/mapa/3MapaBogot%C3%A1.jpg HTTP/1.1" 200 688183
172.22.2.4 - - [30/Sep/2022:06:45:36 -0500] "HEAD /BLA/boletinlegal/ HTTP/1.1" 200 -
66.102.8.91 - - [30/Sep/2022:06:47:32 -0500] "GET /galeria/galeria/fotos/Soratama1G.jpg HTTP/1.1" 200 127762
172.22.2.4 - - [30/Sep/2022:06:46:27 -0500] "GET /BLA/boletinlegal/ HTTP/1.1" 200 52877
216.245.221.92 - - [30/Sep/2022:06:48:07 -0500] "HEAD / HTTP/1.1" 200 -
201.245.192.253 - - [30/Sep/2022:06:48:52 -0500] "POST /kwsrmcab/Wsrmcab  HTTP/1.1" 200 43876
173.252.83.9 - - [30/Sep/2022:06:49:42 -0500] "GET /images/reunion-planta-termovalorizacion-11-mayo.jpg HTTP/1.1" 200 34782
207.46.13.89 - - [30/Sep/2022:06:49:53 -0500] "GET /BLA/resoluciones/AUTOS%202022/2897.pdf HTTP/1.1" 200 456366
207.46.13.177 - - [30/Sep/2022:06:51:04 -0500] "GET /portaldeninos/wp-content/uploads/2019/09/Caucho-sabanero-%C3%A1rboles.jpg HTTP/1.1" 200 344651
172.22.2.4 - - [30/Sep/2022:06:52:29 -0500] "GET /BLA/boletinlegal/style.css HTTP/1.1" 200 9406
172.22.2.4 - - [30/Sep/2022:06:52:29 -0500] "GET /BLA/boletinlegal/styles2.css HTTP/1.1" 200 1838
172.22.2.4 - - [30/Sep/2022:06:52:29 -0500] "GET /BLA/boletinlegal/js/jquery.js HTTP/1.1" 200 57254
172.22.2.4 - - [30/Sep/2022:06:52:29 -0500] "GET /BLA/boletinlegal/js/jquery.scrollShow.js HTTP/1.1" 200 4586
172.22.2.4 - - [30/Sep/2022:06:52:29 -0500] "GET /BLA/boletinlegal/js/jquery.scrollTo-min.js HTTP/1.1" 200 1150
172.22.2.4 - - [30/Sep/2022:06:52:29 -0500] "GET /BLA/boletinlegal/images/cabezote%20BLEGAL.jpg HTTP/1.1" 200 118164
172.22.2.4 - - [30/Sep/2022:06:52:29 -0500] "GET /BLA/boletinlegal/images/subscribe-icon-big.png HTTP/1.1" 200 47702
172.22.2.4 - - [30/Sep/2022:06:52:29 -0500] "GET /BLA/boletinlegal/images/arr_l.jpg HTTP/1.1" 200 1979
172.22.2.4 - - [30/Sep/2022:06:52:29 -0500] "GET /BLA/boletinlegal/images/historia.png HTTP/1.1" 200 52775
172.22.2.4 - - [30/Sep/2022:06:52:29 -0500] "GET /BLA/boletinlegal/images/registro-usuarios.png HTTP/1.1" 200 8106
172.22.2.4 - - [30/Sep/2022:06:52:29 -0500] "GET /BLA/boletinlegal/images/launch.jpg HTTP/1.1" 200 14577
172.22.2.4 - - [30/Sep/2022:06:52:29 -0500] "GET /BLA/boletinlegal/images/body_bg.jpg HTTP/1.1" 200 1601
172.22.2.4 - - [30/Sep/2022:06:52:29 -0500] "GET /BLA/boletinlegal/images/screen_1.png HTTP/1.1" 200 202547
172.22.2.4 - - [30/Sep/2022:06:52:29 -0500] "GET /BLA/boletinlegal/images/menu_rght.gif HTTP/1.1" 200 1627
172.22.2.4 - - [30/Sep/2022:06:52:29 -0500] "GET /BLA/boletinlegal/images/menu_bg.jpg HTTP/1.1" 200 620
172.22.2.4 - - [30/Sep/2022:06:52:29 -0500] "GET /BLA/boletinlegal/images/text.jpg HTTP/1.1" 200 568
172.22.2.4 - - [30/Sep/2022:06:52:29 -0500] "GET /BLA/boletinlegal/images/hover.jpg HTTP/1.1" 200 640
172.22.2.4 - - [30/Sep/2022:06:52:29 -0500] "GET /BLA/boletinlegal/images/bg_top.jpg HTTP/1.1" 200 522
172.22.2.4 - - [30/Sep/2022:06:52:29 -0500] "GET /BLA/boletinlegal/images/menu_lft.gif HTTP/1.1" 200 1713
172.22.2.4 - - [30/Sep/2022:06:52:31 -0500] "GET /BLA/boletinlegal/normativa.php HTTP/1.1" 200 8326
172.22.2.4 - - [30/Sep/2022:06:52:31 -0500] "GET /BLA/boletinlegal/js/ajax_normativa.js HTTP/1.1" 200 1154
172.22.2.4 - - [30/Sep/2022:06:52:31 -0500] "GET /BLA/boletinlegal/niceforms.js HTTP/1.1" 200 22876
172.22.2.4 - - [30/Sep/2022:06:52:31 -0500] "GET /BLA/boletinlegal/niceforms-default.css HTTP/1.1" 200 6694
172.22.2.4 - - [30/Sep/2022:06:52:31 -0500] "GET /BLA/boletinlegal/images/tel.png HTTP/1.1" 200 14477
172.22.2.4 - - [30/Sep/2022:06:52:31 -0500] "GET /BLA/boletinlegal/images/abajo.png HTTP/1.1" 200 96676
172.22.2.4 - - [30/Sep/2022:06:52:31 -0500] "GET /BLA/boletinlegal/images/icono-email.png HTTP/1.1" 200 5544
172.22.2.4 - - [30/Sep/2022:06:52:31 -0500] "GET /BLA/boletinlegal/images/footer_bg.jpg HTTP/1.1" 200 586
172.22.2.4 - - [30/Sep/2022:06:52:32 -0500] "GET /BLA/boletinlegal/images/footer_bg_l.jpg HTTP/1.1" 200 776
172.22.2.4 - - [30/Sep/2022:06:52:32 -0500] "GET /BLA/boletinlegal/img/select-left.png HTTP/1.1" 200 263
172.22.2.4 - - [30/Sep/2022:06:52:32 -0500] "GET /BLA/boletinlegal/img/0.png HTTP/1.1" 200 110
172.22.2.4 - - [30/Sep/2022:06:52:32 -0500] "GET /BLA/boletinlegal/img/select-right.png HTTP/1.1" 200 44019
172.22.2.4 - - [30/Sep/2022:06:52:32 -0500] "GET /BLA/boletinlegal/img/button-left.png HTTP/1.1" 200 57071
172.22.2.4 - - [30/Sep/2022:06:52:32 -0500] "GET /BLA/boletinlegal/img/button.png HTTP/1.1" 200 43241
172.22.2.4 - - [30/Sep/2022:06:52:32 -0500] "GET /BLA/boletinlegal/img/button-right.png HTTP/1.1" 200 57878
172.22.2.4 - - [30/Sep/2022:06:52:32 -0500] "GET /BLA/boletinlegal/favicon.ico HTTP/1.1" 404 1334
172.22.2.4 - - [30/Sep/2022:06:52:59 -0500] "GET /BLA/boletinlegal/normativa.php HTTP/1.1" 200 8326
172.22.2.4 - - [30/Sep/2022:06:53:02 -0500] "GET /BLA/boletinlegal/actos.php HTTP/1.1" 200 9559
172.22.2.4 - - [30/Sep/2022:06:53:02 -0500] "GET /BLA/boletinlegal/js/ajax_actos.js HTTP/1.1" 200 1322
172.22.2.4 - - [30/Sep/2022:06:53:02 -0500] "GET /BLA/boletinlegal/js/lib.js HTTP/1.1" 200 6474
172.22.2.4 - - [30/Sep/2022:06:53:02 -0500] "GET /BLA/boletinlegal/js/popup.js HTTP/1.1" 200 1270
172.22.2.4 - - [30/Sep/2022:06:53:02 -0500] "GET /BLA/boletinlegal/images/green-yellow-blue-pink-th.png HTTP/1.1" 200 7394
172.22.2.4 - - [30/Sep/2022:06:53:02 -0500] "GET /BLA/boletinlegal/js/jquery1.js HTTP/1.1" 200 29846
172.22.2.4 - - [30/Sep/2022:06:51:26 -0500] "HEAD /BLA/boletinlegal/ HTTP/1.1" 200 -
216.245.221.92 - - [30/Sep/2022:06:53:07 -0500] "HEAD / HTTP/1.1" 200 -
212.102.37.52 - - [30/Sep/2022:06:53:16 -0500] "HEAD / HTTP/1.1" 200 -
172.22.2.4 - - [30/Sep/2022:06:52:29 -0500] "GET /BLA/boletinlegal/index.php HTTP/1.1" 200 24523
212.102.37.52 - - [30/Sep/2022:06:53:16 -0500] "GET / HTTP/1.1" 200 319
172.22.2.4 - - [30/Sep/2022:06:53:34 -0500] "GET /BLA/boletinlegal/consulta_actos.php?tipo=resoluciones&no=2165&usuario=&sector=&fecha=2019&resuelve= HTTP/1.1" 200 1431
172.22.2.4 - - [30/Sep/2022:06:53:34 -0500] "GET /BLA/boletinlegal/images/pdf.gif HTTP/1.1" 200 567
186.84.20.155 - - [30/Sep/2022:06:53:47 -0500] "GET /BLA/resoluciones/RESOLUCIONES%202019/2165.pdf HTTP/1.1" 200 3035629
186.84.20.155 - - [30/Sep/2022:06:53:47 -0500] "GET /favicon.ico HTTP/1.1" 200 7782
201.245.192.253 - - [30/Sep/2022:06:53:51 -0500] "POST /kwsrmcab/Wsrmcab  HTTP/1.1" 200 43876
172.22.2.4 - - [30/Sep/2022:06:52:17 -0500] "GET /BLA/boletinlegal/ HTTP/1.1" 200 54356
172.22.2.4 - - [30/Sep/2022:06:57:47 -0500] "GET /BLA/boletinlegal/consulta_actos.php?tipo=resoluciones&no=1032&usuario=&sector=&fecha=2010&resuelve= HTTP/1.1" 200 1159
186.84.20.155 - - [30/Sep/2022:06:57:59 -0500] "GET /BLA/resoluciones/RESOLUCIONES%202010/1032.pdf HTTP/1.1" 200 816447
216.245.221.92 - - [30/Sep/2022:06:58:07 -0500] "HEAD / HTTP/1.1" 200 -
201.245.192.253 - - [30/Sep/2022:06:58:50 -0500] "POST /kwsrmcab/Wsrmcab  HTTP/1.1" 200 43876
172.22.2.4 - - [30/Sep/2022:06:57:16 -0500] "HEAD /BLA/boletinlegal/ HTTP/1.1" 200 -
172.22.2.4 - - [30/Sep/2022:06:58:06 -0500] "GET /BLA/boletinlegal/ HTTP/1.1" 200 54356
186.102.0.7 - - [30/Sep/2022:07:00:13 -0500] "GET /kwssiamovil/sm/ldap/au?x=U2FsdGVkX1+GrFRLONwFBRABx9P4I5ER8m//XOwvlZ7K7+wXe3tPwZ4+VYCq/dvy&y=U2FsdGVkX19JlN92EXbvtbtPTwusdzuQjY5VI458FY3V2tSrsDYBh8BaV7/l0JdX HTTP/1.1" 200 30
186.102.0.7 - - [30/Sep/2022:07:00:13 -0500] "GET /kwssiamovil/sm/acme/s?s=U2FsdGVkX1/+vakx1nk6oOerCGOdqHnImmwOs4NLYS2EcknnzH0xKJoyISFM6yJRTW276F8BACHrVe8qaSQYJMgs10HN/pD5lJH1eD0NIfs=&u=U2FsdGVkX19j0aBasZ1Ts0gFzhCT5GZob+jgiZBTP8blsZZ+BLsZtPZXuAiRc0vk&y=U2FsdGVkX19JlN92EXbvtbtPTwusdzuQjY5VI458FY3V2tSrsDYBh8BaV7/l0JdX HTTP/1.1" 200 97
186.102.0.7 - - [30/Sep/2022:07:00:13 -0500] "GET /kwssiamovil/sm/acme/s?s=U2FsdGVkX1+OclZca4VXx63wNtJovOr+l9b150y3eNmLzcn/XOP5ExVGTNAd1m7mnPEy8jCDpjGvCelRMMRZJyQoucrC0BKxjgq8pQKEX+EbS1Z1vUazR1FOLvoLsQZiaw0ZWQo+bwzBpnhPwZlLw6V0xcskTFXBDuW+mHzhpv2Ic2eyf4gLQ52CuR1m7rmr4AZCx7D0PFbw2vskzn+KQe1zeNti8q4RLKC/6up2OEc7AvdQipog0gH0kZU6lcjzzmB5oKoH7FKXP/sqIshdwma7cvCRxpzhgQgKErL9AaeQJbR+7XeKbZWZxgXSxpnjUD9wBoRdub/EiZnJhWGdNwZLxlsnHMigfM2SMPXy56beQZwB7Mw1IlsPDCGx9heFOHgOoKSNzKg9mEifv5YmBwpZEOs4rWAsq+316NAAi4tohdG+35n6EvTPc8yqqrtsDypCtsbekorGY0qHghOl9zhyjXCyQe7CwJjha+5dCzKSncSoM/JFdiSSIPjJRhQc7CpEUbU/UWaf4HeC+dtJ7yehMuHP1Kjda88gh3KEg9FBwaVqRR6ja+c/6MozEXaCnsddqU4wbWEaB/Zchg8LQDq/UtsZX/vRLjDpSkIhmwUglQO2FidSoFq1uLvtoJfeyHnh7lTWWKRiidcIP6AY3r4xE0XHCOrlvyfxDJWoDouHVtGTzs9kb/70oIxHWFtlOIpEnXYDWWc9UjGHgPk4YmrGp2wMTagZ9GVv5SJX6OtXOv/rycTzsvS8Vjf9M2to9oFagbYngT44/zsqh4xtmfnKjdrYV9lEud2zJfyKm6fxXc4jd6eyrXvp86qEctBz2JeR2LB/tvaTs6VxN/tkthLhVSkFLGAlDFCJmaRhAIUNM+mc0gnBmDXfNs+HO+a+++XeeoFZloa8Paqpub9cFZ7LGKGzfr91RDtT+aHlXSyyjJDiFist1do07uy1rOCkFXDG7A/v77GJSu9kuGxNiuS83FOucJl5vznVtvkCWQyLsEsU6wZCdGYBYpTHU0yTIXi+6l3klqdWt6hbosMvzg6MUxFauxIwtsBQtcOPL8pjRytUmMkkhnNdC4atCwgO2McVXKP6tPO5l034hJoyOD9bOLnkSsMGgRAJIS9Fq7iC6/I3EV09p5vOwCGehgTOwiqx3jUB7vD/I9sRFv0cqtgJ+mxe5eUmpu1o+0pgL4tjOGovE1LgVyUyc1TdIaB9wemhvc5uPKgYPCa1DmYjN7vWjxVeN1ZUKGhI48ixOdizCPDV2yvi/YgUL7ou0Va+4OyryGpqMkouBo8MJTmIeKk24kflum2TakioEKCty4zeKnvCCUFsyZ399qaQ1budRRCnJvZbcIo945seFupL/aKsb3T3CHZ6lrB9DrsK3TUZKb9BOkHvh0iZidvLEgdhJFzqLQhdbywEvXQJhZPJFqCsBBNOYqQXhDlgo5/fCco=&u=U2FsdGVkX19j0aBasZ1Ts0gFzhCT5GZob+jgiZBTP8blsZZ+BLsZtPZXuAiRc0vk&y=U2FsdGVkX19JlN92EXbvtbtPTwusdzuQjY5VI458FY3V2tSrsDYBh8BaV7/l0JdX HTTP/1.1" 200 2316
186.102.0.7 - - [30/Sep/2022:07:00:13 -0500] "GET /kwssiamovil/sm/acme/s?s=U2FsdGVkX18YYO1DdNa+esNYQo5fZewkiVmxFN6ciVk8Tc16Lq2XCWdQoKDj08K1gVdy/oGFzWiC7FbwZIW/N9KH3W5BOg1uLMNNo2rSihrTGD2g0y14ebTaqDJa2y13+j0Mx3MWdfQJysVY3ZXrzQXSDNUYdceFiGLZnUzkDcHqIZ521s2yDpwTE2XWQck3YaHHzIdMewiPjEnBY3l8nvm9OdIEU/DiwUB3J3JtIOaOApYWuTQg5GMzRvh6oInQ0T+ZoCoHfBBWg+7K+Wr3yRBEE7/4x/4DumUkdyGgh4cD/vq5N6VAaADXuDe0fiiiYLPGFPhEfEzYHUrPmlZab0tz6BCiCAjWId6yuJkTj5k=&u=U2FsdGVkX19j0aBasZ1Ts0gFzhCT5GZob+jgiZBTP8blsZZ+BLsZtPZXuAiRc0vk&y=U2FsdGVkX19JlN92EXbvtbtPTwusdzuQjY5VI458FY3V2tSrsDYBh8BaV7/l0JdX HTTP/1.1" 200 196
186.102.0.7 - - [30/Sep/2022:07:00:13 -0500] "GET /kwssiamovil/sm/cjson/pre?f=1&x=U2FsdGVkX1+GrFRLONwFBRABx9P4I5ER8m//XOwvlZ7K7+wXe3tPwZ4+VYCq/dvy HTTP/1.1" 200 30992
190.130.80.202 - - [30/Sep/2022:07:02:40 -0500] "GET /sipse/faces/faces/autenticacion.xhtml HTTP/1.1" 200 12498
190.130.80.202 - - [30/Sep/2022:07:02:40 -0500] "GET /sipse/faces/javax.faces.resource/layout/layout.css;jsessionid=eGEGm9Zwsrd1veoNkwNwzN4L.undefined?ln=primefaces&v=4.0 HTTP/1.1" 200 542
190.130.80.202 - - [30/Sep/2022:07:02:41 -0500] "GET /sipse/faces/javax.faces.resource/theme.css?ln=primefaces-sipse HTTP/1.1" 304 -
190.130.80.202 - - [30/Sep/2022:07:02:40 -0500] "GET /sipse/faces/javax.faces.resource/primefaces.css;jsessionid=eGEGm9Zwsrd1veoNkwNwzN4L.undefined?ln=primefaces&v=4.0 HTTP/1.1" 200 53295
190.130.80.202 - - [30/Sep/2022:07:02:41 -0500] "GET /sipse/faces/javax.faces.resource/layout/layout.js;jsessionid=eGEGm9Zwsrd1veoNkwNwzN4L.undefined?ln=primefaces&v=4.0 HTTP/1.1" 200 87560
190.130.80.202 - - [30/Sep/2022:07:02:41 -0500] "GET /sipse/faces/javax.faces.resource/jquery/jquery-plugins.js;jsessionid=eGEGm9Zwsrd1veoNkwNwzN4L.undefined?ln=primefaces&v=4.0 HTTP/1.1" 200 220526
190.130.80.202 - - [30/Sep/2022:07:02:41 -0500] "GET /sipse/faces/javax.faces.resource/jquery/jquery.js;jsessionid=eGEGm9Zwsrd1veoNkwNwzN4L.undefined?ln=primefaces&v=4.0 HTTP/1.1" 200 105384
190.130.80.202 - - [30/Sep/2022:07:02:41 -0500] "GET /sipse/faces/javax.faces.resource/primefaces.js;jsessionid=eGEGm9Zwsrd1veoNkwNwzN4L.undefined?ln=primefaces&v=4.0 HTTP/1.1" 200 276924
190.130.80.202 - - [30/Sep/2022:07:02:42 -0500] "GET /sipse/faces/javax.faces.resource/images/ui-icons_898989_256x240.png?ln=primefaces-aristo HTTP/1.1" 304 -
190.130.80.202 - - [30/Sep/2022:07:02:42 -0500] "GET /sipse/faces/faces/index.xhtml HTTP/1.1" 200 677
190.130.80.202 - - [30/Sep/2022:07:02:42 -0500] "GET /sipse/faces/javax.faces.resource/theme.css?ln=primefaces-sipse HTTP/1.1" 304 -
190.130.80.202 - - [30/Sep/2022:07:02:42 -0500] "GET /sipse/faces/faces/faces/autenticacion.xhtml HTTP/1.1" 200 12176
190.130.80.202 - - [30/Sep/2022:07:02:42 -0500] "GET /sipse/faces/javax.faces.resource/primefaces.css?ln=primefaces&v=4.0 HTTP/1.1" 304 -
190.130.80.202 - - [30/Sep/2022:07:02:42 -0500] "GET /sipse/faces/javax.faces.resource/jquery/jquery-plugins.js?ln=primefaces&v=4.0 HTTP/1.1" 304 -
190.130.80.202 - - [30/Sep/2022:07:02:42 -0500] "GET /sipse/faces/javax.faces.resource/jquery/jquery.js?ln=primefaces&v=4.0 HTTP/1.1" 304 -
190.130.80.202 - - [30/Sep/2022:07:02:42 -0500] "GET /sipse/faces/javax.faces.resource/layout/layout.js?ln=primefaces&v=4.0 HTTP/1.1" 304 -
190.130.80.202 - - [30/Sep/2022:07:02:42 -0500] "GET /sipse/faces/javax.faces.resource/theme.css?ln=primefaces-sipse HTTP/1.1" 304 -
190.130.80.202 - - [30/Sep/2022:07:02:42 -0500] "GET /sipse/faces/javax.faces.resource/layout/layout.css?ln=primefaces&v=4.0 HTTP/1.1" 304 -
190.130.80.202 - - [30/Sep/2022:07:02:43 -0500] "GET /sipse/faces/javax.faces.resource/primefaces.js?ln=primefaces&v=4.0 HTTP/1.1" 304 -
190.130.80.202 - - [30/Sep/2022:07:02:45 -0500] "POST /sipse/faces/autenticacion.xhtml HTTP/1.1" 200 2242
190.130.80.202 - - [30/Sep/2022:07:02:45 -0500] "GET /sipse/faces/javax.faces.resource/messages/messages.png?ln=primefaces&v=4.0 HTTP/1.1" 304 -
212.129.57.169 - - [30/Sep/2022:07:02:48 -0500] "GET /alcaldia-de-bogota-y-gobernacion-de-cundinamarca-suscriben-convenio-para-implementar-pagos-por-servicios-ambientales-en-la-bogota-region.html HTTP/1.1" 200 1133
212.129.57.169 - - [30/Sep/2022:07:02:48 -0500] "GET /images/cundinamarca-1_optimized.jpeg HTTP/1.1" 200 101287
216.245.221.92 - - [30/Sep/2022:07:03:07 -0500] "HEAD / HTTP/1.1" 200 -
201.245.192.253 - - [30/Sep/2022:07:03:48 -0500] "POST /kwsrmcab/Wsrmcab  HTTP/1.1" 200 43876
172.22.2.4 - - [30/Sep/2022:07:03:06 -0500] "HEAD /BLA/boletinlegal/ HTTP/1.1" 200 -
172.22.2.4 - - [30/Sep/2022:07:03:56 -0500] "GET /BLA/boletinlegal/ HTTP/1.1" 200 58955
186.84.108.168 - - [30/Sep/2022:07:08:02 -0500] "GET /galeria/galeria/jquery.fancybox.css?v=2.1.5 HTTP/1.1" 200 4895
216.245.221.92 - - [30/Sep/2022:07:08:07 -0500] "HEAD / HTTP/1.1" 200 -
201.245.192.253 - - [30/Sep/2022:07:08:47 -0500] "POST /kwsrmcab/Wsrmcab  HTTP/1.1" 200 43876
78.142.18.92 - - [30/Sep/2022:07:09:15 -0500] "CONNECT google.com:443 HTTP/1.1" 405 938
172.22.2.4 - - [30/Sep/2022:07:08:56 -0500] "HEAD /BLA/boletinlegal/ HTTP/1.1" 200 -
172.22.2.4 - - [30/Sep/2022:07:09:46 -0500] "GET /BLA/boletinlegal/ HTTP/1.1" 200 60281
207.46.13.190 - - [30/Sep/2022:07:12:31 -0500] "GET /BLA/resoluciones/RESOLUCIONES%202022/0417.pdf HTTP/1.1" 200 333296
207.46.13.89 - - [30/Sep/2022:07:12:46 -0500] "GET /BLA/resoluciones/RESOLUCIONES%202021/2477.pdf HTTP/1.1" 304 -
216.245.221.92 - - [30/Sep/2022:07:13:07 -0500] "HEAD / HTTP/1.1" 200 -
201.245.192.253 - - [30/Sep/2022:07:13:46 -0500] "POST /kwsrmcab/Wsrmcab  HTTP/1.1" 200 43876
207.46.13.190 - - [30/Sep/2022:07:15:51 -0500] "GET /forest/ HTTP/1.1" 200 12041
172.22.2.4 - - [30/Sep/2022:07:14:46 -0500] "HEAD /BLA/boletinlegal/ HTTP/1.1" 200 -
66.249.73.127 - - [30/Sep/2022:07:17:14 -0500] "-" 408 -
172.22.2.4 - - [30/Sep/2022:07:15:36 -0500] "GET /BLA/boletinlegal/ HTTP/1.1" 200 58163
216.245.221.92 - - [30/Sep/2022:07:18:07 -0500] "HEAD / HTTP/1.1" 200 -
201.245.192.253 - - [30/Sep/2022:07:18:41 -0500] "POST /kwsrmcab/Wsrmcab HTTP/1.1" 200 43732
201.245.192.253 - - [30/Sep/2022:07:18:45 -0500] "POST /kwsrmcab/Wsrmcab HTTP/1.1" 200 45027
201.245.192.253 - - [30/Sep/2022:07:18:45 -0500] "POST /kwsrmcab/Wsrmcab  HTTP/1.1" 200 43876
172.22.2.4 - - [30/Sep/2022:07:20:36 -0500] "HEAD /BLA/boletinlegal/ HTTP/1.1" 200 -
172.22.2.4 - - [30/Sep/2022:07:21:26 -0500] "GET /BLA/boletinlegal/ HTTP/1.1" 200 54356
216.245.221.92 - - [30/Sep/2022:07:23:07 -0500] "HEAD / HTTP/1.1" 200 -
201.245.192.253 - - [30/Sep/2022:07:23:44 -0500] "POST /kwsrmcab/Wsrmcab  HTTP/1.1" 200 43876
173.252.107.119 - - [30/Sep/2022:07:25:49 -0500] "GET /bogota-ya-cuenta-mas-de-70-negocios-verdes-verificados.html HTTP/1.1" 206 992
186.147.57.248 - - [30/Sep/2022:07:27:48 -0500] "GET /galeria/galeria/jquery.fancybox.css?v=2.1.5 HTTP/1.1" 200 4895
186.147.57.248 - - [30/Sep/2022:07:27:48 -0500] "GET /BLA/boletinlegal/js/jquery.scrollShow.js HTTP/1.1" 200 4586
186.147.57.248 - - [30/Sep/2022:07:27:48 -0500] "GET /galeria/galeria/jquery.fancybox.js?v=2.1.5 HTTP/1.1" 200 48706
172.22.2.4 - - [30/Sep/2022:07:26:26 -0500] "HEAD /BLA/boletinlegal/ HTTP/1.1" 200 -
216.245.221.92 - - [30/Sep/2022:07:28:07 -0500] "HEAD / HTTP/1.1" 200 -
201.245.192.253 - - [30/Sep/2022:07:28:42 -0500] "POST /kwsrmcab/Wsrmcab HTTP/1.1" 200 43732
201.245.192.253 - - [30/Sep/2022:07:28:43 -0500] "POST /kwsrmcab/Wsrmcab  HTTP/1.1" 200 43876
201.245.192.253 - - [30/Sep/2022:07:28:46 -0500] "POST /kwsrmcab/Wsrmcab HTTP/1.1" 200 45027
172.22.2.4 - - [30/Sep/2022:07:27:16 -0500] "GET /BLA/boletinlegal/ HTTP/1.1" 200 58163
173.252.79.113 - - [30/Sep/2022:07:29:44 -0500] "GET /images/jornadas-llantas-usadas-23-mayo.jpg HTTP/1.1" 200 148376
207.46.13.40 - - [30/Sep/2022:07:29:44 -0500] "GET /sipse/faces/faces/autenticacion.xhtml HTTP/1.1" 200 12498
173.252.87.7 - - [30/Sep/2022:07:29:48 -0500] "GET /images/jardines-verticales-plantas-24-mayo.jpg HTTP/1.1" 200 148288
52.247.107.156 - - [30/Sep/2022:07:32:56 -0500] "GET /Publicaciones/SSFFS-00624.zip HTTP/1.1" 404 227
52.247.107.156 - - [30/Sep/2022:07:32:56 -0500] "GET /Publicaciones/SSFFS-06364.zip HTTP/1.1" 404 227
52.247.107.156 - - [30/Sep/2022:07:32:56 -0500] "GET /Publicaciones/SSFFS-00611.zip HTTP/1.1" 404 227
52.247.107.156 - - [30/Sep/2022:07:32:56 -0500] "GET /Publicaciones/SSFFS-04379.zip HTTP/1.1" 404 227
52.247.107.156 - - [30/Sep/2022:07:32:56 -0500] "GET /Publicaciones/SSFFS-09321.zip HTTP/1.1" 404 227
52.247.107.156 - - [30/Sep/2022:07:32:56 -0500] "GET /Publicaciones/SSFFS-09328.zip HTTP/1.1" 404 227
52.247.107.156 - - [30/Sep/2022:07:32:56 -0500] "GET /Publicaciones/SSFFS-01245.zip HTTP/1.1" 404 227
52.247.107.156 - - [30/Sep/2022:07:32:56 -0500] "GET /Publicaciones/SSFFS-07703.zip HTTP/1.1" 404 227
52.247.107.156 - - [30/Sep/2022:07:32:56 -0500] "GET /Publicaciones/SSFFS-06603.zip HTTP/1.1" 404 227
52.247.107.156 - - [30/Sep/2022:07:32:57 -0500] "GET /Publicaciones/SSFFS-07654.zip HTTP/1.1" 404 227
52.247.107.156 - - [30/Sep/2022:07:32:57 -0500] "GET /Publicaciones/SSFFS-15570.zip HTTP/1.1" 404 227
52.247.107.156 - - [30/Sep/2022:07:32:57 -0500] "GET /Publicaciones/SSFFS-17534.zip HTTP/1.1" 404 227
52.247.107.156 - - [30/Sep/2022:07:32:57 -0500] "GET /Publicaciones/SSFFS-03192.zip HTTP/1.1" 404 227
52.247.107.156 - - [30/Sep/2022:07:32:57 -0500] "GET /Publicaciones/SSFFS-06622.zip HTTP/1.1" 404 227
