149.19.251.168 - - [01/Oct/2022:17:22:45 -0500] "GET /transportadores-de-carga-conocieron-las-opciones-para-contaminar-menos-y-enrutarse-en-la-sostenibilidad.html HTTP/1.1" 200 1003
207.46.13.40 - - [01/Oct/2022:17:22:51 -0500] "GET /BLA/resoluciones/AUTOS%202022/0244.pdf HTTP/1.1" 200 424574
216.245.221.92 - - [01/Oct/2022:17:23:01 -0500] "HEAD / HTTP/1.1" 200 -
139.162.252.225 - - [01/Oct/2022:17:23:51 -0500] "GET / HTTP/1.1" 200 319
172.22.2.4 - - [01/Oct/2022:17:22:11 -0500] "HEAD /BLA/boletinlegal/ HTTP/1.1" 200 -
201.245.192.253 - - [01/Oct/2022:17:23:36 -0500] "POST /kwsrmcab/Wsrmcab  HTTP/1.1" 503 1020
128.199.243.74 - - [01/Oct/2022:17:24:02 -0500] "GET / HTTP/1.1" 200 319
172.22.2.4 - - [01/Oct/2022:17:23:01 -0500] "GET /BLA/boletinlegal/ HTTP/1.1" 200 51630
64.124.8.38 - - [01/Oct/2022:17:24:51 -0500] "GET /portaldeninos/2021/05/30/cambio-climatico/ HTTP/1.1" 200 93898
172.22.2.4 - - [01/Oct/2022:17:24:10 -0500] "GET /BLA/boletinlegal/ HTTP/1.1" 200 56376
207.46.13.190 - - [01/Oct/2022:17:26:03 -0500] "GET /BLA/resoluciones/AUTOS%202017/0005.pdf HTTP/1.1" 200 613530
172.22.2.4 - - [01/Oct/2022:17:26:24 -0500] "GET /BLA/boletinlegal/Directivas/2018/Directiva%20No.%2025%20del%2027%20de%20diciembre%20de%202018.pdf HTTP/1.1" 304 -
199.16.157.180 - - [01/Oct/2022:17:27:04 -0500] "GET /images/feria-veh%C3%ADculos-sostenibles_optimized.jpeg HTTP/1.1" 404 1034
216.245.221.92 - - [01/Oct/2022:17:28:01 -0500] "HEAD / HTTP/1.1" 200 -
66.249.73.127 - - [01/Oct/2022:17:28:02 -0500] "-" 408 -
201.245.192.253 - - [01/Oct/2022:17:28:34 -0500] "POST /kwsrmcab/Wsrmcab  HTTP/1.1" 503 1020
172.22.2.4 - - [01/Oct/2022:17:28:01 -0500] "HEAD /BLA/boletinlegal/ HTTP/1.1" 200 -
172.22.2.4 - - [01/Oct/2022:17:28:51 -0500] "GET /BLA/boletinlegal/ HTTP/1.1" 200 58163
201.245.192.253 - - [01/Oct/2022:17:31:47 -0500] "GET /kwsrmcab/Wsrmcab?wsdl HTTP/1.1" 503 1020
201.245.192.253 - - [01/Oct/2022:17:32:09 -0500] "GET /kwsrmcab/Wsrmcab?wsdl HTTP/1.1" 503 1020
173.252.107.7 - - [01/Oct/2022:17:32:44 -0500] "GET /crisis-climatica-distrito-firmo-alianza-para-preservar-la-seguridad-hidrica-de-bogota-y-la-region.html HTTP/1.1" 206 1075
172.22.2.4 - - [01/Oct/2022:17:32:04 -0500] "GET /BLA/boletinlegal/ HTTP/1.1" 200 32715
216.245.221.92 - - [01/Oct/2022:17:33:01 -0500] "HEAD / HTTP/1.1" 200 -
35.240.26.48 - - [01/Oct/2022:17:33:22 -0500] "GET /transportadores-de-carga-conocieron-las-opciones-para-contaminar-menos-y-enrutarse-en-la-sostenibilidad.html HTTP/1.1" 200 1003
201.245.192.253 - - [01/Oct/2022:17:33:33 -0500] "POST /kwsrmcab/Wsrmcab  HTTP/1.1" 503 1020
172.22.2.4 - - [01/Oct/2022:17:33:54 -0500] "GET /BLA/boletinlegal/Circulares/2019/Circular%2000018%20del%2020%20de%20noviembre%20de%202019.pdf HTTP/1.1" 200 158030
64.124.8.29 - - [01/Oct/2022:17:35:04 -0500] "GET /siipev/Diseno%20de%20Elementos%20de%20Mobiliario%20Urbano/Parte2.html HTTP/1.1" 304 -
172.22.2.4 - - [01/Oct/2022:17:33:51 -0500] "HEAD /BLA/boletinlegal/ HTTP/1.1" 200 -
172.22.2.4 - - [01/Oct/2022:17:33:54 -0500] "GET /BLA/boletinlegal/ HTTP/1.1" 200 51630
172.22.2.4 - - [01/Oct/2022:17:34:41 -0500] "GET /BLA/boletinlegal/ HTTP/1.1" 200 56014
207.46.13.211 - - [01/Oct/2022:17:36:32 -0500] "GET /transportadores-de-carga-conocieron-las-opciones-para-contaminar-menos-y-enrutarse-en-la-sostenibilidad.html HTTP/1.1" 200 1003
157.55.39.25 - - [01/Oct/2022:17:36:39 -0500] "GET /BLA/resoluciones/00000311.tif HTTP/1.1" 404 1018
172.22.2.4 - - [01/Oct/2022:17:37:39 -0500] "GET /BLA/boletinlegal/Circulares/2019/.pdf HTTP/1.1" 404 1218
216.245.221.92 - - [01/Oct/2022:17:38:01 -0500] "HEAD / HTTP/1.1" 200 -
157.55.39.210 - - [01/Oct/2022:17:38:42 -0500] "GET /images/feria-veh%C3%ADculos-sostenibles_optimized.jpeg HTTP/1.1" 404 1034
201.245.192.253 - - [01/Oct/2022:17:38:32 -0500] "POST /kwsrmcab/Wsrmcab  HTTP/1.1" 503 1020
181.54.32.136 - - [01/Oct/2022:17:39:09 -0500] "GET /inventario-de-emisiones-2020-transporte-publico-sitp-redujo-emisiones-de-pm-2-5-en-un-37.html HTTP/1.1" 200 925
207.46.13.40 - - [01/Oct/2022:17:38:56 -0500] "GET /sipse/faces/faces/autenticacion.xhtml HTTP/1.1" 503 1020
207.46.13.40 - - [01/Oct/2022:17:39:33 -0500] "GET /BLA/resoluciones/00000866.tif HTTP/1.1" 404 1018
186.29.183.137 - - [01/Oct/2022:17:40:06 -0500] "GET /forest/ HTTP/1.1" 200 12041
172.22.2.4 - - [01/Oct/2022:17:40:11 -0500] "GET /BLA/boletinlegal/index.html HTTP/1.1" 404 1043
172.22.2.4 - - [01/Oct/2022:17:40:11 -0500] "GET /BLA/boletinlegal/.git/HEAD HTTP/1.1" 404 1043
172.22.2.4 - - [01/Oct/2022:17:40:11 -0500] "GET /BLA/boletinlegal/Portal0000.htm HTTP/1.1" 404 1043
172.22.2.4 - - [01/Oct/2022:17:40:12 -0500] "GET /BLA/boletinlegal/nmaplowercheck1664663904 HTTP/1.1" 404 1043
172.22.2.4 - - [01/Oct/2022:17:40:12 -0500] "GET /BLA/boletinlegal/Portal/Portal.mwsl HTTP/1.1" 404 1043
172.22.2.4 - - [01/Oct/2022:17:40:12 -0500] "POST /BLA/boletinlegal/sdk HTTP/1.1" 404 1043
172.22.2.4 - - [01/Oct/2022:17:40:14 -0500] "GET /BLA/boletinlegal/CSS/Miniweb.css HTTP/1.1" 404 1043
172.22.2.4 - - [01/Oct/2022:17:40:14 -0500] "GET /BLA/boletinlegal/HNAP1 HTTP/1.1" 404 1043
172.22.2.4 - - [01/Oct/2022:17:40:15 -0500] "GET /BLA/boletinlegal/pools/default/buckets HTTP/1.1" 404 1043
172.22.2.4 - - [01/Oct/2022:17:40:16 -0500] "GET /BLA/boletinlegal/pools HTTP/1.1" 404 1043
172.22.2.4 - - [01/Oct/2022:17:40:16 -0500] "POST /BLA/boletinlegal/scripts/WPnBr.dll HTTP/1.1" 404 1043
172.22.2.4 - - [01/Oct/2022:17:40:16 -0500] "GET /BLA/boletinlegal/inicio.html HTTP/1.1" 404 1043
172.22.2.4 - - [01/Oct/2022:17:40:19 -0500] "GET /BLA/boletinlegal/default.cfm HTTP/1.1" 404 1043
172.22.2.4 - - [01/Oct/2022:17:40:10 -0500] "GET /BLA/boletinlegal/ HTTP/1.1" 200 20427
172.22.2.4 - - [01/Oct/2022:17:40:21 -0500] "GET /BLA/boletinlegal/ HTTP/1.1" 200 20427
172.22.2.4 - - [01/Oct/2022:17:40:24 -0500] "GET /BLA/boletinlegal/ HTTP/1.1" 200 20427
172.22.2.4 - - [01/Oct/2022:17:39:41 -0500] "HEAD /BLA/boletinlegal/ HTTP/1.1" 200 -
172.22.2.4 - - [01/Oct/2022:17:40:11 -0500] "GET /BLA/boletinlegal/ HTTP/1.1" 200 24523
172.22.2.4 - - [01/Oct/2022:17:40:12 -0500] "GET /BLA/boletinlegal/ HTTP/1.1" 200 24523
201.245.192.253 - - [01/Oct/2022:17:41:48 -0500] "GET /kwsrmcab/Wsrmcab?wsdl HTTP/1.1" 503 1020
201.245.192.253 - - [01/Oct/2022:17:42:09 -0500] "GET /kwsrmcab/Wsrmcab?wsdl HTTP/1.1" 503 1020
172.22.2.4 - - [01/Oct/2022:17:40:31 -0500] "GET /BLA/boletinlegal/ HTTP/1.1" 200 48733
88.99.144.145 - - [01/Oct/2022:17:42:35 -0500] "-" 408 -
64.124.8.29 - - [01/Oct/2022:17:42:35 -0500] "GET /appsia/controlador HTTP/1.1" 503 1020
216.245.221.92 - - [01/Oct/2022:17:43:01 -0500] "HEAD / HTTP/1.1" 200 -
201.245.192.253 - - [01/Oct/2022:17:43:31 -0500] "POST /kwsrmcab/Wsrmcab  HTTP/1.1" 503 1020
138.201.35.109 - - [01/Oct/2022:17:45:47 -0500] "-" 408 -
64.124.8.38 - - [01/Oct/2022:17:46:38 -0500] "GET /portaldeninos/2021/05/30/manejo-de-residuos/ HTTP/1.1" 200 92986
172.22.2.4 - - [01/Oct/2022:17:45:31 -0500] "HEAD /BLA/boletinlegal/ HTTP/1.1" 200 -
64.124.8.45 - - [01/Oct/2022:17:47:41 -0500] "-" 408 -
216.245.221.92 - - [01/Oct/2022:17:48:01 -0500] "HEAD / HTTP/1.1" 200 -
172.22.2.4 - - [01/Oct/2022:17:46:22 -0500] "GET /BLA/boletinlegal/ HTTP/1.1" 200 60281
201.245.192.253 - - [01/Oct/2022:17:48:30 -0500] "POST /kwsrmcab/Wsrmcab  HTTP/1.1" 503 1020
163.220.128.41 - - [01/Oct/2022:17:51:25 -0500] "GET /galeria/galeria/fotos/GuaymaralTorca4G.jpg HTTP/1.1" 200 373786
207.46.13.213 - - [01/Oct/2022:17:52:37 -0500] "GET /html/js/barebone.jsp?browserid=other&themeid=rknowsys_war_rknowsystheme&colorschemeid=01&minifiertype=js&minifierbundleid=javascript.barebone.files&languageid=es_es&b=6202&t=1420318876000 HTTP/1.1" 404 1034
216.245.221.92 - - [01/Oct/2022:17:53:01 -0500] "HEAD / HTTP/1.1" 200 -
172.22.2.4 - - [01/Oct/2022:17:51:21 -0500] "HEAD /BLA/boletinlegal/ HTTP/1.1" 200 -
172.22.2.4 - - [01/Oct/2022:17:52:37 -0500] "GET /BLA/boletinlegal/ HTTP/1.1" 200 20427
201.245.192.253 - - [01/Oct/2022:17:53:28 -0500] "POST /kwsrmcab/Wsrmcab  HTTP/1.1" 503 1020
172.22.2.4 - - [01/Oct/2022:17:52:27 -0500] "GET /BLA/boletinlegal/ HTTP/1.1" 200 32715
207.46.13.181 - - [01/Oct/2022:17:53:44 -0500] "GET /portaldeninos/ HTTP/1.1" 200 110197
172.22.2.4 - - [01/Oct/2022:17:52:11 -0500] "GET /BLA/boletinlegal/ HTTP/1.1" 200 46728
207.46.13.181 - - [01/Oct/2022:17:54:03 -0500] "GET /portaldeninos/wp-content/themes/betheme/assets/jplayer/jplayer.min.js?ver=20.9.6 HTTP/1.1" 200 52702
207.46.13.181 - - [01/Oct/2022:17:54:04 -0500] "GET /portaldeninos/wp-content/themes/betheme/js/plugins.js?ver=20.9.6 HTTP/1.1" 200 197151
207.46.13.181 - - [01/Oct/2022:17:54:04 -0500] "GET /portaldeninos/wp-includes/js/jquery/ui/sortable.min.js?ver=1.11.4 HTTP/1.1" 200 24899
157.55.39.159 - - [01/Oct/2022:17:54:04 -0500] "GET /portaldeninos/wp-content/plugins/gallery-videos/JS/Total-Soft-Gallery-Video-Widget.js?ver=4.9.8 HTTP/1.1" 200 80264
207.46.13.181 - - [01/Oct/2022:17:54:05 -0500] "GET /portaldeninos/wp-includes/js/wp-emoji-release.min.js?ver=4.9.8 HTTP/1.1" 200 12026
207.46.13.211 - - [01/Oct/2022:17:54:07 -0500] "GET /portaldeninos/wp-content/plugins/gallery-videos/CSS/totalsoft.css?ver=4.9.8 HTTP/1.1" 200 40622
207.46.13.177 - - [01/Oct/2022:17:54:08 -0500] "GET /portaldeninos/wp-content/themes/betheme/assets/animations/animations.min.js?ver=20.9.6 HTTP/1.1" 200 1896
207.46.13.211 - - [01/Oct/2022:17:54:08 -0500] "GET /portaldeninos/wp-content/themes/betheme/assets/ui/jquery.ui.all.css?ver=20.9.6 HTTP/1.1" 200 18765
207.46.13.211 - - [01/Oct/2022:17:54:08 -0500] "GET /portaldeninos/wp-content/themes/betheme/css/layout.css?ver=20.9.6 HTTP/1.1" 200 116639
207.46.13.211 - - [01/Oct/2022:17:54:09 -0500] "GET /portaldeninos/wp-content/themes/betheme/js/scripts.js?ver=20.9.6 HTTP/1.1" 200 77162
207.46.13.211 - - [01/Oct/2022:17:54:09 -0500] "GET /portaldeninos/wp-content/uploads/useanyfont/uaf.css?ver=1589905315 HTTP/1.1" 200 408
207.46.13.211 - - [01/Oct/2022:17:54:09 -0500] "GET /portaldeninos/wp-includes/js/jquery/jquery.js?ver=1.12.4 HTTP/1.1" 200 97184
157.55.39.159 - - [01/Oct/2022:17:54:15 -0500] "GET /portaldeninos/wp-content/themes/betheme/assets/animations/animations.min.css?ver=20.9.6 HTTP/1.1" 200 58508
157.55.39.159 - - [01/Oct/2022:17:54:15 -0500] "GET /portaldeninos/wp-includes/js/jquery/ui/accordion.min.js?ver=1.11.4 HTTP/1.1" 200 8584
157.55.39.159 - - [01/Oct/2022:17:54:15 -0500] "GET /portaldeninos/wp-includes/js/wp-embed.min.js?ver=4.9.8 HTTP/1.1" 200 1398
207.46.13.213 - - [01/Oct/2022:17:54:18 -0500] "GET /portaldeninos/wp-content/plugins/popup-maker/assets/js/site.min.js?defer&ver=1.8.14 HTTP/1.1" 200 48457
207.46.13.213 - - [01/Oct/2022:17:54:19 -0500] "GET /portaldeninos/wp-content/themes/betheme/js/menu.js?ver=20.9.6 HTTP/1.1" 200 2449
213.186.1.246 - - [01/Oct/2022:17:54:21 -0500] "-" 408 -
207.46.13.177 - - [01/Oct/2022:17:54:27 -0500] "GET /portaldeninos/wp-content/themes/betheme/css/shortcodes.css?ver=20.9.6 HTTP/1.1" 200 138889
207.46.13.177 - - [01/Oct/2022:17:54:28 -0500] "GET /portaldeninos/wp-content/themes/betheme/style.css?ver=20.9.6 HTTP/1.1" 200 287
207.46.13.182 - - [01/Oct/2022:17:54:32 -0500] "GET /portaldeninos/wp-content/plugins/gallery-videos/CSS/Total-Soft-Gallery-Video-Widget.css?ver=4.9.8 HTTP/1.1" 200 51554
207.46.13.182 - - [01/Oct/2022:17:54:33 -0500] "GET /portaldeninos/wp-content/plugins/gallery-videos/JS/modernizr.custom.js?ver=4.9.8 HTTP/1.1" 200 9019
207.46.13.182 - - [01/Oct/2022:17:54:33 -0500] "GET /portaldeninos/wp-content/plugins/popup-maker/assets/css/site.min.css?ver=1.8.14 HTTP/1.1" 200 8260
207.46.13.182 - - [01/Oct/2022:17:54:33 -0500] "GET /portaldeninos/wp-content/themes/betheme/assets/jplayer/css/jplayer.blue.monday.css?ver=20.9.6 HTTP/1.1" 200 9834
207.46.13.182 - - [01/Oct/2022:17:54:33 -0500] "GET /portaldeninos/wp-content/themes/betheme/css/base.css?ver=20.9.6 HTTP/1.1" 200 57283
207.46.13.182 - - [01/Oct/2022:17:54:34 -0500] "GET /portaldeninos/wp-content/themes/betheme/css/responsive.css?ver=20.9.6 HTTP/1.1" 200 55740
207.46.13.182 - - [01/Oct/2022:17:54:34 -0500] "GET /portaldeninos/wp-includes/js/jquery/jquery-migrate.min.js?ver=1.4.1 HTTP/1.1" 200 10056
207.46.13.182 - - [01/Oct/2022:17:54:34 -0500] "GET /portaldeninos/wp-includes/js/jquery/ui/position.min.js?ver=1.11.4 HTTP/1.1" 200 6527
207.46.13.213 - - [01/Oct/2022:17:54:19 -0500] "GET /portaldeninos/wp-content/uploads/2022/01/Conoce-lo-que-hace-la-Secretar%C3%ADa-de-Ambiente.mp4 HTTP/1.1" 200 6599959
207.46.13.213 - - [01/Oct/2022:17:54:47 -0500] "GET /portaldeninos/wp-includes/js/jquery/ui/mouse.min.js?ver=1.11.4 HTTP/1.1" 200 3148
207.46.13.213 - - [01/Oct/2022:17:54:47 -0500] "GET /portaldeninos/wp-includes/js/jquery/ui/tabs.min.js?ver=1.11.4 HTTP/1.1" 200 12110
207.46.13.213 - - [01/Oct/2022:17:54:47 -0500] "GET /portaldeninos/wp-includes/js/jquery/ui/widget.min.js?ver=1.11.4 HTTP/1.1" 200 6908
186.84.91.17 - - [01/Oct/2022:17:55:05 -0500] "GET /forest/ HTTP/1.1" 200 12041
207.46.13.177 - - [01/Oct/2022:17:54:29 -0500] "GET /portaldeninos/wp-content/uploads/2019/06/CabezoteAMBIENTIC.mp4 HTTP/1.1" 200 10810909
207.46.13.177 - - [01/Oct/2022:17:55:08 -0500] "GET /portaldeninos/wp-includes/js/jquery/ui/core.min.js?ver=1.11.4 HTTP/1.1" 200 4000
172.22.2.4 - - [01/Oct/2022:17:54:36 -0500] "GET /BLA/boletinlegal/ HTTP/1.1" 200 63207
172.22.2.4 - - [01/Oct/2022:17:56:17 -0500] "GET /BLA/boletinlegal/js/jquery.scrollShow.js HTTP/1.1" 200 4586
199.59.150.181 - - [01/Oct/2022:17:56:28 -0500] "GET /images/feria-veh%C3%ADculos-sostenibles_optimized.jpeg HTTP/1.1" 404 1034
66.249.73.100 - - [01/Oct/2022:17:57:15 -0500] "-" 408 -
172.22.2.4 - - [01/Oct/2022:17:57:43 -0500] "GET /BLA/boletinlegal/Circulares/2013/Circular%20No.%203%20del%2005%20de%20abril%20de%202013.pdf HTTP/1.1" 304 -
186.84.91.17 - - [01/Oct/2022:17:57:55 -0500] "POST /forest/index.php HTTP/1.1" 200 12268
216.245.221.92 - - [01/Oct/2022:17:58:01 -0500] "HEAD / HTTP/1.1" 200 -
201.245.192.253 - - [01/Oct/2022:17:58:27 -0500] "POST /kwsrmcab/Wsrmcab  HTTP/1.1" 503 1020
172.22.2.4 - - [01/Oct/2022:17:57:11 -0500] "HEAD /BLA/boletinlegal/ HTTP/1.1" 200 -
34.141.173.238 - - [01/Oct/2022:17:59:30 -0500] "GET / HTTP/1.1" 200 319
34.141.173.238 - - [01/Oct/2022:17:59:30 -0500] "GET / HTTP/1.1" 200 4720
186.102.17.154 - - [01/Oct/2022:17:59:29 -0500] "GET /kwssiamovil/sm/ldap/au?x=U2FsdGVkX18ZFeUo6BXHrJz1gZ+3dCV93mk/N1L/beyTi7/lgJrEeljxbWgg91Hx&y=U2FsdGVkX19UD04WqQY9ozhUnRcnOqK8Yyxp8d1iHvc= HTTP/1.1" 503 1124
186.102.17.154 - - [01/Oct/2022:17:59:35 -0500] "GET /kwssiamovil/sm/ldap/au?x=U2FsdGVkX1+5dLpNwCSQcrROAwqGY239OEvJ4R2Q7gzg8JuFtqk7Q2ktQXn18yGX&y=U2FsdGVkX18lKGJYQsgj6nn0+f5ZEDMZvFFViDnWthQ= HTTP/1.1" 503 1124
172.22.2.4 - - [01/Oct/2022:17:58:01 -0500] "GET /BLA/boletinlegal/ HTTP/1.1" 200 57725
17.121.115.32 - - [01/Oct/2022:18:00:31 -0500] "-" 408 -
177.93.44.154 - - [01/Oct/2022:18:00:39 -0500] "GET /atencion-mujeres-que-reverdecen-ya-inicia-la-segunda-fase.html HTTP/1.1" 200 857
199.16.157.183 - - [01/Oct/2022:18:01:19 -0500] "GET /images/feria-veh%C3%ADculos-sostenibles_optimized.jpeg HTTP/1.1" 404 1034
207.46.13.190 - - [01/Oct/2022:18:02:54 -0500] "GET /forest/ HTTP/1.1" 200 12041
216.245.221.92 - - [01/Oct/2022:18:03:01 -0500] "HEAD / HTTP/1.1" 200 -
201.245.192.253 - - [01/Oct/2022:18:03:26 -0500] "POST /kwsrmcab/Wsrmcab  HTTP/1.1" 503 1020
172.22.2.4 - - [01/Oct/2022:18:03:01 -0500] "HEAD /BLA/boletinlegal/ HTTP/1.1" 200 -
185.119.81.101 - - [01/Oct/2022:18:04:46 -0500] "GET /portaldeninos/wp-login.php HTTP/1.1" 200 2592
185.119.81.101 - - [01/Oct/2022:18:04:47 -0500] "POST /portaldeninos/wp-login.php HTTP/1.1" 200 3605
66.249.73.127 - - [01/Oct/2022:18:04:50 -0500] "-" 408 -
172.22.2.4 - - [01/Oct/2022:18:03:51 -0500] "GET /BLA/boletinlegal/ HTTP/1.1" 200 58575
190.145.240.68 - - [01/Oct/2022:18:07:58 -0500] "GET /kwssiamovil/sm/ldap/au?x=U2FsdGVkX1/hzAvefOIvaYNucJ6ZdDQK3f03d3l6nEcV0l9rIZg4SEg8XWMdyzD3&y=U2FsdGVkX18dRP/ngc9fWEQH+KWvyI7lqLFJVfrqPMWGe591uwPYXwWTBQzV8MRD HTTP/1.1" 503 1124
190.145.240.68 - - [01/Oct/2022:18:07:59 -0500] "GET /kwssiamovil/sm/ldap/au?x=U2FsdGVkX18xsUtlHDmpVqACKKv/RyWNk8dtbbOZR9Cvbf7jg/CPyN8exHGmgvF9&y=U2FsdGVkX19XaBB8p8GBohI0VkxgYc4GWBjQav3giRqrB+ZxG9sFx8ou1c0yHF6z HTTP/1.1" 503 1124
216.245.221.92 - - [01/Oct/2022:18:08:01 -0500] "HEAD / HTTP/1.1" 200 -
190.145.240.68 - - [01/Oct/2022:18:08:02 -0500] "GET /kwssiamovil/sm/ldap/au?x=U2FsdGVkX19XdX3XCXLLvaYbpagaOsGAQ6RpplwRPTYDCTNHUfwl5MgZfSEcWpN8&y=U2FsdGVkX19Mdru5DkBvmadArFsq66/9Ws7s2uReuSPZyl2Gs410b/ZHB0XTqnnP HTTP/1.1" 503 1124
201.245.192.253 - - [01/Oct/2022:18:08:25 -0500] "POST /kwsrmcab/Wsrmcab  HTTP/1.1" 503 1020
173.252.79.7 - - [01/Oct/2022:18:08:31 -0500] "GET /images/pieza-mujeres-reverdecen-4-abril.jpg HTTP/1.1" 200 48916
66.249.73.88 - - [01/Oct/2022:18:08:34 -0500] "-" 408 -
64.124.8.29 - - [01/Oct/2022:18:08:39 -0500] "GET /BLA/boletinlegal/notificaciones.php HTTP/1.1" 200 3351
64.124.8.45 - - [01/Oct/2022:18:08:57 -0500] "-" 408 -
157.55.39.202 - - [01/Oct/2022:18:09:25 -0500] "GET /BLA/resoluciones/00000869.tif HTTP/1.1" 404 1018
207.46.13.40 - - [01/Oct/2022:18:09:29 -0500] "GET /BLA/resoluciones/RESOLUCIONES%202018/1471.pdf HTTP/1.1" 304 -
190.145.240.68 - - [01/Oct/2022:18:09:30 -0500] "GET /kwssiamovil/sm/ldap/au?x=U2FsdGVkX19mQUcYev4ieYUHBrhOw3qMFP/JzPwuBHTlO/kqosjeacKEK0eGzFYE&y=U2FsdGVkX1+pTv9vSQmGwj9AP/sNkD+fvwZAVPba8Vp+XOcVk3ByATG93y4ukuK4 HTTP/1.1" 503 1124
190.145.240.68 - - [01/Oct/2022:18:09:32 -0500] "GET /kwssiamovil/sm/ldap/au?x=U2FsdGVkX18b0Y8FQ02c1tkZsfAzj1VoiixlIANtyIJvMc5CpWLWFZfU74Sosp0D&y=U2FsdGVkX19zWzr0o1I3N5Inra+mhS5WNtP0vt4KcqdaCe63euhX1pJlfDv58hhE HTTP/1.1" 503 1124
190.145.240.68 - - [01/Oct/2022:18:09:31 -0500] "GET /kwssiamovil/sm/ldap/au?x=U2FsdGVkX1+IBBCoG8KE3Y8bPpQuisVpH29sUD7nlxJibDuNewUMvmuGR08ZqPOa&y=U2FsdGVkX1+wBRCyOlexXKadJ/QCx10CJxZkzv02rmUQkQcPNbWoho4iQTnVUbXm HTTP/1.1" 503 1124
40.77.189.238 - - [01/Oct/2022:18:10:05 -0500] "GET /portaldeninos/wp-content/themes/betheme/fonts/mfn-icons.woff?93978679 HTTP/1.1" 200 80932
40.77.189.238 - - [01/Oct/2022:18:10:07 -0500] "GET /portaldeninos/wp-json/pum/v1/analytics/?event=open&pid=1126&_cache=1664665700730 HTTP/1.1" 204 -
64.124.8.45 - - [01/Oct/2022:18:10:20 -0500] "-" 408 -
172.22.2.4 - - [01/Oct/2022:18:08:51 -0500] "HEAD /BLA/boletinlegal/ HTTP/1.1" 200 -
64.124.8.29 - - [01/Oct/2022:18:11:10 -0500] "GET /transparencia/financiera/Desagregado%20con%20modificaciones/ HTTP/1.1" 200 44014
172.22.2.4 - - [01/Oct/2022:18:09:41 -0500] "GET /BLA/boletinlegal/ HTTP/1.1" 200 59319
64.124.8.29 - - [01/Oct/2022:18:11:53 -0500] "GET /siipev/Diseno%20de%20Elementos%20de%20Mobiliario%20Urbano/Parte1.html HTTP/1.1" 304 -
216.245.221.92 - - [01/Oct/2022:18:13:01 -0500] "HEAD / HTTP/1.1" 200 -
201.245.192.253 - - [01/Oct/2022:18:13:24 -0500] "POST /kwsrmcab/Wsrmcab  HTTP/1.1" 503 1020
190.27.151.122 - - [01/Oct/2022:18:15:49 -0500] "GET /sipse/faces/index.xhtml HTTP/1.1" 503 1124
190.27.151.122 - - [01/Oct/2022:18:15:50 -0500] "GET /sipsesda/ HTTP/1.1" 200 1477
190.27.151.122 - - [01/Oct/2022:18:15:50 -0500] "GET /css/segobdis.css HTTP/1.1" 404 1264
190.27.151.122 - - [01/Oct/2022:18:15:51 -0500] "GET /sipsesda/faces/login.jspx HTTP/1.1" 200 7575
190.27.151.122 - - [01/Oct/2022:18:15:52 -0500] "GET /sipsesda/js/disable_browser_buttons.js;jsessionid=ac16012b22b8677bb4bb902d4360a166d86b965cc77b.e34Lc3uRbN4Oc40ObO0 HTTP/1.1" 200 2767
190.27.151.122 - - [01/Oct/2022:18:15:52 -0500] "GET /sipsesda/js/funciones.js;jsessionid=ac16012b22b8677bb4bb902d4360a166d86b965cc77b.e34Lc3uRbN4Oc40ObO0 HTTP/1.1" 200 36377
190.27.151.122 - - [01/Oct/2022:18:15:52 -0500] "GET /sipsesda/imagenes/encabezado.jpg;jsessionid=ac16012b22b8677bb4bb902d4360a166d86b965cc77b.e34Lc3uRbN4Oc40ObO0 HTTP/1.1" 200 18018
190.27.151.122 - - [01/Oct/2022:18:15:52 -0500] "GET /sipsesda/adf/images/t.gif;jsessionid=ac16012b22b8677bb4bb902d4360a166d86b965cc77b.e34Lc3uRbN4Oc40ObO0 HTTP/1.1" 200 86
190.27.151.122 - - [01/Oct/2022:18:15:52 -0500] "GET /sipsesda/adf/styles/cache/segobdis16-desktop-10_1_3_4_0-webkit.css;jsessionid=ac16012b22b8677bb4bb902d4360a166d86b965cc77b.e34Lc3uRbN4Oc40ObO0 HTTP/1.1" 200 57326
190.27.151.122 - - [01/Oct/2022:18:15:52 -0500] "GET /sipsesda/adf/jsLibs/Common10_1_3_4_0.js;jsessionid=ac16012b22b8677bb4bb902d4360a166d86b965cc77b.e34Lc3uRbN4Oc40ObO0 HTTP/1.1" 200 132959
190.27.151.122 - - [01/Oct/2022:18:15:55 -0500] "POST /sipsesda/faces/login.jspx;jsessionid=ac16012b22b8677bb4bb902d4360a166d86b965cc77b.e34Lc3uRbN4Oc40ObO0 HTTP/1.1" 200 5561
190.27.151.122 - - [01/Oct/2022:18:15:59 -0500] "POST /sipsesda/faces/vista/sistema/seleccionRol.jspx HTTP/1.1" 200 27993
190.27.151.122 - - [01/Oct/2022:18:16:03 -0500] "GET /sipsesda/faces/vista/sistema/cargarMenu.jspx?accionMenu=listadoFuncionario&menuID=18 HTTP/1.1" 200 28200
190.27.151.122 - - [01/Oct/2022:18:16:03 -0500] "POST /sipsesda/faces/vista/sistema/cargarMenu.jspx HTTP/1.1" 200 32095
207.46.13.40 - - [01/Oct/2022:18:16:06 -0500] "GET /BLA/resoluciones/00001068.tif HTTP/1.1" 404 1018
190.27.151.122 - - [01/Oct/2022:18:16:11 -0500] "POST /sipsesda/faces/vista/administracion/funcionario/listadoFuncionario.jspx HTTP/1.1" 200 32866
190.27.151.122 - - [01/Oct/2022:18:16:16 -0500] "GET /sipsesda/adf/jsLibs/resources/LocaleElements_es_CO10_1_3_4_0.js HTTP/1.1" 200 824
190.27.151.122 - - [01/Oct/2022:18:16:15 -0500] "POST /sipsesda/faces/vista/administracion/funcionario/listadoFuncionario.jspx HTTP/1.1" 200 18249
172.22.2.4 - - [01/Oct/2022:18:14:41 -0500] "HEAD /BLA/boletinlegal/ HTTP/1.1" 200 -
172.22.2.4 - - [01/Oct/2022:18:16:20 -0500] "GET /BLA/boletinlegal/ HTTP/1.1" 200 24523
172.22.2.4 - - [01/Oct/2022:18:15:31 -0500] "GET /BLA/boletinlegal/ HTTP/1.1" 200 51630
216.245.221.92 - - [01/Oct/2022:18:18:01 -0500] "HEAD / HTTP/1.1" 200 -
201.245.192.253 - - [01/Oct/2022:18:18:24 -0500] "POST /kwsrmcab/Wsrmcab  HTTP/1.1" 503 1020
186.29.149.65 - - [01/Oct/2022:18:18:48 -0500] "GET /sipse/faces/presentacion/financiero/solicitudAnulacion/consultarSolicitudAnulacion.xhtml HTTP/1.1" 503 1124
185.119.81.109 - - [01/Oct/2022:18:19:56 -0500] "GET /portaldeninos/wp-login.php HTTP/1.1" 200 2592
185.119.81.109 - - [01/Oct/2022:18:19:57 -0500] "POST /portaldeninos/wp-login.php HTTP/1.1" 200 3670
185.119.81.96 - - [01/Oct/2022:18:20:48 -0500] "GET /portaldeninos/wp-login.php HTTP/1.1" 200 2592
185.119.81.96 - - [01/Oct/2022:18:20:49 -0500] "POST /portaldeninos/wp-login.php HTTP/1.1" 200 3605
172.22.2.4 - - [01/Oct/2022:18:20:19 -0500] "GET /BLA/boletinlegal/index.php?s=/Index/\\think\\app/invokefunction&function=call_user_func_array&vars[0]=md5&vars[1][]=HelloThinkPHP21 HTTP/1.1" 200 36811
201.245.192.253 - - [01/Oct/2022:18:21:48 -0500] "GET /kwsrmcab/Wsrmcab?wsdl HTTP/1.1" 503 1020
201.245.192.253 - - [01/Oct/2022:18:21:49 -0500] "GET /kwsrmcab/Wsrmcab?wsdl HTTP/1.1" 503 1020
207.46.13.89 - - [01/Oct/2022:18:21:52 -0500] "GET /BLA/resoluciones/index.php?dir=AUTOS+2021%2F HTTP/1.1" 200 394468
207.46.13.40 - - [01/Oct/2022:18:21:57 -0500] "GET /BLA/resoluciones/AUTOS%202022/1124.pdf HTTP/1.1" 200 361048
172.22.2.4 - - [01/Oct/2022:18:20:31 -0500] "HEAD /BLA/boletinlegal/ HTTP/1.1" 200 -
172.22.2.4 - - [01/Oct/2022:18:22:19 -0500] "GET /BLA/boletinlegal/doctrina.php/js/ajax_doctrina.js HTTP/1.1" 200 5604
216.245.221.92 - - [01/Oct/2022:18:23:01 -0500] "HEAD / HTTP/1.1" 200 -
172.22.2.4 - - [01/Oct/2022:18:21:21 -0500] "GET /BLA/boletinlegal/ HTTP/1.1" 200 55630
201.245.192.253 - - [01/Oct/2022:18:23:23 -0500] "POST /kwsrmcab/Wsrmcab  HTTP/1.1" 503 1020
66.249.73.97 - - [01/Oct/2022:18:23:56 -0500] "-" 408 -
207.46.13.89 - - [01/Oct/2022:18:26:51 -0500] "GET /BLA/resoluciones/00000879.tif HTTP/1.1" 404 1018
172.22.2.4 - - [01/Oct/2022:18:27:00 -0500] "GET /BLA/boletinlegal/?XDEBUG_SESSION_START=phpstorm HTTP/1.1" 200 32715
216.245.221.92 - - [01/Oct/2022:18:28:01 -0500] "HEAD / HTTP/1.1" 200 -
172.22.2.4 - - [01/Oct/2022:18:26:21 -0500] "HEAD /BLA/boletinlegal/ HTTP/1.1" 200 -
201.245.192.253 - - [01/Oct/2022:18:28:21 -0500] "POST /kwsrmcab/Wsrmcab  HTTP/1.1" 503 1020
172.22.2.4 - - [01/Oct/2022:18:27:11 -0500] "GET /BLA/boletinlegal/ HTTP/1.1" 200 54003
185.119.81.101 - - [01/Oct/2022:18:29:58 -0500] "GET /portaldeninos/wp-login.php HTTP/1.1" 200 2592
185.119.81.101 - - [01/Oct/2022:18:29:59 -0500] "POST /portaldeninos/wp-login.php HTTP/1.1" 200 3605
64.124.8.45 - - [01/Oct/2022:18:30:34 -0500] "-" 408 -
157.55.39.25 - - [01/Oct/2022:18:31:01 -0500] "GET /BLA/resoluciones/AUTOS%202022/3767.pdf HTTP/1.1" 200 394358
199.59.150.181 - - [01/Oct/2022:18:31:29 -0500] "GET /images/feria-veh%C3%ADculos-sostenibles_optimized.jpeg HTTP/1.1" 404 1034
201.245.192.253 - - [01/Oct/2022:18:31:47 -0500] "GET /kwsrmcab/Wsrmcab?wsdl HTTP/1.1" 503 1020
201.245.192.253 - - [01/Oct/2022:18:31:48 -0500] "GET /kwsrmcab/Wsrmcab?wsdl HTTP/1.1" 503 1020
207.46.13.190 - - [01/Oct/2022:18:32:37 -0500] "GET /BLA/resoluciones/00000892.tif HTTP/1.1" 404 1018
216.245.221.92 - - [01/Oct/2022:18:33:01 -0500] "HEAD / HTTP/1.1" 200 -
201.245.192.253 - - [01/Oct/2022:18:33:20 -0500] "POST /kwsrmcab/Wsrmcab  HTTP/1.1" 503 1020
190.145.240.68 - - [01/Oct/2022:18:33:26 -0500] "GET /kwssiamovil/sm/ldap/au?x=U2FsdGVkX18vnlyzP6bNPggiGD/WirUD5+wA6VzYvx0gev+M4zugHU7VDFS4pZb4&y=U2FsdGVkX18Y2Gsv+gzlDDhcBAMxXitJWeTAGU7mLoz/s7Cvc0v9/vMyyOizCdS+ HTTP/1.1" 503 1124
172.22.2.4 - - [01/Oct/2022:18:32:11 -0500] "HEAD /BLA/boletinlegal/ HTTP/1.1" 200 -
64.124.8.25 - - [01/Oct/2022:18:33:59 -0500] "GET /BLA/boletinlegal/jurisprudencia/analisis/AnalisisC-746-12.docx HTTP/1.1" 304 -
172.22.2.4 - - [01/Oct/2022:18:33:01 -0500] "GET /BLA/boletinlegal/ HTTP/1.1" 200 56014
64.124.8.25 - - [01/Oct/2022:18:35:29 -0500] "GET /BLA/boletinlegal/jurisprudencia/analisis/CUADRO%20SENTENCIA%20T-299%20DE%202008.doc HTTP/1.1" 304 -
190.145.240.68 - - [01/Oct/2022:18:35:34 -0500] "GET /kwssiamovil/sm/ldap/au?x=U2FsdGVkX1+mUr2exd/R/nYQ5bd0CeyyCIoL07oLl6o7VYdZYTwD9cbc0fH3AgGy&y=U2FsdGVkX19snulInIZEVATAzxRLtewKelgTPkKloSVUh3oOSCfycQHYwU9yqHYV HTTP/1.1" 503 1124
190.145.240.68 - - [01/Oct/2022:18:35:37 -0500] "GET /kwssiamovil/sm/ldap/au?x=U2FsdGVkX1+bY7qtrlLes4E+qaHu0zwZ2YC6B05BiYSyX7m1xGics9gXTb9KUIpW&y=U2FsdGVkX1+JY69IuZK2TAKVXedvW48mreMBsWS166/nywtmHi6hkJVBaO8BNd/w HTTP/1.1" 503 1124
172.22.2.4 - - [01/Oct/2022:18:34:03 -0500] "GET /BLA/boletinlegal/ HTTP/1.1" 200 60874
190.145.240.68 - - [01/Oct/2022:18:35:47 -0500] "GET /kwssiamovil/sm/ldap/au?x=U2FsdGVkX1/xKKrc+oeWVMugAgr+Et7bEzjZDVQvonTVtg226N0sS8xTNKL9Ing1&y=U2FsdGVkX1/NcFxWERhP9Ooh34fyVTChnHB9Zqzdir/zAgaPDXYxW8rDn0PsT1ay HTTP/1.1" 503 1124
190.145.240.68 - - [01/Oct/2022:18:35:48 -0500] "GET /kwssiamovil/sm/ldap/au?x=U2FsdGVkX195f/bqNrFXqZ0QdiZgL79PEym5LEMBINzzan3Trs0oLDlcD6RjpJwx&y=U2FsdGVkX18PP+sBOI6o0bHtifX4xNUOg/7yzziV4a2WLGCtgtQ6pS7lceEbMK1+ HTTP/1.1" 503 1124
185.119.81.101 - - [01/Oct/2022:18:36:09 -0500] "GET /portaldeninos/wp-login.php HTTP/1.1" 200 2592
185.119.81.101 - - [01/Oct/2022:18:36:10 -0500] "POST /portaldeninos/wp-login.php HTTP/1.1" 200 3605
64.124.8.25 - - [01/Oct/2022:18:36:12 -0500] "GET /BLA/boletinlegal/jurisprudencia/analisis/CUADRO%20ANALISIS%20SENTENCIA%20T-411%20DE%201992.doc HTTP/1.1" 304 -
190.145.240.68 - - [01/Oct/2022:18:36:15 -0500] "GET /kwssiamovil/sm/ldap/au?x=U2FsdGVkX19rrAwQa+iSkGXwT3mGJ7m7RqF+JZCqYu0KQkOOAUuczhQXnDnfAvnA&y=U2FsdGVkX1/z71YWH9VCsOi6aeW0fjC4B/oGBHyTC7GCq+L8ejKkJdko5C3gnjMI HTTP/1.1" 503 1124
190.145.240.68 - - [01/Oct/2022:18:36:16 -0500] "GET /kwssiamovil/sm/ldap/au?x=U2FsdGVkX1+yhyFbxfnHerU2xgM4b3+pAtGplRvBQLUz2zKifIeEFRLZ7rb0ujA+&y=U2FsdGVkX1/unn1gL9iHLt3Z0Ug9sSPjD0vdgXHGFNEV4BaeLjSwjDKXA1b4gtlF HTTP/1.1" 503 1124
190.145.240.68 - - [01/Oct/2022:18:36:17 -0500] "GET /kwssiamovil/sm/ldap/au?x=U2FsdGVkX1/XGkuoodiYoLZA8uWXc7LYxWsILVE/EFElDRHmLfxbpqn+RRHqdvQG&y=U2FsdGVkX19qGcpdQb7jby9g37zYKVzo2/LSeiPd8rSafQVr1tyoMpgnmr+urwvi HTTP/1.1" 503 1124
190.145.240.68 - - [01/Oct/2022:18:36:17 -0500] "GET /kwssiamovil/sm/ldap/au?x=U2FsdGVkX18pVDLgU3TzVxWcFrRpqy5T7HRxEjsH2voz0c7dyIf5sGqogiP2pfG2&y=U2FsdGVkX1+C59imPjfzL0U/RcQcgbyuFDsC+abGQq/xyBLrZv9GoRic2K22uVhx HTTP/1.1" 503 1124
190.145.240.68 - - [01/Oct/2022:18:36:18 -0500] "GET /kwssiamovil/sm/ldap/au?x=U2FsdGVkX1/7LtCGQped6Keh3ovdDw08UC8dCoG7eMDk1NF7+xRsjaWA3cGG0zTv&y=U2FsdGVkX1/w6y7sGWWQ170PxOOfogK9c9RZpA7HxFJya/+D5K4Wk3afKcXjg5s/ HTTP/1.1" 503 1124
190.145.240.68 - - [01/Oct/2022:18:36:18 -0500] "GET /kwssiamovil/sm/ldap/au?x=U2FsdGVkX1+sR/I5r2XnO/Y9iR2Pn0RLTb1YnCqSDupAF+I+6jEw1FE65tjb/rcn&y=U2FsdGVkX18Y7uU8tU1Sk3hLZ630hPbxVSX7LDTYHDhB4xe4S+Zjy6Grkfo6StGo HTTP/1.1" 503 1124
190.145.240.68 - - [01/Oct/2022:18:36:18 -0500] "GET /kwssiamovil/sm/ldap/au?x=U2FsdGVkX19eB4R5jqxIH3zL/qvYmukf0GQXhLPu8fBoOKiHe31ujQsJUEmPMN6V&y=U2FsdGVkX1+lRV01lD5iQ25RXrxXqcuN3MCIsb1VBB/WDBFVcM1Q61HDaTQggDqN HTTP/1.1" 503 1124
190.145.240.68 - - [01/Oct/2022:18:36:18 -0500] "GET /kwssiamovil/sm/ldap/au?x=U2FsdGVkX1/mopFGdlAoaQdmn8ClWxm5Dj+Jerho5ZMaoJSXmmrj0sbycYz3LMQD&y=U2FsdGVkX1/kAWXl/TlTGeLbZYBklvtwW6b7H96TdOA1i4zkBrRma4tLnVAbjrXA HTTP/1.1" 503 1124
190.145.240.68 - - [01/Oct/2022:18:36:19 -0500] "GET /kwssiamovil/sm/ldap/au?x=U2FsdGVkX18MK8EeY4K33T1KdLPwO8lmlDsRnPMlGQsKiSk/rtxniYr4IGQ3rTd7&y=U2FsdGVkX18qK1dLi1L1Xa9AIHL3VtHlgE4BUsyxXScBzzI8MjomBWy3xJ4aeOkt HTTP/1.1" 503 1124
190.145.240.68 - - [01/Oct/2022:18:36:19 -0500] "GET /kwssiamovil/sm/ldap/au?x=U2FsdGVkX19BfImAaBeoL0hYWdFwfADql5RkXF227x2r5ei8it0WmlIqYW+KAhpt&y=U2FsdGVkX18Zz5K1p6Mvzf2zz3xIyKqoh7fmdqafhpH6jVfbjNxa6ASF8EpKygr3 HTTP/1.1" 503 1124
190.145.240.68 - - [01/Oct/2022:18:36:19 -0500] "GET /kwssiamovil/sm/ldap/au?x=U2FsdGVkX1+EP5eGU/o13HotH4T22h5PbhBFDkUnsCU0rPtVD6IDxcDyqkqrUTI1&y=U2FsdGVkX18KlEeU4Tj7VtNx9TnLzBoR9LGyWillSVnjYAUFsWqnqWT7HaIsHsoW HTTP/1.1" 503 1124
5.255.253.106 - - [01/Oct/2022:18:36:19 -0500] "-" 408 -
5.255.253.174 - - [01/Oct/2022:18:36:25 -0500] "-" 408 -
5.45.207.133 - - [01/Oct/2022:18:36:30 -0500] "-" 408 -
87.250.224.175 - - [01/Oct/2022:18:36:36 -0500] "-" 408 -
199.16.157.182 - - [01/Oct/2022:18:36:39 -0500] "GET /images/feria-veh%C3%ADculos-sostenibles_optimized.jpeg HTTP/1.1" 404 1034
87.250.224.4 - - [01/Oct/2022:18:36:51 -0500] "-" 408 -
213.180.203.85 - - [01/Oct/2022:18:37:06 -0500] "-" 408 -
87.250.224.37 - - [01/Oct/2022:18:37:36 -0500] "-" 408 -
172.22.2.4 - - [01/Oct/2022:18:37:53 -0500] "GET /BLA/boletinlegal/Circulares/2019/.pdf HTTP/1.1" 404 1218
216.245.221.92 - - [01/Oct/2022:18:38:01 -0500] "HEAD / HTTP/1.1" 200 -
172.22.2.4 - - [01/Oct/2022:18:38:03 -0500] "GET /BLA/boletinlegal/Circulares/2012/Circular%20No.%2010%20del%2026%20de%20Enero%20de%202012.pdf HTTP/1.1" 404 1218
201.245.192.253 - - [01/Oct/2022:18:38:19 -0500] "POST /kwsrmcab/Wsrmcab  HTTP/1.1" 503 1020
5.255.253.166 - - [01/Oct/2022:18:38:36 -0500] "-" 408 -
64.124.8.25 - - [01/Oct/2022:18:38:53 -0500] "GET /BLA/boletinlegal/jurisprudencia/analisis/analisis%20sentencia%20C-596-10.doc HTTP/1.1" 304 -
190.145.240.68 - - [01/Oct/2022:18:39:04 -0500] "GET /kwssiamovil/sm/ldap/au?x=U2FsdGVkX1/WPUwHiM/cb+gqK6Twi+FXApMt4h2OhxfYLrpBzQ2fhMXJ3xV+lRrs&y=U2FsdGVkX1+wz4CKdOwe8+MEr2SzmFx61lKCXMtE32MgtL5r33QGE7d9mNAbdSUm HTTP/1.1" 503 1124
190.145.240.68 - - [01/Oct/2022:18:39:13 -0500] "GET /kwssiamovil/sm/ldap/au?x=U2FsdGVkX1+1frUTQV//hm2cerwCUBbEPX2+9imq4OzFAci4bGh9QNWxtVngUplq&y=U2FsdGVkX18VxO+D8LYrFI9NfirfJQiTp2ywgZs4dPAI0YPlvdg7L38fJYMW9+gC HTTP/1.1" 503 1124
213.180.203.3 - - [01/Oct/2022:18:39:36 -0500] "-" 408 -
172.22.2.4 - - [01/Oct/2022:18:38:01 -0500] "HEAD /BLA/boletinlegal/ HTTP/1.1" 200 -
190.145.240.68 - - [01/Oct/2022:18:39:43 -0500] "GET /kwssiamovil/sm/ldap/au?x=U2FsdGVkX19WXy3PNYGrVKfLLKM8AWBsVMH2KWX8acSmFGkmWjMnn/wofnQukIRe&y=U2FsdGVkX1+r1D3kD5BaFdbagHZOAThVyadCGDLdMsvtMuQ0eN6wnGjedm0MZo8c HTTP/1.1" 503 1124
190.145.240.68 - - [01/Oct/2022:18:40:09 -0500] "GET /kwssiamovil/sm/ldap/au?x=U2FsdGVkX1+awLQGit9DYEisqrETWZkk0Eett/5s6PVtoDbdFZmPa2pEhtTsExf0&y=U2FsdGVkX1/p1VIVZSr5IdF1hDJzivpCU2REixTHmgjV1GjHW/lmLFUPELeKPHqF HTTP/1.1" 503 1124
190.145.240.68 - - [01/Oct/2022:18:40:09 -0500] "GET /kwssiamovil/sm/ldap/au?x=U2FsdGVkX19s+ij5OBOwjAG7bQffaF9man9fw6uwOAuuP1SVrp1Un9HHpmZTyYK4&y=U2FsdGVkX1/hKaSgZD0xnNC0WQPN4qB+dApLUB1TXeJViwHLWKWGyZDljEzVyfoS HTTP/1.1" 503 1124
190.145.240.68 - - [01/Oct/2022:18:40:18 -0500] "GET /kwssiamovil/sm/ldap/au?x=U2FsdGVkX197jBQKgmZ1nW9e1VUBsCACOHpcVEoV6B9XIjcrGgANpIPzcWi9vav7&y=U2FsdGVkX19/QjFBKdGbhtBkgURRgLB9SjXZZc1PDdichLr5ssvhxT/2pglsWYSM HTTP/1.1" 503 1124
190.145.240.68 - - [01/Oct/2022:18:40:29 -0500] "GET /kwssiamovil/sm/ldap/au?x=U2FsdGVkX1968dU5Vu9fouiW5CQLdyt2m6YaS5vxbMX/s3LbRI1HE6H6jnFoRdCg&y=U2FsdGVkX19f02w5J5B4qhnVaHe/6KIuCJFT0z3Il1g5uog//BVUU3kRpnQX5/kc HTTP/1.1" 503 1124
190.145.240.68 - - [01/Oct/2022:18:40:30 -0500] "GET /kwssiamovil/sm/ldap/au?x=U2FsdGVkX1+2JY2fz2Iowsm3x5ol+QKoXs5kk95KmhwBOryePb9B+FMde+0AmESI&y=U2FsdGVkX1+vmwdJj8PWi5h3A/RaavMv+SoWBjAW9x0MkGRbhZAGvclpT+eTz9CA HTTP/1.1" 503 1124
172.22.2.4 - - [01/Oct/2022:18:38:51 -0500] "GET /BLA/boletinlegal/ HTTP/1.1" 200 59828
157.55.39.202 - - [01/Oct/2022:18:41:08 -0500] "GET /BLA/resoluciones/1009.tif HTTP/1.1" 404 1018
64.124.8.45 - - [01/Oct/2022:18:41:11 -0500] "-" 408 -
190.145.240.68 - - [01/Oct/2022:18:41:11 -0500] "GET /kwssiamovil/sm/ldap/au?x=U2FsdGVkX1+yi2QuwwwUMVOSTsbV+Cr2SJU5asnc25CyhMK3gT8EDoxfdbG3vuc1&y=U2FsdGVkX1+5Tz8PvPNLgcgbZKWimP1svXxlWO0UFOLZ1j7QlothkVDwvLJF11Hn HTTP/1.1" 503 1124
190.145.240.68 - - [01/Oct/2022:18:41:20 -0500] "GET /kwssiamovil/sm/ldap/au?x=U2FsdGVkX1/Tm0CEkauPD5xqaUimOWJuDrYbzhWsLSIz11lY90gZBa7D0DaZtZSe&y=U2FsdGVkX18/ftQhio+sQqOyGKtRLKl3hcqqhMsAWfY1Rz5Di3uW1E8bpoA6Dvhl HTTP/1.1" 503 1124
87.250.224.144 - - [01/Oct/2022:18:41:36 -0500] "-" 408 -
190.145.240.68 - - [01/Oct/2022:18:41:42 -0500] "GET /kwssiamovil/sm/ldap/au?x=U2FsdGVkX19YKrdZym4dqxAaej48eOYlZx8+L/R5u8qSXUK6kOAs+YmeAxVYTNXd&y=U2FsdGVkX1+Kjm4+/pi4CeEWGS/ZJC2iPCH8FAZkyBy3P4GK9bEOJsNgTYVUJ3Ir HTTP/1.1" 503 1124
190.145.240.68 - - [01/Oct/2022:18:41:46 -0500] "GET /kwssiamovil/sm/ldap/au?x=U2FsdGVkX1/Yb/GaQbMoZjqJG1DWH3wqngL/gm5I/vzfzTB9kbhKmNjSYDiQf6Xq&y=U2FsdGVkX1+lbPOWU0jt3ie0U9AfokN9ZgMheMVVU4k8HFuZl6vV/l1GK1+4qNOk HTTP/1.1" 503 1124
201.245.192.253 - - [01/Oct/2022:18:41:47 -0500] "GET /kwsrmcab/Wsrmcab?wsdl HTTP/1.1" 503 1020
201.245.192.253 - - [01/Oct/2022:18:41:49 -0500] "GET /kwsrmcab/Wsrmcab?wsdl HTTP/1.1" 503 1020
190.145.240.68 - - [01/Oct/2022:18:41:50 -0500] "GET /kwssiamovil/sm/ldap/au?x=U2FsdGVkX18vT3eAEIoJ8LZHL/SrqQV+vGkIEhsKgiRHQAnfW1d9hp83mhFtJq0Z&y=U2FsdGVkX195asAsVaUf/Q4Fh3Y1OqJEuPYj5venHGe7lnvFpAREnYRx+rR8z/Lg HTTP/1.1" 503 1124
190.145.240.68 - - [01/Oct/2022:18:41:51 -0500] "GET /kwssiamovil/sm/ldap/au?x=U2FsdGVkX1/OmThD9txIizEjzQHauGzFoSfGIOPv+VKRNb+Nkld0CUwAmoykQHpi&y=U2FsdGVkX19tfQHWthdZwSB3Q49gJHoMRZD5UP8ontdKhXO8NI5zuHeBgqt+HVwW HTTP/1.1" 503 1124
190.145.240.68 - - [01/Oct/2022:18:42:00 -0500] "GET /kwssiamovil/sm/ldap/au?x=U2FsdGVkX1/ITGrpdN9tfiGW4snhvQD8YzOSN/WFa1hH02KxWXtlkIp6UES/OYNf&y=U2FsdGVkX1+BMk1JpFaRlS+y8bi7EOaKdaS8Eoex9Us1xX4tKb3h41JP0hkSWQ51 HTTP/1.1" 503 1124
190.145.240.68 - - [01/Oct/2022:18:42:12 -0500] "GET /kwssiamovil/sm/ldap/au?x=U2FsdGVkX19xTxkegGfCgSk0T0lHOdPDc+XIMzXX++gQtZYFSHqXXt4QdRPflKKv&y=U2FsdGVkX1/lwqAFM3GsN3y3kSL+nLWCiASFQn1RvG4qTbHV5DO5lTroCAk+/oT+ HTTP/1.1" 503 1124
190.145.240.68 - - [01/Oct/2022:18:42:12 -0500] "GET /kwssiamovil/sm/ldap/au?x=U2FsdGVkX1+eV2rNcMqWHR1/hOJFc5x8sPYRHR5dqzqNs1D/WuCveuvroSa3Zfa8&y=U2FsdGVkX19K3KXzrFu78Z9dgHpTee1tsC8Pa07nzonxIMaBWEwjUsRfHHUsWowh HTTP/1.1" 503 1124
190.145.240.68 - - [01/Oct/2022:18:42:13 -0500] "GET /kwssiamovil/sm/ldap/au?x=U2FsdGVkX1+4sF0Oj8RwiJEi3Ow/VAW8QaCQkQfxDNWjFFIw9fbEx4rlSS+SsS/z&y=U2FsdGVkX181waakuxSR3+pm3AUD6hkvXgAIrIjVJOH6MIBkcTnHsMtQTjtWzu2g HTTP/1.1" 503 1124
190.145.240.68 - - [01/Oct/2022:18:42:13 -0500] "GET /kwssiamovil/sm/ldap/au?x=U2FsdGVkX1+LROQe5mCuZDdvFQNQE2DHn+clBDmh9hzVP67AnYrq71SL/Eo3Ou3k&y=U2FsdGVkX1/19/4fcY/Ihxc1AUKni4XwKiJUumygC/LZ+9vh24SKUjuCQc6b8q1Y HTTP/1.1" 503 1124
216.245.221.92 - - [01/Oct/2022:18:43:01 -0500] "HEAD / HTTP/1.1" 200 -
172.22.2.4 - - [01/Oct/2022:18:43:05 -0500] "GET /BLA/boletinlegal/owa/auth/logon.aspx?url=https%3a%2f%2f1%2fecp%2f HTTP/1.1" 404 1018
190.145.240.68 - - [01/Oct/2022:18:43:13 -0500] "GET /kwssiamovil/sm/ldap/au?x=U2FsdGVkX1/3qHrKgAmwNxLmjNgwxzMlf0mwHmvlgi/6LVBiM0Usfx0k1u5sAcnw&y=U2FsdGVkX1+dwQWtxS7cGgXDaUr+Lpz/eSkfRouwbefpbDeu5mMD5XVqj9Tqhrw2 HTTP/1.1" 503 1124
201.245.192.253 - - [01/Oct/2022:18:43:18 -0500] "POST /kwsrmcab/Wsrmcab  HTTP/1.1" 503 1020
185.119.81.109 - - [01/Oct/2022:18:43:20 -0500] "GET /portaldeninos/wp-login.php HTTP/1.1" 200 2592
185.119.81.109 - - [01/Oct/2022:18:43:21 -0500] "POST /portaldeninos/wp-login.php HTTP/1.1" 200 3605
190.145.240.68 - - [01/Oct/2022:18:43:33 -0500] "GET /kwssiamovil/sm/ldap/au?x=U2FsdGVkX18HzpZMuAjgCw98h1JV6xcvXCm6IiXFrgn+FgbfQztq+I//+g7BnnKO&y=U2FsdGVkX1+luggeMAbv3uxwxmR2UAaejq+Abl1ui+k2dUwlmRAcazsK2C6uihO1 HTTP/1.1" 503 1124
64.124.8.25 - - [01/Oct/2022:18:43:34 -0500] "GET /BLA/boletinlegal/jurisprudencia/analisis/Analisis%20jurisprudencial%20Sentencia%20C-366-11.doc HTTP/1.1" 304 -
190.145.240.68 - - [01/Oct/2022:18:43:34 -0500] "GET /kwssiamovil/sm/ldap/au?x=U2FsdGVkX1+fxV3EBCnRXDyR49dYvyagjRkWiCKxQCLWZlBbwf7zRkPHh5thb59C&y=U2FsdGVkX1/IwskAmGsbxMKScTPnoLenpZ4GsgUdpEgfUocVSW2ZJ1FJgBUuIlM9 HTTP/1.1" 503 1124
190.145.240.68 - - [01/Oct/2022:18:43:34 -0500] "GET /kwssiamovil/sm/ldap/au?x=U2FsdGVkX1/K/cUDszBuxojcPLihLw7sreK0LoBWDErEkM4zd6o2QXFsktd4YyrI&y=U2FsdGVkX1+huhY8Vce/dHJ/B1nWyIDWYOOtb+f1H5EH1/H3vWok/84I3mLrSrwP HTTP/1.1" 503 1124
190.145.240.68 - - [01/Oct/2022:18:43:35 -0500] "GET /kwssiamovil/sm/ldap/au?x=U2FsdGVkX1/j2A43Ufz9+fnOXr8nWpdKzmrlWMfjsLTJajbMrKBuOyQ+sL/BKK/D&y=U2FsdGVkX1+aW0u9DXI/KvjgiqphxUt9+lUxkdBaD7wDZ/KGUwXe3Z5+tYGc1aM7 HTTP/1.1" 503 1124
190.145.240.68 - - [01/Oct/2022:18:43:36 -0500] "GET /kwssiamovil/sm/ldap/au?x=U2FsdGVkX19J0sp82ONv65kVtW+1LvARwXmpRBcKy+yGXp0bziRzRe1ykpgbFzDD&y=U2FsdGVkX19au5Y+iYKJ0H6VXQnAFjI+2tgSZz4Ikv5CCwz/oTJ0uaUXmsw9qPpm HTTP/1.1" 503 1124
190.145.240.68 - - [01/Oct/2022:18:43:36 -0500] "GET /kwssiamovil/sm/ldap/au?x=U2FsdGVkX19EWYXmO2IbR+1YIJHjBC3sL8rHmpkTboXvf8BRLhmzKjILmMqrETHC&y=U2FsdGVkX19q7IpRHicz+kewldEpOTGG88lGTvrgBtemLWVWPZTkf4lxBJ4YzLQa HTTP/1.1" 503 1124
190.145.240.68 - - [01/Oct/2022:18:43:37 -0500] "GET /kwssiamovil/sm/ldap/au?x=U2FsdGVkX19YnIuuEwUO1sHmYUjc10l71yxJ/fgz5XvRP/TTH42Vqf8DqUf+RNss&y=U2FsdGVkX18IAd1+rMTez5Ifeyd44/7QNoKThP/S6YbnA/LUT9sTF4eArrVAYr2T HTTP/1.1" 503 1124
190.145.240.68 - - [01/Oct/2022:18:43:37 -0500] "GET /kwssiamovil/sm/ldap/au?x=U2FsdGVkX19SJkBXvpmOaN+/rGV40gzQ92G80PA0tLM7Fk0SfpfZlX5qKy+phGnp&y=U2FsdGVkX1+k4vpXIjU4mGctsf1VfEDEaxnVqMiafspaSboM57FZUUFejW5tdgPJ HTTP/1.1" 503 1124
190.145.240.68 - - [01/Oct/2022:18:43:37 -0500] "GET /kwssiamovil/sm/ldap/au?x=U2FsdGVkX18wCQ8Gp6tF/1KmcFXTIAjQOyuQtNtyFv+35dkmLlLPj/rTvRed3qD5&y=U2FsdGVkX1+EmOTlXQirPmIIXh2lSZ2v/hVYnK0MZ2wS2q23m1LTw0Cab5/ZFmaB HTTP/1.1" 503 1124
190.145.240.68 - - [01/Oct/2022:18:43:38 -0500] "GET /kwssiamovil/sm/ldap/au?x=U2FsdGVkX18sAihwq56+KEohOJPA3xh6qaBwcPfs6GTLH6PeG6lDjkg/+YvN2mkn&y=U2FsdGVkX1+jhjX+MMcQ5b91j6sa8AfD9vbi3PU3TMmhAu7z3DwZweYQB4RNskuz HTTP/1.1" 503 1124
190.145.240.68 - - [01/Oct/2022:18:43:38 -0500] "GET /kwssiamovil/sm/ldap/au?x=U2FsdGVkX1+XU1II+2gKY/v3O/pUEPeMDjtDpdW86AlLGa3d/Eq26c9WcQzPCDQj&y=U2FsdGVkX1/yNhtIJGVreEcCktSsH/wTbzSPBvmZSA/rDcZibgJT78sUWHL0STjQ HTTP/1.1" 503 1124
190.145.240.68 - - [01/Oct/2022:18:43:38 -0500] "GET /kwssiamovil/sm/ldap/au?x=U2FsdGVkX19IMZfwxUD/WZysSr3Kx8Cz/rUOy0YQppLNdz8UwpbUQeBFb7Al3a3Q&y=U2FsdGVkX1+hqVKBwHb/kBOEBYwpremGiYH0cexGCRJkzCI/kBgjawSdNfRxFMKv HTTP/1.1" 503 1124
190.145.240.68 - - [01/Oct/2022:18:43:38 -0500] "GET /kwssiamovil/sm/ldap/au?x=U2FsdGVkX1+P9IRXWpUJnlYLzDrVyYgrk6XL4m+bOUBbj4z21xSdSDluE/QMFcyz&y=U2FsdGVkX19mRzOZhO2Zi04BLRCpcEUtq75ZlXhyH37l7wilFbZpiQQqMZCVW3WM HTTP/1.1" 503 1124
190.145.240.68 - - [01/Oct/2022:18:43:39 -0500] "GET /kwssiamovil/sm/ldap/au?x=U2FsdGVkX18HvZ9o8EyB2swld0IVRIhsIAnMbRRTDftMLQqM22/W7f2zSM98H8j7&y=U2FsdGVkX18pzt8AcktBRuK8wgtY8hlS3HpLAJ2A9nZScv8pZAVTADVVejisi+ez HTTP/1.1" 503 1124
190.145.240.68 - - [01/Oct/2022:18:43:39 -0500] "GET /kwssiamovil/sm/ldap/au?x=U2FsdGVkX1+9JoeNTQwZLY3yISfZUpC16+N+hWHdKlbuq2jQclYXQc1v5LLZFwHX&y=U2FsdGVkX1/acR38doGafRy2mM5hvZKT9nAHP3hN9w+9taLtgOrHGA8WAilSqoOR HTTP/1.1" 503 1124
87.250.224.114 - - [01/Oct/2022:18:44:36 -0500] "-" 408 -
157.55.39.25 - - [01/Oct/2022:18:44:53 -0500] "GET /BLA/resoluciones/RESOLUCIONES%202001/2001%20200-249.TIF HTTP/1.1" 200 8819186
207.46.13.40 - - [01/Oct/2022:18:45:08 -0500] "GET /BLA/resoluciones/RESOLUCIONES%202002/RES%202002%20851-900/00000852.tif HTTP/1.1" 200 102838
173.252.111.21 - - [01/Oct/2022:18:45:23 -0500] "GET /images/mujeres-reverdecen-humedales-2-febrero.jpg HTTP/1.1" 200 47327
172.22.2.4 - - [01/Oct/2022:18:43:51 -0500] "HEAD /BLA/boletinlegal/ HTTP/1.1" 200 -
172.22.2.4 - - [01/Oct/2022:18:44:41 -0500] "GET /BLA/boletinlegal/ HTTP/1.1" 200 56376
216.245.221.92 - - [01/Oct/2022:18:48:01 -0500] "HEAD / HTTP/1.1" 200 -
201.245.192.253 - - [01/Oct/2022:18:48:17 -0500] "POST /kwsrmcab/Wsrmcab  HTTP/1.1" 503 1020
190.145.240.68 - - [01/Oct/2022:18:48:22 -0500] "GET /kwssiamovil/sm/ldap/au?x=U2FsdGVkX1/rUN1Rd+3yKKp5+/7wphDy2sGMQzRvw032Ebsoy05sUPSt8UvaZU2R&y=U2FsdGVkX1/wAcy+YjDpQ3xOsgfB+Mc3RdyZ1i9Yau2nUgTuj0p03PtPt857kKal HTTP/1.1" 503 1124
190.145.240.68 - - [01/Oct/2022:18:48:23 -0500] "GET /kwssiamovil/sm/ldap/au?x=U2FsdGVkX18Kbitkp5m/LrpvhsySG1wahX5xOEdueqHuyvqcHwHGbpFpHzjJJxwf&y=U2FsdGVkX1/HA4WZ7KunWXkp8VZLpK8Wpje5zt+QfpLRWRTDloHTVhT7oE+ekw8M HTTP/1.1" 503 1124
190.145.240.68 - - [01/Oct/2022:18:48:27 -0500] "GET /kwssiamovil/sm/ldap/au?x=U2FsdGVkX18XfEOqlDhVUgz5UD+4QqL9ufzdmlrzK4lUjCJ4GSkv2jVX0GmaP3MJ&y=U2FsdGVkX1/LQTG8eowmuv8fmps7mz0DWF9qaZTJQDQs1m8s+UZumJ6dWUQymLVc HTTP/1.1" 503 1124
185.119.81.109 - - [01/Oct/2022:18:48:31 -0500] "GET /portaldeninos/wp-login.php HTTP/1.1" 200 2592
185.119.81.109 - - [01/Oct/2022:18:48:32 -0500] "POST /portaldeninos/wp-login.php HTTP/1.1" 200 3670
51.105.40.105 - - [01/Oct/2022:18:49:53 -0500] "GET /portaldeninos/ HTTP/1.1" 200 110197
51.105.40.105 - - [01/Oct/2022:18:50:10 -0500] "GET /portaldeninos//wp-includes/wlwmanifest.xml HTTP/1.1" 200 1045
64.124.8.25 - - [01/Oct/2022:18:50:36 -0500] "GET /BLA/boletinlegal/jurisprudencia/analisis/ANALISIST-672-14.docx HTTP/1.1" 304 -
51.105.40.105 - - [01/Oct/2022:18:50:26 -0500] "GET /portaldeninos//?author=1 HTTP/1.1" 301 -
51.105.40.105 - - [01/Oct/2022:18:50:42 -0500] "GET /portaldeninos//?author=2 HTTP/1.1" 301 -
51.105.40.105 - - [01/Oct/2022:18:50:58 -0500] "GET /portaldeninos//?author=3 HTTP/1.1" 200 90278
172.22.2.4 - - [01/Oct/2022:18:49:41 -0500] "HEAD /BLA/boletinlegal/ HTTP/1.1" 200 -
64.124.8.25 - - [01/Oct/2022:18:51:31 -0500] "GET /CertificadoAportes/ HTTP/1.1" 404 1018
185.142.236.41 - - [01/Oct/2022:18:51:52 -0500] "-" 408 -
190.145.240.68 - - [01/Oct/2022:18:51:58 -0500] "GET /kwssiamovil/sm/ldap/au?x=U2FsdGVkX19ivalXcfmJAUZeZ8kCwjHjzUqQ7skyt/PEoE2ysEErzuNictDMzyZ8&y=U2FsdGVkX1+hYV1YXFLDq74olicZZLSSfYHZFpCh4EOKJjto4tArWIAXUNTK+JVK HTTP/1.1" 503 1124
172.22.2.4 - - [01/Oct/2022:18:50:31 -0500] "GET /BLA/boletinlegal/ HTTP/1.1" 200 53290
190.145.240.68 - - [01/Oct/2022:18:52:22 -0500] "GET /kwssiamovil/sm/ldap/au?x=U2FsdGVkX19iEEVWBdvrXRdprlmje1E0yFw7BEcUj4UGCFo5ndRtnpg54zq7j3av&y=U2FsdGVkX1/gJbQDypBuNuQJoCZ63W0QDh2myaFRWgqJY9QSopwLmdHtsRUG8q31 HTTP/1.1" 503 1124
190.145.240.68 - - [01/Oct/2022:18:52:24 -0500] "GET /kwssiamovil/sm/ldap/au?x=U2FsdGVkX1/bP/4MbuS457YvG21ufGe08+9vwG3E5uvLBykV+6E6fj9s0ZGImZIx&y=U2FsdGVkX1+CLmjKTFjpx8C9MnjeqVysAsKeIgFZcrlC1xz3G37HbIJnu7xupw3O HTTP/1.1" 503 1124
66.220.149.17 - - [01/Oct/2022:18:52:56 -0500] "GET /andrea-murcia-la-creadora-del-primer-hogar-de-paso-para-perros-y-gatos-en-un-colegio.html HTTP/1.1" 206 973
216.245.221.92 - - [01/Oct/2022:18:53:01 -0500] "HEAD / HTTP/1.1" 200 -
201.245.192.253 - - [01/Oct/2022:18:53:15 -0500] "POST /kwsrmcab/Wsrmcab  HTTP/1.1" 503 1020
64.124.8.25 - - [01/Oct/2022:18:53:16 -0500] "GET /BLA/boletinlegal/jurisprudencia/analisis/AnalisisT-693-12.docx HTTP/1.1" 304 -
185.119.81.101 - - [01/Oct/2022:18:53:25 -0500] "GET /portaldeninos/wp-login.php HTTP/1.1" 200 2592
185.119.81.101 - - [01/Oct/2022:18:53:26 -0500] "POST /portaldeninos/wp-login.php HTTP/1.1" 200 3605
193.118.53.210 - - [01/Oct/2022:18:54:25 -0500] "GET /portaldeninos/ HTTP/1.1" 200 110197
207.46.13.84 - - [01/Oct/2022:18:54:28 -0500] "GET /BLA/resoluciones/AUTOS%202022/3064.pdf HTTP/1.1" 200 389651
64.124.8.25 - - [01/Oct/2022:18:55:06 -0500] "GET /SIIPEV/Diseno%20de%20Elementos%20de%20Mobiliario%20Urbano/Registros/RegistrosOtorgados.html HTTP/1.1" 304 -
64.124.8.25 - - [01/Oct/2022:18:56:07 -0500] "GET /BLA/boletinlegal/jurisprudencia/analisis/analisis%20C-595-2010.doc HTTP/1.1" 304 -
172.22.2.4 - - [01/Oct/2022:18:55:31 -0500] "HEAD /BLA/boletinlegal/ HTTP/1.1" 200 -
64.124.8.25 - - [01/Oct/2022:18:57:30 -0500] "GET /BLA/boletinlegal/jurisprudencia/analisis/G__Jurisp.%20Junio%202014_ANALISIS%20JURISPRUDENCIA%20C-634-12%20DECOMISO.docx HTTP/1.1" 304 -
216.245.221.92 - - [01/Oct/2022:18:58:01 -0500] "HEAD / HTTP/1.1" 200 -
172.22.2.4 - - [01/Oct/2022:18:56:21 -0500] "GET /BLA/boletinlegal/ HTTP/1.1" 200 60281
201.245.192.253 - - [01/Oct/2022:18:58:14 -0500] "POST /kwsrmcab/Wsrmcab  HTTP/1.1" 503 1020
66.249.73.127 - - [01/Oct/2022:18:58:24 -0500] "-" 408 -
64.124.8.25 - - [01/Oct/2022:18:58:34 -0500] "GET /BLA/boletinlegal/jurisprudencia/analisis/CUADRO%20SENTENCIA%20C-222%20DE%202011.doc HTTP/1.1" 304 -
190.145.240.68 - - [01/Oct/2022:19:00:48 -0500] "GET /kwssiamovil/sm/ldap/au?x=U2FsdGVkX19muBeKSB2dwFhQa5vaOLkOoQkS3V69PaCwfz2cMlYM2SZWs4pDmhqN&y=U2FsdGVkX1/2Rqa3lQsXpvfCd22P4kYJyVM1W5bCsYSWMiQq7VwUILTWDBwMnWBI HTTP/1.1" 503 1124
190.145.240.68 - - [01/Oct/2022:19:00:49 -0500] "GET /kwssiamovil/sm/ldap/au?x=U2FsdGVkX19B1y8pU4lUuk6+DmVKA1ebeUojxN8oIAX/+O4ycj2zB+4NaKse0CM3&y=U2FsdGVkX181vbKLrggSgLatNSEH1bNRQZWyrND+sW8qVKiR+ksARX2+LMXERocS HTTP/1.1" 503 1124
190.145.240.68 - - [01/Oct/2022:19:01:26 -0500] "GET /kwssiamovil/sm/ldap/au?x=U2FsdGVkX1/uDPyouu7tGlEMkEk3Cu2myk7wqA61e49FiUVuQcV7ez3BruG2IZSI&y=U2FsdGVkX19OfTpu2NtMSrG39wJykKeffsz3zU2T4Sd2xaLKYX++DFaZiGh+gKLE HTTP/1.1" 503 1124
66.220.149.19 - - [01/Oct/2022:19:02:47 -0500] "GET /images/humedal-agua-lluvias-bogota-18-marzo.jpg HTTP/1.1" 200 146923
216.245.221.92 - - [01/Oct/2022:19:03:01 -0500] "HEAD / HTTP/1.1" 200 -
172.22.2.4 - - [01/Oct/2022:19:01:21 -0500] "HEAD /BLA/boletinlegal/ HTTP/1.1" 200 -
201.245.192.253 - - [01/Oct/2022:19:03:13 -0500] "POST /kwsrmcab/Wsrmcab  HTTP/1.1" 503 1020
172.22.2.4 - - [01/Oct/2022:19:02:11 -0500] "GET /BLA/boletinlegal/ HTTP/1.1" 200 58163
64.124.8.38 - - [01/Oct/2022:19:04:41 -0500] "-" 408 -
87.250.224.43 - - [01/Oct/2022:19:04:54 -0500] "-" 408 -
64.124.8.25 - - [01/Oct/2022:19:05:33 -0500] "GET /BLA/boletinlegal/jurisprudencia/analisis/AnalisisT-146-16.docx HTTP/1.1" 304 -
185.119.81.101 - - [01/Oct/2022:19:05:59 -0500] "GET /portaldeninos/wp-login.php HTTP/1.1" 200 2592
185.119.81.101 - - [01/Oct/2022:19:06:00 -0500] "POST /portaldeninos/wp-login.php HTTP/1.1" 200 3605
172.22.2.4 - - [01/Oct/2022:19:05:34 -0500] "GET /BLA/boletinlegal/ HTTP/1.1" 200 24523
172.22.2.4 - - [01/Oct/2022:19:05:34 -0500] "GET /BLA/boletinlegal/ HTTP/1.1" 200 24523
172.22.2.4 - - [01/Oct/2022:19:05:34 -0500] "GET /BLA/boletinlegal/ HTTP/1.1" 200 24523
172.22.2.4 - - [01/Oct/2022:19:05:34 -0500] "GET /BLA/boletinlegal/ HTTP/1.1" 200 24523
199.59.150.181 - - [01/Oct/2022:19:06:26 -0500] "GET /images/feria-veh%C3%ADculos-sostenibles_optimized.jpeg HTTP/1.1" 404 1034
181.237.18.78 - - [01/Oct/2022:19:07:43 -0500] "GET /sipse/faces/javax.faces.resource/theme.css?ln=primefaces-sipse HTTP/1.1" 503 1124
181.237.18.78 - - [01/Oct/2022:19:07:44 -0500] "GET /sipse/faces/faces/faces/faces/faces/faces/faces/faces/faces/autenticacion.xhtml HTTP/1.1" 503 1124
216.245.221.92 - - [01/Oct/2022:19:08:01 -0500] "HEAD / HTTP/1.1" 200 -
201.245.192.253 - - [01/Oct/2022:19:08:12 -0500] "POST /kwsrmcab/Wsrmcab  HTTP/1.1" 503 1020
172.22.2.4 - - [01/Oct/2022:19:07:11 -0500] "HEAD /BLA/boletinlegal/ HTTP/1.1" 200 -
157.55.39.25 - - [01/Oct/2022:19:08:56 -0500] "GET /BLA/resoluciones/RESOLUCIONES%202002/RES%202002%20851-900/00000856.tif HTTP/1.1" 200 78920
66.249.73.127 - - [01/Oct/2022:19:08:57 -0500] "-" 408 -
157.55.39.202 - - [01/Oct/2022:19:09:02 -0500] "GET /BLA/resoluciones/AUTOS%202021/0821.pdf HTTP/1.1" 304 -
172.22.2.4 - - [01/Oct/2022:19:08:01 -0500] "GET /BLA/boletinlegal/ HTTP/1.1" 200 60281
157.55.39.159 - - [01/Oct/2022:19:10:52 -0500] "GET /portaldeninos/parque-ecologico-distrital-humedal-santa-maria-del-lago/ HTTP/1.1" 200 90199
199.16.157.180 - - [01/Oct/2022:19:11:14 -0500] "GET /images/feria-veh%C3%ADculos-sostenibles_optimized.jpeg HTTP/1.1" 404 1034
64.124.8.25 - - [01/Oct/2022:19:11:50 -0500] "GET /BLA/boletinlegal/jurisprudencia/analisis/analisis%20sentencia%20C%20401%20de%202010.doc HTTP/1.1" 304 -
64.124.8.25 - - [01/Oct/2022:19:12:03 -0500] "GET /BLA/boletinlegal/jurisprudencia/analisis/AnalisisT-095-16.docx HTTP/1.1" 304 -
173.252.111.2 - - [01/Oct/2022:19:12:03 -0500] "GET /los-martires-recibe-la-feria-de-servicios-donde-podras-adelantar-todos-tus-tramites-ambientales.html HTTP/1.1" 206 889
64.124.8.33 - - [01/Oct/2022:19:12:35 -0500] "GET /portaldeninos/2018/04/09/hola-mundo/feed/ HTTP/1.1" 304 -
5.255.231.131 - - [01/Oct/2022:19:12:54 -0500] "-" 408 -
216.245.221.92 - - [01/Oct/2022:19:13:01 -0500] "HEAD / HTTP/1.1" 200 -
201.245.192.253 - - [01/Oct/2022:19:13:10 -0500] "POST /kwsrmcab/Wsrmcab  HTTP/1.1" 503 1020
207.46.13.40 - - [01/Oct/2022:19:13:32 -0500] "GET /BLA/resoluciones/RESOLUCIONES%202002/RES%202002%20301-350/00000313.tif HTTP/1.1" 200 74500
64.124.8.25 - - [01/Oct/2022:19:13:46 -0500] "GET /BLA/boletinlegal/jurisprudencia/analisis/AnalisisT-606-15.docx HTTP/1.1" 304 -
64.124.8.25 - - [01/Oct/2022:19:14:37 -0500] "GET /BLA/boletinlegal/jurisprudencia/analisis/G__Jurisp.%20Junio%202014_Sent%20Tutela%20Drumond.docx HTTP/1.1" 304 -
172.22.2.4 - - [01/Oct/2022:19:13:01 -0500] "HEAD /BLA/boletinlegal/ HTTP/1.1" 200 -
64.124.8.29 - - [01/Oct/2022:19:14:55 -0500] "-" 408 -
66.249.73.127 - - [01/Oct/2022:19:15:26 -0500] "-" 408 -
