172.22.2.4 - - [01/Oct/2022:03:31:35 -0500] "GET /BLA/boletinlegal/ HTTP/1.1" 200 20427
172.22.2.4 - - [01/Oct/2022:03:31:36 -0500] "GET /BLA/boletinlegal/ HTTP/1.1" 200 32715
185.119.81.96 - - [01/Oct/2022:03:32:41 -0500] "GET /portaldeninos/wp-login.php HTTP/1.1" 200 2592
185.119.81.96 - - [01/Oct/2022:03:32:42 -0500] "POST /portaldeninos/wp-login.php HTTP/1.1" 200 3650
216.245.221.92 - - [01/Oct/2022:03:33:04 -0500] "HEAD / HTTP/1.1" 200 -
201.245.192.253 - - [01/Oct/2022:03:34:22 -0500] "POST /kwsrmcab/Wsrmcab  HTTP/1.1" 200 43876
172.22.2.4 - - [01/Oct/2022:03:33:53 -0500] "HEAD /BLA/boletinlegal/ HTTP/1.1" 200 -
157.55.39.25 - - [01/Oct/2022:03:36:16 -0500] "GET /BLA/resoluciones/RESOLUCIONES%202002/RES%202002%20301-350/00000309.tif HTTP/1.1" 200 75848
172.22.2.4 - - [01/Oct/2022:03:34:43 -0500] "GET /BLA/boletinlegal/ HTTP/1.1" 200 59828
87.250.224.80 - - [01/Oct/2022:03:37:47 -0500] "-" 408 -
216.245.221.92 - - [01/Oct/2022:03:38:04 -0500] "HEAD / HTTP/1.1" 200 -
207.46.13.190 - - [01/Oct/2022:03:38:36 -0500] "GET /BLA/resoluciones/AUTOS%202022/1850.pdf HTTP/1.1" 200 442651
201.245.192.253 - - [01/Oct/2022:03:38:37 -0500] "POST /kwsrmcab/Wsrmcab HTTP/1.1" 200 44486
201.245.192.253 - - [01/Oct/2022:03:38:41 -0500] "POST /kwsrmcab/Wsrmcab HTTP/1.1" 200 44859
201.245.192.253 - - [01/Oct/2022:03:39:21 -0500] "POST /kwsrmcab/Wsrmcab  HTTP/1.1" 200 43876
185.119.81.109 - - [01/Oct/2022:03:40:54 -0500] "GET /portaldeninos/wp-login.php HTTP/1.1" 200 2592
185.119.81.109 - - [01/Oct/2022:03:40:55 -0500] "POST /portaldeninos/wp-login.php HTTP/1.1" 200 3605
172.22.2.4 - - [01/Oct/2022:03:39:43 -0500] "HEAD /BLA/boletinlegal/ HTTP/1.1" 200 -
172.22.2.4 - - [01/Oct/2022:03:40:33 -0500] "GET /BLA/boletinlegal/ HTTP/1.1" 200 55220
216.245.221.92 - - [01/Oct/2022:03:43:04 -0500] "HEAD / HTTP/1.1" 200 -
201.245.192.253 - - [01/Oct/2022:03:44:20 -0500] "POST /kwsrmcab/Wsrmcab  HTTP/1.1" 200 43876
157.55.39.202 - - [01/Oct/2022:03:47:06 -0500] "GET / HTTP/1.1" 200 319
172.22.2.4 - - [01/Oct/2022:03:45:33 -0500] "HEAD /BLA/boletinlegal/ HTTP/1.1" 200 -
66.249.66.87 - - [01/Oct/2022:03:47:22 -0500] "-" 408 -
87.250.224.31 - - [01/Oct/2022:03:47:55 -0500] "-" 408 -
172.22.2.4 - - [01/Oct/2022:03:46:23 -0500] "GET /BLA/boletinlegal/ HTTP/1.1" 200 58163
216.245.221.92 - - [01/Oct/2022:03:48:04 -0500] "HEAD / HTTP/1.1" 200 -
207.46.13.89 - - [01/Oct/2022:03:48:41 -0500] "GET /BLA/resoluciones/index.php?dir=AUTOS+2021%2F HTTP/1.1" 200 394468
207.46.13.40 - - [01/Oct/2022:03:49:09 -0500] "GET /BLA/resoluciones/AUTOS%202022/4524.pdf HTTP/1.1" 200 376351
201.245.192.253 - - [01/Oct/2022:03:49:19 -0500] "POST /kwsrmcab/Wsrmcab  HTTP/1.1" 200 43876
157.55.39.202 - - [01/Oct/2022:03:51:18 -0500] "GET /BLA/resoluciones/index.php?dir=AUTOS+2022%2F HTTP/1.1" 200 269023
157.230.40.249 - - [01/Oct/2022:03:51:54 -0500] "GET /.env HTTP/1.1" 404 1018
157.230.40.249 - - [01/Oct/2022:03:51:55 -0500] "GET /conf/.env HTTP/1.1" 404 1018
157.230.40.249 - - [01/Oct/2022:03:51:56 -0500] "GET /wp-content/.env HTTP/1.1" 404 1018
157.230.40.249 - - [01/Oct/2022:03:51:56 -0500] "GET /wp-admin/.env HTTP/1.1" 404 1018
157.230.40.249 - - [01/Oct/2022:03:51:57 -0500] "GET /library/.env HTTP/1.1" 404 1018
157.230.40.249 - - [01/Oct/2022:03:51:57 -0500] "GET /new/.env HTTP/1.1" 404 1018
157.230.40.249 - - [01/Oct/2022:03:51:58 -0500] "GET /vendor/.env HTTP/1.1" 404 1018
157.230.40.249 - - [01/Oct/2022:03:51:59 -0500] "GET /old/.env HTTP/1.1" 404 1018
157.230.40.249 - - [01/Oct/2022:03:51:59 -0500] "GET /local/.env HTTP/1.1" 404 1018
157.230.40.249 - - [01/Oct/2022:03:52:00 -0500] "GET /api/.env HTTP/1.1" 404 1018
157.230.40.249 - - [01/Oct/2022:03:52:00 -0500] "GET /blog/.env HTTP/1.1" 404 1018
157.230.40.249 - - [01/Oct/2022:03:52:01 -0500] "GET /crm/.env HTTP/1.1" 404 1018
157.230.40.249 - - [01/Oct/2022:03:52:02 -0500] "GET /admin/.env HTTP/1.1" 404 1018
157.230.40.249 - - [01/Oct/2022:03:52:02 -0500] "GET /laravel/.env HTTP/1.1" 404 1018
157.230.40.249 - - [01/Oct/2022:03:52:03 -0500] "GET /app/.env HTTP/1.1" 404 1018
157.230.40.249 - - [01/Oct/2022:03:52:03 -0500] "GET /app/config/.env HTTP/1.1" 404 1018
157.230.40.249 - - [01/Oct/2022:03:52:04 -0500] "GET /apps/.env HTTP/1.1" 404 1018
157.230.40.249 - - [01/Oct/2022:03:52:04 -0500] "GET /audio/.env HTTP/1.1" 404 1018
157.230.40.249 - - [01/Oct/2022:03:52:05 -0500] "GET /cgi-bin/.env HTTP/1.1" 404 1018
157.230.40.249 - - [01/Oct/2022:03:52:06 -0500] "GET /backend/.env HTTP/1.1" 404 1018
157.230.40.249 - - [01/Oct/2022:03:52:06 -0500] "GET /src/.env HTTP/1.1" 404 1018
157.230.40.249 - - [01/Oct/2022:03:52:07 -0500] "GET /base/.env HTTP/1.1" 404 1018
157.230.40.249 - - [01/Oct/2022:03:52:07 -0500] "GET /core/.env HTTP/1.1" 404 1018
157.230.40.249 - - [01/Oct/2022:03:52:08 -0500] "GET /vendor/laravel/.env HTTP/1.1" 404 1018
157.230.40.249 - - [01/Oct/2022:03:52:09 -0500] "GET /storage/.env HTTP/1.1" 404 1018
157.230.40.249 - - [01/Oct/2022:03:52:09 -0500] "GET /protected/.env HTTP/1.1" 404 1018
157.230.40.249 - - [01/Oct/2022:03:52:10 -0500] "GET /newsite/.env HTTP/1.1" 404 1018
157.230.40.249 - - [01/Oct/2022:03:52:10 -0500] "GET /www/.env HTTP/1.1" 404 1018
157.230.40.249 - - [01/Oct/2022:03:52:11 -0500] "GET /sites/all/libraries/mailchimp/.env HTTP/1.1" 404 1018
157.230.40.249 - - [01/Oct/2022:03:52:12 -0500] "GET /database/.env HTTP/1.1" 404 1018
157.230.40.249 - - [01/Oct/2022:03:52:12 -0500] "GET /public/.env HTTP/1.1" 404 1018
157.230.40.249 - - [01/Oct/2022:03:52:13 -0500] "GET /static-190-27-245-106.static.etb.net.co/.env HTTP/1.1" 404 1018
157.230.40.249 - - [01/Oct/2022:03:52:14 -0500] "POST / HTTP/1.1" 200 319
157.230.40.249 - - [01/Oct/2022:03:52:15 -0500] "GET /vendor/phpunit/phpunit/src/Util/PHP/eval-stdin.php HTTP/1.1" 404 1018
172.22.2.4 - - [01/Oct/2022:03:51:23 -0500] "HEAD /BLA/boletinlegal/ HTTP/1.1" 200 -
216.245.221.92 - - [01/Oct/2022:03:53:04 -0500] "HEAD / HTTP/1.1" 200 -
172.22.2.4 - - [01/Oct/2022:03:52:13 -0500] "GET /BLA/boletinlegal/ HTTP/1.1" 200 56376
201.245.192.253 - - [01/Oct/2022:03:54:19 -0500] "POST /kwsrmcab/Wsrmcab  HTTP/1.1" 200 43876
66.249.66.85 - - [01/Oct/2022:03:54:52 -0500] "-" 408 -
207.46.13.84 - - [01/Oct/2022:03:55:33 -0500] "GET /BLA/resoluciones/00001062.tif HTTP/1.1" 404 1018
157.55.39.202 - - [01/Oct/2022:03:56:46 -0500] "GET /BLA/resoluciones/AUTOS%202022/1262.pdf HTTP/1.1" 200 438440
185.119.81.109 - - [01/Oct/2022:03:57:26 -0500] "GET /portaldeninos/wp-login.php HTTP/1.1" 200 2592
185.119.81.109 - - [01/Oct/2022:03:57:27 -0500] "POST /portaldeninos/wp-login.php HTTP/1.1" 200 3650
85.31.46.179 - - [01/Oct/2022:03:57:47 -0500] "POST /boaform/admin/formLogin HTTP/1.1" 404 1186
216.245.221.92 - - [01/Oct/2022:03:58:04 -0500] "HEAD / HTTP/1.1" 200 -
5.255.253.106 - - [01/Oct/2022:03:58:21 -0500] "-" 408 -
5.255.253.174 - - [01/Oct/2022:03:58:27 -0500] "-" 408 -
5.45.207.133 - - [01/Oct/2022:03:58:33 -0500] "-" 408 -
87.250.224.35 - - [01/Oct/2022:03:58:38 -0500] "-" 408 -
172.22.2.4 - - [01/Oct/2022:03:57:13 -0500] "HEAD /BLA/boletinlegal/ HTTP/1.1" 200 -
5.255.253.164 - - [01/Oct/2022:03:58:53 -0500] "-" 408 -
213.180.203.85 - - [01/Oct/2022:03:59:08 -0500] "-" 408 -
201.245.192.253 - - [01/Oct/2022:03:59:17 -0500] "POST /kwsrmcab/Wsrmcab  HTTP/1.1" 200 43876
87.250.224.65 - - [01/Oct/2022:03:59:38 -0500] "-" 408 -
172.22.2.4 - - [01/Oct/2022:03:58:03 -0500] "GET /BLA/boletinlegal/ HTTP/1.1" 200 52877
87.250.224.52 - - [01/Oct/2022:04:02:17 -0500] "-" 408 -
216.245.221.92 - - [01/Oct/2022:04:03:04 -0500] "HEAD / HTTP/1.1" 200 -
5.255.253.166 - - [01/Oct/2022:04:03:17 -0500] "-" 408 -
201.245.192.253 - - [01/Oct/2022:04:04:16 -0500] "POST /kwsrmcab/Wsrmcab  HTTP/1.1" 200 43876
172.22.2.4 - - [01/Oct/2022:04:03:03 -0500] "HEAD /BLA/boletinlegal/ HTTP/1.1" 200 -
87.250.224.77 - - [01/Oct/2022:04:05:17 -0500] "-" 408 -
172.22.2.4 - - [01/Oct/2022:04:03:53 -0500] "GET /BLA/boletinlegal/ HTTP/1.1" 200 58575
216.245.221.92 - - [01/Oct/2022:04:08:04 -0500] "HEAD / HTTP/1.1" 200 -
87.250.224.175 - - [01/Oct/2022:04:08:17 -0500] "-" 408 -
173.252.83.17 - - [01/Oct/2022:04:08:55 -0500] "GET /galeria/galeria/fotos/Capellania2P.jpg HTTP/1.1" 200 35380
201.245.192.253 - - [01/Oct/2022:04:09:15 -0500] "POST /kwsrmcab/Wsrmcab  HTTP/1.1" 200 43876
172.22.2.4 - - [01/Oct/2022:04:08:53 -0500] "HEAD /BLA/boletinlegal/ HTTP/1.1" 200 -
172.22.2.4 - - [01/Oct/2022:04:09:43 -0500] "GET /BLA/boletinlegal/ HTTP/1.1" 200 58955
39.79.147.5 - - [01/Oct/2022:04:12:33 -0500] "POST /GponForm/diag_Form?images/ HTTP/1.1" 404 1013
216.245.221.92 - - [01/Oct/2022:04:13:04 -0500] "HEAD / HTTP/1.1" 200 -
95.108.213.41 - - [01/Oct/2022:04:13:22 -0500] "-" 408 -
61.147.15.67 - - [01/Oct/2022:04:13:59 -0500] "GET /portaldeninos/ HTTP/1.1" 200 110197
201.245.192.253 - - [01/Oct/2022:04:14:13 -0500] "POST /kwsrmcab/Wsrmcab  HTTP/1.1" 200 43876
172.22.2.4 - - [01/Oct/2022:04:14:43 -0500] "HEAD /BLA/boletinlegal/ HTTP/1.1" 200 -
172.22.2.4 - - [01/Oct/2022:04:15:33 -0500] "GET /BLA/boletinlegal/ HTTP/1.1" 200 54003
216.245.221.92 - - [01/Oct/2022:04:18:04 -0500] "HEAD / HTTP/1.1" 200 -
201.245.192.253 - - [01/Oct/2022:04:18:37 -0500] "POST /kwsrmcab/Wsrmcab HTTP/1.1" 200 44191
201.245.192.253 - - [01/Oct/2022:04:18:41 -0500] "POST /kwsrmcab/Wsrmcab HTTP/1.1" 200 44850
201.245.192.253 - - [01/Oct/2022:04:19:12 -0500] "POST /kwsrmcab/Wsrmcab  HTTP/1.1" 200 43876
185.119.81.102 - - [01/Oct/2022:04:19:17 -0500] "GET /portaldeninos/wp-login.php HTTP/1.1" 200 2592
185.119.81.102 - - [01/Oct/2022:04:19:17 -0500] "POST /portaldeninos/wp-login.php HTTP/1.1" 200 3605
185.119.81.109 - - [01/Oct/2022:04:20:12 -0500] "GET /portaldeninos/wp-login.php HTTP/1.1" 200 2592
185.119.81.109 - - [01/Oct/2022:04:20:12 -0500] "POST /portaldeninos/wp-login.php HTTP/1.1" 200 3650
5.255.253.163 - - [01/Oct/2022:04:21:22 -0500] "-" 408 -
172.22.2.4 - - [01/Oct/2022:04:21:45 -0500] "GET /BLA/boletinlegal/Directivas/2016/Directiva%20No.%2002%20del%2019%20de%20Abril%20de%202016.pdf HTTP/1.1" 200 11898321
172.22.2.4 - - [01/Oct/2022:04:21:46 -0500] "GET /BLA/boletinlegal/Directivas/2016/Directiva%20No.%2002%20del%2019%20de%20Abril%20de%202016.pdf HTTP/1.1" 206 7932214
172.22.2.4 - - [01/Oct/2022:04:21:46 -0500] "GET /BLA/boletinlegal/Directivas/2016/Directiva%20No.%2002%20del%2019%20de%20Abril%20de%202016.pdf HTTP/1.1" 206 3966107
172.22.2.4 - - [01/Oct/2022:04:20:33 -0500] "HEAD /BLA/boletinlegal/ HTTP/1.1" 200 -
172.22.2.4 - - [01/Oct/2022:04:21:23 -0500] "GET /BLA/boletinlegal/ HTTP/1.1" 200 58163
216.245.221.92 - - [01/Oct/2022:04:23:04 -0500] "HEAD / HTTP/1.1" 200 -
207.46.13.84 - - [01/Oct/2022:04:23:16 -0500] "GET /BLA/resoluciones/RESOLUCIONES%202006/RES%202006%20351-400/00000369.tif HTTP/1.1" 200 87506
201.245.192.253 - - [01/Oct/2022:04:24:11 -0500] "POST /kwsrmcab/Wsrmcab  HTTP/1.1" 200 43876
66.249.66.87 - - [01/Oct/2022:04:24:30 -0500] "-" 408 -
185.119.81.109 - - [01/Oct/2022:04:25:59 -0500] "GET /portaldeninos/wp-login.php HTTP/1.1" 200 2592
185.119.81.109 - - [01/Oct/2022:04:26:00 -0500] "POST /portaldeninos/wp-login.php HTTP/1.1" 200 3605
172.22.2.4 - - [01/Oct/2022:04:26:32 -0500] "GET /BLA/boletinlegal/ HTTP/1.1" 200 32715
172.22.2.4 - - [01/Oct/2022:04:26:23 -0500] "HEAD /BLA/boletinlegal/ HTTP/1.1" 200 -
216.245.221.92 - - [01/Oct/2022:04:28:04 -0500] "HEAD / HTTP/1.1" 200 -
201.245.192.253 - - [01/Oct/2022:04:28:38 -0500] "POST /kwsrmcab/Wsrmcab HTTP/1.1" 200 44191
201.245.192.253 - - [01/Oct/2022:04:28:41 -0500] "POST /kwsrmcab/Wsrmcab HTTP/1.1" 200 44850
172.22.2.4 - - [01/Oct/2022:04:27:13 -0500] "GET /BLA/boletinlegal/ HTTP/1.1" 200 54356
172.22.2.4 - - [01/Oct/2022:04:28:59 -0500] "GET /BLA/boletinlegal/favicon.ico HTTP/1.1" 404 1018
201.245.192.253 - - [01/Oct/2022:04:29:10 -0500] "POST /kwsrmcab/Wsrmcab  HTTP/1.1" 200 43876
172.22.2.4 - - [01/Oct/2022:04:29:00 -0500] "GET /BLA/boletinlegal/ HTTP/1.1" 200 24523
45.61.185.76 - - [01/Oct/2022:04:30:22 -0500] "POST /boaform/admin/formLogin HTTP/1.1" 404 1186
95.108.213.65 - - [01/Oct/2022:04:31:53 -0500] "-" 408 -
185.119.81.109 - - [01/Oct/2022:04:32:57 -0500] "GET /portaldeninos/wp-login.php HTTP/1.1" 200 2592
185.119.81.109 - - [01/Oct/2022:04:32:58 -0500] "POST /portaldeninos/wp-login.php HTTP/1.1" 200 3605
216.245.221.92 - - [01/Oct/2022:04:33:04 -0500] "HEAD / HTTP/1.1" 200 -
207.46.13.84 - - [01/Oct/2022:04:33:46 -0500] "GET /BLA/resoluciones/00001771.tif HTTP/1.1" 404 1018
172.22.2.4 - - [01/Oct/2022:04:32:13 -0500] "HEAD /BLA/boletinlegal/ HTTP/1.1" 200 -
172.22.2.4 - - [01/Oct/2022:04:32:18 -0500] "GET /BLA/boletinlegal/ HTTP/1.1" 200 42704
69.63.184.117 - - [01/Oct/2022:04:34:00 -0500] "GET /images/plantacion-jbb-22-abril.jpg HTTP/1.1" 200 52184
201.245.192.253 - - [01/Oct/2022:04:34:09 -0500] "POST /kwsrmcab/Wsrmcab  HTTP/1.1" 200 43876
172.22.2.4 - - [01/Oct/2022:04:33:03 -0500] "GET /BLA/boletinlegal/ HTTP/1.1" 200 52877
173.252.79.7 - - [01/Oct/2022:04:35:43 -0500] "GET /images/plantacion-jbb-22-abril.jpg HTTP/1.1" 200 52184
216.245.221.92 - - [01/Oct/2022:04:38:04 -0500] "HEAD / HTTP/1.1" 200 -
201.245.192.253 - - [01/Oct/2022:04:38:38 -0500] "POST /kwsrmcab/Wsrmcab HTTP/1.1" 200 44191
207.46.13.89 - - [01/Oct/2022:04:38:44 -0500] "GET /BLA/resoluciones/2002RES147.tif HTTP/1.1" 404 1018
201.245.192.253 - - [01/Oct/2022:04:38:41 -0500] "POST /kwsrmcab/Wsrmcab HTTP/1.1" 200 44850
201.245.192.253 - - [01/Oct/2022:04:39:09 -0500] "POST /kwsrmcab/Wsrmcab  HTTP/1.1" 200 43876
172.22.2.4 - - [01/Oct/2022:04:38:03 -0500] "HEAD /BLA/boletinlegal/ HTTP/1.1" 200 -
172.22.2.4 - - [01/Oct/2022:04:38:53 -0500] "GET /BLA/boletinlegal/ HTTP/1.1" 200 59828
5.255.231.244 - - [01/Oct/2022:04:41:53 -0500] "-" 408 -
216.245.221.92 - - [01/Oct/2022:04:43:04 -0500] "HEAD / HTTP/1.1" 200 -
201.245.192.253 - - [01/Oct/2022:04:44:07 -0500] "POST /kwsrmcab/Wsrmcab  HTTP/1.1" 200 43876
172.22.2.4 - - [01/Oct/2022:04:43:53 -0500] "HEAD /BLA/boletinlegal/ HTTP/1.1" 200 -
172.22.2.4 - - [01/Oct/2022:04:44:43 -0500] "GET /BLA/boletinlegal/ HTTP/1.1" 200 60281
34.141.207.145 - - [01/Oct/2022:04:46:33 -0500] "GET / HTTP/1.1" 200 319
34.141.207.145 - - [01/Oct/2022:04:46:33 -0500] "GET / HTTP/1.1" 200 4720
216.245.221.92 - - [01/Oct/2022:04:48:04 -0500] "HEAD / HTTP/1.1" 200 -
80.94.92.231 - - [01/Oct/2022:04:48:28 -0500] "GET / HTTP/1.1" 200 319
201.245.192.253 - - [01/Oct/2022:04:49:06 -0500] "POST /kwsrmcab/Wsrmcab  HTTP/1.1" 200 43876
207.46.13.84 - - [01/Oct/2022:04:51:09 -0500] "GET /BLA/resoluciones/AUTOS%202016/2864.pdf HTTP/1.1" 200 426289
172.22.2.4 - - [01/Oct/2022:04:49:43 -0500] "HEAD /BLA/boletinlegal/ HTTP/1.1" 200 -
172.22.2.4 - - [01/Oct/2022:04:50:33 -0500] "GET /BLA/boletinlegal/ HTTP/1.1" 200 58163
5.255.231.131 - - [01/Oct/2022:04:52:22 -0500] "-" 408 -
66.249.66.86 - - [01/Oct/2022:04:52:33 -0500] "-" 408 -
216.245.221.92 - - [01/Oct/2022:04:53:04 -0500] "HEAD / HTTP/1.1" 200 -
185.119.81.101 - - [01/Oct/2022:04:53:55 -0500] "GET /portaldeninos/wp-login.php HTTP/1.1" 200 2592
185.119.81.101 - - [01/Oct/2022:04:53:56 -0500] "POST /portaldeninos/wp-login.php HTTP/1.1" 200 3605
201.245.192.253 - - [01/Oct/2022:04:54:05 -0500] "POST /kwsrmcab/Wsrmcab  HTTP/1.1" 200 43876
172.22.2.4 - - [01/Oct/2022:04:55:33 -0500] "HEAD /BLA/boletinlegal/ HTTP/1.1" 200 -
172.22.2.4 - - [01/Oct/2022:04:56:23 -0500] "GET /BLA/boletinlegal/ HTTP/1.1" 200 58163
216.245.221.92 - - [01/Oct/2022:04:58:04 -0500] "HEAD / HTTP/1.1" 200 -
201.245.192.253 - - [01/Oct/2022:04:59:04 -0500] "POST /kwsrmcab/Wsrmcab  HTTP/1.1" 200 43876
172.104.138.223 - - [01/Oct/2022:04:59:56 -0500] "GET /fuN3 HTTP/1.0" 404 1019
185.119.81.109 - - [01/Oct/2022:05:01:09 -0500] "GET /portaldeninos/wp-login.php HTTP/1.1" 200 2592
185.119.81.109 - - [01/Oct/2022:05:01:10 -0500] "POST /portaldeninos/wp-login.php HTTP/1.1" 200 3650
172.22.2.4 - - [01/Oct/2022:05:01:37 -0500] "GET /BLA/boletinlegal/conceptos.php HTTP/1.1" 200 7443
87.250.224.69 - - [01/Oct/2022:05:02:22 -0500] "-" 408 -
172.22.2.4 - - [01/Oct/2022:05:01:23 -0500] "HEAD /BLA/boletinlegal/ HTTP/1.1" 200 -
216.245.221.92 - - [01/Oct/2022:05:03:04 -0500] "HEAD / HTTP/1.1" 200 -
172.22.2.4 - - [01/Oct/2022:05:02:13 -0500] "GET /BLA/boletinlegal/ HTTP/1.1" 200 58575
201.245.192.253 - - [01/Oct/2022:05:04:02 -0500] "POST /kwsrmcab/Wsrmcab  HTTP/1.1" 200 43876
66.249.66.85 - - [01/Oct/2022:05:05:34 -0500] "-" 408 -
216.245.221.92 - - [01/Oct/2022:05:08:04 -0500] "HEAD / HTTP/1.1" 200 -
207.46.13.89 - - [01/Oct/2022:05:08:26 -0500] "GET /sipse/faces/autenticacion.xhtml HTTP/1.1" 200 12502
172.22.2.4 - - [01/Oct/2022:05:07:13 -0500] "HEAD /BLA/boletinlegal/ HTTP/1.1" 200 -
201.245.192.253 - - [01/Oct/2022:05:09:01 -0500] "POST /kwsrmcab/Wsrmcab  HTTP/1.1" 200 43876
172.22.2.4 - - [01/Oct/2022:05:08:03 -0500] "GET /BLA/boletinlegal/ HTTP/1.1" 200 59828
95.108.213.3 - - [01/Oct/2022:05:12:22 -0500] "-" 408 -
157.55.39.25 - - [01/Oct/2022:05:12:44 -0500] "GET /catalogoisis/ HTTP/1.1" 200 8575
216.245.221.92 - - [01/Oct/2022:05:13:04 -0500] "HEAD / HTTP/1.1" 200 -
201.245.192.253 - - [01/Oct/2022:05:14:00 -0500] "POST /kwsrmcab/Wsrmcab  HTTP/1.1" 200 43876
172.22.2.4 - - [01/Oct/2022:05:13:03 -0500] "HEAD /BLA/boletinlegal/ HTTP/1.1" 200 -
172.22.2.4 - - [01/Oct/2022:05:13:53 -0500] "GET /BLA/boletinlegal/ HTTP/1.1" 200 60281
69.171.251.15 - - [01/Oct/2022:05:18:00 -0500] "GET /asi-es-el-tramite-para-obtener-el-certificado-de-conservacion-ambiental-2022.html HTTP/1.1" 206 935
216.245.221.92 - - [01/Oct/2022:05:18:04 -0500] "HEAD / HTTP/1.1" 200 -
201.245.192.253 - - [01/Oct/2022:05:18:37 -0500] "POST /kwsrmcab/Wsrmcab HTTP/1.1" 200 44493
201.245.192.253 - - [01/Oct/2022:05:18:41 -0500] "POST /kwsrmcab/Wsrmcab HTTP/1.1" 200 44846
201.245.192.253 - - [01/Oct/2022:05:18:58 -0500] "POST /kwsrmcab/Wsrmcab  HTTP/1.1" 200 43876
172.22.2.4 - - [01/Oct/2022:05:18:53 -0500] "HEAD /BLA/boletinlegal/ HTTP/1.1" 200 -
172.22.2.4 - - [01/Oct/2022:05:19:43 -0500] "GET /BLA/boletinlegal/ HTTP/1.1" 200 52877
66.249.66.85 - - [01/Oct/2022:05:21:53 -0500] "-" 408 -
87.250.224.19 - - [01/Oct/2022:05:22:22 -0500] "-" 408 -
216.245.221.92 - - [01/Oct/2022:05:23:04 -0500] "HEAD / HTTP/1.1" 200 -
201.245.192.253 - - [01/Oct/2022:05:23:56 -0500] "POST /kwsrmcab/Wsrmcab  HTTP/1.1" 200 43876
172.22.2.4 - - [01/Oct/2022:05:24:43 -0500] "HEAD /BLA/boletinlegal/ HTTP/1.1" 200 -
185.119.81.109 - - [01/Oct/2022:05:26:55 -0500] "GET /portaldeninos/wp-login.php HTTP/1.1" 200 2592
185.119.81.109 - - [01/Oct/2022:05:26:56 -0500] "POST /portaldeninos/wp-login.php HTTP/1.1" 200 3650
172.22.2.4 - - [01/Oct/2022:05:25:33 -0500] "GET /BLA/boletinlegal/ HTTP/1.1" 200 58955
216.245.221.92 - - [01/Oct/2022:05:28:04 -0500] "HEAD / HTTP/1.1" 200 -
201.245.192.253 - - [01/Oct/2022:05:28:37 -0500] "POST /kwsrmcab/Wsrmcab HTTP/1.1" 200 44493
201.245.192.253 - - [01/Oct/2022:05:28:40 -0500] "POST /kwsrmcab/Wsrmcab HTTP/1.1" 200 44846
201.245.192.253 - - [01/Oct/2022:05:28:55 -0500] "POST /kwsrmcab/Wsrmcab  HTTP/1.1" 200 43876
66.249.66.85 - - [01/Oct/2022:05:29:11 -0500] "-" 408 -
172.22.2.4 - - [01/Oct/2022:05:29:17 -0500] "GET /BLA/boletinlegal/favicon.ico HTTP/1.1" 404 1018
207.46.13.213 - - [01/Oct/2022:05:29:33 -0500] "GET /portaldeninos/wp-content/uploads/2019/09/Sangregado-%C3%A1rboles.jpg HTTP/1.1" 200 302240
172.22.2.4 - - [01/Oct/2022:05:29:02 -0500] "GET /BLA/boletinlegal/ HTTP/1.1" 200 20427
157.55.39.159 - - [01/Oct/2022:05:29:38 -0500] "GET /portaldeninos/tipos-de-arboles-en-bogota/ HTTP/1.1" 200 109802
172.22.2.4 - - [01/Oct/2022:05:29:02 -0500] "GET /BLA/boletinlegal/ HTTP/1.1" 200 24523
207.46.13.89 - - [01/Oct/2022:05:29:49 -0500] "GET /BLA/resoluciones/RESOLUCIONES%202006/RES%202006%20351-400/00000379.tif HTTP/1.1" 200 34154
172.22.2.4 - - [01/Oct/2022:05:28:14 -0500] "GET /BLA/boletinlegal/ HTTP/1.1" 200 57375
172.22.2.4 - - [01/Oct/2022:05:31:24 -0500] "GET /BLA/boletinlegal/js/jquery.js HTTP/1.1" 200 57254
207.46.13.40 - - [01/Oct/2022:05:31:34 -0500] "GET /BLA/resoluciones/AUTOS%202022/3525.pdf HTTP/1.1" 200 3926481
172.22.2.4 - - [01/Oct/2022:05:30:33 -0500] "HEAD /BLA/boletinlegal/ HTTP/1.1" 200 -
5.255.253.115 - - [01/Oct/2022:05:32:29 -0500] "-" 408 -
172.22.2.4 - - [01/Oct/2022:05:31:23 -0500] "GET /BLA/boletinlegal/ HTTP/1.1" 200 56732
216.245.221.92 - - [01/Oct/2022:05:33:04 -0500] "HEAD / HTTP/1.1" 200 -
201.245.192.253 - - [01/Oct/2022:05:33:54 -0500] "POST /kwsrmcab/Wsrmcab  HTTP/1.1" 200 43876
172.22.2.4 - - [01/Oct/2022:05:32:50 -0500] "GET /BLA/boletinlegal/ HTTP/1.1" 200 61445
185.119.81.96 - - [01/Oct/2022:05:35:14 -0500] "GET /portaldeninos/wp-login.php HTTP/1.1" 200 2592
185.119.81.96 - - [01/Oct/2022:05:35:15 -0500] "POST /portaldeninos/wp-login.php HTTP/1.1" 200 3605
207.46.13.190 - - [01/Oct/2022:05:35:47 -0500] "GET /BLA/resoluciones/RESOLUCIONES%202021/1919.pdf HTTP/1.1" 304 -
66.249.66.85 - - [01/Oct/2022:05:36:38 -0500] "-" 408 -
172.22.2.4 - - [01/Oct/2022:05:36:23 -0500] "HEAD /BLA/boletinlegal/ HTTP/1.1" 200 -
216.245.221.92 - - [01/Oct/2022:05:38:04 -0500] "HEAD / HTTP/1.1" 200 -
157.55.39.25 - - [01/Oct/2022:05:38:28 -0500] "GET /BLA/resoluciones/0986.tif HTTP/1.1" 404 1018
201.245.192.253 - - [01/Oct/2022:05:38:38 -0500] "POST /kwsrmcab/Wsrmcab HTTP/1.1" 200 44493
201.245.192.253 - - [01/Oct/2022:05:38:41 -0500] "POST /kwsrmcab/Wsrmcab HTTP/1.1" 200 44846
172.22.2.4 - - [01/Oct/2022:05:37:13 -0500] "GET /BLA/boletinlegal/ HTTP/1.1" 200 58163
201.245.192.253 - - [01/Oct/2022:05:38:52 -0500] "POST /kwsrmcab/Wsrmcab  HTTP/1.1" 200 43876
5.255.253.123 - - [01/Oct/2022:05:42:45 -0500] "-" 408 -
216.245.221.92 - - [01/Oct/2022:05:43:04 -0500] "HEAD / HTTP/1.1" 200 -
172.22.2.4 - - [01/Oct/2022:05:42:13 -0500] "HEAD /BLA/boletinlegal/ HTTP/1.1" 200 -
201.245.192.253 - - [01/Oct/2022:05:43:52 -0500] "POST /kwsrmcab/Wsrmcab  HTTP/1.1" 200 43876
172.22.2.4 - - [01/Oct/2022:05:43:03 -0500] "GET /BLA/boletinlegal/ HTTP/1.1" 200 58163
66.249.66.85 - - [01/Oct/2022:05:45:05 -0500] "-" 408 -
216.245.221.92 - - [01/Oct/2022:05:48:04 -0500] "HEAD / HTTP/1.1" 200 -
69.171.249.13 - - [01/Oct/2022:05:48:09 -0500] "GET /images/mercados-campesinos-5-mayo.jpg HTTP/1.1" 200 95848
201.245.192.253 - - [01/Oct/2022:05:48:52 -0500] "POST /kwsrmcab/Wsrmcab  HTTP/1.1" 200 43876
172.22.2.4 - - [01/Oct/2022:05:48:03 -0500] "HEAD /BLA/boletinlegal/ HTTP/1.1" 200 -
172.22.2.4 - - [01/Oct/2022:05:48:53 -0500] "GET /BLA/boletinlegal/ HTTP/1.1" 200 56732
172.22.2.4 - - [01/Oct/2022:05:50:37 -0500] "GET /BLA/boletinlegal/jurisprudencia/analisis/AnalisisT-606-15.docx HTTP/1.1" 200 26698
172.22.2.4 - - [01/Oct/2022:05:50:38 -0500] "GET /BLA/boletinlegal/apple-touch-icon-120x120-precomposed.png HTTP/1.1" 404 1140
172.22.2.4 - - [01/Oct/2022:05:50:38 -0500] "GET /BLA/boletinlegal/apple-touch-icon-120x120.png HTTP/1.1" 404 1140
172.22.2.4 - - [01/Oct/2022:05:50:38 -0500] "GET /BLA/boletinlegal/apple-touch-icon-precomposed.png HTTP/1.1" 404 1140
172.22.2.4 - - [01/Oct/2022:05:50:38 -0500] "GET /BLA/boletinlegal/apple-touch-icon.png HTTP/1.1" 404 1140
172.22.2.4 - - [01/Oct/2022:05:50:38 -0500] "GET /BLA/boletinlegal/favicon.ico HTTP/1.1" 404 1140
172.22.2.4 - - [01/Oct/2022:05:50:38 -0500] "GET /BLA/boletinlegal/apple-touch-icon-120x120-precomposed.png HTTP/1.1" 404 1140
172.22.2.4 - - [01/Oct/2022:05:50:39 -0500] "GET /BLA/boletinlegal/apple-touch-icon-120x120.png HTTP/1.1" 404 1140
172.22.2.4 - - [01/Oct/2022:05:50:39 -0500] "GET /BLA/boletinlegal/apple-touch-icon-precomposed.png HTTP/1.1" 404 1140
172.22.2.4 - - [01/Oct/2022:05:50:39 -0500] "GET /BLA/boletinlegal/apple-touch-icon.png HTTP/1.1" 404 1140
172.22.2.4 - - [01/Oct/2022:05:50:39 -0500] "GET /BLA/boletinlegal/favicon.ico HTTP/1.1" 404 1140
66.249.66.85 - - [01/Oct/2022:05:51:01 -0500] "-" 408 -
5.45.207.122 - - [01/Oct/2022:05:52:45 -0500] "-" 408 -
216.245.221.92 - - [01/Oct/2022:05:53:04 -0500] "HEAD / HTTP/1.1" 200 -
201.245.192.253 - - [01/Oct/2022:05:53:51 -0500] "POST /kwsrmcab/Wsrmcab  HTTP/1.1" 200 43876
172.22.2.4 - - [01/Oct/2022:05:53:53 -0500] "HEAD /BLA/boletinlegal/ HTTP/1.1" 200 -
172.22.2.4 - - [01/Oct/2022:05:54:43 -0500] "GET /BLA/boletinlegal/ HTTP/1.1" 200 54003
66.249.66.85 - - [01/Oct/2022:05:56:41 -0500] "-" 408 -
157.55.39.25 - - [01/Oct/2022:05:57:48 -0500] "GET /BLA/resoluciones/AUTOS%202014/2475.pdf HTTP/1.1" 200 531883
172.22.2.4 - - [01/Oct/2022:05:57:50 -0500] "GET /BLA/boletinlegal/jurisprudencia/analisis/AnalisisT-606-15.docx HTTP/1.1" 200 26698
172.22.2.4 - - [01/Oct/2022:05:57:51 -0500] "GET /BLA/boletinlegal/apple-touch-icon-120x120-precomposed.png HTTP/1.1" 404 1140
172.22.2.4 - - [01/Oct/2022:05:57:52 -0500] "GET /BLA/boletinlegal/apple-touch-icon-120x120.png HTTP/1.1" 404 1140
172.22.2.4 - - [01/Oct/2022:05:57:52 -0500] "GET /BLA/boletinlegal/apple-touch-icon-precomposed.png HTTP/1.1" 404 1140
172.22.2.4 - - [01/Oct/2022:05:57:52 -0500] "GET /BLA/boletinlegal/apple-touch-icon.png HTTP/1.1" 404 1140
172.22.2.4 - - [01/Oct/2022:05:57:52 -0500] "GET /BLA/boletinlegal/favicon.ico HTTP/1.1" 404 1140
172.22.2.4 - - [01/Oct/2022:05:57:52 -0500] "GET /BLA/boletinlegal/apple-touch-icon-120x120-precomposed.png HTTP/1.1" 404 1140
172.22.2.4 - - [01/Oct/2022:05:57:52 -0500] "GET /BLA/boletinlegal/apple-touch-icon-120x120.png HTTP/1.1" 404 1140
172.22.2.4 - - [01/Oct/2022:05:57:52 -0500] "GET /BLA/boletinlegal/apple-touch-icon-precomposed.png HTTP/1.1" 404 1140
172.22.2.4 - - [01/Oct/2022:05:57:53 -0500] "GET /BLA/boletinlegal/apple-touch-icon.png HTTP/1.1" 404 1140
172.22.2.4 - - [01/Oct/2022:05:57:53 -0500] "GET /BLA/boletinlegal/favicon.ico HTTP/1.1" 404 1140
216.245.221.92 - - [01/Oct/2022:05:58:04 -0500] "HEAD / HTTP/1.1" 200 -
201.245.192.253 - - [01/Oct/2022:05:58:50 -0500] "POST /kwsrmcab/Wsrmcab  HTTP/1.1" 200 43876
207.46.13.40 - - [01/Oct/2022:05:59:21 -0500] "GET /BLA/resoluciones/AUTOS%202022/2888.pdf HTTP/1.1" 200 2222484
172.22.2.4 - - [01/Oct/2022:05:59:43 -0500] "HEAD /BLA/boletinlegal/ HTTP/1.1" 200 -
172.22.2.4 - - [01/Oct/2022:06:00:33 -0500] "GET /BLA/boletinlegal/ HTTP/1.1" 200 58163
66.249.66.85 - - [01/Oct/2022:06:02:21 -0500] "-" 408 -
172.22.2.4 - - [01/Oct/2022:06:02:30 -0500] "GET /BLA/boletinlegal/favicon.ico HTTP/1.1" 404 1018
172.22.2.4 - - [01/Oct/2022:06:02:14 -0500] "GET /BLA/boletinlegal/ HTTP/1.1" 200 20427
172.22.2.4 - - [01/Oct/2022:06:02:14 -0500] "GET /BLA/boletinlegal/ HTTP/1.1" 200 32715
216.245.221.92 - - [01/Oct/2022:06:03:04 -0500] "HEAD / HTTP/1.1" 200 -
87.250.224.167 - - [01/Oct/2022:06:03:30 -0500] "-" 408 -
201.245.192.253 - - [01/Oct/2022:06:03:49 -0500] "POST /kwsrmcab/Wsrmcab  HTTP/1.1" 200 43876
185.119.81.96 - - [01/Oct/2022:06:04:14 -0500] "GET /portaldeninos/wp-login.php HTTP/1.1" 200 2592
185.119.81.96 - - [01/Oct/2022:06:04:15 -0500] "POST /portaldeninos/wp-login.php HTTP/1.1" 200 3670
157.55.39.202 - - [01/Oct/2022:06:04:58 -0500] "GET /BLA/resoluciones/00001793.tif HTTP/1.1" 404 1018
35.208.187.63 - - [01/Oct/2022:06:06:19 -0500] "HEAD /BLA/resoluciones/RESOLUCIONES%202017/0520.pdf HTTP/1.1" 200 -
172.22.2.4 - - [01/Oct/2022:06:05:33 -0500] "HEAD /BLA/boletinlegal/ HTTP/1.1" 200 -
207.46.13.89 - - [01/Oct/2022:06:07:42 -0500] "GET /BLA/resoluciones/RESOLUCIONES%202001/2001%20600-649.TIF HTTP/1.1" 200 9885868
172.22.2.4 - - [01/Oct/2022:06:06:23 -0500] "GET /BLA/boletinlegal/ HTTP/1.1" 200 60281
216.245.221.92 - - [01/Oct/2022:06:08:04 -0500] "HEAD / HTTP/1.1" 200 -
66.249.66.85 - - [01/Oct/2022:06:08:17 -0500] "-" 408 -
201.245.192.253 - - [01/Oct/2022:06:08:47 -0500] "POST /kwsrmcab/Wsrmcab  HTTP/1.1" 200 43876
172.22.2.4 - - [01/Oct/2022:06:11:23 -0500] "HEAD /BLA/boletinlegal/ HTTP/1.1" 200 -
216.245.221.92 - - [01/Oct/2022:06:13:04 -0500] "HEAD / HTTP/1.1" 200 -
87.250.224.111 - - [01/Oct/2022:06:13:30 -0500] "-" 408 -
207.46.13.230 - - [01/Oct/2022:06:13:34 -0500] "-" 408 -
201.245.192.253 - - [01/Oct/2022:06:13:47 -0500] "POST /kwsrmcab/Wsrmcab  HTTP/1.1" 200 43876
172.22.2.4 - - [01/Oct/2022:06:12:13 -0500] "GET /BLA/boletinlegal/ HTTP/1.1" 200 59828
66.249.66.85 - - [01/Oct/2022:06:14:04 -0500] "-" 408 -
216.245.221.92 - - [01/Oct/2022:06:18:04 -0500] "HEAD / HTTP/1.1" 200 -
207.46.13.230 - - [01/Oct/2022:06:18:25 -0500] "-" 408 -
201.245.192.253 - - [01/Oct/2022:06:18:37 -0500] "POST /kwsrmcab/Wsrmcab HTTP/1.1" 200 44506
201.245.192.253 - - [01/Oct/2022:06:18:41 -0500] "POST /kwsrmcab/Wsrmcab HTTP/1.1" 200 44875
201.245.192.253 - - [01/Oct/2022:06:18:46 -0500] "POST /kwsrmcab/Wsrmcab  HTTP/1.1" 200 43876
172.22.2.4 - - [01/Oct/2022:06:17:13 -0500] "HEAD /BLA/boletinlegal/ HTTP/1.1" 200 -
157.55.39.202 - - [01/Oct/2022:06:18:59 -0500] "GET /BLA/resoluciones/RESOLUCIONES%202002/RES%202002%20301-350/00000342.tif HTTP/1.1" 200 198680
172.22.2.4 - - [01/Oct/2022:06:18:03 -0500] "GET /BLA/boletinlegal/ HTTP/1.1" 200 58575
66.249.66.85 - - [01/Oct/2022:06:20:08 -0500] "-" 408 -
216.245.221.92 - - [01/Oct/2022:06:23:04 -0500] "HEAD / HTTP/1.1" 200 -
87.250.224.79 - - [01/Oct/2022:06:23:30 -0500] "-" 408 -
201.245.192.253 - - [01/Oct/2022:06:23:45 -0500] "POST /kwsrmcab/Wsrmcab  HTTP/1.1" 200 43876
172.22.2.4 - - [01/Oct/2022:06:23:03 -0500] "HEAD /BLA/boletinlegal/ HTTP/1.1" 200 -
172.22.2.4 - - [01/Oct/2022:06:23:53 -0500] "GET /BLA/boletinlegal/ HTTP/1.1" 200 52877
66.249.66.85 - - [01/Oct/2022:06:26:15 -0500] "-" 408 -
216.245.221.92 - - [01/Oct/2022:06:28:03 -0500] "HEAD / HTTP/1.1" 200 -
201.245.192.253 - - [01/Oct/2022:06:28:37 -0500] "POST /kwsrmcab/Wsrmcab HTTP/1.1" 200 44506
201.245.192.253 - - [01/Oct/2022:06:28:41 -0500] "POST /kwsrmcab/Wsrmcab HTTP/1.1" 200 44875
201.245.192.253 - - [01/Oct/2022:06:28:44 -0500] "POST /kwsrmcab/Wsrmcab  HTTP/1.1" 200 43876
172.22.2.4 - - [01/Oct/2022:06:28:53 -0500] "HEAD /BLA/boletinlegal/ HTTP/1.1" 200 -
207.46.13.230 - - [01/Oct/2022:06:30:52 -0500] "-" 408 -
172.22.2.4 - - [01/Oct/2022:06:29:43 -0500] "GET /BLA/boletinlegal/ HTTP/1.1" 200 60281
66.249.66.85 - - [01/Oct/2022:06:32:12 -0500] "-" 408 -
216.245.221.92 - - [01/Oct/2022:06:33:04 -0500] "HEAD / HTTP/1.1" 200 -
157.55.39.154 - - [01/Oct/2022:06:33:16 -0500] "GET /alcaldia-de-bogota-y-gobernacion-de-cundinamarca-suscriben-convenio-para-implementar-pagos-por-servicios-ambientales-en-la-bogota-region.html HTTP/1.1" 200 1133
5.255.253.106 - - [01/Oct/2022:06:33:18 -0500] "-" 408 -
5.255.253.174 - - [01/Oct/2022:06:33:23 -0500] "-" 408 -
5.45.207.133 - - [01/Oct/2022:06:33:31 -0500] "-" 408 -
87.250.224.175 - - [01/Oct/2022:06:33:37 -0500] "-" 408 -
201.245.192.253 - - [01/Oct/2022:06:33:43 -0500] "POST /kwsrmcab/Wsrmcab  HTTP/1.1" 200 43876
87.250.224.4 - - [01/Oct/2022:06:33:52 -0500] "-" 408 -
213.180.203.85 - - [01/Oct/2022:06:34:07 -0500] "-" 408 -
87.250.224.37 - - [01/Oct/2022:06:34:37 -0500] "-" 408 -
5.255.253.166 - - [01/Oct/2022:06:35:37 -0500] "-" 408 -
172.22.2.4 - - [01/Oct/2022:06:34:43 -0500] "HEAD /BLA/boletinlegal/ HTTP/1.1" 200 -
213.180.203.3 - - [01/Oct/2022:06:36:37 -0500] "-" 408 -
172.22.2.4 - - [01/Oct/2022:06:35:33 -0500] "GET /BLA/boletinlegal/ HTTP/1.1" 200 59828
216.245.221.92 - - [01/Oct/2022:06:38:03 -0500] "HEAD / HTTP/1.1" 200 -
201.245.192.253 - - [01/Oct/2022:06:38:37 -0500] "POST /kwsrmcab/Wsrmcab HTTP/1.1" 200 44506
201.245.192.253 - - [01/Oct/2022:06:38:41 -0500] "POST /kwsrmcab/Wsrmcab HTTP/1.1" 200 44875
201.245.192.253 - - [01/Oct/2022:06:38:41 -0500] "POST /kwsrmcab/Wsrmcab  HTTP/1.1" 200 43876
87.250.224.144 - - [01/Oct/2022:06:38:46 -0500] "-" 408 -
66.249.66.85 - - [01/Oct/2022:06:41:01 -0500] "-" 408 -
87.250.224.114 - - [01/Oct/2022:06:41:46 -0500] "-" 408 -
172.22.2.4 - - [01/Oct/2022:06:40:33 -0500] "HEAD /BLA/boletinlegal/ HTTP/1.1" 200 -
185.119.81.101 - - [01/Oct/2022:06:42:17 -0500] "GET /portaldeninos/wp-login.php HTTP/1.1" 200 2592
185.119.81.101 - - [01/Oct/2022:06:42:18 -0500] "POST /portaldeninos/wp-login.php HTTP/1.1" 200 3605
172.22.2.4 - - [01/Oct/2022:06:41:23 -0500] "GET /BLA/boletinlegal/ HTTP/1.1" 200 54356
216.245.221.92 - - [01/Oct/2022:06:43:03 -0500] "HEAD / HTTP/1.1" 200 -
201.245.192.253 - - [01/Oct/2022:06:43:41 -0500] "POST /kwsrmcab/Wsrmcab  HTTP/1.1" 200 43876
87.250.224.117 - - [01/Oct/2022:06:47:16 -0500] "-" 408 -
172.22.2.4 - - [01/Oct/2022:06:46:23 -0500] "HEAD /BLA/boletinlegal/ HTTP/1.1" 200 -
216.245.221.92 - - [01/Oct/2022:06:48:03 -0500] "HEAD / HTTP/1.1" 200 -
201.245.192.253 - - [01/Oct/2022:06:48:40 -0500] "POST /kwsrmcab/Wsrmcab  HTTP/1.1" 200 43876
172.22.2.4 - - [01/Oct/2022:06:47:13 -0500] "GET /BLA/boletinlegal/ HTTP/1.1" 200 58163
66.249.66.85 - - [01/Oct/2022:06:49:03 -0500] "-" 408 -
185.119.81.102 - - [01/Oct/2022:06:49:30 -0500] "GET /portaldeninos/wp-login.php HTTP/1.1" 200 2592
185.119.81.102 - - [01/Oct/2022:06:49:31 -0500] "POST /portaldeninos/wp-login.php HTTP/1.1" 200 3605
185.119.81.101 - - [01/Oct/2022:06:50:08 -0500] "GET /portaldeninos/wp-login.php HTTP/1.1" 200 2592
185.119.81.101 - - [01/Oct/2022:06:50:09 -0500] "POST /portaldeninos/wp-login.php HTTP/1.1" 200 3650
207.46.13.89 - - [01/Oct/2022:06:51:06 -0500] "GET /BLA/resoluciones/RESOLUCIONES%202006/RES%202006%20351-400/00000385.tif HTTP/1.1" 200 37816
157.55.39.154 - - [01/Oct/2022:06:51:07 -0500] "GET / HTTP/1.1" 200 319
172.22.2.4 - - [01/Oct/2022:06:51:17 -0500] "GET /BLA/boletinlegal/jurisprudencia/analisis/AnalisisT-095-16.docx HTTP/1.1" 200 20284
216.245.221.92 - - [01/Oct/2022:06:53:03 -0500] "HEAD / HTTP/1.1" 200 -
201.245.192.253 - - [01/Oct/2022:06:53:38 -0500] "POST /kwsrmcab/Wsrmcab  HTTP/1.1" 200 43876
172.22.2.4 - - [01/Oct/2022:06:52:13 -0500] "HEAD /BLA/boletinlegal/ HTTP/1.1" 200 -
172.22.2.4 - - [01/Oct/2022:06:53:22 -0500] "GET /BLA/boletinlegal/ HTTP/1.1" 200 24523
172.22.2.4 - - [01/Oct/2022:06:53:03 -0500] "GET /BLA/boletinlegal/ HTTP/1.1" 200 52877
216.245.221.92 - - [01/Oct/2022:06:58:03 -0500] "HEAD / HTTP/1.1" 200 -
201.245.192.253 - - [01/Oct/2022:06:58:37 -0500] "POST /kwsrmcab/Wsrmcab  HTTP/1.1" 200 43876
172.22.2.4 - - [01/Oct/2022:06:58:03 -0500] "HEAD /BLA/boletinlegal/ HTTP/1.1" 200 -
207.46.13.84 - - [01/Oct/2022:07:00:32 -0500] "GET /BLA/resoluciones/RESOLUCIONES%202001/2001%20650-699.TIF HTTP/1.1" 200 7869162
172.22.2.4 - - [01/Oct/2022:06:58:53 -0500] "GET /BLA/boletinlegal/ HTTP/1.1" 200 51993
172.22.2.4 - - [01/Oct/2022:06:59:07 -0500] "GET /BLA/boletinlegal/ HTTP/1.1" 200 53290
185.119.81.102 - - [01/Oct/2022:07:01:33 -0500] "GET /portaldeninos/wp-login.php HTTP/1.1" 200 2592
185.119.81.102 - - [01/Oct/2022:07:01:34 -0500] "POST /portaldeninos/wp-login.php HTTP/1.1" 200 3650
207.46.13.40 - - [01/Oct/2022:07:01:44 -0500] "GET /BLA/resoluciones/2002RES140.tif HTTP/1.1" 404 1018
66.249.66.85 - - [01/Oct/2022:07:02:24 -0500] "-" 408 -
216.245.221.92 - - [01/Oct/2022:07:03:03 -0500] "HEAD / HTTP/1.1" 200 -
201.245.192.253 - - [01/Oct/2022:07:03:37 -0500] "POST /kwsrmcab/Wsrmcab  HTTP/1.1" 200 43876
172.22.2.4 - - [01/Oct/2022:07:03:53 -0500] "HEAD /BLA/boletinlegal/ HTTP/1.1" 200 -
172.22.2.4 - - [01/Oct/2022:07:04:43 -0500] "GET /BLA/boletinlegal/ HTTP/1.1" 200 53290
172.22.2.4 - - [01/Oct/2022:07:06:37 -0500] "GET /BLA/boletinlegal/robots.txt HTTP/1.1" 404 1118
216.245.221.92 - - [01/Oct/2022:07:08:03 -0500] "HEAD / HTTP/1.1" 200 -
172.22.2.4 - - [01/Oct/2022:07:06:41 -0500] "GET /BLA/boletinlegal/ HTTP/1.1" 200 57291
201.245.192.253 - - [01/Oct/2022:07:08:36 -0500] "POST /kwsrmcab/Wsrmcab  HTTP/1.1" 200 43876
172.22.2.4 - - [01/Oct/2022:07:09:42 -0500] "HEAD /BLA/boletinlegal/ HTTP/1.1" 200 -
172.22.2.4 - - [01/Oct/2022:07:10:33 -0500] "GET /BLA/boletinlegal/ HTTP/1.1" 200 52877
216.245.221.92 - - [01/Oct/2022:07:13:03 -0500] "HEAD / HTTP/1.1" 200 -
164.92.134.140 - - [01/Oct/2022:07:13:37 -0500] "GET / HTTP/1.1" 200 319
164.92.134.140 - - [01/Oct/2022:07:13:38 -0500] "\x16\x03\x01" 400 226
201.245.192.253 - - [01/Oct/2022:07:13:35 -0500] "POST /kwsrmcab/Wsrmcab  HTTP/1.1" 200 43876
157.55.39.202 - - [01/Oct/2022:07:14:15 -0500] "GET /BLA/resoluciones/RESOLUCIONES%202002/RES%202002%20101-150/2002RES149.tif HTTP/1.1" 200 138612
185.119.81.109 - - [01/Oct/2022:07:15:32 -0500] "GET /portaldeninos/wp-login.php HTTP/1.1" 200 2592
185.119.81.109 - - [01/Oct/2022:07:15:33 -0500] "POST /portaldeninos/wp-login.php HTTP/1.1" 200 3605
172.22.2.4 - - [01/Oct/2022:07:15:33 -0500] "HEAD /BLA/boletinlegal/ HTTP/1.1" 200 -
172.22.2.4 - - [01/Oct/2022:07:16:23 -0500] "GET /BLA/boletinlegal/ HTTP/1.1" 200 52493
216.245.221.92 - - [01/Oct/2022:07:18:03 -0500] "HEAD / HTTP/1.1" 200 -
201.245.192.253 - - [01/Oct/2022:07:18:34 -0500] "POST /kwsrmcab/Wsrmcab  HTTP/1.1" 200 43876
201.245.192.253 - - [01/Oct/2022:07:18:37 -0500] "POST /kwsrmcab/Wsrmcab HTTP/1.1" 200 44373
201.245.192.253 - - [01/Oct/2022:07:18:40 -0500] "POST /kwsrmcab/Wsrmcab HTTP/1.1" 200 45024
111.3.39.233 - - [01/Oct/2022:07:18:44 -0500] "GET http://190.27.245.106:80/phpMyAdmin-2.10.3/scripts/setup.php HTTP/1.0" 403 1165
111.3.39.233 - - [01/Oct/2022:07:18:44 -0500] "GET http://190.27.245.106:80/phpMyAdmin-2.11.4/scripts/setup.php HTTP/1.0" 403 1165
111.3.39.233 - - [01/Oct/2022:07:18:45 -0500] "GET http://190.27.245.106:80/phpMyAdmin-2.10.0.2/scripts/setup.php HTTP/1.0" 403 1165
111.3.39.233 - - [01/Oct/2022:07:18:45 -0500] "GET http://190.27.245.106:80/mysqladmin/scripts/setup.php HTTP/1.0" 404 1018
111.3.39.233 - - [01/Oct/2022:07:18:45 -0500] "GET http://190.27.245.106:80/phpMyAdmin-2.11.1.2/scripts/setup.php HTTP/1.0" 403 1165
111.3.39.233 - - [01/Oct/2022:07:18:45 -0500] "GET http://190.27.245.106:80/phpMyAdmin-2.10.2/scripts/setup.php HTTP/1.0" 403 1165
111.3.39.233 - - [01/Oct/2022:07:18:45 -0500] "GET http://190.27.245.106:80/db/scripts/setup.php HTTP/1.0" 404 1018
111.3.39.233 - - [01/Oct/2022:07:18:45 -0500] "GET http://190.27.245.106:80/mysql/scripts/setup.php HTTP/1.0" 404 1018
111.3.39.233 - - [01/Oct/2022:07:18:45 -0500] "GET http://190.27.245.106:80/phpMyAdmin-2.8.0.2/scripts/setup.php HTTP/1.0" 403 1165
111.3.39.233 - - [01/Oct/2022:07:18:45 -0500] "GET http://190.27.245.106:80/phpMyAdmin-2.11.3/scripts/setup.php HTTP/1.0" 403 1165
111.3.39.233 - - [01/Oct/2022:07:18:45 -0500] "GET http://190.27.245.106:80/pma/scripts/setup.php HTTP/1.0" 404 1018
111.3.39.233 - - [01/Oct/2022:07:18:45 -0500] "GET http://190.27.245.106:80/phpMyAdmin/scripts/setup.php HTTP/1.0" 403 1165
111.3.39.233 - - [01/Oct/2022:07:18:45 -0500] "GET http://190.27.245.106:80/phpMyAdmin-2/scripts/setup.php HTTP/1.0" 403 1165
111.3.39.233 - - [01/Oct/2022:07:18:45 -0500] "GET http://190.27.245.106:80/phpMyAdmin-2.11.9.2/scripts/setup.php HTTP/1.0" 403 1165
111.3.39.233 - - [01/Oct/2022:07:18:45 -0500] "GET http://190.27.245.106:80/phpMyAdmin2/scripts/setup.php HTTP/1.0" 403 1165
111.3.39.233 - - [01/Oct/2022:07:18:45 -0500] "GET http://190.27.245.106:80/phpMyAdmin-2.11.7/scripts/setup.php HTTP/1.0" 403 1165
111.3.39.233 - - [01/Oct/2022:07:18:45 -0500] "GET http://190.27.245.106:80/phpMyAdmin-2.11.0/scripts/setup.php HTTP/1.0" 403 1165
111.3.39.233 - - [01/Oct/2022:07:18:45 -0500] "GET http://190.27.245.106:80/myadmin/scripts/setup.php HTTP/1.0" 404 1018
157.55.39.202 - - [01/Oct/2022:07:19:25 -0500] "GET /BLA/resoluciones/00000337.tif HTTP/1.1" 404 1018
172.22.2.4 - - [01/Oct/2022:07:20:36 -0500] "GET /BLA/boletinlegal/favicon.ico HTTP/1.1" 404 1326
65.49.20.125 - - [01/Oct/2022:07:21:06 -0500] "GET /favicon.ico HTTP/1.1" 200 7782
69.63.184.116 - - [01/Oct/2022:07:21:06 -0500] "GET /mas-de-60-personas-privadas-de-la-libertad-se-certificaron-como-dinamizadores-ambientales.html HTTP/1.1" 206 951
172.22.2.4 - - [01/Oct/2022:07:21:22 -0500] "HEAD /BLA/boletinlegal/ HTTP/1.1" 200 -
216.245.221.92 - - [01/Oct/2022:07:23:03 -0500] "HEAD / HTTP/1.1" 200 -
201.245.192.253 - - [01/Oct/2022:07:23:32 -0500] "POST /kwsrmcab/Wsrmcab  HTTP/1.1" 200 43876
172.22.2.4 - - [01/Oct/2022:07:22:13 -0500] "GET /BLA/boletinlegal/ HTTP/1.1" 200 58163
207.46.13.84 - - [01/Oct/2022:07:25:44 -0500] "GET /BLA/resoluciones/RESOLUCIONES%202001/2001%201550-1607.tif HTTP/1.1" 200 3610490
34.91.61.32 - - [01/Oct/2022:07:25:50 -0500] "GET / HTTP/1.1" 200 319
34.91.61.32 - - [01/Oct/2022:07:25:51 -0500] "GET / HTTP/1.1" 200 4720
207.46.13.40 - - [01/Oct/2022:07:26:05 -0500] "GET /BLA/resoluciones/00000342.tif HTTP/1.1" 404 1018
216.245.221.92 - - [01/Oct/2022:07:28:03 -0500] "HEAD / HTTP/1.1" 200 -
201.245.192.253 - - [01/Oct/2022:07:28:32 -0500] "POST /kwsrmcab/Wsrmcab  HTTP/1.1" 200 43876
172.22.2.4 - - [01/Oct/2022:07:28:38 -0500] "GET /BLA/boletinlegal/apple-touch-icon-precomposed.png HTTP/1.1" 404 1140
172.22.2.4 - - [01/Oct/2022:07:28:38 -0500] "GET /BLA/boletinlegal/apple-touch-icon.png HTTP/1.1" 404 1140
172.22.2.4 - - [01/Oct/2022:07:28:38 -0500] "GET /BLA/boletinlegal/favicon.ico HTTP/1.1" 404 1140
201.245.192.253 - - [01/Oct/2022:07:28:37 -0500] "POST /kwsrmcab/Wsrmcab HTTP/1.1" 200 44373
201.245.192.253 - - [01/Oct/2022:07:28:41 -0500] "POST /kwsrmcab/Wsrmcab HTTP/1.1" 200 45024
172.22.2.4 - - [01/Oct/2022:07:27:12 -0500] "HEAD /BLA/boletinlegal/ HTTP/1.1" 200 -
157.55.39.202 - - [01/Oct/2022:07:29:18 -0500] "GET /BLA/resoluciones/2002RES130.tif HTTP/1.1" 404 1018
157.55.39.202 - - [01/Oct/2022:07:29:19 -0500] "GET /BLA/resoluciones/index.php?dir=AUTOS+2022%2F HTTP/1.1" 200 269023
172.22.2.4 - - [01/Oct/2022:07:28:08 -0500] "GET /BLA/boletinlegal/ HTTP/1.1" 200 45003
172.22.2.4 - - [01/Oct/2022:07:28:03 -0500] "GET /BLA/boletinlegal/ HTTP/1.1" 200 55220
74.125.212.143 - - [01/Oct/2022:07:31:18 -0500] "GET /BLA/boletinlegal/js/jquery.scrollShow.js HTTP/1.1" 200 4586
74.125.212.145 - - [01/Oct/2022:07:31:18 -0500] "GET /galeria/galeria/jquery.fancybox.css?v=2.1.5 HTTP/1.1" 200 4895
74.125.212.143 - - [01/Oct/2022:07:31:18 -0500] "GET /galeria/galeria/jquery.fancybox.js?v=2.1.5 HTTP/1.1" 200 48706
74.125.212.141 - - [01/Oct/2022:07:31:19 -0500] "GET /galeria/carrusel/Carrusel/jquery.thumbnailScroller.css HTTP/1.1" 200 2066
74.125.212.141 - - [01/Oct/2022:07:31:19 -0500] "GET /galeria/carrusel/Carrusel/jquery-ui-1.8.13.custom.min.js HTTP/1.1" 200 10800
74.125.212.145 - - [01/Oct/2022:07:31:19 -0500] "GET /galeria/carrusel/Carrusel/jquery.thumbnailScroller.js HTTP/1.1" 200 8157
74.125.212.141 - - [01/Oct/2022:07:31:19 -0500] "GET /galeria/nivo-slider/demo/banner.html HTTP/1.1" 200 5446
74.125.212.141 - - [01/Oct/2022:07:31:19 -0500] "GET /galeria/nivo-slider/themes/pascal/pascal.css HTTP/1.1" 200 2258
74.125.212.143 - - [01/Oct/2022:07:31:19 -0500] "GET /galeria/nivo-slider/themes/orman/orman.css HTTP/1.1" 200 2152
74.125.212.141 - - [01/Oct/2022:07:31:19 -0500] "GET /galeria/nivo-slider/demo/images/bannercapacitacionesbogota.jpg HTTP/1.1" 200 42416
74.125.212.145 - - [01/Oct/2022:07:31:19 -0500] "GET /galeria/nivo-slider/themes/default/default.css HTTP/1.1" 200 1569
74.125.212.145 - - [01/Oct/2022:07:31:20 -0500] "GET /galeria/nivo-slider/demo/images/Bannermujeresquereverdecen.jpg HTTP/1.1" 200 46558
74.125.212.143 - - [01/Oct/2022:07:31:20 -0500] "GET /galeria/nivo-slider/demo/images/banneraccionpopularcrr68.jpg HTTP/1.1" 200 51887
74.125.212.141 - - [01/Oct/2022:07:31:20 -0500] "GET /galeria/nivo-slider/demo/images/bannerrutaesperanza.jpg HTTP/1.1" 200 55560
74.125.212.145 - - [01/Oct/2022:07:31:20 -0500] "GET /galeria/nivo-slider/demo/images/Bannerenvases.jpg HTTP/1.1" 200 37316
74.125.212.141 - - [01/Oct/2022:07:31:20 -0500] "GET /galeria/nivo-slider/demo/images/bannertortuga_optimized.jpg HTTP/1.1" 200 39066
74.125.212.145 - - [01/Oct/2022:07:31:20 -0500] "GET /galeria/nivo-slider/nivo-slider.css HTTP/1.1" 200 1507
74.125.212.143 - - [01/Oct/2022:07:31:20 -0500] "GET /galeria/nivo-slider/demo/images/bannerresiduoshospitalariosagosto.jpg HTTP/1.1" 200 36499
74.125.212.145 - - [01/Oct/2022:07:31:20 -0500] "GET /galeria/nivo-slider/demo/scripts/jquery-1.7.1.min.js HTTP/1.1" 200 93868
74.125.212.143 - - [01/Oct/2022:07:31:20 -0500] "GET /galeria/nivo-slider/demo/images/bannertrafico_optimized.jpg HTTP/1.1" 200 42578
74.125.212.145 - - [01/Oct/2022:07:31:20 -0500] "GET /galeria/nivo-slider/demo/style.css HTTP/1.1" 200 2222
74.125.212.145 - - [01/Oct/2022:07:31:20 -0500] "GET /galeria/nivo-slider/demo/images/Bannerplasticosseptiembre.jpg HTTP/1.1" 200 45633
74.125.212.145 - - [01/Oct/2022:07:31:21 -0500] "GET /galeria/nivo-slider/demo/images/Bannersedeelectronica.jpg HTTP/1.1" 200 40383
74.125.212.145 - - [01/Oct/2022:07:31:21 -0500] "GET /galeria/nivo-slider/demo/images/banneraccionpopular.jpeg HTTP/1.1" 200 41707
74.125.212.143 - - [01/Oct/2022:07:31:21 -0500] "GET /galeria/nivo-slider/demo/images/bannerclases2021.jpg HTTP/1.1" 200 68230
74.125.212.145 - - [01/Oct/2022:07:31:21 -0500] "GET /galeria/nivo-slider/demo/images/Bannervirtualescanales.jpg HTTP/1.1" 200 174544
74.125.212.143 - - [01/Oct/2022:07:31:21 -0500] "GET /galeria/nivo-slider/jquery.nivo.slider.pack.js HTTP/1.1" 200 11561
74.125.212.143 - - [01/Oct/2022:07:31:21 -0500] "GET /galeria/nivo-slider/demo/images/banneraire2021.jpg HTTP/1.1" 200 265101
74.125.212.143 - - [01/Oct/2022:07:31:21 -0500] "GET /galeria/nivo-slider/themes/default/loading.gif HTTP/1.1" 200 1737
74.125.212.143 - - [01/Oct/2022:07:31:21 -0500] "GET /galeria/nivo-slider/demo/images/4Simple_Slider.png HTTP/1.1" 200 11722
74.125.212.145 - - [01/Oct/2022:07:31:21 -0500] "GET /galeria/nivo-slider/themes/default/arrows.png HTTP/1.1" 200 824
74.125.212.141 - - [01/Oct/2022:07:31:22 -0500] "GET /galeria/nivo-slider/themes/default/bullets.png HTTP/1.1" 200 1281
66.102.8.79 - - [01/Oct/2022:07:31:23 -0500] "GET /BLA/boletinlegal/js/jquery.scrollShow.js HTTP/1.1" 200 4586
66.102.8.77 - - [01/Oct/2022:07:31:23 -0500] "GET /galeria/galeria/jquery.fancybox.js?v=2.1.5 HTTP/1.1" 200 48706
66.102.8.79 - - [01/Oct/2022:07:31:23 -0500] "GET /galeria/galeria/jquery.fancybox.css?v=2.1.5 HTTP/1.1" 200 4895
66.102.8.81 - - [01/Oct/2022:07:31:24 -0500] "GET /galeria/carrusel/Carrusel/jquery.thumbnailScroller.css HTTP/1.1" 200 2066
66.102.8.79 - - [01/Oct/2022:07:31:24 -0500] "GET /galeria/carrusel/Carrusel/jquery-ui-1.8.13.custom.min.js HTTP/1.1" 200 10800
66.102.8.79 - - [01/Oct/2022:07:31:24 -0500] "GET /galeria/carrusel/Carrusel/jquery.thumbnailScroller.js HTTP/1.1" 200 8157
66.102.8.81 - - [01/Oct/2022:07:31:24 -0500] "GET /galeria/nivo-slider/demo/banner.html HTTP/1.1" 200 5446
66.102.8.81 - - [01/Oct/2022:07:31:26 -0500] "GET /galeria/nivo-slider/themes/default/default.css HTTP/1.1" 200 1569
66.102.8.81 - - [01/Oct/2022:07:31:26 -0500] "GET /galeria/nivo-slider/themes/pascal/pascal.css HTTP/1.1" 200 2258
66.102.8.77 - - [01/Oct/2022:07:31:26 -0500] "GET /galeria/nivo-slider/themes/orman/orman.css HTTP/1.1" 200 2152
66.102.8.79 - - [01/Oct/2022:07:31:26 -0500] "GET /galeria/nivo-slider/demo/images/bannertortuga_optimized.jpg HTTP/1.1" 200 39066
66.102.8.77 - - [01/Oct/2022:07:31:26 -0500] "GET /galeria/nivo-slider/nivo-slider.css HTTP/1.1" 200 1507
66.102.8.79 - - [01/Oct/2022:07:31:26 -0500] "GET /galeria/nivo-slider/demo/images/bannertrafico_optimized.jpg HTTP/1.1" 200 42578
66.102.8.77 - - [01/Oct/2022:07:31:26 -0500] "GET /galeria/nivo-slider/demo/images/Bannermujeresquereverdecen.jpg HTTP/1.1" 200 46558
66.102.8.81 - - [01/Oct/2022:07:31:26 -0500] "GET /galeria/nivo-slider/demo/style.css HTTP/1.1" 200 2222
66.102.8.77 - - [01/Oct/2022:07:31:26 -0500] "GET /galeria/nivo-slider/demo/scripts/jquery-1.7.1.min.js HTTP/1.1" 200 93868
66.102.8.81 - - [01/Oct/2022:07:31:26 -0500] "GET /galeria/nivo-slider/demo/images/Bannersedeelectronica.jpg HTTP/1.1" 200 40383
66.102.8.81 - - [01/Oct/2022:07:31:26 -0500] "GET /galeria/nivo-slider/jquery.nivo.slider.pack.js HTTP/1.1" 200 11561
66.102.8.81 - - [01/Oct/2022:07:31:26 -0500] "GET /galeria/nivo-slider/demo/images/bannerrutaesperanza.jpg HTTP/1.1" 200 55560
66.102.8.77 - - [01/Oct/2022:07:31:26 -0500] "GET /galeria/nivo-slider/demo/images/banneraire2021.jpg HTTP/1.1" 200 265101
66.102.8.79 - - [01/Oct/2022:07:31:26 -0500] "GET /galeria/nivo-slider/demo/images/banneraccionpopularcrr68.jpg HTTP/1.1" 200 51887
66.102.8.79 - - [01/Oct/2022:07:31:26 -0500] "GET /galeria/nivo-slider/demo/images/banneraccionpopular.jpeg HTTP/1.1" 200 41707
66.102.8.77 - - [01/Oct/2022:07:31:26 -0500] "GET /galeria/nivo-slider/demo/images/bannerresiduoshospitalariosagosto.jpg HTTP/1.1" 200 36499
66.102.8.81 - - [01/Oct/2022:07:31:26 -0500] "GET /galeria/nivo-slider/demo/images/bannerclases2021.jpg HTTP/1.1" 200 68230
66.102.8.81 - - [01/Oct/2022:07:31:26 -0500] "GET /galeria/nivo-slider/demo/images/bannercapacitacionesbogota.jpg HTTP/1.1" 200 42416
66.102.8.79 - - [01/Oct/2022:07:31:26 -0500] "GET /galeria/nivo-slider/demo/images/Bannerplasticosseptiembre.jpg HTTP/1.1" 200 45633
66.102.8.79 - - [01/Oct/2022:07:31:26 -0500] "GET /galeria/nivo-slider/demo/images/Bannervirtualescanales.jpg HTTP/1.1" 200 174544
66.102.8.77 - - [01/Oct/2022:07:31:26 -0500] "GET /galeria/nivo-slider/demo/images/Bannerenvases.jpg HTTP/1.1" 200 37316
66.102.8.79 - - [01/Oct/2022:07:31:26 -0500] "GET /galeria/nivo-slider/themes/default/loading.gif HTTP/1.1" 200 1737
66.102.8.81 - - [01/Oct/2022:07:31:27 -0500] "GET /galeria/nivo-slider/demo/images/4Simple_Slider.png HTTP/1.1" 200 11722
66.102.8.79 - - [01/Oct/2022:07:31:28 -0500] "GET /galeria/nivo-slider/themes/default/arrows.png HTTP/1.1" 200 824
66.102.8.77 - - [01/Oct/2022:07:31:28 -0500] "GET /galeria/nivo-slider/themes/default/bullets.png HTTP/1.1" 200 1281
216.245.221.92 - - [01/Oct/2022:07:33:03 -0500] "HEAD / HTTP/1.1" 200 -
201.245.192.253 - - [01/Oct/2022:07:33:30 -0500] "POST /kwsrmcab/Wsrmcab  HTTP/1.1" 200 43876
172.22.2.4 - - [01/Oct/2022:07:33:02 -0500] "HEAD /BLA/boletinlegal/ HTTP/1.1" 200 -
172.22.2.4 - - [01/Oct/2022:07:33:53 -0500] "GET /BLA/boletinlegal/ HTTP/1.1" 200 58575
198.235.24.173 - - [01/Oct/2022:07:35:35 -0500] "GET / HTTP/1.1" 200 4720
172.22.2.4 - - [01/Oct/2022:07:37:29 -0500] "GET /BLA/boletinlegal/style.css HTTP/1.1" 200 9406
172.22.2.4 - - [01/Oct/2022:07:37:29 -0500] "GET /BLA/boletinlegal/styles2.css HTTP/1.1" 200 1838
172.22.2.4 - - [01/Oct/2022:07:37:29 -0500] "GET /BLA/boletinlegal/js/jquery.js HTTP/1.1" 200 57254
172.22.2.4 - - [01/Oct/2022:07:37:29 -0500] "GET /BLA/boletinlegal/js/jquery.scrollTo-min.js HTTP/1.1" 200 1150
172.22.2.4 - - [01/Oct/2022:07:37:29 -0500] "GET /BLA/boletinlegal/js/jquery.scrollShow.js HTTP/1.1" 200 4586
