157.55.39.25 - - [01/Oct/2022:21:24:29 -0500] "GET /BLA/resoluciones/RESOLUCIONES%202005/00001085.tif HTTP/1.1" 200 37864
207.46.13.84 - - [01/Oct/2022:21:24:43 -0500] "GET /BLA/resoluciones/AUTOS%202016/1888.pdf HTTP/1.1" 200 379715
173.252.79.11 - - [01/Oct/2022:21:25:37 -0500] "GET /images/pieza-mujeres-reverdecen-4-abril.jpg HTTP/1.1" 200 48916
172.22.2.4 - - [01/Oct/2022:21:25:17 -0500] "HEAD /BLA/boletinlegal/ HTTP/1.1" 200 -
207.46.13.84 - - [01/Oct/2022:21:27:03 -0500] "GET /BLA/resoluciones/RESOLUCIONES%202002/RES%202002%20851-900/00000883.tif HTTP/1.1" 200 125260
201.245.192.253 - - [01/Oct/2022:21:27:41 -0500] "POST /kwsrmcab/Wsrmcab  HTTP/1.1" 503 1020
199.59.150.182 - - [01/Oct/2022:21:27:46 -0500] "GET /images/feria-veh%C3%ADculos-sostenibles_optimized.jpeg HTTP/1.1" 404 1034
216.245.221.92 - - [01/Oct/2022:21:28:00 -0500] "HEAD / HTTP/1.1" 200 -
172.22.2.4 - - [01/Oct/2022:21:27:11 -0500] "HEAD /BLA/boletinlegal/ HTTP/1.1" 200 -
191.92.187.220 - - [01/Oct/2022:21:29:09 -0500] "GET /portaldeninos/parque-mirador-de-los-nevados/ HTTP/1.1" 200 89855
191.92.187.220 - - [01/Oct/2022:21:29:10 -0500] "GET /portaldeninos/wp-includes/js/wp-emoji-release.min.js?ver=4.9.8 HTTP/1.1" 200 12026
191.92.187.220 - - [01/Oct/2022:21:29:10 -0500] "GET /portaldeninos/wp-content/uploads/useanyfont/uaf.css?ver=1589905315 HTTP/1.1" 200 408
191.92.187.220 - - [01/Oct/2022:21:29:10 -0500] "GET /portaldeninos/wp-content/themes/betheme/style.css?ver=20.9.6 HTTP/1.1" 200 287
191.92.187.220 - - [01/Oct/2022:21:29:10 -0500] "GET /portaldeninos/wp-content/plugins/gallery-videos/CSS/Total-Soft-Gallery-Video-Widget.css?ver=4.9.8 HTTP/1.1" 200 51554
191.92.187.220 - - [01/Oct/2022:21:29:10 -0500] "GET /portaldeninos/wp-content/plugins/gallery-videos/CSS/totalsoft.css?ver=4.9.8 HTTP/1.1" 200 40622
191.92.187.220 - - [01/Oct/2022:21:29:10 -0500] "GET /portaldeninos/wp-content/themes/betheme/assets/animations/animations.min.css?ver=20.9.6 HTTP/1.1" 200 58508
191.92.187.220 - - [01/Oct/2022:21:29:10 -0500] "GET /portaldeninos/wp-content/themes/betheme/assets/ui/jquery.ui.all.css?ver=20.9.6 HTTP/1.1" 200 18765
191.92.187.220 - - [01/Oct/2022:21:29:10 -0500] "GET /portaldeninos/wp-content/themes/betheme/css/layout.css?ver=20.9.6 HTTP/1.1" 200 116639
191.92.187.220 - - [01/Oct/2022:21:29:10 -0500] "GET /portaldeninos/wp-content/themes/betheme/css/shortcodes.css?ver=20.9.6 HTTP/1.1" 200 138889
191.92.187.220 - - [01/Oct/2022:21:29:10 -0500] "GET /portaldeninos/wp-content/themes/betheme/css/base.css?ver=20.9.6 HTTP/1.1" 200 57283
191.92.187.220 - - [01/Oct/2022:21:29:10 -0500] "GET /portaldeninos/wp-content/themes/betheme/assets/jplayer/css/jplayer.blue.monday.css?ver=20.9.6 HTTP/1.1" 200 9834
191.92.187.220 - - [01/Oct/2022:21:29:10 -0500] "GET /portaldeninos/wp-content/plugins/google-analytics-for-wordpress/assets/js/frontend-gtag.min.js?ver=8.5.0 HTTP/1.1" 200 11801
191.92.187.220 - - [01/Oct/2022:21:29:10 -0500] "GET /portaldeninos/wp-includes/js/jquery/jquery-migrate.min.js?ver=1.4.1 HTTP/1.1" 200 10056
191.92.187.220 - - [01/Oct/2022:21:29:10 -0500] "GET /portaldeninos/wp-includes/js/jquery/ui/core.min.js?ver=1.11.4 HTTP/1.1" 200 4000
191.92.187.220 - - [01/Oct/2022:21:29:10 -0500] "GET /portaldeninos/wp-content/themes/betheme/css/responsive.css?ver=20.9.6 HTTP/1.1" 200 55740
191.92.187.220 - - [01/Oct/2022:21:29:10 -0500] "GET /portaldeninos/wp-content/plugins/gallery-videos/JS/modernizr.custom.js?ver=4.9.8 HTTP/1.1" 200 9019
191.92.187.220 - - [01/Oct/2022:21:29:10 -0500] "GET /portaldeninos/wp-includes/js/jquery/jquery.js?ver=1.12.4 HTTP/1.1" 200 97184
191.92.187.220 - - [01/Oct/2022:21:29:10 -0500] "GET /portaldeninos/wp-content/plugins/gallery-videos/JS/Total-Soft-Gallery-Video-Widget.js?ver=4.9.8 HTTP/1.1" 200 80264
191.92.187.220 - - [01/Oct/2022:21:29:10 -0500] "GET /portaldeninos/wp-includes/js/jquery/ui/widget.min.js?ver=1.11.4 HTTP/1.1" 200 6908
191.92.187.220 - - [01/Oct/2022:21:29:10 -0500] "GET /portaldeninos/wp-includes/js/jquery/ui/mouse.min.js?ver=1.11.4 HTTP/1.1" 200 3148
191.92.187.220 - - [01/Oct/2022:21:29:10 -0500] "GET /portaldeninos/wp-includes/js/jquery/ui/accordion.min.js?ver=1.11.4 HTTP/1.1" 200 8584
191.92.187.220 - - [01/Oct/2022:21:29:10 -0500] "GET /portaldeninos/wp-content/themes/betheme/js/menu.js?ver=20.9.6 HTTP/1.1" 200 2449
191.92.187.220 - - [01/Oct/2022:21:29:10 -0500] "GET /portaldeninos/wp-includes/js/jquery/ui/tabs.min.js?ver=1.11.4 HTTP/1.1" 200 12110
191.92.187.220 - - [01/Oct/2022:21:29:10 -0500] "GET /portaldeninos/wp-includes/js/jquery/ui/sortable.min.js?ver=1.11.4 HTTP/1.1" 200 24899
191.92.187.220 - - [01/Oct/2022:21:29:10 -0500] "GET /portaldeninos/wp-content/themes/betheme/assets/animations/animations.min.js?ver=20.9.6 HTTP/1.1" 200 1896
191.92.187.220 - - [01/Oct/2022:21:29:10 -0500] "GET /portaldeninos/wp-includes/js/wp-embed.min.js?ver=4.9.8 HTTP/1.1" 200 1398
191.92.187.220 - - [01/Oct/2022:21:29:10 -0500] "GET /portaldeninos/wp-content/themes/betheme/assets/jplayer/jplayer.min.js?ver=20.9.6 HTTP/1.1" 200 52702
191.92.187.220 - - [01/Oct/2022:21:29:10 -0500] "GET /portaldeninos/wp-content/themes/betheme/js/scripts.js?ver=20.9.6 HTTP/1.1" 200 77162
191.92.187.220 - - [01/Oct/2022:21:29:10 -0500] "GET /portaldeninos/wp-content/uploads/2019/08/Logo-Ambientic.png HTTP/1.1" 200 22941
191.92.187.220 - - [01/Oct/2022:21:29:10 -0500] "GET /portaldeninos/wp-content/themes/betheme/js/plugins.js?ver=20.9.6 HTTP/1.1" 200 197151
191.92.187.220 - - [01/Oct/2022:21:29:10 -0500] "GET /portaldeninos/wp-content/themes/betheme/images/box_shadow.png HTTP/1.1" 200 108
191.92.187.220 - - [01/Oct/2022:21:29:10 -0500] "GET /portaldeninos/wp-content/uploads/2021/07/Banners-pa%CC%81gina-de-nin%CC%83os5.jpg HTTP/1.1" 200 33413
191.92.187.220 - - [01/Oct/2022:21:29:10 -0500] "GET /portaldeninos/wp-content/uploads/2021/07/imagenes-con-marcos-pa%CC%81gina-de-nin%CC%83os-parque-los-nevados.jpg HTTP/1.1" 200 48675
191.92.187.220 - - [01/Oct/2022:21:29:10 -0500] "GET /portaldeninos/wp-content/themes/betheme/fonts/mfn-icons.woff?93978679 HTTP/1.1" 200 80932
191.92.187.220 - - [01/Oct/2022:21:29:10 -0500] "GET /portaldeninos/wp-content/uploads/2021/07/Recorrido-Aula-Mirador-de-los-Nevados.mp4 HTTP/1.1" 206 5997883
172.22.2.4 - - [01/Oct/2022:21:29:32 -0500] "GET /BLA/boletinlegal/conceptos.php/js/ajax_conceptos.js HTTP/1.1" 200 7443
172.22.2.4 - - [01/Oct/2022:21:28:02 -0500] "GET /BLA/boletinlegal/ HTTP/1.1" 200 53290
172.22.2.4 - - [01/Oct/2022:21:30:05 -0500] "GET /BLA/boletinlegal/style.css HTTP/1.1" 200 9406
172.22.2.4 - - [01/Oct/2022:21:30:05 -0500] "GET /BLA/boletinlegal/styles2.css HTTP/1.1" 200 1838
172.22.2.4 - - [01/Oct/2022:21:30:05 -0500] "GET /BLA/boletinlegal/js/jquery.js HTTP/1.1" 200 57254
172.22.2.4 - - [01/Oct/2022:21:30:05 -0500] "GET /BLA/boletinlegal/js/jquery.scrollShow.js HTTP/1.1" 200 4586
172.22.2.4 - - [01/Oct/2022:21:30:05 -0500] "GET /BLA/boletinlegal/js/jquery.scrollTo-min.js HTTP/1.1" 200 1150
172.22.2.4 - - [01/Oct/2022:21:30:05 -0500] "GET /BLA/boletinlegal/images/cabezote%20BLEGAL.jpg HTTP/1.1" 200 118164
172.22.2.4 - - [01/Oct/2022:21:30:05 -0500] "GET /BLA/boletinlegal/images/subscribe-icon-big.png HTTP/1.1" 200 47702
172.22.2.4 - - [01/Oct/2022:21:30:05 -0500] "GET /BLA/boletinlegal/images/historia.png HTTP/1.1" 200 52775
172.22.2.4 - - [01/Oct/2022:21:30:05 -0500] "GET /BLA/boletinlegal/images/registro-usuarios.png HTTP/1.1" 200 8106
172.22.2.4 - - [01/Oct/2022:21:30:05 -0500] "GET /BLA/boletinlegal/images/arr_l.jpg HTTP/1.1" 200 1979
172.22.2.4 - - [01/Oct/2022:21:30:05 -0500] "GET /BLA/boletinlegal/images/screen_1.png HTTP/1.1" 200 202547
172.22.2.4 - - [01/Oct/2022:21:30:05 -0500] "GET /BLA/boletinlegal/images/launch.jpg HTTP/1.1" 200 14577
172.22.2.4 - - [01/Oct/2022:21:30:05 -0500] "GET /BLA/boletinlegal/images/body_bg.jpg HTTP/1.1" 200 1601
172.22.2.4 - - [01/Oct/2022:21:30:05 -0500] "GET /BLA/boletinlegal/images/bg_top.jpg HTTP/1.1" 200 522
172.22.2.4 - - [01/Oct/2022:21:30:05 -0500] "GET /BLA/boletinlegal/images/menu_rght.gif HTTP/1.1" 200 1627
172.22.2.4 - - [01/Oct/2022:21:30:05 -0500] "GET /BLA/boletinlegal/images/menu_bg.jpg HTTP/1.1" 200 620
172.22.2.4 - - [01/Oct/2022:21:30:05 -0500] "GET /BLA/boletinlegal/images/text.jpg HTTP/1.1" 200 568
172.22.2.4 - - [01/Oct/2022:21:30:05 -0500] "GET /BLA/boletinlegal/images/menu_lft.gif HTTP/1.1" 200 1713
172.22.2.4 - - [01/Oct/2022:21:30:05 -0500] "GET /BLA/boletinlegal/images/hover.jpg HTTP/1.1" 200 640
172.22.2.4 - - [01/Oct/2022:21:30:13 -0500] "GET /BLA/boletinlegal/actos.php HTTP/1.1" 200 9559
172.22.2.4 - - [01/Oct/2022:21:30:14 -0500] "GET /BLA/boletinlegal/js/ajax_actos.js HTTP/1.1" 200 1322
172.22.2.4 - - [01/Oct/2022:21:30:14 -0500] "GET /BLA/boletinlegal/niceforms.js HTTP/1.1" 200 22876
172.22.2.4 - - [01/Oct/2022:21:30:14 -0500] "GET /BLA/boletinlegal/js/lib.js HTTP/1.1" 200 6474
172.22.2.4 - - [01/Oct/2022:21:30:14 -0500] "GET /BLA/boletinlegal/js/popup.js HTTP/1.1" 200 1270
172.22.2.4 - - [01/Oct/2022:21:30:14 -0500] "GET /BLA/boletinlegal/js/jquery1.js HTTP/1.1" 200 29846
172.22.2.4 - - [01/Oct/2022:21:30:14 -0500] "GET /BLA/boletinlegal/images/green-yellow-blue-pink-th.png HTTP/1.1" 200 7394
172.22.2.4 - - [01/Oct/2022:21:30:14 -0500] "GET /BLA/boletinlegal/images/abajo.png HTTP/1.1" 200 96676
172.22.2.4 - - [01/Oct/2022:21:30:14 -0500] "GET /BLA/boletinlegal/images/tel.png HTTP/1.1" 200 14477
172.22.2.4 - - [01/Oct/2022:21:30:14 -0500] "GET /BLA/boletinlegal/images/icono-email.png HTTP/1.1" 200 5544
172.22.2.4 - - [01/Oct/2022:21:30:14 -0500] "GET /BLA/boletinlegal/images/footer_bg.jpg HTTP/1.1" 200 586
172.22.2.4 - - [01/Oct/2022:21:30:14 -0500] "GET /BLA/boletinlegal/images/footer_bg_l.jpg HTTP/1.1" 200 776
172.22.2.4 - - [01/Oct/2022:21:30:14 -0500] "GET /BLA/boletinlegal/img/select-left.png HTTP/1.1" 200 263
172.22.2.4 - - [01/Oct/2022:21:30:14 -0500] "GET /BLA/boletinlegal/img/0.png HTTP/1.1" 200 110
172.22.2.4 - - [01/Oct/2022:21:30:14 -0500] "GET /BLA/boletinlegal/img/button-left.png HTTP/1.1" 200 57071
172.22.2.4 - - [01/Oct/2022:21:30:14 -0500] "GET /BLA/boletinlegal/img/button.png HTTP/1.1" 200 43241
172.22.2.4 - - [01/Oct/2022:21:30:14 -0500] "GET /BLA/boletinlegal/img/select-right.png HTTP/1.1" 200 44019
172.22.2.4 - - [01/Oct/2022:21:30:14 -0500] "GET /BLA/boletinlegal/img/button-right.png HTTP/1.1" 200 57878
172.22.2.4 - - [01/Oct/2022:21:30:14 -0500] "GET /BLA/boletinlegal/favicon.ico HTTP/1.1" 404 1326
172.22.2.4 - - [01/Oct/2022:21:30:31 -0500] "GET /BLA/boletinlegal/consulta_actos.php?tipo=resoluciones&no=0001&usuario=&sector=&fecha=2019&resuelve= HTTP/1.1" 200 626
172.22.2.4 - - [01/Oct/2022:21:30:44 -0500] "GET /BLA/boletinlegal/consulta_actos.php?tipo=resoluciones&no=0001&usuario=&sector=&fecha=2019&resuelve= HTTP/1.1" 200 626
172.22.2.4 - - [01/Oct/2022:21:30:05 -0500] "GET /BLA/boletinlegal/index.php HTTP/1.1" 200 24523
172.22.2.4 - - [01/Oct/2022:21:30:11 -0500] "GET /BLA/boletinlegal/index.php HTTP/1.1" 200 24523
201.245.192.253 - - [01/Oct/2022:21:31:46 -0500] "GET /kwsrmcab/Wsrmcab?wsdl HTTP/1.1" 503 1020
201.245.192.253 - - [01/Oct/2022:21:31:48 -0500] "GET /kwsrmcab/Wsrmcab?wsdl HTTP/1.1" 503 1020
201.245.192.253 - - [01/Oct/2022:21:32:39 -0500] "POST /kwsrmcab/Wsrmcab  HTTP/1.1" 503 1020
181.53.13.162 - - [01/Oct/2022:21:32:44 -0500] "-" 408 -
216.245.221.92 - - [01/Oct/2022:21:33:00 -0500] "HEAD / HTTP/1.1" 200 -
199.16.157.181 - - [01/Oct/2022:21:34:34 -0500] "GET /images/feria-veh%C3%ADculos-sostenibles_optimized.jpeg HTTP/1.1" 404 1034
172.22.2.4 - - [01/Oct/2022:21:33:01 -0500] "HEAD /BLA/boletinlegal/ HTTP/1.1" 200 -
172.22.2.4 - - [01/Oct/2022:21:33:52 -0500] "GET /BLA/boletinlegal/ HTTP/1.1" 200 53640
217.182.175.162 - - [01/Oct/2022:21:36:02 -0500] "HEAD /transportadores-de-carga-conocieron-las-opciones-para-contaminar-menos-y-enrutarse-en-la-sostenibilidad.html HTTP/1.1" 200 -
51.15.164.30 - - [01/Oct/2022:21:36:02 -0500] "HEAD /transportadores-de-carga-conocieron-las-opciones-para-contaminar-menos-y-enrutarse-en-la-sostenibilidad.html HTTP/1.1" 200 -
172.22.2.4 - - [01/Oct/2022:21:34:38 -0500] "GET /BLA/boletinlegal/ HTTP/1.1" 200 56732
201.245.192.253 - - [01/Oct/2022:21:37:38 -0500] "POST /kwsrmcab/Wsrmcab  HTTP/1.1" 503 1020
157.55.39.159 - - [01/Oct/2022:21:37:55 -0500] "GET /portaldeninos/wp-content/uploads/2020/11/Tibanica-B-50x28.jpg HTTP/1.1" 200 1329
216.245.221.92 - - [01/Oct/2022:21:38:00 -0500] "HEAD / HTTP/1.1" 200 -
172.22.2.4 - - [01/Oct/2022:21:38:30 -0500] "GET /BLA/boletinlegal/Circulares/2019/.pdf HTTP/1.1" 404 1218
172.22.2.4 - - [01/Oct/2022:21:38:39 -0500] "GET /BLA/boletinlegal/Circulares/2012/Circular%20No.%2010%20del%2026%20de%20Enero%20de%202012.pdf HTTP/1.1" 404 1218
172.22.2.4 - - [01/Oct/2022:21:38:51 -0500] "HEAD /BLA/boletinlegal/ HTTP/1.1" 200 -
172.22.2.4 - - [01/Oct/2022:21:39:42 -0500] "GET /BLA/boletinlegal/ HTTP/1.1" 200 54356
201.245.192.253 - - [01/Oct/2022:21:41:47 -0500] "GET /kwsrmcab/Wsrmcab?wsdl HTTP/1.1" 503 1020
201.245.192.253 - - [01/Oct/2022:21:41:48 -0500] "GET /kwsrmcab/Wsrmcab?wsdl HTTP/1.1" 503 1020
201.245.192.253 - - [01/Oct/2022:21:42:38 -0500] "POST /kwsrmcab/Wsrmcab  HTTP/1.1" 503 1020
216.245.221.92 - - [01/Oct/2022:21:43:00 -0500] "HEAD / HTTP/1.1" 200 -
172.22.2.4 - - [01/Oct/2022:21:44:41 -0500] "HEAD /BLA/boletinlegal/ HTTP/1.1" 200 -
172.22.2.4 - - [01/Oct/2022:21:46:02 -0500] "GET /BLA/boletinlegal/ HTTP/1.1" 200 32715
172.22.2.4 - - [01/Oct/2022:21:45:32 -0500] "GET /BLA/boletinlegal/ HTTP/1.1" 200 48352
201.245.192.253 - - [01/Oct/2022:21:47:36 -0500] "POST /kwsrmcab/Wsrmcab  HTTP/1.1" 503 1020
216.245.221.92 - - [01/Oct/2022:21:48:00 -0500] "HEAD / HTTP/1.1" 200 -
207.46.13.89 - - [01/Oct/2022:21:48:29 -0500] "GET /BLA/resoluciones/RESOLUCIONES%202001/2001%201350-1399.tif HTTP/1.1" 200 3333955
192.241.209.108 - - [01/Oct/2022:21:49:45 -0500] "MGLNDD_190.27.245.106_80" 501 953
173.252.83.119 - - [01/Oct/2022:21:51:37 -0500] "GET /images/jardines-verticales-4-marzo.jpg HTTP/1.1" 200 54804
172.22.2.4 - - [01/Oct/2022:21:50:31 -0500] "HEAD /BLA/boletinlegal/ HTTP/1.1" 200 -
172.22.2.4 - - [01/Oct/2022:21:52:15 -0500] "GET /BLA/boletinlegal/jurisprudencia/analisis/ANALISIST-257-96.docx HTTP/1.1" 304 -
201.245.192.253 - - [01/Oct/2022:21:52:35 -0500] "POST /kwsrmcab/Wsrmcab  HTTP/1.1" 503 1020
216.245.221.92 - - [01/Oct/2022:21:53:00 -0500] "HEAD / HTTP/1.1" 200 -
172.22.2.4 - - [01/Oct/2022:21:51:22 -0500] "GET /BLA/boletinlegal/ HTTP/1.1" 200 59828
186.31.119.137 - - [01/Oct/2022:21:54:11 -0500] "-" 408 -
185.119.81.109 - - [01/Oct/2022:21:54:54 -0500] "GET /portaldeninos/wp-login.php HTTP/1.1" 200 2592
185.119.81.109 - - [01/Oct/2022:21:54:55 -0500] "POST /portaldeninos/wp-login.php HTTP/1.1" 200 3605
5.255.253.106 - - [01/Oct/2022:21:55:29 -0500] "-" 408 -
5.255.253.174 - - [01/Oct/2022:21:55:34 -0500] "-" 408 -
5.45.207.133 - - [01/Oct/2022:21:55:39 -0500] "-" 408 -
87.250.224.175 - - [01/Oct/2022:21:55:44 -0500] "-" 408 -
207.46.13.40 - - [01/Oct/2022:21:55:47 -0500] "GET /BLA/resoluciones/RESOLUCIONES%202002/RES%202002%20851-900/00000868.tif HTTP/1.1" 200 85672
87.250.224.4 - - [01/Oct/2022:21:55:59 -0500] "-" 408 -
213.180.203.85 - - [01/Oct/2022:21:56:14 -0500] "-" 408 -
172.22.2.4 - - [01/Oct/2022:21:56:17 -0500] "GET /BLA/boletinlegal/owa/auth/logon.aspx?url=https%3a%2f%2f1%2fecp%2f HTTP/1.1" 404 1018
157.55.39.202 - - [01/Oct/2022:21:56:26 -0500] "GET /BLA/resoluciones/00000881.tif HTTP/1.1" 404 1018
87.250.224.37 - - [01/Oct/2022:21:56:44 -0500] "-" 408 -
201.245.192.253 - - [01/Oct/2022:21:57:34 -0500] "POST /kwsrmcab/Wsrmcab  HTTP/1.1" 503 1020
5.255.253.166 - - [01/Oct/2022:21:57:44 -0500] "-" 408 -
216.245.221.92 - - [01/Oct/2022:21:58:00 -0500] "HEAD / HTTP/1.1" 200 -
172.22.2.4 - - [01/Oct/2022:21:56:21 -0500] "HEAD /BLA/boletinlegal/ HTTP/1.1" 200 -
213.180.203.3 - - [01/Oct/2022:21:58:44 -0500] "-" 408 -
172.22.2.4 - - [01/Oct/2022:21:57:12 -0500] "GET /BLA/boletinlegal/ HTTP/1.1" 200 54003
69.63.184.116 - - [01/Oct/2022:21:59:58 -0500] "GET /esta-es-la-estrategia-que-plantea-el-pot-para-garantizar-la-conectividad-ecosistemica.html HTTP/1.1" 206 1032
207.46.13.190 - - [01/Oct/2022:22:00:06 -0500] "GET /BLA/resoluciones/00000335.tif HTTP/1.1" 404 1018
87.250.224.144 - - [01/Oct/2022:22:00:44 -0500] "-" 408 -
201.245.192.253 - - [01/Oct/2022:22:02:32 -0500] "POST /kwsrmcab/Wsrmcab  HTTP/1.1" 503 1020
216.245.221.92 - - [01/Oct/2022:22:03:00 -0500] "HEAD / HTTP/1.1" 200 -
87.250.224.114 - - [01/Oct/2022:22:03:44 -0500] "-" 408 -
172.22.2.4 - - [01/Oct/2022:22:02:11 -0500] "HEAD /BLA/boletinlegal/ HTTP/1.1" 200 -
192.109.145.231 - - [01/Oct/2022:22:04:16 -0500] "GET /galeria/nivo-slider/demo/images/Otorgamiento-excelencia-ambiental-Jos%C3%A9-Celestino-Mutis-2.jpg HTTP/1.1" 304 -
199.59.150.180 - - [01/Oct/2022:22:04:29 -0500] "GET /images/feria-veh%C3%ADculos-sostenibles_optimized.jpeg HTTP/1.1" 404 1034
172.22.2.4 - - [01/Oct/2022:22:03:02 -0500] "GET /BLA/boletinlegal/ HTTP/1.1" 200 57725
172.22.2.4 - - [01/Oct/2022:22:06:28 -0500] "GET /BLA/boletinlegal/admin/ HTTP/1.1" 200 2324
201.245.192.253 - - [01/Oct/2022:22:07:30 -0500] "POST /kwsrmcab/Wsrmcab  HTTP/1.1" 503 1020
216.245.221.92 - - [01/Oct/2022:22:08:00 -0500] "HEAD / HTTP/1.1" 200 -
199.16.157.181 - - [01/Oct/2022:22:08:50 -0500] "GET /images/feria-veh%C3%ADculos-sostenibles_optimized.jpeg HTTP/1.1" 404 1034
172.22.2.4 - - [01/Oct/2022:22:08:01 -0500] "HEAD /BLA/boletinlegal/ HTTP/1.1" 200 -
207.46.13.40 - - [01/Oct/2022:22:10:18 -0500] "GET /BLA/resoluciones/RESOLUCIONES%202005/2356.tif HTTP/1.1" 200 34040
172.22.2.4 - - [01/Oct/2022:22:08:52 -0500] "GET /BLA/boletinlegal/ HTTP/1.1" 200 58163
66.249.73.100 - - [01/Oct/2022:22:12:08 -0500] "-" 408 -
207.46.13.213 - - [01/Oct/2022:22:12:12 -0500] "GET / HTTP/1.1" 200 4720
201.245.192.253 - - [01/Oct/2022:22:12:29 -0500] "POST /kwsrmcab/Wsrmcab  HTTP/1.1" 503 1020
216.245.221.92 - - [01/Oct/2022:22:13:00 -0500] "HEAD / HTTP/1.1" 200 -
172.22.2.4 - - [01/Oct/2022:22:13:51 -0500] "HEAD /BLA/boletinlegal/ HTTP/1.1" 200 -
172.22.2.4 - - [01/Oct/2022:22:14:41 -0500] "GET /BLA/boletinlegal/ HTTP/1.1" 200 58955
201.245.192.253 - - [01/Oct/2022:22:17:28 -0500] "POST /kwsrmcab/Wsrmcab  HTTP/1.1" 503 1020
216.245.221.92 - - [01/Oct/2022:22:18:00 -0500] "HEAD / HTTP/1.1" 200 -
207.46.13.89 - - [01/Oct/2022:22:18:52 -0500] "GET /BLA/resoluciones/RESOLUCIONES%202001/2001%2050-99.TIF HTTP/1.1" 200 12053712
172.22.2.4 - - [01/Oct/2022:22:19:41 -0500] "HEAD /BLA/boletinlegal/ HTTP/1.1" 200 -
201.245.192.253 - - [01/Oct/2022:22:21:46 -0500] "GET /kwsrmcab/Wsrmcab?wsdl HTTP/1.1" 503 1020
201.245.192.253 - - [01/Oct/2022:22:21:47 -0500] "GET /kwsrmcab/Wsrmcab?wsdl HTTP/1.1" 503 1020
172.22.2.4 - - [01/Oct/2022:22:20:31 -0500] "GET /BLA/boletinlegal/ HTTP/1.1" 200 58955
201.245.192.253 - - [01/Oct/2022:22:22:26 -0500] "POST /kwsrmcab/Wsrmcab  HTTP/1.1" 503 1020
216.245.221.92 - - [01/Oct/2022:22:23:00 -0500] "HEAD / HTTP/1.1" 200 -
128.1.248.26 - - [01/Oct/2022:22:24:15 -0500] "GET /admin/ HTTP/1.1" 404 1018
66.249.73.127 - - [01/Oct/2022:22:25:39 -0500] "-" 408 -
185.119.81.109 - - [01/Oct/2022:22:27:07 -0500] "GET /portaldeninos/wp-login.php HTTP/1.1" 200 2592
157.55.39.172 - - [01/Oct/2022:22:27:09 -0500] "GET /BLA/boletinlegal/Directivas/2013/Directiva%20No.%203%20del%2016%20de%20julio%20de%202013.pdf HTTP/1.1" 304 -
185.119.81.109 - - [01/Oct/2022:22:27:08 -0500] "POST /portaldeninos/wp-login.php HTTP/1.1" 200 3605
172.22.2.4 - - [01/Oct/2022:22:25:31 -0500] "HEAD /BLA/boletinlegal/ HTTP/1.1" 200 -
87.236.176.224 - - [01/Oct/2022:22:27:24 -0500] "GET /portaldeninos/ HTTP/1.1" 200 110197
201.245.192.253 - - [01/Oct/2022:22:27:26 -0500] "POST /kwsrmcab/Wsrmcab  HTTP/1.1" 503 1020
216.245.221.92 - - [01/Oct/2022:22:28:00 -0500] "HEAD / HTTP/1.1" 200 -
172.22.2.4 - - [01/Oct/2022:22:26:21 -0500] "GET /BLA/boletinlegal/ HTTP/1.1" 200 59828
201.245.192.253 - - [01/Oct/2022:22:31:47 -0500] "GET /kwsrmcab/Wsrmcab?wsdl HTTP/1.1" 503 1020
201.245.192.253 - - [01/Oct/2022:22:31:48 -0500] "GET /kwsrmcab/Wsrmcab?wsdl HTTP/1.1" 503 1020
201.245.192.253 - - [01/Oct/2022:22:32:25 -0500] "POST /kwsrmcab/Wsrmcab  HTTP/1.1" 503 1020
207.46.13.40 - - [01/Oct/2022:22:32:59 -0500] "GET /BLA/resoluciones/AUTOS%202022/2147.pdf HTTP/1.1" 200 3143401
216.245.221.92 - - [01/Oct/2022:22:33:00 -0500] "HEAD / HTTP/1.1" 200 -
172.22.2.4 - - [01/Oct/2022:22:31:21 -0500] "HEAD /BLA/boletinlegal/ HTTP/1.1" 200 -
172.22.2.4 - - [01/Oct/2022:22:32:11 -0500] "GET /BLA/boletinlegal/ HTTP/1.1" 200 59828
186.84.149.95 - - [01/Oct/2022:22:34:29 -0500] "GET /sipse/faces/index.xhtml HTTP/1.1" 200 677
186.84.149.95 - - [01/Oct/2022:22:34:34 -0500] "GET /sipse/faces/javax.faces.resource/theme.css?ln=primefaces-sipse HTTP/1.1" 304 -
186.84.149.95 - - [01/Oct/2022:22:34:35 -0500] "GET /sipse/faces/javax.faces.resource/theme.css?ln=primefaces-sipse HTTP/1.1" 304 -
186.84.149.95 - - [01/Oct/2022:22:34:35 -0500] "GET /sipse/faces/javax.faces.resource/primefaces.css?ln=primefaces&v=4.0 HTTP/1.1" 304 -
186.84.149.95 - - [01/Oct/2022:22:34:46 -0500] "GET /sipse/faces/javax.faces.resource/primefaces.js?ln=primefaces&v=4.0 HTTP/1.1" 304 -
186.84.149.95 - - [01/Oct/2022:22:34:46 -0500] "GET /sipse/faces/javax.faces.resource/jquery/jquery-plugins.js?ln=primefaces&v=4.0 HTTP/1.1" 304 -
186.84.149.95 - - [01/Oct/2022:22:34:46 -0500] "GET /sipse/faces/javax.faces.resource/layout/layout.js?ln=primefaces&v=4.0 HTTP/1.1" 304 -
186.84.149.95 - - [01/Oct/2022:22:34:35 -0500] "GET /sipse/faces/faces/autenticacion.xhtml HTTP/1.1" 200 12180
186.84.149.95 - - [01/Oct/2022:22:34:46 -0500] "GET /sipse/faces/javax.faces.resource/images/ui-icons_898989_256x240.png?ln=primefaces-aristo HTTP/1.1" 304 -
186.84.149.95 - - [01/Oct/2022:22:35:00 -0500] "GET /sipse/faces/javax.faces.resource/theme.css?ln=primefaces-sipse HTTP/1.1" 304 -
186.84.149.95 - - [01/Oct/2022:22:35:00 -0500] "GET /sipse/faces/javax.faces.resource/primefaces.css?ln=primefaces&v=4.0 HTTP/1.1" 304 -
186.84.149.95 - - [01/Oct/2022:22:34:59 -0500] "POST /sipse/faces/autenticacion.xhtml HTTP/1.1" 200 12816
186.84.149.95 - - [01/Oct/2022:22:35:01 -0500] "GET /sipse/faces/javax.faces.resource/layout/layout.css?ln=primefaces&v=4.0 HTTP/1.1" 304 -
186.84.149.95 - - [01/Oct/2022:22:35:01 -0500] "GET /sipse/faces/javax.faces.resource/jquery/jquery.js?ln=primefaces&v=4.0 HTTP/1.1" 304 -
186.84.149.95 - - [01/Oct/2022:22:35:01 -0500] "GET /sipse/faces/javax.faces.resource/primefaces.js?ln=primefaces&v=4.0 HTTP/1.1" 304 -
186.84.149.95 - - [01/Oct/2022:22:35:01 -0500] "GET /sipse/faces/javax.faces.resource/layout/layout.js?ln=primefaces&v=4.0 HTTP/1.1" 304 -
186.84.149.95 - - [01/Oct/2022:22:35:01 -0500] "GET /sipse/faces/javax.faces.resource/jquery/jquery-plugins.js?ln=primefaces&v=4.0 HTTP/1.1" 304 -
186.84.149.95 - - [01/Oct/2022:22:35:02 -0500] "GET /sipse/faces/javax.faces.resource/images/ui-icons_898989_256x240.png?ln=primefaces-aristo HTTP/1.1" 304 -
186.84.149.95 - - [01/Oct/2022:22:35:02 -0500] "GET /sipse/faces/javax.faces.resource/messages/messages.png?ln=primefaces&v=4.0 HTTP/1.1" 304 -
186.84.149.95 - - [01/Oct/2022:22:35:16 -0500] "POST /sipse/faces/autenticacion.xhtml HTTP/1.1" 200 2225
186.84.149.95 - - [01/Oct/2022:22:35:19 -0500] "POST /sipse/faces/autenticacion.xhtml HTTP/1.1" 200 16258
186.84.149.95 - - [01/Oct/2022:22:35:26 -0500] "GET /sipse/faces/javax.faces.resource/theme.css?ln=primefaces-sipse HTTP/1.1" 304 -
186.84.149.95 - - [01/Oct/2022:22:35:26 -0500] "GET /sipse/faces/javax.faces.resource/primefaces.css?ln=primefaces&v=4.0 HTTP/1.1" 304 -
186.84.149.95 - - [01/Oct/2022:22:35:26 -0500] "GET /sipse/faces/javax.faces.resource/jquery/jquery.js?ln=primefaces&v=4.0 HTTP/1.1" 304 -
186.84.149.95 - - [01/Oct/2022:22:35:26 -0500] "GET /sipse/faces/javax.faces.resource/layout/layout.css?ln=primefaces&v=4.0 HTTP/1.1" 304 -
186.84.149.95 - - [01/Oct/2022:22:35:26 -0500] "GET /sipse/faces/javax.faces.resource/jquery/jquery-plugins.js?ln=primefaces&v=4.0 HTTP/1.1" 304 -
186.84.149.95 - - [01/Oct/2022:22:35:26 -0500] "GET /sipse/faces/javax.faces.resource/primefaces.js?ln=primefaces&v=4.0 HTTP/1.1" 304 -
186.84.149.95 - - [01/Oct/2022:22:35:27 -0500] "GET /sipse/faces/javax.faces.resource/layout/layout.js?ln=primefaces&v=4.0 HTTP/1.1" 304 -
186.84.149.95 - - [01/Oct/2022:22:35:27 -0500] "POST /sipse/faces/bienvenido.xhtml HTTP/1.1" 200 732
186.84.149.95 - - [01/Oct/2022:22:35:27 -0500] "GET /sipse/css/imagen/contrasena.png HTTP/1.1" 404 383
186.84.149.95 - - [01/Oct/2022:22:35:35 -0500] "GET /sipse/faces/javax.faces.resource/images/ui-bg_flat_0_2d5972_40x100.png?ln=primefaces-aristo HTTP/1.1" 304 -
186.84.149.95 - - [01/Oct/2022:22:35:35 -0500] "POST /sipse/faces/bienvenido.xhtml HTTP/1.1" 200 2658
186.84.149.95 - - [01/Oct/2022:22:35:37 -0500] "POST /sipse/faces/bienvenido.xhtml HTTP/1.1" 200 184
186.84.149.95 - - [01/Oct/2022:22:35:37 -0500] "GET /sipse/faces/javax.faces.resource/primefaces.css?ln=primefaces&v=4.0 HTTP/1.1" 304 -
186.84.149.95 - - [01/Oct/2022:22:35:37 -0500] "GET /sipse/faces/javax.faces.resource/theme.css?ln=primefaces-sipse HTTP/1.1" 304 -
186.84.149.95 - - [01/Oct/2022:22:35:37 -0500] "GET /sipse/faces/javax.faces.resource/layout/layout.css?ln=primefaces&v=4.0 HTTP/1.1" 304 -
186.84.149.95 - - [01/Oct/2022:22:35:37 -0500] "GET /sipse/faces/presentacion/financiero/solicitudAnulacion/solicitudAnulacion.xhtml HTTP/1.1" 200 41033
186.84.149.95 - - [01/Oct/2022:22:35:37 -0500] "GET /sipse/faces/javax.faces.resource/jquery/jquery.js?ln=primefaces&v=4.0 HTTP/1.1" 304 -
186.84.149.95 - - [01/Oct/2022:22:35:37 -0500] "GET /sipse/faces/javax.faces.resource/jquery/jquery-plugins.js?ln=primefaces&v=4.0 HTTP/1.1" 304 -
186.84.149.95 - - [01/Oct/2022:22:35:37 -0500] "GET /sipse/faces/javax.faces.resource/primefaces.js?ln=primefaces&v=4.0 HTTP/1.1" 304 -
186.84.149.95 - - [01/Oct/2022:22:35:37 -0500] "GET /sipse/faces/javax.faces.resource/layout/layout.js?ln=primefaces&v=4.0 HTTP/1.1" 304 -
186.84.149.95 - - [01/Oct/2022:22:35:38 -0500] "POST /sipse/faces/presentacion/financiero/solicitudAnulacion/solicitudAnulacion.xhtml HTTP/1.1" 200 19360
186.84.149.95 - - [01/Oct/2022:22:35:44 -0500] "POST /sipse/faces/presentacion/financiero/solicitudAnulacion/solicitudAnulacion.xhtml HTTP/1.1" 200 167482
186.84.149.95 - - [01/Oct/2022:22:35:45 -0500] "GET /sipse/faces/javax.faces.resource/theme.css?ln=primefaces-sipse HTTP/1.1" 304 -
186.84.149.95 - - [01/Oct/2022:22:35:45 -0500] "GET /sipse/faces/javax.faces.resource/primefaces.css?ln=primefaces&v=4.0 HTTP/1.1" 304 -
186.84.149.95 - - [01/Oct/2022:22:35:45 -0500] "GET /sipse/faces/javax.faces.resource/fileupload/fileupload.css?ln=primefaces&v=4.0 HTTP/1.1" 304 -
186.84.149.95 - - [01/Oct/2022:22:35:45 -0500] "GET /sipse/faces/javax.faces.resource/layout/layout.css?ln=primefaces&v=4.0 HTTP/1.1" 304 -
186.84.149.95 - - [01/Oct/2022:22:35:45 -0500] "GET /sipse/faces/javax.faces.resource/jquery/jquery.js?ln=primefaces&v=4.0 HTTP/1.1" 304 -
186.84.149.95 - - [01/Oct/2022:22:35:45 -0500] "GET /sipse/faces/javax.faces.resource/jquery/jquery-plugins.js?ln=primefaces&v=4.0 HTTP/1.1" 304 -
186.84.149.95 - - [01/Oct/2022:22:35:45 -0500] "GET /sipse/faces/javax.faces.resource/primefaces.js?ln=primefaces&v=4.0 HTTP/1.1" 304 -
186.84.149.95 - - [01/Oct/2022:22:35:45 -0500] "GET /sipse/faces/javax.faces.resource/layout/layout.js?ln=primefaces&v=4.0 HTTP/1.1" 304 -
186.84.149.95 - - [01/Oct/2022:22:35:45 -0500] "GET /sipse/faces/javax.faces.resource/fileupload/fileupload.js?ln=primefaces&v=4.0 HTTP/1.1" 304 -
186.84.149.95 - - [01/Oct/2022:22:35:52 -0500] "POST /sipse/faces/presentacion/financiero/solicitudAnulacion/registrarSolicitudAnulacion.xhtml HTTP/1.1" 200 28963
186.84.149.95 - - [01/Oct/2022:22:35:53 -0500] "GET /sipse/faces/javax.faces.resource/theme.css?ln=primefaces-sipse HTTP/1.1" 304 -
186.84.149.95 - - [01/Oct/2022:22:35:53 -0500] "GET /sipse/faces/javax.faces.resource/primefaces.css?ln=primefaces&v=4.0 HTTP/1.1" 304 -
186.84.149.95 - - [01/Oct/2022:22:35:53 -0500] "GET /sipse/faces/javax.faces.resource/layout/layout.css?ln=primefaces&v=4.0 HTTP/1.1" 304 -
186.84.149.95 - - [01/Oct/2022:22:35:53 -0500] "GET /sipse/faces/javax.faces.resource/jquery/jquery.js?ln=primefaces&v=4.0 HTTP/1.1" 304 -
186.84.149.95 - - [01/Oct/2022:22:35:53 -0500] "GET /sipse/faces/javax.faces.resource/jquery/jquery-plugins.js?ln=primefaces&v=4.0 HTTP/1.1" 304 -
186.84.149.95 - - [01/Oct/2022:22:35:53 -0500] "GET /sipse/faces/javax.faces.resource/primefaces.js?ln=primefaces&v=4.0 HTTP/1.1" 304 -
186.84.149.95 - - [01/Oct/2022:22:35:53 -0500] "GET /sipse/faces/javax.faces.resource/layout/layout.js?ln=primefaces&v=4.0 HTTP/1.1" 304 -
186.84.149.95 - - [01/Oct/2022:22:36:05 -0500] "GET /sipse/faces/javax.faces.resource/theme.css?ln=primefaces-sipse HTTP/1.1" 304 -
186.84.149.95 - - [01/Oct/2022:22:36:05 -0500] "GET /sipse/faces/javax.faces.resource/primefaces.css?ln=primefaces&v=4.0 HTTP/1.1" 304 -
186.84.149.95 - - [01/Oct/2022:22:36:05 -0500] "GET /sipse/faces/javax.faces.resource/layout/layout.css?ln=primefaces&v=4.0 HTTP/1.1" 304 -
186.84.149.95 - - [01/Oct/2022:22:36:05 -0500] "GET /sipse/faces/javax.faces.resource/jquery/jquery.js?ln=primefaces&v=4.0 HTTP/1.1" 304 -
186.84.149.95 - - [01/Oct/2022:22:36:05 -0500] "GET /sipse/faces/javax.faces.resource/fileupload/fileupload.css?ln=primefaces&v=4.0 HTTP/1.1" 304 -
186.84.149.95 - - [01/Oct/2022:22:36:05 -0500] "GET /sipse/faces/javax.faces.resource/jquery/jquery-plugins.js?ln=primefaces&v=4.0 HTTP/1.1" 304 -
186.84.149.95 - - [01/Oct/2022:22:36:05 -0500] "GET /sipse/faces/javax.faces.resource/primefaces.js?ln=primefaces&v=4.0 HTTP/1.1" 304 -
186.84.149.95 - - [01/Oct/2022:22:36:05 -0500] "GET /sipse/faces/javax.faces.resource/fileupload/fileupload.js?ln=primefaces&v=4.0 HTTP/1.1" 304 -
186.84.149.95 - - [01/Oct/2022:22:36:05 -0500] "GET /sipse/faces/javax.faces.resource/layout/layout.js?ln=primefaces&v=4.0 HTTP/1.1" 304 -
186.84.149.95 - - [01/Oct/2022:22:36:05 -0500] "POST /sipse/faces/presentacion/financiero/solicitudProceso/consultarHistorialSolProceso.xhtml HTTP/1.1" 200 173966
186.84.149.95 - - [01/Oct/2022:22:36:10 -0500] "POST /sipse/faces/presentacion/financiero/solicitudAnulacion/registrarSolicitudAnulacion.xhtml HTTP/1.1" 200 38013
186.84.149.95 - - [01/Oct/2022:22:36:10 -0500] "GET /sipse/faces/javax.faces.resource/layout/layout.css?ln=primefaces&v=4.0 HTTP/1.1" 304 -
186.84.149.95 - - [01/Oct/2022:22:36:10 -0500] "GET /sipse/faces/javax.faces.resource/theme.css?ln=primefaces-sipse HTTP/1.1" 304 -
186.84.149.95 - - [01/Oct/2022:22:36:10 -0500] "GET /sipse/faces/javax.faces.resource/primefaces.css?ln=primefaces&v=4.0 HTTP/1.1" 304 -
186.84.149.95 - - [01/Oct/2022:22:36:10 -0500] "GET /sipse/faces/javax.faces.resource/jquery/jquery.js?ln=primefaces&v=4.0 HTTP/1.1" 304 -
186.84.149.95 - - [01/Oct/2022:22:36:11 -0500] "GET /sipse/faces/javax.faces.resource/jquery/jquery-plugins.js?ln=primefaces&v=4.0 HTTP/1.1" 304 -
186.84.149.95 - - [01/Oct/2022:22:36:11 -0500] "GET /sipse/faces/javax.faces.resource/primefaces.js?ln=primefaces&v=4.0 HTTP/1.1" 304 -
186.84.149.95 - - [01/Oct/2022:22:36:11 -0500] "GET /sipse/faces/javax.faces.resource/layout/layout.js?ln=primefaces&v=4.0 HTTP/1.1" 304 -
186.84.149.95 - - [01/Oct/2022:22:36:11 -0500] "POST /sipse/faces/presentacion/financiero/solicitudAnulacion/solicitudAnulacion.xhtml HTTP/1.1" 200 19360
186.84.149.95 - - [01/Oct/2022:22:36:14 -0500] "POST /sipse/faces/presentacion/financiero/solicitudAnulacion/solicitudAnulacion.xhtml HTTP/1.1" 200 53158
186.84.149.95 - - [01/Oct/2022:22:36:14 -0500] "GET /sipse/faces/javax.faces.resource/theme.css?ln=primefaces-sipse HTTP/1.1" 304 -
186.84.149.95 - - [01/Oct/2022:22:36:14 -0500] "GET /sipse/faces/javax.faces.resource/primefaces.css?ln=primefaces&v=4.0 HTTP/1.1" 304 -
186.84.149.95 - - [01/Oct/2022:22:36:14 -0500] "GET /sipse/faces/javax.faces.resource/layout/layout.css?ln=primefaces&v=4.0 HTTP/1.1" 304 -
186.84.149.95 - - [01/Oct/2022:22:36:14 -0500] "GET /sipse/faces/javax.faces.resource/fileupload/fileupload.css?ln=primefaces&v=4.0 HTTP/1.1" 304 -
186.84.149.95 - - [01/Oct/2022:22:36:14 -0500] "GET /sipse/faces/javax.faces.resource/jquery/jquery.js?ln=primefaces&v=4.0 HTTP/1.1" 304 -
186.84.149.95 - - [01/Oct/2022:22:36:14 -0500] "GET /sipse/faces/javax.faces.resource/jquery/jquery-plugins.js?ln=primefaces&v=4.0 HTTP/1.1" 304 -
186.84.149.95 - - [01/Oct/2022:22:36:14 -0500] "GET /sipse/faces/javax.faces.resource/primefaces.js?ln=primefaces&v=4.0 HTTP/1.1" 304 -
186.84.149.95 - - [01/Oct/2022:22:36:14 -0500] "GET /sipse/faces/javax.faces.resource/layout/layout.js?ln=primefaces&v=4.0 HTTP/1.1" 304 -
186.84.149.95 - - [01/Oct/2022:22:36:14 -0500] "GET /sipse/faces/javax.faces.resource/fileupload/fileupload.js?ln=primefaces&v=4.0 HTTP/1.1" 304 -
172.22.2.4 - - [01/Oct/2022:22:34:42 -0500] "GET /BLA/boletinlegal/ HTTP/1.1" 200 63207
186.84.149.95 - - [01/Oct/2022:22:36:24 -0500] "POST /sipse/faces/presentacion/financiero/solicitudAnulacion/registrarSolicitudAnulacion.xhtml HTTP/1.1" 200 25162
186.84.149.95 - - [01/Oct/2022:22:36:24 -0500] "GET /sipse/faces/javax.faces.resource/theme.css?ln=primefaces-sipse HTTP/1.1" 304 -
186.84.149.95 - - [01/Oct/2022:22:36:24 -0500] "GET /sipse/faces/javax.faces.resource/primefaces.css?ln=primefaces&v=4.0 HTTP/1.1" 304 -
186.84.149.95 - - [01/Oct/2022:22:36:24 -0500] "GET /sipse/faces/javax.faces.resource/layout/layout.css?ln=primefaces&v=4.0 HTTP/1.1" 304 -
186.84.149.95 - - [01/Oct/2022:22:36:24 -0500] "GET /sipse/faces/javax.faces.resource/jquery/jquery.js?ln=primefaces&v=4.0 HTTP/1.1" 304 -
186.84.149.95 - - [01/Oct/2022:22:36:24 -0500] "GET /sipse/faces/javax.faces.resource/jquery/jquery-plugins.js?ln=primefaces&v=4.0 HTTP/1.1" 304 -
186.84.149.95 - - [01/Oct/2022:22:36:24 -0500] "GET /sipse/faces/javax.faces.resource/primefaces.js?ln=primefaces&v=4.0 HTTP/1.1" 304 -
186.84.149.95 - - [01/Oct/2022:22:36:24 -0500] "GET /sipse/faces/javax.faces.resource/layout/layout.js?ln=primefaces&v=4.0 HTTP/1.1" 304 -
201.245.192.253 - - [01/Oct/2022:22:37:24 -0500] "POST /kwsrmcab/Wsrmcab  HTTP/1.1" 503 1020
216.245.221.92 - - [01/Oct/2022:22:38:00 -0500] "HEAD / HTTP/1.1" 200 -
172.22.2.4 - - [01/Oct/2022:22:38:34 -0500] "GET /BLA/boletinlegal/Circulares/2019/.pdf HTTP/1.1" 404 1218
172.22.2.4 - - [01/Oct/2022:22:38:42 -0500] "GET /BLA/boletinlegal/Circulares/2012/Circular%20No.%2010%20del%2026%20de%20Enero%20de%202012.pdf HTTP/1.1" 404 1218
172.22.2.4 - - [01/Oct/2022:22:37:11 -0500] "HEAD /BLA/boletinlegal/ HTTP/1.1" 200 -
66.249.73.127 - - [01/Oct/2022:22:39:34 -0500] "-" 408 -
172.22.2.4 - - [01/Oct/2022:22:38:01 -0500] "GET /BLA/boletinlegal/ HTTP/1.1" 200 58575
199.59.150.182 - - [01/Oct/2022:22:40:35 -0500] "GET /images/feria-veh%C3%ADculos-sostenibles_optimized.jpeg HTTP/1.1" 404 1034
201.245.192.253 - - [01/Oct/2022:22:41:46 -0500] "GET /kwsrmcab/Wsrmcab?wsdl HTTP/1.1" 503 1020
201.245.192.253 - - [01/Oct/2022:22:41:47 -0500] "GET /kwsrmcab/Wsrmcab?wsdl HTTP/1.1" 503 1020
201.245.192.253 - - [01/Oct/2022:22:42:23 -0500] "POST /kwsrmcab/Wsrmcab  HTTP/1.1" 503 1020
216.245.221.92 - - [01/Oct/2022:22:43:00 -0500] "HEAD / HTTP/1.1" 200 -
207.46.13.40 - - [01/Oct/2022:22:43:52 -0500] "GET /BLA/resoluciones/RESOLUCIONES%202002/RES%202002%20851-900/00000894.tif HTTP/1.1" 200 113544
172.22.2.4 - - [01/Oct/2022:22:43:01 -0500] "HEAD /BLA/boletinlegal/ HTTP/1.1" 200 -
185.119.81.96 - - [01/Oct/2022:22:45:29 -0500] "GET /portaldeninos/wp-login.php HTTP/1.1" 200 2592
185.119.81.96 - - [01/Oct/2022:22:45:30 -0500] "POST /portaldeninos/wp-login.php HTTP/1.1" 200 3670
172.22.2.4 - - [01/Oct/2022:22:43:52 -0500] "GET /BLA/boletinlegal/ HTTP/1.1" 200 57375
199.16.157.183 - - [01/Oct/2022:22:46:55 -0500] "GET /images/feria-veh%C3%ADculos-sostenibles_optimized.jpeg HTTP/1.1" 404 1034
201.245.192.253 - - [01/Oct/2022:22:47:22 -0500] "POST /kwsrmcab/Wsrmcab  HTTP/1.1" 503 1020
207.46.13.40 - - [01/Oct/2022:22:47:23 -0500] "GET /BLA/resoluciones/RESOLUCIONES%202002/RES%202002%20851-900/00000879.tif HTTP/1.1" 200 38716
216.245.221.92 - - [01/Oct/2022:22:48:00 -0500] "HEAD / HTTP/1.1" 200 -
207.46.13.190 - - [01/Oct/2022:22:48:41 -0500] "GET /calculadora/? HTTP/1.1" 200 5879
172.22.2.4 - - [01/Oct/2022:22:48:51 -0500] "HEAD /BLA/boletinlegal/ HTTP/1.1" 200 -
172.22.2.4 - - [01/Oct/2022:22:49:41 -0500] "GET /BLA/boletinlegal/ HTTP/1.1" 200 51993
201.245.192.253 - - [01/Oct/2022:22:52:21 -0500] "POST /kwsrmcab/Wsrmcab  HTTP/1.1" 503 1020
216.245.221.92 - - [01/Oct/2022:22:53:00 -0500] "HEAD / HTTP/1.1" 200 -
207.46.13.89 - - [01/Oct/2022:22:53:26 -0500] "GET /sipse/faces/autenticacion.xhtml HTTP/1.1" 200 12502
66.249.73.127 - - [01/Oct/2022:22:54:00 -0500] "-" 408 -
172.22.2.4 - - [01/Oct/2022:22:54:02 -0500] "GET /BLA/boletinlegal/ HTTP/1.1" 200 20427
172.22.2.4 - - [01/Oct/2022:22:54:41 -0500] "HEAD /BLA/boletinlegal/ HTTP/1.1" 200 -
157.55.39.25 - - [01/Oct/2022:22:56:25 -0500] "GET /BLA/resoluciones/RESOLUCIONES%202005/RES%202005%201751-1800/00001757.tif HTTP/1.1" 200 132938
157.55.39.25 - - [01/Oct/2022:22:56:27 -0500] "GET /BLA/resoluciones/AUTOS%202022/0358.pdf HTTP/1.1" 200 337033
13.66.139.13 - - [01/Oct/2022:22:56:55 -0500] "-" 408 -
199.59.150.180 - - [01/Oct/2022:22:57:08 -0500] "GET /images/feria-veh%C3%ADculos-sostenibles_optimized.jpeg HTTP/1.1" 404 1034
172.22.2.4 - - [01/Oct/2022:22:55:31 -0500] "GET /BLA/boletinlegal/ HTTP/1.1" 200 52877
201.245.192.253 - - [01/Oct/2022:22:57:20 -0500] "POST /kwsrmcab/Wsrmcab  HTTP/1.1" 503 1020
207.46.13.89 - - [01/Oct/2022:22:57:36 -0500] "GET /BLA/resoluciones/AUTOS%202013/0266.pdf HTTP/1.1" 200 1633661
216.245.221.92 - - [01/Oct/2022:22:58:00 -0500] "HEAD / HTTP/1.1" 200 -
80.94.92.231 - - [01/Oct/2022:22:59:01 -0500] "GET / HTTP/1.1" 200 319
185.119.81.101 - - [01/Oct/2022:22:59:21 -0500] "GET /portaldeninos/wp-login.php HTTP/1.1" 200 2592
185.119.81.101 - - [01/Oct/2022:22:59:22 -0500] "POST /portaldeninos/wp-login.php HTTP/1.1" 200 3605
207.46.13.230 - - [01/Oct/2022:23:00:15 -0500] "-" 408 -
172.22.2.4 - - [01/Oct/2022:23:00:31 -0500] "HEAD /BLA/boletinlegal/ HTTP/1.1" 200 -
201.245.192.253 - - [01/Oct/2022:23:02:19 -0500] "POST /kwsrmcab/Wsrmcab  HTTP/1.1" 503 1020
66.249.73.127 - - [01/Oct/2022:23:02:35 -0500] "-" 408 -
216.245.221.92 - - [01/Oct/2022:23:03:00 -0500] "HEAD / HTTP/1.1" 200 -
172.22.2.4 - - [01/Oct/2022:23:01:21 -0500] "GET /BLA/boletinlegal/ HTTP/1.1" 200 57725
40.77.190.154 - - [01/Oct/2022:23:04:43 -0500] "GET /calculadora/vendor/bootstrap/css/bootstrap.min.css HTTP/1.1" 200 124962
40.77.188.161 - - [01/Oct/2022:23:04:43 -0500] "GET /calculadora/fonts/Linearicons-Free-v1.0.0/icon-font.min.css HTTP/1.1" 200 7354
40.77.189.132 - - [01/Oct/2022:23:04:43 -0500] "GET /calculadora/fonts/font-awesome-4.7.0/css/font-awesome.min.css HTTP/1.1" 200 31000
40.77.190.32 - - [01/Oct/2022:23:04:43 -0500] "GET /calculadora/vendor/animate/animate.css HTTP/1.1" 200 23848
40.77.189.82 - - [01/Oct/2022:23:04:43 -0500] "GET /calculadora/vendor/css-hamburgers/hamburgers.min.css HTTP/1.1" 200 19686
40.77.188.182 - - [01/Oct/2022:23:04:44 -0500] "GET /calculadora/vendor/animsition/css/animsition.min.css HTTP/1.1" 200 27478
40.77.188.175 - - [01/Oct/2022:23:04:44 -0500] "GET /calculadora/vendor/daterangepicker/daterangepicker.css HTTP/1.1" 200 8163
40.77.190.138 - - [01/Oct/2022:23:04:44 -0500] "GET /calculadora/vendor/select2/select2.min.css HTTP/1.1" 200 15196
40.77.189.23 - - [01/Oct/2022:23:04:44 -0500] "GET /calculadora/css/util.css HTTP/1.1" 200 86814
40.77.190.154 - - [01/Oct/2022:23:04:44 -0500] "GET /calculadora/css/main.css HTTP/1.1" 200 9984
40.77.190.138 - - [01/Oct/2022:23:04:44 -0500] "GET /calculadora/ajax_calculadora.js HTTP/1.1" 200 1470
40.77.190.163 - - [01/Oct/2022:23:04:45 -0500] "GET /calculadora/js/main.js HTTP/1.1" 200 1424
40.77.189.23 - - [01/Oct/2022:23:04:45 -0500] "GET /calculadora/fonts/poppins/Poppins-Regular.ttf HTTP/1.1" 200 145312
40.77.189.130 - - [01/Oct/2022:23:04:45 -0500] "GET /calculadora/fonts/montserrat/Montserrat-Bold.ttf HTTP/1.1" 200 261588
201.245.192.253 - - [01/Oct/2022:23:07:18 -0500] "POST /kwsrmcab/Wsrmcab  HTTP/1.1" 503 1020
104.152.52.7 - - [01/Oct/2022:23:07:33 -0500] "GET / HTTP/1.0" 200 319
216.245.221.92 - - [01/Oct/2022:23:08:00 -0500] "HEAD / HTTP/1.1" 200 -
172.22.2.4 - - [01/Oct/2022:23:06:21 -0500] "HEAD /BLA/boletinlegal/ HTTP/1.1" 200 -
198.74.59.35 - - [01/Oct/2022:23:08:02 -0500] "GET /galeria/galeria/jquery.fancybox.js?v=2.1.5 HTTP/1.1" 200 48706
198.74.59.35 - - [01/Oct/2022:23:08:02 -0500] "GET /BLA/boletinlegal/js/jquery.scrollShow.js HTTP/1.1" 200 4586
198.74.59.35 - - [01/Oct/2022:23:08:02 -0500] "GET /galeria/galeria/jquery.fancybox.css?v=2.1.5 HTTP/1.1" 200 4895
66.249.73.127 - - [01/Oct/2022:23:08:20 -0500] "-" 408 -
172.22.2.4 - - [01/Oct/2022:23:07:11 -0500] "GET /BLA/boletinlegal/ HTTP/1.1" 200 55220
185.119.81.109 - - [01/Oct/2022:23:09:19 -0500] "GET /portaldeninos/wp-login.php HTTP/1.1" 200 2592
185.119.81.109 - - [01/Oct/2022:23:09:20 -0500] "POST /portaldeninos/wp-login.php HTTP/1.1" 200 3670
157.55.39.202 - - [01/Oct/2022:23:10:43 -0500] "GET /galeria/galeria/fotos/Humedal-la-Isla1G.jpg HTTP/1.1" 200 216243
207.46.13.40 - - [01/Oct/2022:23:12:16 -0500] "GET /sipse/faces/faces/autenticacion.xhtml HTTP/1.1" 200 12502
201.245.192.253 - - [01/Oct/2022:23:12:17 -0500] "POST /kwsrmcab/Wsrmcab  HTTP/1.1" 503 1020
216.245.221.92 - - [01/Oct/2022:23:13:00 -0500] "HEAD / HTTP/1.1" 200 -
34.147.102.206 - - [01/Oct/2022:23:13:11 -0500] "GET / HTTP/1.1" 200 4720
34.147.102.206 - - [01/Oct/2022:23:13:12 -0500] "GET / HTTP/1.1" 200 319
157.55.39.202 - - [01/Oct/2022:23:13:23 -0500] "GET /BLA/resoluciones/00000872.tif HTTP/1.1" 404 1018
172.22.2.4 - - [01/Oct/2022:23:12:11 -0500] "HEAD /BLA/boletinlegal/ HTTP/1.1" 200 -
66.249.73.127 - - [01/Oct/2022:23:14:01 -0500] "-" 408 -
172.22.2.4 - - [01/Oct/2022:23:13:02 -0500] "GET /BLA/boletinlegal/ HTTP/1.1" 200 57725
157.55.39.202 - - [01/Oct/2022:23:16:13 -0500] "GET /galeria/galeria/fotos/Entrenube3G.jpg HTTP/1.1" 200 138221
199.59.150.181 - - [01/Oct/2022:23:16:50 -0500] "GET /images/feria-veh%C3%ADculos-sostenibles_optimized.jpeg HTTP/1.1" 404 1034
207.46.13.190 - - [01/Oct/2022:23:16:54 -0500] "GET /BLA/resoluciones/00000343.tif HTTP/1.1" 404 1018
201.245.192.253 - - [01/Oct/2022:23:17:15 -0500] "POST /kwsrmcab/Wsrmcab  HTTP/1.1" 503 1020
216.245.221.92 - - [01/Oct/2022:23:18:00 -0500] "HEAD / HTTP/1.1" 200 -
66.249.73.127 - - [01/Oct/2022:23:19:39 -0500] "-" 408 -
172.22.2.4 - - [01/Oct/2022:23:18:01 -0500] "HEAD /BLA/boletinlegal/ HTTP/1.1" 200 -
172.22.2.4 - - [01/Oct/2022:23:18:51 -0500] "GET /BLA/boletinlegal/ HTTP/1.1" 200 57375
201.245.192.253 - - [01/Oct/2022:23:21:46 -0500] "GET /kwsrmcab/Wsrmcab?wsdl HTTP/1.1" 503 1020
201.245.192.253 - - [01/Oct/2022:23:21:47 -0500] "GET /kwsrmcab/Wsrmcab?wsdl HTTP/1.1" 503 1020
201.245.192.253 - - [01/Oct/2022:23:22:14 -0500] "POST /kwsrmcab/Wsrmcab  HTTP/1.1" 503 1020
216.245.221.92 - - [01/Oct/2022:23:23:00 -0500] "HEAD / HTTP/1.1" 200 -
199.16.157.181 - - [01/Oct/2022:23:23:25 -0500] "GET /images/feria-veh%C3%ADculos-sostenibles_optimized.jpeg HTTP/1.1" 404 1034
207.46.13.89 - - [01/Oct/2022:23:23:58 -0500] "GET /BLA/resoluciones/AUTOS%202014/3795.pdf HTTP/1.1" 200 298236
172.22.2.4 - - [01/Oct/2022:23:23:51 -0500] "HEAD /BLA/boletinlegal/ HTTP/1.1" 200 -
207.46.13.84 - - [01/Oct/2022:23:26:16 -0500] "GET /BLA/resoluciones/RESOLUCIONES%202005/00001077.tif HTTP/1.1" 200 387530
172.22.2.4 - - [01/Oct/2022:23:24:41 -0500] "GET /BLA/boletinlegal/ HTTP/1.1" 200 52877
69.171.249.116 - - [01/Oct/2022:23:26:35 -0500] "GET /distrito-entrego-certificado-de-reconocimiento-a-mas-de-600-mujeres-que-reverdecen-tras-seis-meses-de-formacion-teorica-y-practica.html HTTP/1.1" 206 1113
201.245.192.253 - - [01/Oct/2022:23:27:13 -0500] "POST /kwsrmcab/Wsrmcab  HTTP/1.1" 503 1020
216.245.221.92 - - [01/Oct/2022:23:28:00 -0500] "HEAD / HTTP/1.1" 200 -
66.249.73.127 - - [01/Oct/2022:23:29:45 -0500] "-" 408 -
172.22.2.4 - - [01/Oct/2022:23:29:41 -0500] "HEAD /BLA/boletinlegal/ HTTP/1.1" 200 -
201.245.192.253 - - [01/Oct/2022:23:31:46 -0500] "GET /kwsrmcab/Wsrmcab?wsdl HTTP/1.1" 503 1020
201.245.192.253 - - [01/Oct/2022:23:31:47 -0500] "GET /kwsrmcab/Wsrmcab?wsdl HTTP/1.1" 503 1020
172.22.2.4 - - [01/Oct/2022:23:30:31 -0500] "GET /BLA/boletinlegal/ HTTP/1.1" 200 52877
201.245.192.253 - - [01/Oct/2022:23:32:12 -0500] "POST /kwsrmcab/Wsrmcab  HTTP/1.1" 503 1020
45.238.182.245 - - [01/Oct/2022:23:32:34 -0500] "GET /portaldeninos/wp-content/uploads/useanyfont/uaf.css?ver=1589905315 HTTP/1.1" 200 408
45.238.182.245 - - [01/Oct/2022:23:32:34 -0500] "GET /portaldeninos/wp-content/themes/betheme/style.css?ver=20.9.6 HTTP/1.1" 200 287
45.238.182.245 - - [01/Oct/2022:23:32:34 -0500] "GET /portaldeninos/wp-content/plugins/gallery-videos/CSS/totalsoft.css?ver=4.9.8 HTTP/1.1" 200 40622
45.238.182.245 - - [01/Oct/2022:23:32:34 -0500] "GET /portaldeninos/wp-content/plugins/gallery-videos/CSS/Total-Soft-Gallery-Video-Widget.css?ver=4.9.8 HTTP/1.1" 200 51554
45.238.182.245 - - [01/Oct/2022:23:32:34 -0500] "GET /portaldeninos/wp-content/themes/betheme/css/base.css?ver=20.9.6 HTTP/1.1" 200 57283
45.238.182.245 - - [01/Oct/2022:23:32:34 -0500] "GET /portaldeninos/wp-content/themes/betheme/assets/animations/animations.min.css?ver=20.9.6 HTTP/1.1" 200 58508
45.238.182.245 - - [01/Oct/2022:23:32:34 -0500] "GET /portaldeninos/wp-content/themes/betheme/assets/jplayer/css/jplayer.blue.monday.css?ver=20.9.6 HTTP/1.1" 200 9834
45.238.182.245 - - [01/Oct/2022:23:32:34 -0500] "GET /portaldeninos/wp-content/themes/betheme/assets/ui/jquery.ui.all.css?ver=20.9.6 HTTP/1.1" 200 18765
45.238.182.245 - - [01/Oct/2022:23:32:34 -0500] "GET /portaldeninos/wp-includes/js/jquery/jquery-migrate.min.js?ver=1.4.1 HTTP/1.1" 200 10056
45.238.182.245 - - [01/Oct/2022:23:32:34 -0500] "GET /portaldeninos/wp-content/themes/betheme/css/layout.css?ver=20.9.6 HTTP/1.1" 200 116639
45.238.182.245 - - [01/Oct/2022:23:32:34 -0500] "GET /portaldeninos/wp-content/plugins/google-analytics-for-wordpress/assets/js/frontend-gtag.min.js?ver=8.5.0 HTTP/1.1" 200 11801
45.238.182.245 - - [01/Oct/2022:23:32:34 -0500] "GET /portaldeninos/wp-includes/js/jquery/ui/core.min.js?ver=1.11.4 HTTP/1.1" 200 4000
45.238.182.245 - - [01/Oct/2022:23:32:34 -0500] "GET /portaldeninos/wp-content/themes/betheme/css/shortcodes.css?ver=20.9.6 HTTP/1.1" 200 138889
45.238.182.245 - - [01/Oct/2022:23:32:34 -0500] "GET /portaldeninos/wp-content/themes/betheme/css/responsive.css?ver=20.9.6 HTTP/1.1" 200 55740
45.238.182.245 - - [01/Oct/2022:23:32:34 -0500] "GET /portaldeninos/wp-content/plugins/gallery-videos/JS/modernizr.custom.js?ver=4.9.8 HTTP/1.1" 200 9019
45.238.182.245 - - [01/Oct/2022:23:32:34 -0500] "GET /portaldeninos/wp-includes/js/jquery/ui/mouse.min.js?ver=1.11.4 HTTP/1.1" 200 3148
45.238.182.245 - - [01/Oct/2022:23:32:34 -0500] "GET /portaldeninos/wp-includes/js/jquery/ui/widget.min.js?ver=1.11.4 HTTP/1.1" 200 6908
45.238.182.245 - - [01/Oct/2022:23:32:34 -0500] "GET /portaldeninos/wp-content/plugins/gallery-videos/JS/Total-Soft-Gallery-Video-Widget.js?ver=4.9.8 HTTP/1.1" 200 80264
45.238.182.245 - - [01/Oct/2022:23:32:35 -0500] "GET /portaldeninos/wp-includes/js/jquery/ui/accordion.min.js?ver=1.11.4 HTTP/1.1" 200 8584
45.238.182.245 - - [01/Oct/2022:23:32:34 -0500] "GET /portaldeninos/wp-includes/js/jquery/jquery.js?ver=1.12.4 HTTP/1.1" 200 97184
45.238.182.245 - - [01/Oct/2022:23:32:35 -0500] "GET /portaldeninos/wp-includes/js/jquery/ui/tabs.min.js?ver=1.11.4 HTTP/1.1" 200 12110
45.238.182.245 - - [01/Oct/2022:23:32:35 -0500] "GET /portaldeninos/wp-includes/js/jquery/ui/sortable.min.js?ver=1.11.4 HTTP/1.1" 200 24899
45.238.182.245 - - [01/Oct/2022:23:32:35 -0500] "GET /portaldeninos/wp-content/themes/betheme/js/plugins.js?ver=20.9.6 HTTP/1.1" 200 14585
45.238.182.245 - - [01/Oct/2022:23:32:35 -0500] "GET /portaldeninos/wp-content/themes/betheme/js/menu.js?ver=20.9.6 HTTP/1.1" 200 2449
216.245.221.92 - - [01/Oct/2022:23:33:00 -0500] "HEAD / HTTP/1.1" 200 -
207.46.13.190 - - [01/Oct/2022:23:35:47 -0500] "GET /BLA/resoluciones/RESOLUCIONES%202022/0645.pdf HTTP/1.1" 200 353058
172.22.2.4 - - [01/Oct/2022:23:34:11 -0500] "GET /BLA/boletinlegal/ HTTP/1.1" 200 61974
66.249.73.127 - - [01/Oct/2022:23:36:03 -0500] "-" 408 -
172.22.2.4 - - [01/Oct/2022:23:35:31 -0500] "HEAD /BLA/boletinlegal/ HTTP/1.1" 200 -
201.245.192.253 - - [01/Oct/2022:23:37:12 -0500] "POST /kwsrmcab/Wsrmcab  HTTP/1.1" 503 1020
216.245.221.92 - - [01/Oct/2022:23:38:00 -0500] "HEAD / HTTP/1.1" 200 -
172.22.2.4 - - [01/Oct/2022:23:38:01 -0500] "GET /BLA/boletinlegal/Circulares/2019/.pdf HTTP/1.1" 404 1218
172.22.2.4 - - [01/Oct/2022:23:36:21 -0500] "GET /BLA/boletinlegal/ HTTP/1.1" 200 55630
172.22.2.4 - - [01/Oct/2022:23:38:12 -0500] "GET /BLA/boletinlegal/Circulares/2012/Circular%20No.%2010%20del%2026%20de%20Enero%20de%202012.pdf HTTP/1.1" 404 1218
66.220.149.120 - - [01/Oct/2022:23:41:07 -0500] "GET /images/pieza-calidad-aire-noche-4-febrero.jpg HTTP/1.1" 200 37476
201.245.192.253 - - [01/Oct/2022:23:41:46 -0500] "GET /kwsrmcab/Wsrmcab?wsdl HTTP/1.1" 503 1020
201.245.192.253 - - [01/Oct/2022:23:41:48 -0500] "GET /kwsrmcab/Wsrmcab?wsdl HTTP/1.1" 503 1020
5.181.80.120 - - [01/Oct/2022:23:41:52 -0500] "POST /boaform/admin/formLogin HTTP/1.1" 404 1186
201.245.192.253 - - [01/Oct/2022:23:42:10 -0500] "POST /kwsrmcab/Wsrmcab  HTTP/1.1" 503 1020
216.245.221.92 - - [01/Oct/2022:23:43:00 -0500] "HEAD / HTTP/1.1" 200 -
172.22.2.4 - - [01/Oct/2022:23:41:21 -0500] "HEAD /BLA/boletinlegal/ HTTP/1.1" 200 -
207.46.13.84 - - [01/Oct/2022:23:43:06 -0500] "GET /BLA/resoluciones/RESOLUCIONES%202001/2001%20950-999.TIF HTTP/1.1" 200 8193358
186.84.149.95 - - [01/Oct/2022:23:43:28 -0500] "GET /sipse/faces/index.xhtml HTTP/1.1" 200 677
186.84.149.95 - - [01/Oct/2022:23:43:28 -0500] "GET /sipse/faces/javax.faces.resource/theme.css?ln=primefaces-sipse HTTP/1.1" 304 -
186.84.149.95 - - [01/Oct/2022:23:43:29 -0500] "GET /sipse/faces/faces/autenticacion.xhtml HTTP/1.1" 200 12180
