186.28.34.159 - - [02/Oct/2022:09:05:43 -0500] "GET /sipse/faces/javax.faces.resource/primefaces.js?ln=primefaces&v=4.0 HTTP/1.1" 304 -
186.28.34.159 - - [02/Oct/2022:09:05:43 -0500] "GET /sipse/faces/javax.faces.resource/layout/layout.js?ln=primefaces&v=4.0 HTTP/1.1" 304 -
186.28.34.159 - - [02/Oct/2022:09:05:47 -0500] "POST /sipse/faces/presentacion/proyectos/proyecto/proyectoAdministrador/editarAdministrador.xhtml HTTP/1.1" 200 19029
186.28.34.159 - - [02/Oct/2022:09:05:50 -0500] "POST /sipse/faces/presentacion/proyectos/proyecto/proyectoAdministrador/editarAdministrador.xhtml HTTP/1.1" 200 5045
186.28.34.159 - - [02/Oct/2022:09:05:51 -0500] "POST /sipse/faces/presentacion/proyectos/proyecto/proyectoAdministrador/editarAdministrador.xhtml HTTP/1.1" 200 2220
186.28.34.159 - - [02/Oct/2022:09:06:02 -0500] "POST /sipse/faces/presentacion/proyectos/proyecto/proyectoAdministrador/editarAdministrador.xhtml HTTP/1.1" 200 80467
186.28.34.159 - - [02/Oct/2022:09:06:03 -0500] "GET /sipse/faces/javax.faces.resource/jquery/jquery.js?ln=primefaces&v=4.0 HTTP/1.1" 304 -
186.28.34.159 - - [02/Oct/2022:09:06:03 -0500] "GET /sipse/faces/javax.faces.resource/jquery/jquery-plugins.js?ln=primefaces&v=4.0 HTTP/1.1" 304 -
186.28.34.159 - - [02/Oct/2022:09:06:03 -0500] "GET /sipse/faces/javax.faces.resource/primefaces.js?ln=primefaces&v=4.0 HTTP/1.1" 304 -
186.28.34.159 - - [02/Oct/2022:09:06:03 -0500] "GET /sipse/faces/javax.faces.resource/layout/layout.js?ln=primefaces&v=4.0 HTTP/1.1" 304 -
186.28.34.159 - - [02/Oct/2022:09:06:03 -0500] "GET /sipse/faces/javax.faces.resource/messages/messages.png?ln=primefaces&v=4.0 HTTP/1.1" 304 -
186.28.34.159 - - [02/Oct/2022:09:06:03 -0500] "POST /sipse/faces/presentacion/proyectos/proyecto/proyecto.xhtml HTTP/1.1" 200 3273
186.28.34.159 - - [02/Oct/2022:09:06:06 -0500] "POST /sipse/faces/presentacion/proyectos/proyecto/proyecto.xhtml HTTP/1.1" 200 25721
186.28.34.159 - - [02/Oct/2022:09:06:07 -0500] "GET /sipse/faces/javax.faces.resource/jquery/jquery.js?ln=primefaces&v=4.0 HTTP/1.1" 304 -
186.28.34.159 - - [02/Oct/2022:09:06:07 -0500] "GET /sipse/faces/javax.faces.resource/jquery/jquery-plugins.js?ln=primefaces&v=4.0 HTTP/1.1" 304 -
186.28.34.159 - - [02/Oct/2022:09:06:07 -0500] "GET /sipse/faces/javax.faces.resource/primefaces.js?ln=primefaces&v=4.0 HTTP/1.1" 304 -
186.28.34.159 - - [02/Oct/2022:09:06:07 -0500] "GET /sipse/faces/javax.faces.resource/layout/layout.js?ln=primefaces&v=4.0 HTTP/1.1" 304 -
186.28.34.159 - - [02/Oct/2022:09:06:11 -0500] "POST /sipse/faces/presentacion/proyectos/proyecto/proyectoAdministrador/editarAdministrador.xhtml HTTP/1.1" 200 19030
186.28.34.159 - - [02/Oct/2022:09:06:15 -0500] "POST /sipse/faces/presentacion/proyectos/proyecto/proyectoAdministrador/editarAdministrador.xhtml HTTP/1.1" 200 2220
186.28.34.159 - - [02/Oct/2022:09:06:29 -0500] "POST /sipse/faces/presentacion/proyectos/proyecto/proyectoAdministrador/editarAdministrador.xhtml HTTP/1.1" 200 80607
186.28.34.159 - - [02/Oct/2022:09:06:29 -0500] "GET /sipse/faces/javax.faces.resource/jquery/jquery.js?ln=primefaces&v=4.0 HTTP/1.1" 304 -
186.28.34.159 - - [02/Oct/2022:09:06:29 -0500] "GET /sipse/faces/javax.faces.resource/jquery/jquery-plugins.js?ln=primefaces&v=4.0 HTTP/1.1" 304 -
186.28.34.159 - - [02/Oct/2022:09:06:29 -0500] "GET /sipse/faces/javax.faces.resource/primefaces.js?ln=primefaces&v=4.0 HTTP/1.1" 304 -
186.28.34.159 - - [02/Oct/2022:09:06:29 -0500] "GET /sipse/faces/javax.faces.resource/layout/layout.js?ln=primefaces&v=4.0 HTTP/1.1" 304 -
186.28.34.159 - - [02/Oct/2022:09:06:30 -0500] "POST /sipse/faces/presentacion/proyectos/proyecto/proyecto.xhtml HTTP/1.1" 200 3273
216.245.221.92 - - [02/Oct/2022:09:07:58 -0500] "HEAD / HTTP/1.1" 200 -
186.28.34.159 - - [02/Oct/2022:09:08:22 -0500] "POST /sipsesda/faces/vista/administracion/funcionario/listadoFuncionario.jspx HTTP/1.1" 200 37226
186.28.34.159 - - [02/Oct/2022:09:08:25 -0500] "POST /sipsesda/faces/vista/administracion/funcionario/listadoFuncionario.jspx HTTP/1.1" 200 37226
173.252.83.18 - - [02/Oct/2022:09:08:36 -0500] "GET /images/mercados-campesinos-5-mayo.jpg HTTP/1.1" 200 95848
186.28.34.159 - - [02/Oct/2022:09:08:37 -0500] "POST /sipsesda/faces/vista/administracion/funcionario/listadoFuncionario.jspx HTTP/1.1" 200 37730
186.28.34.159 - - [02/Oct/2022:09:08:37 -0500] "GET /favicon.ico HTTP/1.1" 200 7782
172.22.2.4 - - [02/Oct/2022:09:07:10 -0500] "HEAD /BLA/boletinlegal/ HTTP/1.1" 200 -
207.46.13.89 - - [02/Oct/2022:09:09:03 -0500] "GET /BLA/resoluciones/index.php?dir=RESOLUCIONES+2015%2F HTTP/1.1" 200 130562
172.22.2.4 - - [02/Oct/2022:09:09:16 -0500] "GET /BLA/boletinlegal/Circulares/2021/CIRCULAR%20No.%2000009%20DEL%2001%20DE%20OCTUBRE%20DEL%202021.pdf HTTP/1.1" 200 320793
172.22.2.4 - - [02/Oct/2022:09:08:00 -0500] "GET /BLA/boletinlegal/ HTTP/1.1" 200 54356
186.28.34.159 - - [02/Oct/2022:09:10:03 -0500] "POST /sipsesda/faces/vista/administracion/funcionario/listadoFuncionario.jspx HTTP/1.1" 200 18764
186.28.34.159 - - [02/Oct/2022:09:10:04 -0500] "GET /sipsesda/adf/jsLibs/resources/LocaleElements_es_CO10_1_3_4_0.js HTTP/1.1" 200 824
186.28.34.159 - - [02/Oct/2022:09:10:09 -0500] "POST /sipsesda/faces/vista/administracion/funcionario/registrarFuncionario.jspx?_afPfm=3 HTTP/1.1" 200 37774
186.28.34.159 - - [02/Oct/2022:09:10:11 -0500] "POST /sipsesda/faces/vista/administracion/funcionario/listadoFuncionario.jspx HTTP/1.1" 302 201
201.245.192.253 - - [02/Oct/2022:09:10:16 -0500] "POST /kwsrmcab/Wsrmcab  HTTP/1.1" 200 43876
216.245.221.92 - - [02/Oct/2022:09:12:58 -0500] "HEAD / HTTP/1.1" 200 -
207.46.13.84 - - [02/Oct/2022:09:13:02 -0500] "GET /BLA/resoluciones/RESOLUCIONES%202002/RES%202002%20301-350/00000316.tif HTTP/1.1" 200 125278
172.22.2.4 - - [02/Oct/2022:09:13:00 -0500] "HEAD /BLA/boletinlegal/ HTTP/1.1" 200 -
201.245.192.253 - - [02/Oct/2022:09:15:15 -0500] "POST /kwsrmcab/Wsrmcab  HTTP/1.1" 200 43876
172.22.2.4 - - [02/Oct/2022:09:13:50 -0500] "GET /BLA/boletinlegal/ HTTP/1.1" 200 60281
199.59.150.181 - - [02/Oct/2022:09:16:44 -0500] "GET /images/feria-veh%C3%ADculos-sostenibles_optimized.jpeg HTTP/1.1" 404 1034
172.22.2.4 - - [02/Oct/2022:09:17:23 -0500] "GET /BLA/boletinlegal/Circulares/2021/CIRCULAR%20No.%2000009%20DEL%2001%20DE%20OCTUBRE%20DEL%202021.pdf HTTP/1.1" 304 -
216.245.221.92 - - [02/Oct/2022:09:17:58 -0500] "HEAD / HTTP/1.1" 200 -
201.245.192.253 - - [02/Oct/2022:09:20:13 -0500] "POST /kwsrmcab/Wsrmcab  HTTP/1.1" 200 43876
172.22.2.4 - - [02/Oct/2022:09:18:50 -0500] "HEAD /BLA/boletinlegal/ HTTP/1.1" 200 -
172.22.2.4 - - [02/Oct/2022:09:19:40 -0500] "GET /BLA/boletinlegal/ HTTP/1.1" 200 58163
201.245.192.253 - - [02/Oct/2022:09:21:44 -0500] "POST /kwsrmcab/Wsrmcab HTTP/1.1" 200 44674
201.245.192.253 - - [02/Oct/2022:09:21:47 -0500] "POST /kwsrmcab/Wsrmcab HTTP/1.1" 200 44536
207.46.13.84 - - [02/Oct/2022:09:21:50 -0500] "GET /BLA/resoluciones/RESOLUCIONES%202005/RES%202005%201751-1800/00001755.tif HTTP/1.1" 200 141956
216.245.221.92 - - [02/Oct/2022:09:22:57 -0500] "HEAD / HTTP/1.1" 200 -
186.28.34.159 - - [02/Oct/2022:09:23:10 -0500] "POST /sipse/faces/presentacion/proyectos/proyecto/proyecto.xhtml HTTP/1.1" 200 911
172.22.2.4 - - [02/Oct/2022:09:23:24 -0500] "GET /BLA/boletinlegal/Circulares/2012/Circular%20No.%2013%20del%2006%20de%20Septiembre%20de%202012.pdf HTTP/1.1" 304 -
201.245.192.253 - - [02/Oct/2022:09:25:12 -0500] "POST /kwsrmcab/Wsrmcab  HTTP/1.1" 200 43876
186.28.34.159 - - [02/Oct/2022:09:25:42 -0500] "GET /sipse/faces/autenticacion.xhtml HTTP/1.1" 200 12502
186.28.34.159 - - [02/Oct/2022:09:25:42 -0500] "GET /sipse/css/custom_css_sg.css HTTP/1.1" 200 9694
186.28.34.159 - - [02/Oct/2022:09:25:42 -0500] "GET /sipse/faces/javax.faces.resource/theme.css?ln=primefaces-sipse HTTP/1.1" 304 -
186.28.34.159 - - [02/Oct/2022:09:25:42 -0500] "GET /sipse/faces/javax.faces.resource/layout/layout.css;jsessionid=Xr3Y8OW1JfEVcdJjG6Ftzo5s.undefined?ln=primefaces&v=4.0 HTTP/1.1" 200 542
186.28.34.159 - - [02/Oct/2022:09:25:42 -0500] "GET /sipse/faces/javax.faces.resource/primefaces.css;jsessionid=Xr3Y8OW1JfEVcdJjG6Ftzo5s.undefined?ln=primefaces&v=4.0 HTTP/1.1" 200 53295
186.28.34.159 - - [02/Oct/2022:09:25:42 -0500] "GET /sipse/faces/javax.faces.resource/jquery/jquery.js;jsessionid=Xr3Y8OW1JfEVcdJjG6Ftzo5s.undefined?ln=primefaces&v=4.0 HTTP/1.1" 200 105384
186.28.34.159 - - [02/Oct/2022:09:25:42 -0500] "GET /sipse/faces/javax.faces.resource/layout/layout.js;jsessionid=Xr3Y8OW1JfEVcdJjG6Ftzo5s.undefined?ln=primefaces&v=4.0 HTTP/1.1" 200 87560
186.28.34.159 - - [02/Oct/2022:09:25:42 -0500] "GET /sipse/faces/javax.faces.resource/jquery/jquery-plugins.js;jsessionid=Xr3Y8OW1JfEVcdJjG6Ftzo5s.undefined?ln=primefaces&v=4.0 HTTP/1.1" 200 220526
186.28.34.159 - - [02/Oct/2022:09:25:42 -0500] "GET /sipse/faces/javax.faces.resource/primefaces.js;jsessionid=Xr3Y8OW1JfEVcdJjG6Ftzo5s.undefined?ln=primefaces&v=4.0 HTTP/1.1" 200 276924
186.28.34.159 - - [02/Oct/2022:09:25:42 -0500] "GET /sipse/faces/javax.faces.resource/images/ui-icons_898989_256x240.png?ln=primefaces-aristo HTTP/1.1" 304 -
186.28.34.159 - - [02/Oct/2022:09:25:43 -0500] "GET /sipse/faces/index.xhtml HTTP/1.1" 200 677
186.28.34.159 - - [02/Oct/2022:09:25:43 -0500] "GET /sipse/faces/javax.faces.resource/theme.css?ln=primefaces-sipse HTTP/1.1" 304 -
152.89.196.211 - - [02/Oct/2022:09:25:43 -0500] "GET /?XDEBUG_SESSION_START=phpstorm HTTP/1.1" 200 319
186.28.34.159 - - [02/Oct/2022:09:25:43 -0500] "GET /sipse/faces/faces/autenticacion.xhtml HTTP/1.1" 200 12180
186.28.34.159 - - [02/Oct/2022:09:25:43 -0500] "GET /sipse/faces/javax.faces.resource/theme.css?ln=primefaces-sipse HTTP/1.1" 304 -
186.28.34.159 - - [02/Oct/2022:09:25:43 -0500] "GET /sipse/faces/javax.faces.resource/layout/layout.css?ln=primefaces&v=4.0 HTTP/1.1" 200 542
186.28.34.159 - - [02/Oct/2022:09:25:43 -0500] "GET /sipse/faces/javax.faces.resource/jquery/jquery.js?ln=primefaces&v=4.0 HTTP/1.1" 304 -
186.28.34.159 - - [02/Oct/2022:09:25:43 -0500] "GET /sipse/faces/javax.faces.resource/jquery/jquery-plugins.js?ln=primefaces&v=4.0 HTTP/1.1" 304 -
186.28.34.159 - - [02/Oct/2022:09:25:43 -0500] "GET /sipse/faces/javax.faces.resource/primefaces.js?ln=primefaces&v=4.0 HTTP/1.1" 304 -
186.28.34.159 - - [02/Oct/2022:09:25:43 -0500] "GET /sipse/faces/javax.faces.resource/layout/layout.js?ln=primefaces&v=4.0 HTTP/1.1" 304 -
186.28.34.159 - - [02/Oct/2022:09:25:43 -0500] "GET /sipse/faces/javax.faces.resource/primefaces.css?ln=primefaces&v=4.0 HTTP/1.1" 200 53295
186.28.34.159 - - [02/Oct/2022:09:25:43 -0500] "GET /sipse/faces/javax.faces.resource/images/ui-icons_898989_256x240.png?ln=primefaces-aristo HTTP/1.1" 304 -
186.28.34.159 - - [02/Oct/2022:09:25:48 -0500] "GET /sipse/faces/autenticacion.xhtml HTTP/1.1" 200 12180
186.28.34.159 - - [02/Oct/2022:09:25:48 -0500] "GET /sipse/faces/javax.faces.resource/theme.css?ln=primefaces-sipse HTTP/1.1" 304 -
186.28.34.159 - - [02/Oct/2022:09:25:48 -0500] "GET /sipse/faces/javax.faces.resource/primefaces.css?ln=primefaces&v=4.0 HTTP/1.1" 304 -
186.28.34.159 - - [02/Oct/2022:09:25:48 -0500] "GET /sipse/faces/javax.faces.resource/layout/layout.css?ln=primefaces&v=4.0 HTTP/1.1" 304 -
186.28.34.159 - - [02/Oct/2022:09:25:48 -0500] "GET /sipse/faces/javax.faces.resource/jquery/jquery.js?ln=primefaces&v=4.0 HTTP/1.1" 304 -
186.28.34.159 - - [02/Oct/2022:09:25:48 -0500] "GET /sipse/faces/javax.faces.resource/jquery/jquery-plugins.js?ln=primefaces&v=4.0 HTTP/1.1" 304 -
186.28.34.159 - - [02/Oct/2022:09:25:48 -0500] "GET /sipse/faces/javax.faces.resource/primefaces.js?ln=primefaces&v=4.0 HTTP/1.1" 304 -
186.28.34.159 - - [02/Oct/2022:09:25:48 -0500] "GET /sipse/faces/javax.faces.resource/layout/layout.js?ln=primefaces&v=4.0 HTTP/1.1" 304 -
186.28.34.159 - - [02/Oct/2022:09:25:48 -0500] "GET /sipse/faces/javax.faces.resource/images/ui-icons_898989_256x240.png?ln=primefaces-aristo HTTP/1.1" 304 -
186.28.34.159 - - [02/Oct/2022:09:25:48 -0500] "GET /sipse/faces/index.xhtml HTTP/1.1" 200 677
186.28.34.159 - - [02/Oct/2022:09:25:48 -0500] "GET /sipse/faces/javax.faces.resource/theme.css?ln=primefaces-sipse HTTP/1.1" 304 -
186.28.34.159 - - [02/Oct/2022:09:25:48 -0500] "GET /sipse/faces/faces/autenticacion.xhtml HTTP/1.1" 200 12180
186.28.34.159 - - [02/Oct/2022:09:25:48 -0500] "GET /sipse/faces/javax.faces.resource/theme.css?ln=primefaces-sipse HTTP/1.1" 304 -
186.28.34.159 - - [02/Oct/2022:09:25:48 -0500] "GET /sipse/faces/javax.faces.resource/primefaces.css?ln=primefaces&v=4.0 HTTP/1.1" 304 -
186.28.34.159 - - [02/Oct/2022:09:25:48 -0500] "GET /sipse/faces/javax.faces.resource/layout/layout.css?ln=primefaces&v=4.0 HTTP/1.1" 304 -
186.28.34.159 - - [02/Oct/2022:09:25:48 -0500] "GET /sipse/faces/javax.faces.resource/jquery/jquery.js?ln=primefaces&v=4.0 HTTP/1.1" 304 -
186.28.34.159 - - [02/Oct/2022:09:25:48 -0500] "GET /sipse/faces/javax.faces.resource/jquery/jquery-plugins.js?ln=primefaces&v=4.0 HTTP/1.1" 304 -
186.28.34.159 - - [02/Oct/2022:09:25:48 -0500] "GET /sipse/faces/javax.faces.resource/primefaces.js?ln=primefaces&v=4.0 HTTP/1.1" 304 -
186.28.34.159 - - [02/Oct/2022:09:25:48 -0500] "GET /sipse/faces/javax.faces.resource/layout/layout.js?ln=primefaces&v=4.0 HTTP/1.1" 304 -
186.28.34.159 - - [02/Oct/2022:09:25:48 -0500] "GET /sipse/faces/javax.faces.resource/images/ui-icons_898989_256x240.png?ln=primefaces-aristo HTTP/1.1" 304 -
186.28.34.159 - - [02/Oct/2022:09:25:50 -0500] "POST /sipse/faces/autenticacion.xhtml HTTP/1.1" 200 11652
186.28.34.159 - - [02/Oct/2022:09:25:50 -0500] "GET /sipse/css/custom_css_sg_prime.css HTTP/1.1" 200 5201
186.28.34.159 - - [02/Oct/2022:09:25:50 -0500] "GET /sipse/faces/javax.faces.resource/jquery/jquery.js?ln=primefaces&v=4.0 HTTP/1.1" 304 -
186.28.34.159 - - [02/Oct/2022:09:25:50 -0500] "GET /sipse/faces/javax.faces.resource/jquery/jquery-plugins.js?ln=primefaces&v=4.0 HTTP/1.1" 304 -
186.28.34.159 - - [02/Oct/2022:09:25:50 -0500] "GET /sipse/faces/javax.faces.resource/primefaces.js?ln=primefaces&v=4.0 HTTP/1.1" 304 -
186.28.34.159 - - [02/Oct/2022:09:25:50 -0500] "GET /sipse/faces/javax.faces.resource/layout/layout.js?ln=primefaces&v=4.0 HTTP/1.1" 304 -
186.28.34.159 - - [02/Oct/2022:09:25:50 -0500] "GET /sipse/faces/javax.faces.resource/messages/messages.png?ln=primefaces&v=4.0 HTTP/1.1" 200 27209
186.28.34.159 - - [02/Oct/2022:09:25:52 -0500] "POST /sipse/faces/presentacion/sistema/seguridad/seleccionRol.xhtml HTTP/1.1" 200 6085
186.28.34.159 - - [02/Oct/2022:09:25:52 -0500] "POST /sipse/faces/presentacion/sistema/seguridad/seleccionRol.xhtml HTTP/1.1" 200 18677
186.28.34.159 - - [02/Oct/2022:09:25:52 -0500] "GET /sipse/faces/javax.faces.resource/jquery/jquery.js?ln=primefaces&v=4.0 HTTP/1.1" 304 -
186.28.34.159 - - [02/Oct/2022:09:25:52 -0500] "GET /sipse/faces/javax.faces.resource/jquery/jquery-plugins.js?ln=primefaces&v=4.0 HTTP/1.1" 304 -
186.28.34.159 - - [02/Oct/2022:09:25:52 -0500] "GET /sipse/faces/javax.faces.resource/primefaces.js?ln=primefaces&v=4.0 HTTP/1.1" 304 -
186.28.34.159 - - [02/Oct/2022:09:25:52 -0500] "GET /sipse/faces/javax.faces.resource/layout/layout.js?ln=primefaces&v=4.0 HTTP/1.1" 304 -
186.28.34.159 - - [02/Oct/2022:09:25:52 -0500] "GET /sipse/imagenes/cargando.gif HTTP/1.1" 200 12242
186.28.34.159 - - [02/Oct/2022:09:25:52 -0500] "GET /sipse/imagenes/logoAplicacion.jpg HTTP/1.1" 200 19183
186.28.34.159 - - [02/Oct/2022:09:25:52 -0500] "GET /sipse/css/imagen/contrasena.png HTTP/1.1" 404 383
186.28.34.159 - - [02/Oct/2022:09:25:53 -0500] "GET /sipse/faces/javax.faces.resource/images/ui-bg_flat_0_2d5972_40x100.png?ln=primefaces-aristo HTTP/1.1" 200 183
186.28.34.159 - - [02/Oct/2022:09:25:53 -0500] "POST /sipse/faces/bienvenido.xhtml HTTP/1.1" 200 2055
186.28.34.159 - - [02/Oct/2022:09:25:54 -0500] "POST /sipse/faces/bienvenido.xhtml HTTP/1.1" 200 82806
186.28.34.159 - - [02/Oct/2022:09:25:56 -0500] "GET /sipse/faces/javax.faces.resource/jquery/jquery.js?ln=primefaces&v=4.0 HTTP/1.1" 304 -
186.28.34.159 - - [02/Oct/2022:09:25:56 -0500] "GET /sipse/faces/javax.faces.resource/jquery/jquery-plugins.js?ln=primefaces&v=4.0 HTTP/1.1" 304 -
186.28.34.159 - - [02/Oct/2022:09:25:56 -0500] "GET /sipse/faces/javax.faces.resource/primefaces.js?ln=primefaces&v=4.0 HTTP/1.1" 304 -
186.28.34.159 - - [02/Oct/2022:09:25:56 -0500] "GET /sipse/faces/javax.faces.resource/layout/layout.js?ln=primefaces&v=4.0 HTTP/1.1" 304 -
66.249.64.15 - - [02/Oct/2022:09:25:57 -0500] "-" 408 -
186.28.34.159 - - [02/Oct/2022:09:26:03 -0500] "POST /sipse/faces/presentacion/proyectos/proyecto/listarProyecto.xhtml HTTP/1.1" 200 4952
186.28.34.159 - - [02/Oct/2022:09:26:04 -0500] "POST /sipse/faces/presentacion/proyectos/proyecto/listarProyecto.xhtml HTTP/1.1" 200 163
186.28.34.159 - - [02/Oct/2022:09:26:05 -0500] "GET /sipse/faces/presentacion/proyectos/proyecto/proyecto.xhtml HTTP/1.1" 200 89391
186.28.34.159 - - [02/Oct/2022:09:26:05 -0500] "GET /sipse/faces/javax.faces.resource/theme.css?ln=primefaces-sipse HTTP/1.1" 304 -
186.28.34.159 - - [02/Oct/2022:09:26:05 -0500] "GET /sipse/faces/javax.faces.resource/primefaces.css?ln=primefaces&v=4.0 HTTP/1.1" 304 -
186.28.34.159 - - [02/Oct/2022:09:26:05 -0500] "GET /sipse/faces/javax.faces.resource/layout/layout.css?ln=primefaces&v=4.0 HTTP/1.1" 304 -
186.28.34.159 - - [02/Oct/2022:09:26:05 -0500] "GET /sipse/faces/javax.faces.resource/jquery/jquery.js?ln=primefaces&v=4.0 HTTP/1.1" 304 -
186.28.34.159 - - [02/Oct/2022:09:26:05 -0500] "GET /sipse/faces/javax.faces.resource/primefaces.js?ln=primefaces&v=4.0 HTTP/1.1" 304 -
186.28.34.159 - - [02/Oct/2022:09:26:05 -0500] "GET /sipse/faces/javax.faces.resource/jquery/jquery-plugins.js?ln=primefaces&v=4.0 HTTP/1.1" 304 -
186.28.34.159 - - [02/Oct/2022:09:26:05 -0500] "GET /sipse/faces/javax.faces.resource/layout/layout.js?ln=primefaces&v=4.0 HTTP/1.1" 304 -
186.28.34.159 - - [02/Oct/2022:09:26:05 -0500] "GET /sipse/faces/javax.faces.resource/images/ui-icons_898989_256x240.png?ln=primefaces-aristo HTTP/1.1" 304 -
186.28.34.159 - - [02/Oct/2022:09:26:06 -0500] "GET /sipse/faces/javax.faces.resource/images/ui-bg_flat_0_2d5972_40x100.png?ln=primefaces-aristo HTTP/1.1" 304 -
186.28.34.159 - - [02/Oct/2022:09:26:06 -0500] "POST /sipse/faces/presentacion/proyectos/proyecto/proyecto.xhtml HTTP/1.1" 200 3273
186.28.34.159 - - [02/Oct/2022:09:26:11 -0500] "POST /sipse/faces/presentacion/proyectos/proyecto/proyecto.xhtml HTTP/1.1" 200 911
172.22.2.4 - - [02/Oct/2022:09:24:40 -0500] "HEAD /BLA/boletinlegal/ HTTP/1.1" 200 -
185.119.81.109 - - [02/Oct/2022:09:26:50 -0500] "GET /portaldeninos/wp-login.php HTTP/1.1" 200 2592
185.119.81.109 - - [02/Oct/2022:09:26:51 -0500] "POST /portaldeninos/wp-login.php HTTP/1.1" 200 3605
172.22.2.4 - - [02/Oct/2022:09:25:30 -0500] "GET /BLA/boletinlegal/ HTTP/1.1" 200 52877
69.171.251.17 - - [02/Oct/2022:09:27:25 -0500] "GET /mas-de-30-tinguas-fueron-liberadas-en-la-semana-de-los-humedales.html HTTP/1.1" 206 950
216.245.221.92 - - [02/Oct/2022:09:27:57 -0500] "HEAD / HTTP/1.1" 200 -
94.232.47.167 - - [02/Oct/2022:09:29:04 -0500] "\x03" 400 226
94.232.47.167 - - [02/Oct/2022:09:29:05 -0500] "\x03" 400 226
201.245.192.253 - - [02/Oct/2022:09:30:11 -0500] "POST /kwsrmcab/Wsrmcab  HTTP/1.1" 200 43876
201.245.192.253 - - [02/Oct/2022:09:31:44 -0500] "POST /kwsrmcab/Wsrmcab HTTP/1.1" 200 44674
201.245.192.253 - - [02/Oct/2022:09:31:47 -0500] "POST /kwsrmcab/Wsrmcab HTTP/1.1" 200 44536
172.22.2.4 - - [02/Oct/2022:09:30:30 -0500] "HEAD /BLA/boletinlegal/ HTTP/1.1" 200 -
216.245.221.92 - - [02/Oct/2022:09:32:58 -0500] "HEAD / HTTP/1.1" 200 -
172.22.2.4 - - [02/Oct/2022:09:31:20 -0500] "GET /BLA/boletinlegal/ HTTP/1.1" 200 58163
201.245.192.253 - - [02/Oct/2022:09:35:10 -0500] "POST /kwsrmcab/Wsrmcab  HTTP/1.1" 200 43876
179.33.132.63 - - [02/Oct/2022:09:35:19 -0500] "GET /catalogoisis/ HTTP/1.1" 200 8575
179.33.132.63 - - [02/Oct/2022:09:35:20 -0500] "GET /catalogoisis/Css/Busqueda.css HTTP/1.1" 200 1995
179.33.132.63 - - [02/Oct/2022:09:35:20 -0500] "GET /catalogoisis/Js/AceptarLimpiar.js HTTP/1.1" 200 331
179.33.132.63 - - [02/Oct/2022:09:35:20 -0500] "GET /catalogoisis/Js/LimpiarCombinada.js HTTP/1.1" 200 207
179.33.132.63 - - [02/Oct/2022:09:35:20 -0500] "GET /catalogoisis/Js/Cookies.js HTTP/1.1" 200 1369
179.33.132.63 - - [02/Oct/2022:09:35:20 -0500] "GET /catalogoisis/Js/CriterioCombinada.js HTTP/1.1" 200 1843
179.33.132.63 - - [02/Oct/2022:09:35:20 -0500] "GET /catalogoisis/Js/Remote.js HTTP/1.1" 200 436
179.33.132.63 - - [02/Oct/2022:09:35:20 -0500] "GET /catalogoisis/Js/Go.js HTTP/1.1" 200 364
179.33.132.63 - - [02/Oct/2022:09:35:20 -0500] "GET /catalogoisis/Js/Numero.js HTTP/1.1" 200 398
179.33.132.63 - - [02/Oct/2022:09:35:20 -0500] "GET /catalogoisis/Js/Enter.js HTTP/1.1" 200 1208
179.33.132.63 - - [02/Oct/2022:09:35:20 -0500] "GET /catalogoisis/imagenes/br1c1.gif HTTP/1.1" 200 172
179.33.132.63 - - [02/Oct/2022:09:35:20 -0500] "GET /catalogoisis/imagenes/Turnbo1.gif HTTP/1.1" 200 227
179.33.132.63 - - [02/Oct/2022:09:35:20 -0500] "GET /catalogoisis/imagenes/br1c3.gif HTTP/1.1" 200 302
179.33.132.63 - - [02/Oct/2022:09:35:20 -0500] "GET /catalogoisis/imagenes/limpiar1.gif HTTP/1.1" 200 606
179.33.132.63 - - [02/Oct/2022:09:35:20 -0500] "GET /catalogoisis/imagenes/aceptar1.gif HTTP/1.1" 200 604
179.33.132.63 - - [02/Oct/2022:09:35:20 -0500] "GET /catalogoisis/imagenes/Header.gif HTTP/1.1" 200 30313
179.33.132.63 - - [02/Oct/2022:09:35:20 -0500] "GET /catalogoisis/imagenes/br1c2.gif HTTP/1.1" 200 297
179.33.132.63 - - [02/Oct/2022:09:35:20 -0500] "GET /catalogoisis/imagenes/br3c1.gif HTTP/1.1" 200 177
179.33.132.63 - - [02/Oct/2022:09:35:20 -0500] "GET /catalogoisis/imagenes/br2c2.gif HTTP/1.1" 200 302
179.33.132.63 - - [02/Oct/2022:09:35:20 -0500] "GET /catalogoisis/imagenes/br3c2.gif HTTP/1.1" 200 285
179.33.132.63 - - [02/Oct/2022:09:35:20 -0500] "GET /catalogoisis/imagenes/br3c3.gif HTTP/1.1" 200 186
179.33.132.63 - - [02/Oct/2022:09:35:20 -0500] "GET /catalogoisis/imagenes/br2c1.gif HTTP/1.1" 200 297
179.33.132.63 - - [02/Oct/2022:09:35:20 -0500] "GET /catalogoisis/imagenes/br2c3.gif HTTP/1.1" 200 416
179.33.132.63 - - [02/Oct/2022:09:35:20 -0500] "GET /favicon.ico HTTP/1.1" 200 7782
185.119.81.96 - - [02/Oct/2022:09:35:49 -0500] "GET /portaldeninos/wp-login.php HTTP/1.1" 200 2592
185.119.81.96 - - [02/Oct/2022:09:35:50 -0500] "POST /portaldeninos/wp-login.php HTTP/1.1" 200 3650
69.171.251.4 - - [02/Oct/2022:09:35:55 -0500] "GET /transportadores-de-carga-conocieron-las-opciones-para-contaminar-menos-y-enrutarse-en-la-sostenibilidad.html?fbclid=IwAR35RZbnEs9W10fW8J6YKf2fGwxT2jJEFU3Is5w5C5x_x5qktwSbtT_8Ni4 HTTP/1.1" 200 1003
216.245.221.92 - - [02/Oct/2022:09:37:58 -0500] "HEAD / HTTP/1.1" 200 -
172.22.2.4 - - [02/Oct/2022:09:36:20 -0500] "HEAD /BLA/boletinlegal/ HTTP/1.1" 200 -
172.22.2.4 - - [02/Oct/2022:09:37:10 -0500] "GET /BLA/boletinlegal/ HTTP/1.1" 200 54003
207.46.13.89 - - [02/Oct/2022:09:40:06 -0500] "GET /BLA/resoluciones/AUTOS%202022/2146.pdf HTTP/1.1" 304 -
201.245.192.253 - - [02/Oct/2022:09:40:08 -0500] "POST /kwsrmcab/Wsrmcab  HTTP/1.1" 200 43876
207.46.13.84 - - [02/Oct/2022:09:41:12 -0500] "GET /BLA/resoluciones/index.php?dir=RESOLUCIONES+2005%2FRES+2005+451-500%2F HTTP/1.1" 200 12244
207.46.13.40 - - [02/Oct/2022:09:41:16 -0500] "GET /BLA/resoluciones/index.php?dir=RESOLUCIONES+2006%2FRES+2006+1551-1600%2F HTTP/1.1" 200 12369
201.245.192.253 - - [02/Oct/2022:09:41:45 -0500] "POST /kwsrmcab/Wsrmcab HTTP/1.1" 200 44674
201.245.192.253 - - [02/Oct/2022:09:41:47 -0500] "POST /kwsrmcab/Wsrmcab HTTP/1.1" 200 44536
216.245.221.92 - - [02/Oct/2022:09:42:57 -0500] "HEAD / HTTP/1.1" 200 -
172.22.2.4 - - [02/Oct/2022:09:42:10 -0500] "HEAD /BLA/boletinlegal/ HTTP/1.1" 200 -
172.22.2.4 - - [02/Oct/2022:09:43:00 -0500] "GET /BLA/boletinlegal/ HTTP/1.1" 200 53290
185.119.81.109 - - [02/Oct/2022:09:44:41 -0500] "GET /portaldeninos/wp-login.php HTTP/1.1" 200 2592
185.119.81.109 - - [02/Oct/2022:09:44:42 -0500] "POST /portaldeninos/wp-login.php HTTP/1.1" 200 3670
201.245.192.253 - - [02/Oct/2022:09:45:07 -0500] "POST /kwsrmcab/Wsrmcab  HTTP/1.1" 200 43876
216.245.221.92 - - [02/Oct/2022:09:47:57 -0500] "HEAD / HTTP/1.1" 200 -
186.116.212.195 - - [02/Oct/2022:09:49:16 -0500] "GET /forest/ HTTP/1.1" 200 12041
186.116.212.195 - - [02/Oct/2022:09:49:24 -0500] "POST /forest/index.php HTTP/1.1" 200 12268
172.22.2.4 - - [02/Oct/2022:09:48:00 -0500] "HEAD /BLA/boletinlegal/ HTTP/1.1" 200 -
201.245.192.253 - - [02/Oct/2022:09:50:07 -0500] "POST /kwsrmcab/Wsrmcab  HTTP/1.1" 200 43876
172.22.2.4 - - [02/Oct/2022:09:48:50 -0500] "GET /BLA/boletinlegal/ HTTP/1.1" 200 58163
34.91.32.13 - - [02/Oct/2022:09:51:11 -0500] "GET / HTTP/1.1" 200 319
34.91.32.13 - - [02/Oct/2022:09:51:11 -0500] "GET / HTTP/1.1" 200 4720
23.100.232.233 - - [02/Oct/2022:09:51:24 -0500] "GET /bla/resoluciones/resoluciones%202018/4147.pdf HTTP/1.1" 200 271304
216.245.221.92 - - [02/Oct/2022:09:52:57 -0500] "HEAD / HTTP/1.1" 200 -
94.102.61.10 - - [02/Oct/2022:09:53:14 -0500] "GET / HTTP/1.1" 200 319
201.245.192.253 - - [02/Oct/2022:09:55:07 -0500] "POST /kwsrmcab/Wsrmcab  HTTP/1.1" 200 43876
172.22.2.4 - - [02/Oct/2022:09:53:50 -0500] "HEAD /BLA/boletinlegal/ HTTP/1.1" 200 -
31.13.127.118 - - [02/Oct/2022:09:56:01 -0500] "GET /images/mercados-campesinos-5-mayo.jpg HTTP/1.1" 200 95848
172.22.2.4 - - [02/Oct/2022:09:54:40 -0500] "GET /BLA/boletinlegal/ HTTP/1.1" 200 53640
207.46.13.84 - - [02/Oct/2022:09:57:24 -0500] "GET /BLA/resoluciones/RESOLUCIONES%202005/0201.tif HTTP/1.1" 200 290606
216.245.221.92 - - [02/Oct/2022:09:57:57 -0500] "HEAD / HTTP/1.1" 200 -
201.245.192.253 - - [02/Oct/2022:10:00:06 -0500] "POST /kwsrmcab/Wsrmcab  HTTP/1.1" 200 43876
172.22.2.4 - - [02/Oct/2022:09:59:40 -0500] "HEAD /BLA/boletinlegal/ HTTP/1.1" 200 -
172.22.2.4 - - [02/Oct/2022:10:00:30 -0500] "GET /BLA/boletinlegal/ HTTP/1.1" 200 60281
207.46.13.177 - - [02/Oct/2022:10:02:29 -0500] "GET /portaldeninos/aula-ambiental-artistica-itinerante-auambari/ HTTP/1.1" 200 89306
216.245.221.92 - - [02/Oct/2022:10:02:57 -0500] "HEAD / HTTP/1.1" 200 -
80.94.92.239 - - [02/Oct/2022:10:03:27 -0500] "GET / HTTP/1.1" 200 319
201.245.192.253 - - [02/Oct/2022:10:05:06 -0500] "POST /kwsrmcab/Wsrmcab  HTTP/1.1" 200 43876
172.22.2.4 - - [02/Oct/2022:10:05:30 -0500] "HEAD /BLA/boletinlegal/ HTTP/1.1" 200 -
216.245.221.92 - - [02/Oct/2022:10:07:57 -0500] "HEAD / HTTP/1.1" 200 -
172.22.2.4 - - [02/Oct/2022:10:06:20 -0500] "GET /BLA/boletinlegal/ HTTP/1.1" 200 58575
205.210.31.42 - - [02/Oct/2022:10:09:45 -0500] "GET / HTTP/1.1" 200 319
201.245.192.253 - - [02/Oct/2022:10:10:05 -0500] "POST /kwsrmcab/Wsrmcab  HTTP/1.1" 200 43876
172.22.2.4 - - [02/Oct/2022:10:11:04 -0500] "GET /BLA/boletinlegal/Circulares/2010/Circular%2005%20de%208%20de%20septiembre%20de%202010.pdf HTTP/1.1" 304 -
172.22.2.4 - - [02/Oct/2022:10:12:33 -0500] "GET /BLA/boletinlegal/jurisprudencia/analisis/AnalisisC-035-16.docx HTTP/1.1" 200 25011
216.245.221.92 - - [02/Oct/2022:10:12:57 -0500] "HEAD / HTTP/1.1" 200 -
172.22.2.4 - - [02/Oct/2022:10:11:19 -0500] "HEAD /BLA/boletinlegal/ HTTP/1.1" 200 -
172.22.2.4 - - [02/Oct/2022:10:12:10 -0500] "GET /BLA/boletinlegal/ HTTP/1.1" 200 58163
201.245.192.253 - - [02/Oct/2022:10:15:04 -0500] "POST /kwsrmcab/Wsrmcab  HTTP/1.1" 200 43876
185.119.81.109 - - [02/Oct/2022:10:15:46 -0500] "GET /portaldeninos/wp-login.php HTTP/1.1" 200 2592
185.119.81.109 - - [02/Oct/2022:10:15:47 -0500] "POST /portaldeninos/wp-login.php HTTP/1.1" 200 3605
216.245.221.92 - - [02/Oct/2022:10:17:57 -0500] "HEAD / HTTP/1.1" 200 -
172.22.2.4 - - [02/Oct/2022:10:17:09 -0500] "HEAD /BLA/boletinlegal/ HTTP/1.1" 200 -
172.22.2.4 - - [02/Oct/2022:10:18:00 -0500] "GET /BLA/boletinlegal/ HTTP/1.1" 200 56014
201.245.192.253 - - [02/Oct/2022:10:20:04 -0500] "POST /kwsrmcab/Wsrmcab  HTTP/1.1" 200 43876
157.55.39.202 - - [02/Oct/2022:10:21:05 -0500] "GET /BLA/resoluciones/00000313.tif HTTP/1.1" 404 1018
199.59.150.182 - - [02/Oct/2022:10:21:45 -0500] "GET /images/feria-veh%C3%ADculos-sostenibles_optimized.jpeg HTTP/1.1" 404 1034
201.245.192.253 - - [02/Oct/2022:10:21:44 -0500] "POST /kwsrmcab/Wsrmcab HTTP/1.1" 200 41655
201.184.138.18 - - [02/Oct/2022:10:21:47 -0500] "GET / HTTP/1.1" 200 319
201.245.192.253 - - [02/Oct/2022:10:21:46 -0500] "POST /kwsrmcab/Wsrmcab HTTP/1.1" 200 44997
207.46.13.40 - - [02/Oct/2022:10:22:37 -0500] "GET /BLA/resoluciones/AUTOS%202022/3121.pdf HTTP/1.1" 200 448191
207.46.13.190 - - [02/Oct/2022:10:22:46 -0500] "GET /BLA/resoluciones/0666.tif HTTP/1.1" 404 1018
216.245.221.92 - - [02/Oct/2022:10:22:57 -0500] "HEAD / HTTP/1.1" 200 -
152.89.196.211 - - [02/Oct/2022:10:23:39 -0500] "-" 408 -
66.249.64.13 - - [02/Oct/2022:10:24:04 -0500] "-" 408 -
172.22.2.4 - - [02/Oct/2022:10:22:59 -0500] "HEAD /BLA/boletinlegal/ HTTP/1.1" 200 -
201.245.192.253 - - [02/Oct/2022:10:25:02 -0500] "POST /kwsrmcab/Wsrmcab  HTTP/1.1" 200 43876
172.22.2.4 - - [02/Oct/2022:10:23:50 -0500] "GET /BLA/boletinlegal/ HTTP/1.1" 200 58163
216.245.221.92 - - [02/Oct/2022:10:27:57 -0500] "HEAD / HTTP/1.1" 200 -
199.16.157.180 - - [02/Oct/2022:10:28:19 -0500] "GET /images/feria-veh%C3%ADculos-sostenibles_optimized.jpeg HTTP/1.1" 404 1034
173.252.111.23 - - [02/Oct/2022:10:29:13 -0500] "GET /images/mercados-campesinos-5-mayo.jpg HTTP/1.1" 200 95848
201.245.192.253 - - [02/Oct/2022:10:30:02 -0500] "POST /kwsrmcab/Wsrmcab  HTTP/1.1" 200 43876
172.22.2.4 - - [02/Oct/2022:10:28:49 -0500] "HEAD /BLA/boletinlegal/ HTTP/1.1" 200 -
172.22.2.4 - - [02/Oct/2022:10:29:40 -0500] "GET /BLA/boletinlegal/ HTTP/1.1" 200 58163
201.245.192.253 - - [02/Oct/2022:10:31:44 -0500] "POST /kwsrmcab/Wsrmcab HTTP/1.1" 200 41655
201.245.192.253 - - [02/Oct/2022:10:31:47 -0500] "POST /kwsrmcab/Wsrmcab HTTP/1.1" 200 44997
216.245.221.92 - - [02/Oct/2022:10:32:57 -0500] "HEAD / HTTP/1.1" 200 -
172.22.2.4 - - [02/Oct/2022:10:33:38 -0500] "GET /BLA/boletinlegal/system_api.php HTTP/1.1" 404 1018
172.22.2.4 - - [02/Oct/2022:10:33:40 -0500] "GET /BLA/boletinlegal/c/version.js HTTP/1.1" 404 1018
172.22.2.4 - - [02/Oct/2022:10:33:43 -0500] "GET /BLA/boletinlegal/streaming/clients_live.php HTTP/1.1" 404 1018
172.22.2.4 - - [02/Oct/2022:10:33:45 -0500] "GET /BLA/boletinlegal/stalker_portal/c/version.js HTTP/1.1" 404 1018
172.22.2.4 - - [02/Oct/2022:10:33:48 -0500] "GET /BLA/boletinlegal/stream/live.php HTTP/1.1" 404 1018
172.22.2.4 - - [02/Oct/2022:10:33:50 -0500] "GET /BLA/boletinlegal/flu/403.html HTTP/1.1" 404 1018
207.46.13.40 - - [02/Oct/2022:10:34:21 -0500] "GET /BLA/resoluciones/AUTOS%202014/3107.pdf HTTP/1.1" 200 504747
172.22.2.4 - - [02/Oct/2022:10:33:54 -0500] "GET /BLA/boletinlegal/ HTTP/1.1" 200 24523
207.46.13.89 - - [02/Oct/2022:10:34:40 -0500] "GET /BLA/resoluciones/00000897.tif HTTP/1.1" 404 1018
201.245.192.253 - - [02/Oct/2022:10:35:00 -0500] "POST /kwsrmcab/Wsrmcab  HTTP/1.1" 200 43876
172.22.2.4 - - [02/Oct/2022:10:35:41 -0500] "GET /BLA/boletinlegal/styles2.css HTTP/1.1" 200 1838
172.22.2.4 - - [02/Oct/2022:10:35:41 -0500] "GET /BLA/boletinlegal/js/jquery.js HTTP/1.1" 200 57254
172.22.2.4 - - [02/Oct/2022:10:35:41 -0500] "GET /BLA/boletinlegal/js/jquery.scrollTo-min.js HTTP/1.1" 200 1150
172.22.2.4 - - [02/Oct/2022:10:35:41 -0500] "GET /BLA/boletinlegal/js/jquery.scrollShow.js HTTP/1.1" 200 4586
172.22.2.4 - - [02/Oct/2022:10:35:41 -0500] "GET /BLA/boletinlegal/style.css HTTP/1.1" 200 9406
172.22.2.4 - - [02/Oct/2022:10:35:41 -0500] "GET /BLA/boletinlegal/images/cabezote%20BLEGAL.jpg HTTP/1.1" 200 118164
172.22.2.4 - - [02/Oct/2022:10:35:41 -0500] "GET /BLA/boletinlegal/images/subscribe-icon-big.png HTTP/1.1" 200 47702
172.22.2.4 - - [02/Oct/2022:10:35:41 -0500] "GET /BLA/boletinlegal/images/historia.png HTTP/1.1" 200 52775
172.22.2.4 - - [02/Oct/2022:10:35:41 -0500] "GET /BLA/boletinlegal/images/registro-usuarios.png HTTP/1.1" 200 8106
172.22.2.4 - - [02/Oct/2022:10:35:41 -0500] "GET /BLA/boletinlegal/images/hover.jpg HTTP/1.1" 200 640
172.22.2.4 - - [02/Oct/2022:10:35:41 -0500] "GET /BLA/boletinlegal/images/launch.jpg HTTP/1.1" 200 14577
172.22.2.4 - - [02/Oct/2022:10:35:41 -0500] "GET /BLA/boletinlegal/images/menu_rght.gif HTTP/1.1" 200 1627
172.22.2.4 - - [02/Oct/2022:10:35:41 -0500] "GET /BLA/boletinlegal/images/screen_1.png HTTP/1.1" 200 202547
172.22.2.4 - - [02/Oct/2022:10:35:41 -0500] "GET /BLA/boletinlegal/images/text.jpg HTTP/1.1" 200 568
172.22.2.4 - - [02/Oct/2022:10:35:41 -0500] "GET /BLA/boletinlegal/images/body_bg.jpg HTTP/1.1" 200 1601
172.22.2.4 - - [02/Oct/2022:10:35:41 -0500] "GET /BLA/boletinlegal/images/menu_lft.gif HTTP/1.1" 200 1713
172.22.2.4 - - [02/Oct/2022:10:35:41 -0500] "GET /BLA/boletinlegal/images/arr_l.jpg HTTP/1.1" 200 1979
172.22.2.4 - - [02/Oct/2022:10:35:41 -0500] "GET /BLA/boletinlegal/images/bg_top.jpg HTTP/1.1" 200 522
172.22.2.4 - - [02/Oct/2022:10:35:41 -0500] "GET /BLA/boletinlegal/images/menu_bg.jpg HTTP/1.1" 200 620
172.22.2.4 - - [02/Oct/2022:10:35:42 -0500] "GET /BLA/boletinlegal/actos.php HTTP/1.1" 200 9559
172.22.2.4 - - [02/Oct/2022:10:35:42 -0500] "GET /BLA/boletinlegal/niceforms.js HTTP/1.1" 200 22876
172.22.2.4 - - [02/Oct/2022:10:35:42 -0500] "GET /BLA/boletinlegal/niceforms-default.css HTTP/1.1" 200 6694
172.22.2.4 - - [02/Oct/2022:10:35:42 -0500] "GET /BLA/boletinlegal/js/lib.js HTTP/1.1" 200 6474
172.22.2.4 - - [02/Oct/2022:10:35:42 -0500] "GET /BLA/boletinlegal/js/popup.js HTTP/1.1" 200 1270
172.22.2.4 - - [02/Oct/2022:10:35:42 -0500] "GET /BLA/boletinlegal/js/ajax_actos.js HTTP/1.1" 200 1322
172.22.2.4 - - [02/Oct/2022:10:35:42 -0500] "GET /BLA/boletinlegal/images/green-yellow-blue-pink-th.png HTTP/1.1" 200 7394
172.22.2.4 - - [02/Oct/2022:10:35:42 -0500] "GET /BLA/boletinlegal/js/jquery1.js HTTP/1.1" 200 29846
172.22.2.4 - - [02/Oct/2022:10:35:42 -0500] "GET /BLA/boletinlegal/images/abajo.png HTTP/1.1" 200 96676
172.22.2.4 - - [02/Oct/2022:10:35:42 -0500] "GET /BLA/boletinlegal/images/tel.png HTTP/1.1" 200 14477
172.22.2.4 - - [02/Oct/2022:10:35:42 -0500] "GET /BLA/boletinlegal/images/icono-email.png HTTP/1.1" 200 5544
172.22.2.4 - - [02/Oct/2022:10:35:42 -0500] "GET /BLA/boletinlegal/images/footer_bg.jpg HTTP/1.1" 200 586
172.22.2.4 - - [02/Oct/2022:10:35:42 -0500] "GET /BLA/boletinlegal/images/footer_bg_l.jpg HTTP/1.1" 200 776
172.22.2.4 - - [02/Oct/2022:10:35:42 -0500] "GET /BLA/boletinlegal/img/0.png HTTP/1.1" 200 110
172.22.2.4 - - [02/Oct/2022:10:35:42 -0500] "GET /BLA/boletinlegal/img/select-left.png HTTP/1.1" 200 263
172.22.2.4 - - [02/Oct/2022:10:35:42 -0500] "GET /BLA/boletinlegal/img/button.png HTTP/1.1" 200 43241
172.22.2.4 - - [02/Oct/2022:10:35:42 -0500] "GET /BLA/boletinlegal/img/select-right.png HTTP/1.1" 200 44019
172.22.2.4 - - [02/Oct/2022:10:35:42 -0500] "GET /BLA/boletinlegal/img/button-right.png HTTP/1.1" 200 57878
172.22.2.4 - - [02/Oct/2022:10:35:42 -0500] "GET /BLA/boletinlegal/img/button-left.png HTTP/1.1" 200 57071
172.22.2.4 - - [02/Oct/2022:10:35:42 -0500] "GET /BLA/boletinlegal/favicon.ico HTTP/1.1" 404 1326
172.22.2.4 - - [02/Oct/2022:10:36:02 -0500] "GET /BLA/boletinlegal/consulta_actos.php?tipo=autos&no=4792&usuario=&sector=&fecha=2021&resuelve= HTTP/1.1" 200 1168
172.22.2.4 - - [02/Oct/2022:10:36:03 -0500] "GET /BLA/boletinlegal/images/pdf.gif HTTP/1.1" 200 567
186.116.212.195 - - [02/Oct/2022:10:36:04 -0500] "GET /BLA/resoluciones/AUTOS%202021/4792.pdf HTTP/1.1" 200 529956
186.116.212.195 - - [02/Oct/2022:10:36:11 -0500] "GET /favicon.ico HTTP/1.1" 200 7782
172.22.2.4 - - [02/Oct/2022:10:34:39 -0500] "HEAD /BLA/boletinlegal/ HTTP/1.1" 200 -
172.22.2.4 - - [02/Oct/2022:10:35:41 -0500] "GET /BLA/boletinlegal/ HTTP/1.1" 200 24523
172.22.2.4 - - [02/Oct/2022:10:35:30 -0500] "GET /BLA/boletinlegal/ HTTP/1.1" 200 51630
216.245.221.92 - - [02/Oct/2022:10:37:57 -0500] "HEAD / HTTP/1.1" 200 -
201.245.192.253 - - [02/Oct/2022:10:39:59 -0500] "POST /kwsrmcab/Wsrmcab  HTTP/1.1" 200 43876
62.231.95.189 - - [02/Oct/2022:10:40:44 -0500] "-" 408 -
201.245.192.253 - - [02/Oct/2022:10:41:44 -0500] "POST /kwsrmcab/Wsrmcab HTTP/1.1" 200 41655
201.245.192.253 - - [02/Oct/2022:10:41:46 -0500] "POST /kwsrmcab/Wsrmcab HTTP/1.1" 200 44997
172.22.2.4 - - [02/Oct/2022:10:40:29 -0500] "HEAD /BLA/boletinlegal/ HTTP/1.1" 200 -
216.245.221.92 - - [02/Oct/2022:10:42:57 -0500] "HEAD / HTTP/1.1" 200 -
172.22.2.4 - - [02/Oct/2022:10:41:20 -0500] "GET /BLA/boletinlegal/ HTTP/1.1" 200 53290
172.22.2.4 - - [02/Oct/2022:10:44:40 -0500] "GET /BLA/boletinlegal/Circulares/2011/Circular%20No.%205%20del%2014%20de%20Julio%20de%202011.pdf HTTP/1.1" 200 1488992
201.245.192.253 - - [02/Oct/2022:10:44:59 -0500] "POST /kwsrmcab/Wsrmcab  HTTP/1.1" 200 43876
64.124.8.40 - - [02/Oct/2022:10:45:57 -0500] "GET /BLA/boletinlegal/ HTTP/1.1" 200 55630
216.245.221.92 - - [02/Oct/2022:10:47:57 -0500] "HEAD / HTTP/1.1" 200 -
172.22.2.4 - - [02/Oct/2022:10:46:19 -0500] "HEAD /BLA/boletinlegal/ HTTP/1.1" 200 -
172.22.2.4 - - [02/Oct/2022:10:47:10 -0500] "GET /BLA/boletinlegal/ HTTP/1.1" 200 56376
201.245.192.253 - - [02/Oct/2022:10:49:58 -0500] "POST /kwsrmcab/Wsrmcab  HTTP/1.1" 200 43876
181.60.200.3 - - [02/Oct/2022:10:50:28 -0500] "GET /portaldeninos/wp-includes/js/wp-emoji-release.min.js?ver=4.9.8 HTTP/1.1" 200 12026
181.60.200.3 - - [02/Oct/2022:10:50:27 -0500] "GET /portaldeninos/ HTTP/1.1" 200 110197
181.60.200.3 - - [02/Oct/2022:10:50:28 -0500] "GET /portaldeninos/wp-content/uploads/useanyfont/uaf.css?ver=1589905315 HTTP/1.1" 200 408
181.60.200.3 - - [02/Oct/2022:10:50:28 -0500] "GET /portaldeninos/wp-content/themes/betheme/style.css?ver=20.9.6 HTTP/1.1" 200 287
181.60.200.3 - - [02/Oct/2022:10:50:28 -0500] "GET /portaldeninos/wp-content/themes/betheme/css/base.css?ver=20.9.6 HTTP/1.1" 200 57283
181.60.200.3 - - [02/Oct/2022:10:50:28 -0500] "GET /portaldeninos/wp-content/plugins/gallery-videos/CSS/totalsoft.css?ver=4.9.8 HTTP/1.1" 200 40622
181.60.200.3 - - [02/Oct/2022:10:50:28 -0500] "GET /portaldeninos/wp-content/plugins/gallery-videos/CSS/Total-Soft-Gallery-Video-Widget.css?ver=4.9.8 HTTP/1.1" 200 51554
181.60.200.3 - - [02/Oct/2022:10:50:28 -0500] "GET /portaldeninos/wp-content/themes/betheme/css/shortcodes.css?ver=20.9.6 HTTP/1.1" 200 138889
181.60.200.3 - - [02/Oct/2022:10:50:29 -0500] "GET /portaldeninos/wp-content/themes/betheme/assets/jplayer/css/jplayer.blue.monday.css?ver=20.9.6 HTTP/1.1" 200 9834
181.60.200.3 - - [02/Oct/2022:10:50:28 -0500] "GET /portaldeninos/wp-content/themes/betheme/assets/animations/animations.min.css?ver=20.9.6 HTTP/1.1" 200 58508
181.60.200.3 - - [02/Oct/2022:10:50:29 -0500] "GET /portaldeninos/wp-content/themes/betheme/assets/ui/jquery.ui.all.css?ver=20.9.6 HTTP/1.1" 200 18765
181.60.200.3 - - [02/Oct/2022:10:50:30 -0500] "GET /portaldeninos/wp-content/plugins/popup-maker/assets/css/site.min.css?ver=1.8.14 HTTP/1.1" 200 8260
181.60.200.3 - - [02/Oct/2022:10:50:30 -0500] "GET /portaldeninos/wp-includes/js/jquery/jquery-migrate.min.js?ver=1.4.1 HTTP/1.1" 200 10056
181.60.200.3 - - [02/Oct/2022:10:50:30 -0500] "GET /portaldeninos/wp-content/plugins/google-analytics-for-wordpress/assets/js/frontend-gtag.min.js?ver=8.5.0 HTTP/1.1" 200 11801
181.60.200.3 - - [02/Oct/2022:10:50:30 -0500] "GET /portaldeninos/wp-includes/js/jquery/ui/core.min.js?ver=1.11.4 HTTP/1.1" 200 4000
181.60.200.3 - - [02/Oct/2022:10:50:30 -0500] "GET /portaldeninos/wp-includes/js/jquery/jquery.js?ver=1.12.4 HTTP/1.1" 200 97184
181.60.200.3 - - [02/Oct/2022:10:50:31 -0500] "GET /portaldeninos/wp-content/plugins/gallery-videos/JS/modernizr.custom.js?ver=4.9.8 HTTP/1.1" 200 9019
181.60.200.3 - - [02/Oct/2022:10:50:31 -0500] "GET /portaldeninos/wp-content/plugins/gallery-videos/JS/Total-Soft-Gallery-Video-Widget.js?ver=4.9.8 HTTP/1.1" 200 80264
181.60.200.3 - - [02/Oct/2022:10:50:30 -0500] "GET /portaldeninos/wp-content/themes/betheme/css/responsive.css?ver=20.9.6 HTTP/1.1" 200 55740
181.60.200.3 - - [02/Oct/2022:10:50:28 -0500] "GET /portaldeninos/wp-content/themes/betheme/css/layout.css?ver=20.9.6 HTTP/1.1" 200 116639
181.60.200.3 - - [02/Oct/2022:10:50:32 -0500] "GET /portaldeninos/wp-includes/js/jquery/ui/widget.min.js?ver=1.11.4 HTTP/1.1" 200 6908
181.60.200.3 - - [02/Oct/2022:10:50:32 -0500] "GET /portaldeninos/wp-includes/js/jquery/ui/mouse.min.js?ver=1.11.4 HTTP/1.1" 200 3148
181.60.200.3 - - [02/Oct/2022:10:50:32 -0500] "GET /portaldeninos/wp-includes/js/jquery/ui/tabs.min.js?ver=1.11.4 HTTP/1.1" 200 12110
181.60.200.3 - - [02/Oct/2022:10:50:32 -0500] "GET /portaldeninos/wp-includes/js/jquery/ui/sortable.min.js?ver=1.11.4 HTTP/1.1" 200 24899
181.60.200.3 - - [02/Oct/2022:10:50:32 -0500] "GET /portaldeninos/wp-content/themes/betheme/assets/animations/animations.min.js?ver=20.9.6 HTTP/1.1" 200 1896
181.60.200.3 - - [02/Oct/2022:10:50:32 -0500] "GET /portaldeninos/wp-content/themes/betheme/js/menu.js?ver=20.9.6 HTTP/1.1" 200 2449
181.60.200.3 - - [02/Oct/2022:10:50:32 -0500] "GET /portaldeninos/wp-includes/js/jquery/ui/accordion.min.js?ver=1.11.4 HTTP/1.1" 200 8584
181.60.200.3 - - [02/Oct/2022:10:50:32 -0500] "GET /portaldeninos/wp-includes/js/jquery/ui/position.min.js?ver=1.11.4 HTTP/1.1" 200 6527
181.60.200.3 - - [02/Oct/2022:10:50:33 -0500] "GET /portaldeninos/wp-includes/js/wp-embed.min.js?ver=4.9.8 HTTP/1.1" 200 1398
181.60.200.3 - - [02/Oct/2022:10:50:32 -0500] "GET /portaldeninos/wp-content/themes/betheme/assets/jplayer/jplayer.min.js?ver=20.9.6 HTTP/1.1" 200 52702
181.60.200.3 - - [02/Oct/2022:10:50:32 -0500] "GET /portaldeninos/wp-content/themes/betheme/js/scripts.js?ver=20.9.6 HTTP/1.1" 200 77162
181.60.200.3 - - [02/Oct/2022:10:50:32 -0500] "GET /portaldeninos/wp-content/plugins/popup-maker/assets/js/site.min.js?defer&ver=1.8.14 HTTP/1.1" 200 48457
181.60.200.3 - - [02/Oct/2022:10:50:33 -0500] "GET /portaldeninos/wp-content/uploads/2021/06/titulo-cabezote-ni%C3%B1os.png HTTP/1.1" 200 64425
181.60.200.3 - - [02/Oct/2022:10:50:34 -0500] "GET /portaldeninos/wp-content/uploads/2021/06/titulo-miambiente-ni%C3%B1os.png HTTP/1.1" 200 11944
181.60.200.3 - - [02/Oct/2022:10:50:33 -0500] "GET /portaldeninos/wp-content/uploads/2019/08/Logo-Ambientic.png HTTP/1.1" 200 22941
181.60.200.3 - - [02/Oct/2022:10:50:34 -0500] "GET /portaldeninos/wp-content/uploads/2020/01/Tierra-escenario.jpg HTTP/1.1" 200 181491
181.60.200.3 - - [02/Oct/2022:10:50:42 -0500] "GET /portaldeninos/wp-content/uploads/2021/06/titulo-videos-ni%C3%B1os.png HTTP/1.1" 200 10502
181.60.200.3 - - [02/Oct/2022:10:50:34 -0500] "GET /portaldeninos/wp-content/uploads/2018/10/oso.jpg HTTP/1.1" 200 305180
181.60.200.3 - - [02/Oct/2022:10:50:43 -0500] "GET /portaldeninos/wp-content/uploads/2021/06/titulo-humedales-ni%C3%B1os.png HTTP/1.1" 200 13361
181.60.200.3 - - [02/Oct/2022:10:50:34 -0500] "GET /portaldeninos/wp-content/uploads/2020/01/Frailejon-escenario.jpg HTTP/1.1" 200 357472
181.60.200.3 - - [02/Oct/2022:10:50:49 -0500] "GET /portaldeninos/wp-content/uploads/2020/05/fb.jpg HTTP/1.1" 200 9893
181.60.200.3 - - [02/Oct/2022:10:50:32 -0500] "GET /portaldeninos/wp-content/themes/betheme/js/plugins.js?ver=20.9.6 HTTP/1.1" 200 197151
181.60.200.3 - - [02/Oct/2022:10:50:49 -0500] "GET /portaldeninos/wp-content/uploads/2020/05/ig.jpg HTTP/1.1" 200 11470
181.60.200.3 - - [02/Oct/2022:10:50:50 -0500] "GET /portaldeninos/wp-content/uploads/2020/06/yt.jpg HTTP/1.1" 200 10577
181.60.200.3 - - [02/Oct/2022:10:50:50 -0500] "GET /portaldeninos/wp-content/uploads/2020/06/tw.jpg HTTP/1.1" 200 11056
181.60.200.3 - - [02/Oct/2022:10:50:51 -0500] "GET /portaldeninos/wp-content/themes/betheme/images/box_shadow.png HTTP/1.1" 200 108
181.60.200.3 - - [02/Oct/2022:10:50:51 -0500] "GET /portaldeninos/wp-content/themes/betheme/images/stripes/stripes_3_b.png HTTP/1.1" 200 974
181.60.200.3 - - [02/Oct/2022:10:50:34 -0500] "GET /portaldeninos/wp-content/uploads/2018/11/caneca.jpg HTTP/1.1" 200 262661
181.60.200.3 - - [02/Oct/2022:10:50:44 -0500] "GET /portaldeninos/wp-content/uploads/2022/08/Infograf%C3%ADa-humedales-actualizada.png HTTP/1.1" 200 588022
181.60.200.3 - - [02/Oct/2022:10:50:34 -0500] "GET /portaldeninos/wp-content/uploads/2018/11/tigrillo.jpg HTTP/1.1" 200 402961
181.60.200.3 - - [02/Oct/2022:10:51:06 -0500] "GET /portaldeninos/wp-json/pum/v1/analytics/?event=open&pid=1126&_cache=1664725752081 HTTP/1.1" 204 -
207.46.13.84 - - [02/Oct/2022:10:51:09 -0500] "GET /BLA/resoluciones/RESOLUCIONES%202022/0531.pdf HTTP/1.1" 200 338123
181.60.200.3 - - [02/Oct/2022:10:51:13 -0500] "GET /portaldeninos/wp-content/themes/betheme/fonts/mfn-icons.woff?93978679 HTTP/1.1" 200 80932
181.60.200.3 - - [02/Oct/2022:10:50:51 -0500] "GET /portaldeninos/wp-content/uploads/2019/06/CabezoteAMBIENTIC.mp4 HTTP/1.1" 206 661734
181.60.200.3 - - [02/Oct/2022:10:50:53 -0500] "GET /portaldeninos/wp-content/uploads/2022/01/Conoce-lo-que-hace-la-Secretar%C3%ADa-de-Ambiente.mp4 HTTP/1.1" 206 1652970
181.60.200.3 - - [02/Oct/2022:10:50:44 -0500] "GET /portaldeninos/wp-content/uploads/2022/08/HUmedalConejera03-1.jpg HTTP/1.1" 200 3142708
216.245.221.92 - - [02/Oct/2022:10:52:57 -0500] "HEAD / HTTP/1.1" 200 -
207.46.13.84 - - [02/Oct/2022:10:53:00 -0500] "GET /BLA/resoluciones/00000895.tif HTTP/1.1" 404 1018
172.22.2.4 - - [02/Oct/2022:10:53:24 -0500] "GET /BLA/boletinlegal/jurisprudencia/analisis/G__Jurisp.%20Junio%202014_Sent%20Tutela%20Drumond.docx HTTP/1.1" 304 -
172.22.2.4 - - [02/Oct/2022:10:52:09 -0500] "HEAD /BLA/boletinlegal/ HTTP/1.1" 200 -
172.22.2.4 - - [02/Oct/2022:10:53:00 -0500] "GET /BLA/boletinlegal/ HTTP/1.1" 200 57725
201.245.192.253 - - [02/Oct/2022:10:54:57 -0500] "POST /kwsrmcab/Wsrmcab  HTTP/1.1" 200 43876
185.119.81.109 - - [02/Oct/2022:10:55:13 -0500] "GET /portaldeninos/wp-login.php HTTP/1.1" 200 2592
185.119.81.109 - - [02/Oct/2022:10:55:14 -0500] "POST /portaldeninos/wp-login.php HTTP/1.1" 200 3650
172.22.2.4 - - [02/Oct/2022:10:55:21 -0500] "GET /BLA/boletinlegal/jurisprudencia/analisis/CUADRO%20ANALISIS%20SENTENCIA%20T-411%20DE%201992.doc HTTP/1.1" 200 41984
172.22.2.4 - - [02/Oct/2022:10:56:16 -0500] "GET /BLA/boletinlegal/jurisprudencia/analisis/CUADRO%20ANALISIS%20SENTENCIA%20T-411%20DE%201992.doc HTTP/1.1" 200 41984
216.245.221.92 - - [02/Oct/2022:10:57:57 -0500] "HEAD / HTTP/1.1" 200 -
172.22.2.4 - - [02/Oct/2022:10:57:59 -0500] "HEAD /BLA/boletinlegal/ HTTP/1.1" 200 -
201.245.192.253 - - [02/Oct/2022:10:59:56 -0500] "POST /kwsrmcab/Wsrmcab  HTTP/1.1" 200 43876
23.100.232.233 - - [02/Oct/2022:11:00:30 -0500] "GET /bla/resoluciones/resoluciones%202019/3805.pdf HTTP/1.1" 200 709520
172.22.2.4 - - [02/Oct/2022:10:58:50 -0500] "GET /BLA/boletinlegal/ HTTP/1.1" 200 57725
69.171.230.5 - - [02/Oct/2022:11:02:30 -0500] "GET /transportadores-de-carga-conocieron-las-opciones-para-contaminar-menos-y-enrutarse-en-la-sostenibilidad.html HTTP/1.1" 206 1003
69.171.230.5 - - [02/Oct/2022:11:02:30 -0500] "GET /transportadores-de-carga-conocieron-las-opciones-para-contaminar-menos-y-enrutarse-en-la-sostenibilidad.html HTTP/1.1" 206 1003
216.245.221.92 - - [02/Oct/2022:11:02:57 -0500] "HEAD / HTTP/1.1" 200 -
199.59.150.182 - - [02/Oct/2022:11:04:28 -0500] "GET /images/feria-veh%C3%ADculos-sostenibles_optimized.jpeg HTTP/1.1" 404 1034
201.245.192.253 - - [02/Oct/2022:11:04:55 -0500] "POST /kwsrmcab/Wsrmcab  HTTP/1.1" 200 43876
172.22.2.4 - - [02/Oct/2022:11:03:49 -0500] "HEAD /BLA/boletinlegal/ HTTP/1.1" 200 -
172.22.2.4 - - [02/Oct/2022:11:04:40 -0500] "GET /BLA/boletinlegal/ HTTP/1.1" 200 58163
66.249.64.15 - - [02/Oct/2022:11:06:20 -0500] "-" 408 -
157.55.39.25 - - [02/Oct/2022:11:07:47 -0500] "GET /BLA/resoluciones/RESOLUCIONES%202021/3337.pdf HTTP/1.1" 304 -
216.245.221.92 - - [02/Oct/2022:11:07:57 -0500] "HEAD / HTTP/1.1" 200 -
207.46.13.40 - - [02/Oct/2022:11:08:43 -0500] "GET /BLA/resoluciones/RESOLUCIONES%202019/3307.pdf HTTP/1.1" 200 432125
186.85.120.229 - - [02/Oct/2022:11:09:09 -0500] "GET /galeria/galeria/jquery.fancybox.css?v=2.1.5 HTTP/1.1" 200 4895
185.119.81.109 - - [02/Oct/2022:11:09:46 -0500] "GET /portaldeninos/wp-login.php HTTP/1.1" 200 2592
185.119.81.109 - - [02/Oct/2022:11:09:47 -0500] "POST /portaldeninos/wp-login.php HTTP/1.1" 200 3605
207.46.13.40 - - [02/Oct/2022:11:09:52 -0500] "GET /BLA/resoluciones/00000888.tif HTTP/1.1" 404 1018
201.245.192.253 - - [02/Oct/2022:11:09:55 -0500] "POST /kwsrmcab/Wsrmcab  HTTP/1.1" 200 43876
152.89.196.211 - - [02/Oct/2022:11:10:49 -0500] "GET /actuator/gateway/routes HTTP/1.1" 404 1018
172.22.2.4 - - [02/Oct/2022:11:09:39 -0500] "HEAD /BLA/boletinlegal/ HTTP/1.1" 200 -
172.22.2.4 - - [02/Oct/2022:11:10:30 -0500] "GET /BLA/boletinlegal/ HTTP/1.1" 200 58163
216.245.221.92 - - [02/Oct/2022:11:12:57 -0500] "HEAD / HTTP/1.1" 200 -
201.245.192.253 - - [02/Oct/2022:11:14:55 -0500] "POST /kwsrmcab/Wsrmcab  HTTP/1.1" 200 43876
172.22.2.4 - - [02/Oct/2022:11:14:57 -0500] "GET /BLA/boletinlegal/jurisprudencia/analisis/AnalisisC-035-16.docx HTTP/1.1" 200 25011
172.22.2.4 - - [02/Oct/2022:11:15:29 -0500] "HEAD /BLA/boletinlegal/ HTTP/1.1" 200 -
216.245.221.92 - - [02/Oct/2022:11:17:57 -0500] "HEAD / HTTP/1.1" 200 -
172.22.2.4 - - [02/Oct/2022:11:16:20 -0500] "GET /BLA/boletinlegal/ HTTP/1.1" 200 54823
201.245.192.253 - - [02/Oct/2022:11:19:54 -0500] "POST /kwsrmcab/Wsrmcab  HTTP/1.1" 200 43876
201.245.192.253 - - [02/Oct/2022:11:21:44 -0500] "POST /kwsrmcab/Wsrmcab HTTP/1.1" 200 39923
201.245.192.253 - - [02/Oct/2022:11:21:47 -0500] "POST /kwsrmcab/Wsrmcab HTTP/1.1" 200 44978
216.245.221.92 - - [02/Oct/2022:11:22:57 -0500] "HEAD / HTTP/1.1" 200 -
172.22.2.4 - - [02/Oct/2022:11:21:19 -0500] "HEAD /BLA/boletinlegal/ HTTP/1.1" 200 -
172.22.2.4 - - [02/Oct/2022:11:22:10 -0500] "GET /BLA/boletinlegal/ HTTP/1.1" 200 60281
201.245.192.253 - - [02/Oct/2022:11:24:53 -0500] "POST /kwsrmcab/Wsrmcab  HTTP/1.1" 200 43876
157.55.39.159 - - [02/Oct/2022:11:25:21 -0500] "GET /portaldeninos/wp-content/uploads/2020/11/Tibanica-B-260x146.jpg HTTP/1.1" 200 12710
172.22.2.4 - - [02/Oct/2022:11:25:30 -0500] "GET /BLA/boletinlegal/robots.txt HTTP/1.1" 404 1038
172.22.2.4 - - [02/Oct/2022:11:25:34 -0500] "GET /BLA/boletinlegal/Directivas/2015/Directiva%20No.%2001%20del%2014%20de%20Enero%20de%202015.pdf HTTP/1.1" 200 1416322
207.46.13.211 - - [02/Oct/2022:11:27:01 -0500] "GET /portaldeninos/wp-content/uploads/2021/07/grafico-humedales-bogota-1-julio-300x231.jpg HTTP/1.1" 200 20111
