167.0.140.139 - - [02/Oct/2022:07:32:15 -0500] "GET /sipse/faces/javax.faces.resource/jquery/jquery.js?ln=primefaces&v=4.0 HTTP/1.1" 304 -
167.0.140.139 - - [02/Oct/2022:07:32:15 -0500] "GET /sipse/faces/javax.faces.resource/jquery/jquery-plugins.js?ln=primefaces&v=4.0 HTTP/1.1" 304 -
167.0.140.139 - - [02/Oct/2022:07:32:15 -0500] "GET /sipse/faces/javax.faces.resource/primefaces.js?ln=primefaces&v=4.0 HTTP/1.1" 304 -
167.0.140.139 - - [02/Oct/2022:07:32:15 -0500] "GET /sipse/faces/javax.faces.resource/layout/layout.js?ln=primefaces&v=4.0 HTTP/1.1" 304 -
167.0.140.139 - - [02/Oct/2022:07:32:16 -0500] "POST /sipse/faces/presentacion/financiero/solicitudProceso/listarSolicitudProceso.xhtml HTTP/1.1" 200 1480
167.0.140.139 - - [02/Oct/2022:07:32:20 -0500] "POST /sipse/faces/presentacion/financiero/solicitudProceso/listarSolicitudProceso.xhtml HTTP/1.1" 200 13823
216.245.221.92 - - [02/Oct/2022:07:32:58 -0500] "HEAD / HTTP/1.1" 200 -
107.21.132.156 - - [02/Oct/2022:07:33:10 -0500] "GET /transportadores-de-carga-conocieron-las-opciones-para-contaminar-menos-y-enrutarse-en-la-sostenibilidad.html HTTP/1.1" 200 1003
34.229.6.152 - - [02/Oct/2022:07:33:11 -0500] "GET /los-martires-recibe-la-feria-de-servicios-donde-podras-adelantar-todos-tus-tramites-ambientales.html HTTP/1.1" 200 889
173.252.95.5 - - [02/Oct/2022:07:34:31 -0500] "GET /images/mercados-campesinos-5-mayo.jpg HTTP/1.1" 200 95848
172.22.2.4 - - [02/Oct/2022:07:33:50 -0500] "HEAD /BLA/boletinlegal/ HTTP/1.1" 200 -
201.245.192.253 - - [02/Oct/2022:07:35:33 -0500] "POST /kwsrmcab/Wsrmcab  HTTP/1.1" 200 43876
172.22.2.4 - - [02/Oct/2022:07:34:40 -0500] "GET /BLA/boletinlegal/ HTTP/1.1" 200 55220
82.80.230.228 - - [02/Oct/2022:07:37:34 -0500] "GET /galeria/galeria/fotos/Humedal-Santa-Mar%C3%ADa-del-Lago3G.jpg HTTP/1.1" 200 271832
216.245.221.92 - - [02/Oct/2022:07:37:58 -0500] "HEAD / HTTP/1.1" 200 -
172.22.2.4 - - [02/Oct/2022:07:39:13 -0500] "GET /BLA/boletinlegal/ HTTP/1.1" 200 36811
31.13.115.18 - - [02/Oct/2022:07:40:25 -0500] "GET /images/mercados-campesinos-5-mayo.jpg HTTP/1.1" 200 95848
201.245.192.253 - - [02/Oct/2022:07:40:32 -0500] "POST /kwsrmcab/Wsrmcab  HTTP/1.1" 200 43876
172.22.2.4 - - [02/Oct/2022:07:39:40 -0500] "HEAD /BLA/boletinlegal/ HTTP/1.1" 200 -
201.245.192.253 - - [02/Oct/2022:07:41:44 -0500] "POST /kwsrmcab/Wsrmcab HTTP/1.1" 200 44216
201.245.192.253 - - [02/Oct/2022:07:41:47 -0500] "POST /kwsrmcab/Wsrmcab HTTP/1.1" 200 44881
172.22.2.4 - - [02/Oct/2022:07:40:30 -0500] "GET /BLA/boletinlegal/ HTTP/1.1" 200 56376
199.16.157.181 - - [02/Oct/2022:07:42:28 -0500] "GET /images/feria-veh%C3%ADculos-sostenibles_optimized.jpeg HTTP/1.1" 404 1034
216.245.221.92 - - [02/Oct/2022:07:42:58 -0500] "HEAD / HTTP/1.1" 200 -
201.245.192.253 - - [02/Oct/2022:07:45:31 -0500] "POST /kwsrmcab/Wsrmcab  HTTP/1.1" 200 43876
172.22.2.4 - - [02/Oct/2022:07:45:30 -0500] "HEAD /BLA/boletinlegal/ HTTP/1.1" 200 -
173.252.83.23 - - [02/Oct/2022:07:47:25 -0500] "GET /images/mercados-campesinos-5-mayo.jpg HTTP/1.1" 200 95848
207.46.13.84 - - [02/Oct/2022:07:47:55 -0500] "GET /BLA/resoluciones/RESOLUCIONES%202021/2458.pdf HTTP/1.1" 200 393369
216.245.221.92 - - [02/Oct/2022:07:47:58 -0500] "HEAD / HTTP/1.1" 200 -
172.22.2.4 - - [02/Oct/2022:07:46:20 -0500] "GET /BLA/boletinlegal/ HTTP/1.1" 200 60281
201.245.192.253 - - [02/Oct/2022:07:50:30 -0500] "POST /kwsrmcab/Wsrmcab  HTTP/1.1" 200 43876
40.77.167.14 - - [02/Oct/2022:07:52:45 -0500] "GET /inicio/humedal-la-conejera/ HTTP/1.1" 404 1049
216.245.221.92 - - [02/Oct/2022:07:52:58 -0500] "HEAD / HTTP/1.1" 200 -
172.22.2.4 - - [02/Oct/2022:07:51:20 -0500] "HEAD /BLA/boletinlegal/ HTTP/1.1" 200 -
172.22.2.4 - - [02/Oct/2022:07:52:10 -0500] "GET /BLA/boletinlegal/ HTTP/1.1" 200 58163
207.46.13.230 - - [02/Oct/2022:07:54:29 -0500] "-" 408 -
201.245.192.253 - - [02/Oct/2022:07:55:29 -0500] "POST /kwsrmcab/Wsrmcab  HTTP/1.1" 200 43876
216.245.221.92 - - [02/Oct/2022:07:57:58 -0500] "HEAD / HTTP/1.1" 200 -
172.22.2.4 - - [02/Oct/2022:07:57:10 -0500] "HEAD /BLA/boletinlegal/ HTTP/1.1" 200 -
207.46.13.213 - - [02/Oct/2022:07:59:30 -0500] "GET / HTTP/1.1" 200 4720
172.22.2.4 - - [02/Oct/2022:07:58:00 -0500] "GET /BLA/boletinlegal/ HTTP/1.1" 200 58163
80.94.92.231 - - [02/Oct/2022:07:59:55 -0500] "GET / HTTP/1.1" 200 319
201.245.192.253 - - [02/Oct/2022:08:00:29 -0500] "POST /kwsrmcab/Wsrmcab  HTTP/1.1" 200 43876
172.22.2.4 - - [02/Oct/2022:08:01:07 -0500] "GET /BLA/boletinlegal/robots.txt HTTP/1.1" 404 1134
172.22.2.4 - - [02/Oct/2022:08:01:08 -0500] "GET /BLA/boletinlegal/ HTTP/1.1" 200 63207
185.119.81.109 - - [02/Oct/2022:08:02:51 -0500] "GET /portaldeninos/wp-login.php HTTP/1.1" 200 2592
185.119.81.109 - - [02/Oct/2022:08:02:52 -0500] "POST /portaldeninos/wp-login.php HTTP/1.1" 200 3605
216.245.221.92 - - [02/Oct/2022:08:02:58 -0500] "HEAD / HTTP/1.1" 200 -
157.55.39.202 - - [02/Oct/2022:08:03:02 -0500] "GET /BLA/resoluciones/RESOLUCIONES%202002/RES%202002%20301-350/00000337.tif HTTP/1.1" 200 57370
172.22.2.4 - - [02/Oct/2022:08:03:00 -0500] "HEAD /BLA/boletinlegal/ HTTP/1.1" 200 -
201.245.192.253 - - [02/Oct/2022:08:05:28 -0500] "POST /kwsrmcab/Wsrmcab  HTTP/1.1" 200 43876
172.22.2.4 - - [02/Oct/2022:08:03:50 -0500] "GET /BLA/boletinlegal/ HTTP/1.1" 200 52877
199.59.150.181 - - [02/Oct/2022:08:06:11 -0500] "GET /images/feria-veh%C3%ADculos-sostenibles_optimized.jpeg HTTP/1.1" 404 1034
199.59.150.180 - - [02/Oct/2022:08:06:12 -0500] "GET /images/feria-veh%C3%ADculos-sostenibles_optimized.jpeg HTTP/1.1" 404 1034
207.46.13.40 - - [02/Oct/2022:08:07:33 -0500] "GET /BLA/resoluciones/AUTOS%202021/1552.pdf HTTP/1.1" 200 375727
216.245.221.92 - - [02/Oct/2022:08:07:58 -0500] "HEAD / HTTP/1.1" 200 -
66.249.64.13 - - [02/Oct/2022:08:09:05 -0500] "-" 408 -
185.119.81.101 - - [02/Oct/2022:08:09:47 -0500] "GET /portaldeninos/wp-login.php HTTP/1.1" 200 2592
185.119.81.101 - - [02/Oct/2022:08:09:48 -0500] "POST /portaldeninos/wp-login.php HTTP/1.1" 200 3650
190.145.240.68 - - [02/Oct/2022:08:09:55 -0500] "GET /kwssiamovil/sm/ldap/au?x=U2FsdGVkX1/28lOnQhvSlfiiV4Xzq0WysC3EkBTyAYh56Pzun99PGr/z+1nbj4IV&y=U2FsdGVkX19nqdfAZualgUOB2ZheFWzIZrlj8ttlXasaOQAKZsgpvce7/KdrY1tg HTTP/1.1" 200 30
190.145.240.68 - - [02/Oct/2022:08:09:55 -0500] "GET /kwssiamovil/sm/acme/s?s=U2FsdGVkX19EKqcc6XqYOTwym9+u5SO3d4mIuvl0X1kHQm6RWHKnFgpUSlcBfqFLlPqIT+PUzRuFGRMbBxy0CShh08EVuZvcXZRcvVlsbC0=&u=U2FsdGVkX1/WaK+urs4Fc+JW+rV06fugugdgQx6Toak=&y=U2FsdGVkX19nqdfAZualgUOB2ZheFWzIZrlj8ttlXasaOQAKZsgpvce7/KdrY1tg HTTP/1.1" 200 97
190.145.240.68 - - [02/Oct/2022:08:09:55 -0500] "GET /kwssiamovil/sm/acme/s?s=U2FsdGVkX1+GDwokLpK+2c7sog1RqcaX8ujxzsk2hZm72Y57kGgRiC1hx1rUFbF6e7hyUlcj/R2veL8XW//m89nRaVAv6jgy+U2PbE5fkOdCbOb4JVcITJlwgyTGt6HLpGW9xpfc4VQQGvTomwIOSs/oE3QdqrbJW19aTCAb1kK/UI/RyRIfdj9/TBR32TlJdFb8ddew6sISxur1jkWBTwzudpOhmmesABoEV51IT13ZaajwP3J80m/WQUfLDTcLpbsQDWN/GG0gmtnkbnYaWto7H3yX4qfoOR4ff36fs0sVoOTNKt8mpWfC1v3zKJ/ev5SVNB3FZ9Nsv4+6wRBbpehOFLmxG7N6bx4BKAM4p9lfQMGet9EUUFqo5m+qDfN1ZX5bbTX7qlHxpX0fZrWqSfM+xs8H0Q2P2NaDTsY9H0BECgBxnaX2ATNZ9ytWuNl66sf/dySLXpLj8I76L1pb9Ehz55e3Qs4b3NZHBjWEK1RAROC+NboFkWTfI6BUJ9JSLZPJRurNZ1j2UuyBVju7tkBuO8XdaUL6WmHmZM41lFy9Vr7hWTvxo999UX6eaAecKTCKnxrE1/m+/wIrgFAq3t4Op4k1plDWdKxsRAJ8sw2XeRyZgl+1JDmbIjDCch6yTTKMaK9VKPOg1J3KEFqU8TYW/WpBP8BdXExDntfXGQH/49CYeiXD/4cd6dSxCHbxkyxx/mWT8U13f9gGTOmKcnsnHejhQJ07CcVhVm2/iP+qmkPXR4Ff7b3su7loyTT8bYedWK+8m6jLNS3v0Db4pTWn09V3mEP0sOGzXICqN68yMnr/o2bwVSkGHB2x/Oj9QKX+Ve8b9GFNbPV2k1CMJKoyiplxDm3QbAkq3NGCjH0vVpgB/q18R5OrrIAAtTesYRkdwb5h/MOCuzsYbFF+JA7z8uwsElkTLqOKa/6heHN70z6BUNQKTlUryUBUM+5HJ77DUSoNVaK4fJDHMDBmZLeJApk3k1uhbm+B4kh6O9WgZUBga95ZNZF9J9x+WYpjYZaUn+veV93rdZLnGoK1XL7eUTviBcTFHjJ7EzmFB8H7mNjK1HdAUgc6D8rBiFqRFtXNE4J3Lj4gT6dS/JocRZX3tAuaJTCB+1UFn/nSImOBkYfbukTVhvJsh4Azd73Q+VuORkF1DucNQPbf5sjWIlfulTo0OrnJwedHeYkPCi/UTCZ2/hvD2F6Z73QQ3TyWeSFoiTS0172r4LH8CUh/odZ9RSYRm7/0ADbt5vk4JuhtQavG9ni2g7aBfLWkGsvSL3cd592fFQVk67fGJ18M7wZHbPmzvxs6uWDh+1NC6pzPifziyjLkCWruCjLcjnBahflYYgJnz1T2pwDEuuynJIP7T3nogWCxSkWPTy7/69fywR1cUyyh2MvLpH60DRKvcNMxo7Baaz048rF7thtcW1pgTbCpg947ukMqAhIcaDQ=&u=U2FsdGVkX1/WaK+urs4Fc+JW+rV06fugugdgQx6Toak=&y=U2FsdGVkX19nqdfAZualgUOB2ZheFWzIZrlj8ttlXasaOQAKZsgpvce7/KdrY1tg HTTP/1.1" 200 932
190.145.240.68 - - [02/Oct/2022:08:09:55 -0500] "GET /kwssiamovil/sm/acme/s?s=U2FsdGVkX1/r59mloLlBuogSD9sMl2UCYJuDO5YTjqCATk1DjnoaVH4n+kGJqVfytShDBgRZs/CP2kdn2STqi1AqL7jG/zN1wdpOfgK5eAKy/XRUrgLL+t8tji51zBcsFwckHYXSuKETPOqryURVQzB8Xc5SLKqI/GlTHbLwZsKFjMRI6LN155lofs7uQK8DForzkBYZBsC2fqEW5QeQ1xWpCodxaS/0OXgulEmto0kPPvXXoevVngesiUwjHXR38x5ftkR0lmlFSxiwc+xheRogFYo1B3hodM0U/il/6dtm6FWrzoL+pEh0qLI7TV85Wey/LKD8uhiheRXWZXhzoA==&u=U2FsdGVkX1/WaK+urs4Fc+JW+rV06fugugdgQx6Toak=&y=U2FsdGVkX19nqdfAZualgUOB2ZheFWzIZrlj8ttlXasaOQAKZsgpvce7/KdrY1tg HTTP/1.1" 200 196
190.145.240.68 - - [02/Oct/2022:08:09:55 -0500] "GET /kwssiamovil/sm/cjson/pre?f=1&x=U2FsdGVkX1/28lOnQhvSlfiiV4Xzq0WysC3EkBTyAYh56Pzun99PGr/z+1nbj4IV HTTP/1.1" 200 30992
201.245.192.253 - - [02/Oct/2022:08:10:27 -0500] "POST /kwsrmcab/Wsrmcab  HTTP/1.1" 200 43876
172.22.2.4 - - [02/Oct/2022:08:08:50 -0500] "HEAD /BLA/boletinlegal/ HTTP/1.1" 200 -
172.22.2.4 - - [02/Oct/2022:08:09:40 -0500] "GET /BLA/boletinlegal/ HTTP/1.1" 200 60281
216.245.221.92 - - [02/Oct/2022:08:12:58 -0500] "HEAD / HTTP/1.1" 200 -
185.119.81.102 - - [02/Oct/2022:08:15:00 -0500] "GET /portaldeninos/wp-login.php HTTP/1.1" 200 2592
185.119.81.102 - - [02/Oct/2022:08:15:01 -0500] "POST /portaldeninos/wp-login.php HTTP/1.1" 200 3605
201.245.192.253 - - [02/Oct/2022:08:15:26 -0500] "POST /kwsrmcab/Wsrmcab  HTTP/1.1" 200 43876
186.102.17.213 - - [02/Oct/2022:08:16:07 -0500] "GET /kwssiamovil/sm/ldap/au?x=U2FsdGVkX18X/VORXYsFgu+EvyJ82wsqQmsA+0hvXAW+L044Fyzesvj5Dv8XXgeD&y=U2FsdGVkX1+jXYzIZH+NvnGV7dgVhdkfH8Y8Al2DJd0KhsjH2ciEGkuwkP6zwa/E HTTP/1.1" 200 30
186.102.17.213 - - [02/Oct/2022:08:16:08 -0500] "GET /kwssiamovil/sm/acme/s?s=U2FsdGVkX1+wpJVgU+cwYumQ9rVrxOSRmrH5sBdR9k4WZSTg5KmQgF99hn1GzuJiX71d8c+ddey9UobDTgDt3NDpCf2Ka/SEmh90ZgDjIXs=&u=U2FsdGVkX1+On3ii3MM+c2NEQd5CfZeuVpkrTS39NrMMpQ/h1SQcHYDwheCYWe3x&y=U2FsdGVkX1+jXYzIZH+NvnGV7dgVhdkfH8Y8Al2DJd0KhsjH2ciEGkuwkP6zwa/E HTTP/1.1" 200 97
186.102.17.213 - - [02/Oct/2022:08:16:08 -0500] "GET /kwssiamovil/sm/acme/s?s=U2FsdGVkX1/Vj+KAJ5N0lf73FWiECJ0UuV/WNj4RlM0DKdf8NKJqCQTnaMEp0HvgTi6I++XUqia34xRWCbk8QKICSmBiSeXXOdVJm4mKSOSTiy8cfKOZeVJZS3iDOsqZuPgPwrEppuKeUOf0QbiE5PRnTZsCY5rsIuKn8GPCIcA1uOzbvfsegeMo8jCRnqlRjqo7uxARf9iKR/tel4MlJNIRTYp12XD4SV/QhvSzYXampvHH6PTKm1LIpLxfaJNm+v9+RYy77EVl8ZGhd11euWxXWlbg3ZfJxyKqlFojCGGdwzvjnU8+lfIjMUEpDqvJF21jSsoEwZYFdUSEIuqXjibNqBS8teK1N8pSCWS+jw4+bQdF95xSLDVSfgiIDIas4cXsXV/ZJkIgFesjMk0UowVaeZWKsuK/U1F8w+RW3CupGDcvMZ1YZ60SN+WRZfQDBKE62JjDLsiOt4FuX93I6P1DGP95yRy2X7THosto2Y4LVFJhjV+l/Zk9hgCmsKCS++V9EdZcLMnkW0HwtQrXqsti2qODoP4JxF04etcF7dqmFzrn8UcchsQ7T2sHP8/61o/g8GMa4P8w4AfwbzbS0r3iONwmmqbD2gTEVytPcg/0jxPZNTi29gGCSEo/cvTuxDgJhdpsTDAdP68tIuxODlAyxPZvS1yKxd8ys+flBK0uZYoctvoa28YRFlBZ/kMZUrZDZZ/CDgXTTZnuhxzEVNHyGV5rHz0B/i1JaPgqhRb0TEMRCkZQaACtnbkD5DLaT+te9uCFWCmK2tWmAqmSY1Y8sosz3p7Jn12UXLon2YKQo3t+J794z/CQBo5E2FkMjqD0bqx1gpGyCYY/owWr8+BppTXs3/0eBk3Lg1zQSbOWuB40MRcCqddnM+EPR6hYy2IbYP4/+vI+LJd3S0IN8zK5Y8zXhjXYban5n8Qc2bt3HgCPiXDB73g7wNoReeEf/3/EiLeSJgRgV1iZiBJ7sSXZTTKm37clriFTk7kgJcA8BoVkBhX4c6s2veD74h32yUY5K03eDAvKpGyMtk4sKRan1Qn7r9yRFGcW9bvS/Zg2zXYNUsGaoPw3i9Ab8RMWIoXRZMdpkFNLnYvfODV+HEGmO/KMwJvwODNG6C60hFKD3Ch8EZ0jRF4G+XdzA4ILon/mQ1qVCzbsJ9ZrrbBzhqaQ5ej0Go5EKEgyjugljwmZGQs8e/69MuQIYcIKy/EdhMl7JcQDGsIF2e7ErKA/BDZKGjS973H1x5ov0+glZpW/xwLos0ExmPyZIBXAh9wLWKfAOeqlFhq+h7NZaHtkqBEs1mMum83xJdqR2uxG/uBi/Il9LKDAIDFBfkE37Hm3fPMvFsQKFYYypjvkq/atzWGD0SVJ74gtk1YfMg8T9F0fBVk6+WS7TZMcnWb1OAM2WKmG+FCH4ICna6zPgEWLcn0yHGcQVmjun41gOybSrfY=&u=U2FsdGVkX1+On3ii3MM+c2NEQd5CfZeuVpkrTS39NrMMpQ/h1SQcHYDwheCYWe3x&y=U2FsdGVkX1+jXYzIZH+NvnGV7dgVhdkfH8Y8Al2DJd0KhsjH2ciEGkuwkP6zwa/E HTTP/1.1" 200 72
186.102.17.213 - - [02/Oct/2022:08:16:08 -0500] "GET /kwssiamovil/sm/acme/s?s=U2FsdGVkX1+aStUNSczUsNt/enNplUqYsBhZ8h36a6XavZ38EhF8m+XnEbO7G2n60U8TCvypz+jO9ap8qIOxKwIfVP7OuAI3fX0s8DMG2G2ZQcvG3ckr8LrCZ93fIgmK5Qu+T50Gmztkt6/BRc+3O0kUd+f3hHHVEfks5gMXkcoARkrVvW3mMxq42uUmTMjitWtvFrbKo5Zvn/YvXWze3d7N+BhDk5k2WBdD5rlM7udFJ/vOAyJgKzl5HheoAR/yjYgnxTICn0JjcbwhYfSqEj8F43DytSdYcKdftoWaTPd2pyxsjNnfutkiVfvZ52DPBEMfbUBVjm4pEqQEF8oC3EJnv3JaYT66dXlvyyS0hWg=&u=U2FsdGVkX1+On3ii3MM+c2NEQd5CfZeuVpkrTS39NrMMpQ/h1SQcHYDwheCYWe3x&y=U2FsdGVkX1+jXYzIZH+NvnGV7dgVhdkfH8Y8Al2DJd0KhsjH2ciEGkuwkP6zwa/E HTTP/1.1" 200 196
186.102.17.213 - - [02/Oct/2022:08:16:08 -0500] "GET /kwssiamovil/sm/cjson/pre?f=1&x=U2FsdGVkX18X/VORXYsFgu+EvyJ82wsqQmsA+0hvXAW+L044Fyzesvj5Dv8XXgeD HTTP/1.1" 200 30992
69.171.249.120 - - [02/Oct/2022:08:16:18 -0500] "GET /images/mercados-campesinos-5-mayo.jpg HTTP/1.1" 200 95848
172.22.2.4 - - [02/Oct/2022:08:14:40 -0500] "HEAD /BLA/boletinlegal/ HTTP/1.1" 200 -
199.16.157.181 - - [02/Oct/2022:08:17:00 -0500] "GET /images/feria-veh%C3%ADculos-sostenibles_optimized.jpeg HTTP/1.1" 404 1034
172.22.2.4 - - [02/Oct/2022:08:15:30 -0500] "GET /BLA/boletinlegal/ HTTP/1.1" 200 57725
216.245.221.92 - - [02/Oct/2022:08:17:58 -0500] "HEAD / HTTP/1.1" 200 -
186.102.17.213 - - [02/Oct/2022:08:18:32 -0500] "GET /kwssiamovil/sm/ldap/au?x=U2FsdGVkX19bShf0h2aGExp9SFBe67fHT6io9hbduEa6AgFcSnrExDjXzfy+2SLZ&y=U2FsdGVkX18P4pTd+LJzBLUkiAg07uceCalDVdM+OBkp8YUAlZ/IjoW/UaPpwA71 HTTP/1.1" 200 30
186.102.17.213 - - [02/Oct/2022:08:18:32 -0500] "GET /kwssiamovil/sm/acme/s?s=U2FsdGVkX1/sJFdWC4MTUCI3+qrWro9vRH2PKJZ24iG5ZtZ//kjI2gkwDRjjG7BGLYSrWRPwujmVsUmYKs1GjLwoZ/P9vu65g2iHGUdzofE=&u=U2FsdGVkX1+xxHUIA10z+omN/IpWiE1btIiA5i4zrQOrq5FVZ3aIEF5kF5p2OoQc&y=U2FsdGVkX18P4pTd+LJzBLUkiAg07uceCalDVdM+OBkp8YUAlZ/IjoW/UaPpwA71 HTTP/1.1" 200 97
186.102.17.213 - - [02/Oct/2022:08:18:33 -0500] "GET /kwssiamovil/sm/acme/s?s=U2FsdGVkX18/kUYlN1Iyv5P968FxzaXpRmbvcQAd+PjchDa2NOXW9hbKwqxTQnzLYlSswhpqqwU+B2Y5GsPrkK64oLO7GhRKkqj/fzWd/MJzWFOf7B5tX5zgttUvs91sWzU1VlaC93sXZdVZJNoIGy0QClqwggS+IZWHes7XCSrc0xcgBpjUf11DZATlJgxAjWWTf/dNShL3ioxAKZInWq8Wrbj/rK4gOt+9nucSs9mCer2E4w3/JdPRvKaaiAfCjpGyrh+EsqbNWU1N7cblYCl2OGQPituVfmn6lJGRgFg2qICdaezzmVVGNoCDKxj978+/wAbvLxUa4zU8rVHDwViy5KFOP7DCxaZmEmUcN9mpAvmcegOXsCFV4PbTtxkGLQ4itkgODfG1DRdyeGzulsxqOz1H8VC9vMf/KQ/cyhpRB7asWkQtk92qNr2ZvfKRlIo714uZRelw5e2d6peXb1zPXAHCJ64ZCT/J2fJMR9/o4T/zOpkGLYHZ7mf0D3P6jpBvjK8EVg7qs1FyTkDnBRe0QaNaRKMkl8NtWtjcZIJTWJl4DW8XFON2R/b4nK6AyHdECFiCIclY+s0thjRha4iM7iHg2wBbmjB/fT+QMCQLKFIuTX2wcXtGL14PH7TUFqlh5xjxiicqTxk7ArbxX8JEX4bHpDJxbH50Z3LDEi0IFH+3d0NB1HfUXOsJCE47JXp6ToiFByMw9kqV8inPvBQHDP1FV92Bc/PitNHLoR0Q8Fikw9tZ+dHYqc1st9jQVl76RLyIPjQj9oUIOKSt+2efF8lTxWnBHHOkyYANMD1KJdFXTICtKUXNdYuI3KZ/rRxOeoXFfZ0KWQs9Kgdzzbe/bQW7jcQ0MxZ5oHxYmMa8d0EFe7CVdpGs/O2h/Xzaec2Gn2YsrlP2jhB3h6gnL2810kE7my6ZkPLQTu1LsZc7LD+vGc1iQKPzPotD61IeDny9qn7VoDmWHwTm6ejxAg+DUr6b3SR6rC2Y9qReFLhtfMYXLYLlrsyErW0GHQFydtljk5pUqk2K7nd3AdYQy8NT29jjy1XXABSXZsnlaTE5LrbmONBX4ETIhymdx1wEf7fgNsc/cjjxkdutWvMa7TGyyO1GIG0io5IZYdzFCYw/PhxDW/bvvUbzPl3rdJfX8MilbDI4iF2Wjl4hsGHeUFKNvT4FF4gl4UG3p7igq+4pNngxthvlmjtgo5+/knOlrfisfvF+6PrB3lG2W2uD2Z0mr3M4iUsV041ckWwtT++ZcRXArize3IDgExfYDyNdPzI0DCEyppZWqmqq4vw6b8LBSoDWHI1KrBoKgxXLzN6yDX7/6UKqp7KMQcHBkzlVTwAOsZZctQYpO8iG2N+aKqinegg0p2uvWFLMAGbAt6r+0m9fP/+XZP2X0rfo+Bzsl5fyLfxeWQ7uVmN7c3apFv8tfJLe0cQBz3V2G8y1HmM=&u=U2FsdGVkX1+xxHUIA10z+omN/IpWiE1btIiA5i4zrQOrq5FVZ3aIEF5kF5p2OoQc&y=U2FsdGVkX18P4pTd+LJzBLUkiAg07uceCalDVdM+OBkp8YUAlZ/IjoW/UaPpwA71 HTTP/1.1" 200 422
186.102.17.213 - - [02/Oct/2022:08:18:33 -0500] "GET /kwssiamovil/sm/acme/s?s=U2FsdGVkX18yVhfQ0ne1i3FexrhuBn4akoIaomL/O2beTc12hqbqcGajEV3fhr8BGVOFypGeedlKxh15dbSMJEsiUyZ3JjRWZpVZ1owq/tdN0El33/K0nfSfxrD2uuAjTm0sl/Dv/6adVoPtykT9CNWW7REYs9bZvjX8eSz2MPW8W9mye7xN33VOuJUFOpD82ulNsFhU+r7HtroNXVrc7valD3ybk2iSvr6b5bDYYSb/QVjs2L2WUtICGV5KD6HG+MJGTkDEu+NfZjI3o511ZYvHli5pTPfpkSxxXVEnT1MoQ4uVz31fMaEQGbrCRw+YHKEPBUtobyMeQQqK1EybLy2a3xAhYbo/onLcq+/9DPo=&u=U2FsdGVkX1+xxHUIA10z+omN/IpWiE1btIiA5i4zrQOrq5FVZ3aIEF5kF5p2OoQc&y=U2FsdGVkX18P4pTd+LJzBLUkiAg07uceCalDVdM+OBkp8YUAlZ/IjoW/UaPpwA71 HTTP/1.1" 200 196
186.102.17.213 - - [02/Oct/2022:08:18:33 -0500] "GET /kwssiamovil/sm/cjson/pre?f=1&x=U2FsdGVkX19bShf0h2aGExp9SFBe67fHT6io9hbduEa6AgFcSnrExDjXzfy+2SLZ HTTP/1.1" 200 30992
66.249.64.13 - - [02/Oct/2022:08:19:35 -0500] "-" 408 -
201.245.192.253 - - [02/Oct/2022:08:20:25 -0500] "POST /kwsrmcab/Wsrmcab  HTTP/1.1" 200 43876
201.245.192.253 - - [02/Oct/2022:08:21:44 -0500] "POST /kwsrmcab/Wsrmcab HTTP/1.1" 200 44529
201.245.192.253 - - [02/Oct/2022:08:21:46 -0500] "POST /kwsrmcab/Wsrmcab HTTP/1.1" 200 44705
172.22.2.4 - - [02/Oct/2022:08:20:30 -0500] "HEAD /BLA/boletinlegal/ HTTP/1.1" 200 -
172.22.2.4 - - [02/Oct/2022:08:22:53 -0500] "GET /BLA/boletinlegal/ab2g HTTP/1.1" 404 1018
172.22.2.4 - - [02/Oct/2022:08:22:54 -0500] "GET /BLA/boletinlegal/ab2h HTTP/1.1" 404 1018
216.245.221.92 - - [02/Oct/2022:08:22:58 -0500] "HEAD / HTTP/1.1" 200 -
172.22.2.4 - - [02/Oct/2022:08:21:20 -0500] "GET /BLA/boletinlegal/ HTTP/1.1" 200 56732
185.119.81.96 - - [02/Oct/2022:08:23:05 -0500] "GET /portaldeninos/wp-login.php HTTP/1.1" 200 2592
185.119.81.96 - - [02/Oct/2022:08:23:06 -0500] "POST /portaldeninos/wp-login.php HTTP/1.1" 200 3605
172.22.2.4 - - [02/Oct/2022:08:23:10 -0500] "GET /BLA/boletinlegal/Circulares/2012/Circular%20No.%2015%20del%2022%20de%20octubre%20de%202012.pdf HTTP/1.1" 200 486506
172.22.2.4 - - [02/Oct/2022:08:22:58 -0500] "GET /BLA/boletinlegal/ HTTP/1.1" 200 32715
201.245.192.253 - - [02/Oct/2022:08:25:25 -0500] "POST /kwsrmcab/Wsrmcab  HTTP/1.1" 200 43876
207.46.13.40 - - [02/Oct/2022:08:27:48 -0500] "GET /BLA/resoluciones/0172.tif HTTP/1.1" 404 1018
216.245.221.92 - - [02/Oct/2022:08:27:58 -0500] "HEAD / HTTP/1.1" 200 -
172.22.2.4 - - [02/Oct/2022:08:26:20 -0500] "HEAD /BLA/boletinlegal/ HTTP/1.1" 200 -
172.22.2.4 - - [02/Oct/2022:08:28:06 -0500] "GET /BLA/boletinlegal/robots.txt HTTP/1.1" 404 1038
185.119.81.109 - - [02/Oct/2022:08:28:22 -0500] "GET /portaldeninos/wp-login.php HTTP/1.1" 200 2592
185.119.81.109 - - [02/Oct/2022:08:28:23 -0500] "POST /portaldeninos/wp-login.php HTTP/1.1" 200 3605
172.22.2.4 - - [02/Oct/2022:08:27:10 -0500] "GET /BLA/boletinlegal/ HTTP/1.1" 200 54003
207.46.13.84 - - [02/Oct/2022:08:30:18 -0500] "GET /BLA/resoluciones/AUTOS%202014/4212.pdf HTTP/1.1" 200 504755
201.245.192.253 - - [02/Oct/2022:08:30:24 -0500] "POST /kwsrmcab/Wsrmcab  HTTP/1.1" 200 43876
201.245.192.253 - - [02/Oct/2022:08:31:44 -0500] "POST /kwsrmcab/Wsrmcab HTTP/1.1" 200 44529
201.245.192.253 - - [02/Oct/2022:08:31:47 -0500] "POST /kwsrmcab/Wsrmcab HTTP/1.1" 200 44705
216.245.221.92 - - [02/Oct/2022:08:32:58 -0500] "HEAD / HTTP/1.1" 200 -
172.22.2.4 - - [02/Oct/2022:08:32:10 -0500] "HEAD /BLA/boletinlegal/ HTTP/1.1" 200 -
172.22.2.4 - - [02/Oct/2022:08:33:00 -0500] "GET /BLA/boletinlegal/ HTTP/1.1" 200 58163
190.75.59.228 - - [02/Oct/2022:08:34:45 -0500] "GET / HTTP/1.1" 200 319
201.245.192.253 - - [02/Oct/2022:08:35:23 -0500] "POST /kwsrmcab/Wsrmcab  HTTP/1.1" 200 43876
207.46.13.84 - - [02/Oct/2022:08:36:26 -0500] "GET /BLA/resoluciones/00000304.tif HTTP/1.1" 404 1018
190.27.123.139 - - [02/Oct/2022:08:36:56 -0500] "GET /appsia/controlador HTTP/1.1" 200 4799
190.27.123.139 - - [02/Oct/2022:08:36:57 -0500] "GET /appsia/scripts/validarIngreso.js HTTP/1.1" 200 851
190.27.123.139 - - [02/Oct/2022:08:36:57 -0500] "GET /appsia/css/estilos.css HTTP/1.1" 200 4804
190.27.123.139 - - [02/Oct/2022:08:36:57 -0500] "GET /appsia/images/logo_bogota_p.png HTTP/1.1" 200 14951
190.27.123.139 - - [02/Oct/2022:08:36:57 -0500] "GET /appsia/images/cabezoteHojaVida.png HTTP/1.1" 200 32493
190.27.123.139 - - [02/Oct/2022:08:36:57 -0500] "GET /favicon.ico HTTP/1.1" 200 7782
190.27.123.139 - - [02/Oct/2022:08:37:04 -0500] "POST /appsia/controlador HTTP/1.1" 200 3605
190.27.123.139 - - [02/Oct/2022:08:37:04 -0500] "GET /appsia/jscripts/validarSolicitud.js HTTP/1.1" 404 68
199.59.150.180 - - [02/Oct/2022:08:37:07 -0500] "GET /images/feria-veh%C3%ADculos-sostenibles_optimized.jpeg HTTP/1.1" 404 1034
190.27.123.139 - - [02/Oct/2022:08:37:09 -0500] "POST /appsia/controlador HTTP/1.1" 200 4799
172.22.2.4 - - [02/Oct/2022:08:37:15 -0500] "GET /BLA/boletinlegal/robots.txt HTTP/1.1" 404 1037
172.22.2.4 - - [02/Oct/2022:08:37:15 -0500] "GET /BLA/boletinlegal/robots.txt HTTP/1.1" 404 1037
172.22.2.4 - - [02/Oct/2022:08:37:18 -0500] "GET /BLA/boletinlegal/Circulares/2012/Circular%20No.%2015%20del%2022%20de%20octubre%20de%202012.pdf HTTP/1.1" 304 -
190.27.123.139 - - [02/Oct/2022:08:37:19 -0500] "POST /appsia/controlador HTTP/1.1" 200 5437
190.27.123.139 - - [02/Oct/2022:08:37:21 -0500] "POST /appsia/controlador HTTP/1.1" 200 7736
190.27.123.139 - - [02/Oct/2022:08:37:21 -0500] "GET /appsia/images/logo_escudo.png HTTP/1.1" 200 36965
190.27.123.139 - - [02/Oct/2022:08:37:27 -0500] "POST /appsia/controlador HTTP/1.1" 200 7799
190.27.123.139 - - [02/Oct/2022:08:37:31 -0500] "POST /appsia/controlador HTTP/1.1" 200 6672
190.27.123.139 - - [02/Oct/2022:08:37:48 -0500] "POST /appsia/controlador HTTP/1.1" 200 9871
216.245.221.92 - - [02/Oct/2022:08:37:58 -0500] "HEAD / HTTP/1.1" 200 -
190.27.123.139 - - [02/Oct/2022:08:38:03 -0500] "POST /appsia/controlador HTTP/1.1" 200 75773
172.22.2.4 - - [02/Oct/2022:08:38:00 -0500] "HEAD /BLA/boletinlegal/ HTTP/1.1" 200 -
201.245.192.253 - - [02/Oct/2022:08:40:23 -0500] "POST /kwsrmcab/Wsrmcab  HTTP/1.1" 200 43876
157.55.39.202 - - [02/Oct/2022:08:40:25 -0500] "GET /BLA/resoluciones/RESOLUCIONES%202005/0172.tif HTTP/1.1" 200 124798
172.22.2.4 - - [02/Oct/2022:08:38:50 -0500] "GET /BLA/boletinlegal/ HTTP/1.1" 200 57725
199.59.150.182 - - [02/Oct/2022:08:41:10 -0500] "GET /images/feria-veh%C3%ADculos-sostenibles_optimized.jpeg HTTP/1.1" 404 1034
201.245.192.253 - - [02/Oct/2022:08:41:45 -0500] "POST /kwsrmcab/Wsrmcab HTTP/1.1" 200 44529
201.245.192.253 - - [02/Oct/2022:08:41:47 -0500] "POST /kwsrmcab/Wsrmcab HTTP/1.1" 200 44705
216.245.221.92 - - [02/Oct/2022:08:42:58 -0500] "HEAD / HTTP/1.1" 200 -
185.119.81.109 - - [02/Oct/2022:08:44:38 -0500] "GET /portaldeninos/wp-login.php HTTP/1.1" 200 2592
185.119.81.109 - - [02/Oct/2022:08:44:39 -0500] "POST /portaldeninos/wp-login.php HTTP/1.1" 200 3650
201.245.192.253 - - [02/Oct/2022:08:45:22 -0500] "POST /kwsrmcab/Wsrmcab  HTTP/1.1" 200 43876
172.22.2.4 - - [02/Oct/2022:08:43:50 -0500] "HEAD /BLA/boletinlegal/ HTTP/1.1" 200 -
151.235.238.100 - - [02/Oct/2022:08:45:56 -0500] "GET / HTTP/1.1" 200 319
151.235.238.100 - - [02/Oct/2022:08:45:56 -0500] "GET / HTTP/1.1" 200 319
172.22.2.4 - - [02/Oct/2022:08:44:40 -0500] "GET /BLA/boletinlegal/ HTTP/1.1" 200 58163
185.119.81.96 - - [02/Oct/2022:08:46:35 -0500] "GET /portaldeninos/wp-login.php HTTP/1.1" 200 2592
185.119.81.96 - - [02/Oct/2022:08:46:36 -0500] "POST /portaldeninos/wp-login.php HTTP/1.1" 200 3650
216.245.221.92 - - [02/Oct/2022:08:47:58 -0500] "HEAD / HTTP/1.1" 200 -
207.46.13.84 - - [02/Oct/2022:08:48:18 -0500] "GET /BLA/resoluciones/RESOLUCIONES%202005/00001081.tif HTTP/1.1" 200 148524
185.119.81.96 - - [02/Oct/2022:08:48:23 -0500] "GET /portaldeninos/wp-login.php HTTP/1.1" 200 2592
185.119.81.96 - - [02/Oct/2022:08:48:24 -0500] "POST /portaldeninos/wp-login.php HTTP/1.1" 200 3605
157.55.39.202 - - [02/Oct/2022:08:49:39 -0500] "GET /BLA/resoluciones/index.php?dir=AUTOS+2022%2F HTTP/1.1" 200 269023
201.245.192.253 - - [02/Oct/2022:08:50:20 -0500] "POST /kwsrmcab/Wsrmcab  HTTP/1.1" 200 43876
172.22.2.4 - - [02/Oct/2022:08:49:40 -0500] "HEAD /BLA/boletinlegal/ HTTP/1.1" 200 -
172.22.2.4 - - [02/Oct/2022:08:50:30 -0500] "GET /BLA/boletinlegal/ HTTP/1.1" 200 58163
199.16.157.180 - - [02/Oct/2022:08:52:33 -0500] "GET /images/feria-veh%C3%ADculos-sostenibles_optimized.jpeg HTTP/1.1" 404 1034
216.245.221.92 - - [02/Oct/2022:08:52:58 -0500] "HEAD / HTTP/1.1" 200 -
186.28.34.159 - - [02/Oct/2022:08:54:07 -0500] "GET /sipsesda/faces/faces/faces/faces/faces/faces/faces/login.jspx HTTP/1.1" 200 7848
186.28.34.159 - - [02/Oct/2022:08:54:07 -0500] "GET /sipsesda/js/disable_browser_buttons.js;jsessionid=ac16012b22b8eb0aea3c580a4d42b092cd4808c97387.e34Lc3uRbN4Oc40ObO0 HTTP/1.1" 200 2767
186.28.34.159 - - [02/Oct/2022:08:54:07 -0500] "GET /sipsesda/js/funciones.js;jsessionid=ac16012b22b8eb0aea3c580a4d42b092cd4808c97387.e34Lc3uRbN4Oc40ObO0 HTTP/1.1" 200 36377
186.28.34.159 - - [02/Oct/2022:08:54:07 -0500] "GET /sipsesda/adf/jsLibs/Common10_1_3_4_0.js;jsessionid=ac16012b22b8eb0aea3c580a4d42b092cd4808c97387.e34Lc3uRbN4Oc40ObO0 HTTP/1.1" 200 132959
186.28.34.159 - - [02/Oct/2022:08:54:07 -0500] "GET /sipsesda/adf/styles/cache/segobdis16-desktop-10_1_3_4_0-gecko.css;jsessionid=ac16012b22b8eb0aea3c580a4d42b092cd4808c97387.e34Lc3uRbN4Oc40ObO0 HTTP/1.1" 200 57778
186.28.34.159 - - [02/Oct/2022:08:54:07 -0500] "GET /sipsesda/adf/images/t.gif;jsessionid=ac16012b22b8eb0aea3c580a4d42b092cd4808c97387.e34Lc3uRbN4Oc40ObO0 HTTP/1.1" 200 86
186.28.34.159 - - [02/Oct/2022:08:54:07 -0500] "GET /sipsesda/imagenes/encabezado.jpg;jsessionid=ac16012b22b8eb0aea3c580a4d42b092cd4808c97387.e34Lc3uRbN4Oc40ObO0 HTTP/1.1" 200 18018
186.28.34.159 - - [02/Oct/2022:08:54:08 -0500] "GET /favicon.ico HTTP/1.1" 200 7782
186.28.34.159 - - [02/Oct/2022:08:54:08 -0500] "GET /sipsesda/faces/faces/faces/faces/faces/faces/faces/faces/index.jsp HTTP/1.1" 200 1477
186.28.34.159 - - [02/Oct/2022:08:54:09 -0500] "GET /sipsesda/faces/faces/faces/faces/faces/faces/faces/css/segobdis.css HTTP/1.1" 200 35840
186.28.34.159 - - [02/Oct/2022:08:54:09 -0500] "GET /sipsesda/faces/faces/faces/faces/faces/faces/faces/faces/faces/login.jspx HTTP/1.1" 200 6860
186.28.34.159 - - [02/Oct/2022:08:54:09 -0500] "GET /sipsesda/imagenes/encabezado.jpg HTTP/1.1" 200 18018
186.28.34.159 - - [02/Oct/2022:08:54:09 -0500] "GET /sipsesda/adf/styles/cache/segobdis16-desktop-10_1_3_4_0-gecko.css HTTP/1.1" 200 57778
186.28.34.159 - - [02/Oct/2022:08:54:09 -0500] "GET /sipsesda/adf/images/t.gif HTTP/1.1" 200 86
186.28.34.159 - - [02/Oct/2022:08:54:31 -0500] "POST /sipsesda/faces/login.jspx HTTP/1.1" 200 5685
186.28.34.159 - - [02/Oct/2022:08:54:33 -0500] "POST /sipsesda/faces/vista/sistema/seleccionRol.jspx HTTP/1.1" 200 32814
186.28.34.159 - - [02/Oct/2022:08:54:36 -0500] "GET /sipsesda/imagenes/logoAplicacion.jpg HTTP/1.1" 200 155084
186.28.34.159 - - [02/Oct/2022:08:54:36 -0500] "GET /sipsesda/faces/imagenes/vinetaAbajo.gif HTTP/1.1" 200 72
186.28.34.159 - - [02/Oct/2022:08:54:36 -0500] "GET /sipsesda/faces/imagenes/vinetaDerecha.gif HTTP/1.1" 200 107
186.28.34.159 - - [02/Oct/2022:08:54:40 -0500] "GET /sipsesda/faces/vista/sistema/cargarMenu.jspx?accionMenu=listadoFuncionario&menuID=18 HTTP/1.1" 200 33021
186.28.34.159 - - [02/Oct/2022:08:54:40 -0500] "GET /sipsesda/imagenes/cargando.gif HTTP/1.1" 200 1287
186.28.34.159 - - [02/Oct/2022:08:54:40 -0500] "POST /sipsesda/faces/vista/sistema/cargarMenu.jspx HTTP/1.1" 200 36916
186.28.34.159 - - [02/Oct/2022:08:54:49 -0500] "POST /sipsesda/faces/vista/administracion/funcionario/listadoFuncionario.jspx HTTP/1.1" 200 37392
186.28.34.159 - - [02/Oct/2022:08:54:53 -0500] "POST /sipsesda/faces/vista/administracion/funcionario/listadoFuncionario.jspx HTTP/1.1" 200 18743
186.28.34.159 - - [02/Oct/2022:08:54:55 -0500] "GET /sipsesda/adf/jsLibs/resources/LocaleElements_es_CO10_1_3_4_0.js HTTP/1.1" 200 824
201.245.192.253 - - [02/Oct/2022:08:55:19 -0500] "POST /kwsrmcab/Wsrmcab  HTTP/1.1" 200 43876
34.67.96.123 - - [02/Oct/2022:08:56:13 -0500] "GET /galeria/galeria/fotos/Jaboque4P.jpg HTTP/1.1" 200 27446
186.28.34.159 - - [02/Oct/2022:08:56:45 -0500] "POST /sipsesda/faces/vista/administracion/funcionario/registrarFuncionario.jspx?_afPfm=1 HTTP/1.1" 200 14752
186.28.34.159 - - [02/Oct/2022:08:56:46 -0500] "GET /sipsesda/adf/images/dfb.gif HTTP/1.1" 200 194
186.28.34.159 - - [02/Oct/2022:08:56:48 -0500] "GET /sipsesda/faces/__ADFv__?_afPfm=1.1&_t=fred&_red=cd&value=1664718904769&loc=es-CO&enc=UTF-8&minValue=1136073600000&maxValue=1790942400000 HTTP/1.1" 200 1074
186.28.34.159 - - [02/Oct/2022:08:56:48 -0500] "GET /sipsesda/faces/__ADFv__?_afPfm=1.1&_t=cd&minValue=1136073600000&maxValue=1790942400000&value=1664718904769&enc=UTF-8&loc=es-CO HTTP/1.1" 200 7492
186.28.34.159 - - [02/Oct/2022:08:56:55 -0500] "GET /sipsesda/faces/__ADFv__?_afPfm=1.1&_t=cd&&minValue=1136073600000&maxValue=1790942400000&value=1664718904769&loc=es-CO&scrolledValue=1663200000000 HTTP/1.1" 200 7325
186.28.34.159 - - [02/Oct/2022:08:57:05 -0500] "GET /sipsesda/faces/__ADFv__?_afPfm=1.1&_t=fred&_red=cd&value=1661990400000&loc=es-CO&enc=UTF-8&minValue=1136073600000&maxValue=1790942400000 HTTP/1.1" 200 1074
186.28.34.159 - - [02/Oct/2022:08:57:05 -0500] "GET /sipsesda/faces/__ADFv__?_afPfm=1.1&_t=cd&loc=es-CO&maxValue=1790942400000&value=1661990400000&minValue=1136073600000&enc=UTF-8 HTTP/1.1" 200 7350
172.22.2.4 - - [02/Oct/2022:08:55:30 -0500] "HEAD /BLA/boletinlegal/ HTTP/1.1" 200 -
186.28.34.159 - - [02/Oct/2022:08:57:15 -0500] "GET /sipsesda/faces/__ADFv__?_afPfm=1.1&_t=cd&&minValue=1136073600000&maxValue=1790942400000&value=1661990400000&loc=es-CO&scrolledValue=1665792000000 HTTP/1.1" 200 7467
186.28.34.159 - - [02/Oct/2022:08:57:19 -0500] "POST /sipsesda/faces/vista/administracion/dependenciaFuncionario/registrarDependenciaFuncionario.jspx?_afPfm=1.1 HTTP/1.1" 200 18761
186.28.34.159 - - [02/Oct/2022:08:57:43 -0500] "POST /sipsesda/faces/vista/administracion/funcionario/registrarFuncionario.jspx?_afPfm=1 HTTP/1.1" 200 14771
186.28.34.159 - - [02/Oct/2022:08:57:44 -0500] "GET /sipsesda/faces/__ADFv__?_afPfm=1.2&_t=fred&_red=cd&value=1664582400000&loc=es-CO&enc=UTF-8&minValue=1136073600000&maxValue=1790942400000 HTTP/1.1" 200 1074
186.28.34.159 - - [02/Oct/2022:08:57:44 -0500] "GET /sipsesda/faces/__ADFv__?_afPfm=1.2&_t=cd&maxValue=1790942400000&loc=es-CO&minValue=1136073600000&value=1664582400000&enc=UTF-8 HTTP/1.1" 200 7492
186.28.34.159 - - [02/Oct/2022:08:57:51 -0500] "POST /sipsesda/faces/vista/administracion/dependenciaFuncionario/registrarDependenciaFuncionario.jspx?_afPfm=1.2 HTTP/1.1" 200 18760
186.28.34.159 - - [02/Oct/2022:08:57:56 -0500] "POST /sipsesda/faces/vista/administracion/funcionario/registrarFuncionario.jspx?_afPfm=1 HTTP/1.1" 200 14771
216.245.221.92 - - [02/Oct/2022:08:57:58 -0500] "HEAD / HTTP/1.1" 200 -
186.28.34.159 - - [02/Oct/2022:08:57:58 -0500] "POST /sipsesda/faces/vista/administracion/dependenciaFuncionario/registrarDependenciaFuncionario.jspx?_afPfm=1.3 HTTP/1.1" 200 18760
186.28.34.159 - - [02/Oct/2022:08:58:00 -0500] "POST /sipsesda/faces/vista/administracion/funcionario/registrarFuncionario.jspx?_afPfm=1 HTTP/1.1" 200 37454
172.22.2.4 - - [02/Oct/2022:08:56:20 -0500] "GET /BLA/boletinlegal/ HTTP/1.1" 200 54356
186.28.34.159 - - [02/Oct/2022:08:58:02 -0500] "POST /sipsesda/faces/vista/administracion/funcionario/listadoFuncionario.jspx HTTP/1.1" 200 36916
186.28.34.159 - - [02/Oct/2022:08:58:06 -0500] "POST /sipsesda/faces/vista/administracion/funcionario/listadoFuncionario.jspx HTTP/1.1" 200 37369
186.28.34.159 - - [02/Oct/2022:08:58:08 -0500] "POST /sipsesda/faces/vista/administracion/funcionario/listadoFuncionario.jspx HTTP/1.1" 200 19277
186.28.34.159 - - [02/Oct/2022:08:58:25 -0500] "POST /sipsesda/faces/vista/administracion/funcionario/registrarFuncionario.jspx?_afPfm=2 HTTP/1.1" 200 14771
186.28.34.159 - - [02/Oct/2022:08:58:32 -0500] "POST /sipsesda/faces/vista/administracion/dependenciaFuncionario/registrarDependenciaFuncionario.jspx?_afPfm=2.1 HTTP/1.1" 200 19267
186.28.34.159 - - [02/Oct/2022:08:58:35 -0500] "POST /sipsesda/faces/vista/administracion/funcionario/registrarFuncionario.jspx?_afPfm=2 HTTP/1.1" 200 14753
186.28.34.159 - - [02/Oct/2022:08:58:37 -0500] "POST /sipsesda/faces/vista/administracion/dependenciaFuncionario/registrarDependenciaFuncionario.jspx?_afPfm=2.2 HTTP/1.1" 200 19271
186.28.34.159 - - [02/Oct/2022:08:58:39 -0500] "POST /sipsesda/faces/vista/administracion/funcionario/registrarFuncionario.jspx?_afPfm=2 HTTP/1.1" 200 37431
186.28.34.159 - - [02/Oct/2022:08:58:40 -0500] "POST /sipsesda/faces/vista/administracion/funcionario/listadoFuncionario.jspx HTTP/1.1" 200 36920
186.28.34.159 - - [02/Oct/2022:08:59:08 -0500] "GET /sipse/faces/autenticacion.xhtml HTTP/1.1" 200 12502
186.28.34.159 - - [02/Oct/2022:08:59:09 -0500] "GET /sipse/css/custom_css_sg.css HTTP/1.1" 200 9694
186.28.34.159 - - [02/Oct/2022:08:59:09 -0500] "GET /sipse/css/custom_css_sg_prime_login.css HTTP/1.1" 200 443
186.28.34.159 - - [02/Oct/2022:08:59:09 -0500] "GET /sipse/faces/javax.faces.resource/layout/layout.css;jsessionid=7Yw9RttJZep7vI-19UCx9dnn.undefined?ln=primefaces&v=4.0 HTTP/1.1" 200 542
186.28.34.159 - - [02/Oct/2022:08:59:09 -0500] "GET /sipse/js/disable_browser_buttons.js HTTP/1.1" 200 3230
186.28.34.159 - - [02/Oct/2022:08:59:09 -0500] "GET /sipse/faces/javax.faces.resource/layout/layout.js;jsessionid=7Yw9RttJZep7vI-19UCx9dnn.undefined?ln=primefaces&v=4.0 HTTP/1.1" 200 87560
186.28.34.159 - - [02/Oct/2022:08:59:09 -0500] "GET /sipse/faces/javax.faces.resource/jquery/jquery-plugins.js;jsessionid=7Yw9RttJZep7vI-19UCx9dnn.undefined?ln=primefaces&v=4.0 HTTP/1.1" 200 220526
186.28.34.159 - - [02/Oct/2022:08:59:09 -0500] "GET /sipse/faces/javax.faces.resource/primefaces.css;jsessionid=7Yw9RttJZep7vI-19UCx9dnn.undefined?ln=primefaces&v=4.0 HTTP/1.1" 200 53295
186.28.34.159 - - [02/Oct/2022:08:59:09 -0500] "GET /sipse/faces/javax.faces.resource/theme.css?ln=primefaces-sipse HTTP/1.1" 200 50058
186.28.34.159 - - [02/Oct/2022:08:59:09 -0500] "GET /sipse/js/funciones.js HTTP/1.1" 200 12592
186.28.34.159 - - [02/Oct/2022:08:59:09 -0500] "GET /sipse/faces/javax.faces.resource/primefaces.js;jsessionid=7Yw9RttJZep7vI-19UCx9dnn.undefined?ln=primefaces&v=4.0 HTTP/1.1" 200 276924
186.28.34.159 - - [02/Oct/2022:08:59:09 -0500] "GET /sipse/faces/javax.faces.resource/jquery/jquery.js;jsessionid=7Yw9RttJZep7vI-19UCx9dnn.undefined?ln=primefaces&v=4.0 HTTP/1.1" 200 105384
186.28.34.159 - - [02/Oct/2022:08:59:09 -0500] "GET /sipse/faces/javax.faces.resource/images/ui-icons_898989_256x240.png?ln=primefaces-aristo HTTP/1.1" 200 5355
186.28.34.159 - - [02/Oct/2022:08:59:09 -0500] "GET /sipse/css/imagen/logoSDG.png HTTP/1.1" 200 53064
186.28.34.159 - - [02/Oct/2022:08:59:09 -0500] "GET /sipse/css/imagen/loginimg.png HTTP/1.1" 200 71635
186.28.34.159 - - [02/Oct/2022:08:59:09 -0500] "GET /sipse/faces/index.xhtml HTTP/1.1" 200 677
186.28.34.159 - - [02/Oct/2022:08:59:09 -0500] "GET /sipse/faces/javax.faces.resource/theme.css?ln=primefaces-sipse HTTP/1.1" 304 -
186.28.34.159 - - [02/Oct/2022:08:59:09 -0500] "GET /sipse/faces/faces/autenticacion.xhtml HTTP/1.1" 200 12180
186.28.34.159 - - [02/Oct/2022:08:59:09 -0500] "GET /sipse/faces/javax.faces.resource/theme.css?ln=primefaces-sipse HTTP/1.1" 304 -
186.28.34.159 - - [02/Oct/2022:08:59:09 -0500] "GET /sipse/faces/javax.faces.resource/layout/layout.css?ln=primefaces&v=4.0 HTTP/1.1" 200 542
186.28.34.159 - - [02/Oct/2022:08:59:09 -0500] "GET /sipse/faces/javax.faces.resource/primefaces.css?ln=primefaces&v=4.0 HTTP/1.1" 200 53295
186.28.34.159 - - [02/Oct/2022:08:59:09 -0500] "GET /sipse/faces/javax.faces.resource/jquery/jquery.js?ln=primefaces&v=4.0 HTTP/1.1" 304 -
186.28.34.159 - - [02/Oct/2022:08:59:09 -0500] "GET /sipse/faces/javax.faces.resource/jquery/jquery-plugins.js?ln=primefaces&v=4.0 HTTP/1.1" 304 -
186.28.34.159 - - [02/Oct/2022:08:59:09 -0500] "GET /sipse/faces/javax.faces.resource/primefaces.js?ln=primefaces&v=4.0 HTTP/1.1" 304 -
186.28.34.159 - - [02/Oct/2022:08:59:09 -0500] "GET /sipse/faces/javax.faces.resource/layout/layout.js?ln=primefaces&v=4.0 HTTP/1.1" 304 -
186.28.34.159 - - [02/Oct/2022:08:59:11 -0500] "POST /sipse/faces/autenticacion.xhtml HTTP/1.1" 200 11652
186.28.34.159 - - [02/Oct/2022:08:59:11 -0500] "GET /sipse/css/custom_css_sg_prime.css HTTP/1.1" 200 5201
186.28.34.159 - - [02/Oct/2022:08:59:11 -0500] "GET /sipse/faces/javax.faces.resource/jquery/jquery.js?ln=primefaces&v=4.0 HTTP/1.1" 304 -
186.28.34.159 - - [02/Oct/2022:08:59:11 -0500] "GET /sipse/faces/javax.faces.resource/jquery/jquery-plugins.js?ln=primefaces&v=4.0 HTTP/1.1" 304 -
186.28.34.159 - - [02/Oct/2022:08:59:11 -0500] "GET /sipse/faces/javax.faces.resource/primefaces.js?ln=primefaces&v=4.0 HTTP/1.1" 304 -
186.28.34.159 - - [02/Oct/2022:08:59:11 -0500] "GET /sipse/faces/javax.faces.resource/layout/layout.js?ln=primefaces&v=4.0 HTTP/1.1" 304 -
186.28.34.159 - - [02/Oct/2022:08:59:11 -0500] "GET /sipse/faces/javax.faces.resource/messages/messages.png?ln=primefaces&v=4.0 HTTP/1.1" 200 27209
186.28.34.159 - - [02/Oct/2022:08:59:12 -0500] "GET /sipse/faces/javax.faces.resource/images/ui-icons_898989_256x240.png?ln=primefaces-aristo HTTP/1.1" 304 -
186.28.34.159 - - [02/Oct/2022:08:59:13 -0500] "POST /sipse/faces/presentacion/sistema/seguridad/seleccionRol.xhtml HTTP/1.1" 200 6085
186.28.34.159 - - [02/Oct/2022:08:59:13 -0500] "POST /sipse/faces/presentacion/sistema/seguridad/seleccionRol.xhtml HTTP/1.1" 200 18677
186.28.34.159 - - [02/Oct/2022:08:59:13 -0500] "GET /sipse/js/jquery.min.js HTTP/1.1" 200 85582
186.28.34.159 - - [02/Oct/2022:08:59:13 -0500] "GET /sipse/faces/javax.faces.resource/jquery/jquery.js?ln=primefaces&v=4.0 HTTP/1.1" 304 -
186.28.34.159 - - [02/Oct/2022:08:59:13 -0500] "GET /sipse/faces/javax.faces.resource/jquery/jquery-plugins.js?ln=primefaces&v=4.0 HTTP/1.1" 304 -
186.28.34.159 - - [02/Oct/2022:08:59:13 -0500] "GET /sipse/faces/javax.faces.resource/primefaces.js?ln=primefaces&v=4.0 HTTP/1.1" 304 -
186.28.34.159 - - [02/Oct/2022:08:59:13 -0500] "GET /sipse/faces/javax.faces.resource/layout/layout.js?ln=primefaces&v=4.0 HTTP/1.1" 304 -
186.28.34.159 - - [02/Oct/2022:08:59:14 -0500] "GET /sipse/imagenes/cargando.gif HTTP/1.1" 200 36959
186.28.34.159 - - [02/Oct/2022:08:59:14 -0500] "GET /sipse/css/imagen/contrasena.png HTTP/1.1" 404 383
186.28.34.159 - - [02/Oct/2022:08:59:14 -0500] "GET /sipse/imagenes/logoAplicacion.jpg HTTP/1.1" 200 155084
186.28.34.159 - - [02/Oct/2022:08:59:16 -0500] "GET /sipse/faces/javax.faces.resource/images/ui-bg_flat_0_2d5972_40x100.png?ln=primefaces-aristo HTTP/1.1" 200 183
186.28.34.159 - - [02/Oct/2022:08:59:16 -0500] "POST /sipse/faces/bienvenido.xhtml HTTP/1.1" 200 2055
186.28.34.159 - - [02/Oct/2022:08:59:16 -0500] "POST /sipse/faces/bienvenido.xhtml HTTP/1.1" 200 82806
186.28.34.159 - - [02/Oct/2022:08:59:19 -0500] "GET /sipse/faces/javax.faces.resource/jquery/jquery.js?ln=primefaces&v=4.0 HTTP/1.1" 304 -
186.28.34.159 - - [02/Oct/2022:08:59:19 -0500] "GET /sipse/faces/javax.faces.resource/jquery/jquery-plugins.js?ln=primefaces&v=4.0 HTTP/1.1" 304 -
186.28.34.159 - - [02/Oct/2022:08:59:19 -0500] "GET /sipse/faces/javax.faces.resource/primefaces.js?ln=primefaces&v=4.0 HTTP/1.1" 304 -
186.28.34.159 - - [02/Oct/2022:08:59:19 -0500] "GET /sipse/faces/javax.faces.resource/layout/layout.js?ln=primefaces&v=4.0 HTTP/1.1" 304 -
186.28.34.159 - - [02/Oct/2022:08:59:23 -0500] "POST /sipse/faces/presentacion/proyectos/proyecto/listarProyecto.xhtml HTTP/1.1" 200 4985
186.28.34.159 - - [02/Oct/2022:08:59:24 -0500] "POST /sipse/faces/presentacion/proyectos/proyecto/listarProyecto.xhtml HTTP/1.1" 200 163
186.28.34.159 - - [02/Oct/2022:08:59:25 -0500] "GET /sipse/faces/presentacion/proyectos/proyecto/proyecto.xhtml HTTP/1.1" 200 89018
186.28.34.159 - - [02/Oct/2022:08:59:26 -0500] "GET /sipse/faces/javax.faces.resource/theme.css?ln=primefaces-sipse HTTP/1.1" 304 -
186.28.34.159 - - [02/Oct/2022:08:59:26 -0500] "GET /sipse/faces/javax.faces.resource/primefaces.css?ln=primefaces&v=4.0 HTTP/1.1" 304 -
186.28.34.159 - - [02/Oct/2022:08:59:26 -0500] "GET /sipse/faces/javax.faces.resource/layout/layout.css?ln=primefaces&v=4.0 HTTP/1.1" 304 -
186.28.34.159 - - [02/Oct/2022:08:59:26 -0500] "GET /sipse/faces/javax.faces.resource/jquery/jquery.js?ln=primefaces&v=4.0 HTTP/1.1" 304 -
186.28.34.159 - - [02/Oct/2022:08:59:26 -0500] "GET /sipse/faces/javax.faces.resource/jquery/jquery-plugins.js?ln=primefaces&v=4.0 HTTP/1.1" 304 -
186.28.34.159 - - [02/Oct/2022:08:59:26 -0500] "GET /sipse/faces/javax.faces.resource/primefaces.js?ln=primefaces&v=4.0 HTTP/1.1" 304 -
186.28.34.159 - - [02/Oct/2022:08:59:26 -0500] "GET /sipse/faces/javax.faces.resource/layout/layout.js?ln=primefaces&v=4.0 HTTP/1.1" 304 -
186.28.34.159 - - [02/Oct/2022:08:59:26 -0500] "GET /sipse/faces/javax.faces.resource/images/ui-icons_898989_256x240.png?ln=primefaces-aristo HTTP/1.1" 304 -
186.28.34.159 - - [02/Oct/2022:08:59:26 -0500] "GET /sipse/faces/javax.faces.resource/images/ui-bg_flat_0_2d5972_40x100.png?ln=primefaces-aristo HTTP/1.1" 304 -
186.28.34.159 - - [02/Oct/2022:08:59:26 -0500] "POST /sipse/faces/presentacion/proyectos/proyecto/proyecto.xhtml HTTP/1.1" 200 3273
186.28.34.159 - - [02/Oct/2022:08:59:50 -0500] "POST /sipse/faces/presentacion/proyectos/proyecto/proyecto.xhtml HTTP/1.1" 200 25751
186.28.34.159 - - [02/Oct/2022:08:59:51 -0500] "GET /sipse/faces/javax.faces.resource/jquery/jquery.js?ln=primefaces&v=4.0 HTTP/1.1" 304 -
186.28.34.159 - - [02/Oct/2022:08:59:51 -0500] "GET /sipse/faces/javax.faces.resource/jquery/jquery-plugins.js?ln=primefaces&v=4.0 HTTP/1.1" 304 -
186.28.34.159 - - [02/Oct/2022:08:59:51 -0500] "GET /sipse/faces/javax.faces.resource/primefaces.js?ln=primefaces&v=4.0 HTTP/1.1" 304 -
186.28.34.159 - - [02/Oct/2022:08:59:51 -0500] "GET /sipse/faces/javax.faces.resource/layout/layout.js?ln=primefaces&v=4.0 HTTP/1.1" 304 -
186.28.34.159 - - [02/Oct/2022:09:00:08 -0500] "POST /sipse/faces/presentacion/proyectos/proyecto/proyectoAdministrador/editarAdministrador.xhtml HTTP/1.1" 200 19029
186.28.34.159 - - [02/Oct/2022:09:00:12 -0500] "POST /sipse/faces/presentacion/proyectos/proyecto/proyectoAdministrador/editarAdministrador.xhtml HTTP/1.1" 200 2223
186.28.34.159 - - [02/Oct/2022:09:00:15 -0500] "POST /sipse/faces/presentacion/proyectos/proyecto/proyectoAdministrador/editarAdministrador.xhtml HTTP/1.1" 200 2227
186.28.34.159 - - [02/Oct/2022:09:00:16 -0500] "POST /sipse/faces/presentacion/proyectos/proyecto/proyectoAdministrador/editarAdministrador.xhtml HTTP/1.1" 200 2856
186.28.34.159 - - [02/Oct/2022:09:00:19 -0500] "POST /sipse/faces/presentacion/proyectos/proyecto/proyectoAdministrador/editarAdministrador.xhtml HTTP/1.1" 200 2049
201.245.192.253 - - [02/Oct/2022:09:00:18 -0500] "POST /kwsrmcab/Wsrmcab  HTTP/1.1" 200 43876
186.28.34.159 - - [02/Oct/2022:09:00:26 -0500] "POST /sipse/faces/presentacion/proyectos/proyecto/proyectoAdministrador/editarAdministrador.xhtml HTTP/1.1" 200 5049
186.28.34.159 - - [02/Oct/2022:09:00:26 -0500] "POST /sipse/faces/presentacion/proyectos/proyecto/proyectoAdministrador/editarAdministrador.xhtml HTTP/1.1" 200 2420
186.28.34.159 - - [02/Oct/2022:09:00:30 -0500] "POST /sipse/faces/presentacion/proyectos/proyecto/proyectoAdministrador/editarAdministrador.xhtml HTTP/1.1" 200 5045
186.28.34.159 - - [02/Oct/2022:09:00:30 -0500] "POST /sipse/faces/presentacion/proyectos/proyecto/proyectoAdministrador/editarAdministrador.xhtml HTTP/1.1" 200 5049
207.46.13.40 - - [02/Oct/2022:09:00:31 -0500] "GET /BLA/resoluciones/RESOLUCIONES%202000/2000%20100-149.tif HTTP/1.1" 200 3148971
186.28.34.159 - - [02/Oct/2022:09:00:31 -0500] "POST /sipse/faces/presentacion/proyectos/proyecto/proyectoAdministrador/editarAdministrador.xhtml HTTP/1.1" 200 5049
186.28.34.159 - - [02/Oct/2022:09:00:31 -0500] "POST /sipse/faces/presentacion/proyectos/proyecto/proyectoAdministrador/editarAdministrador.xhtml HTTP/1.1" 200 2220
62.231.95.189 - - [02/Oct/2022:09:01:14 -0500] "GET /portaldeninos/humedal-juan-amarillo-2/ HTTP/1.0" 200 88155
216.245.221.92 - - [02/Oct/2022:09:02:58 -0500] "HEAD / HTTP/1.1" 200 -
172.22.2.4 - - [02/Oct/2022:09:01:20 -0500] "HEAD /BLA/boletinlegal/ HTTP/1.1" 200 -
172.22.2.4 - - [02/Oct/2022:09:02:10 -0500] "GET /BLA/boletinlegal/ HTTP/1.1" 200 52877
186.28.34.159 - - [02/Oct/2022:09:04:44 -0500] "POST /sipse/faces/presentacion/proyectos/proyecto/proyectoAdministrador/editarAdministrador.xhtml HTTP/1.1" 200 80229
186.28.34.159 - - [02/Oct/2022:09:04:45 -0500] "GET /sipse/faces/javax.faces.resource/jquery/jquery.js?ln=primefaces&v=4.0 HTTP/1.1" 304 -
186.28.34.159 - - [02/Oct/2022:09:04:45 -0500] "GET /sipse/faces/javax.faces.resource/jquery/jquery-plugins.js?ln=primefaces&v=4.0 HTTP/1.1" 304 -
186.28.34.159 - - [02/Oct/2022:09:04:45 -0500] "GET /sipse/faces/javax.faces.resource/primefaces.js?ln=primefaces&v=4.0 HTTP/1.1" 304 -
186.28.34.159 - - [02/Oct/2022:09:04:45 -0500] "GET /sipse/faces/javax.faces.resource/layout/layout.js?ln=primefaces&v=4.0 HTTP/1.1" 304 -
186.28.34.159 - - [02/Oct/2022:09:04:45 -0500] "GET /sipse/faces/javax.faces.resource/messages/messages.png?ln=primefaces&v=4.0 HTTP/1.1" 304 -
186.28.34.159 - - [02/Oct/2022:09:04:45 -0500] "POST /sipse/faces/presentacion/proyectos/proyecto/proyecto.xhtml HTTP/1.1" 200 3273
186.28.34.159 - - [02/Oct/2022:09:04:48 -0500] "POST /sipse/faces/presentacion/proyectos/proyecto/proyecto.xhtml HTTP/1.1" 200 25753
186.28.34.159 - - [02/Oct/2022:09:04:49 -0500] "GET /sipse/faces/javax.faces.resource/jquery/jquery.js?ln=primefaces&v=4.0 HTTP/1.1" 304 -
186.28.34.159 - - [02/Oct/2022:09:04:49 -0500] "GET /sipse/faces/javax.faces.resource/jquery/jquery-plugins.js?ln=primefaces&v=4.0 HTTP/1.1" 304 -
186.28.34.159 - - [02/Oct/2022:09:04:49 -0500] "GET /sipse/faces/javax.faces.resource/primefaces.js?ln=primefaces&v=4.0 HTTP/1.1" 304 -
186.28.34.159 - - [02/Oct/2022:09:04:49 -0500] "GET /sipse/faces/javax.faces.resource/layout/layout.js?ln=primefaces&v=4.0 HTTP/1.1" 304 -
186.28.34.159 - - [02/Oct/2022:09:04:54 -0500] "POST /sipse/faces/presentacion/proyectos/proyecto/proyectoAdministrador/editarAdministrador.xhtml HTTP/1.1" 200 19030
186.28.34.159 - - [02/Oct/2022:09:04:56 -0500] "POST /sipse/faces/presentacion/proyectos/proyecto/proyectoAdministrador/editarAdministrador.xhtml HTTP/1.1" 200 2220
186.28.34.159 - - [02/Oct/2022:09:05:06 -0500] "POST /sipse/faces/presentacion/proyectos/proyecto/proyectoAdministrador/editarAdministrador.xhtml HTTP/1.1" 200 80374
186.28.34.159 - - [02/Oct/2022:09:05:07 -0500] "GET /sipse/faces/javax.faces.resource/jquery/jquery.js?ln=primefaces&v=4.0 HTTP/1.1" 304 -
186.28.34.159 - - [02/Oct/2022:09:05:07 -0500] "GET /sipse/faces/javax.faces.resource/jquery/jquery-plugins.js?ln=primefaces&v=4.0 HTTP/1.1" 304 -
186.28.34.159 - - [02/Oct/2022:09:05:07 -0500] "GET /sipse/faces/javax.faces.resource/primefaces.js?ln=primefaces&v=4.0 HTTP/1.1" 304 -
186.28.34.159 - - [02/Oct/2022:09:05:07 -0500] "GET /sipse/faces/javax.faces.resource/layout/layout.js?ln=primefaces&v=4.0 HTTP/1.1" 304 -
186.28.34.159 - - [02/Oct/2022:09:05:07 -0500] "POST /sipse/faces/presentacion/proyectos/proyecto/proyecto.xhtml HTTP/1.1" 200 3273
201.245.192.253 - - [02/Oct/2022:09:05:17 -0500] "POST /kwsrmcab/Wsrmcab  HTTP/1.1" 200 43876
186.28.34.159 - - [02/Oct/2022:09:05:22 -0500] "POST /sipse/faces/presentacion/proyectos/proyecto/proyecto.xhtml HTTP/1.1" 200 82806
186.28.34.159 - - [02/Oct/2022:09:05:22 -0500] "GET /sipse/faces/javax.faces.resource/jquery/jquery.js?ln=primefaces&v=4.0 HTTP/1.1" 304 -
186.28.34.159 - - [02/Oct/2022:09:05:22 -0500] "GET /sipse/faces/javax.faces.resource/jquery/jquery-plugins.js?ln=primefaces&v=4.0 HTTP/1.1" 304 -
186.28.34.159 - - [02/Oct/2022:09:05:22 -0500] "GET /sipse/faces/javax.faces.resource/primefaces.js?ln=primefaces&v=4.0 HTTP/1.1" 304 -
186.28.34.159 - - [02/Oct/2022:09:05:22 -0500] "GET /sipse/faces/javax.faces.resource/layout/layout.js?ln=primefaces&v=4.0 HTTP/1.1" 304 -
186.28.34.159 - - [02/Oct/2022:09:05:22 -0500] "POST /sipse/faces/presentacion/proyectos/proyecto/listarProyecto.xhtml HTTP/1.1" 200 76235
186.28.34.159 - - [02/Oct/2022:09:05:22 -0500] "POST /sipse/faces/presentacion/proyectos/proyecto/listarProyecto.xhtml HTTP/1.1" 200 76235
186.28.34.159 - - [02/Oct/2022:09:05:22 -0500] "POST /sipse/faces/presentacion/proyectos/proyecto/listarProyecto.xhtml HTTP/1.1" 200 76235
186.28.34.159 - - [02/Oct/2022:09:05:22 -0500] "POST /sipse/faces/presentacion/proyectos/proyecto/listarProyecto.xhtml HTTP/1.1" 200 76235
186.28.34.159 - - [02/Oct/2022:09:05:33 -0500] "POST /sipse/faces/presentacion/proyectos/proyecto/listarProyecto.xhtml HTTP/1.1" 200 4952
186.28.34.159 - - [02/Oct/2022:09:05:34 -0500] "POST /sipse/faces/presentacion/proyectos/proyecto/listarProyecto.xhtml HTTP/1.1" 200 163
186.28.34.159 - - [02/Oct/2022:09:05:35 -0500] "GET /sipse/faces/presentacion/proyectos/proyecto/proyecto.xhtml HTTP/1.1" 200 89253
186.28.34.159 - - [02/Oct/2022:09:05:36 -0500] "GET /sipse/faces/javax.faces.resource/theme.css?ln=primefaces-sipse HTTP/1.1" 304 -
186.28.34.159 - - [02/Oct/2022:09:05:36 -0500] "GET /sipse/faces/javax.faces.resource/jquery/jquery-plugins.js?ln=primefaces&v=4.0 HTTP/1.1" 304 -
186.28.34.159 - - [02/Oct/2022:09:05:36 -0500] "GET /sipse/faces/javax.faces.resource/primefaces.css?ln=primefaces&v=4.0 HTTP/1.1" 304 -
186.28.34.159 - - [02/Oct/2022:09:05:36 -0500] "GET /sipse/faces/javax.faces.resource/jquery/jquery.js?ln=primefaces&v=4.0 HTTP/1.1" 304 -
186.28.34.159 - - [02/Oct/2022:09:05:36 -0500] "GET /sipse/faces/javax.faces.resource/primefaces.js?ln=primefaces&v=4.0 HTTP/1.1" 304 -
186.28.34.159 - - [02/Oct/2022:09:05:36 -0500] "GET /sipse/faces/javax.faces.resource/layout/layout.css?ln=primefaces&v=4.0 HTTP/1.1" 304 -
186.28.34.159 - - [02/Oct/2022:09:05:36 -0500] "GET /sipse/faces/javax.faces.resource/layout/layout.js?ln=primefaces&v=4.0 HTTP/1.1" 304 -
186.28.34.159 - - [02/Oct/2022:09:05:36 -0500] "GET /sipse/faces/javax.faces.resource/images/ui-icons_898989_256x240.png?ln=primefaces-aristo HTTP/1.1" 304 -
186.28.34.159 - - [02/Oct/2022:09:05:36 -0500] "GET /sipse/faces/javax.faces.resource/images/ui-bg_flat_0_2d5972_40x100.png?ln=primefaces-aristo HTTP/1.1" 304 -
186.28.34.159 - - [02/Oct/2022:09:05:36 -0500] "POST /sipse/faces/presentacion/proyectos/proyecto/proyecto.xhtml HTTP/1.1" 200 3273
186.28.34.159 - - [02/Oct/2022:09:05:42 -0500] "POST /sipse/faces/presentacion/proyectos/proyecto/proyecto.xhtml HTTP/1.1" 200 25718
186.28.34.159 - - [02/Oct/2022:09:05:43 -0500] "GET /sipse/faces/javax.faces.resource/jquery/jquery.js?ln=primefaces&v=4.0 HTTP/1.1" 304 -
186.28.34.159 - - [02/Oct/2022:09:05:43 -0500] "GET /sipse/faces/javax.faces.resource/jquery/jquery-plugins.js?ln=primefaces&v=4.0 HTTP/1.1" 304 -
