216.245.221.92 - - [02/Oct/2022:11:27:57 -0500] "HEAD / HTTP/1.1" 200 -
157.55.39.202 - - [02/Oct/2022:11:28:42 -0500] "GET /BLA/resoluciones/AUTOS%202013/0146.pdf HTTP/1.1" 200 1564558
172.22.2.4 - - [02/Oct/2022:11:27:09 -0500] "HEAD /BLA/boletinlegal/ HTTP/1.1" 200 -
172.22.2.4 - - [02/Oct/2022:11:29:15 -0500] "GET /BLA/boletinlegal/images/body_bg.jpg HTTP/1.1" 200 1601
172.22.2.4 - - [02/Oct/2022:11:29:15 -0500] "GET /BLA/boletinlegal/images/menu_lft.gif HTTP/1.1" 200 1713
172.22.2.4 - - [02/Oct/2022:11:29:15 -0500] "GET /BLA/boletinlegal/images/menu_rght.gif HTTP/1.1" 200 1627
172.22.2.4 - - [02/Oct/2022:11:29:15 -0500] "GET /BLA/boletinlegal/images/bg_top.jpg HTTP/1.1" 200 522
172.22.2.4 - - [02/Oct/2022:11:29:15 -0500] "GET /BLA/boletinlegal/images/menu_bg.jpg HTTP/1.1" 200 620
172.22.2.4 - - [02/Oct/2022:11:29:15 -0500] "GET /BLA/boletinlegal/images/text.jpg HTTP/1.1" 200 568
172.22.2.4 - - [02/Oct/2022:11:29:15 -0500] "GET /BLA/boletinlegal/images/hover.jpg HTTP/1.1" 200 640
172.22.2.4 - - [02/Oct/2022:11:29:16 -0500] "GET /BLA/boletinlegal/actos.php HTTP/1.1" 200 9559
172.22.2.4 - - [02/Oct/2022:11:29:16 -0500] "GET /BLA/boletinlegal/niceforms.js HTTP/1.1" 200 22876
172.22.2.4 - - [02/Oct/2022:11:29:16 -0500] "GET /BLA/boletinlegal/js/ajax_actos.js HTTP/1.1" 200 1322
172.22.2.4 - - [02/Oct/2022:11:29:16 -0500] "GET /BLA/boletinlegal/niceforms-default.css HTTP/1.1" 200 6694
172.22.2.4 - - [02/Oct/2022:11:29:16 -0500] "GET /BLA/boletinlegal/js/popup.js HTTP/1.1" 200 1270
172.22.2.4 - - [02/Oct/2022:11:29:16 -0500] "GET /BLA/boletinlegal/js/lib.js HTTP/1.1" 200 6474
172.22.2.4 - - [02/Oct/2022:11:29:16 -0500] "GET /BLA/boletinlegal/js/jquery1.js HTTP/1.1" 200 29846
172.22.2.4 - - [02/Oct/2022:11:29:16 -0500] "GET /BLA/boletinlegal/images/green-yellow-blue-pink-th.png HTTP/1.1" 200 7394
172.22.2.4 - - [02/Oct/2022:11:29:16 -0500] "GET /BLA/boletinlegal/images/abajo.png HTTP/1.1" 200 96676
172.22.2.4 - - [02/Oct/2022:11:29:16 -0500] "GET /BLA/boletinlegal/images/tel.png HTTP/1.1" 200 14477
172.22.2.4 - - [02/Oct/2022:11:29:16 -0500] "GET /BLA/boletinlegal/images/icono-email.png HTTP/1.1" 200 5544
172.22.2.4 - - [02/Oct/2022:11:29:16 -0500] "GET /BLA/boletinlegal/images/footer_bg.jpg HTTP/1.1" 200 586
172.22.2.4 - - [02/Oct/2022:11:29:16 -0500] "GET /BLA/boletinlegal/images/footer_bg_l.jpg HTTP/1.1" 200 776
172.22.2.4 - - [02/Oct/2022:11:29:16 -0500] "GET /BLA/boletinlegal/img/0.png HTTP/1.1" 200 110
172.22.2.4 - - [02/Oct/2022:11:29:16 -0500] "GET /BLA/boletinlegal/img/select-right.png HTTP/1.1" 200 44019
172.22.2.4 - - [02/Oct/2022:11:29:16 -0500] "GET /BLA/boletinlegal/img/select-left.png HTTP/1.1" 200 263
172.22.2.4 - - [02/Oct/2022:11:29:16 -0500] "GET /BLA/boletinlegal/img/button-left.png HTTP/1.1" 200 57071
172.22.2.4 - - [02/Oct/2022:11:29:16 -0500] "GET /BLA/boletinlegal/img/button.png HTTP/1.1" 200 43241
172.22.2.4 - - [02/Oct/2022:11:29:16 -0500] "GET /BLA/boletinlegal/img/button-right.png HTTP/1.1" 200 57878
172.22.2.4 - - [02/Oct/2022:11:29:16 -0500] "GET /BLA/boletinlegal/favicon.ico HTTP/1.1" 404 1326
172.22.2.4 - - [02/Oct/2022:11:29:18 -0500] "GET /BLA/boletinlegal/images/screen_2.png HTTP/1.1" 200 362502
172.22.2.4 - - [02/Oct/2022:11:29:18 -0500] "GET /BLA/boletinlegal/images/screen_3.png HTTP/1.1" 200 210620
172.22.2.4 - - [02/Oct/2022:11:29:18 -0500] "GET /BLA/boletinlegal/images/screen_5.png HTTP/1.1" 200 368876
172.22.2.4 - - [02/Oct/2022:11:29:18 -0500] "GET /BLA/boletinlegal/images/arr_r.jpg HTTP/1.1" 200 1998
172.22.2.4 - - [02/Oct/2022:11:29:31 -0500] "GET /BLA/boletinlegal/consulta_actos.php?tipo=resoluciones&no=2371&usuario=&sector=&fecha=2022&resuelve= HTTP/1.1" 200 1104
186.155.67.253 - - [02/Oct/2022:11:29:35 -0500] "GET /BLA/resoluciones/RESOLUCIONES%202022/2371.pdf HTTP/1.1" 200 960326
186.155.67.253 - - [02/Oct/2022:11:29:36 -0500] "GET /favicon.ico HTTP/1.1" 200 7782
172.22.2.4 - - [02/Oct/2022:11:28:00 -0500] "GET /BLA/boletinlegal/ HTTP/1.1" 200 55630
201.245.192.253 - - [02/Oct/2022:11:29:52 -0500] "POST /kwsrmcab/Wsrmcab  HTTP/1.1" 200 43876
172.22.2.4 - - [02/Oct/2022:11:29:06 -0500] "GET /BLA/boletinlegal/ HTTP/1.1" 200 58575
64.124.8.33 - - [02/Oct/2022:11:31:42 -0500] "GET /portaldeninos/2018/06/06/hola-mundo-2/feed/ HTTP/1.1" 304 -
201.245.192.253 - - [02/Oct/2022:11:31:44 -0500] "POST /kwsrmcab/Wsrmcab HTTP/1.1" 200 39923
201.245.192.253 - - [02/Oct/2022:11:31:46 -0500] "POST /kwsrmcab/Wsrmcab HTTP/1.1" 200 44978
185.119.81.109 - - [02/Oct/2022:11:32:07 -0500] "GET /portaldeninos/wp-login.php HTTP/1.1" 200 2592
185.119.81.109 - - [02/Oct/2022:11:32:08 -0500] "POST /portaldeninos/wp-login.php HTTP/1.1" 200 3605
213.154.11.38 - - [02/Oct/2022:11:32:11 -0500] "GET / HTTP/1.1" 200 319
207.46.13.89 - - [02/Oct/2022:11:32:57 -0500] "GET /BLA/resoluciones/AUTOS%202013/0123.pdf HTTP/1.1" 200 3273681
216.245.221.92 - - [02/Oct/2022:11:32:57 -0500] "HEAD / HTTP/1.1" 200 -
172.22.2.4 - - [02/Oct/2022:11:33:46 -0500] "GET /BLA/boletinlegal/Circulares/2018/Circular%20No.%200015%20del%207%20de%20Diciembre%20de%202018.pdf HTTP/1.1" 200 165305
172.22.2.4 - - [02/Oct/2022:11:32:59 -0500] "HEAD /BLA/boletinlegal/ HTTP/1.1" 200 -
201.245.192.253 - - [02/Oct/2022:11:34:50 -0500] "POST /kwsrmcab/Wsrmcab  HTTP/1.1" 200 43876
172.22.2.4 - - [02/Oct/2022:11:33:50 -0500] "GET /BLA/boletinlegal/ HTTP/1.1" 200 56376
207.46.13.40 - - [02/Oct/2022:11:35:42 -0500] "GET /sipse/faces/faces/autenticacion.xhtml HTTP/1.1" 200 12502
172.22.2.4 - - [02/Oct/2022:11:35:36 -0500] "GET /BLA/boletinlegal/index.php HTTP/1.1" 200 63207
172.22.2.4 - - [02/Oct/2022:11:37:33 -0500] "GET /BLA/boletinlegal/js/jquery.scrollShow.js HTTP/1.1" 200 4586
172.22.2.4 - - [02/Oct/2022:11:37:33 -0500] "GET /BLA/boletinlegal/js/jquery.scrollTo-min.js HTTP/1.1" 200 1150
207.46.13.190 - - [02/Oct/2022:11:37:42 -0500] "GET /BLA/resoluciones/RESOLUCIONES%202005/00001100.tif HTTP/1.1" 200 176618
216.245.221.92 - - [02/Oct/2022:11:37:57 -0500] "HEAD / HTTP/1.1" 200 -
201.245.192.253 - - [02/Oct/2022:11:39:49 -0500] "POST /kwsrmcab/Wsrmcab  HTTP/1.1" 200 43876
207.46.13.230 - - [02/Oct/2022:11:40:15 -0500] "-" 408 -
172.22.2.4 - - [02/Oct/2022:11:38:49 -0500] "HEAD /BLA/boletinlegal/ HTTP/1.1" 200 -
172.22.2.4 - - [02/Oct/2022:11:39:39 -0500] "GET /BLA/boletinlegal/ HTTP/1.1" 200 58163
64.124.8.33 - - [02/Oct/2022:11:41:34 -0500] "GET /portaldeninos/2021/06/05/celebracion-del-dia-mundial-del-medio-ambiente-comenzo-desde-uno-de-los-pulmones-de-bogota/feed/ HTTP/1.1" 304 -
201.245.192.253 - - [02/Oct/2022:11:41:44 -0500] "POST /kwsrmcab/Wsrmcab HTTP/1.1" 200 39923
201.245.192.253 - - [02/Oct/2022:11:41:47 -0500] "POST /kwsrmcab/Wsrmcab HTTP/1.1" 200 44978
199.59.150.182 - - [02/Oct/2022:11:42:05 -0500] "GET /images/feria-veh%C3%ADculos-sostenibles_optimized.jpeg HTTP/1.1" 404 1034
216.245.221.92 - - [02/Oct/2022:11:42:57 -0500] "HEAD / HTTP/1.1" 200 -
186.86.32.105 - - [02/Oct/2022:11:43:31 -0500] "GET /sipse/faces/javax.faces.resource/layout/layout.css;jsessionid=yzZy1XBGBpMrN6a5Eu9uAx9A.undefined?ln=primefaces&v=4.0 HTTP/1.1" 200 542
186.86.32.105 - - [02/Oct/2022:11:43:29 -0500] "GET /sipse/faces/faces/autenticacion.xhtml HTTP/1.1" 200 12502
186.86.32.105 - - [02/Oct/2022:11:43:34 -0500] "GET /sipse/css/custom_css_sg.css HTTP/1.1" 200 9694
186.86.32.105 - - [02/Oct/2022:11:43:34 -0500] "GET /sipse/css/custom_css_sg_prime_login.css HTTP/1.1" 200 443
186.86.32.105 - - [02/Oct/2022:11:43:34 -0500] "GET /sipse/faces/javax.faces.resource/theme.css?ln=primefaces-sipse HTTP/1.1" 304 -
186.86.32.105 - - [02/Oct/2022:11:43:37 -0500] "GET /sipse/js/disable_browser_buttons.js HTTP/1.1" 200 3230
186.86.32.105 - - [02/Oct/2022:11:43:37 -0500] "GET /sipse/js/funciones.js HTTP/1.1" 200 12592
186.86.32.105 - - [02/Oct/2022:11:43:31 -0500] "GET /sipse/faces/javax.faces.resource/primefaces.css;jsessionid=yzZy1XBGBpMrN6a5Eu9uAx9A.undefined?ln=primefaces&v=4.0 HTTP/1.1" 200 53295
23.100.232.233 - - [02/Oct/2022:11:43:43 -0500] "GET /galeria/galeria/jquery.fancybox.css?v=2.1.5 HTTP/1.1" 200 4895
23.100.232.233 - - [02/Oct/2022:11:43:43 -0500] "GET /galeria/galeria/jquery.fancybox.js?v=2.1.5 HTTP/1.1" 200 48706
186.86.32.105 - - [02/Oct/2022:11:43:38 -0500] "GET /sipse/faces/javax.faces.resource/layout/layout.js;jsessionid=yzZy1XBGBpMrN6a5Eu9uAx9A.undefined?ln=primefaces&v=4.0 HTTP/1.1" 200 87560
186.86.32.105 - - [02/Oct/2022:11:43:34 -0500] "GET /sipse/faces/javax.faces.resource/jquery/jquery.js;jsessionid=yzZy1XBGBpMrN6a5Eu9uAx9A.undefined?ln=primefaces&v=4.0 HTTP/1.1" 200 105384
186.86.32.105 - - [02/Oct/2022:11:43:38 -0500] "GET /sipse/faces/javax.faces.resource/primefaces.js;jsessionid=yzZy1XBGBpMrN6a5Eu9uAx9A.undefined?ln=primefaces&v=4.0 HTTP/1.1" 200 276924
186.86.32.105 - - [02/Oct/2022:11:43:37 -0500] "GET /sipse/faces/javax.faces.resource/jquery/jquery-plugins.js;jsessionid=yzZy1XBGBpMrN6a5Eu9uAx9A.undefined?ln=primefaces&v=4.0 HTTP/1.1" 200 220526
186.86.32.105 - - [02/Oct/2022:11:44:44 -0500] "GET /sipse/faces/javax.faces.resource/images/ui-icons_898989_256x240.png?ln=primefaces-aristo HTTP/1.1" 304 -
186.86.32.105 - - [02/Oct/2022:11:44:43 -0500] "GET /sipse/css/imagen/logoSDG.png HTTP/1.1" 200 53064
186.86.32.105 - - [02/Oct/2022:11:44:44 -0500] "GET /sipse/css/imagen/loginimg.png HTTP/1.1" 200 71635
201.245.192.253 - - [02/Oct/2022:11:44:48 -0500] "POST /kwsrmcab/Wsrmcab  HTTP/1.1" 200 43876
186.86.32.105 - - [02/Oct/2022:11:44:53 -0500] "GET /sipse/faces/faces/index.xhtml HTTP/1.1" 200 677
186.86.32.105 - - [02/Oct/2022:11:44:56 -0500] "GET /sipse/faces/javax.faces.resource/theme.css?ln=primefaces-sipse HTTP/1.1" 304 -
186.86.32.105 - - [02/Oct/2022:11:44:59 -0500] "GET /sipse/faces/faces/faces/autenticacion.xhtml HTTP/1.1" 200 12180
186.86.32.105 - - [02/Oct/2022:11:45:00 -0500] "GET /sipse/faces/javax.faces.resource/theme.css?ln=primefaces-sipse HTTP/1.1" 304 -
186.86.32.105 - - [02/Oct/2022:11:45:12 -0500] "GET /sipse/faces/javax.faces.resource/layout/layout.css?ln=primefaces&v=4.0 HTTP/1.1" 304 -
186.86.32.105 - - [02/Oct/2022:11:45:15 -0500] "GET /sipse/faces/javax.faces.resource/primefaces.css?ln=primefaces&v=4.0 HTTP/1.1" 304 -
186.86.32.105 - - [02/Oct/2022:11:45:15 -0500] "GET /sipse/faces/javax.faces.resource/jquery/jquery.js?ln=primefaces&v=4.0 HTTP/1.1" 304 -
186.86.32.105 - - [02/Oct/2022:11:45:17 -0500] "GET /sipse/faces/javax.faces.resource/jquery/jquery-plugins.js?ln=primefaces&v=4.0 HTTP/1.1" 304 -
186.86.32.105 - - [02/Oct/2022:11:45:18 -0500] "GET /sipse/faces/javax.faces.resource/primefaces.js?ln=primefaces&v=4.0 HTTP/1.1" 304 -
186.86.32.105 - - [02/Oct/2022:11:45:18 -0500] "GET /sipse/faces/javax.faces.resource/layout/layout.js?ln=primefaces&v=4.0 HTTP/1.1" 304 -
186.86.32.105 - - [02/Oct/2022:11:45:54 -0500] "POST /sipse/faces/autenticacion.xhtml HTTP/1.1" 200 2224
186.86.32.105 - - [02/Oct/2022:11:45:55 -0500] "GET /sipse/faces/javax.faces.resource/messages/messages.png?ln=primefaces&v=4.0 HTTP/1.1" 304 -
186.86.32.105 - - [02/Oct/2022:11:45:56 -0500] "GET /sipse/faces/javax.faces.resource/images/ui-icons_898989_256x240.png?ln=primefaces-aristo HTTP/1.1" 304 -
186.86.32.105 - - [02/Oct/2022:11:45:57 -0500] "POST /sipse/faces/autenticacion.xhtml HTTP/1.1" 200 16256
186.86.32.105 - - [02/Oct/2022:11:46:09 -0500] "GET /sipse/css/custom_css_sg_prime.css HTTP/1.1" 200 5201
186.86.32.105 - - [02/Oct/2022:11:46:12 -0500] "GET /sipse/faces/javax.faces.resource/theme.css?ln=primefaces-sipse HTTP/1.1" 304 -
186.86.32.105 - - [02/Oct/2022:11:46:12 -0500] "GET /sipse/faces/javax.faces.resource/primefaces.css?ln=primefaces&v=4.0 HTTP/1.1" 304 -
186.86.32.105 - - [02/Oct/2022:11:46:12 -0500] "GET /sipse/faces/javax.faces.resource/layout/layout.css?ln=primefaces&v=4.0 HTTP/1.1" 304 -
172.22.2.4 - - [02/Oct/2022:11:44:39 -0500] "HEAD /BLA/boletinlegal/ HTTP/1.1" 200 -
173.252.87.117 - - [02/Oct/2022:11:46:29 -0500] "GET /images/negocios-verdes-mayo-2022.jpg HTTP/1.1" 200 48000
186.86.32.105 - - [02/Oct/2022:11:46:12 -0500] "GET /sipse/js/jquery.min.js HTTP/1.1" 200 85582
172.22.2.4 - - [02/Oct/2022:11:45:30 -0500] "GET /BLA/boletinlegal/ HTTP/1.1" 200 60281
186.86.32.105 - - [02/Oct/2022:11:47:21 -0500] "GET /sipse/faces/javax.faces.resource/jquery/jquery.js?ln=primefaces&v=4.0 HTTP/1.1" 304 -
186.86.32.105 - - [02/Oct/2022:11:47:21 -0500] "GET /sipse/faces/javax.faces.resource/jquery/jquery-plugins.js?ln=primefaces&v=4.0 HTTP/1.1" 304 -
186.86.32.105 - - [02/Oct/2022:11:47:24 -0500] "GET /sipse/faces/javax.faces.resource/primefaces.js?ln=primefaces&v=4.0 HTTP/1.1" 304 -
186.86.32.105 - - [02/Oct/2022:11:47:27 -0500] "GET /sipse/faces/javax.faces.resource/layout/layout.js?ln=primefaces&v=4.0 HTTP/1.1" 304 -
186.86.32.105 - - [02/Oct/2022:11:47:29 -0500] "POST /sipse/faces/bienvenido.xhtml HTTP/1.1" 200 732
186.86.32.105 - - [02/Oct/2022:11:47:31 -0500] "GET /sipse/css/imagen/contrasena.png HTTP/1.1" 404 383
186.86.32.105 - - [02/Oct/2022:11:47:31 -0500] "GET /sipse/imagenes/cargando.gif HTTP/1.1" 200 36959
186.86.32.105 - - [02/Oct/2022:11:47:51 -0500] "GET /sipse/faces/javax.faces.resource/images/ui-bg_flat_0_2d5972_40x100.png?ln=primefaces-aristo HTTP/1.1" 304 -
216.245.221.92 - - [02/Oct/2022:11:47:57 -0500] "HEAD / HTTP/1.1" 200 -
186.86.32.105 - - [02/Oct/2022:11:48:01 -0500] "POST /sipse/faces/bienvenido.xhtml HTTP/1.1" 200 2658
186.86.32.105 - - [02/Oct/2022:11:48:29 -0500] "POST /sipse/faces/bienvenido.xhtml HTTP/1.1" 200 65776
186.86.32.105 - - [02/Oct/2022:11:49:30 -0500] "GET /sipse/faces/javax.faces.resource/layout/layout.css?ln=primefaces&v=4.0 HTTP/1.1" 304 -
186.86.32.105 - - [02/Oct/2022:11:49:33 -0500] "GET /sipse/faces/javax.faces.resource/jquery/jquery.js?ln=primefaces&v=4.0 HTTP/1.1" 304 -
186.86.32.105 - - [02/Oct/2022:11:49:33 -0500] "GET /sipse/faces/javax.faces.resource/primefaces.css?ln=primefaces&v=4.0 HTTP/1.1" 304 -
186.86.32.105 - - [02/Oct/2022:11:49:33 -0500] "GET /sipse/faces/javax.faces.resource/theme.css?ln=primefaces-sipse HTTP/1.1" 304 -
186.86.32.105 - - [02/Oct/2022:11:49:33 -0500] "GET /sipse/faces/javax.faces.resource/jquery/jquery-plugins.js?ln=primefaces&v=4.0 HTTP/1.1" 304 -
207.46.13.190 - - [02/Oct/2022:11:49:34 -0500] "GET /BLA/resoluciones/00000889.tif HTTP/1.1" 404 1018
186.86.32.105 - - [02/Oct/2022:11:49:35 -0500] "GET /sipse/faces/javax.faces.resource/primefaces.js?ln=primefaces&v=4.0 HTTP/1.1" 304 -
186.86.32.105 - - [02/Oct/2022:11:49:36 -0500] "GET /sipse/faces/javax.faces.resource/layout/layout.js?ln=primefaces&v=4.0 HTTP/1.1" 304 -
186.86.32.105 - - [02/Oct/2022:11:49:37 -0500] "POST /sipse/faces/presentacion/financiero/solicitudProceso/listarSolicitudProceso.xhtml HTTP/1.1" 200 1560
186.86.32.105 - - [02/Oct/2022:11:47:31 -0500] "GET /sipse/imagenes/logoAplicacion.jpg HTTP/1.1" 200 155084
201.245.192.253 - - [02/Oct/2022:11:49:46 -0500] "POST /kwsrmcab/Wsrmcab  HTTP/1.1" 200 43876
94.102.61.10 - - [02/Oct/2022:11:50:47 -0500] "GET /portaldeninos/ HTTP/1.1" 200 110197
172.22.2.4 - - [02/Oct/2022:11:52:08 -0500] "GET /BLA/boletinlegal/jurisprudencia/analisis/AnalisisC-746-12.docx HTTP/1.1" 304 -
172.22.2.4 - - [02/Oct/2022:11:50:29 -0500] "HEAD /BLA/boletinlegal/ HTTP/1.1" 200 -
172.22.2.4 - - [02/Oct/2022:11:52:19 -0500] "GET /BLA/boletinlegal/robots.txt HTTP/1.1" 404 1038
216.245.221.92 - - [02/Oct/2022:11:52:57 -0500] "HEAD / HTTP/1.1" 200 -
172.22.2.4 - - [02/Oct/2022:11:51:19 -0500] "GET /BLA/boletinlegal/ HTTP/1.1" 200 54003
172.22.2.4 - - [02/Oct/2022:11:53:26 -0500] "GET /BLA/boletinlegal/styles2.css HTTP/1.1" 200 1838
172.22.2.4 - - [02/Oct/2022:11:53:26 -0500] "GET /BLA/boletinlegal/js/jquery.js HTTP/1.1" 200 57254
172.22.2.4 - - [02/Oct/2022:11:53:27 -0500] "GET /BLA/boletinlegal/style.css HTTP/1.1" 200 9406
157.55.39.25 - - [02/Oct/2022:11:54:28 -0500] "GET /BLA/resoluciones/RESOLUCIONES%202002/RES%202002%20301-350/00000317.tif HTTP/1.1" 200 184916
201.245.192.253 - - [02/Oct/2022:11:54:45 -0500] "POST /kwsrmcab/Wsrmcab  HTTP/1.1" 200 43876
207.46.13.190 - - [02/Oct/2022:11:55:14 -0500] "GET /galeria/galeria/fotos/reciclatonP.jpg HTTP/1.1" 200 57069
186.86.32.105 - - [02/Oct/2022:11:55:46 -0500] "POST /sipse/faces/presentacion/financiero/solicitudProceso/listarSolicitudProceso.xhtml HTTP/1.1" 200 14158
186.86.32.105 - - [02/Oct/2022:11:55:52 -0500] "POST /sipse/faces/presentacion/financiero/solicitudProceso/listarSolicitudProceso.xhtml HTTP/1.1" 200 14150
186.86.32.105 - - [02/Oct/2022:11:56:02 -0500] "POST /sipse/faces/presentacion/financiero/solicitudProceso/listarSolicitudProceso.xhtml HTTP/1.1" 200 124095
186.86.32.105 - - [02/Oct/2022:11:57:54 -0500] "GET /sipse/faces/javax.faces.resource/jquery/jquery.js?ln=primefaces&v=4.0 HTTP/1.1" 304 -
186.86.32.105 - - [02/Oct/2022:11:57:54 -0500] "GET /sipse/faces/javax.faces.resource/primefaces.css?ln=primefaces&v=4.0 HTTP/1.1" 304 -
216.245.221.92 - - [02/Oct/2022:11:57:57 -0500] "HEAD / HTTP/1.1" 200 -
186.86.32.105 - - [02/Oct/2022:11:57:58 -0500] "GET /sipse/faces/javax.faces.resource/jquery/jquery-plugins.js?ln=primefaces&v=4.0 HTTP/1.1" 304 -
186.86.32.105 - - [02/Oct/2022:11:57:59 -0500] "GET /sipse/faces/javax.faces.resource/theme.css?ln=primefaces-sipse HTTP/1.1" 304 -
172.22.2.4 - - [02/Oct/2022:11:56:19 -0500] "HEAD /BLA/boletinlegal/ HTTP/1.1" 200 -
186.86.32.105 - - [02/Oct/2022:11:58:00 -0500] "GET /sipse/faces/javax.faces.resource/primefaces.js?ln=primefaces&v=4.0 HTTP/1.1" 304 -
186.86.32.105 - - [02/Oct/2022:11:58:03 -0500] "GET /sipse/faces/javax.faces.resource/layout/layout.js?ln=primefaces&v=4.0 HTTP/1.1" 304 -
186.86.32.105 - - [02/Oct/2022:11:58:04 -0500] "GET /sipse/faces/javax.faces.resource/layout/layout.css?ln=primefaces&v=4.0 HTTP/1.1" 304 -
207.46.13.40 - - [02/Oct/2022:11:58:10 -0500] "GET /BLA/resoluciones/RESOLUCIONES%202002/RES%202002%20851-900/00000873.tif HTTP/1.1" 200 114268
172.22.2.4 - - [02/Oct/2022:11:57:10 -0500] "GET /BLA/boletinlegal/ HTTP/1.1" 200 59828
157.55.39.202 - - [02/Oct/2022:11:59:06 -0500] "GET / HTTP/1.1" 200 319
207.46.13.84 - - [02/Oct/2022:11:59:11 -0500] "GET /BLA/resoluciones/AUTOS%202010/5438.pdf HTTP/1.1" 200 184544
201.245.192.253 - - [02/Oct/2022:11:59:45 -0500] "POST /kwsrmcab/Wsrmcab  HTTP/1.1" 200 43876
128.14.141.34 - - [02/Oct/2022:12:00:20 -0500] "GET / HTTP/1.1" 200 319
173.252.95.116 - - [02/Oct/2022:12:00:28 -0500] "GET /un-animal-adulto-espera-renacer-de-tu-mano-adopta.html HTTP/1.1" 206 1028
172.22.2.4 - - [02/Oct/2022:11:59:55 -0500] "GET /BLA/boletinlegal/ HTTP/1.1" 200 32715
207.46.13.84 - - [02/Oct/2022:12:01:46 -0500] "GET /BLA/resoluciones/AUTOS%202016/1491.pdf HTTP/1.1" 200 342255
185.119.81.102 - - [02/Oct/2022:12:02:44 -0500] "GET /portaldeninos/wp-login.php HTTP/1.1" 200 2592
185.119.81.102 - - [02/Oct/2022:12:02:45 -0500] "POST /portaldeninos/wp-login.php HTTP/1.1" 200 3670
216.245.221.92 - - [02/Oct/2022:12:02:57 -0500] "HEAD / HTTP/1.1" 200 -
172.22.2.4 - - [02/Oct/2022:12:02:09 -0500] "HEAD /BLA/boletinlegal/ HTTP/1.1" 200 -
172.22.2.4 - - [02/Oct/2022:12:02:59 -0500] "GET /BLA/boletinlegal/ HTTP/1.1" 200 60281
207.46.13.84 - - [02/Oct/2022:12:04:46 -0500] "GET /BLA/resoluciones/ HTTP/1.1" 200 13093
201.245.192.253 - - [02/Oct/2022:12:04:45 -0500] "POST /kwsrmcab/Wsrmcab  HTTP/1.1" 200 43876
216.245.221.92 - - [02/Oct/2022:12:07:57 -0500] "HEAD / HTTP/1.1" 200 -
185.119.81.109 - - [02/Oct/2022:12:08:07 -0500] "GET /portaldeninos/wp-login.php HTTP/1.1" 200 2592
185.119.81.109 - - [02/Oct/2022:12:08:08 -0500] "POST /portaldeninos/wp-login.php HTTP/1.1" 200 3605
172.22.2.4 - - [02/Oct/2022:12:08:11 -0500] "GET /BLA/boletinlegal/Directivas/2011/Directiva%20No.%205%20del%2029%20de%20Agosto%20de%202011.pdf HTTP/1.1" 200 444404
60.188.11.30 - - [02/Oct/2022:12:08:26 -0500] "GET / HTTP/1.1" 200 319
172.22.2.4 - - [02/Oct/2022:12:07:59 -0500] "HEAD /BLA/boletinlegal/ HTTP/1.1" 200 -
201.245.192.253 - - [02/Oct/2022:12:09:44 -0500] "POST /kwsrmcab/Wsrmcab  HTTP/1.1" 200 43876
172.22.2.4 - - [02/Oct/2022:12:08:49 -0500] "GET /BLA/boletinlegal/ HTTP/1.1" 200 57725
172.22.2.4 - - [02/Oct/2022:12:12:09 -0500] "GET /BLA/boletinlegal/ab2g HTTP/1.1" 404 1018
178.128.117.221 - - [02/Oct/2022:12:12:29 -0500] "GET / HTTP/1.1" 200 319
216.245.221.92 - - [02/Oct/2022:12:12:57 -0500] "HEAD / HTTP/1.1" 200 -
185.220.101.58 - - [02/Oct/2022:12:14:39 -0500] "GET /portaldeninos/ HTTP/1.1" 200 110197
201.245.192.253 - - [02/Oct/2022:12:14:44 -0500] "POST /kwsrmcab/Wsrmcab  HTTP/1.1" 200 43876
172.22.2.4 - - [02/Oct/2022:12:13:49 -0500] "HEAD /BLA/boletinlegal/ HTTP/1.1" 200 -
207.46.13.190 - - [02/Oct/2022:12:15:36 -0500] "GET /BLA/resoluciones/RESOLUCIONES%202002/RES%202002%20101-150/2002RES110.tif HTTP/1.1" 200 67248
172.22.2.4 - - [02/Oct/2022:12:14:39 -0500] "GET /BLA/boletinlegal/ HTTP/1.1" 200 58163
216.245.221.92 - - [02/Oct/2022:12:17:57 -0500] "HEAD / HTTP/1.1" 200 -
186.30.147.202 - - [02/Oct/2022:12:18:36 -0500] "GET /forest/ HTTP/1.1" 200 12041
186.30.147.202 - - [02/Oct/2022:12:19:04 -0500] "POST /forest/index.php HTTP/1.1" 200 12268
201.245.192.253 - - [02/Oct/2022:12:19:43 -0500] "POST /kwsrmcab/Wsrmcab  HTTP/1.1" 200 43876
157.55.39.202 - - [02/Oct/2022:12:19:55 -0500] "GET /BLA/resoluciones/AUTOS%202016/2011.pdf HTTP/1.1" 200 544714
172.22.2.4 - - [02/Oct/2022:12:19:39 -0500] "HEAD /BLA/boletinlegal/ HTTP/1.1" 200 -
201.245.192.253 - - [02/Oct/2022:12:21:44 -0500] "POST /kwsrmcab/Wsrmcab HTTP/1.1" 200 41732
201.245.192.253 - - [02/Oct/2022:12:21:46 -0500] "POST /kwsrmcab/Wsrmcab HTTP/1.1" 200 45130
172.22.2.4 - - [02/Oct/2022:12:22:06 -0500] "GET /BLA/boletinlegal/jurisprudencia/analisis/ANALISIST-672-14.docx HTTP/1.1" 304 -
172.22.2.4 - - [02/Oct/2022:12:20:29 -0500] "GET /BLA/boletinlegal/ HTTP/1.1" 200 60281
216.245.221.92 - - [02/Oct/2022:12:22:57 -0500] "HEAD / HTTP/1.1" 200 -
103.145.13.132 - - [02/Oct/2022:12:23:02 -0500] "GET / HTTP/1.1" 200 319
186.30.147.202 - - [02/Oct/2022:12:23:24 -0500] "GET /forest/ HTTP/1.1" 200 12041
201.245.192.253 - - [02/Oct/2022:12:24:42 -0500] "POST /kwsrmcab/Wsrmcab  HTTP/1.1" 200 43876
64.124.8.40 - - [02/Oct/2022:12:25:47 -0500] "-" 408 -
173.252.87.8 - - [02/Oct/2022:12:26:28 -0500] "GET /images/eficiencia-energetica-11-marzo.jpg HTTP/1.1" 200 46478
173.252.79.11 - - [02/Oct/2022:12:26:28 -0500] "GET /images/jardines-verticales-plantas-24-mayo.jpg HTTP/1.1" 200 148288
172.22.2.4 - - [02/Oct/2022:12:25:29 -0500] "HEAD /BLA/boletinlegal/ HTTP/1.1" 200 -
173.252.95.10 - - [02/Oct/2022:12:27:15 -0500] "GET /bogota-destacada-en-america-latina-por-su-accion-climatica.html HTTP/1.1" 206 768
173.252.95.118 - - [02/Oct/2022:12:27:44 -0500] "GET /quieres-saber-como-ahorrar-energia-en-tu-empresa-secretaria-de-ambiente-lanza-guia-que-te-ayudara.html HTTP/1.1" 206 998
216.245.221.92 - - [02/Oct/2022:12:27:57 -0500] "HEAD / HTTP/1.1" 200 -
172.22.2.4 - - [02/Oct/2022:12:26:19 -0500] "GET /BLA/boletinlegal/ HTTP/1.1" 200 58955
207.46.13.84 - - [02/Oct/2022:12:29:09 -0500] "GET /BLA/resoluciones/00000899.tif HTTP/1.1" 404 1018
201.245.192.253 - - [02/Oct/2022:12:29:41 -0500] "POST /kwsrmcab/Wsrmcab  HTTP/1.1" 200 43876
181.62.149.79 - - [02/Oct/2022:12:30:15 -0500] "GET /BLA/resoluciones/ HTTP/1.1" 200 13093
181.62.149.79 - - [02/Oct/2022:12:30:15 -0500] "GET /BLA/resoluciones/dlf/styles.css HTTP/1.1" 200 3049
181.62.149.79 - - [02/Oct/2022:12:30:15 -0500] "GET /BLA/resoluciones/dlf/folder.png HTTP/1.1" 200 410
181.62.149.79 - - [02/Oct/2022:12:30:15 -0500] "GET /BLA/resoluciones/dlf/bg.gif HTTP/1.1" 200 54
181.62.149.79 - - [02/Oct/2022:12:30:15 -0500] "GET /favicon.ico HTTP/1.1" 200 7782
181.62.149.79 - - [02/Oct/2022:12:30:18 -0500] "GET /BLA/resoluciones/dlf/dirup.png HTTP/1.1" 200 644
181.62.149.79 - - [02/Oct/2022:12:30:18 -0500] "GET /BLA/resoluciones/dlf/pdf.gif HTTP/1.1" 200 272
181.62.149.79 - - [02/Oct/2022:12:30:18 -0500] "GET /BLA/resoluciones/dlf/unknown.png HTTP/1.1" 200 266
181.62.149.79 - - [02/Oct/2022:12:30:18 -0500] "GET /BLA/resoluciones/index.php?dir=RESOLUCIONES+2008%2F HTTP/1.1" 200 976272
181.62.149.79 - - [02/Oct/2022:12:30:26 -0500] "GET /BLA/resoluciones/RESOLUCIONES%202008/0931.pdf HTTP/1.1" 200 891644
34.91.61.32 - - [02/Oct/2022:12:31:19 -0500] "GET / HTTP/1.1" 200 319
34.91.61.32 - - [02/Oct/2022:12:31:19 -0500] "GET / HTTP/1.1" 200 4720
64.124.8.49 - - [02/Oct/2022:12:31:24 -0500] "GET /transparencia/financiera/Ejecucion%20Presupuestal/Vigencia%20actual HTTP/1.1" 301 298
201.245.192.253 - - [02/Oct/2022:12:31:43 -0500] "POST /kwsrmcab/Wsrmcab HTTP/1.1" 200 41732
201.245.192.253 - - [02/Oct/2022:12:31:46 -0500] "POST /kwsrmcab/Wsrmcab HTTP/1.1" 200 45130
114.67.225.93 - - [02/Oct/2022:12:32:19 -0500] "GET http://190.27.245.106:80/phpMyAdmin-2.11.1.2/scripts/setup.php HTTP/1.0" 403 1165
114.67.225.93 - - [02/Oct/2022:12:32:19 -0500] "GET http://190.27.245.106:80/pma/scripts/setup.php HTTP/1.0" 404 1018
114.67.225.93 - - [02/Oct/2022:12:32:19 -0500] "GET http://190.27.245.106:80/myadmin/scripts/setup.php HTTP/1.0" 404 1018
114.67.225.93 - - [02/Oct/2022:12:32:19 -0500] "GET http://190.27.245.106:80/phpMyAdmin2/scripts/setup.php HTTP/1.0" 403 1165
114.67.225.93 - - [02/Oct/2022:12:32:19 -0500] "GET http://190.27.245.106:80/phpMyAdmin-2.10.3/scripts/setup.php HTTP/1.0" 403 1165
114.67.225.93 - - [02/Oct/2022:12:32:19 -0500] "GET http://190.27.245.106:80/db/scripts/setup.php HTTP/1.0" 404 1018
114.67.225.93 - - [02/Oct/2022:12:32:19 -0500] "GET http://190.27.245.106:80/phpMyAdmin-2.8.0.2/scripts/setup.php HTTP/1.0" 403 1165
114.67.225.93 - - [02/Oct/2022:12:32:19 -0500] "GET http://190.27.245.106:80/phpMyAdmin-2.11.7/scripts/setup.php HTTP/1.0" 403 1165
114.67.225.93 - - [02/Oct/2022:12:32:19 -0500] "GET http://190.27.245.106:80/mysql/scripts/setup.php HTTP/1.0" 404 1018
114.67.225.93 - - [02/Oct/2022:12:32:19 -0500] "GET http://190.27.245.106:80/phpMyAdmin-2.11.0/scripts/setup.php HTTP/1.0" 403 1165
114.67.225.93 - - [02/Oct/2022:12:32:19 -0500] "GET http://190.27.245.106:80/phpMyAdmin-2.11.9.2/scripts/setup.php HTTP/1.0" 403 1165
114.67.225.93 - - [02/Oct/2022:12:32:19 -0500] "GET http://190.27.245.106:80/phpMyAdmin-2.11.4/scripts/setup.php HTTP/1.0" 403 1165
114.67.225.93 - - [02/Oct/2022:12:32:19 -0500] "GET http://190.27.245.106:80/mysqladmin/scripts/setup.php HTTP/1.0" 404 1018
114.67.225.93 - - [02/Oct/2022:12:32:19 -0500] "GET http://190.27.245.106:80/phpMyAdmin-2.10.2/scripts/setup.php HTTP/1.0" 403 1165
114.67.225.93 - - [02/Oct/2022:12:32:19 -0500] "GET http://190.27.245.106:80/phpMyAdmin/scripts/setup.php HTTP/1.0" 403 1165
114.67.225.93 - - [02/Oct/2022:12:32:19 -0500] "GET http://190.27.245.106:80/phpMyAdmin-2/scripts/setup.php HTTP/1.0" 403 1165
114.67.225.93 - - [02/Oct/2022:12:32:19 -0500] "GET http://190.27.245.106:80/phpMyAdmin-2.11.3/scripts/setup.php HTTP/1.0" 403 1165
114.67.225.93 - - [02/Oct/2022:12:32:19 -0500] "GET http://190.27.245.106:80/phpMyAdmin-2.10.0.2/scripts/setup.php HTTP/1.0" 403 1165
216.245.221.92 - - [02/Oct/2022:12:32:57 -0500] "HEAD / HTTP/1.1" 200 -
172.22.2.4 - - [02/Oct/2022:12:31:19 -0500] "HEAD /BLA/boletinlegal/ HTTP/1.1" 200 -
207.46.13.84 - - [02/Oct/2022:12:33:10 -0500] "GET /BLA/resoluciones/00000896.tif HTTP/1.1" 404 1018
172.22.2.4 - - [02/Oct/2022:12:33:46 -0500] "GET /BLA/boletinlegal/actos.php HTTP/1.1" 200 9559
172.22.2.4 - - [02/Oct/2022:12:32:09 -0500] "GET /BLA/boletinlegal/ HTTP/1.1" 200 57725
201.245.192.253 - - [02/Oct/2022:12:34:40 -0500] "POST /kwsrmcab/Wsrmcab  HTTP/1.1" 200 43876
64.124.8.49 - - [02/Oct/2022:12:34:44 -0500] "GET /transparencia/financiera/Ejecucion%20Presupuestal/Vigencia%20actual/8%20Ejecucion%20de%20Vigencia%20agosto%202022.xlsx HTTP/1.1" 200 134908
186.30.147.202 - - [02/Oct/2022:12:34:48 -0500] "POST /forest/index.php HTTP/1.1" 200 12268
64.124.8.49 - - [02/Oct/2022:12:35:07 -0500] "GET /transparencia/financiera/Ejecucion%20Presupuestal/Vigencia%20actual/6%20Ejecucion%20de%20Vigencia%20Junio%202022.xlsx HTTP/1.1" 304 -
199.59.150.181 - - [02/Oct/2022:12:36:42 -0500] "GET /images/feria-veh%C3%ADculos-sostenibles_optimized.jpeg HTTP/1.1" 404 1034
64.124.8.49 - - [02/Oct/2022:12:36:59 -0500] "GET /transparencia/financiera/Ejecucion%20Presupuestal/Vigencia%20actual/3.%20EJECUCION%20DE%20VIGENCIAS%20MARZO%202022.xlsx HTTP/1.1" 304 -
216.245.221.92 - - [02/Oct/2022:12:37:57 -0500] "HEAD / HTTP/1.1" 200 -
64.124.8.49 - - [02/Oct/2022:12:38:16 -0500] "GET /transparencia/financiera/Ejecucion%20Presupuestal/Vigencia%20actual/8%20Ejecucion%20de%20Reservas%20agosto%202022.xlsx HTTP/1.1" 200 27606
64.124.8.49 - - [02/Oct/2022:12:38:40 -0500] "GET /transparencia/financiera/Ejecucion%20Presupuestal/Vigencia%20actual/6%20Ejecucion%20de%20Reservas%20Junio%202022.xlsx HTTP/1.1" 304 -
172.22.2.4 - - [02/Oct/2022:12:37:09 -0500] "HEAD /BLA/boletinlegal/ HTTP/1.1" 200 -
157.55.39.25 - - [02/Oct/2022:12:39:18 -0500] "GET /BLA/resoluciones/AUTOS%202021/4506.pdf HTTP/1.1" 304 -
201.245.192.253 - - [02/Oct/2022:12:39:39 -0500] "POST /kwsrmcab/Wsrmcab  HTTP/1.1" 200 43876
172.22.2.4 - - [02/Oct/2022:12:38:23 -0500] "GET /BLA/boletinlegal/ HTTP/1.1" 200 61974
201.245.192.253 - - [02/Oct/2022:12:41:43 -0500] "POST /kwsrmcab/Wsrmcab HTTP/1.1" 200 41732
201.245.192.253 - - [02/Oct/2022:12:41:46 -0500] "POST /kwsrmcab/Wsrmcab HTTP/1.1" 200 45130
64.124.8.49 - - [02/Oct/2022:12:42:08 -0500] "GET /transparencia/General%20Asignado/Historico HTTP/1.1" 301 273
207.46.13.40 - - [02/Oct/2022:12:42:44 -0500] "GET /BLA/resoluciones/RESOLUCIONES%202005/00001066.tif HTTP/1.1" 200 133752
64.124.8.49 - - [02/Oct/2022:12:42:47 -0500] "GET /transparencia/financiera/Ejecucion%20Presupuestal/Historico/EJECUCION%20RESERVAS%20DICIEMBRE%202017.xlsx HTTP/1.1" 304 -
216.245.221.92 - - [02/Oct/2022:12:42:57 -0500] "HEAD / HTTP/1.1" 200 -
172.22.2.4 - - [02/Oct/2022:12:42:59 -0500] "HEAD /BLA/boletinlegal/ HTTP/1.1" 200 -
201.245.192.253 - - [02/Oct/2022:12:44:38 -0500] "POST /kwsrmcab/Wsrmcab  HTTP/1.1" 200 43876
172.22.2.4 - - [02/Oct/2022:12:43:49 -0500] "GET /BLA/boletinlegal/ HTTP/1.1" 200 59828
64.124.8.48 - - [02/Oct/2022:12:46:59 -0500] "GET /portaldeninos/2021/07/11/asi-monitoreamos-las-condiciones-y-caracteristicas-de-algunos-animales/ HTTP/1.1" 200 101617
216.245.221.92 - - [02/Oct/2022:12:47:57 -0500] "HEAD / HTTP/1.1" 200 -
201.245.192.253 - - [02/Oct/2022:12:49:37 -0500] "POST /kwsrmcab/Wsrmcab  HTTP/1.1" 200 43876
172.22.2.4 - - [02/Oct/2022:12:48:49 -0500] "HEAD /BLA/boletinlegal/ HTTP/1.1" 200 -
172.22.2.4 - - [02/Oct/2022:12:50:43 -0500] "HEAD /BLA/boletinlegal/jurisprudencia/analisis/CUADRO%20ANALISIS%20SENTENCIA%20T-411%20DE%201992.doc HTTP/1.1" 200 -
172.22.2.4 - - [02/Oct/2022:12:50:43 -0500] "GET /BLA/boletinlegal/jurisprudencia/analisis/CUADRO%20ANALISIS%20SENTENCIA%20T-411%20DE%201992.doc HTTP/1.1" 200 41984
172.22.2.4 - - [02/Oct/2022:12:50:54 -0500] "GET /BLA/boletinlegal/jurisprudencia/analisis/CUADRO%20ANALISIS%20SENTENCIA%20T-411%20DE%201992.doc HTTP/1.1" 200 41984
172.22.2.4 - - [02/Oct/2022:12:49:39 -0500] "GET /BLA/boletinlegal/ HTTP/1.1" 200 60281
157.55.39.25 - - [02/Oct/2022:12:52:53 -0500] "GET /BLA/resoluciones/00000861.tif HTTP/1.1" 404 1018
216.245.221.92 - - [02/Oct/2022:12:52:57 -0500] "HEAD / HTTP/1.1" 200 -
207.46.13.84 - - [02/Oct/2022:12:54:12 -0500] "GET /BLA/resoluciones/AUTOS%202013/0367.pdf HTTP/1.1" 200 261192
172.22.2.4 - - [02/Oct/2022:12:54:24 -0500] "GET /BLA/boletinlegal/a2billing/customer/templates/default/footer.tpl HTTP/1.1" 404 1018
201.245.192.253 - - [02/Oct/2022:12:54:36 -0500] "POST /kwsrmcab/Wsrmcab  HTTP/1.1" 200 43876
172.22.2.4 - - [02/Oct/2022:12:54:39 -0500] "HEAD /BLA/boletinlegal/ HTTP/1.1" 200 -
207.46.13.40 - - [02/Oct/2022:12:56:56 -0500] "GET /BLA/resoluciones/RESOLUCIONES%202006/RES%202006%20351-400/00000365.tif HTTP/1.1" 200 344446
172.22.2.4 - - [02/Oct/2022:12:55:29 -0500] "GET /BLA/boletinlegal/ HTTP/1.1" 200 59828
64.124.8.49 - - [02/Oct/2022:12:57:22 -0500] "GET /transparencia/financiera/Ejecucion%20Presupuestal HTTP/1.1" 301 280
216.245.221.92 - - [02/Oct/2022:12:57:57 -0500] "HEAD / HTTP/1.1" 200 -
64.124.8.49 - - [02/Oct/2022:12:58:08 -0500] "GET /transparencia/financiera/Ejecucion%20Presupuestal/Vigencia%20actual/5%20EJECUCION%20DE%20RESERVAS%20MAYO%202022.xlsx HTTP/1.1" 304 -
64.124.8.49 - - [02/Oct/2022:12:58:30 -0500] "GET /transparencia/General%20Asignado/Vigencia%20actual HTTP/1.1" 301 281
201.245.192.253 - - [02/Oct/2022:12:59:36 -0500] "POST /kwsrmcab/Wsrmcab  HTTP/1.1" 200 43876
64.124.8.49 - - [02/Oct/2022:13:01:48 -0500] "GET /transparencia/financiera/Ejecucion%20Presupuestal/Vigencia%20actual/2.%20EJECUCION%20DE%20RESERVAS%20FEBRERO%202022.xlsx HTTP/1.1" 304 -
172.22.2.4 - - [02/Oct/2022:13:00:29 -0500] "HEAD /BLA/boletinlegal/ HTTP/1.1" 200 -
185.119.81.109 - - [02/Oct/2022:13:02:26 -0500] "GET /portaldeninos/wp-login.php HTTP/1.1" 200 2592
185.119.81.109 - - [02/Oct/2022:13:02:27 -0500] "POST /portaldeninos/wp-login.php HTTP/1.1" 200 3605
173.252.79.3 - - [02/Oct/2022:13:02:37 -0500] "GET /images/mercados-campesinos-5-mayo.jpg HTTP/1.1" 200 95848
216.245.221.92 - - [02/Oct/2022:13:02:57 -0500] "HEAD / HTTP/1.1" 200 -
172.22.2.4 - - [02/Oct/2022:13:01:31 -0500] "GET /BLA/boletinlegal/ HTTP/1.1" 200 60874
64.124.8.49 - - [02/Oct/2022:13:03:21 -0500] "GET /transparencia/financiera/Ejecucion%20Presupuestal/Vigencia%20actual/7%20Ejecucion%20de%20Vigencia%20julio%202022.xlsx HTTP/1.1" 304 -
201.245.192.253 - - [02/Oct/2022:13:04:35 -0500] "POST /kwsrmcab/Wsrmcab  HTTP/1.1" 200 43876
207.46.13.84 - - [02/Oct/2022:13:04:43 -0500] "GET /BLA/resoluciones/RESOLUCIONES%202006/RES%202006%20351-400/00000366.tif HTTP/1.1" 200 395300
173.252.127.3 - - [02/Oct/2022:13:04:52 -0500] "GET /images/humedal-agua-lluvias-bogota-18-marzo.jpg HTTP/1.1" 200 146923
64.124.8.49 - - [02/Oct/2022:13:05:07 -0500] "GET /transparencia/financiera/Ejecucion%20Presupuestal/Vigencia%20actual/3.%20EJECUCION%20DE%20RESERVAS%20MARZO%202022.xlsx HTTP/1.1" 304 -
172.22.2.4 - - [02/Oct/2022:13:05:31 -0500] "GET /BLA/boletinlegal/owa/auth/logon.aspx HTTP/1.1" 404 1018
172.22.2.4 - - [02/Oct/2022:13:06:49 -0500] "GET /BLA/boletinlegal/ecp/Current/exporttool/microsoft.exchange.ediscovery.exporttool.application HTTP/1.1" 404 1018
64.124.8.49 - - [02/Oct/2022:13:07:21 -0500] "GET /transparencia/financiera/Ejecucion%20Presupuestal/Vigencia%20actual/7%20Ejecucion%20de%20Reservas%20julio%202022.xlsx HTTP/1.1" 304 -
216.245.221.92 - - [02/Oct/2022:13:07:57 -0500] "HEAD / HTTP/1.1" 200 -
172.22.2.4 - - [02/Oct/2022:13:06:19 -0500] "HEAD /BLA/boletinlegal/ HTTP/1.1" 200 -
172.22.2.4 - - [02/Oct/2022:13:07:09 -0500] "GET /BLA/boletinlegal/ HTTP/1.1" 200 60281
64.124.8.48 - - [02/Oct/2022:13:08:52 -0500] "GET /portaldeninos/2021/05/30/manejo-de-residuos/feed/ HTTP/1.1" 304 -
201.245.192.253 - - [02/Oct/2022:13:09:34 -0500] "POST /kwsrmcab/Wsrmcab  HTTP/1.1" 200 43876
64.124.8.49 - - [02/Oct/2022:13:09:50 -0500] "GET /transparencia/financiera/Desagregado%20con%20modificaciones HTTP/1.1" 301 290
64.124.8.49 - - [02/Oct/2022:13:10:06 -0500] "GET /transparencia/financiera/Ejecucion%20Presupuestal/Historico/EJECUCION%20%20VIGENCIA%20DICIEMBRE%202018%20.xlsx HTTP/1.1" 304 -
185.119.81.101 - - [02/Oct/2022:13:10:28 -0500] "GET /portaldeninos/wp-login.php HTTP/1.1" 200 2592
185.119.81.101 - - [02/Oct/2022:13:10:29 -0500] "POST /portaldeninos/wp-login.php HTTP/1.1" 200 3605
172.22.2.4 - - [02/Oct/2022:13:10:36 -0500] "GET /BLA/boletinlegal/owa/auth/x.js HTTP/1.1" 404 1018
64.124.8.33 - - [02/Oct/2022:13:11:32 -0500] "-" 408 -
64.124.8.49 - - [02/Oct/2022:13:11:48 -0500] "GET /transparencia/financiera/Ejecucion%20Presupuestal/Vigencia%20actual/4.%20EJECUCION%20DE%20RESERVAS%20ABRIL%202022.xlsx HTTP/1.1" 304 -
216.245.221.92 - - [02/Oct/2022:13:12:57 -0500] "HEAD / HTTP/1.1" 200 -
191.88.217.36 - - [02/Oct/2022:13:12:57 -0500] "GET /BLA/boletinlegal/js/jquery.scrollShow.js HTTP/1.1" 200 4586
191.88.217.36 - - [02/Oct/2022:13:12:57 -0500] "GET /galeria/galeria/jquery.fancybox.css?v=2.1.5 HTTP/1.1" 200 4895
191.88.217.36 - - [02/Oct/2022:13:12:57 -0500] "GET /galeria/galeria/jquery.fancybox.js?v=2.1.5 HTTP/1.1" 200 48706
191.88.217.36 - - [02/Oct/2022:13:12:58 -0500] "GET /autoliquidacion2020 HTTP/1.1" 301 250
191.88.217.36 - - [02/Oct/2022:13:12:58 -0500] "GET /autoliquidacion2020/ HTTP/1.1" 200 6146
191.88.217.36 - - [02/Oct/2022:13:12:59 -0500] "GET /autoliquidacion2020/dlf/styles.css HTTP/1.1" 200 3045
191.88.217.36 - - [02/Oct/2022:13:12:59 -0500] "GET /autoliquidacion2020/dlf/folder.png HTTP/1.1" 200 410
191.88.217.36 - - [02/Oct/2022:13:12:59 -0500] "GET /autoliquidacion2020/dlf/bg.gif HTTP/1.1" 200 54
172.22.2.4 - - [02/Oct/2022:13:12:09 -0500] "HEAD /BLA/boletinlegal/ HTTP/1.1" 200 -
172.22.2.4 - - [02/Oct/2022:13:12:54 -0500] "GET /BLA/boletinlegal/ HTTP/1.1" 200 45268
201.245.192.253 - - [02/Oct/2022:13:14:33 -0500] "POST /kwsrmcab/Wsrmcab  HTTP/1.1" 200 43876
172.22.2.4 - - [02/Oct/2022:13:12:59 -0500] "GET /BLA/boletinlegal/ HTTP/1.1" 200 45693
64.124.8.49 - - [02/Oct/2022:13:15:18 -0500] "GET /transparencia/financiera/Ejecucion%20Presupuestal/Historico HTTP/1.1" 301 290
207.46.13.190 - - [02/Oct/2022:13:17:02 -0500] "GET /BLA/resoluciones/RESOLUCIONES%202002/RES%202002%20851-900/00000859.tif HTTP/1.1" 200 79158
157.55.39.202 - - [02/Oct/2022:13:17:11 -0500] "GET /BLA/resoluciones/RESOLUCIONES%202002/RES%202002%20851-900/00000900.tif HTTP/1.1" 200 43232
64.124.8.49 - - [02/Oct/2022:13:17:50 -0500] "GET /transparencia/financiera/Ejecucion%20Presupuestal/Historico/EJECUCION%20%20VIGENCIA%20DICIEMBRE%202017.xlsx HTTP/1.1" 304 -
216.245.221.92 - - [02/Oct/2022:13:17:57 -0500] "HEAD / HTTP/1.1" 200 -
64.124.8.49 - - [02/Oct/2022:13:18:16 -0500] "GET /transparencia/financiera/Ejecucion%20Presupuestal/Vigencia%20actual/1.%20EJECUCION%20DE%20VIGENCIAS%20ENERO%202022.xlsx HTTP/1.1" 304 -
207.46.13.190 - - [02/Oct/2022:13:18:52 -0500] "GET /BLA/resoluciones/00001066.tif HTTP/1.1" 404 1018
64.124.8.49 - - [02/Oct/2022:13:18:53 -0500] "GET /transparencia/financiera/Ejecucion%20Presupuestal/Historico/EJECUCION%20RESERVAS%20DICIEMBRE%202018%20.xlsx HTTP/1.1" 304 -
201.245.192.253 - - [02/Oct/2022:13:19:33 -0500] "POST /kwsrmcab/Wsrmcab  HTTP/1.1" 200 43876
172.22.2.4 - - [02/Oct/2022:13:17:59 -0500] "HEAD /BLA/boletinlegal/ HTTP/1.1" 200 -
172.22.2.4 - - [02/Oct/2022:13:18:49 -0500] "GET /BLA/boletinlegal/ HTTP/1.1" 200 58163
172.22.2.4 - - [02/Oct/2022:13:20:34 -0500] "GET /BLA/boletinlegal/ab2h HTTP/1.1" 404 1018
64.124.8.33 - - [02/Oct/2022:13:21:24 -0500] "-" 408 -
201.245.192.253 - - [02/Oct/2022:13:21:43 -0500] "POST /kwsrmcab/Wsrmcab HTTP/1.1" 200 43691
201.245.192.253 - - [02/Oct/2022:13:21:46 -0500] "POST /kwsrmcab/Wsrmcab HTTP/1.1" 200 45143
64.124.8.49 - - [02/Oct/2022:13:21:55 -0500] "GET /transparencia/financiera/Ejecucion%20Presupuestal/Vigencia%20actual/1.%20EJECUCION%20DE%20RESERVAS%20ENERO%202022.xlsx HTTP/1.1" 304 -
216.245.221.92 - - [02/Oct/2022:13:22:57 -0500] "HEAD / HTTP/1.1" 200 -
172.22.2.4 - - [02/Oct/2022:13:23:05 -0500] "GET /BLA/boletinlegal/Circulares/2020/CIRCULAR%20No.%2000019%20DEL%2018%20DE%20DICIEMBRE%20DEL%202020.pdf HTTP/1.1" 304 -
104.152.52.60 - - [02/Oct/2022:13:23:07 -0500] "GET / HTTP/1.0" 200 319
201.245.192.253 - - [02/Oct/2022:13:24:32 -0500] "POST /kwsrmcab/Wsrmcab  HTTP/1.1" 200 43876
172.22.2.4 - - [02/Oct/2022:13:23:49 -0500] "HEAD /BLA/boletinlegal/ HTTP/1.1" 200 -
64.124.8.49 - - [02/Oct/2022:13:26:13 -0500] "GET /transparencia/financiera/Ejecucion%20Presupuestal/Vigencia%20actual/2.%20EJECUCION%20DE%20VIGENCIAS%20FEBRERO%202022.xlsx HTTP/1.1" 304 -
172.22.2.4 - - [02/Oct/2022:13:24:39 -0500] "GET /BLA/boletinlegal/ HTTP/1.1" 200 58575
186.102.32.19 - - [02/Oct/2022:13:26:50 -0500] "GET /kwssiamovil/sm/ldap/au?x=U2FsdGVkX18ojS+zxuVXmF95jNHkJVhaALOM9sM1y2Hu7u7Qf6QEewfGfuzyTMJo&y=U2FsdGVkX1/drYKpD+G3mRHU5miP/VA+9yfdsPtfmtrihWQEPaMtAe/4xhYXxmLV HTTP/1.1" 200 30
186.102.32.19 - - [02/Oct/2022:13:26:51 -0500] "GET /kwssiamovil/sm/acme/s?s=U2FsdGVkX1+ioYpOh/D+Z1gagbnd99ufc46FKf1PvsviW1A9M2h5DQfqVgz/irpKslJEgfQ+ihjlMnKl8HvMgj2z7ecQ9HnV6PJTPu+fGdM=&u=U2FsdGVkX19Z7GBh6sb/gyhe7FS5mlkeSFi8OmrxZ7k=&y=U2FsdGVkX1/drYKpD+G3mRHU5miP/VA+9yfdsPtfmtrihWQEPaMtAe/4xhYXxmLV HTTP/1.1" 200 97
186.102.32.19 - - [02/Oct/2022:13:26:51 -0500] "GET /kwssiamovil/sm/acme/s?s=U2FsdGVkX1+KCtWh+AuSRh60sEYJoexs9GOsOhaELEJT4lUpGhjdxAv6DnqSLxMImCRao2NXezliogfMFiRnucsX6wR5c+DpYWkmU6X8j4udZW5/cTW5gl0IPjs9P8KxKuQiUGbfDBRoVlVfjIQ62lpQYdMtLqPzi4zCCVfAxOoFaua+RjqPaHkAIrbaJmQjoXJ2WgX8vDKCPwiSRcWsdBRg0wUOVcX68GYlqCOgqrO8m5SNw64a/h0hq4ub+7wuoGC0B1mi0tuYG8oK/uStyrRlmXxDEzoY+kBBkk6In+NfGFwDdrH79t2LJRNu/P5wHvp0Tra0/X8JNTk92GITIn03zacH38Sb41a4/cI9idDeGp0af/b8FkLgvuu7jaDKQYR/zXyxfpMxTpgTkRTDG1EcMHZs2yOxdBzpTJg4KJQbmAfHTVgUKmvgpUghQjBrclpDkoWvEOYi+iHMWGmwjX4PorntGEanbcz1Dv+j/b+YYgJP4s8kysFR4wtKepGTn6VjC6c3JNd9E9iXBMcmm0UbChKC35PDwayuXHTLmzwe1V8CfQqPJ8/G2iXwcJtliv6WE/EW/NbND2INIuXTSfMNSfv3LDPqkjj6tz87VIG2/QwuEdc3wF3VpCvDDOvswDh4a3bLmNxI4M0aAwVpkhnabf09hRMdGXVgsHatN2p+l3JSTfKDMdthPXMvqkJU8wVdN5bRQ4Lp5yaKR6lkTC7MYRiVnIiho9NpEYNNjTjijQcPRHgIylua96jmjoqNOdW5/e7KVSpRotfdhZPecd0N+rnaJNgf0POcfGvPWOjAXVgW7azKF9WMNDCuxzco35Aot2YNzizuXMHnJ0v/w3rSGpjT+zDlTnruIimPjEdfq04OmLvm52O/RmsbQpCv0m/BFvl3rcY2u4NnwrhlOyXNhpWVb2fEQyVwXWKm2FWpKrZJmTX7hnP6U+Riz1kdVmUybkCiIdrI1hKZcqDMh2Q6LpTABe+xQT/rTABmdGsvDPMpsinUJXC7fpLXwySCvDUX+bmcsw4lKF4q1cSN0y/hQhbA2mMnpOJ+C9rSUkRUgiO51K2hf2+pTAgP5UoCm0/tRBsPl++qG7QInxELwSO5rWpU8YU+IhgXRW9z5RBv545irJNbnBTDjgmYaoLFuzGZy714imnBxdIUnuyHS3s+urZlJcNhnmrPsIDc0eqwjbR+bi2kov4Rzfm8/iOYZnvPDbth0AkLzToGolqb1O4M9jZOu/oJxafZ3LlUKFvHlV3SkYNz8a/I1HdQkOfW/FTvayA94cpvJ165MzZ84w0UJxxJdzxI4C2EbRXdVWYUjoHEjgUIQON/T515W5bX0k6fGqWJg+f5BzaMUPc5JBDs6EKzoYH1H0Z0xPOHj5aWAxEONQxedLgGs6rDYMK05vHT4YxfK4XO6s2YX2v6MH1mEAfADSKsjVRMfGGF+YM=&u=U2FsdGVkX19Z7GBh6sb/gyhe7FS5mlkeSFi8OmrxZ7k=&y=U2FsdGVkX1/drYKpD+G3mRHU5miP/VA+9yfdsPtfmtrihWQEPaMtAe/4xhYXxmLV HTTP/1.1" 200 2124
186.102.32.19 - - [02/Oct/2022:13:26:51 -0500] "GET /kwssiamovil/sm/acme/s?s=U2FsdGVkX19I7UI1TW51C6bJ3dMQVEiIel0Netd+lfh6p071pOvbIxztow4YYqjMFszl7Jhr3HreeyOzxiM2WD8PBIeQogFKdnygw3/nkao6BFqbCyyu3IYVUtz/GrHjLKe4Hxt/bLDA3VAjfT7B94SrkyIZvpsuLWRAWrfZDCPDrSflQTy1F5aGAG/cjenkY2T8uH047dMkNmL16QK8jEpLkfs9SyKRhNx5hQB1lOc0IfaQ8PXTisHFvnMVgunlIc3v5tMmhp5AD0J9vzWrVkXbDJdVm8/ELp9g1vR0DC+SWccX0K2oa9iS4cli0i0UeebLnNBCvBo2d+1Wcwut+O665mckxVQnXHhFa4p50Wk=&u=U2FsdGVkX19Z7GBh6sb/gyhe7FS5mlkeSFi8OmrxZ7k=&y=U2FsdGVkX1/drYKpD+G3mRHU5miP/VA+9yfdsPtfmtrihWQEPaMtAe/4xhYXxmLV HTTP/1.1" 200 196
186.102.32.19 - - [02/Oct/2022:13:26:51 -0500] "GET /kwssiamovil/sm/cjson/pre?f=1&x=U2FsdGVkX18ojS+zxuVXmF95jNHkJVhaALOM9sM1y2Hu7u7Qf6QEewfGfuzyTMJo HTTP/1.1" 200 30992
216.245.221.92 - - [02/Oct/2022:13:27:57 -0500] "HEAD / HTTP/1.1" 200 -
199.59.150.182 - - [02/Oct/2022:13:29:00 -0500] "GET /images/feria-veh%C3%ADculos-sostenibles_optimized.jpeg HTTP/1.1" 404 1034
185.119.81.102 - - [02/Oct/2022:13:29:02 -0500] "GET /portaldeninos/wp-login.php HTTP/1.1" 200 2592
185.119.81.102 - - [02/Oct/2022:13:29:04 -0500] "POST /portaldeninos/wp-login.php HTTP/1.1" 200 3605
201.245.192.253 - - [02/Oct/2022:13:29:30 -0500] "POST /kwsrmcab/Wsrmcab  HTTP/1.1" 200 43876
207.46.13.40 - - [02/Oct/2022:13:29:51 -0500] "GET /Publicaciones/2022EE190623.pdf HTTP/1.1" 404 228
64.124.8.49 - - [02/Oct/2022:13:30:28 -0500] "GET /transparencia/financiera/Ejecucion%20Presupuestal/Vigencia%20actual/5%20EJECUCION%20DE%20VIGENCIAS%20MAYO%202022.xlsx HTTP/1.1" 304 -
172.22.2.4 - - [02/Oct/2022:13:29:39 -0500] "HEAD /BLA/boletinlegal/ HTTP/1.1" 200 -
201.245.192.253 - - [02/Oct/2022:13:31:43 -0500] "POST /kwsrmcab/Wsrmcab HTTP/1.1" 200 43691
201.245.192.253 - - [02/Oct/2022:13:31:46 -0500] "POST /kwsrmcab/Wsrmcab HTTP/1.1" 200 45143
64.124.8.49 - - [02/Oct/2022:13:31:54 -0500] "GET /transparencia/financiera/Ejecucion%20Presupuestal/Historico/EJECUCUION%20DE%20RESERVAS%202019%20a%2031-12-2020.xlsx HTTP/1.1" 304 -
172.22.2.4 - - [02/Oct/2022:13:30:29 -0500] "GET /BLA/boletinlegal/ HTTP/1.1" 200 54003
64.124.8.49 - - [02/Oct/2022:13:32:48 -0500] "GET /transparencia/financiera/Ejecucion%20Presupuestal/Historico/EJECUCUION%20VIGENCIA%202020%20a%2013.01.2021.xlsx HTTP/1.1" 304 -
216.245.221.92 - - [02/Oct/2022:13:32:57 -0500] "HEAD / HTTP/1.1" 200 -
207.46.13.190 - - [02/Oct/2022:13:33:03 -0500] "GET /BLA/resoluciones/RESOLUCIONES%202005/RES%202005%201751-1800/00001785.tif HTTP/1.1" 200 264312
191.111.47.194 - - [02/Oct/2022:13:33:18 -0500] "GET /BLA/boletinlegal/js/jquery.scrollShow.js HTTP/1.1" 200 4586
191.111.47.194 - - [02/Oct/2022:13:33:18 -0500] "GET /galeria/galeria/jquery.fancybox.css?v=2.1.5 HTTP/1.1" 200 4895
191.111.47.194 - - [02/Oct/2022:13:33:18 -0500] "GET /galeria/galeria/jquery.fancybox.js?v=2.1.5 HTTP/1.1" 200 48706
201.245.192.253 - - [02/Oct/2022:13:34:29 -0500] "POST /kwsrmcab/Wsrmcab  HTTP/1.1" 200 43876
172.22.2.4 - - [02/Oct/2022:13:35:29 -0500] "HEAD /BLA/boletinlegal/ HTTP/1.1" 200 -
64.124.8.49 - - [02/Oct/2022:13:37:28 -0500] "GET /transparencia/financiera/Ejecucion%20Presupuestal/Vigencia%20actual/4.%20EJECUCION%20DE%20VIGENCIAS%20ABRIL%202022.xlsx HTTP/1.1" 304 -
186.29.54.83 - - [02/Oct/2022:13:37:39 -0500] "GET /BLA/resoluciones/index.php?dir= HTTP/1.1" 200 13093
186.29.54.83 - - [02/Oct/2022:13:37:40 -0500] "GET /favicon.ico HTTP/1.1" 200 7782
186.29.54.83 - - [02/Oct/2022:13:37:44 -0500] "GET /BLA/resoluciones/index.php?dir=AUTOS+2013%2F HTTP/1.1" 200 406450
216.245.221.92 - - [02/Oct/2022:13:37:57 -0500] "HEAD / HTTP/1.1" 200 -
172.22.2.4 - - [02/Oct/2022:13:36:20 -0500] "GET /BLA/boletinlegal/ HTTP/1.1" 200 59828
207.46.13.89 - - [02/Oct/2022:13:38:27 -0500] "GET /BLA/resoluciones/RESOLUCIONES%202002/RES%202002%20851-900/00000865.tif HTTP/1.1" 200 115938
201.245.192.253 - - [02/Oct/2022:13:39:28 -0500] "POST /kwsrmcab/Wsrmcab  HTTP/1.1" 200 43876
201.245.192.253 - - [02/Oct/2022:13:41:44 -0500] "POST /kwsrmcab/Wsrmcab HTTP/1.1" 200 43691
201.245.192.253 - - [02/Oct/2022:13:41:46 -0500] "POST /kwsrmcab/Wsrmcab HTTP/1.1" 200 45143
216.245.221.92 - - [02/Oct/2022:13:42:57 -0500] "HEAD / HTTP/1.1" 200 -
172.22.2.4 - - [02/Oct/2022:13:41:19 -0500] "HEAD /BLA/boletinlegal/ HTTP/1.1" 200 -
172.22.2.4 - - [02/Oct/2022:13:42:09 -0500] "GET /BLA/boletinlegal/ HTTP/1.1" 200 58163
66.249.64.13 - - [02/Oct/2022:13:44:03 -0500] "-" 408 -
201.245.192.253 - - [02/Oct/2022:13:44:27 -0500] "POST /kwsrmcab/Wsrmcab  HTTP/1.1" 200 43876
172.22.2.4 - - [02/Oct/2022:13:46:48 -0500] "GET /BLA/boletinlegal/Directivas/2022/DIRECTIVA%20No.%2000001%20DEL%2015%20DE%20JUNIO%20DEL%202022.pdf HTTP/1.1" 304 -
216.245.221.92 - - [02/Oct/2022:13:47:57 -0500] "HEAD / HTTP/1.1" 200 -
172.22.2.4 - - [02/Oct/2022:13:47:09 -0500] "HEAD /BLA/boletinlegal/ HTTP/1.1" 200 -
201.245.192.253 - - [02/Oct/2022:13:49:26 -0500] "POST /kwsrmcab/Wsrmcab  HTTP/1.1" 200 43876
172.22.2.4 - - [02/Oct/2022:13:47:59 -0500] "GET /BLA/boletinlegal/ HTTP/1.1" 200 54823
207.46.13.84 - - [02/Oct/2022:13:50:16 -0500] "GET /BLA/resoluciones/RESOLUCIONES%202002/RES%202002%20301-350/00000325.tif HTTP/1.1" 200 73924
174.138.9.176 - - [02/Oct/2022:13:51:10 -0500] "GET /portaldeninos/ HTTP/1.1" 200 110197
186.102.10.206 - - [02/Oct/2022:13:51:52 -0500] "GET /kwssiamovil/sm/ldap/au?x=U2FsdGVkX19orfqswLwMMozBxel6nyKO14j4iyqOUh3JtY5NGkDorP8VPbmm6TaT&y=U2FsdGVkX18SHlYtB3h3K+vviEjLP2qsTljhqYiYEYxqJynb2WHoIhCuPNq2Q2T4 HTTP/1.1" 200 30
186.102.10.206 - - [02/Oct/2022:13:51:52 -0500] "GET /kwssiamovil/sm/acme/s?s=U2FsdGVkX1+sKUOsDf6yoEhIpRHZyjrGLei5BWo17HLtfkpMETfaOn0DxDX0Kz+ms3409ZvsHewp7PiYl7AKODefgHWk3jp6uk/8tLJECl8=&u=U2FsdGVkX1+K1bb5+BqYBPaoO2O87mzVbN3P1zAw3xSCXjHcx8gDBYN3QNl/cSa8&y=U2FsdGVkX18SHlYtB3h3K+vviEjLP2qsTljhqYiYEYxqJynb2WHoIhCuPNq2Q2T4 HTTP/1.1" 200 97
186.102.10.206 - - [02/Oct/2022:13:51:52 -0500] "GET /kwssiamovil/sm/acme/s?s=U2FsdGVkX1+M7T6eyBO5hsEClVdx+lDw2M2w/qMqAiDMJhNfFnorKncSbB63czCbBoZm7YR7e2hHYZ4pJUfThBn+dbCh1RfwPr1at0Hh5Vcb2+X/a6fpChLke6KAO0sJh0Y0+J/MT8jFvixDTkDnOMw1d05r84nct+7PJnPByy0/EhLLBJW99CzGx7NE77apo029PVliNQmXOoaU9RbrkQung6JE75hfvZUTUqcmGuChmxibDoGiw0Tlw3ua9N6k5GtAXRxaaaMTlklkc8iLBe3C3Qkbmr+Szcv2ISN0XLVD8vfkCzksUS4xYgjC5bdzKpu2khL8sZBJdB7vLkEcpabvep1SbUZCy4NDWeaJssHHxPQe0GuoVSt+EGabeffafgxki7bLKedJ+8hsJtVOg2ccVDjiR0IUbI6yhftO6GTMa4PivqS6/p0tDbUCH9YNBR1C2R6MyCJyh/E3uPuELpB64V7vCv1jH9Bh5Sw8xhjqtFAJFAFiYmKoKNF+JMXS82n7ru8lqcP8pZIBnZYlx/r4SD6o8O9yzdj1CvQnya45OgT1XhtRqt0kG53vJXJF12TISkcOOzsZTWqdOehOfOuBlAwVJPhhNwwOKpodRLZBmSQy0VXJc+aiAbfM/PX3yN2f8IzQs/dozA1uZaIa54u6O8rs7A9YbFuLx7IlZ7NYm9fjOiDrf0h3hO+0pseXmLofJG2Zs+5vPBusY2b3KxtUuWHWm3bKI5Al+F4Ig/mgXjGwSUna/lMQp2XvV3a231lbQ7gWWDaidz7BBxuhY1Ak49bITU8Sfsj1XAuiUS+2aiJKBhUe2ElSKqewp1xK9pLAdeP8Rr9bt2wOSMPWINDggEjtnUr+g/3zrTjs5Fc3zts9fbbbvfOc48BrwNEAjGAGoi9+FfL5QMjfVm7O6mfub7lW4eFgedPeaP7OQiBsj9fcWand+Rw6ueMQBLD68GWQIC5pMgdmOWLCQTu6bftXzW8KLoSaS1QcPJHuIZDCUONvpAcL32Y8yCHSYmx7Tg3e1UgTtas5czkPXECJkH0mAOwXU40Y2F2f0gPXGt013nPC232rPbjXhMPWBp7iLfUu6MnOMJ1/L7XSmtaDpmoJlYY2Akj5trKDUTdki3CbcC70PeCjU3eB9TbFrRS89zmzKuVng9hrZ4weg5ISW+1Q81akoSdQ/04EDFfvOFcr7cl6iqPmY08n+89mCE64oaCIsVUYDOaiETM+Daqna7wf/zAP3W7swrabCUDwTKHC567fF4I3lTBWgOJ/jGu8Z4YvYGhoKP2UvW9d3t0f4Fr4fqwniq3WRsGRSWMrb5wmfaxirLvaxqqvwSrsoQxvlwFFZ8ityLIYCRkHxiaSO58OOWdfpbQ/Q6YM2YiH/I8CjdHW2UG19FslOsd8Uzh2xJ1EE51XpyfYBvqvzuOqrt4bGD7/bCyYFeTvrnSkH14=&u=U2FsdGVkX1+K1bb5+BqYBPaoO2O87mzVbN3P1zAw3xSCXjHcx8gDBYN3QNl/cSa8&y=U2FsdGVkX18SHlYtB3h3K+vviEjLP2qsTljhqYiYEYxqJynb2WHoIhCuPNq2Q2T4 HTTP/1.1" 200 4686
186.102.10.206 - - [02/Oct/2022:13:51:53 -0500] "GET /kwssiamovil/sm/acme/s?s=U2FsdGVkX1+R2B7CbUyFk/RPCT/BkvZ4y29Kuhl+k58s7Q+v3KmSgU0veTCeSHHkx5FsxfjYW4n3giqROqQS+/dlNuDyiYLberCw+3cA35hmnHejRIOxrhJjvxTqZvzIRXd9bcCZeqLmy9SvoNJtzuVQecXebGIlyPmyn3X5lufktxLWOl5OYaR/FqIaT2Z5VknjFMppx80g04jAnCUuPsuDzECxA62ehdJH0LOviskbASU3GxQd5wepsZi9gEMkXv8lbWYFfZ2FeEdAprAul+QKjudP1bDAf12d3jhakGDZ8l1Tjpd2m4Cy+EH00raVZY6gplPh/41udvDc+jWU9zcW49zQDXjoELK4lsdHY9g=&u=U2FsdGVkX1+K1bb5+BqYBPaoO2O87mzVbN3P1zAw3xSCXjHcx8gDBYN3QNl/cSa8&y=U2FsdGVkX18SHlYtB3h3K+vviEjLP2qsTljhqYiYEYxqJynb2WHoIhCuPNq2Q2T4 HTTP/1.1" 200 196
186.102.10.206 - - [02/Oct/2022:13:51:53 -0500] "GET /kwssiamovil/sm/cjson/pre?f=1&x=U2FsdGVkX19orfqswLwMMozBxel6nyKO14j4iyqOUh3JtY5NGkDorP8VPbmm6TaT HTTP/1.1" 200 30992
