216.245.221.92 - - [02/Oct/2022:04:37:59 -0500] "HEAD / HTTP/1.1" 200 -
64.124.8.40 - - [02/Oct/2022:04:38:10 -0500] "GET /portaldeninos/2018/06/06/hola-mundo-3/ HTTP/1.1" 200 95162
172.22.2.4 - - [02/Oct/2022:04:38:30 -0500] "GET /BLA/boletinlegal/robots.txt HTTP/1.1" 404 1038
172.22.2.4 - - [02/Oct/2022:04:38:32 -0500] "GET /BLA/boletinlegal/jurisprudencia.php HTTP/1.1" 200 17573
172.22.2.4 - - [02/Oct/2022:04:38:50 -0500] "HEAD /BLA/boletinlegal/ HTTP/1.1" 200 -
201.245.192.253 - - [02/Oct/2022:04:41:09 -0500] "POST /kwsrmcab/Wsrmcab  HTTP/1.1" 200 43876
172.22.2.4 - - [02/Oct/2022:04:39:41 -0500] "GET /BLA/boletinlegal/ HTTP/1.1" 200 59828
201.245.192.253 - - [02/Oct/2022:04:41:46 -0500] "POST /kwsrmcab/Wsrmcab HTTP/1.1" 200 44185
201.245.192.253 - - [02/Oct/2022:04:41:48 -0500] "POST /kwsrmcab/Wsrmcab HTTP/1.1" 200 44852
216.245.221.92 - - [02/Oct/2022:04:42:59 -0500] "HEAD / HTTP/1.1" 200 -
66.249.73.127 - - [02/Oct/2022:04:43:57 -0500] "-" 408 -
201.245.192.253 - - [02/Oct/2022:04:46:08 -0500] "POST /kwsrmcab/Wsrmcab  HTTP/1.1" 200 43876
172.22.2.4 - - [02/Oct/2022:04:44:40 -0500] "HEAD /BLA/boletinlegal/ HTTP/1.1" 200 -
199.16.157.180 - - [02/Oct/2022:04:46:43 -0500] "GET /images/feria-veh%C3%ADculos-sostenibles_optimized.jpeg HTTP/1.1" 404 1034
172.22.2.4 - - [02/Oct/2022:04:45:31 -0500] "GET /BLA/boletinlegal/ HTTP/1.1" 200 57725
185.119.81.109 - - [02/Oct/2022:04:47:35 -0500] "GET /portaldeninos/wp-login.php HTTP/1.1" 200 2592
185.119.81.109 - - [02/Oct/2022:04:47:36 -0500] "POST /portaldeninos/wp-login.php HTTP/1.1" 200 3605
216.245.221.92 - - [02/Oct/2022:04:47:59 -0500] "HEAD / HTTP/1.1" 200 -
66.249.73.127 - - [02/Oct/2022:04:49:42 -0500] "-" 408 -
207.46.13.40 - - [02/Oct/2022:04:50:52 -0500] "GET /BLA/resoluciones/AUTOS%202022/3477.pdf HTTP/1.1" 200 369197
201.245.192.253 - - [02/Oct/2022:04:51:07 -0500] "POST /kwsrmcab/Wsrmcab  HTTP/1.1" 200 43876
172.22.2.4 - - [02/Oct/2022:04:50:30 -0500] "HEAD /BLA/boletinlegal/ HTTP/1.1" 200 -
172.22.2.4 - - [02/Oct/2022:04:52:30 -0500] "GET /BLA/boletinlegal/jurisprudencia/analisis/AnalisisT-606-15.docx HTTP/1.1" 304 -
216.245.221.92 - - [02/Oct/2022:04:52:59 -0500] "HEAD / HTTP/1.1" 200 -
172.22.2.4 - - [02/Oct/2022:04:51:20 -0500] "GET /BLA/boletinlegal/ HTTP/1.1" 200 60281
66.249.73.127 - - [02/Oct/2022:04:55:40 -0500] "-" 408 -
201.245.192.253 - - [02/Oct/2022:04:56:06 -0500] "POST /kwsrmcab/Wsrmcab  HTTP/1.1" 200 43876
216.245.221.92 - - [02/Oct/2022:04:57:59 -0500] "HEAD / HTTP/1.1" 200 -
172.22.2.4 - - [02/Oct/2022:04:56:20 -0500] "HEAD /BLA/boletinlegal/ HTTP/1.1" 200 -
172.22.2.4 - - [02/Oct/2022:04:57:10 -0500] "GET /BLA/boletinlegal/ HTTP/1.1" 200 52877
207.46.13.190 - - [02/Oct/2022:04:59:05 -0500] "GET /BLA/resoluciones/00000857.tif HTTP/1.1" 404 1018
201.245.192.253 - - [02/Oct/2022:05:01:05 -0500] "POST /kwsrmcab/Wsrmcab  HTTP/1.1" 200 43876
207.46.13.190 - - [02/Oct/2022:05:01:16 -0500] "GET /BLA/resoluciones/RESOLUCIONES%202021/3856.pdf HTTP/1.1" 200 498316
64.124.8.21 - - [02/Oct/2022:05:01:18 -0500] "-" 408 -
66.249.73.127 - - [02/Oct/2022:05:01:54 -0500] "-" 408 -
216.245.221.92 - - [02/Oct/2022:05:02:59 -0500] "HEAD / HTTP/1.1" 200 -
172.22.2.4 - - [02/Oct/2022:05:02:10 -0500] "HEAD /BLA/boletinlegal/ HTTP/1.1" 200 -
172.22.2.4 - - [02/Oct/2022:05:03:01 -0500] "GET /BLA/boletinlegal/ HTTP/1.1" 200 52877
207.46.13.190 - - [02/Oct/2022:05:05:07 -0500] "GET /BLA/resoluciones/index.php?dir=RESOLUCIONES+2020%2F HTTP/1.1" 200 165994
201.245.192.253 - - [02/Oct/2022:05:06:04 -0500] "POST /kwsrmcab/Wsrmcab  HTTP/1.1" 200 43876
66.249.73.127 - - [02/Oct/2022:05:07:56 -0500] "-" 408 -
216.245.221.92 - - [02/Oct/2022:05:07:59 -0500] "HEAD / HTTP/1.1" 200 -
172.22.2.4 - - [02/Oct/2022:05:08:00 -0500] "HEAD /BLA/boletinlegal/ HTTP/1.1" 200 -
114.119.143.225 - - [02/Oct/2022:05:09:58 -0500] "-" 408 -
172.22.2.4 - - [02/Oct/2022:05:08:51 -0500] "GET /BLA/boletinlegal/ HTTP/1.1" 200 47210
199.59.150.180 - - [02/Oct/2022:05:10:50 -0500] "GET /images/feria-veh%C3%ADculos-sostenibles_optimized.jpeg HTTP/1.1" 404 1034
201.245.192.253 - - [02/Oct/2022:05:11:03 -0500] "POST /kwsrmcab/Wsrmcab  HTTP/1.1" 200 43876
199.59.150.180 - - [02/Oct/2022:05:11:14 -0500] "GET /images/feria-veh%C3%ADculos-sostenibles_optimized.jpeg HTTP/1.1" 404 1034
216.245.221.92 - - [02/Oct/2022:05:12:59 -0500] "HEAD / HTTP/1.1" 200 -
66.249.73.127 - - [02/Oct/2022:05:13:49 -0500] "-" 408 -
172.22.2.4 - - [02/Oct/2022:05:13:50 -0500] "HEAD /BLA/boletinlegal/ HTTP/1.1" 200 -
201.245.192.253 - - [02/Oct/2022:05:16:02 -0500] "POST /kwsrmcab/Wsrmcab  HTTP/1.1" 200 43876
199.59.150.180 - - [02/Oct/2022:05:16:15 -0500] "GET /images/feria-veh%C3%ADculos-sostenibles_optimized.jpeg HTTP/1.1" 404 1034
172.22.2.4 - - [02/Oct/2022:05:14:41 -0500] "GET /BLA/boletinlegal/ HTTP/1.1" 200 58163
185.119.81.96 - - [02/Oct/2022:05:16:32 -0500] "GET /portaldeninos/wp-login.php HTTP/1.1" 200 2592
185.119.81.96 - - [02/Oct/2022:05:16:33 -0500] "POST /portaldeninos/wp-login.php HTTP/1.1" 200 3670
207.46.13.89 - - [02/Oct/2022:05:17:20 -0500] "GET /sipse/faces/autenticacion.xhtml HTTP/1.1" 200 12502
207.46.13.89 - - [02/Oct/2022:05:17:31 -0500] "GET /sipse/css/custom_css_sg.css HTTP/1.1" 200 9694
207.46.13.89 - - [02/Oct/2022:05:17:31 -0500] "GET /sipse/faces/javax.faces.resource/jquery/jquery-plugins.js;jsessionid=8p3tPFWbx4CrPeWTS7FSufj2.undefined?ln=primefaces&v=4.0 HTTP/1.1" 200 220526
157.55.39.25 - - [02/Oct/2022:05:17:35 -0500] "GET /sipse/faces/javax.faces.resource/jquery/jquery.js;jsessionid=8p3tPFWbx4CrPeWTS7FSufj2.undefined?ln=primefaces&v=4.0 HTTP/1.1" 200 105384
157.55.39.25 - - [02/Oct/2022:05:17:37 -0500] "GET /sipse/js/funciones.js HTTP/1.1" 200 12592
207.46.13.190 - - [02/Oct/2022:05:17:38 -0500] "GET /sipse/css/custom_css_sg_prime_login.css HTTP/1.1" 200 443
207.46.13.84 - - [02/Oct/2022:05:17:40 -0500] "GET /sipse/faces/javax.faces.resource/theme.css?ln=primefaces-sipse HTTP/1.1" 200 50058
207.46.13.84 - - [02/Oct/2022:05:17:41 -0500] "GET /sipse/js/disable_browser_buttons.js HTTP/1.1" 200 3230
216.245.221.92 - - [02/Oct/2022:05:17:59 -0500] "HEAD / HTTP/1.1" 200 -
157.55.39.25 - - [02/Oct/2022:05:20:15 -0500] "GET /catalogoisis/ HTTP/1.1" 200 8575
157.55.39.202 - - [02/Oct/2022:05:20:27 -0500] "GET /catalogoisis/Js/Go.js HTTP/1.1" 200 364
207.46.13.89 - - [02/Oct/2022:05:20:31 -0500] "GET /catalogoisis/Js/Enter.js HTTP/1.1" 200 1208
157.55.39.25 - - [02/Oct/2022:05:20:37 -0500] "GET /catalogoisis/Css/Busqueda.css HTTP/1.1" 200 1995
157.55.39.25 - - [02/Oct/2022:05:20:37 -0500] "GET /catalogoisis/Js/Cookies.js HTTP/1.1" 200 1369
66.249.73.127 - - [02/Oct/2022:05:20:37 -0500] "-" 408 -
207.46.13.84 - - [02/Oct/2022:05:20:38 -0500] "GET /catalogoisis/Js/CriterioCombinada.js HTTP/1.1" 200 1843
207.46.13.190 - - [02/Oct/2022:05:20:42 -0500] "GET /catalogoisis/Js/AceptarLimpiar.js HTTP/1.1" 200 331
207.46.13.190 - - [02/Oct/2022:05:20:42 -0500] "GET /catalogoisis/Js/LimpiarCombinada.js HTTP/1.1" 200 207
207.46.13.84 - - [02/Oct/2022:05:20:48 -0500] "GET /catalogoisis/Js/Numero.js HTTP/1.1" 200 398
207.46.13.84 - - [02/Oct/2022:05:20:48 -0500] "GET /catalogoisis/Js/Remote.js HTTP/1.1" 200 436
201.245.192.253 - - [02/Oct/2022:05:21:01 -0500] "POST /kwsrmcab/Wsrmcab  HTTP/1.1" 200 43876
199.16.157.181 - - [02/Oct/2022:05:21:07 -0500] "GET /images/feria-veh%C3%ADculos-sostenibles_optimized.jpeg HTTP/1.1" 404 1034
172.22.2.4 - - [02/Oct/2022:05:19:40 -0500] "HEAD /BLA/boletinlegal/ HTTP/1.1" 200 -
201.245.192.253 - - [02/Oct/2022:05:21:45 -0500] "POST /kwsrmcab/Wsrmcab HTTP/1.1" 200 44494
201.245.192.253 - - [02/Oct/2022:05:21:48 -0500] "POST /kwsrmcab/Wsrmcab HTTP/1.1" 200 44858
172.22.2.4 - - [02/Oct/2022:05:20:30 -0500] "GET /BLA/boletinlegal/ HTTP/1.1" 200 59828
216.245.221.92 - - [02/Oct/2022:05:22:59 -0500] "HEAD / HTTP/1.1" 200 -
207.46.13.84 - - [02/Oct/2022:05:24:08 -0500] "GET /BLA/resoluciones/RESOLUCIONES%202002/RES%202002%20851-900/00000870.tif HTTP/1.1" 200 47540
201.245.192.253 - - [02/Oct/2022:05:26:00 -0500] "POST /kwsrmcab/Wsrmcab  HTTP/1.1" 200 43876
66.249.73.127 - - [02/Oct/2022:05:26:22 -0500] "-" 408 -
172.22.2.4 - - [02/Oct/2022:05:25:30 -0500] "HEAD /BLA/boletinlegal/ HTTP/1.1" 200 -
216.245.221.92 - - [02/Oct/2022:05:27:59 -0500] "HEAD / HTTP/1.1" 200 -
172.22.2.4 - - [02/Oct/2022:05:26:20 -0500] "GET /BLA/boletinlegal/ HTTP/1.1" 200 60281
207.46.13.84 - - [02/Oct/2022:05:28:22 -0500] "GET /siipev/diseno%20de%20elementos%20de%20mobiliario%20urbano/registros/registrosnegados.html? HTTP/1.1" 200 18569
64.124.8.44 - - [02/Oct/2022:05:30:48 -0500] "-" 408 -
201.245.192.253 - - [02/Oct/2022:05:30:58 -0500] "POST /kwsrmcab/Wsrmcab  HTTP/1.1" 200 43876
201.245.192.253 - - [02/Oct/2022:05:31:45 -0500] "POST /kwsrmcab/Wsrmcab HTTP/1.1" 200 44494
201.245.192.253 - - [02/Oct/2022:05:31:47 -0500] "POST /kwsrmcab/Wsrmcab HTTP/1.1" 200 44858
157.55.39.202 - - [02/Oct/2022:05:32:29 -0500] "GET /sipse/faces/javax.faces.resource/layout/layout.js;jsessionid=vrzi1f99zpwu3o5kdpxqb+og.undefined?ln=primefaces&v=4.0 HTTP/1.1" 200 87560
64.124.8.40 - - [02/Oct/2022:05:32:45 -0500] "-" 408 -
173.252.83.6 - - [02/Oct/2022:05:32:44 -0500] "GET /portaldeninos/wp-content/uploads/2020/06/mapa-humedales-de-bogot%C3%A1-1.jpg HTTP/1.1" 200 1170768
216.245.221.92 - - [02/Oct/2022:05:32:59 -0500] "HEAD / HTTP/1.1" 200 -
172.22.2.4 - - [02/Oct/2022:05:31:20 -0500] "HEAD /BLA/boletinlegal/ HTTP/1.1" 200 -
66.249.73.127 - - [02/Oct/2022:05:33:21 -0500] "-" 408 -
40.77.189.65 - - [02/Oct/2022:05:33:32 -0500] "GET /sipse/faces/javax.faces.resource/primefaces.css;jsessionid=8p3tPFWbx4CrPeWTS7FSufj2.undefined?ln=primefaces&v=4.0 HTTP/1.1" 200 53295
40.77.190.173 - - [02/Oct/2022:05:33:33 -0500] "GET /sipse/faces/javax.faces.resource/layout/layout.css;jsessionid=8p3tPFWbx4CrPeWTS7FSufj2.undefined?ln=primefaces&v=4.0 HTTP/1.1" 200 542
40.77.190.98 - - [02/Oct/2022:05:33:33 -0500] "GET /sipse/faces/javax.faces.resource/layout/layout.js;jsessionid=8p3tPFWbx4CrPeWTS7FSufj2.undefined?ln=primefaces&v=4.0 HTTP/1.1" 200 87560
40.77.189.27 - - [02/Oct/2022:05:33:33 -0500] "GET /sipse/faces/javax.faces.resource/primefaces.js;jsessionid=8p3tPFWbx4CrPeWTS7FSufj2.undefined?ln=primefaces&v=4.0 HTTP/1.1" 200 276924
40.77.188.195 - - [02/Oct/2022:05:33:34 -0500] "GET /sipse/faces/index.xhtml HTTP/1.1" 200 677
172.22.2.4 - - [02/Oct/2022:05:32:10 -0500] "GET /BLA/boletinlegal/ HTTP/1.1" 200 58163
207.46.13.190 - - [02/Oct/2022:05:34:48 -0500] "GET /BLA/resoluciones/RESOLUCIONES%202002/RES%202002%20851-900/00000887.tif HTTP/1.1" 200 176784
64.124.8.44 - - [02/Oct/2022:05:35:33 -0500] "-" 408 -
201.245.192.253 - - [02/Oct/2022:05:35:57 -0500] "POST /kwsrmcab/Wsrmcab  HTTP/1.1" 200 43876
64.124.8.44 - - [02/Oct/2022:05:36:47 -0500] "-" 408 -
85.31.46.179 - - [02/Oct/2022:05:36:53 -0500] "POST /boaform/admin/formLogin HTTP/1.1" 404 1186
31.220.1.83 - - [02/Oct/2022:05:37:15 -0500] "GET / HTTP/1.1" 200 319
157.55.39.154 - - [02/Oct/2022:05:37:23 -0500] "GET / HTTP/1.1" 200 319
207.46.13.40 - - [02/Oct/2022:05:37:27 -0500] "GET /sipse/faces/javax.faces.resource/primefaces.js;jsessionid=vrzi1f99zpwu3o5kdpxqb+og.undefined?ln=primefaces&v=4.0 HTTP/1.1" 200 276924
216.245.221.92 - - [02/Oct/2022:05:37:59 -0500] "HEAD / HTTP/1.1" 200 -
172.22.2.4 - - [02/Oct/2022:05:37:10 -0500] "HEAD /BLA/boletinlegal/ HTTP/1.1" 200 -
172.22.2.4 - - [02/Oct/2022:05:38:01 -0500] "GET /BLA/boletinlegal/ HTTP/1.1" 200 57725
66.249.73.127 - - [02/Oct/2022:05:39:43 -0500] "-" 408 -
207.46.13.211 - - [02/Oct/2022:05:40:50 -0500] "GET /rknowsys-theme/js/modernizr.min.js HTTP/1.1" 404 1034
201.245.192.253 - - [02/Oct/2022:05:40:57 -0500] "POST /kwsrmcab/Wsrmcab  HTTP/1.1" 200 43876
201.245.192.253 - - [02/Oct/2022:05:41:45 -0500] "POST /kwsrmcab/Wsrmcab HTTP/1.1" 200 44494
201.245.192.253 - - [02/Oct/2022:05:41:48 -0500] "POST /kwsrmcab/Wsrmcab HTTP/1.1" 200 44858
64.124.8.44 - - [02/Oct/2022:05:42:20 -0500] "-" 408 -
157.55.39.25 - - [02/Oct/2022:05:42:48 -0500] "GET /BLA/resoluciones/RESOLUCIONES%202001/2001%201300-1349.tif HTTP/1.1" 200 4561457
216.245.221.92 - - [02/Oct/2022:05:42:59 -0500] "HEAD / HTTP/1.1" 200 -
157.55.39.202 - - [02/Oct/2022:05:44:10 -0500] "GET /BLA/resoluciones/00000319.tif HTTP/1.1" 404 1018
207.46.13.182 - - [02/Oct/2022:05:44:15 -0500] "GET /combo?browserid=other&minifiertype=&languageid=es_es&b=6202&t=1420318876000&/html/js/liferay/language.js HTTP/1.1" 404 1034
172.22.2.4 - - [02/Oct/2022:05:43:00 -0500] "HEAD /BLA/boletinlegal/ HTTP/1.1" 200 -
172.22.2.4 - - [02/Oct/2022:05:43:51 -0500] "GET /BLA/boletinlegal/ HTTP/1.1" 200 54823
199.59.150.181 - - [02/Oct/2022:05:45:33 -0500] "GET /images/feria-veh%C3%ADculos-sostenibles_optimized.jpeg HTTP/1.1" 404 1034
201.245.192.253 - - [02/Oct/2022:05:45:56 -0500] "POST /kwsrmcab/Wsrmcab  HTTP/1.1" 200 43876
64.124.8.44 - - [02/Oct/2022:05:46:24 -0500] "-" 408 -
207.46.13.40 - - [02/Oct/2022:05:46:32 -0500] "GET /BLA/resoluciones/RESOLUCIONES%202002/RES%202002%20851-900/00000864.tif HTTP/1.1" 200 72092
172.22.2.4 - - [02/Oct/2022:05:44:53 -0500] "GET /BLA/boletinlegal/ HTTP/1.1" 200 59319
66.249.73.127 - - [02/Oct/2022:05:47:48 -0500] "-" 408 -
216.245.221.92 - - [02/Oct/2022:05:47:59 -0500] "HEAD / HTTP/1.1" 200 -
64.124.8.40 - - [02/Oct/2022:05:48:59 -0500] "-" 408 -
172.22.2.4 - - [02/Oct/2022:05:48:50 -0500] "HEAD /BLA/boletinlegal/ HTTP/1.1" 200 -
201.245.192.253 - - [02/Oct/2022:05:50:54 -0500] "POST /kwsrmcab/Wsrmcab  HTTP/1.1" 200 43876
64.124.8.44 - - [02/Oct/2022:05:51:06 -0500] "-" 408 -
172.22.2.4 - - [02/Oct/2022:05:49:40 -0500] "GET /BLA/boletinlegal/ HTTP/1.1" 200 54356
216.245.221.92 - - [02/Oct/2022:05:52:59 -0500] "HEAD / HTTP/1.1" 200 -
157.55.39.25 - - [02/Oct/2022:05:53:10 -0500] "GET /BLA/resoluciones/00000309.tif HTTP/1.1" 404 1018
66.249.73.127 - - [02/Oct/2022:05:54:22 -0500] "-" 408 -
64.124.8.44 - - [02/Oct/2022:05:55:37 -0500] "-" 408 -
199.16.157.180 - - [02/Oct/2022:05:55:41 -0500] "GET /images/feria-veh%C3%ADculos-sostenibles_optimized.jpeg HTTP/1.1" 404 1034
201.245.192.253 - - [02/Oct/2022:05:55:54 -0500] "POST /kwsrmcab/Wsrmcab  HTTP/1.1" 200 43876
172.22.2.4 - - [02/Oct/2022:05:54:40 -0500] "HEAD /BLA/boletinlegal/ HTTP/1.1" 200 -
157.55.39.25 - - [02/Oct/2022:05:57:04 -0500] "GET /catalogoisis/ HTTP/1.1" 200 8575
172.22.2.4 - - [02/Oct/2022:05:55:30 -0500] "GET /BLA/boletinlegal/ HTTP/1.1" 200 57725
216.245.221.92 - - [02/Oct/2022:05:57:59 -0500] "HEAD / HTTP/1.1" 200 -
172.22.2.4 - - [02/Oct/2022:05:59:01 -0500] "GET /BLA/boletinlegal/Directivas/2011/Directiva%20No.%206%20del%208%20de%20Septiembre%20de%202011.pdf HTTP/1.1" 304 -
64.124.8.44 - - [02/Oct/2022:05:59:43 -0500] "-" 408 -
201.245.192.253 - - [02/Oct/2022:06:00:52 -0500] "POST /kwsrmcab/Wsrmcab  HTTP/1.1" 200 43876
185.119.81.101 - - [02/Oct/2022:06:01:22 -0500] "GET /portaldeninos/wp-login.php HTTP/1.1" 200 2592
185.119.81.101 - - [02/Oct/2022:06:01:23 -0500] "POST /portaldeninos/wp-login.php HTTP/1.1" 200 3670
207.46.13.89 - - [02/Oct/2022:06:01:35 -0500] "GET /BLA/resoluciones/RESOLUCIONES%202002/RES%202002%20851-900/00000874.tif HTTP/1.1" 200 38042
207.46.13.190 - - [02/Oct/2022:06:01:51 -0500] "GET /BLA/resoluciones/RESOLUCIONES%202002/RES%202002%20101-150/2002RES132.tif HTTP/1.1" 200 132268
172.22.2.4 - - [02/Oct/2022:06:00:30 -0500] "HEAD /BLA/boletinlegal/ HTTP/1.1" 200 -
203.76.241.10 - - [02/Oct/2022:06:02:31 -0500] "GET http://190.27.245.106:80/pma/scripts/setup.php HTTP/1.0" 404 1018
203.76.241.10 - - [02/Oct/2022:06:02:31 -0500] "GET http://190.27.245.106:80/mysql/scripts/setup.php HTTP/1.0" 404 1018
64.124.8.44 - - [02/Oct/2022:06:02:33 -0500] "-" 408 -
216.245.221.92 - - [02/Oct/2022:06:02:59 -0500] "HEAD / HTTP/1.1" 200 -
172.22.2.4 - - [02/Oct/2022:06:01:20 -0500] "GET /BLA/boletinlegal/ HTTP/1.1" 200 57725
172.22.2.4 - - [02/Oct/2022:06:03:50 -0500] "GET /BLA/boletinlegal/Directivas/2018/Directiva%20No.%2024%20del%2027%20de%20diciembre%20de%202018.pdf HTTP/1.1" 304 -
183.136.225.35 - - [02/Oct/2022:06:04:12 -0500] "-" 408 -
185.180.143.145 - - [02/Oct/2022:06:04:35 -0500] "GET /portaldeninos/ HTTP/1.1" 200 110197
207.46.13.40 - - [02/Oct/2022:06:05:12 -0500] "GET /sipse/faces/faces/autenticacion.xhtml HTTP/1.1" 200 12502
207.46.13.89 - - [02/Oct/2022:06:05:26 -0500] "GET /sipse/faces/javax.faces.resource/jquery/jquery.js;jsessionid=Jfkh5C6-zcYcmoVi7bWtvrUU.undefined?ln=primefaces&v=4.0 HTTP/1.1" 200 105384
157.55.39.25 - - [02/Oct/2022:06:05:30 -0500] "GET /BLA/resoluciones/index.php?dir=RESOLUCIONES+2006%2FRES+2006+1-50%2F HTTP/1.1" 200 11867
157.55.39.25 - - [02/Oct/2022:06:05:31 -0500] "GET /sipse/faces/javax.faces.resource/jquery/jquery-plugins.js;jsessionid=Jfkh5C6-zcYcmoVi7bWtvrUU.undefined?ln=primefaces&v=4.0 HTTP/1.1" 200 220526
64.124.8.40 - - [02/Oct/2022:06:05:33 -0500] "-" 408 -
207.46.13.84 - - [02/Oct/2022:06:05:35 -0500] "GET /sipse/faces/faces/index.xhtml HTTP/1.1" 200 677
201.245.192.253 - - [02/Oct/2022:06:05:51 -0500] "POST /kwsrmcab/Wsrmcab  HTTP/1.1" 200 43876
64.124.8.44 - - [02/Oct/2022:06:07:45 -0500] "-" 408 -
216.245.221.92 - - [02/Oct/2022:06:07:59 -0500] "HEAD / HTTP/1.1" 200 -
172.22.2.4 - - [02/Oct/2022:06:06:20 -0500] "HEAD /BLA/boletinlegal/ HTTP/1.1" 200 -
172.22.2.4 - - [02/Oct/2022:06:07:10 -0500] "GET /BLA/boletinlegal/ HTTP/1.1" 200 60281
201.245.192.253 - - [02/Oct/2022:06:10:50 -0500] "POST /kwsrmcab/Wsrmcab  HTTP/1.1" 200 43876
185.119.81.96 - - [02/Oct/2022:06:11:16 -0500] "GET /portaldeninos/wp-login.php HTTP/1.1" 200 2592
185.119.81.96 - - [02/Oct/2022:06:11:17 -0500] "POST /portaldeninos/wp-login.php HTTP/1.1" 200 3605
69.63.189.116 - - [02/Oct/2022:06:12:34 -0500] "GET /distrito-firma-acuerdos-de-conservacion-con-academia-y-sociedad-civil-para-proteger-22-hectareas-en-suba-y-cerros-orientales.html HTTP/1.1" 206 1062
173.252.111.118 - - [02/Oct/2022:06:12:35 -0500] "GET /images/Acuerdos1.jpeg HTTP/1.1" 200 59889
216.245.221.92 - - [02/Oct/2022:06:12:59 -0500] "HEAD / HTTP/1.1" 200 -
64.124.8.44 - - [02/Oct/2022:06:13:36 -0500] "-" 408 -
172.22.2.4 - - [02/Oct/2022:06:12:10 -0500] "HEAD /BLA/boletinlegal/ HTTP/1.1" 200 -
207.46.13.40 - - [02/Oct/2022:06:14:35 -0500] "GET /BLA/resoluciones/RESOLUCIONES%202002/RES%202002%20851-900/00000886.tif HTTP/1.1" 200 96642
172.22.2.4 - - [02/Oct/2022:06:13:00 -0500] "GET /BLA/boletinlegal/ HTTP/1.1" 200 58163
201.245.192.253 - - [02/Oct/2022:06:15:49 -0500] "POST /kwsrmcab/Wsrmcab  HTTP/1.1" 200 43876
64.124.8.44 - - [02/Oct/2022:06:16:44 -0500] "-" 408 -
216.245.221.92 - - [02/Oct/2022:06:17:59 -0500] "HEAD / HTTP/1.1" 200 -
64.124.8.40 - - [02/Oct/2022:06:18:01 -0500] "-" 408 -
172.22.2.4 - - [02/Oct/2022:06:18:00 -0500] "HEAD /BLA/boletinlegal/ HTTP/1.1" 200 -
172.22.2.4 - - [02/Oct/2022:06:20:16 -0500] "GET /BLA/boletinlegal/doctrina.php/js/lib.js HTTP/1.1" 200 5604
172.22.2.4 - - [02/Oct/2022:06:18:50 -0500] "GET /BLA/boletinlegal/ HTTP/1.1" 200 59828
207.46.13.84 - - [02/Oct/2022:06:20:40 -0500] "GET /bla/resoluciones/autos%202012/2418.pdf HTTP/1.1" 304 -
201.245.192.253 - - [02/Oct/2022:06:20:47 -0500] "POST /kwsrmcab/Wsrmcab  HTTP/1.1" 200 43876
199.59.150.181 - - [02/Oct/2022:06:21:12 -0500] "GET /images/feria-veh%C3%ADculos-sostenibles_optimized.jpeg HTTP/1.1" 404 1034
40.77.189.92 - - [02/Oct/2022:06:21:21 -0500] "GET /sipse/faces/javax.faces.resource/layout/layout.css;jsessionid=Jfkh5C6-zcYcmoVi7bWtvrUU.undefined?ln=primefaces&v=4.0 HTTP/1.1" 200 542
40.77.189.92 - - [02/Oct/2022:06:21:21 -0500] "GET /sipse/faces/javax.faces.resource/primefaces.css;jsessionid=Jfkh5C6-zcYcmoVi7bWtvrUU.undefined?ln=primefaces&v=4.0 HTTP/1.1" 200 53295
40.77.189.92 - - [02/Oct/2022:06:21:21 -0500] "GET /sipse/faces/javax.faces.resource/layout/layout.js;jsessionid=Jfkh5C6-zcYcmoVi7bWtvrUU.undefined?ln=primefaces&v=4.0 HTTP/1.1" 200 87560
40.77.189.92 - - [02/Oct/2022:06:21:21 -0500] "GET /sipse/faces/javax.faces.resource/primefaces.js;jsessionid=Jfkh5C6-zcYcmoVi7bWtvrUU.undefined?ln=primefaces&v=4.0 HTTP/1.1" 200 276924
40.77.189.92 - - [02/Oct/2022:06:21:22 -0500] "GET /sipse/faces/faces/faces/autenticacion.xhtml HTTP/1.1" 200 12180
40.77.189.92 - - [02/Oct/2022:06:21:22 -0500] "GET /sipse/js/disable_browser_buttons.js HTTP/1.1" 304 -
40.77.189.92 - - [02/Oct/2022:06:21:22 -0500] "GET /sipse/js/funciones.js HTTP/1.1" 304 -
40.77.189.92 - - [02/Oct/2022:06:21:22 -0500] "GET /sipse/css/custom_css_sg.css HTTP/1.1" 304 -
40.77.189.92 - - [02/Oct/2022:06:21:22 -0500] "GET /sipse/css/custom_css_sg_prime_login.css HTTP/1.1" 304 -
40.77.189.92 - - [02/Oct/2022:06:21:22 -0500] "GET /sipse/faces/javax.faces.resource/theme.css?ln=primefaces-sipse HTTP/1.1" 304 -
40.77.189.92 - - [02/Oct/2022:06:21:22 -0500] "GET /sipse/faces/javax.faces.resource/layout/layout.css?ln=primefaces&v=4.0 HTTP/1.1" 200 542
40.77.189.92 - - [02/Oct/2022:06:21:22 -0500] "GET /sipse/faces/javax.faces.resource/primefaces.css?ln=primefaces&v=4.0 HTTP/1.1" 200 53295
40.77.189.92 - - [02/Oct/2022:06:21:22 -0500] "GET /sipse/faces/javax.faces.resource/jquery/jquery.js?ln=primefaces&v=4.0 HTTP/1.1" 200 105384
40.77.189.92 - - [02/Oct/2022:06:21:22 -0500] "GET /sipse/faces/javax.faces.resource/layout/layout.js?ln=primefaces&v=4.0 HTTP/1.1" 200 87560
40.77.189.92 - - [02/Oct/2022:06:21:22 -0500] "GET /sipse/faces/javax.faces.resource/primefaces.js?ln=primefaces&v=4.0 HTTP/1.1" 200 276924
40.77.189.92 - - [02/Oct/2022:06:21:22 -0500] "GET /sipse/faces/javax.faces.resource/jquery/jquery-plugins.js?ln=primefaces&v=4.0 HTTP/1.1" 200 220526
40.77.189.92 - - [02/Oct/2022:06:21:23 -0500] "GET /sipse/faces/javax.faces.resource/images/ui-icons_898989_256x240.png?ln=primefaces-aristo HTTP/1.1" 200 5355
173.252.107.18 - - [02/Oct/2022:06:21:27 -0500] "GET /asi-las-mujeres-que-reverdecen-cuidan-los-arboles-para-la-restauracion-ecologica-de-bogota.html HTTP/1.1" 206 911
40.77.188.171 - - [02/Oct/2022:06:21:42 -0500] "GET /BLA/resoluciones/dlf/styles.css HTTP/1.1" 200 3049
201.245.192.253 - - [02/Oct/2022:06:21:45 -0500] "POST /kwsrmcab/Wsrmcab HTTP/1.1" 200 44363
201.245.192.253 - - [02/Oct/2022:06:21:47 -0500] "POST /kwsrmcab/Wsrmcab HTTP/1.1" 200 44871
207.46.13.89 - - [02/Oct/2022:06:22:18 -0500] "GET /BLA/resoluciones/AUTOS%202022/2952.pdf HTTP/1.1" 200 371046
157.55.39.25 - - [02/Oct/2022:06:22:42 -0500] "GET /BLA/resoluciones/AUTOS%202013/1376.pdf HTTP/1.1" 200 639612
157.55.39.25 - - [02/Oct/2022:06:22:46 -0500] "GET /BLA/resoluciones/AUTOS%202022/3445.pdf HTTP/1.1" 200 395028
216.245.221.92 - - [02/Oct/2022:06:22:59 -0500] "HEAD / HTTP/1.1" 200 -
172.22.2.4 - - [02/Oct/2022:06:23:50 -0500] "HEAD /BLA/boletinlegal/ HTTP/1.1" 200 -
201.245.192.253 - - [02/Oct/2022:06:25:45 -0500] "POST /kwsrmcab/Wsrmcab  HTTP/1.1" 200 43876
172.22.2.4 - - [02/Oct/2022:06:24:40 -0500] "GET /BLA/boletinlegal/ HTTP/1.1" 200 60281
216.245.221.92 - - [02/Oct/2022:06:27:59 -0500] "HEAD / HTTP/1.1" 200 -
201.245.192.253 - - [02/Oct/2022:06:30:45 -0500] "POST /kwsrmcab/Wsrmcab  HTTP/1.1" 200 43876
199.16.157.180 - - [02/Oct/2022:06:30:49 -0500] "GET /images/feria-veh%C3%ADculos-sostenibles_optimized.jpeg HTTP/1.1" 404 1034
157.55.39.202 - - [02/Oct/2022:06:30:54 -0500] "GET /BLA/resoluciones/00000329.tif HTTP/1.1" 404 1018
172.22.2.4 - - [02/Oct/2022:06:29:40 -0500] "HEAD /BLA/boletinlegal/ HTTP/1.1" 200 -
201.245.192.253 - - [02/Oct/2022:06:31:45 -0500] "POST /kwsrmcab/Wsrmcab HTTP/1.1" 200 44363
201.245.192.253 - - [02/Oct/2022:06:31:48 -0500] "POST /kwsrmcab/Wsrmcab HTTP/1.1" 200 44871
172.22.2.4 - - [02/Oct/2022:06:30:31 -0500] "GET /BLA/boletinlegal/ HTTP/1.1" 200 58163
157.55.39.25 - - [02/Oct/2022:06:32:24 -0500] "GET /BLA/resoluciones/RESOLUCIONES%202005/00001086.tif HTTP/1.1" 200 329990
207.46.13.181 - - [02/Oct/2022:06:32:23 -0500] "GET /portaldeninos/2021/04/28/dia-internacional-de-concienciacion-sobre-el-ruido-por-una-ciudad-mas-tranquila-y-sostenible/ HTTP/1.1" 200 110148
157.55.39.25 - - [02/Oct/2022:06:32:25 -0500] "GET /galeria/galeria/fotos/Humedal-la-Isla4G.jpg HTTP/1.1" 200 238346
216.245.221.92 - - [02/Oct/2022:06:32:59 -0500] "HEAD / HTTP/1.1" 200 -
207.46.13.190 - - [02/Oct/2022:06:35:04 -0500] "GET /BLA/resoluciones/RESOLUCIONES%202006/RES%202006%20351-400/00000383.tif HTTP/1.1" 200 66590
201.245.192.253 - - [02/Oct/2022:06:35:44 -0500] "POST /kwsrmcab/Wsrmcab  HTTP/1.1" 200 43876
172.22.2.4 - - [02/Oct/2022:06:35:30 -0500] "HEAD /BLA/boletinlegal/ HTTP/1.1" 200 -
23.100.232.233 - - [02/Oct/2022:06:37:53 -0500] "GET /galeria/galeria/jquery.fancybox.css?v=2.1.5 HTTP/1.1" 200 4895
23.100.232.233 - - [02/Oct/2022:06:37:53 -0500] "GET /galeria/galeria/jquery.fancybox.js?v=2.1.5 HTTP/1.1" 200 48706
216.245.221.92 - - [02/Oct/2022:06:37:59 -0500] "HEAD / HTTP/1.1" 200 -
172.22.2.4 - - [02/Oct/2022:06:36:20 -0500] "GET /BLA/boletinlegal/ HTTP/1.1" 200 58163
66.249.73.100 - - [02/Oct/2022:06:39:05 -0500] "-" 408 -
157.55.39.202 - - [02/Oct/2022:06:39:15 -0500] "GET /IsolucionSDA/bancoconocimiento/P/Perdidayreconstrucciondeexpedientes_v1_0/Perdidayreconstrucciondeexpedientes_v1_0.asp?IdArticulo=9036 HTTP/1.1" 404 5064
201.245.192.253 - - [02/Oct/2022:06:40:43 -0500] "POST /kwsrmcab/Wsrmcab  HTTP/1.1" 200 43876
201.245.192.253 - - [02/Oct/2022:06:41:44 -0500] "POST /kwsrmcab/Wsrmcab HTTP/1.1" 200 44363
201.245.192.253 - - [02/Oct/2022:06:41:47 -0500] "POST /kwsrmcab/Wsrmcab HTTP/1.1" 200 44871
216.245.221.92 - - [02/Oct/2022:06:42:59 -0500] "HEAD / HTTP/1.1" 200 -
172.22.2.4 - - [02/Oct/2022:06:41:20 -0500] "HEAD /BLA/boletinlegal/ HTTP/1.1" 200 -
185.119.81.101 - - [02/Oct/2022:06:43:49 -0500] "GET /portaldeninos/wp-login.php HTTP/1.1" 200 2592
185.119.81.101 - - [02/Oct/2022:06:43:50 -0500] "POST /portaldeninos/wp-login.php HTTP/1.1" 200 3670
172.22.2.4 - - [02/Oct/2022:06:42:10 -0500] "GET /BLA/boletinlegal/ HTTP/1.1" 200 52877
207.46.13.89 - - [02/Oct/2022:06:44:01 -0500] "GET /BLA/resoluciones/index.php?dir=AUTOS+2021%2F HTTP/1.1" 200 394468
185.119.81.109 - - [02/Oct/2022:06:44:32 -0500] "GET /portaldeninos/wp-login.php HTTP/1.1" 200 2592
185.119.81.109 - - [02/Oct/2022:06:44:33 -0500] "POST /portaldeninos/wp-login.php HTTP/1.1" 200 3650
185.119.81.102 - - [02/Oct/2022:06:45:29 -0500] "GET /portaldeninos/wp-login.php HTTP/1.1" 200 2592
185.119.81.102 - - [02/Oct/2022:06:45:30 -0500] "POST /portaldeninos/wp-login.php HTTP/1.1" 200 3650
201.245.192.253 - - [02/Oct/2022:06:45:42 -0500] "POST /kwsrmcab/Wsrmcab  HTTP/1.1" 200 43876
216.245.221.92 - - [02/Oct/2022:06:47:59 -0500] "HEAD / HTTP/1.1" 200 -
172.22.2.4 - - [02/Oct/2022:06:47:10 -0500] "HEAD /BLA/boletinlegal/ HTTP/1.1" 200 -
172.22.2.4 - - [02/Oct/2022:06:48:00 -0500] "GET /BLA/boletinlegal/ HTTP/1.1" 200 58575
157.55.39.202 - - [02/Oct/2022:06:50:17 -0500] "GET /Residuos/pinturas/files/guia_pinturas.pdf HTTP/1.1" 200 16736247
201.245.192.253 - - [02/Oct/2022:06:50:41 -0500] "POST /kwsrmcab/Wsrmcab  HTTP/1.1" 200 43876
157.55.39.202 - - [02/Oct/2022:06:50:55 -0500] "GET /Residuos/pinturas/files/guia_pinturas.pdf HTTP/1.1" 200 16736247
216.245.221.92 - - [02/Oct/2022:06:52:59 -0500] "HEAD / HTTP/1.1" 200 -
207.46.13.89 - - [02/Oct/2022:06:53:40 -0500] "GET /BLA/resoluciones/RESOLUCIONES%202003/RES%202003%20851-900/891.tif HTTP/1.1" 200 135404
172.22.2.4 - - [02/Oct/2022:06:53:00 -0500] "HEAD /BLA/boletinlegal/ HTTP/1.1" 200 -
172.22.2.4 - - [02/Oct/2022:06:53:50 -0500] "GET /BLA/boletinlegal/ HTTP/1.1" 200 59319
201.245.192.253 - - [02/Oct/2022:06:55:40 -0500] "POST /kwsrmcab/Wsrmcab  HTTP/1.1" 200 43876
199.59.150.181 - - [02/Oct/2022:06:55:53 -0500] "GET /images/feria-veh%C3%ADculos-sostenibles_optimized.jpeg HTTP/1.1" 404 1034
185.119.81.109 - - [02/Oct/2022:06:56:12 -0500] "GET /portaldeninos/wp-login.php HTTP/1.1" 200 2592
185.119.81.109 - - [02/Oct/2022:06:56:13 -0500] "POST /portaldeninos/wp-login.php HTTP/1.1" 200 3650
157.55.39.25 - - [02/Oct/2022:06:56:29 -0500] "GET /BLA/resoluciones/00000864.tif HTTP/1.1" 404 1018
172.22.2.4 - - [02/Oct/2022:06:57:07 -0500] "GET /BLA/boletinlegal/Circulares/2011/Circular%20No.%203%20del%2016%20de%20Junio%20de%202011.pdf HTTP/1.1" 304 -
216.245.221.92 - - [02/Oct/2022:06:57:58 -0500] "HEAD / HTTP/1.1" 200 -
172.22.2.4 - - [02/Oct/2022:06:58:50 -0500] "HEAD /BLA/boletinlegal/ HTTP/1.1" 200 -
201.245.192.253 - - [02/Oct/2022:07:00:38 -0500] "POST /kwsrmcab/Wsrmcab  HTTP/1.1" 200 43876
172.22.2.4 - - [02/Oct/2022:06:59:40 -0500] "GET /BLA/boletinlegal/ HTTP/1.1" 200 58955
216.245.221.92 - - [02/Oct/2022:07:02:58 -0500] "HEAD / HTTP/1.1" 200 -
173.252.111.12 - - [02/Oct/2022:07:03:22 -0500] "GET /images/mercados-campesinos-5-mayo.jpg HTTP/1.1" 200 95848
157.55.39.202 - - [02/Oct/2022:07:03:28 -0500] "GET / HTTP/1.1" 200 319
185.119.81.102 - - [02/Oct/2022:07:03:30 -0500] "GET /portaldeninos/wp-login.php HTTP/1.1" 200 2592
185.119.81.102 - - [02/Oct/2022:07:03:31 -0500] "POST /portaldeninos/wp-login.php HTTP/1.1" 200 3670
190.240.33.4 - - [02/Oct/2022:07:04:47 -0500] "GET /en-esta-navidad-bogota-esta-mejorando-con-mas-espacios-verdes-para-el-disfrute-de-la-ciudadania.html?fbclid=IwAR2bmR-5ODt0VGqFBFASaTFvS5q9yJXodLk9FVkFXXt5peoFp9BDW_aKfAU HTTP/1.1" 200 1114
201.245.192.253 - - [02/Oct/2022:07:05:38 -0500] "POST /kwsrmcab/Wsrmcab  HTTP/1.1" 200 43876
172.22.2.4 - - [02/Oct/2022:07:04:40 -0500] "HEAD /BLA/boletinlegal/ HTTP/1.1" 200 -
199.16.157.180 - - [02/Oct/2022:07:06:56 -0500] "GET /images/feria-veh%C3%ADculos-sostenibles_optimized.jpeg HTTP/1.1" 404 1034
172.22.2.4 - - [02/Oct/2022:07:05:30 -0500] "GET /BLA/boletinlegal/ HTTP/1.1" 200 58163
216.245.221.92 - - [02/Oct/2022:07:07:58 -0500] "HEAD / HTTP/1.1" 200 -
207.46.13.89 - - [02/Oct/2022:07:09:51 -0500] "GET /BLA/resoluciones/RESOLUCIONES%202002/RES%202002%20301-350/00000333.tif HTTP/1.1" 200 41530
34.90.167.204 - - [02/Oct/2022:07:09:57 -0500] "GET / HTTP/1.1" 200 319
34.90.167.204 - - [02/Oct/2022:07:09:57 -0500] "GET / HTTP/1.1" 200 4720
186.155.33.19 - - [02/Oct/2022:07:10:39 -0500] "GET /alcaldia-de-bogota-y-gobernacion-de-cundinamarca-suscriben-convenio-para-implementar-pagos-por-servicios-ambientales-en-la-bogota-region.html HTTP/1.1" 200 1133
201.245.192.253 - - [02/Oct/2022:07:10:38 -0500] "POST /kwsrmcab/Wsrmcab  HTTP/1.1" 200 43876
172.22.2.4 - - [02/Oct/2022:07:10:30 -0500] "HEAD /BLA/boletinlegal/ HTTP/1.1" 200 -
173.252.83.119 - - [02/Oct/2022:07:12:22 -0500] "-" 408 -
216.245.221.92 - - [02/Oct/2022:07:12:58 -0500] "HEAD / HTTP/1.1" 200 -
172.22.2.4 - - [02/Oct/2022:07:11:20 -0500] "GET /BLA/boletinlegal/ HTTP/1.1" 200 58163
201.245.192.253 - - [02/Oct/2022:07:15:37 -0500] "POST /kwsrmcab/Wsrmcab  HTTP/1.1" 200 43876
216.245.221.92 - - [02/Oct/2022:07:17:58 -0500] "HEAD / HTTP/1.1" 200 -
172.22.2.4 - - [02/Oct/2022:07:16:20 -0500] "HEAD /BLA/boletinlegal/ HTTP/1.1" 200 -
172.22.2.4 - - [02/Oct/2022:07:17:10 -0500] "GET /BLA/boletinlegal/ HTTP/1.1" 200 58163
172.22.2.4 - - [02/Oct/2022:07:18:59 -0500] "GET /BLA/boletinlegal/Circulares/2020/CIRCULAR%20No.%2000019%20DEL%2018%20DE%20DICIEMBRE%20DEL%202020.pdf HTTP/1.1" 304 -
201.245.192.253 - - [02/Oct/2022:07:20:36 -0500] "POST /kwsrmcab/Wsrmcab  HTTP/1.1" 200 43876
37.201.193.199 - - [02/Oct/2022:07:20:53 -0500] "GET /catalogoisis/Css/Busqueda.css HTTP/1.1" 200 1995
37.201.193.199 - - [02/Oct/2022:07:20:53 -0500] "GET /catalogoisis/ HTTP/1.1" 200 8575
37.201.193.199 - - [02/Oct/2022:07:20:53 -0500] "GET /catalogoisis/Js/AceptarLimpiar.js HTTP/1.1" 200 331
37.201.193.199 - - [02/Oct/2022:07:20:53 -0500] "GET /catalogoisis/Js/CriterioCombinada.js HTTP/1.1" 200 1843
37.201.193.199 - - [02/Oct/2022:07:20:53 -0500] "GET /catalogoisis/Js/Cookies.js HTTP/1.1" 200 1369
37.201.193.199 - - [02/Oct/2022:07:20:53 -0500] "GET /catalogoisis/Js/LimpiarCombinada.js HTTP/1.1" 200 207
37.201.193.199 - - [02/Oct/2022:07:20:53 -0500] "GET /catalogoisis/Js/Remote.js HTTP/1.1" 200 436
37.201.193.199 - - [02/Oct/2022:07:20:53 -0500] "GET /catalogoisis/Js/Go.js HTTP/1.1" 200 364
37.201.193.199 - - [02/Oct/2022:07:20:53 -0500] "GET /catalogoisis/Js/Numero.js HTTP/1.1" 200 398
37.201.193.199 - - [02/Oct/2022:07:20:53 -0500] "GET /catalogoisis/Js/Enter.js HTTP/1.1" 200 1208
37.201.193.199 - - [02/Oct/2022:07:20:54 -0500] "GET /catalogoisis/imagenes/br1c3.gif HTTP/1.1" 200 302
37.201.193.199 - - [02/Oct/2022:07:20:54 -0500] "GET /catalogoisis/imagenes/br1c1.gif HTTP/1.1" 200 172
37.201.193.199 - - [02/Oct/2022:07:20:54 -0500] "GET /catalogoisis/imagenes/br1c2.gif HTTP/1.1" 200 297
37.201.193.199 - - [02/Oct/2022:07:20:54 -0500] "GET /catalogoisis/imagenes/br2c2.gif HTTP/1.1" 200 302
37.201.193.199 - - [02/Oct/2022:07:20:54 -0500] "GET /catalogoisis/imagenes/Header.gif HTTP/1.1" 200 30313
37.201.193.199 - - [02/Oct/2022:07:20:54 -0500] "GET /catalogoisis/imagenes/br2c1.gif HTTP/1.1" 200 297
37.201.193.199 - - [02/Oct/2022:07:20:54 -0500] "GET /catalogoisis/imagenes/br2c3.gif HTTP/1.1" 200 416
37.201.193.199 - - [02/Oct/2022:07:20:54 -0500] "GET /catalogoisis/imagenes/Turnbo1.gif HTTP/1.1" 200 227
37.201.193.199 - - [02/Oct/2022:07:20:54 -0500] "GET /catalogoisis/imagenes/aceptar1.gif HTTP/1.1" 200 604
37.201.193.199 - - [02/Oct/2022:07:20:54 -0500] "GET /catalogoisis/imagenes/limpiar1.gif HTTP/1.1" 200 606
37.201.193.199 - - [02/Oct/2022:07:20:54 -0500] "GET /catalogoisis/imagenes/br3c2.gif HTTP/1.1" 200 285
37.201.193.199 - - [02/Oct/2022:07:20:54 -0500] "GET /catalogoisis/imagenes/br3c1.gif HTTP/1.1" 200 177
37.201.193.199 - - [02/Oct/2022:07:20:54 -0500] "GET /catalogoisis/imagenes/br3c3.gif HTTP/1.1" 200 186
37.201.193.199 - - [02/Oct/2022:07:20:55 -0500] "GET /favicon.ico HTTP/1.1" 200 7782
201.245.192.253 - - [02/Oct/2022:07:21:45 -0500] "POST /kwsrmcab/Wsrmcab HTTP/1.1" 200 44216
201.245.192.253 - - [02/Oct/2022:07:21:47 -0500] "POST /kwsrmcab/Wsrmcab HTTP/1.1" 200 44881
216.245.221.92 - - [02/Oct/2022:07:22:58 -0500] "HEAD / HTTP/1.1" 200 -
172.22.2.4 - - [02/Oct/2022:07:22:10 -0500] "HEAD /BLA/boletinlegal/ HTTP/1.1" 200 -
172.22.2.4 - - [02/Oct/2022:07:23:00 -0500] "GET /BLA/boletinlegal/ HTTP/1.1" 200 58163
185.119.81.109 - - [02/Oct/2022:07:24:49 -0500] "GET /portaldeninos/wp-login.php HTTP/1.1" 200 2592
185.119.81.109 - - [02/Oct/2022:07:24:50 -0500] "POST /portaldeninos/wp-login.php HTTP/1.1" 200 3650
201.245.192.253 - - [02/Oct/2022:07:25:35 -0500] "POST /kwsrmcab/Wsrmcab  HTTP/1.1" 200 43876
207.46.13.40 - - [02/Oct/2022:07:26:53 -0500] "GET /BLA/resoluciones/RESOLUCIONES%202022/0450.pdf HTTP/1.1" 200 334400
216.245.221.92 - - [02/Oct/2022:07:27:58 -0500] "HEAD / HTTP/1.1" 200 -
167.0.140.139 - - [02/Oct/2022:07:28:02 -0500] "GET /sipse/faces/javax.faces.resource/theme.css?ln=primefaces-sipse HTTP/1.1" 304 -
167.0.140.139 - - [02/Oct/2022:07:28:02 -0500] "GET /sipse/faces/javax.faces.resource/primefaces.css?ln=primefaces&v=4.0 HTTP/1.1" 304 -
167.0.140.139 - - [02/Oct/2022:07:28:02 -0500] "GET /sipse/faces/javax.faces.resource/layout/layout.css?ln=primefaces&v=4.0 HTTP/1.1" 304 -
167.0.140.139 - - [02/Oct/2022:07:28:02 -0500] "GET /sipse/faces/javax.faces.resource/jquery/jquery.js?ln=primefaces&v=4.0 HTTP/1.1" 304 -
167.0.140.139 - - [02/Oct/2022:07:28:02 -0500] "GET /sipse/faces/javax.faces.resource/primefaces.js?ln=primefaces&v=4.0 HTTP/1.1" 304 -
167.0.140.139 - - [02/Oct/2022:07:28:02 -0500] "GET /sipse/faces/javax.faces.resource/jquery/jquery-plugins.js?ln=primefaces&v=4.0 HTTP/1.1" 304 -
167.0.140.139 - - [02/Oct/2022:07:28:02 -0500] "GET /sipse/faces/javax.faces.resource/layout/layout.js?ln=primefaces&v=4.0 HTTP/1.1" 304 -
167.0.140.139 - - [02/Oct/2022:07:28:03 -0500] "GET /sipse/faces/javax.faces.resource/images/ui-icons_898989_256x240.png?ln=primefaces-aristo HTTP/1.1" 304 -
167.0.140.139 - - [02/Oct/2022:07:28:03 -0500] "GET /sipse/faces/faces/faces/index.xhtml HTTP/1.1" 200 677
167.0.140.139 - - [02/Oct/2022:07:28:03 -0500] "GET /sipse/faces/javax.faces.resource/theme.css?ln=primefaces-sipse HTTP/1.1" 304 -
167.0.140.139 - - [02/Oct/2022:07:28:03 -0500] "GET /sipse/faces/faces/faces/faces/autenticacion.xhtml HTTP/1.1" 200 12180
167.0.140.139 - - [02/Oct/2022:07:28:03 -0500] "GET /sipse/faces/javax.faces.resource/theme.css?ln=primefaces-sipse HTTP/1.1" 304 -
167.0.140.139 - - [02/Oct/2022:07:28:03 -0500] "GET /sipse/faces/javax.faces.resource/layout/layout.css?ln=primefaces&v=4.0 HTTP/1.1" 304 -
167.0.140.139 - - [02/Oct/2022:07:28:03 -0500] "GET /sipse/faces/javax.faces.resource/jquery/jquery.js?ln=primefaces&v=4.0 HTTP/1.1" 304 -
167.0.140.139 - - [02/Oct/2022:07:28:03 -0500] "GET /sipse/faces/javax.faces.resource/jquery/jquery-plugins.js?ln=primefaces&v=4.0 HTTP/1.1" 304 -
167.0.140.139 - - [02/Oct/2022:07:28:03 -0500] "GET /sipse/faces/javax.faces.resource/primefaces.css?ln=primefaces&v=4.0 HTTP/1.1" 304 -
167.0.140.139 - - [02/Oct/2022:07:28:03 -0500] "GET /sipse/faces/javax.faces.resource/primefaces.js?ln=primefaces&v=4.0 HTTP/1.1" 304 -
167.0.140.139 - - [02/Oct/2022:07:28:03 -0500] "GET /sipse/faces/javax.faces.resource/layout/layout.js?ln=primefaces&v=4.0 HTTP/1.1" 304 -
172.22.2.4 - - [02/Oct/2022:07:29:00 -0500] "GET /BLA/boletinlegal/Directivas/2013/Directiva%20No.%201%20del%2004%20de%20Abril%20de%202013.pdf HTTP/1.1" 304 -
172.22.2.4 - - [02/Oct/2022:07:28:00 -0500] "HEAD /BLA/boletinlegal/ HTTP/1.1" 200 -
172.22.2.4 - - [02/Oct/2022:07:28:50 -0500] "GET /BLA/boletinlegal/ HTTP/1.1" 200 55220
167.0.140.139 - - [02/Oct/2022:07:30:32 -0500] "GET /sipse/faces/faces/index.xhtml HTTP/1.1" 200 677
167.0.140.139 - - [02/Oct/2022:07:30:32 -0500] "GET /sipse/faces/javax.faces.resource/theme.css?ln=primefaces-sipse HTTP/1.1" 304 -
167.0.140.139 - - [02/Oct/2022:07:30:33 -0500] "GET /sipse/faces/faces/faces/autenticacion.xhtml HTTP/1.1" 200 12180
167.0.140.139 - - [02/Oct/2022:07:30:33 -0500] "GET /sipse/faces/javax.faces.resource/theme.css?ln=primefaces-sipse HTTP/1.1" 304 -
167.0.140.139 - - [02/Oct/2022:07:30:33 -0500] "GET /sipse/faces/javax.faces.resource/primefaces.css?ln=primefaces&v=4.0 HTTP/1.1" 304 -
167.0.140.139 - - [02/Oct/2022:07:30:33 -0500] "GET /sipse/faces/javax.faces.resource/jquery/jquery.js?ln=primefaces&v=4.0 HTTP/1.1" 304 -
167.0.140.139 - - [02/Oct/2022:07:30:33 -0500] "GET /sipse/faces/javax.faces.resource/layout/layout.css?ln=primefaces&v=4.0 HTTP/1.1" 304 -
167.0.140.139 - - [02/Oct/2022:07:30:33 -0500] "GET /sipse/faces/javax.faces.resource/primefaces.js?ln=primefaces&v=4.0 HTTP/1.1" 304 -
167.0.140.139 - - [02/Oct/2022:07:30:33 -0500] "GET /sipse/faces/javax.faces.resource/layout/layout.js?ln=primefaces&v=4.0 HTTP/1.1" 304 -
167.0.140.139 - - [02/Oct/2022:07:30:33 -0500] "GET /sipse/faces/javax.faces.resource/jquery/jquery-plugins.js?ln=primefaces&v=4.0 HTTP/1.1" 304 -
167.0.140.139 - - [02/Oct/2022:07:30:33 -0500] "GET /sipse/faces/javax.faces.resource/images/ui-icons_898989_256x240.png?ln=primefaces-aristo HTTP/1.1" 304 -
201.245.192.253 - - [02/Oct/2022:07:30:34 -0500] "POST /kwsrmcab/Wsrmcab  HTTP/1.1" 200 43876
167.0.140.139 - - [02/Oct/2022:07:30:46 -0500] "POST /sipse/faces/autenticacion.xhtml HTTP/1.1" 200 16064
167.0.140.139 - - [02/Oct/2022:07:30:46 -0500] "GET /sipse/faces/javax.faces.resource/theme.css?ln=primefaces-sipse HTTP/1.1" 304 -
167.0.140.139 - - [02/Oct/2022:07:30:46 -0500] "GET /sipse/faces/javax.faces.resource/primefaces.css?ln=primefaces&v=4.0 HTTP/1.1" 304 -
167.0.140.139 - - [02/Oct/2022:07:30:46 -0500] "GET /sipse/faces/javax.faces.resource/layout/layout.css?ln=primefaces&v=4.0 HTTP/1.1" 304 -
167.0.140.139 - - [02/Oct/2022:07:30:47 -0500] "GET /sipse/faces/javax.faces.resource/jquery/jquery.js?ln=primefaces&v=4.0 HTTP/1.1" 304 -
167.0.140.139 - - [02/Oct/2022:07:30:47 -0500] "GET /sipse/faces/javax.faces.resource/jquery/jquery-plugins.js?ln=primefaces&v=4.0 HTTP/1.1" 304 -
167.0.140.139 - - [02/Oct/2022:07:30:47 -0500] "GET /sipse/faces/javax.faces.resource/primefaces.js?ln=primefaces&v=4.0 HTTP/1.1" 304 -
167.0.140.139 - - [02/Oct/2022:07:30:47 -0500] "GET /sipse/faces/javax.faces.resource/layout/layout.js?ln=primefaces&v=4.0 HTTP/1.1" 304 -
167.0.140.139 - - [02/Oct/2022:07:30:47 -0500] "GET /sipse/css/imagen/contrasena.png HTTP/1.1" 404 383
167.0.140.139 - - [02/Oct/2022:07:30:47 -0500] "GET /sipse/faces/javax.faces.resource/messages/messages.png?ln=primefaces&v=4.0 HTTP/1.1" 304 -
167.0.140.139 - - [02/Oct/2022:07:30:50 -0500] "GET /sipse/faces/javax.faces.resource/images/ui-bg_flat_0_2d5972_40x100.png?ln=primefaces-aristo HTTP/1.1" 304 -
167.0.140.139 - - [02/Oct/2022:07:30:50 -0500] "POST /sipse/faces/bienvenido.xhtml HTTP/1.1" 200 1471
167.0.140.139 - - [02/Oct/2022:07:30:51 -0500] "POST /sipse/faces/bienvenido.xhtml HTTP/1.1" 200 60748
167.0.140.139 - - [02/Oct/2022:07:30:52 -0500] "GET /sipse/faces/javax.faces.resource/layout/layout.css?ln=primefaces&v=4.0 HTTP/1.1" 304 -
167.0.140.139 - - [02/Oct/2022:07:30:52 -0500] "GET /sipse/faces/javax.faces.resource/theme.css?ln=primefaces-sipse HTTP/1.1" 304 -
167.0.140.139 - - [02/Oct/2022:07:30:52 -0500] "GET /sipse/faces/javax.faces.resource/primefaces.css?ln=primefaces&v=4.0 HTTP/1.1" 304 -
167.0.140.139 - - [02/Oct/2022:07:30:52 -0500] "GET /sipse/faces/javax.faces.resource/jquery/jquery.js?ln=primefaces&v=4.0 HTTP/1.1" 304 -
167.0.140.139 - - [02/Oct/2022:07:30:52 -0500] "GET /sipse/faces/javax.faces.resource/jquery/jquery-plugins.js?ln=primefaces&v=4.0 HTTP/1.1" 304 -
167.0.140.139 - - [02/Oct/2022:07:30:52 -0500] "GET /sipse/faces/javax.faces.resource/primefaces.js?ln=primefaces&v=4.0 HTTP/1.1" 304 -
167.0.140.139 - - [02/Oct/2022:07:30:52 -0500] "GET /sipse/faces/javax.faces.resource/layout/layout.js?ln=primefaces&v=4.0 HTTP/1.1" 304 -
167.0.140.139 - - [02/Oct/2022:07:30:53 -0500] "POST /sipse/faces/presentacion/financiero/solicitudProceso/listarSolicitudProceso.xhtml HTTP/1.1" 200 1560
167.0.140.139 - - [02/Oct/2022:07:30:59 -0500] "POST /sipse/faces/presentacion/financiero/solicitudProceso/listarSolicitudProceso.xhtml HTTP/1.1" 200 16873
167.0.140.139 - - [02/Oct/2022:07:31:06 -0500] "POST /sipse/faces/presentacion/financiero/solicitudProceso/listarSolicitudProceso.xhtml HTTP/1.1" 200 115916
167.0.140.139 - - [02/Oct/2022:07:31:06 -0500] "GET /sipse/faces/javax.faces.resource/theme.css?ln=primefaces-sipse HTTP/1.1" 304 -
167.0.140.139 - - [02/Oct/2022:07:31:06 -0500] "GET /sipse/faces/javax.faces.resource/primefaces.css?ln=primefaces&v=4.0 HTTP/1.1" 304 -
167.0.140.139 - - [02/Oct/2022:07:31:06 -0500] "GET /sipse/faces/javax.faces.resource/layout/layout.css?ln=primefaces&v=4.0 HTTP/1.1" 304 -
167.0.140.139 - - [02/Oct/2022:07:31:06 -0500] "GET /sipse/faces/javax.faces.resource/jquery/jquery.js?ln=primefaces&v=4.0 HTTP/1.1" 304 -
167.0.140.139 - - [02/Oct/2022:07:31:07 -0500] "GET /sipse/faces/javax.faces.resource/jquery/jquery-plugins.js?ln=primefaces&v=4.0 HTTP/1.1" 304 -
167.0.140.139 - - [02/Oct/2022:07:31:07 -0500] "GET /sipse/faces/javax.faces.resource/primefaces.js?ln=primefaces&v=4.0 HTTP/1.1" 304 -
167.0.140.139 - - [02/Oct/2022:07:31:07 -0500] "GET /sipse/faces/javax.faces.resource/layout/layout.js?ln=primefaces&v=4.0 HTTP/1.1" 304 -
167.0.140.139 - - [02/Oct/2022:07:31:19 -0500] "POST /sipse/faces/presentacion/financiero/solicitudProceso/consultarSolicitudProceso.xhtml HTTP/1.1" 200 19314
167.0.140.139 - - [02/Oct/2022:07:31:19 -0500] "GET /sipse/faces/javax.faces.resource/primefaces.css?ln=primefaces&v=4.0 HTTP/1.1" 304 -
167.0.140.139 - - [02/Oct/2022:07:31:19 -0500] "GET /sipse/faces/javax.faces.resource/layout/layout.css?ln=primefaces&v=4.0 HTTP/1.1" 304 -
167.0.140.139 - - [02/Oct/2022:07:31:19 -0500] "GET /sipse/faces/javax.faces.resource/theme.css?ln=primefaces-sipse HTTP/1.1" 304 -
167.0.140.139 - - [02/Oct/2022:07:31:19 -0500] "GET /sipse/faces/javax.faces.resource/fileupload/fileupload.css?ln=primefaces&v=4.0 HTTP/1.1" 304 -
167.0.140.139 - - [02/Oct/2022:07:31:19 -0500] "GET /sipse/faces/javax.faces.resource/jquery/jquery.js?ln=primefaces&v=4.0 HTTP/1.1" 304 -
167.0.140.139 - - [02/Oct/2022:07:31:19 -0500] "GET /sipse/faces/javax.faces.resource/jquery/jquery-plugins.js?ln=primefaces&v=4.0 HTTP/1.1" 304 -
167.0.140.139 - - [02/Oct/2022:07:31:19 -0500] "GET /sipse/faces/javax.faces.resource/primefaces.js?ln=primefaces&v=4.0 HTTP/1.1" 304 -
167.0.140.139 - - [02/Oct/2022:07:31:19 -0500] "GET /sipse/faces/javax.faces.resource/layout/layout.js?ln=primefaces&v=4.0 HTTP/1.1" 304 -
167.0.140.139 - - [02/Oct/2022:07:31:19 -0500] "GET /sipse/faces/javax.faces.resource/fileupload/fileupload.js?ln=primefaces&v=4.0 HTTP/1.1" 304 -
167.0.140.139 - - [02/Oct/2022:07:31:31 -0500] "POST /sipse/faces/presentacion/sistema/anexos/cargarAnexoSolicitudProceso.xhtml HTTP/1.1" 200 163626
167.0.140.139 - - [02/Oct/2022:07:31:31 -0500] "GET /sipse/faces/javax.faces.resource/theme.css?ln=primefaces-sipse HTTP/1.1" 304 -
167.0.140.139 - - [02/Oct/2022:07:31:31 -0500] "GET /sipse/faces/javax.faces.resource/primefaces.css?ln=primefaces&v=4.0 HTTP/1.1" 304 -
167.0.140.139 - - [02/Oct/2022:07:31:31 -0500] "GET /sipse/faces/javax.faces.resource/jquery/jquery.js?ln=primefaces&v=4.0 HTTP/1.1" 304 -
167.0.140.139 - - [02/Oct/2022:07:31:31 -0500] "GET /sipse/faces/javax.faces.resource/jquery/jquery-plugins.js?ln=primefaces&v=4.0 HTTP/1.1" 304 -
167.0.140.139 - - [02/Oct/2022:07:31:31 -0500] "GET /sipse/faces/javax.faces.resource/layout/layout.css?ln=primefaces&v=4.0 HTTP/1.1" 304 -
167.0.140.139 - - [02/Oct/2022:07:31:31 -0500] "GET /sipse/faces/javax.faces.resource/primefaces.js?ln=primefaces&v=4.0 HTTP/1.1" 304 -
167.0.140.139 - - [02/Oct/2022:07:31:31 -0500] "GET /sipse/faces/javax.faces.resource/layout/layout.js?ln=primefaces&v=4.0 HTTP/1.1" 304 -
207.46.13.89 - - [02/Oct/2022:07:31:33 -0500] "GET /BLA/resoluciones/RESOLUCIONES%202022/0552.pdf HTTP/1.1" 200 336624
167.0.140.139 - - [02/Oct/2022:07:31:35 -0500] "POST /sipse/faces/presentacion/financiero/solicitudProceso/consultarSolicitudProceso.xhtml HTTP/1.1" 200 19314
167.0.140.139 - - [02/Oct/2022:07:31:35 -0500] "GET /sipse/faces/javax.faces.resource/primefaces.css?ln=primefaces&v=4.0 HTTP/1.1" 304 -
167.0.140.139 - - [02/Oct/2022:07:31:35 -0500] "GET /sipse/faces/javax.faces.resource/theme.css?ln=primefaces-sipse HTTP/1.1" 304 -
167.0.140.139 - - [02/Oct/2022:07:31:35 -0500] "GET /sipse/faces/javax.faces.resource/fileupload/fileupload.css?ln=primefaces&v=4.0 HTTP/1.1" 304 -
167.0.140.139 - - [02/Oct/2022:07:31:35 -0500] "GET /sipse/faces/javax.faces.resource/jquery/jquery-plugins.js?ln=primefaces&v=4.0 HTTP/1.1" 304 -
167.0.140.139 - - [02/Oct/2022:07:31:35 -0500] "GET /sipse/faces/javax.faces.resource/layout/layout.js?ln=primefaces&v=4.0 HTTP/1.1" 304 -
167.0.140.139 - - [02/Oct/2022:07:31:35 -0500] "GET /sipse/faces/javax.faces.resource/layout/layout.css?ln=primefaces&v=4.0 HTTP/1.1" 304 -
167.0.140.139 - - [02/Oct/2022:07:31:35 -0500] "GET /sipse/faces/javax.faces.resource/primefaces.js?ln=primefaces&v=4.0 HTTP/1.1" 304 -
167.0.140.139 - - [02/Oct/2022:07:31:35 -0500] "GET /sipse/faces/javax.faces.resource/jquery/jquery.js?ln=primefaces&v=4.0 HTTP/1.1" 304 -
167.0.140.139 - - [02/Oct/2022:07:31:35 -0500] "GET /sipse/faces/javax.faces.resource/fileupload/fileupload.js?ln=primefaces&v=4.0 HTTP/1.1" 304 -
201.245.192.253 - - [02/Oct/2022:07:31:45 -0500] "POST /kwsrmcab/Wsrmcab HTTP/1.1" 200 44216
201.245.192.253 - - [02/Oct/2022:07:31:48 -0500] "POST /kwsrmcab/Wsrmcab HTTP/1.1" 200 44881
199.59.150.182 - - [02/Oct/2022:07:31:53 -0500] "GET /images/feria-veh%C3%ADculos-sostenibles_optimized.jpeg HTTP/1.1" 404 1034
167.0.140.139 - - [02/Oct/2022:07:32:02 -0500] "GET /sipse/faces/javax.faces.resource/theme.css?ln=primefaces-sipse HTTP/1.1" 304 -
167.0.140.139 - - [02/Oct/2022:07:32:02 -0500] "POST /sipse/faces/presentacion/sistema/anexos/cargarAnexoSolicitudProceso.xhtml HTTP/1.1" 200 166041
167.0.140.139 - - [02/Oct/2022:07:32:02 -0500] "GET /sipse/faces/javax.faces.resource/primefaces.css?ln=primefaces&v=4.0 HTTP/1.1" 304 -
167.0.140.139 - - [02/Oct/2022:07:32:02 -0500] "GET /sipse/faces/javax.faces.resource/layout/layout.css?ln=primefaces&v=4.0 HTTP/1.1" 304 -
167.0.140.139 - - [02/Oct/2022:07:32:02 -0500] "GET /sipse/faces/javax.faces.resource/jquery/jquery.js?ln=primefaces&v=4.0 HTTP/1.1" 304 -
167.0.140.139 - - [02/Oct/2022:07:32:02 -0500] "GET /sipse/faces/javax.faces.resource/primefaces.js?ln=primefaces&v=4.0 HTTP/1.1" 304 -
167.0.140.139 - - [02/Oct/2022:07:32:02 -0500] "GET /sipse/faces/javax.faces.resource/jquery/jquery-plugins.js?ln=primefaces&v=4.0 HTTP/1.1" 304 -
167.0.140.139 - - [02/Oct/2022:07:32:02 -0500] "GET /sipse/faces/javax.faces.resource/layout/layout.js?ln=primefaces&v=4.0 HTTP/1.1" 304 -
167.0.140.139 - - [02/Oct/2022:07:32:08 -0500] "POST /sipse/faces/presentacion/financiero/solicitudProceso/consultarSolicitudProceso.xhtml HTTP/1.1" 200 166609
167.0.140.139 - - [02/Oct/2022:07:32:09 -0500] "GET /sipse/faces/javax.faces.resource/theme.css?ln=primefaces-sipse HTTP/1.1" 304 -
167.0.140.139 - - [02/Oct/2022:07:32:09 -0500] "GET /sipse/faces/javax.faces.resource/primefaces.css?ln=primefaces&v=4.0 HTTP/1.1" 304 -
167.0.140.139 - - [02/Oct/2022:07:32:09 -0500] "GET /sipse/faces/javax.faces.resource/primefaces.js?ln=primefaces&v=4.0 HTTP/1.1" 304 -
167.0.140.139 - - [02/Oct/2022:07:32:09 -0500] "GET /sipse/faces/javax.faces.resource/jquery/jquery.js?ln=primefaces&v=4.0 HTTP/1.1" 304 -
167.0.140.139 - - [02/Oct/2022:07:32:09 -0500] "GET /sipse/faces/javax.faces.resource/layout/layout.css?ln=primefaces&v=4.0 HTTP/1.1" 304 -
167.0.140.139 - - [02/Oct/2022:07:32:09 -0500] "GET /sipse/faces/javax.faces.resource/jquery/jquery-plugins.js?ln=primefaces&v=4.0 HTTP/1.1" 304 -
167.0.140.139 - - [02/Oct/2022:07:32:09 -0500] "GET /sipse/faces/javax.faces.resource/layout/layout.js?ln=primefaces&v=4.0 HTTP/1.1" 304 -
167.0.140.139 - - [02/Oct/2022:07:32:12 -0500] "POST /sipse/faces/presentacion/financiero/solicitudProceso/consultarSolicitudProceso.xhtml HTTP/1.1" 200 47095
167.0.140.139 - - [02/Oct/2022:07:32:15 -0500] "GET /sipse/faces/javax.faces.resource/theme.css?ln=primefaces-sipse HTTP/1.1" 304 -
167.0.140.139 - - [02/Oct/2022:07:32:15 -0500] "GET /sipse/faces/javax.faces.resource/layout/layout.css?ln=primefaces&v=4.0 HTTP/1.1" 304 -
167.0.140.139 - - [02/Oct/2022:07:32:15 -0500] "GET /sipse/faces/javax.faces.resource/primefaces.css?ln=primefaces&v=4.0 HTTP/1.1" 304 -
