190.69.56.12 - - [02/Oct/2022:22:13:19 -0500] "GET /sipse/faces/javax.faces.resource/jquery/jquery.js?ln=primefaces&v=4.0 HTTP/1.1" 304 -
190.69.56.12 - - [02/Oct/2022:22:13:19 -0500] "GET /sipse/faces/javax.faces.resource/primefaces.js?ln=primefaces&v=4.0 HTTP/1.1" 304 -
190.69.56.12 - - [02/Oct/2022:22:13:19 -0500] "GET /sipse/faces/javax.faces.resource/layout/layout.js?ln=primefaces&v=4.0 HTTP/1.1" 304 -
190.69.56.12 - - [02/Oct/2022:22:13:19 -0500] "GET /sipse/faces/javax.faces.resource/layout/layout.css?ln=primefaces&v=4.0 HTTP/1.1" 304 -
190.69.56.12 - - [02/Oct/2022:22:13:19 -0500] "GET /sipse/css/imagen/contrasena.png HTTP/1.1" 404 383
190.69.56.12 - - [02/Oct/2022:22:13:19 -0500] "GET /sipse/faces/javax.faces.resource/images/ui-icons_898989_256x240.png?ln=primefaces-aristo HTTP/1.1" 304 -
64.124.8.52 - - [02/Oct/2022:22:13:25 -0500] "-" 408 -
190.69.56.12 - - [02/Oct/2022:22:13:23 -0500] "POST /sipse/faces/presentacion/financiero/solicitudProceso/crearModificarSolicitudProceso.xhtml HTTP/1.1" 200 45520
190.69.56.12 - - [02/Oct/2022:22:13:25 -0500] "GET /sipse/faces/javax.faces.resource/theme.css?ln=primefaces-sipse HTTP/1.1" 304 -
190.69.56.12 - - [02/Oct/2022:22:13:25 -0500] "GET /sipse/faces/javax.faces.resource/primefaces.css?ln=primefaces&v=4.0 HTTP/1.1" 304 -
190.69.56.12 - - [02/Oct/2022:22:13:25 -0500] "GET /sipse/faces/javax.faces.resource/jquery/jquery-plugins.js?ln=primefaces&v=4.0 HTTP/1.1" 304 -
190.69.56.12 - - [02/Oct/2022:22:13:25 -0500] "GET /sipse/faces/javax.faces.resource/jquery/jquery.js?ln=primefaces&v=4.0 HTTP/1.1" 304 -
190.69.56.12 - - [02/Oct/2022:22:13:25 -0500] "GET /sipse/faces/javax.faces.resource/layout/layout.css?ln=primefaces&v=4.0 HTTP/1.1" 304 -
190.69.56.12 - - [02/Oct/2022:22:13:25 -0500] "GET /sipse/faces/javax.faces.resource/primefaces.js?ln=primefaces&v=4.0 HTTP/1.1" 304 -
190.69.56.12 - - [02/Oct/2022:22:13:25 -0500] "GET /sipse/faces/javax.faces.resource/layout/layout.js?ln=primefaces&v=4.0 HTTP/1.1" 304 -
87.250.224.69 - - [02/Oct/2022:22:13:31 -0500] "-" 408 -
190.69.56.12 - - [02/Oct/2022:22:13:35 -0500] "GET /sipse/faces/javax.faces.resource/images/ui-bg_flat_0_2d5972_40x100.png?ln=primefaces-aristo HTTP/1.1" 304 -
157.55.39.202 - - [02/Oct/2022:22:13:34 -0500] "GET /BLA/resoluciones/index.php?dir=AUTOS+2022%2F HTTP/1.1" 200 269023
190.69.56.12 - - [02/Oct/2022:22:13:35 -0500] "POST /sipse/faces/presentacion/financiero/solicitudBienServicio/asociarBienServicioSolicitud.xhtml HTTP/1.1" 200 2821
190.69.56.12 - - [02/Oct/2022:22:13:39 -0500] "GET /sipse/faces/javax.faces.resource/images/ui-icons_898989_256x240.png?ln=primefaces-aristo HTTP/1.1" 304 -
190.69.56.12 - - [02/Oct/2022:22:13:40 -0500] "POST /sipse/faces/presentacion/financiero/solicitudBienServicio/asociarBienServicioSolicitud.xhtml HTTP/1.1" 200 93651
190.69.56.12 - - [02/Oct/2022:22:13:40 -0500] "GET /sipse/faces/javax.faces.resource/theme.css?ln=primefaces-sipse HTTP/1.1" 304 -
190.69.56.12 - - [02/Oct/2022:22:13:40 -0500] "GET /sipse/faces/javax.faces.resource/primefaces.css?ln=primefaces&v=4.0 HTTP/1.1" 304 -
190.69.56.12 - - [02/Oct/2022:22:13:40 -0500] "GET /sipse/faces/javax.faces.resource/layout/layout.css?ln=primefaces&v=4.0 HTTP/1.1" 304 -
190.69.56.12 - - [02/Oct/2022:22:13:40 -0500] "GET /sipse/faces/javax.faces.resource/jquery/jquery.js?ln=primefaces&v=4.0 HTTP/1.1" 304 -
190.69.56.12 - - [02/Oct/2022:22:13:40 -0500] "GET /sipse/faces/javax.faces.resource/jquery/jquery-plugins.js?ln=primefaces&v=4.0 HTTP/1.1" 304 -
190.69.56.12 - - [02/Oct/2022:22:13:41 -0500] "GET /sipse/faces/javax.faces.resource/primefaces.js?ln=primefaces&v=4.0 HTTP/1.1" 304 -
190.69.56.12 - - [02/Oct/2022:22:13:41 -0500] "GET /sipse/faces/javax.faces.resource/layout/layout.js?ln=primefaces&v=4.0 HTTP/1.1" 304 -
190.69.56.12 - - [02/Oct/2022:22:13:47 -0500] "POST /sipse/faces/presentacion/financiero/solicitudProceso/crearModificarSolicitudProceso.xhtml HTTP/1.1" 200 76599
190.69.56.12 - - [02/Oct/2022:22:13:47 -0500] "GET /sipse/faces/javax.faces.resource/messages/messages.png?ln=primefaces&v=4.0 HTTP/1.1" 304 -
181.61.206.51 - - [02/Oct/2022:22:14:31 -0500] "GET /distrito-presenta-proyecto-de-energia-solar-y-eficiencia-energetica-para-entidades-publicas-de-bogota.html HTTP/1.1" 200 908
172.22.2.4 - - [02/Oct/2022:22:15:05 -0500] "GET /BLA/boletinlegal/consulta_actos.php?tipo=resoluciones&no=1018&usuario=&sector=&fecha=2019&resuelve= HTTP/1.1" 200 1353
190.69.56.12 - - [02/Oct/2022:22:15:15 -0500] "POST /sipse/faces/presentacion/financiero/solicitudProceso/crearModificarSolicitudProceso.xhtml HTTP/1.1" 200 25595
66.249.64.15 - - [02/Oct/2022:22:15:20 -0500] "-" 408 -
190.69.56.12 - - [02/Oct/2022:22:15:35 -0500] "POST /sipse/faces/presentacion/financiero/solicitudProceso/crearModificarSolicitudProceso.xhtml HTTP/1.1" 200 38094
190.69.56.12 - - [02/Oct/2022:22:15:44 -0500] "POST /sipse/faces/presentacion/financiero/solicitudProceso/crearModificarSolicitudProceso.xhtml HTTP/1.1" 200 76607
185.119.81.109 - - [02/Oct/2022:22:15:58 -0500] "GET /portaldeninos/wp-login.php HTTP/1.1" 200 2592
185.119.81.109 - - [02/Oct/2022:22:15:59 -0500] "POST /portaldeninos/wp-login.php HTTP/1.1" 200 3605
172.22.2.4 - - [02/Oct/2022:22:14:38 -0500] "HEAD /BLA/boletinlegal/ HTTP/1.1" 200 -
190.69.56.12 - - [02/Oct/2022:22:16:27 -0500] "GET /sipse/faces/faces/autenticacion.xhtml HTTP/1.1" 200 12502
190.69.56.12 - - [02/Oct/2022:22:16:29 -0500] "GET /sipse/faces/javax.faces.resource/layout/layout.css;jsessionid=+xbhx9T72fdMRD+0luMYdWAa.undefined?ln=primefaces&v=4.0 HTTP/1.1" 200 542
190.69.56.12 - - [02/Oct/2022:22:16:29 -0500] "GET /sipse/js/disable_browser_buttons.js HTTP/1.1" 200 3230
190.69.56.12 - - [02/Oct/2022:22:16:29 -0500] "GET /sipse/faces/javax.faces.resource/primefaces.css;jsessionid=+xbhx9T72fdMRD+0luMYdWAa.undefined?ln=primefaces&v=4.0 HTTP/1.1" 200 53295
190.69.56.12 - - [02/Oct/2022:22:16:29 -0500] "GET /sipse/js/funciones.js HTTP/1.1" 200 12592
190.69.56.12 - - [02/Oct/2022:22:16:29 -0500] "GET /sipse/css/custom_css_sg.css HTTP/1.1" 200 9694
190.69.56.12 - - [02/Oct/2022:22:16:29 -0500] "GET /sipse/faces/javax.faces.resource/jquery/jquery.js;jsessionid=+xbhx9T72fdMRD+0luMYdWAa.undefined?ln=primefaces&v=4.0 HTTP/1.1" 200 105384
190.69.56.12 - - [02/Oct/2022:22:16:29 -0500] "GET /sipse/faces/javax.faces.resource/layout/layout.js;jsessionid=+xbhx9T72fdMRD+0luMYdWAa.undefined?ln=primefaces&v=4.0 HTTP/1.1" 200 87560
190.69.56.12 - - [02/Oct/2022:22:16:29 -0500] "GET /sipse/css/custom_css_sg_prime_login.css HTTP/1.1" 200 443
190.69.56.12 - - [02/Oct/2022:22:16:29 -0500] "GET /sipse/faces/javax.faces.resource/theme.css?ln=primefaces-sipse HTTP/1.1" 304 -
190.69.56.12 - - [02/Oct/2022:22:16:29 -0500] "GET /sipse/faces/javax.faces.resource/jquery/jquery-plugins.js;jsessionid=+xbhx9T72fdMRD+0luMYdWAa.undefined?ln=primefaces&v=4.0 HTTP/1.1" 200 220526
190.69.56.12 - - [02/Oct/2022:22:16:29 -0500] "GET /sipse/faces/javax.faces.resource/primefaces.js;jsessionid=+xbhx9T72fdMRD+0luMYdWAa.undefined?ln=primefaces&v=4.0 HTTP/1.1" 200 276924
190.69.56.12 - - [02/Oct/2022:22:16:34 -0500] "GET /sipse/css/imagen/logoSDG.png HTTP/1.1" 200 53064
190.69.56.12 - - [02/Oct/2022:22:16:34 -0500] "GET /sipse/faces/javax.faces.resource/images/ui-icons_898989_256x240.png?ln=primefaces-aristo HTTP/1.1" 304 -
190.69.56.12 - - [02/Oct/2022:22:16:34 -0500] "GET /sipse/css/imagen/loginimg.png HTTP/1.1" 200 71635
190.69.56.12 - - [02/Oct/2022:22:16:36 -0500] "GET /sipse/faces/faces/index.xhtml HTTP/1.1" 200 677
190.69.56.12 - - [02/Oct/2022:22:16:36 -0500] "GET /sipse/faces/javax.faces.resource/theme.css?ln=primefaces-sipse HTTP/1.1" 304 -
190.69.56.12 - - [02/Oct/2022:22:16:37 -0500] "GET /sipse/faces/faces/faces/autenticacion.xhtml HTTP/1.1" 200 12180
190.69.56.12 - - [02/Oct/2022:22:16:37 -0500] "GET /sipse/faces/javax.faces.resource/theme.css?ln=primefaces-sipse HTTP/1.1" 304 -
190.69.56.12 - - [02/Oct/2022:22:16:37 -0500] "GET /sipse/faces/javax.faces.resource/primefaces.css?ln=primefaces&v=4.0 HTTP/1.1" 304 -
190.69.56.12 - - [02/Oct/2022:22:16:37 -0500] "GET /sipse/faces/javax.faces.resource/layout/layout.css?ln=primefaces&v=4.0 HTTP/1.1" 304 -
190.69.56.12 - - [02/Oct/2022:22:16:37 -0500] "GET /sipse/faces/javax.faces.resource/jquery/jquery.js?ln=primefaces&v=4.0 HTTP/1.1" 304 -
190.69.56.12 - - [02/Oct/2022:22:16:37 -0500] "GET /sipse/faces/javax.faces.resource/jquery/jquery-plugins.js?ln=primefaces&v=4.0 HTTP/1.1" 304 -
190.69.56.12 - - [02/Oct/2022:22:16:37 -0500] "GET /sipse/faces/javax.faces.resource/primefaces.js?ln=primefaces&v=4.0 HTTP/1.1" 304 -
190.69.56.12 - - [02/Oct/2022:22:16:37 -0500] "GET /sipse/faces/javax.faces.resource/layout/layout.js?ln=primefaces&v=4.0 HTTP/1.1" 304 -
190.69.56.12 - - [02/Oct/2022:22:16:37 -0500] "GET /sipse/faces/javax.faces.resource/images/ui-icons_898989_256x240.png?ln=primefaces-aristo HTTP/1.1" 304 -
190.69.56.12 - - [02/Oct/2022:22:16:46 -0500] "POST /sipse/faces/autenticacion.xhtml HTTP/1.1" 200 2223
190.69.56.12 - - [02/Oct/2022:22:16:46 -0500] "GET /sipse/faces/javax.faces.resource/messages/messages.png?ln=primefaces&v=4.0 HTTP/1.1" 304 -
190.69.56.12 - - [02/Oct/2022:22:16:48 -0500] "POST /sipse/faces/autenticacion.xhtml HTTP/1.1" 200 16239
207.46.13.40 - - [02/Oct/2022:22:16:49 -0500] "GET /BLA/resoluciones/RESOLUCIONES%202002/RES%202002%20851-900/00000861.tif HTTP/1.1" 200 142552
190.69.56.12 - - [02/Oct/2022:22:16:49 -0500] "GET /sipse/css/custom_css_sg_prime.css HTTP/1.1" 200 5201
190.69.56.12 - - [02/Oct/2022:22:16:49 -0500] "GET /sipse/js/jquery.min.js HTTP/1.1" 200 85582
190.69.56.12 - - [02/Oct/2022:22:16:49 -0500] "GET /sipse/faces/javax.faces.resource/jquery/jquery.js?ln=primefaces&v=4.0 HTTP/1.1" 304 -
190.69.56.12 - - [02/Oct/2022:22:16:49 -0500] "GET /sipse/faces/javax.faces.resource/jquery/jquery-plugins.js?ln=primefaces&v=4.0 HTTP/1.1" 304 -
190.69.56.12 - - [02/Oct/2022:22:16:49 -0500] "GET /sipse/faces/javax.faces.resource/primefaces.js?ln=primefaces&v=4.0 HTTP/1.1" 304 -
190.69.56.12 - - [02/Oct/2022:22:16:49 -0500] "GET /sipse/faces/javax.faces.resource/layout/layout.js?ln=primefaces&v=4.0 HTTP/1.1" 304 -
190.69.56.12 - - [02/Oct/2022:22:16:49 -0500] "GET /sipse/css/imagen/contrasena.png HTTP/1.1" 404 383
190.69.56.12 - - [02/Oct/2022:22:16:49 -0500] "GET /sipse/imagenes/cargando.gif HTTP/1.1" 200 36959
190.69.56.12 - - [02/Oct/2022:22:16:49 -0500] "GET /sipse/imagenes/logoAplicacion.jpg HTTP/1.1" 200 155084
190.69.56.12 - - [02/Oct/2022:22:16:52 -0500] "POST /sipse/faces/bienvenido.xhtml HTTP/1.1" 200 2658
190.69.56.12 - - [02/Oct/2022:22:16:52 -0500] "GET /sipse/faces/javax.faces.resource/images/ui-bg_flat_0_2d5972_40x100.png?ln=primefaces-aristo HTTP/1.1" 304 -
190.69.56.12 - - [02/Oct/2022:22:16:53 -0500] "POST /sipse/faces/bienvenido.xhtml HTTP/1.1" 200 63234
190.69.56.12 - - [02/Oct/2022:22:16:53 -0500] "GET /sipse/faces/javax.faces.resource/jquery/jquery.js?ln=primefaces&v=4.0 HTTP/1.1" 304 -
190.69.56.12 - - [02/Oct/2022:22:16:53 -0500] "GET /sipse/faces/javax.faces.resource/jquery/jquery-plugins.js?ln=primefaces&v=4.0 HTTP/1.1" 304 -
190.69.56.12 - - [02/Oct/2022:22:16:53 -0500] "GET /sipse/faces/javax.faces.resource/primefaces.js?ln=primefaces&v=4.0 HTTP/1.1" 304 -
190.69.56.12 - - [02/Oct/2022:22:16:54 -0500] "GET /sipse/faces/javax.faces.resource/layout/layout.js?ln=primefaces&v=4.0 HTTP/1.1" 304 -
190.69.56.12 - - [02/Oct/2022:22:16:54 -0500] "POST /sipse/faces/presentacion/financiero/solicitudProceso/listarSolicitudProceso.xhtml HTTP/1.1" 200 1560
172.22.2.4 - - [02/Oct/2022:22:15:28 -0500] "GET /BLA/boletinlegal/ HTTP/1.1" 200 58163
190.69.56.12 - - [02/Oct/2022:22:17:14 -0500] "POST /sipse/faces/presentacion/financiero/solicitudProceso/listarSolicitudProceso.xhtml HTTP/1.1" 200 2857
190.69.56.12 - - [02/Oct/2022:22:17:15 -0500] "POST /sipse/faces/presentacion/financiero/solicitudProceso/listarSolicitudProceso.xhtml HTTP/1.1" 200 40734
190.69.56.12 - - [02/Oct/2022:22:17:15 -0500] "GET /sipse/faces/javax.faces.resource/jquery/jquery.js?ln=primefaces&v=4.0 HTTP/1.1" 304 -
190.69.56.12 - - [02/Oct/2022:22:17:15 -0500] "GET /sipse/faces/javax.faces.resource/jquery/jquery-plugins.js?ln=primefaces&v=4.0 HTTP/1.1" 304 -
190.69.56.12 - - [02/Oct/2022:22:17:15 -0500] "GET /sipse/faces/javax.faces.resource/primefaces.js?ln=primefaces&v=4.0 HTTP/1.1" 304 -
190.69.56.12 - - [02/Oct/2022:22:17:15 -0500] "GET /sipse/faces/javax.faces.resource/layout/layout.js?ln=primefaces&v=4.0 HTTP/1.1" 304 -
190.69.56.12 - - [02/Oct/2022:22:17:15 -0500] "POST /sipse/faces/presentacion/financiero/solicitudProceso/consultar.xhtml HTTP/1.1" 200 34149
190.69.56.12 - - [02/Oct/2022:22:17:19 -0500] "POST /sipse/faces/presentacion/financiero/solicitudProceso/consultar.xhtml HTTP/1.1" 200 9845
190.69.56.12 - - [02/Oct/2022:22:17:22 -0500] "POST /sipse/faces/presentacion/financiero/solicitudProceso/consultar.xhtml HTTP/1.1" 200 64407
190.69.56.12 - - [02/Oct/2022:22:17:22 -0500] "GET /sipse/faces/javax.faces.resource/jquery/jquery.js?ln=primefaces&v=4.0 HTTP/1.1" 304 -
190.69.56.12 - - [02/Oct/2022:22:17:23 -0500] "GET /sipse/faces/javax.faces.resource/jquery/jquery-plugins.js?ln=primefaces&v=4.0 HTTP/1.1" 304 -
190.69.56.12 - - [02/Oct/2022:22:17:23 -0500] "GET /sipse/faces/javax.faces.resource/primefaces.js?ln=primefaces&v=4.0 HTTP/1.1" 304 -
190.69.56.12 - - [02/Oct/2022:22:17:23 -0500] "GET /sipse/faces/javax.faces.resource/layout/layout.js?ln=primefaces&v=4.0 HTTP/1.1" 304 -
190.69.56.12 - - [02/Oct/2022:22:17:23 -0500] "POST /sipse/faces/presentacion/financiero/solicitudProceso/listarSolicitudProceso.xhtml HTTP/1.1" 200 57796
190.69.56.12 - - [02/Oct/2022:22:17:23 -0500] "POST /sipse/faces/presentacion/financiero/solicitudProceso/listarSolicitudProceso.xhtml HTTP/1.1" 200 57796
190.69.56.12 - - [02/Oct/2022:22:17:24 -0500] "POST /sipse/faces/presentacion/financiero/solicitudProceso/listarSolicitudProceso.xhtml HTTP/1.1" 200 1560
190.69.56.12 - - [02/Oct/2022:22:17:24 -0500] "POST /sipse/faces/presentacion/financiero/solicitudProceso/listarSolicitudProceso.xhtml HTTP/1.1" 200 1564
190.69.56.12 - - [02/Oct/2022:22:17:24 -0500] "POST /sipse/faces/presentacion/financiero/solicitudProceso/listarSolicitudProceso.xhtml HTTP/1.1" 200 1564
190.69.56.12 - - [02/Oct/2022:22:17:26 -0500] "POST /sipse/faces/presentacion/financiero/solicitudProceso/listarSolicitudProceso.xhtml HTTP/1.1" 200 2417
190.69.56.12 - - [02/Oct/2022:22:17:27 -0500] "POST /sipse/faces/presentacion/financiero/solicitudProceso/listarSolicitudProceso.xhtml HTTP/1.1" 200 2421
201.245.192.253 - - [02/Oct/2022:22:17:52 -0500] "POST /kwsrmcab/Wsrmcab  HTTP/1.1" 200 43876
216.245.221.92 - - [02/Oct/2022:22:17:56 -0500] "HEAD / HTTP/1.1" 200 -
201.245.192.253 - - [02/Oct/2022:22:21:42 -0500] "POST /kwsrmcab/Wsrmcab HTTP/1.1" 200 44767
201.245.192.253 - - [02/Oct/2022:22:21:44 -0500] "POST /kwsrmcab/Wsrmcab HTTP/1.1" 200 45284
172.22.2.4 - - [02/Oct/2022:22:20:28 -0500] "HEAD /BLA/boletinlegal/ HTTP/1.1" 200 -
201.245.192.253 - - [02/Oct/2022:22:22:51 -0500] "POST /kwsrmcab/Wsrmcab  HTTP/1.1" 200 43876
216.245.221.92 - - [02/Oct/2022:22:22:56 -0500] "HEAD / HTTP/1.1" 200 -
172.22.2.4 - - [02/Oct/2022:22:21:18 -0500] "GET /BLA/boletinlegal/ HTTP/1.1" 200 52877
5.45.207.152 - - [02/Oct/2022:22:23:32 -0500] "-" 408 -
172.22.2.4 - - [02/Oct/2022:22:24:44 -0500] "GET /BLA/boletinlegal/consulta_actos.php?tipo=resoluciones&no=2280&usuario=&sector=&fecha=2020&resuelve= HTTP/1.1" 200 1459
23.100.232.233 - - [02/Oct/2022:22:26:20 -0500] "GET /BLA/boletinlegal/js/jquery.scrollShow.js HTTP/1.1" 200 4586
23.100.232.233 - - [02/Oct/2022:22:26:20 -0500] "GET /galeria/galeria/jquery.fancybox.js?v=2.1.5 HTTP/1.1" 200 48706
23.100.232.233 - - [02/Oct/2022:22:26:25 -0500] "GET /galeria/galeria/jquery.fancybox.css?v=2.1.5 HTTP/1.1" 200 4895
173.252.87.13 - - [02/Oct/2022:22:26:40 -0500] "GET /images/jardines-verticales-plantas-24-mayo.jpg HTTP/1.1" 200 148288
201.245.192.253 - - [02/Oct/2022:22:27:50 -0500] "POST /kwsrmcab/Wsrmcab  HTTP/1.1" 200 43876
216.245.221.92 - - [02/Oct/2022:22:27:56 -0500] "HEAD / HTTP/1.1" 200 -
172.22.2.4 - - [02/Oct/2022:22:26:18 -0500] "HEAD /BLA/boletinlegal/ HTTP/1.1" 200 -
186.145.91.172 - - [02/Oct/2022:22:28:06 -0500] "GET /BLA/resoluciones/RESOLUCIONES%202022/4964.pdf HTTP/1.1" 200 382539
186.145.91.172 - - [02/Oct/2022:22:28:14 -0500] "GET /BLA/resoluciones/RESOLUCIONES%202022/4018.pdf HTTP/1.1" 200 346478
186.145.91.172 - - [02/Oct/2022:22:28:32 -0500] "GET /BLA/resoluciones/RESOLUCIONES%202022/3872.pdf HTTP/1.1" 200 390530
172.22.2.4 - - [02/Oct/2022:22:27:08 -0500] "GET /BLA/boletinlegal/ HTTP/1.1" 200 58163
172.22.2.4 - - [02/Oct/2022:22:29:32 -0500] "GET /BLA/boletinlegal/consulta_actos.php?tipo=resoluciones&no=1941&usuario=&sector=&fecha=2018&resuelve= HTTP/1.1" 200 1106
157.55.39.159 - - [02/Oct/2022:22:29:35 -0500] "GET /los-martires-recibe-la-feria-de-servicios-donde-podras-adelantar-todos-tus-tramites-ambientales.html HTTP/1.1" 200 889
186.145.91.172 - - [02/Oct/2022:22:30:10 -0500] "GET /BLA/resoluciones/RESOLUCIONES%202022/3649.pdf HTTP/1.1" 200 457830
186.145.91.172 - - [02/Oct/2022:22:30:38 -0500] "GET /BLA/resoluciones/RESOLUCIONES%202022/3602.pdf HTTP/1.1" 200 448521
186.145.91.172 - - [02/Oct/2022:22:30:49 -0500] "GET /BLA/resoluciones/RESOLUCIONES%202022/3601.pdf HTTP/1.1" 200 440423
186.145.91.172 - - [02/Oct/2022:22:30:49 -0500] "GET /BLA/resoluciones/RESOLUCIONES%202022/3601.pdf HTTP/1.1" 206 1
186.145.91.172 - - [02/Oct/2022:22:31:05 -0500] "GET /BLA/resoluciones/RESOLUCIONES%202022/3574.pdf HTTP/1.1" 200 839498
186.145.91.172 - - [02/Oct/2022:22:31:35 -0500] "GET /BLA/resoluciones/RESOLUCIONES%202022/3474.pdf HTTP/1.1" 200 360331
201.245.192.253 - - [02/Oct/2022:22:31:41 -0500] "POST /kwsrmcab/Wsrmcab HTTP/1.1" 200 44767
201.245.192.253 - - [02/Oct/2022:22:31:44 -0500] "POST /kwsrmcab/Wsrmcab HTTP/1.1" 200 45284
186.145.91.172 - - [02/Oct/2022:22:31:50 -0500] "GET /BLA/resoluciones/RESOLUCIONES%202022/3363.pdf HTTP/1.1" 200 397048
186.145.91.172 - - [02/Oct/2022:22:31:50 -0500] "GET /BLA/resoluciones/RESOLUCIONES%202022/3363.pdf HTTP/1.1" 200 397048
186.145.91.172 - - [02/Oct/2022:22:32:10 -0500] "GET /BLA/resoluciones/RESOLUCIONES%202022/3237.pdf HTTP/1.1" 200 479520
201.245.192.253 - - [02/Oct/2022:22:32:49 -0500] "POST /kwsrmcab/Wsrmcab  HTTP/1.1" 200 43876
216.245.221.92 - - [02/Oct/2022:22:32:56 -0500] "HEAD / HTTP/1.1" 200 -
87.250.224.81 - - [02/Oct/2022:22:33:41 -0500] "-" 408 -
172.22.2.4 - - [02/Oct/2022:22:32:08 -0500] "HEAD /BLA/boletinlegal/ HTTP/1.1" 200 -
157.55.39.202 - - [02/Oct/2022:22:33:53 -0500] "GET /BLA/resoluciones/RESOLUCIONES%202022/3001.pdf HTTP/1.1" 200 398962
186.145.91.172 - - [02/Oct/2022:22:33:56 -0500] "GET /BLA/resoluciones/RESOLUCIONES%202022/2891.pdf HTTP/1.1" 200 793567
186.145.91.172 - - [02/Oct/2022:22:34:16 -0500] "GET /BLA/resoluciones/RESOLUCIONES%202022/2630.pdf HTTP/1.1" 200 436479
186.145.91.172 - - [02/Oct/2022:22:34:18 -0500] "GET /BLA/resoluciones/RESOLUCIONES%202022/2630.pdf HTTP/1.1" 200 436479
172.22.2.4 - - [02/Oct/2022:22:34:34 -0500] "GET /BLA/boletinlegal/ab2g HTTP/1.1" 404 1018
172.22.2.4 - - [02/Oct/2022:22:32:58 -0500] "GET /BLA/boletinlegal/ HTTP/1.1" 200 59319
186.145.91.172 - - [02/Oct/2022:22:35:32 -0500] "GET /BLA/resoluciones/RESOLUCIONES%202022/2481.pdf HTTP/1.1" 200 379181
172.22.2.4 - - [02/Oct/2022:22:36:13 -0500] "GET /BLA/boletinlegal/consulta_actos.php?tipo=resoluciones&no=1999&usuario=&sector=&fecha=2019&resuelve= HTTP/1.1" 200 1063
186.145.91.172 - - [02/Oct/2022:22:36:49 -0500] "GET /BLA/resoluciones/RESOLUCIONES%202022/2435.pdf HTTP/1.1" 200 391191
185.119.81.101 - - [02/Oct/2022:22:36:54 -0500] "GET /portaldeninos/wp-login.php HTTP/1.1" 200 2592
185.119.81.101 - - [02/Oct/2022:22:36:55 -0500] "POST /portaldeninos/wp-login.php HTTP/1.1" 200 3605
186.145.91.172 - - [02/Oct/2022:22:37:07 -0500] "GET /BLA/resoluciones/RESOLUCIONES%202022/2364.pdf HTTP/1.1" 200 381789
186.145.91.172 - - [02/Oct/2022:22:37:16 -0500] "GET /BLA/resoluciones/RESOLUCIONES%202022/2316.pdf HTTP/1.1" 200 451649
207.46.13.84 - - [02/Oct/2022:22:37:36 -0500] "GET /BLA/resoluciones/RESOLUCIONES%202022/0426.pdf HTTP/1.1" 200 360507
201.245.192.253 - - [02/Oct/2022:22:37:48 -0500] "POST /kwsrmcab/Wsrmcab  HTTP/1.1" 200 43876
186.145.91.172 - - [02/Oct/2022:22:37:54 -0500] "GET /BLA/resoluciones/RESOLUCIONES%202022/1901.pdf HTTP/1.1" 200 1262284
216.245.221.92 - - [02/Oct/2022:22:37:56 -0500] "HEAD / HTTP/1.1" 200 -
186.145.91.172 - - [02/Oct/2022:22:38:04 -0500] "GET /BLA/resoluciones/RESOLUCIONES%202022/1738.pdf HTTP/1.1" 200 4404010
185.119.81.96 - - [02/Oct/2022:22:38:35 -0500] "GET /portaldeninos/wp-login.php HTTP/1.1" 200 2592
185.119.81.96 - - [02/Oct/2022:22:38:36 -0500] "POST /portaldeninos/wp-login.php HTTP/1.1" 200 3605
186.145.91.172 - - [02/Oct/2022:22:38:45 -0500] "GET /BLA/resoluciones/RESOLUCIONES%202022/1481.pdf HTTP/1.1" 200 368328
172.22.2.4 - - [02/Oct/2022:22:37:32 -0500] "GET /BLA/boletinlegal/ HTTP/1.1" 200 54356
172.22.2.4 - - [02/Oct/2022:22:39:14 -0500] "GET /BLA/boletinlegal/consulta_actos.php?tipo=resoluciones&no=3923&usuario=&sector=&fecha=2019&resuelve= HTTP/1.1" 200 1143
172.22.2.4 - - [02/Oct/2022:22:37:58 -0500] "HEAD /BLA/boletinlegal/ HTTP/1.1" 200 -
172.22.2.4 - - [02/Oct/2022:22:38:48 -0500] "GET /BLA/boletinlegal/ HTTP/1.1" 200 56014
172.22.2.4 - - [02/Oct/2022:22:41:25 -0500] "GET /BLA/boletinlegal/Circulares/2019/.pdf HTTP/1.1" 404 1218
186.145.91.172 - - [02/Oct/2022:22:41:35 -0500] "GET /BLA/resoluciones/RESOLUCIONES%202022/1470.pdf HTTP/1.1" 200 339941
201.245.192.253 - - [02/Oct/2022:22:41:42 -0500] "POST /kwsrmcab/Wsrmcab HTTP/1.1" 200 44767
201.245.192.253 - - [02/Oct/2022:22:41:44 -0500] "POST /kwsrmcab/Wsrmcab HTTP/1.1" 200 45284
199.16.157.180 - - [02/Oct/2022:22:41:49 -0500] "GET /images/feria-17-de-septiembre_optimized.jpg HTTP/1.1" 200 40532
186.145.91.172 - - [02/Oct/2022:22:41:53 -0500] "GET /BLA/resoluciones/RESOLUCIONES%202022/1414.pdf HTTP/1.1" 200 445636
201.245.192.253 - - [02/Oct/2022:22:42:47 -0500] "POST /kwsrmcab/Wsrmcab  HTTP/1.1" 200 43876
216.245.221.92 - - [02/Oct/2022:22:42:56 -0500] "HEAD / HTTP/1.1" 200 -
5.255.253.138 - - [02/Oct/2022:22:44:17 -0500] "-" 408 -
207.46.13.89 - - [02/Oct/2022:22:44:48 -0500] "GET /BLA/resoluciones/00000886.tif HTTP/1.1" 404 1018
172.22.2.4 - - [02/Oct/2022:22:43:48 -0500] "HEAD /BLA/boletinlegal/ HTTP/1.1" 200 -
207.46.13.190 - - [02/Oct/2022:22:45:36 -0500] "GET /BLA/resoluciones/index.php?dir=RESOLUCIONES+2020%2F HTTP/1.1" 200 165994
172.22.2.4 - - [02/Oct/2022:22:45:47 -0500] "GET /BLA/boletinlegal/consulta_actos.php?tipo=resoluciones&no=0007&usuario=&sector=&fecha=2020&resuelve= HTTP/1.1" 200 1570
172.22.2.4 - - [02/Oct/2022:22:45:47 -0500] "GET /BLA/boletinlegal/images/background.gif HTTP/1.1" 200 -
172.22.2.4 - - [02/Oct/2022:22:44:38 -0500] "GET /BLA/boletinlegal/ HTTP/1.1" 200 54003
201.245.192.253 - - [02/Oct/2022:22:47:46 -0500] "POST /kwsrmcab/Wsrmcab  HTTP/1.1" 200 43876
216.245.221.92 - - [02/Oct/2022:22:47:56 -0500] "HEAD / HTTP/1.1" 200 -
187.110.208.43 - - [02/Oct/2022:22:48:07 -0500] "GET / HTTP/1.1" 200 319
172.22.2.4 - - [02/Oct/2022:22:48:44 -0500] "GET /BLA/boletinlegal/consulta_actos.php?tipo=resoluciones&no=2049&usuario=&sector=&fecha=2019&resuelve= HTTP/1.1" 200 1078
185.119.81.102 - - [02/Oct/2022:22:49:23 -0500] "GET /portaldeninos/wp-login.php HTTP/1.1" 200 2592
185.119.81.102 - - [02/Oct/2022:22:49:24 -0500] "POST /portaldeninos/wp-login.php HTTP/1.1" 200 3605
185.119.81.109 - - [02/Oct/2022:22:49:44 -0500] "GET /portaldeninos/wp-login.php HTTP/1.1" 200 2592
185.119.81.109 - - [02/Oct/2022:22:49:45 -0500] "POST /portaldeninos/wp-login.php HTTP/1.1" 200 3605
207.46.13.84 - - [02/Oct/2022:22:51:07 -0500] "GET /BLA/resoluciones/AUTOS%202013/0587.pdf HTTP/1.1" 200 787676
172.22.2.4 - - [02/Oct/2022:22:49:38 -0500] "HEAD /BLA/boletinlegal/ HTTP/1.1" 200 -
172.22.2.4 - - [02/Oct/2022:22:50:28 -0500] "GET /BLA/boletinlegal/ HTTP/1.1" 200 60281
201.245.192.253 - - [02/Oct/2022:22:52:44 -0500] "POST /kwsrmcab/Wsrmcab  HTTP/1.1" 200 43876
216.245.221.92 - - [02/Oct/2022:22:52:55 -0500] "HEAD / HTTP/1.1" 200 -
34.147.116.175 - - [02/Oct/2022:22:53:43 -0500] "GET / HTTP/1.1" 200 319
34.147.116.175 - - [02/Oct/2022:22:53:43 -0500] "GET / HTTP/1.1" 200 4720
5.45.207.136 - - [02/Oct/2022:22:54:17 -0500] "-" 408 -
190.25.104.177 - - [02/Oct/2022:22:55:42 -0500] "GET /no-lo-dejes-para-ultimo-momento-se-agota-plazo-para-inscripcion-como-generador-de-residuos-hospitalarios-y-similares-en-bogota.html HTTP/1.1" 200 1053
207.46.13.40 - - [02/Oct/2022:22:55:42 -0500] "GET /BLA/resoluciones/0993.tif HTTP/1.1" 404 1018
172.22.2.4 - - [02/Oct/2022:22:55:28 -0500] "HEAD /BLA/boletinlegal/ HTTP/1.1" 200 -
201.245.192.253 - - [02/Oct/2022:22:57:44 -0500] "POST /kwsrmcab/Wsrmcab  HTTP/1.1" 200 43876
216.245.221.92 - - [02/Oct/2022:22:57:56 -0500] "HEAD / HTTP/1.1" 200 -
172.22.2.4 - - [02/Oct/2022:22:56:18 -0500] "GET /BLA/boletinlegal/ HTTP/1.1" 200 60281
172.22.2.4 - - [02/Oct/2022:22:59:28 -0500] "GET /BLA/boletinlegal/consulta_actos.php?tipo=resoluciones&no=0261&usuario=&sector=&fecha=2018&resuelve= HTTP/1.1" 200 1065
201.245.192.253 - - [02/Oct/2022:23:02:43 -0500] "POST /kwsrmcab/Wsrmcab  HTTP/1.1" 200 43876
216.245.221.92 - - [02/Oct/2022:23:02:55 -0500] "HEAD / HTTP/1.1" 200 -
172.22.2.4 - - [02/Oct/2022:23:01:18 -0500] "HEAD /BLA/boletinlegal/ HTTP/1.1" 200 -
172.22.2.4 - - [02/Oct/2022:23:02:08 -0500] "GET /BLA/boletinlegal/ HTTP/1.1" 200 56376
87.250.224.91 - - [02/Oct/2022:23:04:17 -0500] "-" 408 -
207.46.13.40 - - [02/Oct/2022:23:05:44 -0500] "GET /BLA/resoluciones/2002RES128.tif HTTP/1.1" 404 1018
172.22.2.4 - - [02/Oct/2022:23:06:05 -0500] "GET /BLA/boletinlegal/consulta_actos.php?tipo=resoluciones&no=2110&usuario=&sector=&fecha=2019&resuelve= HTTP/1.1" 200 1346
201.245.192.253 - - [02/Oct/2022:23:07:42 -0500] "POST /kwsrmcab/Wsrmcab  HTTP/1.1" 200 43876
216.245.221.92 - - [02/Oct/2022:23:07:55 -0500] "HEAD / HTTP/1.1" 200 -
172.22.2.4 - - [02/Oct/2022:23:07:08 -0500] "HEAD /BLA/boletinlegal/ HTTP/1.1" 200 -
172.22.2.4 - - [02/Oct/2022:23:07:58 -0500] "GET /BLA/boletinlegal/ HTTP/1.1" 200 57725
54.39.50.78 - - [02/Oct/2022:23:10:45 -0500] "GET /auambari-deleito-con-sus-sonidos-ambientales-a-los-asistentes-de-fima-2021.html HTTP/1.1" 200 888
172.22.2.4 - - [02/Oct/2022:23:11:48 -0500] "GET /BLA/boletinlegal/consulta_actos.php?tipo=resoluciones&no=4273&usuario=&sector=&fecha=2021&resuelve= HTTP/1.1" 200 1160
201.245.192.253 - - [02/Oct/2022:23:12:41 -0500] "POST /kwsrmcab/Wsrmcab  HTTP/1.1" 200 43876
216.245.221.92 - - [02/Oct/2022:23:12:55 -0500] "HEAD / HTTP/1.1" 200 -
185.119.81.109 - - [02/Oct/2022:23:13:11 -0500] "GET /portaldeninos/wp-login.php HTTP/1.1" 200 2592
185.119.81.109 - - [02/Oct/2022:23:13:12 -0500] "POST /portaldeninos/wp-login.php HTTP/1.1" 200 3605
87.250.224.167 - - [02/Oct/2022:23:14:17 -0500] "-" 408 -
172.22.2.4 - - [02/Oct/2022:23:12:58 -0500] "HEAD /BLA/boletinlegal/ HTTP/1.1" 200 -
172.22.2.4 - - [02/Oct/2022:23:13:48 -0500] "GET /BLA/boletinlegal/ HTTP/1.1" 200 58163
40.77.190.66 - - [02/Oct/2022:23:15:40 -0500] "GET /galeria/nivo-slider/demo/scripts/jquery-1.7.1.min.js HTTP/1.1" 200 93868
207.46.13.40 - - [02/Oct/2022:23:16:24 -0500] "GET /BLA/resoluciones/RESOLUCIONES%202005/00001063.tif HTTP/1.1" 200 256004
207.46.13.211 - - [02/Oct/2022:23:16:37 -0500] "GET /portaldeninos/wp-content/uploads/2020/11/Tibanica-B-1024x576.jpg HTTP/1.1" 200 144749
66.249.64.17 - - [02/Oct/2022:23:17:28 -0500] "-" 408 -
207.46.13.190 - - [02/Oct/2022:23:17:29 -0500] "GET /BLA/resoluciones/RESOLUCIONES%202021/2812.pdf HTTP/1.1" 304 -
201.245.192.253 - - [02/Oct/2022:23:17:40 -0500] "POST /kwsrmcab/Wsrmcab  HTTP/1.1" 200 43876
216.245.221.92 - - [02/Oct/2022:23:17:55 -0500] "HEAD / HTTP/1.1" 200 -
207.46.13.89 - - [02/Oct/2022:23:18:31 -0500] "GET /BLA/resoluciones/AUTOS%202013/3345.pdf HTTP/1.1" 200 472372
172.22.2.4 - - [02/Oct/2022:23:18:48 -0500] "GET /BLA/boletinlegal/consulta_actos.php?tipo=resoluciones&no=2778&usuario=&sector=&fecha=2018&resuelve= HTTP/1.1" 200 626
79.110.62.188 - - [02/Oct/2022:23:19:18 -0500] "GET / HTTP/1.1" 200 319
79.110.62.188 - - [02/Oct/2022:23:19:18 -0500] "POST /HNAP1/ HTTP/1.1" 404 1018
172.22.2.4 - - [02/Oct/2022:23:19:24 -0500] "GET /BLA/boletinlegal/consulta_actos.php?tipo=resoluciones&no=3778&usuario=&sector=&fecha=2018&resuelve= HTTP/1.1" 200 1364
172.22.2.4 - - [02/Oct/2022:23:18:48 -0500] "HEAD /BLA/boletinlegal/ HTTP/1.1" 200 -
207.46.13.40 - - [02/Oct/2022:23:21:09 -0500] "GET /BLA/resoluciones/AUTOS%202022/3447.pdf HTTP/1.1" 200 451617
172.22.2.4 - - [02/Oct/2022:23:19:38 -0500] "GET /BLA/boletinlegal/ HTTP/1.1" 200 56014
201.245.192.253 - - [02/Oct/2022:23:21:41 -0500] "POST /kwsrmcab/Wsrmcab HTTP/1.1" 200 44610
201.245.192.253 - - [02/Oct/2022:23:21:44 -0500] "POST /kwsrmcab/Wsrmcab HTTP/1.1" 200 45290
173.252.127.6 - - [02/Oct/2022:23:21:52 -0500] "GET /images/ecosistema-dia-internacional-tierra-21-abril.jpg HTTP/1.1" 200 30098
201.245.192.253 - - [02/Oct/2022:23:22:39 -0500] "POST /kwsrmcab/Wsrmcab  HTTP/1.1" 200 43876
216.245.221.92 - - [02/Oct/2022:23:22:55 -0500] "HEAD / HTTP/1.1" 200 -
172.22.2.4 - - [02/Oct/2022:23:23:52 -0500] "GET /BLA/boletinlegal/consulta_actos.php?tipo=resoluciones&no=2054&usuario=&sector=&fecha=2020&resuelve= HTTP/1.1" 200 1298
95.108.213.62 - - [02/Oct/2022:23:24:56 -0500] "-" 408 -
185.119.81.109 - - [02/Oct/2022:23:25:13 -0500] "GET /portaldeninos/wp-login.php HTTP/1.1" 200 2592
185.119.81.109 - - [02/Oct/2022:23:25:14 -0500] "POST /portaldeninos/wp-login.php HTTP/1.1" 200 3670
172.22.2.4 - - [02/Oct/2022:23:24:38 -0500] "HEAD /BLA/boletinlegal/ HTTP/1.1" 200 -
172.22.2.4 - - [02/Oct/2022:23:26:47 -0500] "GET /BLA/boletinlegal/consulta_actos.php?tipo=resoluciones&no=1987&usuario=&sector=&fecha=2019&resuelve= HTTP/1.1" 200 1147
172.22.2.4 - - [02/Oct/2022:23:25:28 -0500] "GET /BLA/boletinlegal/ HTTP/1.1" 200 58163
201.245.192.253 - - [02/Oct/2022:23:27:37 -0500] "POST /kwsrmcab/Wsrmcab  HTTP/1.1" 200 43876
216.245.221.92 - - [02/Oct/2022:23:27:55 -0500] "HEAD / HTTP/1.1" 200 -
172.22.2.4 - - [02/Oct/2022:23:30:10 -0500] "GET /BLA/boletinlegal/consulta_actos.php?tipo=resoluciones&no=0948&usuario=&sector=&fecha=2017&resuelve= HTTP/1.1" 200 1104
185.196.220.81 - - [02/Oct/2022:23:31:07 -0500] "POST /boaform/admin/formLogin HTTP/1.1" 404 1186
201.245.192.253 - - [02/Oct/2022:23:31:41 -0500] "POST /kwsrmcab/Wsrmcab HTTP/1.1" 200 44610
201.245.192.253 - - [02/Oct/2022:23:31:45 -0500] "POST /kwsrmcab/Wsrmcab HTTP/1.1" 200 45290
172.22.2.4 - - [02/Oct/2022:23:30:28 -0500] "HEAD /BLA/boletinlegal/ HTTP/1.1" 200 -
201.245.192.253 - - [02/Oct/2022:23:32:36 -0500] "POST /kwsrmcab/Wsrmcab  HTTP/1.1" 200 43876
216.245.221.92 - - [02/Oct/2022:23:32:55 -0500] "HEAD / HTTP/1.1" 200 -
172.22.2.4 - - [02/Oct/2022:23:31:18 -0500] "GET /BLA/boletinlegal/ HTTP/1.1" 200 52877
207.46.13.190 - - [02/Oct/2022:23:33:49 -0500] "GET /BLA/resoluciones/AUTOS%202022/1568.pdf HTTP/1.1" 200 612311
207.46.13.211 - - [02/Oct/2022:23:34:19 -0500] "GET /portaldeninos/humedal-el-tunjo/ HTTP/1.1" 200 87661
157.55.39.154 - - [02/Oct/2022:23:34:33 -0500] "GET /portaldeninos/wp-content/plugins/gallery-videos/CSS/Total-Soft-Gallery-Video-Widget.css?ver=4.9.8 HTTP/1.1" 200 51554
157.55.39.154 - - [02/Oct/2022:23:34:33 -0500] "GET /portaldeninos/wp-content/plugins/gallery-videos/JS/modernizr.custom.js?ver=4.9.8 HTTP/1.1" 200 9019
157.55.39.154 - - [02/Oct/2022:23:34:33 -0500] "GET /portaldeninos/wp-content/themes/betheme/assets/jplayer/css/jplayer.blue.monday.css?ver=20.9.6 HTTP/1.1" 200 9834
157.55.39.154 - - [02/Oct/2022:23:34:34 -0500] "GET /portaldeninos/wp-content/themes/betheme/css/base.css?ver=20.9.6 HTTP/1.1" 200 57283
157.55.39.154 - - [02/Oct/2022:23:34:34 -0500] "GET /portaldeninos/wp-content/themes/betheme/css/responsive.css?ver=20.9.6 HTTP/1.1" 200 55740
157.55.39.154 - - [02/Oct/2022:23:34:34 -0500] "GET /portaldeninos/wp-includes/js/jquery/jquery-migrate.min.js?ver=1.4.1 HTTP/1.1" 200 10056
207.46.13.181 - - [02/Oct/2022:23:34:38 -0500] "GET /portaldeninos/wp-content/themes/betheme/assets/jplayer/jplayer.min.js?ver=20.9.6 HTTP/1.1" 200 52702
207.46.13.181 - - [02/Oct/2022:23:34:39 -0500] "GET /portaldeninos/wp-content/themes/betheme/js/plugins.js?ver=20.9.6 HTTP/1.1" 200 197151
207.46.13.181 - - [02/Oct/2022:23:34:39 -0500] "GET /portaldeninos/wp-includes/js/jquery/ui/sortable.min.js?ver=1.11.4 HTTP/1.1" 200 24899
207.46.13.181 - - [02/Oct/2022:23:34:40 -0500] "GET /portaldeninos/wp-includes/js/wp-emoji-release.min.js?ver=4.9.8 HTTP/1.1" 200 12026
207.46.13.177 - - [02/Oct/2022:23:34:43 -0500] "GET /portaldeninos/wp-content/themes/betheme/assets/animations/animations.min.js?ver=20.9.6 HTTP/1.1" 200 1896
157.55.39.159 - - [02/Oct/2022:23:34:43 -0500] "GET /portaldeninos/wp-content/themes/betheme/assets/animations/animations.min.css?ver=20.9.6 HTTP/1.1" 200 58508
157.55.39.159 - - [02/Oct/2022:23:34:43 -0500] "GET /portaldeninos/wp-includes/js/jquery/ui/accordion.min.js?ver=1.11.4 HTTP/1.1" 200 8584
157.55.39.159 - - [02/Oct/2022:23:34:44 -0500] "GET /portaldeninos/wp-includes/js/wp-embed.min.js?ver=4.9.8 HTTP/1.1" 200 1398
207.46.13.213 - - [02/Oct/2022:23:34:49 -0500] "GET /portaldeninos/wp-content/themes/betheme/js/menu.js?ver=20.9.6 HTTP/1.1" 200 2449
207.46.13.213 - - [02/Oct/2022:23:34:49 -0500] "GET /portaldeninos/wp-includes/js/jquery/ui/mouse.min.js?ver=1.11.4 HTTP/1.1" 200 3148
207.46.13.213 - - [02/Oct/2022:23:34:49 -0500] "GET /portaldeninos/wp-includes/js/jquery/ui/tabs.min.js?ver=1.11.4 HTTP/1.1" 200 12110
207.46.13.213 - - [02/Oct/2022:23:34:49 -0500] "GET /portaldeninos/wp-includes/js/jquery/ui/widget.min.js?ver=1.11.4 HTTP/1.1" 200 6908
207.46.13.177 - - [02/Oct/2022:23:34:53 -0500] "GET /portaldeninos/wp-content/themes/betheme/css/shortcodes.css?ver=20.9.6 HTTP/1.1" 200 138889
207.46.13.177 - - [02/Oct/2022:23:34:54 -0500] "GET /portaldeninos/wp-content/themes/betheme/style.css?ver=20.9.6 HTTP/1.1" 200 287
207.46.13.177 - - [02/Oct/2022:23:34:54 -0500] "GET /portaldeninos/wp-includes/js/jquery/ui/core.min.js?ver=1.11.4 HTTP/1.1" 200 4000
87.250.224.80 - - [02/Oct/2022:23:34:56 -0500] "-" 408 -
207.46.13.211 - - [02/Oct/2022:23:34:59 -0500] "GET /portaldeninos/wp-content/plugins/gallery-videos/CSS/totalsoft.css?ver=4.9.8 HTTP/1.1" 200 40622
207.46.13.211 - - [02/Oct/2022:23:34:59 -0500] "GET /portaldeninos/wp-content/themes/betheme/assets/ui/jquery.ui.all.css?ver=20.9.6 HTTP/1.1" 200 18765
207.46.13.211 - - [02/Oct/2022:23:34:59 -0500] "GET /portaldeninos/wp-content/themes/betheme/css/layout.css?ver=20.9.6 HTTP/1.1" 200 116639
207.46.13.211 - - [02/Oct/2022:23:35:00 -0500] "GET /portaldeninos/wp-content/themes/betheme/js/scripts.js?ver=20.9.6 HTTP/1.1" 200 77162
207.46.13.211 - - [02/Oct/2022:23:35:00 -0500] "GET /portaldeninos/wp-content/uploads/useanyfont/uaf.css?ver=1589905315 HTTP/1.1" 200 408
207.46.13.211 - - [02/Oct/2022:23:35:01 -0500] "GET /portaldeninos/wp-includes/js/jquery/jquery.js?ver=1.12.4 HTTP/1.1" 200 97184
172.22.2.4 - - [02/Oct/2022:23:35:48 -0500] "GET /BLA/boletinlegal/jurisprudencia/analisis/CUADRO%20ANALISIS%20SENTENCIA%20T-411%20DE%201992.doc HTTP/1.1" 200 41984
173.252.107.8 - - [02/Oct/2022:23:35:57 -0500] "GET /ciudad-bolivar-y-puente-aranda-se-alistan-para-una-nueva-llantaton.html HTTP/1.1" 206 991
69.171.231.4 - - [02/Oct/2022:23:35:58 -0500] "GET /images/llantaton-jornada.jpg HTTP/1.1" 200 356045
207.46.13.84 - - [02/Oct/2022:23:36:16 -0500] "GET /BLA/resoluciones/RESOLUCIONES%202022/0595.pdf HTTP/1.1" 200 396837
172.22.2.4 - - [02/Oct/2022:23:34:41 -0500] "GET /BLA/boletinlegal/ HTTP/1.1" 200 62772
201.245.192.253 - - [02/Oct/2022:23:37:35 -0500] "POST /kwsrmcab/Wsrmcab  HTTP/1.1" 200 43876
216.245.221.92 - - [02/Oct/2022:23:37:55 -0500] "HEAD / HTTP/1.1" 200 -
172.22.2.4 - - [02/Oct/2022:23:36:18 -0500] "HEAD /BLA/boletinlegal/ HTTP/1.1" 200 -
172.22.2.4 - - [02/Oct/2022:23:38:35 -0500] "GET /BLA/boletinlegal/Circulares/2019/.pdf HTTP/1.1" 404 1218
172.22.2.4 - - [02/Oct/2022:23:38:46 -0500] "GET /BLA/boletinlegal/Circulares/2012/Circular%20No.%2010%20del%2026%20de%20Enero%20de%202012.pdf HTTP/1.1" 404 1218
172.22.2.4 - - [02/Oct/2022:23:37:08 -0500] "GET /BLA/boletinlegal/ HTTP/1.1" 200 59828
66.249.64.13 - - [02/Oct/2022:23:38:54 -0500] "-" 408 -
104.199.70.88 - - [02/Oct/2022:23:39:59 -0500] "GET /portaldeninos/ HTTP/1.1" 200 110197
104.199.70.88 - - [02/Oct/2022:23:40:07 -0500] "GET /portaldeninos/humedal-santa-maria-del-lago/ HTTP/1.1" 200 88988
104.199.70.88 - - [02/Oct/2022:23:40:16 -0500] "GET /portaldeninos/humedal-jaboque-2/ HTTP/1.1" 200 87846
104.199.70.88 - - [02/Oct/2022:23:40:24 -0500] "GET /portaldeninos/aulas-ambientales/ HTTP/1.1" 200 88416
104.199.70.88 - - [02/Oct/2022:23:40:33 -0500] "GET /portaldeninos/parque-ecologico-distrital-humedal-santa-maria-del-lago/ HTTP/1.1" 200 90199
104.199.70.88 - - [02/Oct/2022:23:40:41 -0500] "GET /portaldeninos/parque-mirador-de-los-nevados/ HTTP/1.1" 200 89855
104.199.70.88 - - [02/Oct/2022:23:40:50 -0500] "GET /portaldeninos/relatos-urbanos-de-los-ecosistemas-bogotanos-2/ HTTP/1.1" 200 88374
104.199.70.88 - - [02/Oct/2022:23:40:59 -0500] "GET /portaldeninos/publicidad/ HTTP/1.1" 200 87569
104.199.70.88 - - [02/Oct/2022:23:41:07 -0500] "GET /portaldeninos/glosario/ HTTP/1.1" 200 97198
104.199.70.88 - - [02/Oct/2022:23:41:15 -0500] "GET /portaldeninos/aulas-ambientales-2/parque-ecologico-distrital-de-montana-entrenubes/ HTTP/1.1" 200 90406
104.199.70.88 - - [02/Oct/2022:23:41:23 -0500] "GET /portaldeninos/aulas-ambientales/aula-ambiental-sorotama/ HTTP/1.1" 200 89596
104.199.70.88 - - [02/Oct/2022:23:41:31 -0500] "GET /portaldeninos/humedales-ramsar/ HTTP/1.1" 200 89255
104.199.70.88 - - [02/Oct/2022:23:41:39 -0500] "GET /portaldeninos/contactanos/ HTTP/1.1" 200 88135
201.245.192.253 - - [02/Oct/2022:23:41:42 -0500] "POST /kwsrmcab/Wsrmcab HTTP/1.1" 200 44610
201.245.192.253 - - [02/Oct/2022:23:41:45 -0500] "POST /kwsrmcab/Wsrmcab HTTP/1.1" 200 45290
104.199.70.88 - - [02/Oct/2022:23:42:08 -0500] "GET /portaldeninos/aula-ambiental-artistica-itinerante-auambari/ HTTP/1.1" 200 89306
104.199.70.88 - - [02/Oct/2022:23:42:16 -0500] "GET /portaldeninos/los-arboles/ HTTP/1.1" 200 87546
172.22.2.4 - - [02/Oct/2022:23:42:18 -0500] "GET /BLA/boletinlegal/consulta_actos.php?tipo=resoluciones&no=2494&usuario=&sector=&fecha=2020&resuelve= HTTP/1.1" 200 1294
104.199.70.88 - - [02/Oct/2022:23:42:24 -0500] "GET /portaldeninos/los-arboles/tips/ HTTP/1.1" 200 87677
201.245.192.253 - - [02/Oct/2022:23:42:34 -0500] "POST /kwsrmcab/Wsrmcab  HTTP/1.1" 200 43876
104.199.70.88 - - [02/Oct/2022:23:42:39 -0500] "GET /portaldeninos/corresponsal-ambiental/ HTTP/1.1" 200 93768
104.199.70.88 - - [02/Oct/2022:23:42:47 -0500] "GET /portaldeninos/humedal-tibanica-2/ HTTP/1.1" 200 87771
216.245.221.92 - - [02/Oct/2022:23:42:55 -0500] "HEAD / HTTP/1.1" 200 -
172.22.2.4 - - [02/Oct/2022:23:41:50 -0500] "GET /BLA/boletinlegal/ HTTP/1.1" 200 46728
172.22.2.4 - - [02/Oct/2022:23:42:07 -0500] "HEAD /BLA/boletinlegal/ HTTP/1.1" 200 -
190.25.30.73 - - [02/Oct/2022:23:43:58 -0500] "GET /BLA/resoluciones/index.php?dir=AUTOS+2017%2F HTTP/1.1" 200 457716
190.25.30.73 - - [02/Oct/2022:23:44:00 -0500] "GET /favicon.ico HTTP/1.1" 200 7782
190.25.30.73 - - [02/Oct/2022:23:44:10 -0500] "GET /BLA/resoluciones/index.php?dir=AUTOS+2014%2F HTTP/1.1" 200 881398
172.22.2.4 - - [02/Oct/2022:23:42:58 -0500] "GET /BLA/boletinlegal/ HTTP/1.1" 200 53290
5.255.253.106 - - [02/Oct/2022:23:45:25 -0500] "-" 408 -
5.255.253.174 - - [02/Oct/2022:23:45:30 -0500] "-" 408 -
207.46.13.89 - - [02/Oct/2022:23:45:33 -0500] "GET /BLA/resoluciones/AUTOS%202011/0730.pdf HTTP/1.1" 200 132015
5.45.207.133 - - [02/Oct/2022:23:45:38 -0500] "-" 408 -
87.250.224.175 - - [02/Oct/2022:23:45:44 -0500] "-" 408 -
87.250.224.4 - - [02/Oct/2022:23:45:59 -0500] "-" 408 -
213.180.203.85 - - [02/Oct/2022:23:46:14 -0500] "-" 408 -
207.46.13.89 - - [02/Oct/2022:23:46:43 -0500] "GET /BLA/resoluciones/RESOLUCIONES%202006/0881.tif HTTP/1.1" 200 32764
87.250.224.37 - - [02/Oct/2022:23:46:44 -0500] "-" 408 -
207.46.13.84 - - [02/Oct/2022:23:47:17 -0500] "GET /BLA/resoluciones/RESOLUCIONES%202022/0538.pdf HTTP/1.1" 200 350887
172.22.2.4 - - [02/Oct/2022:23:47:34 -0500] "GET /BLA/boletinlegal/consulta_actos.php?tipo=resoluciones&no=3314&usuario=&sector=&fecha=2017&resuelve= HTTP/1.1" 200 1124
201.245.192.253 - - [02/Oct/2022:23:47:33 -0500] "POST /kwsrmcab/Wsrmcab  HTTP/1.1" 200 43876
5.255.253.166 - - [02/Oct/2022:23:47:44 -0500] "-" 408 -
216.245.221.92 - - [02/Oct/2022:23:47:55 -0500] "HEAD / HTTP/1.1" 200 -
185.222.57.202 - - [02/Oct/2022:23:48:03 -0500] "GET /.git/HEAD HTTP/1.1" 404 1049
139.162.215.70 - - [02/Oct/2022:23:48:40 -0500] "GET /portaldeninos/ HTTP/1.1" 200 110197
46.19.141.122 - - [02/Oct/2022:23:49:21 -0500] "POST /boaform/admin/formLogin HTTP/1.1" 404 1186
172.22.2.4 - - [02/Oct/2022:23:47:58 -0500] "HEAD /BLA/boletinlegal/ HTTP/1.1" 200 -
172.22.2.4 - - [02/Oct/2022:23:49:44 -0500] "GET /BLA/boletinlegal/Circulares/2020/CIRCULAR%20No.%2000014%20del%2001%20de%20septiembre%20del%202020.pdf HTTP/1.1" 304 -
157.55.39.25 - - [02/Oct/2022:23:50:26 -0500] "GET /bla/resoluciones/resoluciones%202020/1279.pdf HTTP/1.1" 200 371270
172.22.2.4 - - [02/Oct/2022:23:48:48 -0500] "GET /BLA/boletinlegal/ HTTP/1.1" 200 57375
40.77.202.117 - - [02/Oct/2022:23:50:38 -0500] "GET /portaldeninos/wp-content/themes/betheme/fonts/mfn-icons.woff?93978679 HTTP/1.1" 200 80932
136.243.228.197 - - [02/Oct/2022:23:50:50 -0500] "-" 408 -
87.250.224.144 - - [02/Oct/2022:23:51:20 -0500] "-" 408 -
172.22.2.4 - - [02/Oct/2022:23:52:30 -0500] "GET /BLA/boletinlegal/consulta_actos.php?tipo=resoluciones&no=2223&usuario=&sector=&fecha=2018&resuelve= HTTP/1.1" 200 1337
201.245.192.253 - - [02/Oct/2022:23:52:32 -0500] "POST /kwsrmcab/Wsrmcab  HTTP/1.1" 200 43876
216.245.221.92 - - [02/Oct/2022:23:52:55 -0500] "HEAD / HTTP/1.1" 200 -
87.250.224.114 - - [02/Oct/2022:23:54:21 -0500] "-" 408 -
207.46.13.190 - - [02/Oct/2022:23:55:11 -0500] "GET /ISOlucionSDA/bancoconocimiento/M/MANUALDELSISTEMAINTEGRADODEGESTION_v11/MANUALDELSISTEMAINTEGRADODEGESTION_v11.asp?IdArticulo=9127 HTTP/1.1" 404 5056
172.22.2.4 - - [02/Oct/2022:23:53:47 -0500] "HEAD /BLA/boletinlegal/ HTTP/1.1" 200 -
172.22.2.4 - - [02/Oct/2022:23:54:38 -0500] "GET /BLA/boletinlegal/ HTTP/1.1" 200 58163
201.245.192.253 - - [02/Oct/2022:23:57:31 -0500] "POST /kwsrmcab/Wsrmcab  HTTP/1.1" 200 43876
216.245.221.92 - - [02/Oct/2022:23:57:55 -0500] "HEAD / HTTP/1.1" 200 -
172.22.2.4 - - [02/Oct/2022:23:58:29 -0500] "GET /BLA/boletinlegal/actos.php HTTP/1.1" 200 9559
87.250.224.117 - - [02/Oct/2022:23:59:29 -0500] "-" 408 -

:: Command execute ::

Enter:
 
Select:
 

:: Search ::
regexp 

:: Upload ::
 
[ ok ]

:: Make Dir ::
 
[ ok ]
:: Make File ::
 
[ ok ]

:: Go Dir ::
 
:: Go File ::
 

--[ c99shell v. 1.0 pre-release build #13 powered by Captain Crunch Security Team | http://ccteam.ru | Generation time: 0.1872 ]--