190.68.54.163 - - [02/Oct/2022:17:55:44 -0500] "POST /sipse/faces/presentacion/financiero/solicitudProceso/consultarSolicitudProceso.xhtml HTTP/1.1" 200 21132
190.68.54.163 - - [02/Oct/2022:17:55:44 -0500] "GET /sipse/faces/javax.faces.resource/theme.css?ln=primefaces-sipse HTTP/1.1" 304 -
190.68.54.163 - - [02/Oct/2022:17:55:44 -0500] "GET /sipse/faces/javax.faces.resource/primefaces.css?ln=primefaces&v=4.0 HTTP/1.1" 304 -
190.68.54.163 - - [02/Oct/2022:17:55:44 -0500] "GET /sipse/faces/javax.faces.resource/layout/layout.css?ln=primefaces&v=4.0 HTTP/1.1" 304 -
190.68.54.163 - - [02/Oct/2022:17:55:44 -0500] "GET /sipse/faces/javax.faces.resource/fileupload/fileupload.css?ln=primefaces&v=4.0 HTTP/1.1" 304 -
190.68.54.163 - - [02/Oct/2022:17:55:44 -0500] "GET /sipse/faces/javax.faces.resource/jquery/jquery.js?ln=primefaces&v=4.0 HTTP/1.1" 304 -
190.68.54.163 - - [02/Oct/2022:17:55:44 -0500] "GET /sipse/faces/javax.faces.resource/jquery/jquery-plugins.js?ln=primefaces&v=4.0 HTTP/1.1" 304 -
190.68.54.163 - - [02/Oct/2022:17:55:44 -0500] "GET /sipse/faces/javax.faces.resource/primefaces.js?ln=primefaces&v=4.0 HTTP/1.1" 304 -
190.68.54.163 - - [02/Oct/2022:17:55:44 -0500] "GET /sipse/faces/javax.faces.resource/layout/layout.js?ln=primefaces&v=4.0 HTTP/1.1" 304 -
190.68.54.163 - - [02/Oct/2022:17:55:44 -0500] "GET /sipse/faces/javax.faces.resource/fileupload/fileupload.js?ln=primefaces&v=4.0 HTTP/1.1" 304 -
190.68.54.163 - - [02/Oct/2022:17:56:40 -0500] "GET /sipse/faces/javax.faces.resource/theme.css?ln=primefaces-sipse HTTP/1.1" 304 -
190.68.54.163 - - [02/Oct/2022:17:56:40 -0500] "GET /sipse/faces/javax.faces.resource/primefaces.css?ln=primefaces&v=4.0 HTTP/1.1" 304 -
190.68.54.163 - - [02/Oct/2022:17:56:40 -0500] "GET /sipse/faces/javax.faces.resource/layout/layout.css?ln=primefaces&v=4.0 HTTP/1.1" 304 -
190.68.54.163 - - [02/Oct/2022:17:56:40 -0500] "GET /sipse/faces/javax.faces.resource/jquery/jquery.js?ln=primefaces&v=4.0 HTTP/1.1" 304 -
190.68.54.163 - - [02/Oct/2022:17:56:40 -0500] "GET /sipse/faces/javax.faces.resource/jquery/jquery-plugins.js?ln=primefaces&v=4.0 HTTP/1.1" 304 -
190.68.54.163 - - [02/Oct/2022:17:56:40 -0500] "GET /sipse/faces/javax.faces.resource/primefaces.js?ln=primefaces&v=4.0 HTTP/1.1" 304 -
190.68.54.163 - - [02/Oct/2022:17:56:40 -0500] "GET /sipse/faces/javax.faces.resource/layout/layout.js?ln=primefaces&v=4.0 HTTP/1.1" 304 -
190.68.54.163 - - [02/Oct/2022:17:56:38 -0500] "POST /sipse/faces/presentacion/sistema/anexos/cargarAnexoSolicitudProceso.xhtml HTTP/1.1" 200 167614
190.68.54.163 - - [02/Oct/2022:17:56:41 -0500] "GET /sipse/faces/javax.faces.resource/dynamiccontent.properties?ln=primefaces&pfdrid=XjOR5%2F%2FfPAZAuY9TpWQeCiM0BhlXxYRBGKi%2FQcXXfeA%3D&pfdrid_c=false HTTP/1.1" 500 383
190.68.54.163 - - [02/Oct/2022:17:57:13 -0500] "GET /sipse/faces/javax.faces.resource/images/ui-bg_flat_0_2d5972_40x100.png?ln=primefaces-aristo HTTP/1.1" 304 -
190.68.54.163 - - [02/Oct/2022:17:57:14 -0500] "GET /sipse/faces/javax.faces.resource/images/ui-icons_898989_256x240.png?ln=primefaces-aristo HTTP/1.1" 304 -
190.68.54.163 - - [02/Oct/2022:17:57:14 -0500] "POST /sipse/faces/presentacion/financiero/solicitudProceso/consultarSolicitudProceso.xhtml HTTP/1.1" 200 37794
190.68.54.163 - - [02/Oct/2022:17:57:17 -0500] "GET /sipse/faces/javax.faces.resource/theme.css?ln=primefaces-sipse HTTP/1.1" 304 -
190.68.54.163 - - [02/Oct/2022:17:57:17 -0500] "GET /sipse/faces/javax.faces.resource/primefaces.css?ln=primefaces&v=4.0 HTTP/1.1" 304 -
190.68.54.163 - - [02/Oct/2022:17:57:17 -0500] "GET /sipse/faces/javax.faces.resource/layout/layout.css?ln=primefaces&v=4.0 HTTP/1.1" 304 -
190.68.54.163 - - [02/Oct/2022:17:57:17 -0500] "GET /sipse/faces/javax.faces.resource/jquery/jquery.js?ln=primefaces&v=4.0 HTTP/1.1" 304 -
190.68.54.163 - - [02/Oct/2022:17:57:17 -0500] "GET /sipse/faces/javax.faces.resource/jquery/jquery-plugins.js?ln=primefaces&v=4.0 HTTP/1.1" 304 -
190.68.54.163 - - [02/Oct/2022:17:57:17 -0500] "GET /sipse/faces/javax.faces.resource/primefaces.js?ln=primefaces&v=4.0 HTTP/1.1" 304 -
190.68.54.163 - - [02/Oct/2022:17:57:17 -0500] "GET /sipse/faces/javax.faces.resource/layout/layout.js?ln=primefaces&v=4.0 HTTP/1.1" 304 -
190.68.54.163 - - [02/Oct/2022:17:57:18 -0500] "GET /sipse/faces/javax.faces.resource/messages/messages.png?ln=primefaces&v=4.0 HTTP/1.1" 304 -
190.68.54.163 - - [02/Oct/2022:17:57:18 -0500] "POST /sipse/faces/presentacion/financiero/solicitudProceso/listarSolicitudProceso.xhtml HTTP/1.1" 200 1400
190.68.54.163 - - [02/Oct/2022:17:57:25 -0500] "POST /sipse/faces/presentacion/financiero/solicitudProceso/listarSolicitudProceso.xhtml HTTP/1.1" 200 118961
190.68.54.163 - - [02/Oct/2022:17:57:26 -0500] "GET /sipse/faces/javax.faces.resource/theme.css?ln=primefaces-sipse HTTP/1.1" 304 -
190.68.54.163 - - [02/Oct/2022:17:57:26 -0500] "GET /sipse/faces/javax.faces.resource/jquery/jquery.js?ln=primefaces&v=4.0 HTTP/1.1" 304 -
190.68.54.163 - - [02/Oct/2022:17:57:26 -0500] "GET /sipse/faces/javax.faces.resource/primefaces.css?ln=primefaces&v=4.0 HTTP/1.1" 304 -
190.68.54.163 - - [02/Oct/2022:17:57:26 -0500] "GET /sipse/faces/javax.faces.resource/layout/layout.css?ln=primefaces&v=4.0 HTTP/1.1" 304 -
190.68.54.163 - - [02/Oct/2022:17:57:26 -0500] "GET /sipse/faces/javax.faces.resource/jquery/jquery-plugins.js?ln=primefaces&v=4.0 HTTP/1.1" 304 -
190.68.54.163 - - [02/Oct/2022:17:57:26 -0500] "GET /sipse/faces/javax.faces.resource/primefaces.js?ln=primefaces&v=4.0 HTTP/1.1" 304 -
190.68.54.163 - - [02/Oct/2022:17:57:27 -0500] "GET /sipse/faces/javax.faces.resource/layout/layout.js?ln=primefaces&v=4.0 HTTP/1.1" 304 -
190.68.54.163 - - [02/Oct/2022:17:57:27 -0500] "GET /sipse/faces/javax.faces.resource/dynamiccontent.properties?ln=primefaces&pfdrid=XjOR5%2F%2FfPAZAuY9TpWQeCiM0BhlXxYRBGKi%2FQcXXfeA%3D&pfdrid_c=false HTTP/1.1" 500 383
87.250.224.144 - - [02/Oct/2022:17:57:41 -0500] "-" 408 -
190.68.54.163 - - [02/Oct/2022:17:57:47 -0500] "GET /sipse/faces/javax.faces.resource/theme.css?ln=primefaces-sipse HTTP/1.1" 304 -
190.68.54.163 - - [02/Oct/2022:17:57:47 -0500] "GET /sipse/faces/javax.faces.resource/primefaces.css?ln=primefaces&v=4.0 HTTP/1.1" 304 -
190.68.54.163 - - [02/Oct/2022:17:57:47 -0500] "GET /sipse/faces/javax.faces.resource/layout/layout.css?ln=primefaces&v=4.0 HTTP/1.1" 304 -
190.68.54.163 - - [02/Oct/2022:17:57:46 -0500] "POST /sipse/faces/presentacion/financiero/solicitudProceso/consultarSolicitudProceso.xhtml HTTP/1.1" 200 34050
190.68.54.163 - - [02/Oct/2022:17:57:47 -0500] "GET /sipse/faces/javax.faces.resource/jquery/jquery.js?ln=primefaces&v=4.0 HTTP/1.1" 304 -
190.68.54.163 - - [02/Oct/2022:17:57:47 -0500] "GET /sipse/faces/javax.faces.resource/jquery/jquery-plugins.js?ln=primefaces&v=4.0 HTTP/1.1" 304 -
190.68.54.163 - - [02/Oct/2022:17:57:47 -0500] "GET /sipse/faces/javax.faces.resource/primefaces.js?ln=primefaces&v=4.0 HTTP/1.1" 304 -
190.68.54.163 - - [02/Oct/2022:17:57:47 -0500] "GET /sipse/faces/javax.faces.resource/layout/layout.js?ln=primefaces&v=4.0 HTTP/1.1" 304 -
216.245.221.92 - - [02/Oct/2022:17:57:56 -0500] "HEAD / HTTP/1.1" 200 -
201.245.192.253 - - [02/Oct/2022:17:58:37 -0500] "POST /kwsrmcab/Wsrmcab  HTTP/1.1" 200 43876
207.46.13.89 - - [02/Oct/2022:17:59:22 -0500] "GET /BLA/resoluciones/RESOLUCIONES%202022/0399.pdf HTTP/1.1" 200 327158
172.22.2.4 - - [02/Oct/2022:17:57:58 -0500] "HEAD /BLA/boletinlegal/ HTTP/1.1" 200 -
172.22.2.4 - - [02/Oct/2022:17:58:49 -0500] "GET /BLA/boletinlegal/ HTTP/1.1" 200 48733
172.22.2.4 - - [02/Oct/2022:18:02:24 -0500] "GET /BLA/boletinlegal/jurisprudencia/analisis/AnalisisT-606-15.docx HTTP/1.1" 200 26698
172.22.2.4 - - [02/Oct/2022:18:02:26 -0500] "GET /BLA/boletinlegal/apple-touch-icon-120x120-precomposed.png HTTP/1.1" 404 1140
172.22.2.4 - - [02/Oct/2022:18:02:26 -0500] "GET /BLA/boletinlegal/apple-touch-icon-120x120.png HTTP/1.1" 404 1140
172.22.2.4 - - [02/Oct/2022:18:02:26 -0500] "GET /BLA/boletinlegal/apple-touch-icon-precomposed.png HTTP/1.1" 404 1140
172.22.2.4 - - [02/Oct/2022:18:02:27 -0500] "GET /BLA/boletinlegal/apple-touch-icon.png HTTP/1.1" 404 1140
172.22.2.4 - - [02/Oct/2022:18:02:27 -0500] "GET /BLA/boletinlegal/favicon.ico HTTP/1.1" 404 1140
172.22.2.4 - - [02/Oct/2022:18:02:27 -0500] "GET /BLA/boletinlegal/apple-touch-icon-120x120-precomposed.png HTTP/1.1" 404 1140
172.22.2.4 - - [02/Oct/2022:18:02:27 -0500] "GET /BLA/boletinlegal/apple-touch-icon-120x120.png HTTP/1.1" 404 1140
172.22.2.4 - - [02/Oct/2022:18:02:27 -0500] "GET /BLA/boletinlegal/apple-touch-icon-precomposed.png HTTP/1.1" 404 1140
172.22.2.4 - - [02/Oct/2022:18:02:27 -0500] "GET /BLA/boletinlegal/apple-touch-icon.png HTTP/1.1" 404 1140
172.22.2.4 - - [02/Oct/2022:18:02:27 -0500] "GET /BLA/boletinlegal/favicon.ico HTTP/1.1" 404 1140
172.22.2.4 - - [02/Oct/2022:18:02:44 -0500] "GET /BLA/boletinlegal/actuator/gateway/routes HTTP/1.1" 404 1018
163.220.128.41 - - [02/Oct/2022:18:02:54 -0500] "GET /galeria/galeria/fotos/Humedal-la-conejera4P.jpg HTTP/1.1" 200 33365
216.245.221.92 - - [02/Oct/2022:18:02:56 -0500] "HEAD / HTTP/1.1" 200 -
201.245.192.253 - - [02/Oct/2022:18:03:37 -0500] "POST /kwsrmcab/Wsrmcab  HTTP/1.1" 200 43876
172.22.2.4 - - [02/Oct/2022:18:03:48 -0500] "HEAD /BLA/boletinlegal/ HTTP/1.1" 200 -
199.59.150.183 - - [02/Oct/2022:18:06:02 -0500] "GET /images/feria-veh%C3%ADculos-sostenibles_optimized.jpeg HTTP/1.1" 404 1034
172.22.2.4 - - [02/Oct/2022:18:04:39 -0500] "GET /BLA/boletinlegal/ HTTP/1.1" 200 58163
216.245.221.92 - - [02/Oct/2022:18:07:56 -0500] "HEAD / HTTP/1.1" 200 -
201.245.192.253 - - [02/Oct/2022:18:08:36 -0500] "POST /kwsrmcab/Wsrmcab  HTTP/1.1" 200 43876
207.46.13.190 - - [02/Oct/2022:18:08:49 -0500] "GET /BLA/resoluciones/00000318.tif HTTP/1.1" 404 1018
66.249.64.13 - - [02/Oct/2022:18:09:17 -0500] "-" 408 -
172.22.2.4 - - [02/Oct/2022:18:09:21 -0500] "GET /BLA/boletinlegal/conceptos/2020/46.pdf HTTP/1.1" 304 -
185.119.81.96 - - [02/Oct/2022:18:09:38 -0500] "GET /portaldeninos/wp-login.php HTTP/1.1" 200 2592
185.119.81.96 - - [02/Oct/2022:18:09:39 -0500] "POST /portaldeninos/wp-login.php HTTP/1.1" 200 3605
172.22.2.4 - - [02/Oct/2022:18:09:38 -0500] "HEAD /BLA/boletinlegal/ HTTP/1.1" 200 -
95.217.144.236 - - [02/Oct/2022:18:11:55 -0500] "-" 408 -
173.252.107.7 - - [02/Oct/2022:18:12:07 -0500] "GET /bogota-tendra-la-primera-planta-de-termovalorizacion-de-colombia-la-cual-convertira-los-residuos-en-energia-para-la-ciudad.html HTTP/1.1" 206 883
172.22.2.4 - - [02/Oct/2022:18:10:29 -0500] "GET /BLA/boletinlegal/ HTTP/1.1" 200 56014
216.245.221.92 - - [02/Oct/2022:18:12:56 -0500] "HEAD / HTTP/1.1" 200 -
201.245.192.253 - - [02/Oct/2022:18:13:35 -0500] "POST /kwsrmcab/Wsrmcab  HTTP/1.1" 200 43876
172.22.2.4 - - [02/Oct/2022:18:15:28 -0500] "HEAD /BLA/boletinlegal/ HTTP/1.1" 200 -
216.245.221.92 - - [02/Oct/2022:18:17:56 -0500] "HEAD / HTTP/1.1" 200 -
172.22.2.4 - - [02/Oct/2022:18:16:18 -0500] "GET /BLA/boletinlegal/ HTTP/1.1" 200 55220
201.245.192.253 - - [02/Oct/2022:18:18:33 -0500] "POST /kwsrmcab/Wsrmcab  HTTP/1.1" 200 43876
172.22.2.4 - - [02/Oct/2022:18:19:26 -0500] "GET /BLA/boletinlegal/Circulares/2012/Circular%20No.%2016%20del%2022%20de%20octubre%20de%202012.pdf HTTP/1.1" 304 -
207.46.13.84 - - [02/Oct/2022:18:19:34 -0500] "GET /BLA/resoluciones/AUTOS%202014/0057.pdf HTTP/1.1" 200 474696
199.16.157.181 - - [02/Oct/2022:18:21:22 -0500] "GET /images/cronica-amanda-rodriguez-30-abril.jpg HTTP/1.1" 200 26304
199.16.157.181 - - [02/Oct/2022:18:21:23 -0500] "GET /una-mujer-que-trabaja-por-la-equidad-de-genero-y-la-proteccion-del-ambiente-asi-es-amanda-rodriguez.html HTTP/1.1" 200 935
201.245.192.253 - - [02/Oct/2022:18:21:43 -0500] "POST /kwsrmcab/Wsrmcab HTTP/1.1" 200 45119
201.245.192.253 - - [02/Oct/2022:18:21:45 -0500] "POST /kwsrmcab/Wsrmcab HTTP/1.1" 200 44058
172.22.2.4 - - [02/Oct/2022:18:21:54 -0500] "GET /BLA/boletinlegal/robots.txt HTTP/1.1" 404 1134
172.22.2.4 - - [02/Oct/2022:18:21:54 -0500] "GET /BLA/boletinlegal/sugerencias.php HTTP/1.1" 200 8615
173.252.95.5 - - [02/Oct/2022:18:22:32 -0500] "GET /que-orgullo-bogota-obtiene-reconocimiento-por-sus-planes-y-acciones-para-enfrentar-el-cambio-climatico.html HTTP/1.1" 206 773
216.245.221.92 - - [02/Oct/2022:18:22:56 -0500] "HEAD / HTTP/1.1" 200 -
167.0.140.139 - - [02/Oct/2022:18:22:56 -0500] "GET /sipse/faces/faces/index.xhtml HTTP/1.1" 200 677
167.0.140.139 - - [02/Oct/2022:18:22:57 -0500] "GET /sipse/faces/javax.faces.resource/theme.css?ln=primefaces-sipse HTTP/1.1" 304 -
167.0.140.139 - - [02/Oct/2022:18:22:57 -0500] "GET /sipse/faces/faces/faces/autenticacion.xhtml HTTP/1.1" 200 12180
167.0.140.139 - - [02/Oct/2022:18:22:57 -0500] "GET /sipse/js/disable_browser_buttons.js HTTP/1.1" 200 3230
167.0.140.139 - - [02/Oct/2022:18:22:57 -0500] "GET /sipse/css/custom_css_sg.css HTTP/1.1" 200 9694
167.0.140.139 - - [02/Oct/2022:18:22:57 -0500] "GET /sipse/css/custom_css_sg_prime_login.css HTTP/1.1" 200 443
167.0.140.139 - - [02/Oct/2022:18:22:57 -0500] "GET /sipse/faces/javax.faces.resource/theme.css?ln=primefaces-sipse HTTP/1.1" 304 -
167.0.140.139 - - [02/Oct/2022:18:22:57 -0500] "GET /sipse/faces/javax.faces.resource/primefaces.css?ln=primefaces&v=4.0 HTTP/1.1" 304 -
167.0.140.139 - - [02/Oct/2022:18:22:57 -0500] "GET /sipse/js/funciones.js HTTP/1.1" 200 12592
167.0.140.139 - - [02/Oct/2022:18:22:57 -0500] "GET /sipse/faces/javax.faces.resource/layout/layout.css?ln=primefaces&v=4.0 HTTP/1.1" 304 -
167.0.140.139 - - [02/Oct/2022:18:22:57 -0500] "GET /sipse/faces/javax.faces.resource/jquery/jquery.js?ln=primefaces&v=4.0 HTTP/1.1" 304 -
167.0.140.139 - - [02/Oct/2022:18:22:57 -0500] "GET /sipse/faces/javax.faces.resource/jquery/jquery-plugins.js?ln=primefaces&v=4.0 HTTP/1.1" 304 -
167.0.140.139 - - [02/Oct/2022:18:22:57 -0500] "GET /sipse/faces/javax.faces.resource/primefaces.js?ln=primefaces&v=4.0 HTTP/1.1" 304 -
167.0.140.139 - - [02/Oct/2022:18:22:57 -0500] "GET /sipse/faces/javax.faces.resource/layout/layout.js?ln=primefaces&v=4.0 HTTP/1.1" 304 -
167.0.140.139 - - [02/Oct/2022:18:22:57 -0500] "GET /sipse/faces/javax.faces.resource/images/ui-icons_898989_256x240.png?ln=primefaces-aristo HTTP/1.1" 304 -
167.0.140.139 - - [02/Oct/2022:18:22:57 -0500] "GET /sipse/css/imagen/logoSDG.png HTTP/1.1" 200 53064
167.0.140.139 - - [02/Oct/2022:18:22:57 -0500] "GET /sipse/css/imagen/loginimg.png HTTP/1.1" 200 71635
172.22.2.4 - - [02/Oct/2022:18:21:18 -0500] "HEAD /BLA/boletinlegal/ HTTP/1.1" 200 -
167.0.140.139 - - [02/Oct/2022:18:23:01 -0500] "POST /sipse/faces/autenticacion.xhtml HTTP/1.1" 200 16064
167.0.140.139 - - [02/Oct/2022:18:23:02 -0500] "GET /sipse/css/custom_css_sg_prime.css HTTP/1.1" 200 5201
167.0.140.139 - - [02/Oct/2022:18:23:02 -0500] "GET /sipse/faces/javax.faces.resource/primefaces.css?ln=primefaces&v=4.0 HTTP/1.1" 304 -
167.0.140.139 - - [02/Oct/2022:18:23:02 -0500] "GET /sipse/faces/javax.faces.resource/theme.css?ln=primefaces-sipse HTTP/1.1" 304 -
167.0.140.139 - - [02/Oct/2022:18:23:02 -0500] "GET /sipse/faces/javax.faces.resource/layout/layout.css?ln=primefaces&v=4.0 HTTP/1.1" 304 -
167.0.140.139 - - [02/Oct/2022:18:23:02 -0500] "GET /sipse/js/jquery.min.js HTTP/1.1" 200 85582
167.0.140.139 - - [02/Oct/2022:18:23:02 -0500] "GET /sipse/faces/javax.faces.resource/jquery/jquery.js?ln=primefaces&v=4.0 HTTP/1.1" 304 -
167.0.140.139 - - [02/Oct/2022:18:23:02 -0500] "GET /sipse/faces/javax.faces.resource/jquery/jquery-plugins.js?ln=primefaces&v=4.0 HTTP/1.1" 304 -
167.0.140.139 - - [02/Oct/2022:18:23:02 -0500] "GET /sipse/faces/javax.faces.resource/primefaces.js?ln=primefaces&v=4.0 HTTP/1.1" 304 -
167.0.140.139 - - [02/Oct/2022:18:23:02 -0500] "GET /sipse/faces/javax.faces.resource/layout/layout.js?ln=primefaces&v=4.0 HTTP/1.1" 304 -
167.0.140.139 - - [02/Oct/2022:18:23:02 -0500] "GET /sipse/css/imagen/contrasena.png HTTP/1.1" 404 383
167.0.140.139 - - [02/Oct/2022:18:23:02 -0500] "GET /sipse/imagenes/cargando.gif HTTP/1.1" 200 36959
167.0.140.139 - - [02/Oct/2022:18:23:02 -0500] "GET /sipse/imagenes/logoAplicacion.jpg HTTP/1.1" 200 155084
167.0.140.139 - - [02/Oct/2022:18:23:02 -0500] "GET /sipse/faces/javax.faces.resource/messages/messages.png?ln=primefaces&v=4.0 HTTP/1.1" 304 -
167.0.140.139 - - [02/Oct/2022:18:23:05 -0500] "GET /sipse/faces/javax.faces.resource/images/ui-bg_flat_0_2d5972_40x100.png?ln=primefaces-aristo HTTP/1.1" 304 -
167.0.140.139 - - [02/Oct/2022:18:23:05 -0500] "POST /sipse/faces/bienvenido.xhtml HTTP/1.1" 200 9145
167.0.140.139 - - [02/Oct/2022:18:23:07 -0500] "POST /sipse/faces/bienvenido.xhtml HTTP/1.1" 200 1471
167.0.140.139 - - [02/Oct/2022:18:23:08 -0500] "POST /sipse/faces/bienvenido.xhtml HTTP/1.1" 200 61018
167.0.140.139 - - [02/Oct/2022:18:23:08 -0500] "GET /sipse/faces/javax.faces.resource/theme.css?ln=primefaces-sipse HTTP/1.1" 304 -
167.0.140.139 - - [02/Oct/2022:18:23:08 -0500] "GET /sipse/faces/javax.faces.resource/primefaces.css?ln=primefaces&v=4.0 HTTP/1.1" 304 -
167.0.140.139 - - [02/Oct/2022:18:23:08 -0500] "GET /sipse/faces/javax.faces.resource/layout/layout.css?ln=primefaces&v=4.0 HTTP/1.1" 304 -
167.0.140.139 - - [02/Oct/2022:18:23:08 -0500] "GET /sipse/faces/javax.faces.resource/jquery/jquery.js?ln=primefaces&v=4.0 HTTP/1.1" 304 -
167.0.140.139 - - [02/Oct/2022:18:23:08 -0500] "GET /sipse/faces/javax.faces.resource/jquery/jquery-plugins.js?ln=primefaces&v=4.0 HTTP/1.1" 304 -
167.0.140.139 - - [02/Oct/2022:18:23:08 -0500] "GET /sipse/faces/javax.faces.resource/primefaces.js?ln=primefaces&v=4.0 HTTP/1.1" 304 -
167.0.140.139 - - [02/Oct/2022:18:23:08 -0500] "GET /sipse/faces/javax.faces.resource/layout/layout.js?ln=primefaces&v=4.0 HTTP/1.1" 304 -
167.0.140.139 - - [02/Oct/2022:18:23:09 -0500] "POST /sipse/faces/presentacion/financiero/solicitudProceso/listarSolicitudProceso.xhtml HTTP/1.1" 200 1560
167.0.140.139 - - [02/Oct/2022:18:23:18 -0500] "POST /sipse/faces/presentacion/financiero/solicitudProceso/listarSolicitudProceso.xhtml HTTP/1.1" 200 122971
167.0.140.139 - - [02/Oct/2022:18:23:19 -0500] "GET /sipse/faces/javax.faces.resource/theme.css?ln=primefaces-sipse HTTP/1.1" 304 -
167.0.140.139 - - [02/Oct/2022:18:23:19 -0500] "GET /sipse/faces/javax.faces.resource/primefaces.css?ln=primefaces&v=4.0 HTTP/1.1" 304 -
167.0.140.139 - - [02/Oct/2022:18:23:19 -0500] "GET /sipse/faces/javax.faces.resource/layout/layout.css?ln=primefaces&v=4.0 HTTP/1.1" 304 -
167.0.140.139 - - [02/Oct/2022:18:23:19 -0500] "GET /sipse/faces/javax.faces.resource/jquery/jquery.js?ln=primefaces&v=4.0 HTTP/1.1" 304 -
167.0.140.139 - - [02/Oct/2022:18:23:19 -0500] "GET /sipse/faces/javax.faces.resource/jquery/jquery-plugins.js?ln=primefaces&v=4.0 HTTP/1.1" 304 -
167.0.140.139 - - [02/Oct/2022:18:23:19 -0500] "GET /sipse/faces/javax.faces.resource/primefaces.js?ln=primefaces&v=4.0 HTTP/1.1" 304 -
167.0.140.139 - - [02/Oct/2022:18:23:19 -0500] "GET /sipse/faces/javax.faces.resource/layout/layout.js?ln=primefaces&v=4.0 HTTP/1.1" 304 -
167.0.140.139 - - [02/Oct/2022:18:23:31 -0500] "POST /sipse/faces/presentacion/financiero/solicitudProceso/consultarSolicitudProceso.xhtml HTTP/1.1" 200 136967
201.245.192.253 - - [02/Oct/2022:18:23:32 -0500] "POST /kwsrmcab/Wsrmcab  HTTP/1.1" 200 43876
172.22.2.4 - - [02/Oct/2022:18:22:08 -0500] "GET /BLA/boletinlegal/ HTTP/1.1" 200 55630
167.0.140.139 - - [02/Oct/2022:18:23:56 -0500] "POST /sipse/faces/presentacion/financiero/solicitudProceso/consultarSolicitudProceso.xhtml HTTP/1.1" 200 32232
167.0.140.139 - - [02/Oct/2022:18:23:56 -0500] "GET /sipse/faces/javax.faces.resource/primefaces.css?ln=primefaces&v=4.0 HTTP/1.1" 304 -
167.0.140.139 - - [02/Oct/2022:18:23:56 -0500] "GET /sipse/faces/javax.faces.resource/theme.css?ln=primefaces-sipse HTTP/1.1" 304 -
167.0.140.139 - - [02/Oct/2022:18:23:56 -0500] "GET /sipse/faces/javax.faces.resource/layout/layout.css?ln=primefaces&v=4.0 HTTP/1.1" 304 -
167.0.140.139 - - [02/Oct/2022:18:23:56 -0500] "GET /sipse/faces/javax.faces.resource/jquery/jquery.js?ln=primefaces&v=4.0 HTTP/1.1" 304 -
167.0.140.139 - - [02/Oct/2022:18:23:56 -0500] "GET /sipse/faces/javax.faces.resource/jquery/jquery-plugins.js?ln=primefaces&v=4.0 HTTP/1.1" 304 -
167.0.140.139 - - [02/Oct/2022:18:23:56 -0500] "GET /sipse/faces/javax.faces.resource/layout/layout.js?ln=primefaces&v=4.0 HTTP/1.1" 304 -
167.0.140.139 - - [02/Oct/2022:18:23:56 -0500] "GET /sipse/faces/javax.faces.resource/primefaces.js?ln=primefaces&v=4.0 HTTP/1.1" 304 -
157.55.39.154 - - [02/Oct/2022:18:26:34 -0500] "GET / HTTP/1.1" 200 319
172.104.138.223 - - [02/Oct/2022:18:27:37 -0500] "GET /fuN3 HTTP/1.0" 404 1019
216.245.221.92 - - [02/Oct/2022:18:27:56 -0500] "HEAD / HTTP/1.1" 200 -
201.245.192.253 - - [02/Oct/2022:18:28:31 -0500] "POST /kwsrmcab/Wsrmcab  HTTP/1.1" 200 43876
172.22.2.4 - - [02/Oct/2022:18:27:08 -0500] "HEAD /BLA/boletinlegal/ HTTP/1.1" 200 -
172.22.2.4 - - [02/Oct/2022:18:27:58 -0500] "GET /BLA/boletinlegal/ HTTP/1.1" 200 54003
185.119.81.101 - - [02/Oct/2022:18:29:49 -0500] "GET /portaldeninos/wp-login.php HTTP/1.1" 200 2592
185.119.81.101 - - [02/Oct/2022:18:29:51 -0500] "POST /portaldeninos/wp-login.php HTTP/1.1" 200 3605
172.22.2.4 - - [02/Oct/2022:18:31:30 -0500] "GET /BLA/boletinlegal/jurisprudencia/analisis/AnalisisT-606-15.docx HTTP/1.1" 200 26698
172.22.2.4 - - [02/Oct/2022:18:31:33 -0500] "GET /BLA/boletinlegal/apple-touch-icon-120x120-precomposed.png HTTP/1.1" 404 1140
172.22.2.4 - - [02/Oct/2022:18:31:33 -0500] "GET /BLA/boletinlegal/apple-touch-icon-120x120.png HTTP/1.1" 404 1140
172.22.2.4 - - [02/Oct/2022:18:31:33 -0500] "GET /BLA/boletinlegal/apple-touch-icon-precomposed.png HTTP/1.1" 404 1140
172.22.2.4 - - [02/Oct/2022:18:31:33 -0500] "GET /BLA/boletinlegal/apple-touch-icon.png HTTP/1.1" 404 1140
172.22.2.4 - - [02/Oct/2022:18:31:33 -0500] "GET /BLA/boletinlegal/favicon.ico HTTP/1.1" 404 1140
172.22.2.4 - - [02/Oct/2022:18:31:33 -0500] "GET /BLA/boletinlegal/apple-touch-icon-120x120-precomposed.png HTTP/1.1" 404 1140
172.22.2.4 - - [02/Oct/2022:18:31:33 -0500] "GET /BLA/boletinlegal/apple-touch-icon-120x120.png HTTP/1.1" 404 1140
172.22.2.4 - - [02/Oct/2022:18:31:33 -0500] "GET /BLA/boletinlegal/apple-touch-icon-precomposed.png HTTP/1.1" 404 1140
172.22.2.4 - - [02/Oct/2022:18:31:33 -0500] "GET /BLA/boletinlegal/apple-touch-icon.png HTTP/1.1" 404 1140
172.22.2.4 - - [02/Oct/2022:18:31:33 -0500] "GET /BLA/boletinlegal/favicon.ico HTTP/1.1" 404 1140
201.245.192.253 - - [02/Oct/2022:18:31:43 -0500] "POST /kwsrmcab/Wsrmcab HTTP/1.1" 200 45119
201.245.192.253 - - [02/Oct/2022:18:31:45 -0500] "POST /kwsrmcab/Wsrmcab HTTP/1.1" 200 44058
181.61.0.51 - - [02/Oct/2022:18:32:21 -0500] "GET /kwssiamovil/sm/acme/u?s=U2FsdGVkX1+A6v0PSH+s/pI0A9irPjh5y8f5Z/5bpGgTohaKXDEBbfYhdICjBk4JLyHRoYdo8o+3k/d8sOAEJcNXrHTUFLsat88E72AudJ++9ph4plwQO9U5WgNv9m9opDGtXfni1ibfUd4nToy71w==&u=U2FsdGVkX1+2GXeOMz3b8QvXixLPr4AH701CAQ14Nmk=&y=U2FsdGVkX1/Z1gtVazIgwWy2D7QF79aI5hPdd1DvI5+bZs6Si+jyyGwF8OOTnT5z HTTP/1.1" 200 60
216.245.221.92 - - [02/Oct/2022:18:32:56 -0500] "HEAD / HTTP/1.1" 200 -
201.245.192.253 - - [02/Oct/2022:18:33:30 -0500] "POST /kwsrmcab/Wsrmcab  HTTP/1.1" 200 43876
207.46.13.211 - - [02/Oct/2022:18:33:42 -0500] "GET /transportadores-de-carga-conocieron-las-opciones-para-contaminar-menos-y-enrutarse-en-la-sostenibilidad.html HTTP/1.1" 200 1003
172.22.2.4 - - [02/Oct/2022:18:32:58 -0500] "HEAD /BLA/boletinlegal/ HTTP/1.1" 200 -
5.255.253.106 - - [02/Oct/2022:18:35:27 -0500] "-" 408 -
172.22.2.4 - - [02/Oct/2022:18:33:48 -0500] "GET /BLA/boletinlegal/ HTTP/1.1" 200 50046
5.255.253.174 - - [02/Oct/2022:18:35:33 -0500] "-" 408 -
5.45.207.133 - - [02/Oct/2022:18:35:38 -0500] "-" 408 -
87.250.224.175 - - [02/Oct/2022:18:35:44 -0500] "-" 408 -
185.119.81.102 - - [02/Oct/2022:18:35:50 -0500] "GET /portaldeninos/wp-login.php HTTP/1.1" 200 2592
185.119.81.102 - - [02/Oct/2022:18:35:51 -0500] "POST /portaldeninos/wp-login.php HTTP/1.1" 200 3605
87.250.224.4 - - [02/Oct/2022:18:35:59 -0500] "-" 408 -
172.22.2.4 - - [02/Oct/2022:18:34:25 -0500] "GET /BLA/boletinlegal/ HTTP/1.1" 200 48733
213.180.203.85 - - [02/Oct/2022:18:36:14 -0500] "-" 408 -
172.22.2.4 - - [02/Oct/2022:18:34:39 -0500] "GET /BLA/boletinlegal/ HTTP/1.1" 200 50799
87.250.224.37 - - [02/Oct/2022:18:36:44 -0500] "-" 408 -
173.252.83.1 - - [02/Oct/2022:18:37:09 -0500] "-" 408 -
185.119.81.109 - - [02/Oct/2022:18:37:14 -0500] "GET /portaldeninos/wp-login.php HTTP/1.1" 200 2592
185.119.81.109 - - [02/Oct/2022:18:37:15 -0500] "POST /portaldeninos/wp-login.php HTTP/1.1" 200 3605
207.46.13.230 - - [02/Oct/2022:18:37:41 -0500] "-" 408 -
5.255.253.166 - - [02/Oct/2022:18:37:44 -0500] "-" 408 -
216.245.221.92 - - [02/Oct/2022:18:37:56 -0500] "HEAD / HTTP/1.1" 200 -
201.245.192.253 - - [02/Oct/2022:18:38:29 -0500] "POST /kwsrmcab/Wsrmcab  HTTP/1.1" 200 43876
172.22.2.4 - - [02/Oct/2022:18:38:31 -0500] "GET /BLA/boletinlegal/Circulares/2019/.pdf HTTP/1.1" 404 1218
207.46.13.89 - - [02/Oct/2022:18:39:25 -0500] "GET /BLA/resoluciones/RESOLUCIONES%202005/00001094.tif HTTP/1.1" 200 177812
181.61.0.51 - - [02/Oct/2022:18:40:02 -0500] "OPTIONS /kwssiamovil/sm/setfile/f? HTTP/1.1" 200 13
181.61.0.51 - - [02/Oct/2022:18:40:02 -0500] "POST /kwssiamovil/sm/setfile/f? HTTP/1.1" 200 381
172.22.2.4 - - [02/Oct/2022:18:38:48 -0500] "HEAD /BLA/boletinlegal/ HTTP/1.1" 200 -
213.180.203.3 - - [02/Oct/2022:18:40:35 -0500] "-" 408 -
172.22.2.4 - - [02/Oct/2022:18:39:38 -0500] "GET /BLA/boletinlegal/ HTTP/1.1" 200 58163
181.61.0.51 - - [02/Oct/2022:18:41:27 -0500] "GET /kwssiamovil/sm/acme/a?s=U2FsdGVkX1+We7Z/872W7eaQ+xmZfSJ6O8x7IVwbDL1z9OE+t1735w+R+AryPE3wPMSBdkLqByd+QUV3pIf6Sa2D+Lgw93dF8EAZii5aqoDX1BwBdWKaVS4NjAgbxNqadzp9SDH9rfSrCw4aXAnK1xMAnFIVdAT4Mr7DTuwBkQoLCEwUDOVm0+CEuAhtuOrypZlMiyNJluF0zsQsmt4NqAJ3roAQLZaGY4vrW6CBiCFv1oJaPg1RN6EKzNJBj6KRjQa35zirrQsWnTtA2uTy7g==&u=U2FsdGVkX1+2GXeOMz3b8QvXixLPr4AH701CAQ14Nmk=&y=U2FsdGVkX1/Z1gtVazIgwWy2D7QF79aI5hPdd1DvI5+bZs6Si+jyyGwF8OOTnT5z HTTP/1.1" 200 25
181.61.0.51 - - [02/Oct/2022:18:41:28 -0500] "GET /kwssiamovil/sm/acme/a?s=U2FsdGVkX1+IG+ZgwKQzpimtoRygbK5LJJbyPWji5znoRcYWOefrxk8wDxN1PHsn3NxAjPy1PtF/aUZSK5Mx7xncaPmPxVFf8XOV8HLQWi6DwVedHBBXq9r4OMKTNk7s8VsEzu51A8TR8ea0wddk+oS4NG3PvWn1vssvNhWxC5iHG//iRckhvlR8mhsV7pnYq/VR3RsqYc/8YgyRXmCtqnM9MgmZHj2gtfDzleLL5slNgHmTCJhLJ1P2BJpwO/07IsebohmKqXqbwKJSqoqR/1dkfvldJZXyLUZjrHVDRe3kWdzMBfLuUNXesrBMUY0bR+pCG/9fkrQqy/t+3CDqMg5TeIM9mw/jkvPFQuLLuwPu8YvSovkJsx1F32jY0BzdxtMIDHFQ6hpLp/1HYPxY4Psb0JLcPmjX4r2WpCcExdZbMMDahAXr/5oKNmR/EVrDgeJBgekBy33zCvozgptbQDjRLI3q2xpWyFN9LkKrkOgDA13cgnJEu/CiqXMbS9cKm36HMC2WQ2R9EuTXNo7/BkHXXSHz+U/nvxhojN1qGlv9vKiIsYVb33ONzL7ZhzwI98ucxwAklu6ilsWZvqQ9IXE10hZPjQaI1/waRD2Yzmaj4RqZtx4e/8+dgcP30EhNJvnStR2rOvcJvEV02G/MRD8Xf3PzLBOPJxfgI42E4ly7qgfPoVcBBBe9DdkDpYN1+Y+UyfPdzTtNB5RcCa3lxqnBbZrOaZQtEojOHbl7+R2xzL/YdTSmlTvVEXU1POs0//5OAfe1AV0LXUsYG18Gdcl0QCapgqwXfEs5kcnQ6nU0TUP51co6dFA7qDx17GZGRRDm0au37f98WRpV+K/FvzwJb1q7y7YTaAXXfJ2yxHowQGa27BSxSr4abLf4nl5EcG7BsZpEkLQMQN9HJbHzSD4+lzrph/4ZMB2fEkN/N0R8qq15i+CX4XEmjsHbY6egROu+d94B7YvU4x0eN9EiPgwZMsLXMKjXJUH7cbbR5NDBN4Wx7bBGIdn7rRp+as+Zu0IkTHTgnvKZygNi2yx+ffmbtpeSfjA+9oHFDKaeETMc4yIKyD9ReX4piZGF9WGZQaywKQaYP1gyyrH0ehX/7PDA5H3lYUVhQs4pS6hGpjvkuLR1wgjwk4WQCfksY1/9VfD8YpKQqTLuMfMhpfbuSN0iTPCRDJ0P56IKg7GmctrtUKOcj9ySPWv2v1zlTuZdhrdDYhSfSOgy2JZH3r1qeaZFCAfrt1jxyY5rMA/+U2pgZoQGYUHarIbHxDH75M2H86RUGL69btCM6oU+rvk7l1na9FB9yCumsrJ1VDBNeaKHxKjtQyJ9GmD8PBCaieupEqmCJJzl2rsL9aMoD92HXKMefqH8bC6x1SbvxKRDE93FmT+AyUZMs9/bdI05uPNcsBoAkS3a4r8SulHGnoB9A3b61uDvT82LX1zkoMUjm6kEbJ0RADa33nD50C467GbUU9mfLffMPTDQa/NffotJB+ZhDBYe0YGjXv7P80TEf4oWDksnM4bJSJgPcjOP7V3B02zvMoJvT/LTkarQBZ5H2nBUxkHc4HjXEFW8/4AkvHjZpTmTLaQNlrAQqxJYkWG1cBJR77QxyzS1zqywgJo5xkO5Dt70ixA4tz1I35UcdAs0g3DPdr/QDx3QzP4hMhbpoOz9AMpS027aoTBuhzEt/+Z2DwUqN4j/xAB5BUdDsOitPLP44dGQu59frHSDVj3p4xtNn0gHPYVDVd+Rqfdh7Y5DIjMu1gunGg4qik5kZajQiqIuNDOa3fQcl7JO6y1YB996PNaChr7ufJRLr+HOwajHTav2o0OqjSNuiiCx4mqF1UofIF11CfpnifGfDNHRaYHjKELgzYrNBxhfGG2lDMldzQRLd5R6FLSjaOylNwVaJzHKZ0B2k3oDdqcI9VwTFcWYWnA17oN0Ob8PsAazePc7yPwsy+33XheyBT/T6YnVFvfFlY3NkAT0BcRxHUTwwoKjhCoHaqs7Y9jA7F8WaUeMZ0qxRNxJ/wxh9GwRosovL2CjHe+W41xGw5KP7AmxauYwUIWxhsTxFoPwKO1IhxktgWq7aiOdteMVOqkIAnC3KU/2qkOK5SjcE56l33QhPWjXYBhj00DpOq2I+xPPSEKiBVIlF5vdlZjUfQUkLB1PygZ11vkwxC4uVB9y4mpqO4zyokk0BCAqpSuYmXTP7fLowv6KEPhtMenL6VK2gYL73BDxp8qJFwk4QIP6MilTglN7OsTuo9HhWo/xrtjo2BEW3b9QJ/O7qu3INbtytugaZJysgQOw9Ib37fn6XIcOON2gHZARWXB7X3WUtxGekvneNK1Gtihc8/m7kXgX+NmeFhmEk275sO4e3eQb1eabJeEE5TAychS6Blfi+QGivJLH8119vRxaMZwaaYKiTTlGhNtfJqSGq2bRQigzEmPVFclTddV83d97q0K/ST+7m/e+DGiDVOCY4KunVWTFCDfBNRc+ywphqygdZYKwkACjNGSsk3oh6EqYjhv5lbH/jg==&u=U2FsdGVkX1+2GXeOMz3b8QvXixLPr4AH701CAQ14Nmk=&y=U2FsdGVkX1/Z1gtVazIgwWy2D7QF79aI5hPdd1DvI5+bZs6Si+jyyGwF8OOTnT5z HTTP/1.1" 200 25
181.61.0.51 - - [02/Oct/2022:18:41:28 -0500] "GET /kwssiamovil/sm/acme/a?s=U2FsdGVkX18qzKsHz8iVNlWGuqeBgN14HpnxMjpH0uvLOPIOIVpGFipOEJEj5s8hax6uq8KzR+fG4AqVMF8e5BQNraflS2q5ZEdh0PMijFm5loSZIXXdaM5loacY1F+ozrfaRjsk/DqOzg+qdvZ6Hw6DvmgFOdxDu1KiFqSG8IA=&u=U2FsdGVkX1+2GXeOMz3b8QvXixLPr4AH701CAQ14Nmk=&y=U2FsdGVkX1/Z1gtVazIgwWy2D7QF79aI5hPdd1DvI5+bZs6Si+jyyGwF8OOTnT5z HTTP/1.1" 200 25
181.61.0.51 - - [02/Oct/2022:18:41:29 -0500] "GET /kwssiamovil/sm/acme/a?s=U2FsdGVkX190RmIUf1yY8c3KHBNFApmxGC0a4p9HdotvEHDnYEC2OYW2VOj+8xi+51qMQC6bGtRposNBoR6yPRv2efOU6ru3lcYsIJE22Mjl0WdddHFt4xJF/p7p2WWze2uMsY9WOYkoA5Tg0VGuvZ6xgQC0QpIeA9q39p4Mhy4=&u=U2FsdGVkX1+2GXeOMz3b8QvXixLPr4AH701CAQ14Nmk=&y=U2FsdGVkX1/Z1gtVazIgwWy2D7QF79aI5hPdd1DvI5+bZs6Si+jyyGwF8OOTnT5z HTTP/1.1" 200 25
181.61.0.51 - - [02/Oct/2022:18:41:29 -0500] "GET /kwssiamovil/sm/acme/a?s=U2FsdGVkX1+8VSRdOCd4OQQdcccHbduiJiJTNv+khhzsftIzmfMA+LK9jE8BQIz//viI2fDPlZDF+eJbu8snWB5DPBLRuP0EEFap2nfyMX2LGDiu6EDWMWABv7J3AVmyPrrYWSOp7VTswIvCkZcCI80esA3h7jPNKAmdEVzoEB8=&u=U2FsdGVkX1+2GXeOMz3b8QvXixLPr4AH701CAQ14Nmk=&y=U2FsdGVkX1/Z1gtVazIgwWy2D7QF79aI5hPdd1DvI5+bZs6Si+jyyGwF8OOTnT5z HTTP/1.1" 200 25
181.61.0.51 - - [02/Oct/2022:18:41:29 -0500] "GET /kwssiamovil/sm/acme/a?s=U2FsdGVkX1/YBMS5ifa0M871cVM9aJMhnpyD10tsv/tdc+YQrKyLqrW0CCb1vj1z6qASs7NbuWWcMMUx4KzQQUmjIyRX3gJ8piflWG3/iuXls3r3k37cQFrTZfpS9lWMDXjO6BrT5NwH09uCWPhCeoQJywsHIy5mlK11I0wxr9tu6ZqQVyfMMeadtuoBMh0m&u=U2FsdGVkX1+2GXeOMz3b8QvXixLPr4AH701CAQ14Nmk=&y=U2FsdGVkX1/Z1gtVazIgwWy2D7QF79aI5hPdd1DvI5+bZs6Si+jyyGwF8OOTnT5z HTTP/1.1" 200 25
181.61.0.51 - - [02/Oct/2022:18:41:29 -0500] "GET /kwssiamovil/sm/acme/a?s=U2FsdGVkX1+y0wHoGqq47VTbz3I10yuWL4qUHtzu4O+ZNqAdnz9yuQwbQazNPG7QN8AntLkupBIgeejCyhOyZoIT8QDcExd/ZMvYAjFFJq3vBlB1eDR3Xnkll1ycTeCmGtfsSG2rlTT1zyRG9k/YkyAoTXTCWmQN5K1tkw6OqrHBK2DV5HbySwjVsgngC6a8psTFN42FrMLYpH7ggtG6mKbUAO2n5JiadDJ4m3BhREqAkLdwUU5NBAJ5NbopLA/xNMpJMEiPJjWIFxlkLVzFrissQV3v8v8puRbaoErJaQTXOW/12YO39NGI9eMGFBku&u=U2FsdGVkX1+2GXeOMz3b8QvXixLPr4AH701CAQ14Nmk=&y=U2FsdGVkX1/Z1gtVazIgwWy2D7QF79aI5hPdd1DvI5+bZs6Si+jyyGwF8OOTnT5z HTTP/1.1" 200 25
181.61.0.51 - - [02/Oct/2022:18:41:30 -0500] "GET /kwssiamovil/sm/acme/a?s=U2FsdGVkX1/4bFZ+T+JbejizDnF/8ggtd9V2QhqOjR6qG/rkTQN1LZY5JDy9NynUrDSm2ps8KnFyGgl2r8Nm+orC14qWTCms2F5ze/TYcxbj6pTLBU08gCWPiyVpH9YEU6NkyxxlwP21Db1A/JL2IM0JrcP+2YCslJpRx/mmEDn0PIJ11ekU2kM9gpkImndY16KePdYw0IkaabDFLn2/7/MwLsM5n3+gjR/BRTRe14ErE2gylxPP1xak3rQm4ii3AOIaMzmf+SIeE4dWUxpPIQ==&u=U2FsdGVkX1+2GXeOMz3b8QvXixLPr4AH701CAQ14Nmk=&y=U2FsdGVkX1/Z1gtVazIgwWy2D7QF79aI5hPdd1DvI5+bZs6Si+jyyGwF8OOTnT5z HTTP/1.1" 200 25
201.245.192.253 - - [02/Oct/2022:18:41:42 -0500] "POST /kwsrmcab/Wsrmcab HTTP/1.1" 200 45119
69.171.231.1 - - [02/Oct/2022:18:41:46 -0500] "GET /images/mujeres-cultura-31.jpg HTTP/1.1" 200 33736
201.245.192.253 - - [02/Oct/2022:18:41:45 -0500] "POST /kwsrmcab/Wsrmcab HTTP/1.1" 200 44058
173.252.95.22 - - [02/Oct/2022:18:41:47 -0500] "GET /images/mujeres-cultura-31.jpg HTTP/1.1" 200 33736
87.250.224.144 - - [02/Oct/2022:18:42:35 -0500] "-" 408 -
216.245.221.92 - - [02/Oct/2022:18:42:56 -0500] "HEAD / HTTP/1.1" 200 -
201.245.192.253 - - [02/Oct/2022:18:43:29 -0500] "POST /kwsrmcab/Wsrmcab  HTTP/1.1" 200 43876
207.46.13.84 - - [02/Oct/2022:18:44:15 -0500] "GET /bla/resoluciones/dlf/doc.gif HTTP/1.1" 200 1079
87.250.224.114 - - [02/Oct/2022:18:46:15 -0500] "-" 408 -
172.22.2.4 - - [02/Oct/2022:18:44:38 -0500] "HEAD /BLA/boletinlegal/ HTTP/1.1" 200 -
172.22.2.4 - - [02/Oct/2022:18:45:28 -0500] "GET /BLA/boletinlegal/ HTTP/1.1" 200 52877
66.249.64.17 - - [02/Oct/2022:18:47:44 -0500] "-" 408 -
216.245.221.92 - - [02/Oct/2022:18:47:56 -0500] "HEAD / HTTP/1.1" 200 -
201.245.192.253 - - [02/Oct/2022:18:48:28 -0500] "POST /kwsrmcab/Wsrmcab  HTTP/1.1" 200 43876
207.46.13.40 - - [02/Oct/2022:18:50:38 -0500] "GET /BLA/resoluciones/AUTOS%202022/1516.pdf HTTP/1.1" 200 418981
87.250.224.117 - - [02/Oct/2022:18:51:32 -0500] "-" 408 -
172.22.2.4 - - [02/Oct/2022:18:50:28 -0500] "HEAD /BLA/boletinlegal/ HTTP/1.1" 200 -
207.46.13.89 - - [02/Oct/2022:18:52:27 -0500] "GET /BLA/resoluciones/index.php?dir=RESOLUCIONES+2015%2F HTTP/1.1" 200 130562
66.102.8.91 - - [02/Oct/2022:18:52:28 -0500] "GET /galeria/mapa/3MapaBogot%C3%A1.jpg HTTP/1.1" 200 688183
207.46.13.84 - - [02/Oct/2022:18:52:50 -0500] "GET /BLA/resoluciones/AUTOS%202014/4924.pdf HTTP/1.1" 200 214123
216.245.221.92 - - [02/Oct/2022:18:52:56 -0500] "HEAD / HTTP/1.1" 200 -
172.22.2.4 - - [02/Oct/2022:18:51:18 -0500] "GET /BLA/boletinlegal/ HTTP/1.1" 200 58163
157.55.39.202 - - [02/Oct/2022:18:53:12 -0500] "GET /BLA/resoluciones/AUTOS%202022/1868.pdf HTTP/1.1" 200 377779
201.245.192.253 - - [02/Oct/2022:18:53:27 -0500] "POST /kwsrmcab/Wsrmcab  HTTP/1.1" 200 43876
186.84.89.131 - - [02/Oct/2022:18:53:56 -0500] "GET /arboles-del-predio-privado-casa-echevarria-estan-autorizados-para-ser-intervenidos.html HTTP/1.1" 206 873
186.84.89.131 - - [02/Oct/2022:18:54:00 -0500] "GET /arboles-del-predio-privado-casa-echevarria-estan-autorizados-para-ser-intervenidos.html HTTP/1.1" 200 873
66.249.64.13 - - [02/Oct/2022:18:54:17 -0500] "-" 408 -
103.149.192.18 - - [02/Oct/2022:18:55:21 -0500] "GET / HTTP/1.1" 200 319
185.119.81.101 - - [02/Oct/2022:18:55:24 -0500] "GET /portaldeninos/wp-login.php HTTP/1.1" 200 2592
185.119.81.101 - - [02/Oct/2022:18:55:25 -0500] "POST /portaldeninos/wp-login.php HTTP/1.1" 200 3605
173.252.111.16 - - [02/Oct/2022:18:55:28 -0500] "GET /images/jardines-verticales-plantas-24-mayo.jpg HTTP/1.1" 200 148288
216.245.221.92 - - [02/Oct/2022:18:57:56 -0500] "HEAD / HTTP/1.1" 200 -
172.22.2.4 - - [02/Oct/2022:18:56:18 -0500] "HEAD /BLA/boletinlegal/ HTTP/1.1" 200 -
207.46.13.84 - - [02/Oct/2022:18:58:00 -0500] "GET /BLA/resoluciones/AUTOS%202014/3355.pdf HTTP/1.1" 200 553581
201.245.192.253 - - [02/Oct/2022:18:58:26 -0500] "POST /kwsrmcab/Wsrmcab  HTTP/1.1" 200 43876
172.22.2.4 - - [02/Oct/2022:18:57:08 -0500] "GET /BLA/boletinlegal/ HTTP/1.1" 200 59828
172.22.2.4 - - [02/Oct/2022:19:00:06 -0500] "GET /BLA/boletinlegal/jurisprudencia/analisis/SENTENCIA%20C-703%20DE%202010.xls HTTP/1.1" 200 38912
87.250.224.43 - - [02/Oct/2022:19:00:22 -0500] "-" 408 -
216.245.221.92 - - [02/Oct/2022:19:02:56 -0500] "HEAD / HTTP/1.1" 200 -
181.53.13.195 - - [02/Oct/2022:19:03:00 -0500] "GET /mesa/contrasena.pdf HTTP/1.1" 200 443199
181.53.13.195 - - [02/Oct/2022:19:03:01 -0500] "GET /mesa/contrasena.pdf HTTP/1.1" 206 1
181.53.13.195 - - [02/Oct/2022:19:03:01 -0500] "GET /mesa/contrasena.pdf HTTP/1.1" 206 405511
201.245.192.253 - - [02/Oct/2022:19:03:26 -0500] "POST /kwsrmcab/Wsrmcab  HTTP/1.1" 200 43876
189.124.19.35 - - [02/Oct/2022:19:03:45 -0500] "GET / HTTP/1.1" 200 319
172.22.2.4 - - [02/Oct/2022:19:02:08 -0500] "HEAD /BLA/boletinlegal/ HTTP/1.1" 200 -
181.55.68.72 - - [02/Oct/2022:19:04:37 -0500] "GET /BLA/resoluciones/ HTTP/1.1" 200 13093
172.22.2.4 - - [02/Oct/2022:19:02:58 -0500] "GET /BLA/boletinlegal/ HTTP/1.1" 200 60281
181.55.68.72 - - [02/Oct/2022:19:04:47 -0500] "GET /BLA/resoluciones/index.php?dir=Decretos%2F HTTP/1.1" 200 6804
181.55.68.72 - - [02/Oct/2022:19:04:52 -0500] "GET /BLA/resoluciones/index.php?dir=AUTOS+2022%2F HTTP/1.1" 200 269023
186.148.168.245 - - [02/Oct/2022:19:05:22 -0500] "GET /sipse/faces/index.xhtml HTTP/1.1" 200 677
186.148.168.245 - - [02/Oct/2022:19:05:22 -0500] "GET /sipse/faces/javax.faces.resource/theme.css?ln=primefaces-sipse HTTP/1.1" 200 50058
186.148.168.245 - - [02/Oct/2022:19:05:23 -0500] "GET /sipse/faces/faces/autenticacion.xhtml HTTP/1.1" 200 12180
186.148.168.245 - - [02/Oct/2022:19:05:23 -0500] "GET /sipse/js/disable_browser_buttons.js HTTP/1.1" 200 3230
186.148.168.245 - - [02/Oct/2022:19:05:23 -0500] "GET /sipse/js/funciones.js HTTP/1.1" 200 12592
186.148.168.245 - - [02/Oct/2022:19:05:23 -0500] "GET /sipse/css/custom_css_sg.css HTTP/1.1" 200 9694
186.148.168.245 - - [02/Oct/2022:19:05:23 -0500] "GET /sipse/css/custom_css_sg_prime_login.css HTTP/1.1" 200 443
186.148.168.245 - - [02/Oct/2022:19:05:23 -0500] "GET /sipse/faces/javax.faces.resource/theme.css?ln=primefaces-sipse HTTP/1.1" 304 -
186.148.168.245 - - [02/Oct/2022:19:05:23 -0500] "GET /sipse/faces/javax.faces.resource/primefaces.css?ln=primefaces&v=4.0 HTTP/1.1" 304 -
186.148.168.245 - - [02/Oct/2022:19:05:23 -0500] "GET /sipse/faces/javax.faces.resource/layout/layout.css?ln=primefaces&v=4.0 HTTP/1.1" 304 -
186.148.168.245 - - [02/Oct/2022:19:05:23 -0500] "GET /sipse/faces/javax.faces.resource/jquery/jquery.js?ln=primefaces&v=4.0 HTTP/1.1" 304 -
186.148.168.245 - - [02/Oct/2022:19:05:23 -0500] "GET /sipse/faces/javax.faces.resource/jquery/jquery-plugins.js?ln=primefaces&v=4.0 HTTP/1.1" 304 -
186.148.168.245 - - [02/Oct/2022:19:05:23 -0500] "GET /sipse/faces/javax.faces.resource/primefaces.js?ln=primefaces&v=4.0 HTTP/1.1" 304 -
186.148.168.245 - - [02/Oct/2022:19:05:23 -0500] "GET /sipse/faces/javax.faces.resource/layout/layout.js?ln=primefaces&v=4.0 HTTP/1.1" 304 -
186.148.168.245 - - [02/Oct/2022:19:05:23 -0500] "GET /sipse/faces/javax.faces.resource/images/ui-icons_898989_256x240.png?ln=primefaces-aristo HTTP/1.1" 200 5355
186.148.168.245 - - [02/Oct/2022:19:05:23 -0500] "GET /sipse/css/imagen/loginimg.png HTTP/1.1" 200 71635
186.148.168.245 - - [02/Oct/2022:19:05:23 -0500] "GET /sipse/css/imagen/logoSDG.png HTTP/1.1" 200 53064
186.148.168.245 - - [02/Oct/2022:19:05:27 -0500] "POST /sipse/faces/autenticacion.xhtml HTTP/1.1" 200 12259
186.148.168.245 - - [02/Oct/2022:19:05:27 -0500] "GET /sipse/css/custom_css_sg_prime.css HTTP/1.1" 200 5201
186.148.168.245 - - [02/Oct/2022:19:05:27 -0500] "GET /sipse/faces/javax.faces.resource/jquery/jquery.js?ln=primefaces&v=4.0 HTTP/1.1" 304 -
186.148.168.245 - - [02/Oct/2022:19:05:27 -0500] "GET /sipse/faces/javax.faces.resource/jquery/jquery-plugins.js?ln=primefaces&v=4.0 HTTP/1.1" 304 -
186.148.168.245 - - [02/Oct/2022:19:05:27 -0500] "GET /sipse/faces/javax.faces.resource/primefaces.js?ln=primefaces&v=4.0 HTTP/1.1" 304 -
186.148.168.245 - - [02/Oct/2022:19:05:27 -0500] "GET /sipse/faces/javax.faces.resource/layout/layout.js?ln=primefaces&v=4.0 HTTP/1.1" 304 -
186.148.168.245 - - [02/Oct/2022:19:05:27 -0500] "GET /sipse/faces/javax.faces.resource/messages/messages.png?ln=primefaces&v=4.0 HTTP/1.1" 200 27209
186.148.168.245 - - [02/Oct/2022:19:05:30 -0500] "POST /sipse/faces/presentacion/sistema/seguridad/seleccionRol.xhtml HTTP/1.1" 200 6694
186.148.168.245 - - [02/Oct/2022:19:05:31 -0500] "POST /sipse/faces/presentacion/sistema/seguridad/seleccionRol.xhtml HTTP/1.1" 200 17462
186.148.168.245 - - [02/Oct/2022:19:05:31 -0500] "GET /sipse/js/jquery.min.js HTTP/1.1" 200 85582
186.148.168.245 - - [02/Oct/2022:19:05:31 -0500] "GET /sipse/faces/javax.faces.resource/jquery/jquery.js?ln=primefaces&v=4.0 HTTP/1.1" 304 -
186.148.168.245 - - [02/Oct/2022:19:05:31 -0500] "GET /sipse/faces/javax.faces.resource/jquery/jquery-plugins.js?ln=primefaces&v=4.0 HTTP/1.1" 304 -
186.148.168.245 - - [02/Oct/2022:19:05:31 -0500] "GET /sipse/faces/javax.faces.resource/primefaces.js?ln=primefaces&v=4.0 HTTP/1.1" 304 -
186.148.168.245 - - [02/Oct/2022:19:05:31 -0500] "GET /sipse/faces/javax.faces.resource/layout/layout.js?ln=primefaces&v=4.0 HTTP/1.1" 304 -
186.148.168.245 - - [02/Oct/2022:19:05:31 -0500] "GET /sipse/css/imagen/contrasena.png HTTP/1.1" 404 383
186.148.168.245 - - [02/Oct/2022:19:05:31 -0500] "GET /sipse/imagenes/cargando.gif HTTP/1.1" 200 36959
186.148.168.245 - - [02/Oct/2022:19:05:31 -0500] "GET /sipse/imagenes/logoAplicacion.jpg HTTP/1.1" 200 155084
186.148.168.245 - - [02/Oct/2022:19:05:33 -0500] "GET /sipse/faces/javax.faces.resource/images/ui-bg_flat_0_2d5972_40x100.png?ln=primefaces-aristo HTTP/1.1" 200 183
186.148.168.245 - - [02/Oct/2022:19:05:33 -0500] "POST /sipse/faces/bienvenido.xhtml HTTP/1.1" 200 2055
181.55.68.72 - - [02/Oct/2022:19:05:35 -0500] "GET /BLA/resoluciones/AUTOS%202022/0440.pdf HTTP/1.1" 200 380255
186.148.168.245 - - [02/Oct/2022:19:05:34 -0500] "POST /sipse/faces/bienvenido.xhtml HTTP/1.1" 200 67631
181.55.68.72 - - [02/Oct/2022:19:05:35 -0500] "GET /BLA/resoluciones/AUTOS%202022/0440.pdf HTTP/1.1" 206 1025
181.55.68.72 - - [02/Oct/2022:19:05:35 -0500] "GET /BLA/resoluciones/AUTOS%202022/0440.pdf HTTP/1.1" 200 380255
186.148.168.245 - - [02/Oct/2022:19:05:36 -0500] "GET /sipse/faces/javax.faces.resource/jquery/jquery.js?ln=primefaces&v=4.0 HTTP/1.1" 304 -
186.148.168.245 - - [02/Oct/2022:19:05:36 -0500] "GET /sipse/faces/javax.faces.resource/jquery/jquery-plugins.js?ln=primefaces&v=4.0 HTTP/1.1" 304 -
186.148.168.245 - - [02/Oct/2022:19:05:36 -0500] "GET /sipse/faces/javax.faces.resource/primefaces.js?ln=primefaces&v=4.0 HTTP/1.1" 304 -
186.148.168.245 - - [02/Oct/2022:19:05:36 -0500] "GET /sipse/faces/javax.faces.resource/layout/layout.js?ln=primefaces&v=4.0 HTTP/1.1" 304 -
181.55.68.72 - - [02/Oct/2022:19:05:36 -0500] "GET /BLA/resoluciones/AUTOS%202022/0440.pdf HTTP/1.1" 206 3072
181.55.68.72 - - [02/Oct/2022:19:05:37 -0500] "GET /BLA/resoluciones/AUTOS%202022/0440.pdf HTTP/1.1" 206 376158
186.148.168.245 - - [02/Oct/2022:19:05:38 -0500] "POST /sipse/faces/presentacion/proyectos/proyecto/listarConsultarProyectos.xhtml HTTP/1.1" 200 6277
186.148.168.245 - - [02/Oct/2022:19:05:40 -0500] "POST /sipse/faces/presentacion/proyectos/proyecto/listarConsultarProyectos.xhtml HTTP/1.1" 200 75271
186.148.168.245 - - [02/Oct/2022:19:05:40 -0500] "GET /sipse/faces/javax.faces.resource/jquery/jquery.js?ln=primefaces&v=4.0 HTTP/1.1" 304 -
186.148.168.245 - - [02/Oct/2022:19:05:40 -0500] "GET /sipse/faces/javax.faces.resource/jquery/jquery-plugins.js?ln=primefaces&v=4.0 HTTP/1.1" 304 -
186.148.168.245 - - [02/Oct/2022:19:05:41 -0500] "GET /sipse/faces/javax.faces.resource/primefaces.js?ln=primefaces&v=4.0 HTTP/1.1" 304 -
186.148.168.245 - - [02/Oct/2022:19:05:41 -0500] "GET /sipse/faces/javax.faces.resource/layout/layout.js?ln=primefaces&v=4.0 HTTP/1.1" 304 -
186.148.168.245 - - [02/Oct/2022:19:05:41 -0500] "POST /sipse/faces/presentacion/proyectos/proyecto/proyecto.xhtml HTTP/1.1" 200 3229
186.148.168.245 - - [02/Oct/2022:19:05:43 -0500] "POST /sipse/faces/presentacion/proyectos/proyecto/proyecto.xhtml HTTP/1.1" 200 14915
186.148.168.245 - - [02/Oct/2022:19:05:43 -0500] "GET /sipse/faces/javax.faces.resource/spacer/dot_clear.gif?ln=primefaces&v=4.0 HTTP/1.1" 200 42
186.155.16.66 - - [02/Oct/2022:19:07:17 -0500] "GET /transportadores-de-carga-conocieron-las-opciones-para-contaminar-menos-y-enrutarse-en-la-sostenibilidad.html HTTP/1.1" 200 1003
185.119.81.96 - - [02/Oct/2022:19:07:24 -0500] "GET /portaldeninos/wp-login.php HTTP/1.1" 200 2592
185.119.81.96 - - [02/Oct/2022:19:07:25 -0500] "POST /portaldeninos/wp-login.php HTTP/1.1" 200 3605
114.119.156.56 - - [02/Oct/2022:19:07:41 -0500] "-" 408 -
216.245.221.92 - - [02/Oct/2022:19:07:56 -0500] "HEAD / HTTP/1.1" 200 -
201.245.192.253 - - [02/Oct/2022:19:08:23 -0500] "POST /kwsrmcab/Wsrmcab  HTTP/1.1" 200 43876
172.22.2.4 - - [02/Oct/2022:19:09:05 -0500] "GET /BLA/boletinlegal/ab2g HTTP/1.1" 404 1018
172.22.2.4 - - [02/Oct/2022:19:07:58 -0500] "HEAD /BLA/boletinlegal/ HTTP/1.1" 200 -
173.252.95.5 - - [02/Oct/2022:19:10:25 -0500] "GET /secretaria-de-ambiente-abre-espacio-de-formacion-para-comunicadores-sociales-y-periodistas.html HTTP/1.1" 206 860
172.22.2.4 - - [02/Oct/2022:19:08:48 -0500] "GET /BLA/boletinlegal/ HTTP/1.1" 200 56732
5.255.231.131 - - [02/Oct/2022:19:10:50 -0500] "-" 408 -
190.93.141.88 - - [02/Oct/2022:19:11:06 -0500] "GET /BLA/boletinlegal/js/jquery.scrollShow.js HTTP/1.1" 200 4586
190.93.141.88 - - [02/Oct/2022:19:11:06 -0500] "GET /galeria/galeria/jquery.fancybox.css?v=2.1.5 HTTP/1.1" 200 4895
190.93.141.88 - - [02/Oct/2022:19:11:06 -0500] "GET /galeria/galeria/jquery.fancybox.js?v=2.1.5 HTTP/1.1" 200 48706
216.245.221.92 - - [02/Oct/2022:19:12:56 -0500] "HEAD / HTTP/1.1" 200 -
173.252.95.13 - - [02/Oct/2022:19:13:19 -0500] "GET /semana-ambiental-2022-del-31-de-mayo-al-5-de-junio-se-celebrara-en-bogota.html HTTP/1.1" 206 799
201.245.192.253 - - [02/Oct/2022:19:13:23 -0500] "POST /kwsrmcab/Wsrmcab  HTTP/1.1" 200 43876
80.94.92.231 - - [02/Oct/2022:19:13:54 -0500] "GET / HTTP/1.1" 200 319
172.22.2.4 - - [02/Oct/2022:19:13:48 -0500] "HEAD /BLA/boletinlegal/ HTTP/1.1" 200 -
172.22.2.4 - - [02/Oct/2022:19:14:38 -0500] "GET /BLA/boletinlegal/ HTTP/1.1" 200 58163
207.46.13.40 - - [02/Oct/2022:19:16:41 -0500] "GET /BLA/resoluciones/AUTOS%202022/4242.pdf HTTP/1.1" 200 2080827
216.245.221.92 - - [02/Oct/2022:19:17:56 -0500] "HEAD / HTTP/1.1" 200 -
201.245.192.253 - - [02/Oct/2022:19:18:22 -0500] "POST /kwsrmcab/Wsrmcab  HTTP/1.1" 200 43876
181.50.239.247 - - [02/Oct/2022:19:20:34 -0500] "GET /secretaria-de-ambiente-y-fenalco-abren-este-sabado-la-primera-feria-de-moda-sostenible.html HTTP/1.1" 200 819
95.108.213.65 - - [02/Oct/2022:19:20:50 -0500] "-" 408 -
172.22.2.4 - - [02/Oct/2022:19:19:38 -0500] "HEAD /BLA/boletinlegal/ HTTP/1.1" 200 -
201.245.192.253 - - [02/Oct/2022:19:21:42 -0500] "POST /kwsrmcab/Wsrmcab HTTP/1.1" 200 44945
201.245.192.253 - - [02/Oct/2022:19:21:45 -0500] "POST /kwsrmcab/Wsrmcab HTTP/1.1" 200 44333
172.22.2.4 - - [02/Oct/2022:19:20:28 -0500] "GET /BLA/boletinlegal/ HTTP/1.1" 200 59828
216.245.221.92 - - [02/Oct/2022:19:22:56 -0500] "HEAD / HTTP/1.1" 200 -
23.100.232.233 - - [02/Oct/2022:19:23:18 -0500] "GET /galeria/galeria/jquery.fancybox.js?v=2.1.5 HTTP/1.1" 200 48706
23.100.232.233 - - [02/Oct/2022:19:23:18 -0500] "GET /BLA/boletinlegal/js/jquery.scrollShow.js HTTP/1.1" 200 4586
23.100.232.233 - - [02/Oct/2022:19:23:19 -0500] "GET /galeria/galeria/jquery.fancybox.css?v=2.1.5 HTTP/1.1" 200 4895
201.245.192.253 - - [02/Oct/2022:19:23:21 -0500] "POST /kwsrmcab/Wsrmcab  HTTP/1.1" 200 43876
181.61.0.51 - - [02/Oct/2022:19:25:26 -0500] "GET /kwssiamovil/sm/ldap/au?x=U2FsdGVkX1+xSZKljTJvazc9Tj5VVXR+Nof9XAoGBHs0JAlZRYAil+l6HDiOBhuw&y=U2FsdGVkX19XZB1oW/zoaw9tkGErjm5OUA51Beb8cXs7fBheRkGIAEevWRd2Sw+X HTTP/1.1" 200 30
181.61.0.51 - - [02/Oct/2022:19:25:26 -0500] "GET /kwssiamovil/sm/acme/s?s=U2FsdGVkX18PIJJ8RSCP6/pSwoeErKAxzqdURMLtnC9gQof/G3glTEniVrXdJvKyPfTE+/XisAdAsukmbpwPr9EgDdOY92qdGO+ZuJTdSI4=&u=U2FsdGVkX1+kRx4V0ja8HV9u8ZbD+2CcVWVrh3zXeWM=&y=U2FsdGVkX19XZB1oW/zoaw9tkGErjm5OUA51Beb8cXs7fBheRkGIAEevWRd2Sw+X HTTP/1.1" 200 97
181.61.0.51 - - [02/Oct/2022:19:25:26 -0500] "GET /kwssiamovil/sm/acme/s?s=U2FsdGVkX1/zhz8GmQa9ucy9sMObaK20fHXnJ9x1c6NwdcGXHDvloj/zMBWXryKfBbrJzTfbtdBdKQuYcGZ+ZZmXFxDWjL8UzMncUH0+orTA7cP5+7TI91DTBiN1uHJpnCcUUhnrmhrM54MWq6X27RsIEtCShKKSKegElwiLDPCfgjfvHPVEUbKUfNiAMvPnwlN5YPfjg+IzsPXFHPDCKpfF1N5mfm2Ni6d0N3tvi+ABmfZaB07Xov4WwdOVfxP1qZsrGJ/mnMXrfOSfCzCWtvmvkOo1X5fzQ3PGCSbSbGf0HGdA7CqkM2t+q5Q0Nd7jTlwJukQXurkW6NgOHAeOGORcF05PergAlgxtTdVpkJ5DsdbErAfb/ofNZn6catrFih6QK6gmB3dEbIz0UilfYhdN0x1GL3Kl940oYgNV8KLVAFzA6e/mxngRSyvxTBd4LoszBnK0isjzPNj6/AI/tVfe9EKYZEkEPZKXBWue94H0zpBuehWcCpVvgTwz4bLwZNaOfpHy4sSk2I9/nKTlNESQ8/QcdKhLvOrqdVuedn5IQFhWxMPjqH6d9QKNG3qKZ7XyKpJ5XujQJvgJjN0llu6T0cEc0iXRBngSWZNU7Ry3kSo5Q81VifQ475ipf21GxtwwLQ25rKvy5LLm/qdM1xI2OopSkXhkBWBjqOQ3jryR6KrKTGOzD2GBpckf83/c6PKc1WXRQYCqJ/Op7Ki/8ghQDNMDV5hu17E2NNvbGB2Tg5oaERbKV8qHaBxW6PETcBYNvPu7bTffM+U6qXD/q9aoRSf18ZCgcpWmk8YInn6X35dD2NS0iqgs+X9PmO+hmij+nD8cNvGhVHhSpJPIZd4digFHIRjei2m1kzCRU/fhxof2MvHxTXCQTXaVZjcT9gHLys1L6XF3dHgOhvyhJvwSsucpSaONsFZwZMUxTYxAF4WZyE0Jl1X42JRBefIwwBN7DdCNz3N0/dBoWktQ3vwC7cb50MN3BQG3yyL1q01TqOCIfW13a9d4dRd79H6UMM0OxmdsoZLEZyFPJhKzNn9fnozPox3IXE5KZm8hQf5spamU+Q8zWU/gvkaPCTPgkXKFGA38fCU/gagUTofh68q5FsF2aaqDriIEzHme0C2a1Khkq2Qn42AqyQhwzcNNWBzbTqjgKhObnJO2Ga3Q9lVSJFN1kJ1hVR+wWQkoekDpExNxYmyEBG/z6GMF+cd8ZZRZKLEjYNIFZ/6cyXABMYCyWVgM36Gnoj6FugGCwAWghn+1qzHzNtK0j3w49G1AtEzDAS495zLrQQ3bsF7GA7upZYY+Oi/1Lr7W/bAjj/mkhnTShBCUr029ETzQ9q9jZhBjM3FAdn75wNizypw7tjBuSkllTX0DFzYSKtt53y1I7WWPgrhomnteitXgNjGq7nqIq900GAeTLV32Ol+gd4LqYBNlgDEJ16uq4WeSglI=&u=U2FsdGVkX1+kRx4V0ja8HV9u8ZbD+2CcVWVrh3zXeWM=&y=U2FsdGVkX19XZB1oW/zoaw9tkGErjm5OUA51Beb8cXs7fBheRkGIAEevWRd2Sw+X HTTP/1.1" 200 2119
181.61.0.51 - - [02/Oct/2022:19:25:27 -0500] "GET /kwssiamovil/sm/acme/s?s=U2FsdGVkX19v9NWEa19KAglek9F397ir8e303KQaLVGn0RtV2T//u2pb8ezG9sCY0koH0sbBq1kM4fehelTIOftVTHvIJRxqo5q4Qe0t6eZO9SquSiqbp10wAN2HaT+1RhM1qfoA7NTKqqq4EzTdf5G7m+v/dXbnNqkVpmm6zZknzG8VMg1D/GfSj3cIX4gaqsAmcnlP1/jPDmlkv7iWl3Hvtc09j4aGXYn28D/zaxttmD/zxnEPSgeaGs0LQ4ld5hy/2sI1yDqAacm1xNudn17Q68ZGr5fZARywV3UkKLyJujVx+6mJBk1UTIY64LHH5R6FTq/xrHBa3HBubQAbgQ==&u=U2FsdGVkX1+kRx4V0ja8HV9u8ZbD+2CcVWVrh3zXeWM=&y=U2FsdGVkX19XZB1oW/zoaw9tkGErjm5OUA51Beb8cXs7fBheRkGIAEevWRd2Sw+X HTTP/1.1" 200 196
181.61.0.51 - - [02/Oct/2022:19:25:27 -0500] "GET /kwssiamovil/sm/cjson/pre?f=1&x=U2FsdGVkX1+xSZKljTJvazc9Tj5VVXR+Nof9XAoGBHs0JAlZRYAil+l6HDiOBhuw HTTP/1.1" 200 30992
185.119.81.101 - - [02/Oct/2022:19:26:04 -0500] "GET /portaldeninos/wp-login.php HTTP/1.1" 200 2592
185.119.81.101 - - [02/Oct/2022:19:26:05 -0500] "POST /portaldeninos/wp-login.php HTTP/1.1" 200 3605
157.55.39.159 - - [02/Oct/2022:19:26:57 -0500] "GET /portaldeninos/para-mejorar-mi-ambiente/ HTTP/1.1" 200 86838
172.22.2.4 - - [02/Oct/2022:19:25:28 -0500] "HEAD /BLA/boletinlegal/ HTTP/1.1" 200 -
181.61.0.51 - - [02/Oct/2022:19:27:20 -0500] "GET /kwssiamovil/sm/acme/a?s=U2FsdGVkX19eOczo+0DClMr4XYuPoyXWVB6FXeR3pzWuKZAwHo36Y6p1ZeSS8zlAyxY/GAxjNSwKI9Mo89aSK6QYImzKeHpb/yG0y8dI317tE53vSEb/Y84ytiB11kPqFi3tFsaqLXQyH10C0O/sNGirMxmHRbw3Mvn7iRVen7KHn/ck4DdgoaNqp4kU6Z4kAynNhbDcc27xT/aPTc1EjovNgMtvh2knE+8YH5p3hqlgS+ETeGtkwZYu9GOlbOdTbaRdGNsKmcLH/mC1ftzIkA==&u=U2FsdGVkX1+kRx4V0ja8HV9u8ZbD+2CcVWVrh3zXeWM=&y=U2FsdGVkX19XZB1oW/zoaw9tkGErjm5OUA51Beb8cXs7fBheRkGIAEevWRd2Sw+X HTTP/1.1" 200 25
