!C99Shell v. 1.0 pre-release build #13!

Software: Apache. PHP/5.5.15 

uname -a: Windows NT SVR-DMZ 6.1 build 7600 (Windows Server 2008 R2 Enterprise Edition) i586 

SYSTEM 

Safe-mode: OFF (not secure)

E:\nuevo\apache\logs\   drwxrwxrwx
Free 9.41 GB of 239.26 GB (3.93%)
Detected drives: [ a ] [ c ] [ d ] [ e ] [ f ]
Home    Back    Forward    UPDIR    Refresh    Search    Buffer    Encoder    Tools    Proc.    FTP brute    Sec.    SQL    PHP-code    Update    Feedback    Self remove    Logout    


Viewing file:     access.2022.10.03.log (2.71 MB)      -rw-rw-rw-
Select action/file-type:
(+) | (+) | (+) | Code (+) | Session (+) | (+) | SDB (+) | (+) | (+) | (+) | (+) | (+) |
172.22.2.4 - - [02/Oct/2022:23:59:37 -0500] "HEAD /BLA/boletinlegal/ HTTP/1.1" 200 -
172.22.2.4 - - [03/Oct/2022:00:00:28 -0500] "GET /BLA/boletinlegal/ HTTP/1.1" 200 58163
201.245.192.253 - - [03/Oct/2022:00:02:29 -0500] "POST /kwsrmcab/Wsrmcab  HTTP/1.1" 200 43876
216.245.221.92 - - [03/Oct/2022:00:02:55 -0500] "HEAD / HTTP/1.1" 200 -
207.46.13.190 - - [03/Oct/2022:00:03:32 -0500] "GET /BLA/resoluciones/RESOLUCIONES%202002/RES%202002%20851-900/00000866.tif HTTP/1.1" 200 4388
207.46.13.84 - - [03/Oct/2022:00:05:31 -0500] "GET /BLA/resoluciones/RESOLUCIONES%202021/2048.pdf HTTP/1.1" 304 -
172.22.2.4 - - [03/Oct/2022:00:05:27 -0500] "HEAD /BLA/boletinlegal/ HTTP/1.1" 200 -
87.250.224.43 - - [03/Oct/2022:00:07:29 -0500] "-" 408 -
201.245.192.253 - - [03/Oct/2022:00:07:28 -0500] "POST /kwsrmcab/Wsrmcab  HTTP/1.1" 200 43876
216.245.221.92 - - [03/Oct/2022:00:07:55 -0500] "HEAD / HTTP/1.1" 200 -
172.22.2.4 - - [03/Oct/2022:00:06:18 -0500] "GET /BLA/boletinlegal/ HTTP/1.1" 200 60281
181.55.68.72 - - [03/Oct/2022:00:09:45 -0500] "GET /BLA/resoluciones/ HTTP/1.1" 200 13093
181.55.68.72 - - [03/Oct/2022:00:09:46 -0500] "GET /favicon.ico HTTP/1.1" 200 7782
181.55.68.72 - - [03/Oct/2022:00:09:50 -0500] "GET /BLA/resoluciones/index.php?dir=AUTOS+2022%2F HTTP/1.1" 200 269023
181.55.68.72 - - [03/Oct/2022:00:10:16 -0500] "GET /BLA/resoluciones/AUTOS%202022/2258.pdf HTTP/1.1" 200 610171
181.55.68.72 - - [03/Oct/2022:00:10:16 -0500] "GET /BLA/resoluciones/AUTOS%202022/2258.pdf HTTP/1.1" 206 1025
181.55.68.72 - - [03/Oct/2022:00:10:16 -0500] "GET /BLA/resoluciones/AUTOS%202022/2258.pdf HTTP/1.1" 200 610171
181.55.68.72 - - [03/Oct/2022:00:10:17 -0500] "GET /BLA/resoluciones/AUTOS%202022/2258.pdf HTTP/1.1" 206 3072
181.55.68.72 - - [03/Oct/2022:00:10:17 -0500] "GET /BLA/resoluciones/AUTOS%202022/2258.pdf HTTP/1.1" 206 606074
172.22.2.4 - - [03/Oct/2022:00:10:29 -0500] "GET /BLA/boletinlegal/consulta_actos.php?tipo=resoluciones&no=2058&usuario=&sector=&fecha=2020&resuelve= HTTP/1.1" 200 1166
172.22.2.4 - - [03/Oct/2022:00:10:53 -0500] "GET /BLA/boletinlegal/ HTTP/1.1" 200 32715
201.245.192.253 - - [03/Oct/2022:00:12:27 -0500] "POST /kwsrmcab/Wsrmcab  HTTP/1.1" 200 43876
216.245.221.92 - - [03/Oct/2022:00:12:55 -0500] "HEAD / HTTP/1.1" 200 -
172.22.2.4 - - [03/Oct/2022:00:11:17 -0500] "HEAD /BLA/boletinlegal/ HTTP/1.1" 200 -
172.22.2.4 - - [03/Oct/2022:00:12:08 -0500] "GET /BLA/boletinlegal/ HTTP/1.1" 200 58163
172.22.2.4 - - [03/Oct/2022:00:14:04 -0500] "GET /BLA/boletinlegal/consulta_actos.php?tipo=resoluciones&no=0799&usuario=&sector=&fecha=2019&resuelve= HTTP/1.1" 200 1382
152.61.192.232 - - [03/Oct/2022:00:14:35 -0500] "GET / HTTP/1.1" 200 319
186.84.189.166 - - [03/Oct/2022:00:15:10 -0500] "GET /BLA/resoluciones/RESOLUCIONES%202019/0799.pdf HTTP/1.1" 200 270591
186.84.189.166 - - [03/Oct/2022:00:15:10 -0500] "GET /favicon.ico HTTP/1.1" 200 7782
172.22.2.4 - - [03/Oct/2022:00:15:21 -0500] "GET /BLA/boletinlegal/consulta_actos.php?tipo=autos&no=0799&usuario=&sector=&fecha=2019&resuelve= HTTP/1.1" 200 626
172.22.2.4 - - [03/Oct/2022:00:15:24 -0500] "GET /BLA/boletinlegal/consulta_actos.php?tipo=autos&no=0799&usuario=&sector=&fecha=2019&resuelve= HTTP/1.1" 200 626
185.119.81.102 - - [03/Oct/2022:00:16:05 -0500] "GET /portaldeninos/wp-login.php HTTP/1.1" 200 2592
185.119.81.102 - - [03/Oct/2022:00:16:06 -0500] "POST /portaldeninos/wp-login.php HTTP/1.1" 200 3605
201.245.192.253 - - [03/Oct/2022:00:17:26 -0500] "POST /kwsrmcab/Wsrmcab  HTTP/1.1" 200 43876
66.249.64.15 - - [03/Oct/2022:00:17:28 -0500] "-" 408 -
5.255.231.131 - - [03/Oct/2022:00:17:29 -0500] "-" 408 -
216.245.221.92 - - [03/Oct/2022:00:17:55 -0500] "HEAD / HTTP/1.1" 200 -
172.22.2.4 - - [03/Oct/2022:00:17:07 -0500] "HEAD /BLA/boletinlegal/ HTTP/1.1" 200 -
172.22.2.4 - - [03/Oct/2022:00:17:58 -0500] "GET /BLA/boletinlegal/ HTTP/1.1" 200 54356
152.61.128.50 - - [03/Oct/2022:00:19:56 -0500] "GET / HTTP/1.1" 200 319
201.245.192.253 - - [03/Oct/2022:00:21:41 -0500] "POST /kwsrmcab/Wsrmcab HTTP/1.1" 200 44493
201.245.192.253 - - [03/Oct/2022:00:21:45 -0500] "POST /kwsrmcab/Wsrmcab HTTP/1.1" 200 44841
201.245.192.253 - - [03/Oct/2022:00:22:25 -0500] "POST /kwsrmcab/Wsrmcab  HTTP/1.1" 200 43876
199.16.157.183 - - [03/Oct/2022:00:22:32 -0500] "GET /images/feria-17-de-septiembre_optimized.jpg HTTP/1.1" 200 40532
216.245.221.92 - - [03/Oct/2022:00:22:55 -0500] "HEAD / HTTP/1.1" 200 -
172.22.2.4 - - [03/Oct/2022:00:22:57 -0500] "HEAD /BLA/boletinlegal/ HTTP/1.1" 200 -
172.22.2.4 - - [03/Oct/2022:00:23:48 -0500] "GET /BLA/boletinlegal/ HTTP/1.1" 200 57375
207.46.13.84 - - [03/Oct/2022:00:25:37 -0500] "GET /BLA/resoluciones/RESOLUCIONES%202002/RES%202002%20851-900/00000889.tif HTTP/1.1" 200 41124
207.46.13.84 - - [03/Oct/2022:00:25:38 -0500] "GET /BLA/resoluciones/RESOLUCIONES%202022/0619.pdf HTTP/1.1" 200 378757
201.245.192.253 - - [03/Oct/2022:00:27:24 -0500] "POST /kwsrmcab/Wsrmcab  HTTP/1.1" 200 43876
95.108.213.65 - - [03/Oct/2022:00:27:29 -0500] "-" 408 -
216.245.221.92 - - [03/Oct/2022:00:27:55 -0500] "HEAD / HTTP/1.1" 200 -
207.46.13.89 - - [03/Oct/2022:00:28:37 -0500] "GET /BLA/resoluciones/2002RES104.tif HTTP/1.1" 404 1018
207.46.13.89 - - [03/Oct/2022:00:28:48 -0500] "GET /BLA/resoluciones/AUTOS%202022/2185.pdf HTTP/1.1" 304 -
172.22.2.4 - - [03/Oct/2022:00:28:47 -0500] "HEAD /BLA/boletinlegal/ HTTP/1.1" 200 -
172.22.2.4 - - [03/Oct/2022:00:29:38 -0500] "GET /BLA/boletinlegal/ HTTP/1.1" 200 58163
201.245.192.253 - - [03/Oct/2022:00:31:41 -0500] "POST /kwsrmcab/Wsrmcab HTTP/1.1" 200 44493
201.245.192.253 - - [03/Oct/2022:00:31:45 -0500] "POST /kwsrmcab/Wsrmcab HTTP/1.1" 200 44841
201.245.192.253 - - [03/Oct/2022:00:32:22 -0500] "POST /kwsrmcab/Wsrmcab  HTTP/1.1" 200 43876
216.245.221.92 - - [03/Oct/2022:00:32:55 -0500] "HEAD / HTTP/1.1" 200 -
207.46.13.40 - - [03/Oct/2022:00:33:33 -0500] "GET /sipse/faces/faces/autenticacion.xhtml HTTP/1.1" 200 12500
207.46.13.190 - - [03/Oct/2022:00:36:07 -0500] "GET /BLA/resoluciones/index.php?dir=RESOLUCIONES+2020%2F HTTP/1.1" 200 165994
172.22.2.4 - - [03/Oct/2022:00:34:37 -0500] "HEAD /BLA/boletinlegal/ HTTP/1.1" 200 -
172.22.2.4 - - [03/Oct/2022:00:35:28 -0500] "GET /BLA/boletinlegal/ HTTP/1.1" 200 52877
207.46.13.89 - - [03/Oct/2022:00:37:18 -0500] "GET /BLA/resoluciones/RESOLUCIONES%202005/00001083.tif HTTP/1.1" 200 43540
201.245.192.253 - - [03/Oct/2022:00:37:22 -0500] "POST /kwsrmcab/Wsrmcab  HTTP/1.1" 200 43876
87.250.224.69 - - [03/Oct/2022:00:37:29 -0500] "-" 408 -
216.245.221.92 - - [03/Oct/2022:00:37:55 -0500] "HEAD / HTTP/1.1" 200 -
201.245.192.253 - - [03/Oct/2022:00:41:41 -0500] "POST /kwsrmcab/Wsrmcab HTTP/1.1" 200 44493
201.245.192.253 - - [03/Oct/2022:00:41:44 -0500] "POST /kwsrmcab/Wsrmcab HTTP/1.1" 200 44841
172.22.2.4 - - [03/Oct/2022:00:40:27 -0500] "HEAD /BLA/boletinlegal/ HTTP/1.1" 200 -
201.245.192.253 - - [03/Oct/2022:00:42:20 -0500] "POST /kwsrmcab/Wsrmcab  HTTP/1.1" 200 43876
216.245.221.92 - - [03/Oct/2022:00:42:55 -0500] "HEAD / HTTP/1.1" 200 -
172.22.2.4 - - [03/Oct/2022:00:41:18 -0500] "GET /BLA/boletinlegal/ HTTP/1.1" 200 59828
207.46.13.89 - - [03/Oct/2022:00:45:20 -0500] "GET /sipse/faces/autenticacion.xhtml HTTP/1.1" 200 12500
138.197.106.169 - - [03/Oct/2022:00:46:51 -0500] "\x16\x03\x01" 400 226
138.197.106.169 - - [03/Oct/2022:00:46:51 -0500] "\x16\x03\x01" 400 226
138.197.106.169 - - [03/Oct/2022:00:46:51 -0500] "GET / HTTP/1.1" 200 319
201.245.192.253 - - [03/Oct/2022:00:47:19 -0500] "POST /kwsrmcab/Wsrmcab  HTTP/1.1" 200 43876
216.245.221.92 - - [03/Oct/2022:00:47:55 -0500] "HEAD / HTTP/1.1" 200 -
172.22.2.4 - - [03/Oct/2022:00:46:17 -0500] "HEAD /BLA/boletinlegal/ HTTP/1.1" 200 -
5.45.207.152 - - [03/Oct/2022:00:47:58 -0500] "-" 408 -
172.22.2.4 - - [03/Oct/2022:00:47:08 -0500] "GET /BLA/boletinlegal/ HTTP/1.1" 200 59828
87.250.224.19 - - [03/Oct/2022:00:50:29 -0500] "-" 408 -
201.245.192.253 - - [03/Oct/2022:00:52:19 -0500] "POST /kwsrmcab/Wsrmcab  HTTP/1.1" 200 43876
43.131.66.209 - - [03/Oct/2022:00:52:25 -0500] "GET / HTTP/1.1" 200 319
157.55.39.25 - - [03/Oct/2022:00:52:39 -0500] "GET /BLA/resoluciones/AUTOS%202022/2192.pdf HTTP/1.1" 200 505372
216.245.221.92 - - [03/Oct/2022:00:52:55 -0500] "HEAD / HTTP/1.1" 200 -
172.22.2.4 - - [03/Oct/2022:00:53:21 -0500] "GET /BLA/boletinlegal/Circulares/2013/Circular%20No.%202%20del%2022%20de%20enero%20de%202013.pdf HTTP/1.1" 304 -
172.22.2.4 - - [03/Oct/2022:00:52:07 -0500] "HEAD /BLA/boletinlegal/ HTTP/1.1" 200 -
172.22.2.4 - - [03/Oct/2022:00:52:58 -0500] "GET /BLA/boletinlegal/ HTTP/1.1" 200 57725
207.46.13.213 - - [03/Oct/2022:00:57:07 -0500] "GET /portaldeninos/2021/06/10/ganadores-del-concurso-a-vuelo-de-pajaro-recibieron-reconocimientos-de-la-secretaria-de-ambiente/ HTTP/1.1" 200 109578
201.245.192.253 - - [03/Oct/2022:00:57:18 -0500] "POST /kwsrmcab/Wsrmcab  HTTP/1.1" 200 43876
192.241.217.44 - - [03/Oct/2022:00:57:46 -0500] "MGLNDD_190.27.245.106_80" 501 953
216.245.221.92 - - [03/Oct/2022:00:57:55 -0500] "HEAD / HTTP/1.1" 200 -
45.132.227.63 - - [03/Oct/2022:00:58:02 -0500] "GET / HTTP/1.1" 200 319
172.22.2.4 - - [03/Oct/2022:00:57:57 -0500] "HEAD /BLA/boletinlegal/ HTTP/1.1" 200 -
172.22.2.4 - - [03/Oct/2022:01:00:06 -0500] "GET /BLA/boletinlegal/admin/ HTTP/1.1" 200 2324
172.22.2.4 - - [03/Oct/2022:01:00:06 -0500] "GET /BLA/boletinlegal/favicon.ico HTTP/1.1" 404 1140
157.55.39.202 - - [03/Oct/2022:01:00:17 -0500] "GET /BLA/boletinlegal/Circulares/2021/CIRCULAR%20No.%2000007%20DEL%2010%20DE%20AGOSTO%20DEL%202021.pdf HTTP/1.1" 304 -
172.22.2.4 - - [03/Oct/2022:00:58:48 -0500] "GET /BLA/boletinlegal/ HTTP/1.1" 200 58163
87.250.224.81 - - [03/Oct/2022:01:00:28 -0500] "-" 408 -
152.61.192.232 - - [03/Oct/2022:01:01:46 -0500] "GET /arcgis/services/Calidad_del_Agua_WQI/MapServer/WMSServer?request=GetCapabilities&service=WMS HTTP/1.1" 503 1020
152.61.192.232 - - [03/Oct/2022:01:01:48 -0500] "GET /arcgis/services/Calidad_del_Agua_WQI/MapServer/WMSServer?SERVICE=WMS&REQUEST=GetCapabilities HTTP/1.1" 503 1020
152.61.192.232 - - [03/Oct/2022:01:01:48 -0500] "GET /arcgis/services/Calidad_del_Agua_WQI/MapServer/WMSServer?WMTVER=1.0.0&REQUEST=capabilities HTTP/1.1" 503 1020
201.245.192.253 - - [03/Oct/2022:01:02:17 -0500] "POST /kwsrmcab/Wsrmcab  HTTP/1.1" 200 43876
216.245.221.92 - - [03/Oct/2022:01:02:55 -0500] "HEAD / HTTP/1.1" 200 -
185.119.81.96 - - [03/Oct/2022:01:02:55 -0500] "GET /portaldeninos/wp-login.php HTTP/1.1" 200 2592
185.119.81.96 - - [03/Oct/2022:01:02:56 -0500] "POST /portaldeninos/wp-login.php HTTP/1.1" 200 3605
172.22.2.4 - - [03/Oct/2022:01:03:47 -0500] "HEAD /BLA/boletinlegal/ HTTP/1.1" 200 -
207.46.13.40 - - [03/Oct/2022:01:05:54 -0500] "GET /galeria/galeria/fotos/Jaboque2G.jpg HTTP/1.1" 200 322400
172.22.2.4 - - [03/Oct/2022:01:04:38 -0500] "GET /BLA/boletinlegal/ HTTP/1.1" 200 58163
201.245.192.253 - - [03/Oct/2022:01:07:16 -0500] "POST /kwsrmcab/Wsrmcab  HTTP/1.1" 200 43876
152.61.128.50 - - [03/Oct/2022:01:07:39 -0500] "GET /arcgis/services/Calidad_del_Agua_WQI/MapServer/WMSServer?request=GetCapabilities&service=WMS HTTP/1.1" 503 1020
152.61.128.50 - - [03/Oct/2022:01:07:40 -0500] "GET /arcgis/services/Calidad_del_Agua_WQI/MapServer/WMSServer?SERVICE=WMS&REQUEST=GetCapabilities HTTP/1.1" 503 1020
152.61.128.50 - - [03/Oct/2022:01:07:41 -0500] "GET /arcgis/services/Calidad_del_Agua_WQI/MapServer/WMSServer?WMTVER=1.0.0&REQUEST=capabilities HTTP/1.1" 503 1020
216.245.221.92 - - [03/Oct/2022:01:07:55 -0500] "HEAD / HTTP/1.1" 200 -
207.46.13.190 - - [03/Oct/2022:01:09:17 -0500] "GET /BLA/resoluciones/00000314.tif HTTP/1.1" 404 1018
157.55.39.25 - - [03/Oct/2022:01:09:32 -0500] "GET /galeria/galeria/fotos/Jaboque4G.jpg HTTP/1.1" 200 295106
5.255.253.138 - - [03/Oct/2022:01:10:28 -0500] "-" 408 -
172.22.2.4 - - [03/Oct/2022:01:09:37 -0500] "HEAD /BLA/boletinlegal/ HTTP/1.1" 200 -
207.46.13.190 - - [03/Oct/2022:01:11:59 -0500] "GET /forest/ HTTP/1.1" 200 12041
172.22.2.4 - - [03/Oct/2022:01:10:27 -0500] "GET /BLA/boletinlegal/ HTTP/1.1" 200 58163
201.245.192.253 - - [03/Oct/2022:01:12:14 -0500] "POST /kwsrmcab/Wsrmcab  HTTP/1.1" 200 43876
216.245.221.92 - - [03/Oct/2022:01:12:55 -0500] "HEAD / HTTP/1.1" 200 -
207.46.13.40 - - [03/Oct/2022:01:13:55 -0500] "GET /BLA/resoluciones/RESOLUCIONES%202002/RES%202002%20101-150/2002RES122.tif HTTP/1.1" 200 88430
207.46.13.190 - - [03/Oct/2022:01:14:18 -0500] "GET /BLA/resoluciones/00000883.tif HTTP/1.1" 404 1018
157.55.39.25 - - [03/Oct/2022:01:16:01 -0500] "GET /BLA/resoluciones/RESOLUCIONES%202021/0753.pdf HTTP/1.1" 200 510227
172.22.2.4 - - [03/Oct/2022:01:15:27 -0500] "HEAD /BLA/boletinlegal/ HTTP/1.1" 200 -
201.245.192.253 - - [03/Oct/2022:01:17:13 -0500] "POST /kwsrmcab/Wsrmcab  HTTP/1.1" 200 43876
66.249.64.15 - - [03/Oct/2022:01:17:28 -0500] "-" 408 -
216.245.221.92 - - [03/Oct/2022:01:17:55 -0500] "HEAD / HTTP/1.1" 200 -
172.22.2.4 - - [03/Oct/2022:01:16:18 -0500] "GET /BLA/boletinlegal/ HTTP/1.1" 200 58955
5.45.207.136 - - [03/Oct/2022:01:20:28 -0500] "-" 408 -
201.245.192.253 - - [03/Oct/2022:01:21:41 -0500] "POST /kwsrmcab/Wsrmcab HTTP/1.1" 200 43365
201.245.192.253 - - [03/Oct/2022:01:21:44 -0500] "POST /kwsrmcab/Wsrmcab HTTP/1.1" 200 45004
201.245.192.253 - - [03/Oct/2022:01:22:11 -0500] "POST /kwsrmcab/Wsrmcab  HTTP/1.1" 200 43876
216.245.221.92 - - [03/Oct/2022:01:22:55 -0500] "HEAD / HTTP/1.1" 200 -
172.22.2.4 - - [03/Oct/2022:01:21:17 -0500] "HEAD /BLA/boletinlegal/ HTTP/1.1" 200 -
172.22.2.4 - - [03/Oct/2022:01:22:07 -0500] "GET /BLA/boletinlegal/ HTTP/1.1" 200 58163
172.22.2.4 - - [03/Oct/2022:01:26:15 -0500] "GET /BLA/boletinlegal/ HTTP/1.1" 200 32715
201.245.192.253 - - [03/Oct/2022:01:27:10 -0500] "POST /kwsrmcab/Wsrmcab  HTTP/1.1" 200 43876
216.245.221.92 - - [03/Oct/2022:01:27:55 -0500] "HEAD / HTTP/1.1" 200 -
185.119.81.96 - - [03/Oct/2022:01:28:35 -0500] "GET /portaldeninos/wp-login.php HTTP/1.1" 200 2592
185.119.81.96 - - [03/Oct/2022:01:28:36 -0500] "POST /portaldeninos/wp-login.php HTTP/1.1" 200 3670
172.22.2.4 - - [03/Oct/2022:01:27:07 -0500] "HEAD /BLA/boletinlegal/ HTTP/1.1" 200 -
185.119.81.109 - - [03/Oct/2022:01:28:48 -0500] "GET /portaldeninos/wp-login.php HTTP/1.1" 200 2592
185.119.81.109 - - [03/Oct/2022:01:28:49 -0500] "POST /portaldeninos/wp-login.php HTTP/1.1" 200 3605
172.22.2.4 - - [03/Oct/2022:01:27:57 -0500] "GET /BLA/boletinlegal/ HTTP/1.1" 200 57375
185.216.71.180 - - [03/Oct/2022:01:29:41 -0500] "GET / HTTP/1.1" 200 319
185.216.71.180 - - [03/Oct/2022:01:29:42 -0500] "POST /HNAP1/ HTTP/1.1" 404 1018
185.216.71.181 - - [03/Oct/2022:01:29:54 -0500] "GET / HTTP/1.1" 200 319
185.216.71.181 - - [03/Oct/2022:01:29:54 -0500] "POST /HNAP1/ HTTP/1.1" 404 1018
172.22.2.4 - - [03/Oct/2022:01:29:23 -0500] "GET /BLA/boletinlegal/ HTTP/1.1" 200 40907
87.250.224.91 - - [03/Oct/2022:01:30:28 -0500] "-" 408 -
201.245.192.253 - - [03/Oct/2022:01:31:41 -0500] "POST /kwsrmcab/Wsrmcab HTTP/1.1" 200 43365
201.245.192.253 - - [03/Oct/2022:01:31:44 -0500] "POST /kwsrmcab/Wsrmcab HTTP/1.1" 200 45004
201.245.192.253 - - [03/Oct/2022:01:32:09 -0500] "POST /kwsrmcab/Wsrmcab  HTTP/1.1" 200 43876
216.245.221.92 - - [03/Oct/2022:01:32:55 -0500] "HEAD / HTTP/1.1" 200 -
172.22.2.4 - - [03/Oct/2022:01:33:20 -0500] "GET /BLA/boletinlegal/Circulares/2020/Circular%2000010%20del%2027%20de%20julio%20de%202020.pdf HTTP/1.1" 304 -
172.22.2.4 - - [03/Oct/2022:01:33:21 -0500] "GET /BLA/boletinlegal/jurisprudencia/analisis/AnalisisC-746-12.docx HTTP/1.1" 304 -
172.22.2.4 - - [03/Oct/2022:01:33:22 -0500] "GET /BLA/boletinlegal/Circulares/2012/Circular%20No.%209%20del%2021%20de%20Agosto%20de%202012.pdf HTTP/1.1" 304 -
172.22.2.4 - - [03/Oct/2022:01:33:22 -0500] "GET /BLA/boletinlegal/Directivas/2009/Directiva%20No.%20del%2023%20de%20Diciembre%20de%202009.pdf HTTP/1.1" 304 -
34.90.147.60 - - [03/Oct/2022:01:33:41 -0500] "GET / HTTP/1.1" 200 4720
34.90.147.60 - - [03/Oct/2022:01:33:41 -0500] "GET / HTTP/1.1" 200 319
172.22.2.4 - - [03/Oct/2022:01:32:57 -0500] "HEAD /BLA/boletinlegal/ HTTP/1.1" 200 -
185.119.81.101 - - [03/Oct/2022:01:35:10 -0500] "GET /portaldeninos/wp-login.php HTTP/1.1" 200 2592
185.119.81.101 - - [03/Oct/2022:01:35:11 -0500] "POST /portaldeninos/wp-login.php HTTP/1.1" 200 3650
172.22.2.4 - - [03/Oct/2022:01:33:48 -0500] "GET /BLA/boletinlegal/ HTTP/1.1" 200 57375
201.245.192.253 - - [03/Oct/2022:01:37:08 -0500] "POST /kwsrmcab/Wsrmcab  HTTP/1.1" 503 1020
172.22.2.4 - - [03/Oct/2022:01:35:40 -0500] "GET /BLA/boletinlegal/ HTTP/1.1" 200 63207
216.245.221.92 - - [03/Oct/2022:01:37:55 -0500] "HEAD / HTTP/1.1" 200 -
172.22.2.4 - - [03/Oct/2022:01:37:25 -0500] "GET /BLA/boletinlegal/ HTTP/1.1" 200 24523
201.245.192.253 - - [03/Oct/2022:01:38:09 -0500] "POST /kwsrmcab/Wsrmcab  HTTP/1.1" 503 1020
201.245.192.253 - - [03/Oct/2022:01:39:08 -0500] "POST /kwsrmcab/Wsrmcab  HTTP/1.1" 200 43876
201.245.192.253 - - [03/Oct/2022:01:40:10 -0500] "POST /kwsrmcab/Wsrmcab  HTTP/1.1" 200 43876
172.22.2.4 - - [03/Oct/2022:01:38:47 -0500] "HEAD /BLA/boletinlegal/ HTTP/1.1" 200 -
87.250.224.167 - - [03/Oct/2022:01:40:28 -0500] "-" 408 -
172.22.2.4 - - [03/Oct/2022:01:39:37 -0500] "GET /BLA/boletinlegal/ HTTP/1.1" 200 60281
201.245.192.253 - - [03/Oct/2022:01:41:41 -0500] "POST /kwsrmcab/Wsrmcab HTTP/1.1" 200 43365
201.245.192.253 - - [03/Oct/2022:01:41:44 -0500] "GET /kwsrmcab/Wsrmcab?wsdl HTTP/1.1" 200 6948
201.245.192.253 - - [03/Oct/2022:01:41:44 -0500] "POST /kwsrmcab/Wsrmcab HTTP/1.1" 200 45004
216.245.221.92 - - [03/Oct/2022:01:42:55 -0500] "HEAD / HTTP/1.1" 200 -
198.235.24.146 - - [03/Oct/2022:01:43:43 -0500] "GET / HTTP/1.1" 200 4720
201.245.192.253 - - [03/Oct/2022:01:45:10 -0500] "POST /kwsrmcab/Wsrmcab  HTTP/1.1" 200 43876
172.22.2.4 - - [03/Oct/2022:01:44:37 -0500] "HEAD /BLA/boletinlegal/ HTTP/1.1" 200 -
172.22.2.4 - - [03/Oct/2022:01:45:27 -0500] "GET /BLA/boletinlegal/ HTTP/1.1" 200 60281
207.46.13.40 - - [03/Oct/2022:01:47:08 -0500] "GET /BLA/resoluciones/00000878.tif HTTP/1.1" 404 1018
216.245.221.92 - - [03/Oct/2022:01:47:55 -0500] "HEAD / HTTP/1.1" 200 -
201.245.192.253 - - [03/Oct/2022:01:50:08 -0500] "POST /kwsrmcab/Wsrmcab  HTTP/1.1" 200 43876
95.108.213.62 - - [03/Oct/2022:01:50:28 -0500] "-" 408 -
185.119.81.102 - - [03/Oct/2022:01:51:19 -0500] "GET /portaldeninos/wp-login.php HTTP/1.1" 200 2592
185.119.81.102 - - [03/Oct/2022:01:51:20 -0500] "POST /portaldeninos/wp-login.php HTTP/1.1" 200 3605
172.22.2.4 - - [03/Oct/2022:01:50:27 -0500] "HEAD /BLA/boletinlegal/ HTTP/1.1" 200 -
216.245.221.92 - - [03/Oct/2022:01:52:55 -0500] "HEAD / HTTP/1.1" 200 -
172.22.2.4 - - [03/Oct/2022:01:51:17 -0500] "GET /BLA/boletinlegal/ HTTP/1.1" 200 58163
157.55.39.25 - - [03/Oct/2022:01:55:09 -0500] "GET /BLA/resoluciones/AUTOS%202016/1471.pdf HTTP/1.1" 200 488242
201.245.192.253 - - [03/Oct/2022:01:55:07 -0500] "POST /kwsrmcab/Wsrmcab  HTTP/1.1" 200 43876
216.245.221.92 - - [03/Oct/2022:01:57:55 -0500] "HEAD / HTTP/1.1" 200 -
172.22.2.4 - - [03/Oct/2022:01:56:17 -0500] "HEAD /BLA/boletinlegal/ HTTP/1.1" 200 -
172.22.2.4 - - [03/Oct/2022:01:57:08 -0500] "GET /BLA/boletinlegal/ HTTP/1.1" 200 57375
201.245.192.253 - - [03/Oct/2022:02:00:07 -0500] "POST /kwsrmcab/Wsrmcab  HTTP/1.1" 200 43876
87.250.224.80 - - [03/Oct/2022:02:00:28 -0500] "-" 408 -
207.46.13.190 - - [03/Oct/2022:02:02:03 -0500] "GET /BLA/resoluciones/RESOLUCIONES%202002/RES%202002%20851-900/00000881.tif HTTP/1.1" 200 39980
192.241.212.117 - - [03/Oct/2022:02:02:10 -0500] "GET / HTTP/1.1" 200 319
216.245.221.92 - - [03/Oct/2022:02:02:55 -0500] "HEAD / HTTP/1.1" 200 -
172.22.2.4 - - [03/Oct/2022:02:02:07 -0500] "HEAD /BLA/boletinlegal/ HTTP/1.1" 200 -
172.22.2.4 - - [03/Oct/2022:02:02:57 -0500] "GET /BLA/boletinlegal/ HTTP/1.1" 200 58163
207.46.13.40 - - [03/Oct/2022:02:04:39 -0500] "GET /BLA/resoluciones/AUTOS%202022/0187.pdf HTTP/1.1" 200 441840
201.245.192.253 - - [03/Oct/2022:02:05:06 -0500] "POST /kwsrmcab/Wsrmcab  HTTP/1.1" 200 43876
157.55.39.25 - - [03/Oct/2022:02:05:37 -0500] "GET /BLA/resoluciones/RESOLUCIONES%202005/0508.tif HTTP/1.1" 200 277750
216.245.221.92 - - [03/Oct/2022:02:07:55 -0500] "HEAD / HTTP/1.1" 200 -
172.22.2.4 - - [03/Oct/2022:02:07:57 -0500] "HEAD /BLA/boletinlegal/ HTTP/1.1" 200 -
201.245.192.253 - - [03/Oct/2022:02:10:06 -0500] "POST /kwsrmcab/Wsrmcab  HTTP/1.1" 200 43876
172.22.2.4 - - [03/Oct/2022:02:08:47 -0500] "GET /BLA/boletinlegal/ HTTP/1.1" 200 59828
87.250.224.31 - - [03/Oct/2022:02:10:28 -0500] "-" 408 -
216.245.221.92 - - [03/Oct/2022:02:12:55 -0500] "HEAD / HTTP/1.1" 200 -
201.245.192.253 - - [03/Oct/2022:02:15:04 -0500] "POST /kwsrmcab/Wsrmcab  HTTP/1.1" 200 43876
172.22.2.4 - - [03/Oct/2022:02:13:47 -0500] "HEAD /BLA/boletinlegal/ HTTP/1.1" 200 -
172.22.2.4 - - [03/Oct/2022:02:14:37 -0500] "GET /BLA/boletinlegal/ HTTP/1.1" 200 58163
185.119.81.102 - - [03/Oct/2022:02:16:34 -0500] "GET /portaldeninos/wp-login.php HTTP/1.1" 200 2592
185.119.81.102 - - [03/Oct/2022:02:16:35 -0500] "POST /portaldeninos/wp-login.php HTTP/1.1" 200 3670
172.22.2.4 - - [03/Oct/2022:02:17:28 -0500] "GET /BLA/boletinlegal/Circulares/2012/Circular%20No.%2012%20del%2028%20de%20Agosto%20de%202012.pdf HTTP/1.1" 304 -
66.249.64.17 - - [03/Oct/2022:02:17:28 -0500] "-" 408 -
216.245.221.92 - - [03/Oct/2022:02:17:55 -0500] "HEAD / HTTP/1.1" 200 -
207.46.13.40 - - [03/Oct/2022:02:18:45 -0500] "GET /sipse/faces/javax.faces.resource/primefaces.js;jsessionid=7u7v5yititrsjmkpdevnuoxa.undefined?ln=primefaces&v=4.0 HTTP/1.1" 200 276924
201.245.192.253 - - [03/Oct/2022:02:20:03 -0500] "POST /kwsrmcab/Wsrmcab  HTTP/1.1" 200 43876
5.255.253.106 - - [03/Oct/2022:02:20:28 -0500] "-" 408 -
5.255.253.174 - - [03/Oct/2022:02:20:34 -0500] "-" 408 -
5.45.207.133 - - [03/Oct/2022:02:20:39 -0500] "-" 408 -
87.250.224.175 - - [03/Oct/2022:02:20:45 -0500] "-" 408 -
87.250.224.4 - - [03/Oct/2022:02:21:00 -0500] "-" 408 -
213.180.203.85 - - [03/Oct/2022:02:21:15 -0500] "-" 408 -
172.22.2.4 - - [03/Oct/2022:02:19:37 -0500] "HEAD /BLA/boletinlegal/ HTTP/1.1" 200 -
201.245.192.253 - - [03/Oct/2022:02:21:41 -0500] "POST /kwsrmcab/Wsrmcab HTTP/1.1" 200 44187
87.250.224.37 - - [03/Oct/2022:02:21:45 -0500] "-" 408 -
201.245.192.253 - - [03/Oct/2022:02:21:44 -0500] "POST /kwsrmcab/Wsrmcab HTTP/1.1" 200 45008
185.119.81.102 - - [03/Oct/2022:02:22:00 -0500] "GET /portaldeninos/wp-login.php HTTP/1.1" 200 2592
185.119.81.102 - - [03/Oct/2022:02:22:01 -0500] "POST /portaldeninos/wp-login.php HTTP/1.1" 200 3670
172.22.2.4 - - [03/Oct/2022:02:20:27 -0500] "GET /BLA/boletinlegal/ HTTP/1.1" 200 58163
216.245.221.92 - - [03/Oct/2022:02:22:55 -0500] "HEAD / HTTP/1.1" 200 -
186.102.59.50 - - [03/Oct/2022:02:23:34 -0500] "GET /inventario-de-emisiones-2020-transporte-publico-sitp-redujo-emisiones-de-pm-2-5-en-un-37.html HTTP/1.1" 200 925
5.255.253.166 - - [03/Oct/2022:02:23:58 -0500] "-" 408 -
213.180.203.3 - - [03/Oct/2022:02:24:58 -0500] "-" 408 -
201.245.192.253 - - [03/Oct/2022:02:25:02 -0500] "POST /kwsrmcab/Wsrmcab  HTTP/1.1" 200 43876
207.46.13.84 - - [03/Oct/2022:02:26:28 -0500] "GET /BLA/resoluciones/AUTOS%202011/2720.pdf HTTP/1.1" 200 267279
207.46.13.89 - - [03/Oct/2022:02:26:49 -0500] "GET /BLA/resoluciones/RESOLUCIONES%202022/0452.pdf HTTP/1.1" 200 340766
173.252.95.117 - - [03/Oct/2022:02:26:58 -0500] "GET /images/eficiencia-energetica-11-marzo.jpg HTTP/1.1" 200 46478
87.250.224.144 - - [03/Oct/2022:02:26:58 -0500] "-" 408 -
172.22.2.4 - - [03/Oct/2022:02:25:27 -0500] "HEAD /BLA/boletinlegal/ HTTP/1.1" 200 -
172.105.89.161 - - [03/Oct/2022:02:27:53 -0500] "\xba\xabd\xa1EZC\xdbM\x87\xee^\xfd\xbf\x159 X\xd4>\x12\x98\xc4<\xe0\x13\xcf" 400 226
216.245.221.92 - - [03/Oct/2022:02:27:55 -0500] "HEAD / HTTP/1.1" 200 -
172.22.2.4 - - [03/Oct/2022:02:26:17 -0500] "GET /BLA/boletinlegal/ HTTP/1.1" 200 58163
31.13.127.118 - - [03/Oct/2022:02:27:58 -0500] "GET /images/mercados-campesinos-5-mayo.jpg HTTP/1.1" 200 95848
87.250.224.114 - - [03/Oct/2022:02:29:58 -0500] "-" 408 -
201.245.192.253 - - [03/Oct/2022:02:29:59 -0500] "POST /kwsrmcab/Wsrmcab  HTTP/1.1" 200 43876
201.245.192.253 - - [03/Oct/2022:02:31:40 -0500] "POST /kwsrmcab/Wsrmcab HTTP/1.1" 200 44187
201.245.192.253 - - [03/Oct/2022:02:31:44 -0500] "POST /kwsrmcab/Wsrmcab HTTP/1.1" 200 45008
216.245.221.92 - - [03/Oct/2022:02:32:55 -0500] "HEAD / HTTP/1.1" 200 -
172.22.2.4 - - [03/Oct/2022:02:31:17 -0500] "HEAD /BLA/boletinlegal/ HTTP/1.1" 200 -
157.55.39.142 - - [03/Oct/2022:02:33:45 -0500] "GET / HTTP/1.1" 200 319
172.22.2.4 - - [03/Oct/2022:02:32:07 -0500] "GET /BLA/boletinlegal/ HTTP/1.1" 200 54823
87.250.224.117 - - [03/Oct/2022:02:34:58 -0500] "-" 408 -
201.245.192.253 - - [03/Oct/2022:02:34:58 -0500] "POST /kwsrmcab/Wsrmcab  HTTP/1.1" 200 43876
172.22.2.4 - - [03/Oct/2022:02:37:46 -0500] "GET /BLA/boletinlegal/favicon.ico HTTP/1.1" 404 1038
216.245.221.92 - - [03/Oct/2022:02:37:55 -0500] "HEAD / HTTP/1.1" 200 -
103.245.78.68 - - [03/Oct/2022:02:38:11 -0500] "GET / HTTP/1.1" 200 319
172.22.2.4 - - [03/Oct/2022:02:37:07 -0500] "HEAD /BLA/boletinlegal/ HTTP/1.1" 200 -
207.46.13.89 - - [03/Oct/2022:02:39:30 -0500] "GET /BLA/resoluciones/00001786.tif HTTP/1.1" 404 1018
172.22.2.4 - - [03/Oct/2022:02:37:57 -0500] "GET /BLA/boletinlegal/ HTTP/1.1" 200 53290
201.245.192.253 - - [03/Oct/2022:02:39:57 -0500] "POST /kwsrmcab/Wsrmcab  HTTP/1.1" 200 43876
201.245.192.253 - - [03/Oct/2022:02:41:41 -0500] "POST /kwsrmcab/Wsrmcab HTTP/1.1" 200 44187
201.245.192.253 - - [03/Oct/2022:02:41:44 -0500] "POST /kwsrmcab/Wsrmcab HTTP/1.1" 200 45008
216.245.221.92 - - [03/Oct/2022:02:42:55 -0500] "HEAD / HTTP/1.1" 200 -
87.250.224.43 - - [03/Oct/2022:02:42:58 -0500] "-" 408 -
172.22.2.4 - - [03/Oct/2022:02:42:57 -0500] "HEAD /BLA/boletinlegal/ HTTP/1.1" 200 -
201.245.192.253 - - [03/Oct/2022:02:44:56 -0500] "POST /kwsrmcab/Wsrmcab  HTTP/1.1" 200 43876
172.22.2.4 - - [03/Oct/2022:02:43:47 -0500] "GET /BLA/boletinlegal/ HTTP/1.1" 200 56732
216.245.221.92 - - [03/Oct/2022:02:47:55 -0500] "HEAD / HTTP/1.1" 200 -
207.46.13.40 - - [03/Oct/2022:02:49:14 -0500] "GET /BLA/resoluciones/RESOLUCIONES%202005/2646.tif HTTP/1.1" 200 62154
201.245.192.253 - - [03/Oct/2022:02:49:55 -0500] "POST /kwsrmcab/Wsrmcab  HTTP/1.1" 200 43876
172.22.2.4 - - [03/Oct/2022:02:48:47 -0500] "HEAD /BLA/boletinlegal/ HTTP/1.1" 200 -
138.197.168.37 - - [03/Oct/2022:02:50:55 -0500] "\x16\x03\x01" 400 226
138.197.168.37 - - [03/Oct/2022:02:50:55 -0500] "\x16\x03\x01" 400 226
138.197.168.37 - - [03/Oct/2022:02:50:55 -0500] "GET / HTTP/1.1" 200 319
172.22.2.4 - - [03/Oct/2022:02:49:37 -0500] "GET /BLA/boletinlegal/ HTTP/1.1" 200 57725
207.46.13.89 - - [03/Oct/2022:02:52:20 -0500] "GET /BLA/resoluciones/AUTOS%202016/1005.pdf HTTP/1.1" 200 618362
207.46.13.89 - - [03/Oct/2022:02:52:23 -0500] "GET /BLA/resoluciones/AUTOS%202014/0169.pdf HTTP/1.1" 200 702151
216.245.221.92 - - [03/Oct/2022:02:52:55 -0500] "HEAD / HTTP/1.1" 200 -
5.255.231.131 - - [03/Oct/2022:02:52:58 -0500] "-" 408 -
207.46.13.89 - - [03/Oct/2022:02:53:20 -0500] "GET /BLA/resoluciones/RESOLUCIONES%202002/RES%202002%20851-900/00000877.tif HTTP/1.1" 200 36778
201.245.192.253 - - [03/Oct/2022:02:54:55 -0500] "POST /kwsrmcab/Wsrmcab  HTTP/1.1" 200 43876
172.22.2.4 - - [03/Oct/2022:02:54:37 -0500] "HEAD /BLA/boletinlegal/ HTTP/1.1" 200 -
172.22.2.4 - - [03/Oct/2022:02:55:27 -0500] "GET /BLA/boletinlegal/ HTTP/1.1" 200 60281
216.245.221.92 - - [03/Oct/2022:02:57:55 -0500] "HEAD / HTTP/1.1" 200 -
207.46.13.89 - - [03/Oct/2022:02:58:51 -0500] "GET /BLA/resoluciones/RESOLUCIONES%202005/00001062.tif HTTP/1.1" 200 797054
172.22.2.4 - - [03/Oct/2022:02:58:58 -0500] "GET /BLA/boletinlegal/.env HTTP/1.1" 404 1018
201.245.192.253 - - [03/Oct/2022:02:59:53 -0500] "POST /kwsrmcab/Wsrmcab  HTTP/1.1" 200 43876
172.22.2.4 - - [03/Oct/2022:03:00:27 -0500] "HEAD /BLA/boletinlegal/ HTTP/1.1" 200 -
159.65.34.87 - - [03/Oct/2022:03:02:51 -0500] "HEAD /icons/apache_pb.gif HTTP/1.0" 200 -
216.245.221.92 - - [03/Oct/2022:03:02:55 -0500] "HEAD / HTTP/1.1" 200 -
172.22.2.4 - - [03/Oct/2022:03:01:17 -0500] "GET /BLA/boletinlegal/ HTTP/1.1" 200 58163
95.108.213.65 - - [03/Oct/2022:03:02:58 -0500] "-" 408 -
207.46.13.40 - - [03/Oct/2022:03:04:36 -0500] "GET /BLA/resoluciones/RESOLUCIONES%202000/2000%20400-449.tif HTTP/1.1" 200 5239335
201.245.192.253 - - [03/Oct/2022:03:04:52 -0500] "POST /kwsrmcab/Wsrmcab  HTTP/1.1" 200 43876
216.245.221.92 - - [03/Oct/2022:03:07:55 -0500] "HEAD / HTTP/1.1" 200 -
172.22.2.4 - - [03/Oct/2022:03:06:17 -0500] "HEAD /BLA/boletinlegal/ HTTP/1.1" 200 -
172.22.2.4 - - [03/Oct/2022:03:07:38 -0500] "GET /BLA/boletinlegal/ HTTP/1.1" 200 24523
172.22.2.4 - - [03/Oct/2022:03:07:07 -0500] "GET /BLA/boletinlegal/ HTTP/1.1" 200 44896
201.245.192.253 - - [03/Oct/2022:03:09:51 -0500] "POST /kwsrmcab/Wsrmcab  HTTP/1.1" 200 43876
157.55.39.25 - - [03/Oct/2022:03:10:34 -0500] "GET /catalogoisis/ HTTP/1.1" 200 8575
207.46.13.84 - - [03/Oct/2022:03:11:04 -0500] "GET /bla/resoluciones/index.php?dir=resoluciones+2005/res+2005+2651-2700 HTTP/1.1" 200 12369
182.126.125.135 - - [03/Oct/2022:03:12:37 -0500] "POST /HNAP1/ HTTP/1.0" 400 945
216.245.221.92 - - [03/Oct/2022:03:12:55 -0500] "HEAD / HTTP/1.1" 200 -
95.108.213.41 - - [03/Oct/2022:03:12:58 -0500] "-" 408 -
172.22.2.4 - - [03/Oct/2022:03:12:07 -0500] "HEAD /BLA/boletinlegal/ HTTP/1.1" 200 -
172.22.2.4 - - [03/Oct/2022:03:12:57 -0500] "GET /BLA/boletinlegal/ HTTP/1.1" 200 59828
201.245.192.253 - - [03/Oct/2022:03:14:50 -0500] "POST /kwsrmcab/Wsrmcab  HTTP/1.1" 200 43876
172.22.2.4 - - [03/Oct/2022:03:14:36 -0500] "GET /BLA/boletinlegal/ HTTP/1.1" 200 32715
157.55.39.159 - - [03/Oct/2022:03:16:30 -0500] "GET /inventario-de-emisiones-2020-transporte-publico-sitp-redujo-emisiones-de-pm-2-5-en-un-37.html HTTP/1.1" 200 925
216.245.221.92 - - [03/Oct/2022:03:17:55 -0500] "HEAD / HTTP/1.1" 200 -
184.105.139.122 - - [03/Oct/2022:03:19:31 -0500] "GET /favicon.ico HTTP/1.1" 200 7782
172.22.2.4 - - [03/Oct/2022:03:17:57 -0500] "HEAD /BLA/boletinlegal/ HTTP/1.1" 200 -
201.245.192.253 - - [03/Oct/2022:03:19:48 -0500] "POST /kwsrmcab/Wsrmcab  HTTP/1.1" 200 43876
172.22.2.4 - - [03/Oct/2022:03:18:47 -0500] "GET /BLA/boletinlegal/ HTTP/1.1" 200 58163
207.46.13.40 - - [03/Oct/2022:03:20:46 -0500] "GET /galeria/galeria/jquery.fancybox.css?v=2.1.5 HTTP/1.1" 200 4895
207.46.13.89 - - [03/Oct/2022:03:21:33 -0500] "GET /BLA/resoluciones/RESOLUCIONES%202002/RES%202002%20101-150/2002RES131.tif HTTP/1.1" 200 81920
201.245.192.253 - - [03/Oct/2022:03:21:41 -0500] "POST /kwsrmcab/Wsrmcab HTTP/1.1" 200 44024
201.245.192.253 - - [03/Oct/2022:03:21:44 -0500] "POST /kwsrmcab/Wsrmcab HTTP/1.1" 200 44999
207.46.13.89 - - [03/Oct/2022:03:22:34 -0500] "GET /BLA/resoluciones/index.php?dir=RESOLUCIONES+2006%2FRES+2006+851-900%2F HTTP/1.1" 200 12234
207.46.13.89 - - [03/Oct/2022:03:22:53 -0500] "GET /BLA/resoluciones/dlf/styles.css HTTP/1.1" 200 3049
216.245.221.92 - - [03/Oct/2022:03:22:55 -0500] "HEAD / HTTP/1.1" 200 -
5.45.207.152 - - [03/Oct/2022:03:22:58 -0500] "-" 408 -
207.46.13.190 - - [03/Oct/2022:03:23:20 -0500] "GET /BLA/resoluciones/RESOLUCIONES%202000/2000%201050-1099.tif HTTP/1.1" 200 4573468
201.245.192.253 - - [03/Oct/2022:03:24:47 -0500] "POST /kwsrmcab/Wsrmcab  HTTP/1.1" 200 43876
172.22.2.4 - - [03/Oct/2022:03:23:47 -0500] "HEAD /BLA/boletinlegal/ HTTP/1.1" 200 -
172.22.2.4 - - [03/Oct/2022:03:24:37 -0500] "GET /BLA/boletinlegal/ HTTP/1.1" 200 58163
216.245.221.92 - - [03/Oct/2022:03:27:55 -0500] "HEAD / HTTP/1.1" 200 -
172.22.2.4 - - [03/Oct/2022:03:28:26 -0500] "GET /BLA/boletinlegal/jurisprudencia/analisis/AnalisisC-035-16.docx HTTP/1.1" 304 -
201.245.192.253 - - [03/Oct/2022:03:29:47 -0500] "POST /kwsrmcab/Wsrmcab  HTTP/1.1" 200 43876
172.22.2.4 - - [03/Oct/2022:03:29:37 -0500] "HEAD /BLA/boletinlegal/ HTTP/1.1" 200 -
68.183.151.250 - - [03/Oct/2022:03:31:24 -0500] "HEAD /icons/apache_pb.gif HTTP/1.0" 200 -
201.245.192.253 - - [03/Oct/2022:03:31:41 -0500] "POST /kwsrmcab/Wsrmcab HTTP/1.1" 200 44024
201.245.192.253 - - [03/Oct/2022:03:31:44 -0500] "POST /kwsrmcab/Wsrmcab HTTP/1.1" 200 44999
207.46.13.89 - - [03/Oct/2022:03:32:04 -0500] "GET /BLA/resoluciones/RESOLUCIONES%202002/RES%202002%20851-900/00000895.tif HTTP/1.1" 200 145656
172.22.2.4 - - [03/Oct/2022:03:30:27 -0500] "GET /BLA/boletinlegal/ HTTP/1.1" 200 58163
216.245.221.92 - - [03/Oct/2022:03:32:55 -0500] "HEAD / HTTP/1.1" 200 -
201.245.192.253 - - [03/Oct/2022:03:34:46 -0500] "POST /kwsrmcab/Wsrmcab  HTTP/1.1" 200 43876
172.22.2.4 - - [03/Oct/2022:03:35:27 -0500] "HEAD /BLA/boletinlegal/ HTTP/1.1" 200 -
216.245.221.92 - - [03/Oct/2022:03:37:55 -0500] "HEAD / HTTP/1.1" 200 -
172.22.2.4 - - [03/Oct/2022:03:36:17 -0500] "GET /BLA/boletinlegal/ HTTP/1.1" 200 58163
201.245.192.253 - - [03/Oct/2022:03:39:45 -0500] "POST /kwsrmcab/Wsrmcab  HTTP/1.1" 200 43876
185.216.71.180 - - [03/Oct/2022:03:40:35 -0500] "GET / HTTP/1.1" 200 319
185.216.71.180 - - [03/Oct/2022:03:40:38 -0500] "POST /HNAP1/ HTTP/1.1" 404 1018
172.22.2.4 - - [03/Oct/2022:03:39:41 -0500] "GET /BLA/boletinlegal/ HTTP/1.1" 200 62772
201.245.192.253 - - [03/Oct/2022:03:41:40 -0500] "POST /kwsrmcab/Wsrmcab HTTP/1.1" 200 44024
201.245.192.253 - - [03/Oct/2022:03:41:43 -0500] "POST /kwsrmcab/Wsrmcab HTTP/1.1" 200 44999
192.241.218.109 - - [03/Oct/2022:03:42:02 -0500] "GET /ReportServer HTTP/1.1" 404 1018
216.245.221.92 - - [03/Oct/2022:03:42:55 -0500] "HEAD / HTTP/1.1" 200 -
172.22.2.4 - - [03/Oct/2022:03:41:17 -0500] "HEAD /BLA/boletinlegal/ HTTP/1.1" 200 -
172.22.2.4 - - [03/Oct/2022:03:42:07 -0500] "GET /BLA/boletinlegal/ HTTP/1.1" 200 56376
201.245.192.253 - - [03/Oct/2022:03:44:43 -0500] "POST /kwsrmcab/Wsrmcab  HTTP/1.1" 200 43876
207.46.13.84 - - [03/Oct/2022:03:45:16 -0500] "GET /BLA/resoluciones/RESOLUCIONES%202005/RES%202005%201751-1800/00001788.tif HTTP/1.1" 200 254076
216.245.221.92 - - [03/Oct/2022:03:47:55 -0500] "HEAD / HTTP/1.1" 200 -
172.22.2.4 - - [03/Oct/2022:03:47:07 -0500] "HEAD /BLA/boletinlegal/ HTTP/1.1" 200 -
172.22.2.4 - - [03/Oct/2022:03:47:57 -0500] "GET /BLA/boletinlegal/ HTTP/1.1" 200 59828
201.245.192.253 - - [03/Oct/2022:03:49:43 -0500] "POST /kwsrmcab/Wsrmcab  HTTP/1.1" 200 43876
157.55.39.25 - - [03/Oct/2022:03:50:35 -0500] "GET /BLA/resoluciones/index.php?dir=RESOLUCIONES+2002%2F HTTP/1.1" 200 24741
216.245.221.92 - - [03/Oct/2022:03:52:55 -0500] "HEAD / HTTP/1.1" 200 -
176.58.124.134 - - [03/Oct/2022:03:53:06 -0500] "GET / HTTP/1.1" 400 946
172.22.2.4 - - [03/Oct/2022:03:53:27 -0500] "GET /BLA/boletinlegal/robots.txt HTTP/1.1" 404 1140
172.22.2.4 - - [03/Oct/2022:03:52:57 -0500] "HEAD /BLA/boletinlegal/ HTTP/1.1" 200 -
201.245.192.253 - - [03/Oct/2022:03:54:42 -0500] "POST /kwsrmcab/Wsrmcab  HTTP/1.1" 200 43876
207.46.13.177 - - [03/Oct/2022:03:55:19 -0500] "GET /en-el-diamundialdelmedioambiente-distrito-ejercito-nacional-y-comunidad-plantaron-120-arboles-en-parque-nacional.html HTTP/1.1" 304 -
172.22.2.4 - - [03/Oct/2022:03:53:47 -0500] "GET /BLA/boletinlegal/ HTTP/1.1" 200 49689
216.245.221.92 - - [03/Oct/2022:03:57:55 -0500] "HEAD / HTTP/1.1" 200 -
201.245.192.253 - - [03/Oct/2022:03:59:41 -0500] "POST /kwsrmcab/Wsrmcab  HTTP/1.1" 200 43876
172.22.2.4 - - [03/Oct/2022:03:58:47 -0500] "HEAD /BLA/boletinlegal/ HTTP/1.1" 200 -
172.22.2.4 - - [03/Oct/2022:03:59:37 -0500] "GET /BLA/boletinlegal/ HTTP/1.1" 200 58163
216.245.221.92 - - [03/Oct/2022:04:02:55 -0500] "HEAD / HTTP/1.1" 200 -
207.46.13.213 - - [03/Oct/2022:04:03:06 -0500] "GET /portaldeninos/aulas-ambientales/aula-ambiental-sorotama/ HTTP/1.1" 200 89596
207.46.13.181 - - [03/Oct/2022:04:03:23 -0500] "GET /portaldeninos/wp-content/themes/betheme/fonts/mfn-icons.ttf?93978679 HTTP/1.1" 200 124684
207.46.13.211 - - [03/Oct/2022:04:03:27 -0500] "GET /portaldeninos/wp-content/themes/betheme/css/layout.css?ver=20.9.6 HTTP/1.1" 200 116639
207.46.13.213 - - [03/Oct/2022:04:03:26 -0500] "GET /portaldeninos/wp-content/uploads/2021/07/Recorrido-virtual-Aula-Soratama.mp4 HTTP/1.1" 200 5687960
201.245.192.253 - - [03/Oct/2022:04:04:40 -0500] "POST /kwsrmcab/Wsrmcab  HTTP/1.1" 200 43876
172.22.2.4 - - [03/Oct/2022:04:04:37 -0500] "HEAD /BLA/boletinlegal/ HTTP/1.1" 200 -
185.119.81.109 - - [03/Oct/2022:04:06:51 -0500] "GET /portaldeninos/wp-login.php HTTP/1.1" 200 2592
185.119.81.109 - - [03/Oct/2022:04:06:52 -0500] "POST /portaldeninos/wp-login.php HTTP/1.1" 200 3605
172.22.2.4 - - [03/Oct/2022:04:05:27 -0500] "GET /BLA/boletinlegal/ HTTP/1.1" 200 58163
216.245.221.92 - - [03/Oct/2022:04:07:55 -0500] "HEAD / HTTP/1.1" 200 -
207.46.13.84 - - [03/Oct/2022:04:08:21 -0500] "GET /BLA/resoluciones/AUTOS%202014/3904.pdf HTTP/1.1" 200 734358
201.245.192.253 - - [03/Oct/2022:04:09:39 -0500] "POST /kwsrmcab/Wsrmcab  HTTP/1.1" 200 43876
185.119.81.109 - - [03/Oct/2022:04:11:10 -0500] "GET /portaldeninos/wp-login.php HTTP/1.1" 200 2592
185.119.81.109 - - [03/Oct/2022:04:11:11 -0500] "POST /portaldeninos/wp-login.php HTTP/1.1" 200 3650
172.22.2.4 - - [03/Oct/2022:04:10:27 -0500] "HEAD /BLA/boletinlegal/ HTTP/1.1" 200 -
216.245.221.92 - - [03/Oct/2022:04:12:55 -0500] "HEAD / HTTP/1.1" 200 -
172.22.2.4 - - [03/Oct/2022:04:11:17 -0500] "GET /BLA/boletinlegal/ HTTP/1.1" 200 54003
157.55.39.112 - - [03/Oct/2022:04:13:22 -0500] "-" 408 -
35.204.2.63 - - [03/Oct/2022:04:14:19 -0500] "GET / HTTP/1.1" 200 319
35.204.2.63 - - [03/Oct/2022:04:14:19 -0500] "GET / HTTP/1.1" 200 4720
201.245.192.253 - - [03/Oct/2022:04:14:38 -0500] "POST /kwsrmcab/Wsrmcab  HTTP/1.1" 200 43876
207.46.13.89 - - [03/Oct/2022:04:15:09 -0500] "GET /BLA/resoluciones/RESOLUCIONES%202006/RES%202006%20351-400/00000373.tif HTTP/1.1" 200 419646
216.245.221.92 - - [03/Oct/2022:04:17:55 -0500] "HEAD / HTTP/1.1" 200 -
172.22.2.4 - - [03/Oct/2022:04:16:17 -0500] "HEAD /BLA/boletinlegal/ HTTP/1.1" 200 -
172.22.2.4 - - [03/Oct/2022:04:17:07 -0500] "GET /BLA/boletinlegal/ HTTP/1.1" 200 58575
40.77.189.150 - - [03/Oct/2022:04:19:22 -0500] "GET /portaldeninos/wp-content/themes/betheme/fonts/mfn-icons.woff?93978679 HTTP/1.1" 200 80932
201.245.192.253 - - [03/Oct/2022:04:19:37 -0500] "POST /kwsrmcab/Wsrmcab  HTTP/1.1" 200 43876
172.22.2.4 - - [03/Oct/2022:04:20:56 -0500] "GET /BLA/boletinlegal/Circulares/2012/Circular%20No.%2010%20del%2022%20de%20Agosto%20de%202012.pdf HTTP/1.1" 304 -
201.245.192.253 - - [03/Oct/2022:04:21:41 -0500] "POST /kwsrmcab/Wsrmcab HTTP/1.1" 200 43863
201.245.192.253 - - [03/Oct/2022:04:21:44 -0500] "POST /kwsrmcab/Wsrmcab HTTP/1.1" 200 44990
207.46.13.182 - - [03/Oct/2022:04:22:29 -0500] "GET / HTTP/1.1" 200 319
157.55.39.25 - - [03/Oct/2022:04:22:39 -0500] "GET /BLA/resoluciones/RESOLUCIONES%202002/RES%202002%20851-900/00000878.tif HTTP/1.1" 200 39004
207.46.13.177 - - [03/Oct/2022:04:22:41 -0500] "GET /portaldeninos/2021/06/06/ciudadanos-disfrutaron-del-tunel-ambiental-en-el-parque-de-los-novios/ HTTP/1.1" 200 105118
216.245.221.92 - - [03/Oct/2022:04:22:55 -0500] "HEAD / HTTP/1.1" 200 -
172.22.2.4 - - [03/Oct/2022:04:22:07 -0500] "HEAD /BLA/boletinlegal/ HTTP/1.1" 200 -
172.22.2.4 - - [03/Oct/2022:04:24:20 -0500] "GET /BLA/boletinlegal/robots.txt HTTP/1.1" 404 1038
172.22.2.4 - - [03/Oct/2022:04:22:57 -0500] "GET /BLA/boletinlegal/ HTTP/1.1" 200 58163
201.245.192.253 - - [03/Oct/2022:04:24:36 -0500] "POST /kwsrmcab/Wsrmcab  HTTP/1.1" 200 43876
66.249.64.13 - - [03/Oct/2022:04:26:52 -0500] "-" 408 -
207.46.13.84 - - [03/Oct/2022:04:27:51 -0500] "GET /BLA/resoluciones/RESOLUCIONES%202022/2206.pdf HTTP/1.1" 200 740227
216.245.221.92 - - [03/Oct/2022:04:27:55 -0500] "HEAD / HTTP/1.1" 200 -
201.245.192.253 - - [03/Oct/2022:04:29:35 -0500] "POST /kwsrmcab/Wsrmcab  HTTP/1.1" 200 43876
172.22.2.4 - - [03/Oct/2022:04:27:57 -0500] "HEAD /BLA/boletinlegal/ HTTP/1.1" 200 -
172.22.2.4 - - [03/Oct/2022:04:28:47 -0500] "GET /BLA/boletinlegal/ HTTP/1.1" 200 53640
201.245.192.253 - - [03/Oct/2022:04:31:41 -0500] "POST /kwsrmcab/Wsrmcab HTTP/1.1" 200 43863
201.245.192.253 - - [03/Oct/2022:04:31:44 -0500] "POST /kwsrmcab/Wsrmcab HTTP/1.1" 200 44990
172.22.2.4 - - [03/Oct/2022:04:30:20 -0500] "GET /BLA/boletinlegal/ HTTP/1.1" 200 62380
216.245.221.92 - - [03/Oct/2022:04:32:55 -0500] "HEAD / HTTP/1.1" 200 -
66.249.64.13 - - [03/Oct/2022:04:34:02 -0500] "-" 408 -
69.171.231.4 - - [03/Oct/2022:04:34:02 -0500] "GET /distrito-academia-y-sector-privado-plantaron-100-arboles-para-conmemorar-el-dia-de-la-tierra.html HTTP/1.1" 206 1066
69.171.231.118 - - [03/Oct/2022:04:34:04 -0500] "GET /images/actividades-dia-tierra-22-abril.jpg HTTP/1.1" 200 77276
201.245.192.253 - - [03/Oct/2022:04:34:35 -0500] "POST /kwsrmcab/Wsrmcab  HTTP/1.1" 200 43876
69.171.231.116 - - [03/Oct/2022:04:34:47 -0500] "GET /a-partir-de-manana-1-de-febrero-cambia-el-modelo-de-manejo-de-residuos-hospitalarios-en-bogota.html HTTP/1.1" 206 1044
69.171.231.119 - - [03/Oct/2022:04:34:49 -0500] "GET /images/pieza-residuos-31-enero.jpg HTTP/1.1" 200 47280
172.22.2.4 - - [03/Oct/2022:04:33:47 -0500] "HEAD /BLA/boletinlegal/ HTTP/1.1" 200 -
172.22.2.4 - - [03/Oct/2022:04:34:37 -0500] "GET /BLA/boletinlegal/ HTTP/1.1" 200 58955
216.245.221.92 - - [03/Oct/2022:04:37:55 -0500] "HEAD / HTTP/1.1" 200 -
207.46.13.190 - - [03/Oct/2022:04:38:17 -0500] "GET /BLA/resoluciones/RESOLUCIONES%202002/RES%202002%20851-900/00000888.tif HTTP/1.1" 200 141780
201.245.192.253 - - [03/Oct/2022:04:39:34 -0500] "POST /kwsrmcab/Wsrmcab  HTTP/1.1" 200 43876
172.22.2.4 - - [03/Oct/2022:04:40:36 -0500] "GET /BLA/boletinlegal/style.css HTTP/1.1" 200 9406
172.22.2.4 - - [03/Oct/2022:04:40:36 -0500] "GET /BLA/boletinlegal/styles2.css HTTP/1.1" 200 1838
172.22.2.4 - - [03/Oct/2022:04:40:36 -0500] "GET /BLA/boletinlegal/js/jquery.js HTTP/1.1" 200 57254
172.22.2.4 - - [03/Oct/2022:04:40:36 -0500] "GET /BLA/boletinlegal/js/jquery.scrollTo-min.js HTTP/1.1" 200 1150
172.22.2.4 - - [03/Oct/2022:04:40:36 -0500] "GET /BLA/boletinlegal/js/jquery.scrollShow.js HTTP/1.1" 200 4586
172.22.2.4 - - [03/Oct/2022:04:40:36 -0500] "GET /BLA/boletinlegal/images/cabezote%20BLEGAL.jpg HTTP/1.1" 200 118164
172.22.2.4 - - [03/Oct/2022:04:40:37 -0500] "GET /BLA/boletinlegal/images/subscribe-icon-big.png HTTP/1.1" 200 47702
172.22.2.4 - - [03/Oct/2022:04:40:37 -0500] "GET /BLA/boletinlegal/images/historia.png HTTP/1.1" 200 52775
172.22.2.4 - - [03/Oct/2022:04:40:37 -0500] "GET /BLA/boletinlegal/images/registro-usuarios.png HTTP/1.1" 200 8106
172.22.2.4 - - [03/Oct/2022:04:40:38 -0500] "GET /BLA/boletinlegal/images/arr_l.jpg HTTP/1.1" 200 1979
172.22.2.4 - - [03/Oct/2022:04:40:38 -0500] "GET /BLA/boletinlegal/images/screen_1.png HTTP/1.1" 200 202547
172.22.2.4 - - [03/Oct/2022:04:40:38 -0500] "GET /BLA/boletinlegal/images/launch.jpg HTTP/1.1" 200 14577
172.22.2.4 - - [03/Oct/2022:04:40:38 -0500] "GET /BLA/boletinlegal/images/body_bg.jpg HTTP/1.1" 200 1601
172.22.2.4 - - [03/Oct/2022:04:40:38 -0500] "GET /BLA/boletinlegal/images/menu_lft.gif HTTP/1.1" 200 1713
172.22.2.4 - - [03/Oct/2022:04:40:38 -0500] "GET /BLA/boletinlegal/images/menu_rght.gif HTTP/1.1" 200 1627
172.22.2.4 - - [03/Oct/2022:04:40:38 -0500] "GET /BLA/boletinlegal/images/bg_top.jpg HTTP/1.1" 200 522
172.22.2.4 - - [03/Oct/2022:04:40:38 -0500] "GET /BLA/boletinlegal/images/menu_bg.jpg HTTP/1.1" 200 620
172.22.2.4 - - [03/Oct/2022:04:40:38 -0500] "GET /BLA/boletinlegal/images/text.jpg HTTP/1.1" 200 568
172.22.2.4 - - [03/Oct/2022:04:40:39 -0500] "GET /BLA/boletinlegal/images/hover.jpg HTTP/1.1" 200 640
172.22.2.4 - - [03/Oct/2022:04:40:45 -0500] "GET /BLA/boletinlegal/images/screen_2.png HTTP/1.1" 200 362502
172.22.2.4 - - [03/Oct/2022:04:40:46 -0500] "GET /BLA/boletinlegal/images/screen_3.png HTTP/1.1" 200 210620
172.22.2.4 - - [03/Oct/2022:04:40:46 -0500] "GET /BLA/boletinlegal/images/screen_5.png HTTP/1.1" 200 368876
172.22.2.4 - - [03/Oct/2022:04:40:46 -0500] "GET /BLA/boletinlegal/images/arr_r.jpg HTTP/1.1" 200 1998
172.22.2.4 - - [03/Oct/2022:04:40:46 -0500] "GET /BLA/boletinlegal/images/footer_bg.jpg HTTP/1.1" 200 586
172.22.2.4 - - [03/Oct/2022:04:40:56 -0500] "GET /BLA/boletinlegal/images/pdf.gif HTTP/1.1" 200 567
172.22.2.4 - - [03/Oct/2022:04:39:37 -0500] "HEAD /BLA/boletinlegal/ HTTP/1.1" 200 -
201.245.192.253 - - [03/Oct/2022:04:41:40 -0500] "POST /kwsrmcab/Wsrmcab HTTP/1.1" 200 43863
201.245.192.253 - - [03/Oct/2022:04:41:43 -0500] "POST /kwsrmcab/Wsrmcab HTTP/1.1" 200 44990
172.22.2.4 - - [03/Oct/2022:04:41:47 -0500] "GET /BLA/boletinlegal/images/background.gif HTTP/1.1" 200 -
172.22.2.4 - - [03/Oct/2022:04:40:27 -0500] "GET /BLA/boletinlegal/ HTTP/1.1" 200 54356
172.22.2.4 - - [03/Oct/2022:04:40:35 -0500] "GET /BLA/boletinlegal/ HTTP/1.1" 200 55220
117.253.241.190 - - [03/Oct/2022:04:42:48 -0500] "GET / HTTP/1.1" 200 319
216.245.221.92 - - [03/Oct/2022:04:42:55 -0500] "HEAD / HTTP/1.1" 200 -
201.245.192.253 - - [03/Oct/2022:04:44:33 -0500] "POST /kwsrmcab/Wsrmcab  HTTP/1.1" 200 43876
172.22.2.4 - - [03/Oct/2022:04:46:50 -0500] "GET /BLA/boletinlegal/Directivas/2016/Directiva%20No.%2001%20del%2012%20de%20Abril%20de%202016.pdf HTTP/1.1" 304 -
172.22.2.4 - - [03/Oct/2022:04:45:27 -0500] "HEAD /BLA/boletinlegal/ HTTP/1.1" 200 -
216.245.221.92 - - [03/Oct/2022:04:47:55 -0500] "HEAD / HTTP/1.1" 200 -
172.22.2.4 - - [03/Oct/2022:04:46:17 -0500] "GET /BLA/boletinlegal/ HTTP/1.1" 200 60281
172.22.2.4 - - [03/Oct/2022:04:48:23 -0500] "GET /BLA/boletinlegal/version HTTP/1.1" 404 1018
157.55.39.202 - - [03/Oct/2022:04:48:59 -0500] "GET /BLA/resoluciones/index.php?dir=RESOLUCIONES+2002%2FRES+2002+201-250%2F HTTP/1.1" 200 12325
201.245.192.253 - - [03/Oct/2022:04:49:32 -0500] "POST /kwsrmcab/Wsrmcab  HTTP/1.1" 200 43876
172.22.2.4 - - [03/Oct/2022:04:50:07 -0500] "GET /BLA/boletinlegal/actos.php HTTP/1.1" 200 9559
172.22.2.4 - - [03/Oct/2022:04:50:20 -0500] "GET /BLA/boletinlegal/js/ajax_actos.js HTTP/1.1" 200 1322
172.22.2.4 - - [03/Oct/2022:04:50:24 -0500] "GET /BLA/boletinlegal/style.css HTTP/1.1" 200 9406
172.22.2.4 - - [03/Oct/2022:04:50:24 -0500] "GET /BLA/boletinlegal/styles2.css HTTP/1.1" 200 1838
157.55.39.202 - - [03/Oct/2022:04:50:27 -0500] "GET /BLA/resoluciones/RESOLUCIONES%202005/00001078.tif HTTP/1.1" 200 165044
172.22.2.4 - - [03/Oct/2022:04:50:28 -0500] "GET /BLA/boletinlegal/js/jquery1.js HTTP/1.1" 200 29846
172.22.2.4 - - [03/Oct/2022:04:50:30 -0500] "GET /BLA/boletinlegal/js/lib.js HTTP/1.1" 200 6474
172.22.2.4 - - [03/Oct/2022:04:50:30 -0500] "GET /BLA/boletinlegal/niceforms-default.css HTTP/1.1" 200 6694
172.22.2.4 - - [03/Oct/2022:04:50:30 -0500] "GET /BLA/boletinlegal/niceforms.js HTTP/1.1" 200 22876
172.22.2.4 - - [03/Oct/2022:04:50:38 -0500] "GET /BLA/boletinlegal/js/popup.js HTTP/1.1" 200 1270
66.249.64.13 - - [03/Oct/2022:04:51:31 -0500] "-" 408 -
216.245.221.92 - - [03/Oct/2022:04:52:55 -0500] "HEAD / HTTP/1.1" 200 -
172.22.2.4 - - [03/Oct/2022:04:51:17 -0500] "HEAD /BLA/boletinlegal/ HTTP/1.1" 200 -
172.22.2.4 - - [03/Oct/2022:04:52:07 -0500] "GET /BLA/boletinlegal/ HTTP/1.1" 200 60281
80.94.92.231 - - [03/Oct/2022:04:54:31 -0500] "GET / HTTP/1.1" 200 319
201.245.192.253 - - [03/Oct/2022:04:54:31 -0500] "POST /kwsrmcab/Wsrmcab  HTTP/1.1" 200 43876
157.55.39.202 - - [03/Oct/2022:04:56:39 -0500] "GET /sipse/faces/javax.faces.resource/jquery/jquery.js;jsessionid=7u7v5yititrsjmkpdevnuoxa.undefined?ln=primefaces&amp;v=4.0 HTTP/1.1" 200 105384
207.46.13.84 - - [03/Oct/2022:04:56:46 -0500] "GET /sipse/faces/javax.faces.resource/layout/layout.js;jsessionid=7u7v5yititrsjmkpdevnuoxa.undefined?ln=primefaces&amp;v=4.0 HTTP/1.1" 200 87560
185.119.81.101 - - [03/Oct/2022:04:56:59 -0500] "GET /portaldeninos/wp-login.php HTTP/1.1" 200 2592
185.119.81.101 - - [03/Oct/2022:04:57:00 -0500] "POST /portaldeninos/wp-login.php HTTP/1.1" 200 3605
216.245.221.92 - - [03/Oct/2022:04:57:55 -0500] "HEAD / HTTP/1.1" 200 -
172.22.2.4 - - [03/Oct/2022:04:57:07 -0500] "HEAD /BLA/boletinlegal/ HTTP/1.1" 200 -
201.245.192.253 - - [03/Oct/2022:04:59:30 -0500] "POST /kwsrmcab/Wsrmcab  HTTP/1.1" 200 43876
172.22.2.4 - - [03/Oct/2022:04:57:57 -0500] "GET /BLA/boletinlegal/ HTTP/1.1" 200 52493
157.55.39.159 - - [03/Oct/2022:05:01:29 -0500] "GET /portaldeninos/wp-content/uploads/2021/11/Pieza-concurso-corresponsal-ambiental-16-mayo-1200x480.jpg HTTP/1.1" 200 82333
69.63.184.3 - - [03/Oct/2022:05:01:38 -0500] "GET /asi-festejamos-el-dia-mundial-y-la-semana-de-los-humedales.html HTTP/1.1" 206 796
216.245.221.92 - - [03/Oct/2022:05:02:55 -0500] "HEAD / HTTP/1.1" 200 -
201.245.192.253 - - [03/Oct/2022:05:04:29 -0500] "POST /kwsrmcab/Wsrmcab  HTTP/1.1" 200 43876
172.22.2.4 - - [03/Oct/2022:05:02:57 -0500] "HEAD /BLA/boletinlegal/ HTTP/1.1" 200 -
172.22.2.4 - - [03/Oct/2022:05:03:47 -0500] "GET /BLA/boletinlegal/ HTTP/1.1" 200 59828
207.46.13.89 - - [03/Oct/2022:05:07:13 -0500] "GET /BLA/resoluciones/00000868.tif HTTP/1.1" 404 1018
185.119.81.96 - - [03/Oct/2022:05:07:26 -0500] "GET /portaldeninos/wp-login.php HTTP/1.1" 200 2592
185.119.81.96 - - [03/Oct/2022:05:07:27 -0500] "POST /portaldeninos/wp-login.php HTTP/1.1" 200 3650
66.249.64.13 - - [03/Oct/2022:05:07:54 -0500] "-" 408 -
216.245.221.92 - - [03/Oct/2022:05:07:55 -0500] "HEAD / HTTP/1.1" 200 -
172.22.2.4 - - [03/Oct/2022:05:09:20 -0500] "GET /BLA/boletinlegal/Directivas/2011/Directiva%20No.%203%20del%2027%20de%20Mayo%20de%202011.pdf HTTP/1.1" 304 -
201.245.192.253 - - [03/Oct/2022:05:09:28 -0500] "POST /kwsrmcab/Wsrmcab  HTTP/1.1" 200 43876
172.22.2.4 - - [03/Oct/2022:05:08:47 -0500] "HEAD /BLA/boletinlegal/ HTTP/1.1" 200 -
172.22.2.4 - - [03/Oct/2022:05:09:37 -0500] "GET /BLA/boletinlegal/ HTTP/1.1" 200 58163
167.99.191.230 - - [03/Oct/2022:05:12:01 -0500] "\x16\x03\x01" 400 226
167.99.191.230 - - [03/Oct/2022:05:12:01 -0500] "\x16\x03\x01" 400 226
