!C99Shell v. 1.0 pre-release build #13!

Software: Apache. PHP/5.5.15 

uname -a: Windows NT SVR-DMZ 6.1 build 7600 (Windows Server 2008 R2 Enterprise Edition) i586 

SYSTEM 

Safe-mode: OFF (not secure)

E:\nuevo\apache\logs\   drwxrwxrwx
Free 9.41 GB of 239.26 GB (3.93%)
Detected drives: [ a ] [ c ] [ d ] [ e ] [ f ]
Home    Back    Forward    UPDIR    Refresh    Search    Buffer    Encoder    Tools    Proc.    FTP brute    Sec.    SQL    PHP-code    Update    Feedback    Self remove    Logout    


Viewing file:     access.2022.10.04.log (2.37 MB)      -rw-rw-rw-
Select action/file-type:
(+) | (+) | (+) | Code (+) | Session (+) | (+) | SDB (+) | (+) | (+) | (+) | (+) | (+) |
66.249.65.215 - - [04/Oct/2022:00:00:02 -0500] "-" 408 -
199.16.157.182 - - [04/Oct/2022:00:00:13 -0500] "GET /images/feria-veh%C3%ADculos-sostenibles_optimized.jpeg HTTP/1.1" 404 1034
201.245.192.253 - - [04/Oct/2022:00:00:26 -0500] "POST /kwsrmcab/Wsrmcab  HTTP/1.1" 200 42948
216.245.221.92 - - [04/Oct/2022:00:03:04 -0500] "HEAD / HTTP/1.1" 200 -
185.119.81.99 - - [04/Oct/2022:00:03:14 -0500] "GET /portaldeninos/wp-login.php HTTP/1.1" 200 2592
185.119.81.99 - - [04/Oct/2022:00:03:16 -0500] "POST /portaldeninos/wp-login.php HTTP/1.1" 200 3605
172.22.2.4 - - [04/Oct/2022:00:02:50 -0500] "HEAD /BLA/boletinlegal/ HTTP/1.1" 200 -
172.22.2.4 - - [04/Oct/2022:00:03:40 -0500] "GET /BLA/boletinlegal/ HTTP/1.1" 200 56376
66.249.73.103 - - [04/Oct/2022:00:05:26 -0500] "-" 408 -
201.245.192.253 - - [04/Oct/2022:00:05:25 -0500] "POST /kwsrmcab/Wsrmcab  HTTP/1.1" 200 42948
172.22.2.4 - - [04/Oct/2022:00:06:44 -0500] "GET /BLA/boletinlegal/jurisprudencia/analisis/AnalisisT-606-15.docx HTTP/1.1" 200 26698
172.22.2.4 - - [04/Oct/2022:00:06:45 -0500] "GET /BLA/boletinlegal/apple-touch-icon-120x120-precomposed.png HTTP/1.1" 404 1140
172.22.2.4 - - [04/Oct/2022:00:06:45 -0500] "GET /BLA/boletinlegal/apple-touch-icon-120x120.png HTTP/1.1" 404 1140
172.22.2.4 - - [04/Oct/2022:00:06:46 -0500] "GET /BLA/boletinlegal/apple-touch-icon-precomposed.png HTTP/1.1" 404 1140
172.22.2.4 - - [04/Oct/2022:00:06:46 -0500] "GET /BLA/boletinlegal/apple-touch-icon.png HTTP/1.1" 404 1140
172.22.2.4 - - [04/Oct/2022:00:06:46 -0500] "GET /BLA/boletinlegal/favicon.ico HTTP/1.1" 404 1140
172.22.2.4 - - [04/Oct/2022:00:06:46 -0500] "GET /BLA/boletinlegal/apple-touch-icon-120x120-precomposed.png HTTP/1.1" 404 1140
172.22.2.4 - - [04/Oct/2022:00:06:46 -0500] "GET /BLA/boletinlegal/apple-touch-icon-120x120.png HTTP/1.1" 404 1140
172.22.2.4 - - [04/Oct/2022:00:06:46 -0500] "GET /BLA/boletinlegal/apple-touch-icon-precomposed.png HTTP/1.1" 404 1140
172.22.2.4 - - [04/Oct/2022:00:06:46 -0500] "GET /BLA/boletinlegal/apple-touch-icon.png HTTP/1.1" 404 1140
172.22.2.4 - - [04/Oct/2022:00:06:46 -0500] "GET /BLA/boletinlegal/favicon.ico HTTP/1.1" 404 1140
207.46.13.40 - - [04/Oct/2022:00:07:35 -0500] "GET /BLA/resoluciones/RESOLUCIONES%202022/0626.pdf HTTP/1.1" 200 338053
216.245.221.92 - - [04/Oct/2022:00:08:04 -0500] "HEAD / HTTP/1.1" 200 -
157.55.39.25 - - [04/Oct/2022:00:08:50 -0500] "GET /BLA/resoluciones/0510.tif HTTP/1.1" 404 1018
172.22.2.4 - - [04/Oct/2022:00:08:40 -0500] "HEAD /BLA/boletinlegal/ HTTP/1.1" 200 -
201.245.192.253 - - [04/Oct/2022:00:10:24 -0500] "POST /kwsrmcab/Wsrmcab  HTTP/1.1" 200 42948
207.46.13.89 - - [04/Oct/2022:00:10:29 -0500] "GET /BLA/resoluciones/RESOLUCIONES%202002/RES%202002%20101-150/2002RES129.tif HTTP/1.1" 200 178140
172.22.2.4 - - [04/Oct/2022:00:09:30 -0500] "GET /BLA/boletinlegal/ HTTP/1.1" 200 53640
199.16.157.181 - - [04/Oct/2022:00:12:12 -0500] "GET /mas-de-80-entidades-publicas-en-bogota-estan-implementando-procesos-sostenibles-en-su-gestion.html HTTP/1.1" 200 971
199.16.157.183 - - [04/Oct/2022:00:12:12 -0500] "GET /images/PIGA1.jpeg HTTP/1.1" 200 167676
199.16.157.180 - - [04/Oct/2022:00:12:13 -0500] "GET /images/humedales-agua-14-diciembre.jpg HTTP/1.1" 200 111054
199.16.157.181 - - [04/Oct/2022:00:12:13 -0500] "GET /secretaria-de-ambiente-avanza-con-la-implementacion-de-viveros-y-sistemas-de-recoleccion-de-agua-lluvia-en-humedales.html HTTP/1.1" 200 1031
199.16.157.180 - - [04/Oct/2022:00:12:20 -0500] "GET /images/nueva-jornada-reciclaton-ambiente-cajas-12-noviembre.jpg HTTP/1.1" 200 479427
199.16.157.183 - - [04/Oct/2022:00:12:20 -0500] "GET /mas-de-36-000-kilogramos-de-residuos-especiales-y-peligrosos-fueron-recolectados-esta-semana-en-bogota.html HTTP/1.1" 200 983
199.16.157.181 - - [04/Oct/2022:00:12:23 -0500] "GET /mas-de-34-000-tramites-y-servicios-ambientales-se-han-atendido-por-la-ventanilla-virtual.html HTTP/1.1" 200 875
199.16.157.181 - - [04/Oct/2022:00:12:23 -0500] "GET /images/pieza-tramites-servicios-ventanilla-virtual.jpg HTTP/1.1" 200 39260
199.16.157.181 - - [04/Oct/2022:00:12:26 -0500] "GET /consumo-de-energia-en-entidades-del-distrito-tiene-una-tendencia-a-la-baja-en-los-ultimos-anos.html HTTP/1.1" 200 875
199.16.157.183 - - [04/Oct/2022:00:12:26 -0500] "GET /images/fachada-secretaria-ambiente-15-octubre.jpg HTTP/1.1" 200 148853
199.16.157.180 - - [04/Oct/2022:00:12:27 -0500] "GET /cuatro-industrias-con-medidas-preventivas-por-contaminar-el-aire-en-el-suroccidente-de-bogota.html HTTP/1.1" 200 1042
199.16.157.182 - - [04/Oct/2022:00:12:27 -0500] "GET /images/operativo-fuentes-fijas-14-octubre.jpg HTTP/1.1" 200 58397
199.16.157.181 - - [04/Oct/2022:00:12:28 -0500] "GET /images/dinamizadores-ambientales-capacitaciones-7-octubre.jpg HTTP/1.1" 200 82767
199.16.157.181 - - [04/Oct/2022:00:12:28 -0500] "GET /images/conversatotio-carbono-comtaminacion-5-octubre.jpg HTTP/1.1" 200 225350
199.16.157.183 - - [04/Oct/2022:00:12:29 -0500] "GET /images/pieza-global-day-5-octubre.jpg HTTP/1.1" 200 242505
216.245.221.92 - - [04/Oct/2022:00:13:04 -0500] "HEAD / HTTP/1.1" 200 -
172.22.2.4 - - [04/Oct/2022:00:11:45 -0500] "GET /BLA/boletinlegal/ HTTP/1.1" 200 63207
152.61.192.232 - - [04/Oct/2022:00:14:37 -0500] "GET / HTTP/1.1" 200 319
66.249.73.100 - - [04/Oct/2022:00:15:13 -0500] "-" 408 -
201.245.192.253 - - [04/Oct/2022:00:15:23 -0500] "POST /kwsrmcab/Wsrmcab  HTTP/1.1" 200 42948
157.55.39.25 - - [04/Oct/2022:00:16:01 -0500] "GET /BLA/resoluciones/2002RES132.tif HTTP/1.1" 404 1018
183.136.225.45 - - [04/Oct/2022:00:16:08 -0500] "GET / HTTP/1.1" 200 319
172.22.2.4 - - [04/Oct/2022:00:14:30 -0500] "HEAD /BLA/boletinlegal/ HTTP/1.1" 200 -
183.136.225.45 - - [04/Oct/2022:00:16:20 -0500] "GET / HTTP/1.1" 200 319
183.136.225.45 - - [04/Oct/2022:00:16:20 -0500] "GET /favicon.ico HTTP/1.1" 200 7782
172.22.2.4 - - [04/Oct/2022:00:15:20 -0500] "GET /BLA/boletinlegal/ HTTP/1.1" 200 60281
216.245.221.92 - - [04/Oct/2022:00:18:04 -0500] "HEAD / HTTP/1.1" 200 -
157.55.39.25 - - [04/Oct/2022:00:19:21 -0500] "GET /BLA/resoluciones/RESOLUCIONES%202002/RES%202002%20851-900/00000884.tif HTTP/1.1" 200 74786
152.61.128.50 - - [04/Oct/2022:00:19:57 -0500] "GET / HTTP/1.1" 200 319
117.241.125.253 - - [04/Oct/2022:00:20:20 -0500] "GET / HTTP/1.1" 200 319
201.245.192.253 - - [04/Oct/2022:00:20:21 -0500] "POST /kwsrmcab/Wsrmcab  HTTP/1.1" 200 42948
201.245.192.253 - - [04/Oct/2022:00:21:37 -0500] "POST /kwsrmcab/Wsrmcab HTTP/1.1" 200 43138
201.245.192.253 - - [04/Oct/2022:00:21:40 -0500] "POST /kwsrmcab/Wsrmcab HTTP/1.1" 200 44849
172.22.2.4 - - [04/Oct/2022:00:20:20 -0500] "HEAD /BLA/boletinlegal/ HTTP/1.1" 200 -
172.22.2.4 - - [04/Oct/2022:00:20:25 -0500] "GET /BLA/boletinlegal/ HTTP/1.1" 200 53640
172.22.2.4 - - [04/Oct/2022:00:21:10 -0500] "GET /BLA/boletinlegal/ HTTP/1.1" 200 55630
216.245.221.92 - - [04/Oct/2022:00:23:04 -0500] "HEAD / HTTP/1.1" 200 -
66.249.73.127 - - [04/Oct/2022:00:25:01 -0500] "-" 408 -
201.245.192.253 - - [04/Oct/2022:00:25:20 -0500] "POST /kwsrmcab/Wsrmcab  HTTP/1.1" 200 42948
207.46.13.190 - - [04/Oct/2022:00:25:38 -0500] "GET /forest/ HTTP/1.1" 200 12041
172.22.2.4 - - [04/Oct/2022:00:26:10 -0500] "HEAD /BLA/boletinlegal/ HTTP/1.1" 200 -
216.245.221.92 - - [04/Oct/2022:00:28:04 -0500] "HEAD / HTTP/1.1" 200 -
172.22.2.4 - - [04/Oct/2022:00:27:00 -0500] "GET /BLA/boletinlegal/ HTTP/1.1" 200 57375
172.22.2.4 - - [04/Oct/2022:00:31:25 -0500] "GET /BLA/boletinlegal/robots.txt HTTP/1.1" 404 1038
201.245.192.253 - - [04/Oct/2022:00:31:28 -0500] "POST /kwsrmcab/Wsrmcab  HTTP/1.1" 200 42948
201.245.192.253 - - [04/Oct/2022:00:31:36 -0500] "POST /kwsrmcab/Wsrmcab HTTP/1.1" 200 43138
201.245.192.253 - - [04/Oct/2022:00:31:39 -0500] "POST /kwsrmcab/Wsrmcab HTTP/1.1" 200 44849
172.22.2.4 - - [04/Oct/2022:00:32:01 -0500] "GET /BLA/boletinlegal/actos.php/niceforms.js HTTP/1.1" 200 9559
201.245.192.253 - - [04/Oct/2022:00:32:29 -0500] "POST /kwsrmcab/Wsrmcab  HTTP/1.1" 200 42948
216.245.221.92 - - [04/Oct/2022:00:33:04 -0500] "HEAD / HTTP/1.1" 200 -
199.59.150.181 - - [04/Oct/2022:00:33:06 -0500] "GET /images/feria-veh%C3%ADculos-sostenibles_optimized.jpeg HTTP/1.1" 404 1034
172.22.2.4 - - [04/Oct/2022:00:31:26 -0500] "GET /BLA/boletinlegal/index.php HTTP/1.1" 200 51183
172.22.2.4 - - [04/Oct/2022:00:32:00 -0500] "HEAD /BLA/boletinlegal/ HTTP/1.1" 200 -
172.22.2.4 - - [04/Oct/2022:00:33:54 -0500] "GET /BLA/boletinlegal/jurisprudencia/analisis/ANALISIST-046-99.docx HTTP/1.1" 200 20918
207.46.13.89 - - [04/Oct/2022:00:34:11 -0500] "GET /BLA/resoluciones/RESOLUCIONES%202000/2000%202150-2199.tif HTTP/1.1" 200 4923935
172.22.2.4 - - [04/Oct/2022:00:32:50 -0500] "GET /BLA/boletinlegal/ HTTP/1.1" 200 57725
66.249.73.97 - - [04/Oct/2022:00:34:49 -0500] "-" 408 -
207.46.13.84 - - [04/Oct/2022:00:35:50 -0500] "GET /Publicaciones/2022EE27466.pdf HTTP/1.1" 404 227
199.16.157.181 - - [04/Oct/2022:00:36:19 -0500] "GET /images/feria-veh%C3%ADculos-sostenibles_optimized.jpeg HTTP/1.1" 404 1034
201.245.192.253 - - [04/Oct/2022:00:37:28 -0500] "POST /kwsrmcab/Wsrmcab  HTTP/1.1" 200 42948
216.245.221.92 - - [04/Oct/2022:00:38:04 -0500] "HEAD / HTTP/1.1" 200 -
64.62.243.165 - - [04/Oct/2022:00:38:56 -0500] "GET / HTTP/1.1" 200 319
172.22.2.4 - - [04/Oct/2022:00:37:50 -0500] "HEAD /BLA/boletinlegal/ HTTP/1.1" 200 -
172.22.2.4 - - [04/Oct/2022:00:38:40 -0500] "GET /BLA/boletinlegal/ HTTP/1.1" 200 52877
201.245.192.253 - - [04/Oct/2022:00:41:36 -0500] "POST /kwsrmcab/Wsrmcab HTTP/1.1" 200 43138
201.245.192.253 - - [04/Oct/2022:00:41:39 -0500] "POST /kwsrmcab/Wsrmcab HTTP/1.1" 200 44849
201.245.192.253 - - [04/Oct/2022:00:42:27 -0500] "POST /kwsrmcab/Wsrmcab  HTTP/1.1" 200 42948
124.223.196.50 - - [04/Oct/2022:00:42:59 -0500] "GET /galeria/carrusel/Carrusel/jquery-ui-1.8.13.custom.min.js HTTP/1.1" 200 10800
216.245.221.92 - - [04/Oct/2022:00:43:04 -0500] "HEAD / HTTP/1.1" 200 -
185.119.81.109 - - [04/Oct/2022:00:43:04 -0500] "GET /portaldeninos/wp-login.php HTTP/1.1" 200 2592
185.119.81.109 - - [04/Oct/2022:00:43:05 -0500] "POST /portaldeninos/wp-login.php HTTP/1.1" 200 3650
157.55.39.202 - - [04/Oct/2022:00:43:58 -0500] "GET /siipev/Diseno%20de%20Elementos%20de%20Mobiliario%20Urbano/Diseno%20pertenecientes%20al%20mobiliario%20urbano%20M10-M160/PARTE%20A/Dise%C3%B1o%20de%20Elementos%20M-10.pdf HTTP/1.1" 304 -
66.249.73.103 - - [04/Oct/2022:00:44:44 -0500] "-" 408 -
172.22.2.4 - - [04/Oct/2022:00:43:40 -0500] "HEAD /BLA/boletinlegal/ HTTP/1.1" 200 -
172.22.2.4 - - [04/Oct/2022:00:44:30 -0500] "GET /BLA/boletinlegal/ HTTP/1.1" 200 60281
201.245.192.253 - - [04/Oct/2022:00:47:26 -0500] "POST /kwsrmcab/Wsrmcab  HTTP/1.1" 200 42948
216.245.221.92 - - [04/Oct/2022:00:48:04 -0500] "HEAD / HTTP/1.1" 200 -
172.22.2.4 - - [04/Oct/2022:00:48:40 -0500] "GET /BLA/boletinlegal/favicon.ico HTTP/1.1" 404 1018
172.22.2.4 - - [04/Oct/2022:00:48:24 -0500] "GET /BLA/boletinlegal/ HTTP/1.1" 200 20427
172.22.2.4 - - [04/Oct/2022:00:48:25 -0500] "GET /BLA/boletinlegal/ HTTP/1.1" 200 32715
185.174.137.14 - - [04/Oct/2022:00:51:04 -0500] "GET / HTTP/1.1" 200 319
157.55.39.25 - - [04/Oct/2022:00:51:04 -0500] "GET /BLA/resoluciones/2002RES108.tif HTTP/1.1" 404 1018
172.22.2.4 - - [04/Oct/2022:00:49:30 -0500] "HEAD /BLA/boletinlegal/ HTTP/1.1" 200 -
172.22.2.4 - - [04/Oct/2022:00:50:20 -0500] "GET /BLA/boletinlegal/ HTTP/1.1" 200 57725
201.245.192.253 - - [04/Oct/2022:00:52:25 -0500] "POST /kwsrmcab/Wsrmcab  HTTP/1.1" 200 42948
216.245.221.92 - - [04/Oct/2022:00:53:04 -0500] "HEAD / HTTP/1.1" 200 -
66.249.73.127 - - [04/Oct/2022:00:54:24 -0500] "-" 408 -
157.55.39.202 - - [04/Oct/2022:00:55:49 -0500] "GET /BLA/resoluciones/RESOLUCIONES%202022/0501.pdf HTTP/1.1" 200 346998
207.46.13.190 - - [04/Oct/2022:00:56:40 -0500] "GET /BLA/resoluciones/RESOLUCIONES%202000/2000%20750-799.tif HTTP/1.1" 200 5237505
172.22.2.4 - - [04/Oct/2022:00:55:20 -0500] "HEAD /BLA/boletinlegal/ HTTP/1.1" 200 -
207.46.13.190 - - [04/Oct/2022:00:57:02 -0500] "GET /BLA/resoluciones/index.php?dir=RESOLUCIONES+2020%2F HTTP/1.1" 200 165994
201.245.192.253 - - [04/Oct/2022:00:57:24 -0500] "POST /kwsrmcab/Wsrmcab  HTTP/1.1" 200 42948
172.22.2.4 - - [04/Oct/2022:00:56:10 -0500] "GET /BLA/boletinlegal/ HTTP/1.1" 200 57375
216.245.221.92 - - [04/Oct/2022:00:58:04 -0500] "HEAD / HTTP/1.1" 200 -
177.255.162.59 - - [04/Oct/2022:00:58:23 -0500] "GET /galeria/galeria/jquery.fancybox.css?v=2.1.5 HTTP/1.1" 200 4895
177.255.162.59 - - [04/Oct/2022:00:58:23 -0500] "GET /BLA/boletinlegal/js/jquery.scrollShow.js HTTP/1.1" 200 4586
177.255.162.59 - - [04/Oct/2022:00:58:24 -0500] "GET /galeria/galeria/jquery.fancybox.js?v=2.1.5 HTTP/1.1" 200 48706
152.61.192.232 - - [04/Oct/2022:01:01:30 -0500] "GET /arcgis/services/Calidad_del_Agua_WQI/MapServer/WMSServer?request=GetCapabilities&service=WMS HTTP/1.1" 503 1020
152.61.192.232 - - [04/Oct/2022:01:01:31 -0500] "GET /arcgis/services/Calidad_del_Agua_WQI/MapServer/WMSServer?SERVICE=WMS&REQUEST=GetCapabilities HTTP/1.1" 503 1020
152.61.192.232 - - [04/Oct/2022:01:01:31 -0500] "GET /arcgis/services/Calidad_del_Agua_WQI/MapServer/WMSServer?WMTVER=1.0.0&REQUEST=capabilities HTTP/1.1" 503 1020
201.245.192.253 - - [04/Oct/2022:01:02:23 -0500] "POST /kwsrmcab/Wsrmcab  HTTP/1.1" 200 42948
172.22.2.4 - - [04/Oct/2022:01:01:10 -0500] "HEAD /BLA/boletinlegal/ HTTP/1.1" 200 -
207.46.13.40 - - [04/Oct/2022:01:03:22 -0500] "GET /BLA/resoluciones/RESOLUCIONES%202000/2000%202700-2749.tif HTTP/1.1" 200 3928129
172.22.2.4 - - [04/Oct/2022:01:02:00 -0500] "GET /BLA/boletinlegal/ HTTP/1.1" 200 58163
66.249.73.127 - - [04/Oct/2022:01:04:12 -0500] "-" 408 -
216.245.221.92 - - [04/Oct/2022:01:07:02 -0500] "HEAD / HTTP/1.1" 200 -
201.245.192.253 - - [04/Oct/2022:01:07:22 -0500] "POST /kwsrmcab/Wsrmcab  HTTP/1.1" 200 42948
199.59.150.182 - - [04/Oct/2022:01:07:41 -0500] "GET /images/feria-veh%C3%ADculos-sostenibles_optimized.jpeg HTTP/1.1" 404 1034
172.22.2.4 - - [04/Oct/2022:01:07:00 -0500] "HEAD /BLA/boletinlegal/ HTTP/1.1" 200 -
172.22.2.4 - - [04/Oct/2022:01:07:51 -0500] "GET /BLA/boletinlegal/ HTTP/1.1" 200 58163
152.61.128.50 - - [04/Oct/2022:01:09:51 -0500] "GET /arcgis/services/Calidad_del_Agua_WQI/MapServer/WMSServer?request=GetCapabilities&service=WMS HTTP/1.1" 503 1020
152.61.128.50 - - [04/Oct/2022:01:09:53 -0500] "GET /arcgis/services/Calidad_del_Agua_WQI/MapServer/WMSServer?SERVICE=WMS&REQUEST=GetCapabilities HTTP/1.1" 503 1020
152.61.128.50 - - [04/Oct/2022:01:09:53 -0500] "GET /arcgis/services/Calidad_del_Agua_WQI/MapServer/WMSServer?WMTVER=1.0.0&REQUEST=capabilities HTTP/1.1" 503 1020
199.16.157.180 - - [04/Oct/2022:01:11:27 -0500] "GET /images/feria-veh%C3%ADculos-sostenibles_optimized.jpeg HTTP/1.1" 404 1034
216.245.221.92 - - [04/Oct/2022:01:12:02 -0500] "HEAD / HTTP/1.1" 200 -
201.245.192.253 - - [04/Oct/2022:01:12:19 -0500] "POST /kwsrmcab/Wsrmcab  HTTP/1.1" 200 42948
207.46.13.84 - - [04/Oct/2022:01:12:43 -0500] "GET /BLA/resoluciones/RESOLUCIONES%202002/RES%202002%20851-900/00000851.tif HTTP/1.1" 200 97676
66.249.73.103 - - [04/Oct/2022:01:12:52 -0500] "-" 408 -
172.22.2.4 - - [04/Oct/2022:01:13:28 -0500] "GET /BLA/boletinlegal/jurisprudencia/analisis/CUADRO%20ANALISIS%20SENTENCIA%20T-411%20DE%201992.doc HTTP/1.1" 304 -
172.22.2.4 - - [04/Oct/2022:01:12:50 -0500] "HEAD /BLA/boletinlegal/ HTTP/1.1" 200 -
172.22.2.4 - - [04/Oct/2022:01:13:40 -0500] "GET /BLA/boletinlegal/ HTTP/1.1" 200 56014
66.249.65.217 - - [04/Oct/2022:01:16:51 -0500] "-" 408 -
216.245.221.92 - - [04/Oct/2022:01:17:02 -0500] "HEAD / HTTP/1.1" 200 -
201.245.192.253 - - [04/Oct/2022:01:17:17 -0500] "POST /kwsrmcab/Wsrmcab  HTTP/1.1" 200 42948
207.46.13.190 - - [04/Oct/2022:01:20:13 -0500] "GET /BLA/resoluciones/AUTOS%202011/4500.pdf HTTP/1.1" 200 431889
207.46.13.40 - - [04/Oct/2022:01:20:17 -0500] "GET /BLA/resoluciones/AUTOS%202022/3162.pdf HTTP/1.1" 200 382460
172.22.2.4 - - [04/Oct/2022:01:18:40 -0500] "HEAD /BLA/boletinlegal/ HTTP/1.1" 200 -
172.22.2.4 - - [04/Oct/2022:01:19:30 -0500] "GET /BLA/boletinlegal/ HTTP/1.1" 200 58163
201.245.192.253 - - [04/Oct/2022:01:21:36 -0500] "POST /kwsrmcab/Wsrmcab HTTP/1.1" 200 43285
201.245.192.253 - - [04/Oct/2022:01:21:39 -0500] "POST /kwsrmcab/Wsrmcab HTTP/1.1" 200 45021
216.245.221.92 - - [04/Oct/2022:01:22:02 -0500] "HEAD / HTTP/1.1" 200 -
201.245.192.253 - - [04/Oct/2022:01:22:16 -0500] "POST /kwsrmcab/Wsrmcab  HTTP/1.1" 200 42948
207.46.13.190 - - [04/Oct/2022:01:23:52 -0500] "GET /BLA/resoluciones/AUTOS%202016/2108.pdf HTTP/1.1" 200 465503
207.46.13.89 - - [04/Oct/2022:01:24:35 -0500] "GET /BLA/resoluciones/RESOLUCIONES%202005/RES%202005%201751-1800/00001776.tif HTTP/1.1" 200 168170
66.249.73.127 - - [04/Oct/2022:01:25:00 -0500] "-" 408 -
172.22.2.4 - - [04/Oct/2022:01:24:30 -0500] "HEAD /BLA/boletinlegal/ HTTP/1.1" 200 -
172.22.2.4 - - [04/Oct/2022:01:25:20 -0500] "GET /BLA/boletinlegal/ HTTP/1.1" 200 56376
216.245.221.92 - - [04/Oct/2022:01:27:02 -0500] "HEAD / HTTP/1.1" 200 -
201.245.192.253 - - [04/Oct/2022:01:27:15 -0500] "POST /kwsrmcab/Wsrmcab  HTTP/1.1" 200 42948
66.183.113.164 - - [04/Oct/2022:01:29:48 -0500] "POST /UD/act?1 HTTP/1.1" 400 946
185.119.81.109 - - [04/Oct/2022:01:30:27 -0500] "GET /portaldeninos/wp-login.php HTTP/1.1" 200 2592
185.119.81.109 - - [04/Oct/2022:01:30:29 -0500] "POST /portaldeninos/wp-login.php HTTP/1.1" 200 3670
201.245.192.253 - - [04/Oct/2022:01:31:36 -0500] "POST /kwsrmcab/Wsrmcab HTTP/1.1" 200 43285
201.245.192.253 - - [04/Oct/2022:01:31:39 -0500] "POST /kwsrmcab/Wsrmcab HTTP/1.1" 200 45021
172.22.2.4 - - [04/Oct/2022:01:30:20 -0500] "HEAD /BLA/boletinlegal/ HTTP/1.1" 200 -
216.245.221.92 - - [04/Oct/2022:01:32:02 -0500] "HEAD / HTTP/1.1" 200 -
201.245.192.253 - - [04/Oct/2022:01:32:14 -0500] "POST /kwsrmcab/Wsrmcab  HTTP/1.1" 200 42948
172.22.2.4 - - [04/Oct/2022:01:31:10 -0500] "GET /BLA/boletinlegal/ HTTP/1.1" 200 60281
66.249.73.127 - - [04/Oct/2022:01:33:35 -0500] "-" 408 -
216.245.221.92 - - [04/Oct/2022:01:37:02 -0500] "HEAD / HTTP/1.1" 200 -
201.245.192.253 - - [04/Oct/2022:01:37:13 -0500] "POST /kwsrmcab/Wsrmcab  HTTP/1.1" 503 1020
172.22.2.4 - - [04/Oct/2022:01:36:10 -0500] "HEAD /BLA/boletinlegal/ HTTP/1.1" 200 -
201.245.192.253 - - [04/Oct/2022:01:38:13 -0500] "POST /kwsrmcab/Wsrmcab  HTTP/1.1" 503 1020
172.22.2.4 - - [04/Oct/2022:01:37:00 -0500] "GET /BLA/boletinlegal/ HTTP/1.1" 200 59828
201.245.192.253 - - [04/Oct/2022:01:39:12 -0500] "POST /kwsrmcab/Wsrmcab  HTTP/1.1" 200 42948
201.245.192.253 - - [04/Oct/2022:01:40:13 -0500] "POST /kwsrmcab/Wsrmcab  HTTP/1.1" 200 42948
181.132.36.5 - - [04/Oct/2022:01:40:40 -0500] "GET /galeria/galeria/jquery.fancybox.css?v=2.1.5 HTTP/1.1" 200 4895
181.132.36.5 - - [04/Oct/2022:01:40:40 -0500] "GET /BLA/boletinlegal/js/jquery.scrollShow.js HTTP/1.1" 200 4586
181.132.36.5 - - [04/Oct/2022:01:40:40 -0500] "GET /galeria/galeria/jquery.fancybox.js?v=2.1.5 HTTP/1.1" 200 48706
201.245.192.253 - - [04/Oct/2022:01:41:36 -0500] "POST /kwsrmcab/Wsrmcab HTTP/1.1" 200 43285
201.245.192.253 - - [04/Oct/2022:01:41:40 -0500] "GET /kwsrmcab/Wsrmcab?wsdl HTTP/1.1" 200 6948
201.245.192.253 - - [04/Oct/2022:01:41:40 -0500] "POST /kwsrmcab/Wsrmcab HTTP/1.1" 200 45021
216.245.221.92 - - [04/Oct/2022:01:42:02 -0500] "HEAD / HTTP/1.1" 200 -
157.55.39.202 - - [04/Oct/2022:01:42:34 -0500] "GET /BLA/resoluciones/index.php?dir=AUTOS+2022%2F HTTP/1.1" 200 269186
199.59.150.181 - - [04/Oct/2022:01:42:39 -0500] "GET /images/feria-veh%C3%ADculos-sostenibles_optimized.jpeg HTTP/1.1" 404 1034
66.249.73.127 - - [04/Oct/2022:01:43:22 -0500] "-" 408 -
172.22.2.4 - - [04/Oct/2022:01:42:00 -0500] "HEAD /BLA/boletinlegal/ HTTP/1.1" 200 -
172.22.2.4 - - [04/Oct/2022:01:42:50 -0500] "GET /BLA/boletinlegal/ HTTP/1.1" 200 52877
201.245.192.253 - - [04/Oct/2022:01:45:11 -0500] "POST /kwsrmcab/Wsrmcab  HTTP/1.1" 200 42948
199.16.157.180 - - [04/Oct/2022:01:46:43 -0500] "GET /images/feria-veh%C3%ADculos-sostenibles_optimized.jpeg HTTP/1.1" 404 1034
216.245.221.92 - - [04/Oct/2022:01:47:02 -0500] "HEAD / HTTP/1.1" 200 -
207.46.13.40 - - [04/Oct/2022:01:47:58 -0500] "GET /BLA/resoluciones/AUTOS%202013/3388.pdf HTTP/1.1" 200 715448
157.55.39.25 - - [04/Oct/2022:01:49:09 -0500] "GET /BLA/resoluciones/00000317.tif HTTP/1.1" 404 1018
172.22.2.4 - - [04/Oct/2022:01:47:50 -0500] "HEAD /BLA/boletinlegal/ HTTP/1.1" 200 -
201.245.192.253 - - [04/Oct/2022:01:50:11 -0500] "POST /kwsrmcab/Wsrmcab  HTTP/1.1" 200 42948
172.22.2.4 - - [04/Oct/2022:01:48:40 -0500] "GET /BLA/boletinlegal/ HTTP/1.1" 200 59319
207.46.13.84 - - [04/Oct/2022:01:51:08 -0500] "GET /bla/resoluciones/index.php?dir=resoluciones+2005/res+2005+2651-2700 HTTP/1.1" 200 12369
216.245.221.92 - - [04/Oct/2022:01:52:01 -0500] "HEAD / HTTP/1.1" 200 -
66.249.73.103 - - [04/Oct/2022:01:53:10 -0500] "-" 408 -
157.55.39.202 - - [04/Oct/2022:01:54:04 -0500] "GET /BLA/resoluciones/00000865.tif HTTP/1.1" 404 1018
172.22.2.4 - - [04/Oct/2022:01:52:36 -0500] "GET /BLA/boletinlegal/ HTTP/1.1" 200 59319
201.245.192.253 - - [04/Oct/2022:01:55:10 -0500] "POST /kwsrmcab/Wsrmcab  HTTP/1.1" 200 42948
172.22.2.4 - - [04/Oct/2022:01:53:40 -0500] "HEAD /BLA/boletinlegal/ HTTP/1.1" 200 -
172.22.2.4 - - [04/Oct/2022:01:54:30 -0500] "GET /BLA/boletinlegal/ HTTP/1.1" 200 58163
183.136.225.45 - - [04/Oct/2022:01:56:22 -0500] "-" 408 -
216.245.221.92 - - [04/Oct/2022:01:57:01 -0500] "HEAD / HTTP/1.1" 200 -
207.46.13.190 - - [04/Oct/2022:01:57:56 -0500] "GET /BLA/resoluciones/AUTOS%202014/4736.pdf HTTP/1.1" 200 519517
201.245.192.253 - - [04/Oct/2022:02:00:08 -0500] "POST /kwsrmcab/Wsrmcab  HTTP/1.1" 200 42948
172.22.2.4 - - [04/Oct/2022:01:59:30 -0500] "HEAD /BLA/boletinlegal/ HTTP/1.1" 200 -
172.22.2.4 - - [04/Oct/2022:02:00:20 -0500] "GET /BLA/boletinlegal/ HTTP/1.1" 200 53290
216.245.221.92 - - [04/Oct/2022:02:02:01 -0500] "HEAD / HTTP/1.1" 200 -
66.249.73.103 - - [04/Oct/2022:02:02:58 -0500] "-" 408 -
192.241.220.63 - - [04/Oct/2022:02:03:38 -0500] "GET / HTTP/1.1" 200 319
201.245.192.253 - - [04/Oct/2022:02:05:07 -0500] "POST /kwsrmcab/Wsrmcab  HTTP/1.1" 200 42948
83.135.199.71 - - [04/Oct/2022:02:06:04 -0500] "GET /BLA/resoluciones/Notificaciones/AUTOS%202014/3581.doc HTTP/1.1" 200 125440
172.22.2.4 - - [04/Oct/2022:02:05:20 -0500] "HEAD /BLA/boletinlegal/ HTTP/1.1" 200 -
216.245.221.92 - - [04/Oct/2022:02:07:01 -0500] "HEAD / HTTP/1.1" 200 -
172.22.2.4 - - [04/Oct/2022:02:06:10 -0500] "GET /BLA/boletinlegal/ HTTP/1.1" 200 58163
201.245.192.253 - - [04/Oct/2022:02:10:06 -0500] "POST /kwsrmcab/Wsrmcab  HTTP/1.1" 200 42948
216.245.221.92 - - [04/Oct/2022:02:12:01 -0500] "HEAD / HTTP/1.1" 200 -
172.22.2.4 - - [04/Oct/2022:02:11:10 -0500] "HEAD /BLA/boletinlegal/ HTTP/1.1" 200 -
172.22.2.4 - - [04/Oct/2022:02:12:00 -0500] "GET /BLA/boletinlegal/ HTTP/1.1" 200 58163
80.94.92.231 - - [04/Oct/2022:02:15:07 -0500] "GET / HTTP/1.1" 200 319
201.245.192.253 - - [04/Oct/2022:02:15:05 -0500] "POST /kwsrmcab/Wsrmcab  HTTP/1.1" 200 42948
173.252.83.11 - - [04/Oct/2022:02:16:03 -0500] "GET /portaldeninos/wp-content/uploads/2021/06/titulo-videos-ni%C3%B1os.png HTTP/1.1" 200 10502
216.245.221.92 - - [04/Oct/2022:02:17:01 -0500] "HEAD / HTTP/1.1" 200 -
207.46.13.40 - - [04/Oct/2022:02:17:09 -0500] "GET /BLA/resoluciones/RESOLUCIONES%202005/RES%202005%201751-1800/00001800.tif HTTP/1.1" 200 164438
199.59.150.182 - - [04/Oct/2022:02:17:16 -0500] "GET /images/feria-veh%C3%ADculos-sostenibles_optimized.jpeg HTTP/1.1" 404 1034
207.46.13.84 - - [04/Oct/2022:02:17:50 -0500] "GET /BLA/resoluciones/AUTOS%202022/3741.pdf HTTP/1.1" 200 352793
172.22.2.4 - - [04/Oct/2022:02:17:00 -0500] "HEAD /BLA/boletinlegal/ HTTP/1.1" 200 -
172.22.2.4 - - [04/Oct/2022:02:17:50 -0500] "GET /BLA/boletinlegal/ HTTP/1.1" 200 57725
201.245.192.253 - - [04/Oct/2022:02:20:03 -0500] "POST /kwsrmcab/Wsrmcab  HTTP/1.1" 200 42948
199.16.157.182 - - [04/Oct/2022:02:21:36 -0500] "GET /images/feria-veh%C3%ADculos-sostenibles_optimized.jpeg HTTP/1.1" 404 1034
201.245.192.253 - - [04/Oct/2022:02:21:36 -0500] "POST /kwsrmcab/Wsrmcab HTTP/1.1" 200 43299
185.119.81.109 - - [04/Oct/2022:02:21:40 -0500] "GET /portaldeninos/wp-login.php HTTP/1.1" 200 2592
185.119.81.109 - - [04/Oct/2022:02:21:41 -0500] "POST /portaldeninos/wp-login.php HTTP/1.1" 200 3670
201.245.192.253 - - [04/Oct/2022:02:21:39 -0500] "POST /kwsrmcab/Wsrmcab HTTP/1.1" 200 45010
172.22.2.4 - - [04/Oct/2022:02:22:01 -0500] "GET /BLA/boletinlegal/robots.txt HTTP/1.1" 404 1038
216.245.221.92 - - [04/Oct/2022:02:22:01 -0500] "HEAD / HTTP/1.1" 200 -
172.22.2.4 - - [04/Oct/2022:02:22:04 -0500] "GET /BLA/boletinlegal/Directivas/2016/Directiva%20No.%2004%20del%2023%20de%20Diciembre%20de%202016.pdf HTTP/1.1" 200 327098
66.249.73.100 - - [04/Oct/2022:02:22:33 -0500] "-" 408 -
207.46.13.89 - - [04/Oct/2022:02:24:01 -0500] "GET /Publicaciones/2022EE179571.pdf HTTP/1.1" 404 228
172.22.2.4 - - [04/Oct/2022:02:22:49 -0500] "HEAD /BLA/boletinlegal/ HTTP/1.1" 200 -
201.245.192.253 - - [04/Oct/2022:02:25:03 -0500] "POST /kwsrmcab/Wsrmcab  HTTP/1.1" 200 42948
172.22.2.4 - - [04/Oct/2022:02:23:40 -0500] "GET /BLA/boletinlegal/ HTTP/1.1" 200 58163
167.94.138.119 - - [04/Oct/2022:02:26:04 -0500] "GET / HTTP/1.1" 200 319
167.94.138.119 - - [04/Oct/2022:02:26:04 -0500] "GET / HTTP/1.1" 200 319
167.94.138.119 - - [04/Oct/2022:02:26:05 -0500] "PRI * HTTP/2.0" 400 946
167.94.138.119 - - [04/Oct/2022:02:26:05 -0500] "GET /favicon.ico HTTP/1.1" 200 7782
207.46.13.84 - - [04/Oct/2022:02:26:40 -0500] "GET /BLA/resoluciones/00000887.tif HTTP/1.1" 404 1018
216.245.221.92 - - [04/Oct/2022:02:27:01 -0500] "HEAD / HTTP/1.1" 200 -
172.22.2.4 - - [04/Oct/2022:02:28:17 -0500] "GET /BLA/boletinlegal/images/arr_r.jpg HTTP/1.1" 200 1998
201.245.192.253 - - [04/Oct/2022:02:30:02 -0500] "POST /kwsrmcab/Wsrmcab  HTTP/1.1" 200 42948
172.22.2.4 - - [04/Oct/2022:02:28:40 -0500] "HEAD /BLA/boletinlegal/ HTTP/1.1" 200 -
172.22.2.4 - - [04/Oct/2022:02:29:30 -0500] "GET /BLA/boletinlegal/ HTTP/1.1" 200 57725
201.245.192.253 - - [04/Oct/2022:02:31:36 -0500] "POST /kwsrmcab/Wsrmcab HTTP/1.1" 200 43299
201.245.192.253 - - [04/Oct/2022:02:31:39 -0500] "POST /kwsrmcab/Wsrmcab HTTP/1.1" 200 45010
216.245.221.92 - - [04/Oct/2022:02:32:01 -0500] "HEAD / HTTP/1.1" 200 -
66.249.73.103 - - [04/Oct/2022:02:32:21 -0500] "-" 408 -
199.59.150.180 - - [04/Oct/2022:02:34:48 -0500] "GET /images/feria-veh%C3%ADculos-sostenibles_optimized.jpeg HTTP/1.1" 404 1034
201.245.192.253 - - [04/Oct/2022:02:35:00 -0500] "POST /kwsrmcab/Wsrmcab  HTTP/1.1" 200 42948
172.22.2.4 - - [04/Oct/2022:02:34:29 -0500] "HEAD /BLA/boletinlegal/ HTTP/1.1" 200 -
172.22.2.4 - - [04/Oct/2022:02:35:20 -0500] "GET /BLA/boletinlegal/ HTTP/1.1" 200 51993
216.245.221.92 - - [04/Oct/2022:02:37:01 -0500] "HEAD / HTTP/1.1" 200 -
66.249.73.127 - - [04/Oct/2022:02:40:01 -0500] "-" 408 -
201.245.192.253 - - [04/Oct/2022:02:40:00 -0500] "POST /kwsrmcab/Wsrmcab  HTTP/1.1" 200 42948
207.46.13.40 - - [04/Oct/2022:02:40:32 -0500] "GET /bla/resoluciones/index.php?dir=resoluciones+2006/res+2006+1551-1600 HTTP/1.1" 200 12369
201.245.192.253 - - [04/Oct/2022:02:41:36 -0500] "POST /kwsrmcab/Wsrmcab HTTP/1.1" 200 43299
201.245.192.253 - - [04/Oct/2022:02:41:39 -0500] "POST /kwsrmcab/Wsrmcab HTTP/1.1" 200 45010
172.22.2.4 - - [04/Oct/2022:02:40:19 -0500] "HEAD /BLA/boletinlegal/ HTTP/1.1" 200 -
172.22.2.4 - - [04/Oct/2022:02:42:00 -0500] "GET /BLA/boletinlegal/Circulares/2019/Circular%20No.%2012%20del%2014%20de%20Marzo%20de%202019.pdf HTTP/1.1" 200 344384
216.245.221.92 - - [04/Oct/2022:02:42:01 -0500] "HEAD / HTTP/1.1" 200 -
172.22.2.4 - - [04/Oct/2022:02:41:10 -0500] "GET /BLA/boletinlegal/ HTTP/1.1" 200 54003
159.65.199.55 - - [04/Oct/2022:02:43:45 -0500] "\x16\x03\x01" 400 226
159.65.199.55 - - [04/Oct/2022:02:43:46 -0500] "\x16\x03\x01" 400 226
159.65.199.55 - - [04/Oct/2022:02:43:46 -0500] "GET / HTTP/1.1" 200 319
201.245.192.253 - - [04/Oct/2022:02:44:59 -0500] "POST /kwsrmcab/Wsrmcab  HTTP/1.1" 200 42948
216.245.221.92 - - [04/Oct/2022:02:47:01 -0500] "HEAD / HTTP/1.1" 200 -
172.22.2.4 - - [04/Oct/2022:02:46:09 -0500] "HEAD /BLA/boletinlegal/ HTTP/1.1" 200 -
42.194.215.216 - - [04/Oct/2022:02:48:02 -0500] "GET /galeria/galeria/fotos/GuaymaralTorca4G.jpg HTTP/1.1" 200 373786
172.22.2.4 - - [04/Oct/2022:02:47:00 -0500] "GET /BLA/boletinlegal/ HTTP/1.1" 200 60281
102.129.152.204 - - [04/Oct/2022:02:49:23 -0500] "GET / HTTP/1.1" 200 319
201.245.192.253 - - [04/Oct/2022:02:49:58 -0500] "POST /kwsrmcab/Wsrmcab  HTTP/1.1" 200 42948
199.59.150.180 - - [04/Oct/2022:02:50:07 -0500] "GET /images/feria-veh%C3%ADculos-sostenibles_optimized.jpeg HTTP/1.1" 404 1034
216.245.221.92 - - [04/Oct/2022:02:52:01 -0500] "HEAD / HTTP/1.1" 200 -
199.59.150.180 - - [04/Oct/2022:02:52:10 -0500] "GET /images/feria-veh%C3%ADculos-sostenibles_optimized.jpeg HTTP/1.1" 404 1034
79.110.62.213 - - [04/Oct/2022:02:52:40 -0500] "POST /boaform/admin/formLogin HTTP/1.1" 404 1186
172.22.2.4 - - [04/Oct/2022:02:51:59 -0500] "HEAD /BLA/boletinlegal/ HTTP/1.1" 200 -
172.22.2.4 - - [04/Oct/2022:02:52:50 -0500] "GET /BLA/boletinlegal/ HTTP/1.1" 200 58163
173.252.83.5 - - [04/Oct/2022:02:54:52 -0500] "GET /BLA/boletinlegal/images/registro-usuarios.png HTTP/1.1" 200 8106
201.245.192.253 - - [04/Oct/2022:02:54:57 -0500] "POST /kwsrmcab/Wsrmcab  HTTP/1.1" 200 42948
199.16.157.182 - - [04/Oct/2022:02:56:20 -0500] "GET /images/feria-veh%C3%ADculos-sostenibles_optimized.jpeg HTTP/1.1" 404 1034
216.245.221.92 - - [04/Oct/2022:02:57:01 -0500] "HEAD / HTTP/1.1" 200 -
172.22.2.4 - - [04/Oct/2022:02:57:49 -0500] "HEAD /BLA/boletinlegal/ HTTP/1.1" 200 -
201.245.192.253 - - [04/Oct/2022:02:59:55 -0500] "POST /kwsrmcab/Wsrmcab  HTTP/1.1" 200 42948
172.22.2.4 - - [04/Oct/2022:02:58:40 -0500] "GET /BLA/boletinlegal/ HTTP/1.1" 200 54003
207.46.13.89 - - [04/Oct/2022:03:01:55 -0500] "GET /BLA/resoluciones/RESOLUCIONES%202000/2000%20550-599.tif HTTP/1.1" 200 4848758
216.245.221.92 - - [04/Oct/2022:03:02:01 -0500] "HEAD / HTTP/1.1" 200 -
66.249.73.100 - - [04/Oct/2022:03:02:21 -0500] "-" 408 -
201.245.192.253 - - [04/Oct/2022:03:04:55 -0500] "POST /kwsrmcab/Wsrmcab  HTTP/1.1" 200 42948
172.22.2.4 - - [04/Oct/2022:03:03:39 -0500] "HEAD /BLA/boletinlegal/ HTTP/1.1" 200 -
157.55.39.142 - - [04/Oct/2022:03:05:30 -0500] "GET / HTTP/1.1" 200 319
172.22.2.4 - - [04/Oct/2022:03:04:30 -0500] "GET /BLA/boletinlegal/ HTTP/1.1" 200 58163
172.22.2.4 - - [04/Oct/2022:03:06:06 -0500] "GET /BLA/boletinlegal/ HTTP/1.1" 200 24523
216.245.221.92 - - [04/Oct/2022:03:07:01 -0500] "HEAD / HTTP/1.1" 200 -
201.244.119.125 - - [04/Oct/2022:03:09:53 -0500] "GET /BLA/resoluciones/RESOLUCIONES%202021/5262.pdf HTTP/1.1" 200 370932
201.244.119.125 - - [04/Oct/2022:03:09:53 -0500] "GET /favicon.ico HTTP/1.1" 200 7782
201.245.192.253 - - [04/Oct/2022:03:09:55 -0500] "POST /kwsrmcab/Wsrmcab  HTTP/1.1" 200 42948
172.22.2.4 - - [04/Oct/2022:03:09:29 -0500] "HEAD /BLA/boletinlegal/ HTTP/1.1" 200 -
157.55.39.154 - - [04/Oct/2022:03:11:46 -0500] "GET / HTTP/1.1" 200 319
172.22.2.4 - - [04/Oct/2022:03:10:20 -0500] "GET /BLA/boletinlegal/ HTTP/1.1" 200 56376
216.245.221.92 - - [04/Oct/2022:03:12:01 -0500] "HEAD / HTTP/1.1" 200 -
201.245.192.253 - - [04/Oct/2022:03:14:53 -0500] "POST /kwsrmcab/Wsrmcab  HTTP/1.1" 200 42948
66.249.73.103 - - [04/Oct/2022:03:15:20 -0500] "-" 408 -
172.22.2.4 - - [04/Oct/2022:03:15:19 -0500] "HEAD /BLA/boletinlegal/ HTTP/1.1" 200 -
216.245.221.92 - - [04/Oct/2022:03:17:01 -0500] "HEAD / HTTP/1.1" 200 -
172.22.2.4 - - [04/Oct/2022:03:16:10 -0500] "GET /BLA/boletinlegal/ HTTP/1.1" 200 58163
201.245.192.253 - - [04/Oct/2022:03:19:53 -0500] "POST /kwsrmcab/Wsrmcab  HTTP/1.1" 200 42948
212.129.57.169 - - [04/Oct/2022:03:20:24 -0500] "GET /transportadores-de-carga-conocieron-las-opciones-para-contaminar-menos-y-enrutarse-en-la-sostenibilidad.html HTTP/1.1" 200 1003
212.129.57.169 - - [04/Oct/2022:03:20:24 -0500] "GET /images/feria-veh%C3%ADculos-sostenibles_optimized.jpeg HTTP/1.1" 404 1034
172.22.2.4 - - [04/Oct/2022:03:19:47 -0500] "GET /BLA/boletinlegal/ HTTP/1.1" 200 62380
201.245.192.253 - - [04/Oct/2022:03:21:36 -0500] "POST /kwsrmcab/Wsrmcab HTTP/1.1" 200 43311
201.245.192.253 - - [04/Oct/2022:03:21:39 -0500] "POST /kwsrmcab/Wsrmcab HTTP/1.1" 200 45012
216.245.221.92 - - [04/Oct/2022:03:22:01 -0500] "HEAD / HTTP/1.1" 200 -
172.22.2.4 - - [04/Oct/2022:03:21:09 -0500] "HEAD /BLA/boletinlegal/ HTTP/1.1" 200 -
207.46.13.40 - - [04/Oct/2022:03:23:35 -0500] "GET /BLA/resoluciones/AUTOS%202016/1932.pdf HTTP/1.1" 200 305766
172.22.2.4 - - [04/Oct/2022:03:22:00 -0500] "GET /BLA/boletinlegal/ HTTP/1.1" 200 55630
201.245.192.253 - - [04/Oct/2022:03:24:51 -0500] "POST /kwsrmcab/Wsrmcab  HTTP/1.1" 200 42948
198.74.59.35 - - [04/Oct/2022:03:25:14 -0500] "GET /galeria/galeria/jquery.fancybox.js?v=2.1.5 HTTP/1.1" 200 48706
198.74.59.35 - - [04/Oct/2022:03:25:14 -0500] "GET /BLA/boletinlegal/js/jquery.scrollShow.js HTTP/1.1" 200 4586
198.74.59.35 - - [04/Oct/2022:03:25:14 -0500] "GET /galeria/galeria/jquery.fancybox.css?v=2.1.5 HTTP/1.1" 200 4895
199.59.150.183 - - [04/Oct/2022:03:26:40 -0500] "GET /images/feria-veh%C3%ADculos-sostenibles_optimized.jpeg HTTP/1.1" 404 1034
216.245.221.92 - - [04/Oct/2022:03:27:01 -0500] "HEAD / HTTP/1.1" 200 -
5.255.253.106 - - [04/Oct/2022:03:27:17 -0500] "-" 408 -
5.255.253.174 - - [04/Oct/2022:03:27:23 -0500] "-" 408 -
5.45.207.133 - - [04/Oct/2022:03:27:28 -0500] "-" 408 -
87.250.224.175 - - [04/Oct/2022:03:27:34 -0500] "-" 408 -
87.250.224.4 - - [04/Oct/2022:03:27:49 -0500] "-" 408 -
66.249.73.127 - - [04/Oct/2022:03:27:52 -0500] "-" 408 -
213.180.203.85 - - [04/Oct/2022:03:28:04 -0500] "-" 408 -
185.119.81.109 - - [04/Oct/2022:03:28:21 -0500] "GET /portaldeninos/wp-login.php HTTP/1.1" 200 2592
185.119.81.109 - - [04/Oct/2022:03:28:22 -0500] "POST /portaldeninos/wp-login.php HTTP/1.1" 200 3650
87.250.224.37 - - [04/Oct/2022:03:28:33 -0500] "-" 408 -
172.22.2.4 - - [04/Oct/2022:03:26:59 -0500] "HEAD /BLA/boletinlegal/ HTTP/1.1" 200 -
172.22.2.4 - - [04/Oct/2022:03:27:50 -0500] "GET /BLA/boletinlegal/ HTTP/1.1" 200 58163
5.255.253.166 - - [04/Oct/2022:03:29:34 -0500] "-" 408 -
201.245.192.253 - - [04/Oct/2022:03:29:50 -0500] "POST /kwsrmcab/Wsrmcab  HTTP/1.1" 200 42948
172.22.2.4 - - [04/Oct/2022:03:30:00 -0500] "GET /BLA/boletinlegal/ab2g HTTP/1.1" 404 1018
172.22.2.4 - - [04/Oct/2022:03:30:01 -0500] "GET /BLA/boletinlegal/ab2h HTTP/1.1" 404 1018
213.180.203.3 - - [04/Oct/2022:03:30:34 -0500] "-" 408 -
172.22.2.4 - - [04/Oct/2022:03:30:08 -0500] "GET /BLA/boletinlegal/ HTTP/1.1" 200 32715
199.16.157.180 - - [04/Oct/2022:03:31:26 -0500] "GET /images/feria-veh%C3%ADculos-sostenibles_optimized.jpeg HTTP/1.1" 404 1034
201.245.192.253 - - [04/Oct/2022:03:31:36 -0500] "POST /kwsrmcab/Wsrmcab HTTP/1.1" 200 43311
201.245.192.253 - - [04/Oct/2022:03:31:39 -0500] "POST /kwsrmcab/Wsrmcab HTTP/1.1" 200 45012
216.245.221.92 - - [04/Oct/2022:03:32:01 -0500] "HEAD / HTTP/1.1" 200 -
172.22.2.4 - - [04/Oct/2022:03:32:49 -0500] "HEAD /BLA/boletinlegal/ HTTP/1.1" 200 -
201.245.192.253 - - [04/Oct/2022:03:34:49 -0500] "POST /kwsrmcab/Wsrmcab  HTTP/1.1" 200 42948
172.22.2.4 - - [04/Oct/2022:03:33:40 -0500] "GET /BLA/boletinlegal/ HTTP/1.1" 200 58163
207.46.13.190 - - [04/Oct/2022:03:35:25 -0500] "GET /BLA/resoluciones/RESOLUCIONES%202002/RES%202002%20301-350/00000330.tif HTTP/1.1" 200 196888
207.46.13.89 - - [04/Oct/2022:03:35:38 -0500] "GET /BLA/resoluciones/00001768.tif HTTP/1.1" 404 1018
207.46.13.190 - - [04/Oct/2022:03:36:36 -0500] "GET /BLA/resoluciones/RESOLUCIONES%202022/0384.pdf HTTP/1.1" 200 331706
157.55.39.25 - - [04/Oct/2022:03:36:40 -0500] "GET /BLA/resoluciones/AUTOS%202014/2041.pdf HTTP/1.1" 200 312290
216.245.221.92 - - [04/Oct/2022:03:37:01 -0500] "HEAD / HTTP/1.1" 200 -
201.245.192.253 - - [04/Oct/2022:03:39:48 -0500] "POST /kwsrmcab/Wsrmcab  HTTP/1.1" 200 42948
172.22.2.4 - - [04/Oct/2022:03:38:39 -0500] "HEAD /BLA/boletinlegal/ HTTP/1.1" 200 -
207.46.13.177 - - [04/Oct/2022:03:40:51 -0500] "GET /bogota-destacada-en-america-latina-por-su-accion-climatica.html HTTP/1.1" 200 768
172.22.2.4 - - [04/Oct/2022:03:39:30 -0500] "GET /BLA/boletinlegal/ HTTP/1.1" 200 58575
201.245.192.253 - - [04/Oct/2022:03:41:35 -0500] "POST /kwsrmcab/Wsrmcab HTTP/1.1" 200 43311
201.245.192.253 - - [04/Oct/2022:03:41:38 -0500] "POST /kwsrmcab/Wsrmcab HTTP/1.1" 200 45012
216.245.221.92 - - [04/Oct/2022:03:42:01 -0500] "HEAD / HTTP/1.1" 200 -
201.245.192.253 - - [04/Oct/2022:03:44:48 -0500] "POST /kwsrmcab/Wsrmcab  HTTP/1.1" 200 42948
172.22.2.4 - - [04/Oct/2022:03:45:45 -0500] "GET /BLA/boletinlegal/robots.txt HTTP/1.1" 404 1038
172.22.2.4 - - [04/Oct/2022:03:46:00 -0500] "GET /BLA/boletinlegal/actos.php/js/ajax_actos.js HTTP/1.1" 200 9559
172.22.2.4 - - [04/Oct/2022:03:44:29 -0500] "HEAD /BLA/boletinlegal/ HTTP/1.1" 200 -
51.159.195.16 - - [04/Oct/2022:03:46:20 -0500] "GET /transportadores-de-carga-conocieron-las-opciones-para-contaminar-menos-y-enrutarse-en-la-sostenibilidad.html HTTP/1.1" 200 1003
51.159.195.16 - - [04/Oct/2022:03:46:20 -0500] "GET /images/feria-veh%C3%ADculos-sostenibles_optimized.jpeg HTTP/1.1" 404 1034
172.22.2.4 - - [04/Oct/2022:03:45:20 -0500] "GET /BLA/boletinlegal/ HTTP/1.1" 200 50046
216.245.221.92 - - [04/Oct/2022:03:47:01 -0500] "HEAD / HTTP/1.1" 200 -
172.22.2.4 - - [04/Oct/2022:03:45:47 -0500] "GET /BLA/boletinlegal/index.php HTTP/1.1" 200 52877
201.245.192.253 - - [04/Oct/2022:03:49:47 -0500] "POST /kwsrmcab/Wsrmcab  HTTP/1.1" 200 42948
172.22.2.4 - - [04/Oct/2022:03:50:19 -0500] "HEAD /BLA/boletinlegal/ HTTP/1.1" 200 -
216.245.221.92 - - [04/Oct/2022:03:52:01 -0500] "HEAD / HTTP/1.1" 200 -
172.22.2.4 - - [04/Oct/2022:03:51:10 -0500] "GET /BLA/boletinlegal/ HTTP/1.1" 200 60281
173.252.83.17 - - [04/Oct/2022:03:53:40 -0500] "-" 408 -
207.46.13.89 - - [04/Oct/2022:03:54:40 -0500] "GET /BLA/resoluciones/RESOLUCIONES%202002/RES%202002%20851-900/00000893.tif HTTP/1.1" 200 509350
201.245.192.253 - - [04/Oct/2022:03:54:45 -0500] "POST /kwsrmcab/Wsrmcab  HTTP/1.1" 200 42948
157.55.39.154 - - [04/Oct/2022:03:55:10 -0500] "GET /portaldeninos/wp-content/uploads/2021/11/pieza-dia-medioambiente-bogota-5-junio-960x720.jpg HTTP/1.1" 200 129424
157.55.39.202 - - [04/Oct/2022:03:56:45 -0500] "GET /BLA/resoluciones/00001756.tif HTTP/1.1" 404 1018
66.249.73.109 - - [04/Oct/2022:03:56:46 -0500] "-" 408 -
216.245.221.92 - - [04/Oct/2022:03:57:01 -0500] "HEAD / HTTP/1.1" 200 -
172.22.2.4 - - [04/Oct/2022:03:56:09 -0500] "HEAD /BLA/boletinlegal/ HTTP/1.1" 200 -
172.22.2.4 - - [04/Oct/2022:03:56:59 -0500] "GET /BLA/boletinlegal/ HTTP/1.1" 200 59828
201.245.192.253 - - [04/Oct/2022:03:59:45 -0500] "POST /kwsrmcab/Wsrmcab  HTTP/1.1" 200 42948
199.59.150.180 - - [04/Oct/2022:04:01:33 -0500] "GET /images/feria-veh%C3%ADculos-sostenibles_optimized.jpeg HTTP/1.1" 404 1034
216.245.221.92 - - [04/Oct/2022:04:02:01 -0500] "HEAD / HTTP/1.1" 200 -
66.249.73.127 - - [04/Oct/2022:04:03:09 -0500] "-" 408 -
172.22.2.4 - - [04/Oct/2022:04:01:59 -0500] "HEAD /BLA/boletinlegal/ HTTP/1.1" 200 -
172.22.2.4 - - [04/Oct/2022:04:02:50 -0500] "GET /BLA/boletinlegal/ HTTP/1.1" 200 53640
201.245.192.253 - - [04/Oct/2022:04:04:44 -0500] "POST /kwsrmcab/Wsrmcab  HTTP/1.1" 200 42948
157.55.39.25 - - [04/Oct/2022:04:05:13 -0500] "GET /BLA/resoluciones/RESOLUCIONES%202022/0406.pdf HTTP/1.1" 200 466330
199.16.157.181 - - [04/Oct/2022:04:06:51 -0500] "GET /images/feria-veh%C3%ADculos-sostenibles_optimized.jpeg HTTP/1.1" 404 1034
216.245.221.92 - - [04/Oct/2022:04:07:01 -0500] "HEAD / HTTP/1.1" 200 -
69.63.189.3 - - [04/Oct/2022:04:07:40 -0500] "GET /no-uses-las-palmas-silvestres-en-celebraciones-de-semana-santa-protegelas.html HTTP/1.1" 206 980
207.46.13.190 - - [04/Oct/2022:04:07:47 -0500] "GET /menu/js/jquery.mousewheel.js HTTP/1.1" 404 1018
207.46.13.190 - - [04/Oct/2022:04:07:47 -0500] "GET /menu/js/jquery.vaccordion.js HTTP/1.1" 404 1018
157.55.39.25 - - [04/Oct/2022:04:07:51 -0500] "GET /menu/css/demo.css HTTP/1.1" 404 1018
207.46.13.89 - - [04/Oct/2022:04:07:51 -0500] "GET /menu/js/jquery.easing.1.3.js HTTP/1.1" 404 1018
207.46.13.84 - - [04/Oct/2022:04:07:52 -0500] "GET /menu/css/style.css HTTP/1.1" 404 1018
207.46.13.84 - - [04/Oct/2022:04:07:52 -0500] "GET /BLA/resoluciones/AUTOS%202022/3502.pdf HTTP/1.1" 200 401418
192.241.217.165 - - [04/Oct/2022:04:09:03 -0500] "MGLNDD_190.27.245.106_80" 501 953
172.22.2.4 - - [04/Oct/2022:04:07:49 -0500] "HEAD /BLA/boletinlegal/ HTTP/1.1" 200 -
201.245.192.253 - - [04/Oct/2022:04:09:42 -0500] "POST /kwsrmcab/Wsrmcab  HTTP/1.1" 200 42948
172.22.2.4 - - [04/Oct/2022:04:08:40 -0500] "GET /BLA/boletinlegal/ HTTP/1.1" 200 58163
216.245.221.92 - - [04/Oct/2022:04:12:01 -0500] "HEAD / HTTP/1.1" 200 -
66.249.73.103 - - [04/Oct/2022:04:12:52 -0500] "-" 408 -
201.245.192.253 - - [04/Oct/2022:04:14:41 -0500] "POST /kwsrmcab/Wsrmcab  HTTP/1.1" 200 42948
172.22.2.4 - - [04/Oct/2022:04:13:39 -0500] "HEAD /BLA/boletinlegal/ HTTP/1.1" 200 -
172.22.2.4 - - [04/Oct/2022:04:14:29 -0500] "GET /BLA/boletinlegal/ HTTP/1.1" 200 58163
51.159.194.233 - - [04/Oct/2022:04:16:16 -0500] "GET /alcaldia-de-bogota-y-gobernacion-de-cundinamarca-suscriben-convenio-para-implementar-pagos-por-servicios-ambientales-en-la-bogota-region.html HTTP/1.1" 200 1133
51.159.194.233 - - [04/Oct/2022:04:16:17 -0500] "GET /images/cundinamarca-1_optimized.jpeg HTTP/1.1" 200 101287
216.245.221.92 - - [04/Oct/2022:04:17:01 -0500] "HEAD / HTTP/1.1" 200 -
172.22.2.4 - - [04/Oct/2022:04:17:51 -0500] "GET /BLA/boletinlegal/Circulares/2019/Circular%20No.%200003%20del%2031%20de%20Enero%20de%202019.pdf HTTP/1.1" 304 -
190.237.180.142 - - [04/Oct/2022:04:19:33 -0500] "GET / HTTP/1.1" 200 319
201.245.192.253 - - [04/Oct/2022:04:19:41 -0500] "POST /kwsrmcab/Wsrmcab  HTTP/1.1" 200 42948
172.22.2.4 - - [04/Oct/2022:04:19:29 -0500] "HEAD /BLA/boletinlegal/ HTTP/1.1" 200 -
94.102.61.10 - - [04/Oct/2022:04:21:13 -0500] "GET / HTTP/1.1" 200 319
201.245.192.253 - - [04/Oct/2022:04:21:35 -0500] "POST /kwsrmcab/Wsrmcab HTTP/1.1" 200 43294
201.245.192.253 - - [04/Oct/2022:04:21:38 -0500] "POST /kwsrmcab/Wsrmcab HTTP/1.1" 200 45010
172.22.2.4 - - [04/Oct/2022:04:20:20 -0500] "GET /BLA/boletinlegal/ HTTP/1.1" 200 55630
216.245.221.92 - - [04/Oct/2022:04:22:01 -0500] "HEAD / HTTP/1.1" 200 -
201.245.192.253 - - [04/Oct/2022:04:24:40 -0500] "POST /kwsrmcab/Wsrmcab  HTTP/1.1" 200 42948
172.22.2.4 - - [04/Oct/2022:04:25:19 -0500] "HEAD /BLA/boletinlegal/ HTTP/1.1" 200 -
216.245.221.92 - - [04/Oct/2022:04:27:01 -0500] "HEAD / HTTP/1.1" 200 -
172.22.2.4 - - [04/Oct/2022:04:26:09 -0500] "GET /BLA/boletinlegal/ HTTP/1.1" 200 58163
207.46.13.190 - - [04/Oct/2022:04:28:30 -0500] "GET /sipse/faces/javax.faces.resource/layout/layout.js;jsessionid=8p3tpfwbx4crpewts7fsufj2.undefined?ln=primefaces&v=4.0 HTTP/1.1" 200 87560
207.46.13.84 - - [04/Oct/2022:04:29:01 -0500] "GET /BLA/resoluciones/AUTOS%202022/3708.pdf HTTP/1.1" 200 1405264
201.245.192.253 - - [04/Oct/2022:04:29:39 -0500] "POST /kwsrmcab/Wsrmcab  HTTP/1.1" 200 42948
157.55.39.25 - - [04/Oct/2022:04:30:07 -0500] "GET /BLA/resoluciones/AUTOS%202022/4192.pdf HTTP/1.1" 200 461312
207.46.13.211 - - [04/Oct/2022:04:30:59 -0500] "GET /portaldeninos/wp-content/uploads/2020/11/conciencia-ambiental-28-agosto-300x162.jpg HTTP/1.1" 200 14559
201.245.192.253 - - [04/Oct/2022:04:31:36 -0500] "POST /kwsrmcab/Wsrmcab HTTP/1.1" 200 43294
201.245.192.253 - - [04/Oct/2022:04:31:39 -0500] "POST /kwsrmcab/Wsrmcab HTTP/1.1" 200 45010
157.55.39.25 - - [04/Oct/2022:04:31:44 -0500] "GET /BLA/resoluciones/RESOLUCIONES%202002/RES%202002%20851-900/00000899.tif HTTP/1.1" 200 133400
216.245.221.92 - - [04/Oct/2022:04:32:01 -0500] "HEAD / HTTP/1.1" 200 -
172.22.2.4 - - [04/Oct/2022:04:31:09 -0500] "HEAD /BLA/boletinlegal/ HTTP/1.1" 200 -
173.252.83.11 - - [04/Oct/2022:04:33:20 -0500] "-" 408 -
172.22.2.4 - - [04/Oct/2022:04:31:59 -0500] "GET /BLA/boletinlegal/ HTTP/1.1" 200 59828
201.245.192.253 - - [04/Oct/2022:04:34:38 -0500] "POST /kwsrmcab/Wsrmcab  HTTP/1.1" 200 42948
199.59.150.183 - - [04/Oct/2022:04:36:23 -0500] "GET /images/feria-veh%C3%ADculos-sostenibles_optimized.jpeg HTTP/1.1" 404 1034
216.245.221.92 - - [04/Oct/2022:04:37:01 -0500] "HEAD / HTTP/1.1" 200 -
207.46.13.84 - - [04/Oct/2022:04:37:22 -0500] "GET /BLA/resoluciones/00001766.tif HTTP/1.1" 404 1018
172.22.2.4 - - [04/Oct/2022:04:36:59 -0500] "HEAD /BLA/boletinlegal/ HTTP/1.1" 200 -
157.55.39.202 - - [04/Oct/2022:04:38:40 -0500] "GET / HTTP/1.1" 200 319
172.22.2.4 - - [04/Oct/2022:04:37:49 -0500] "GET /BLA/boletinlegal/ HTTP/1.1" 200 52877
201.245.192.253 - - [04/Oct/2022:04:39:38 -0500] "POST /kwsrmcab/Wsrmcab  HTTP/1.1" 200 42948
199.16.157.180 - - [04/Oct/2022:04:41:36 -0500] "GET /images/feria-veh%C3%ADculos-sostenibles_optimized.jpeg HTTP/1.1" 404 1034
201.245.192.253 - - [04/Oct/2022:04:41:35 -0500] "POST /kwsrmcab/Wsrmcab HTTP/1.1" 200 43294
201.245.192.253 - - [04/Oct/2022:04:41:38 -0500] "POST /kwsrmcab/Wsrmcab HTTP/1.1" 200 45010
216.245.221.92 - - [04/Oct/2022:04:42:01 -0500] "HEAD / HTTP/1.1" 200 -
172.22.2.4 - - [04/Oct/2022:04:42:49 -0500] "HEAD /BLA/boletinlegal/ HTTP/1.1" 200 -
201.245.192.253 - - [04/Oct/2022:04:44:36 -0500] "POST /kwsrmcab/Wsrmcab  HTTP/1.1" 200 42948
157.55.39.112 - - [04/Oct/2022:04:45:14 -0500] "-" 408 -
172.22.2.4 - - [04/Oct/2022:04:43:39 -0500] "GET /BLA/boletinlegal/ HTTP/1.1" 200 52877
66.249.73.127 - - [04/Oct/2022:04:46:58 -0500] "-" 408 -
216.245.221.92 - - [04/Oct/2022:04:47:01 -0500] "HEAD / HTTP/1.1" 200 -
207.46.13.89 - - [04/Oct/2022:04:48:45 -0500] "GET /BLA/resoluciones/AUTOS%202022/0009.pdf HTTP/1.1" 200 389921
201.245.192.253 - - [04/Oct/2022:04:49:36 -0500] "POST /kwsrmcab/Wsrmcab  HTTP/1.1" 200 42948
172.22.2.4 - - [04/Oct/2022:04:48:39 -0500] "HEAD /BLA/boletinlegal/ HTTP/1.1" 200 -
172.22.2.4 - - [04/Oct/2022:04:49:29 -0500] "GET /BLA/boletinlegal/ HTTP/1.1" 200 58163
216.245.221.92 - - [04/Oct/2022:04:52:01 -0500] "HEAD / HTTP/1.1" 200 -
157.55.39.25 - - [04/Oct/2022:04:52:18 -0500] "GET /BLA/resoluciones/RESOLUCIONES%202022/2959.pdf HTTP/1.1" 200 590250
172.22.2.4 - - [04/Oct/2022:04:53:47 -0500] "GET /BLA/boletinlegal/robots.txt HTTP/1.1" 404 1038
172.22.2.4 - - [04/Oct/2022:04:53:47 -0500] "GET /BLA/boletinlegal/jurisprudencia/analisis/Analisis%20Sentencia%20T-1077,%202%20corregida.doc HTTP/1.1" 304 -
201.245.192.253 - - [04/Oct/2022:04:54:35 -0500] "POST /kwsrmcab/Wsrmcab  HTTP/1.1" 200 42948
172.22.2.4 - - [04/Oct/2022:04:54:29 -0500] "HEAD /BLA/boletinlegal/ HTTP/1.1" 200 -
172.22.2.4 - - [04/Oct/2022:04:55:19 -0500] "GET /BLA/boletinlegal/ HTTP/1.1" 200 58163
216.245.221.92 - - [04/Oct/2022:04:57:01 -0500] "HEAD / HTTP/1.1" 200 -
201.245.192.253 - - [04/Oct/2022:04:59:33 -0500] "POST /kwsrmcab/Wsrmcab  HTTP/1.1" 200 42948
172.22.2.4 - - [04/Oct/2022:05:01:13 -0500] "GET /BLA/boletinlegal/ab2g HTTP/1.1" 404 1018
172.22.2.4 - - [04/Oct/2022:05:01:13 -0500] "GET /BLA/boletinlegal/ab2h HTTP/1.1" 404 1018
207.46.13.211 - - [04/Oct/2022:05:01:22 -0500] "GET /portaldeninos/biodiversidad/ HTTP/1.1" 200 86633
157.55.39.159 - - [04/Oct/2022:05:01:41 -0500] "GET /portaldeninos/wp-content/themes/betheme/assets/animations/animations.min.css?ver=20.9.6 HTTP/1.1" 200 58508
157.55.39.159 - - [04/Oct/2022:05:01:42 -0500] "GET /portaldeninos/wp-includes/js/jquery/ui/accordion.min.js?ver=1.11.4 HTTP/1.1" 200 8584
157.55.39.159 - - [04/Oct/2022:05:01:42 -0500] "GET /portaldeninos/wp-includes/js/wp-embed.min.js?ver=4.9.8 HTTP/1.1" 200 1398
207.46.13.181 - - [04/Oct/2022:05:01:42 -0500] "GET /portaldeninos/wp-content/themes/betheme/assets/jplayer/jplayer.min.js?ver=20.9.6 HTTP/1.1" 200 52702
207.46.13.211 - - [04/Oct/2022:05:01:45 -0500] "GET /portaldeninos/wp-content/plugins/gallery-videos/CSS/totalsoft.css?ver=4.9.8 HTTP/1.1" 200 40622
207.46.13.211 - - [04/Oct/2022:05:01:46 -0500] "GET /portaldeninos/wp-content/themes/betheme/assets/ui/jquery.ui.all.css?ver=20.9.6 HTTP/1.1" 200 18765
207.46.13.211 - - [04/Oct/2022:05:01:46 -0500] "GET /portaldeninos/wp-content/themes/betheme/css/layout.css?ver=20.9.6 HTTP/1.1" 200 116639
207.46.13.211 - - [04/Oct/2022:05:01:47 -0500] "GET /portaldeninos/wp-content/themes/betheme/js/scripts.js?ver=20.9.6 HTTP/1.1" 200 77162
207.46.13.211 - - [04/Oct/2022:05:01:47 -0500] "GET /portaldeninos/wp-content/uploads/useanyfont/uaf.css?ver=1589905315 HTTP/1.1" 200 408
207.46.13.211 - - [04/Oct/2022:05:01:47 -0500] "GET /portaldeninos/wp-includes/js/jquery/jquery.js?ver=1.12.4 HTTP/1.1" 200 97184
207.46.13.177 - - [04/Oct/2022:05:01:48 -0500] "GET /portaldeninos/wp-content/themes/betheme/assets/animations/animations.min.js?ver=20.9.6 HTTP/1.1" 200 1896
207.46.13.213 - - [04/Oct/2022:05:01:52 -0500] "GET /portaldeninos/wp-content/themes/betheme/js/menu.js?ver=20.9.6 HTTP/1.1" 200 2449
207.46.13.213 - - [04/Oct/2022:05:01:52 -0500] "GET /portaldeninos/wp-includes/js/jquery/ui/mouse.min.js?ver=1.11.4 HTTP/1.1" 200 3148
207.46.13.213 - - [04/Oct/2022:05:01:52 -0500] "GET /portaldeninos/wp-includes/js/jquery/ui/tabs.min.js?ver=1.11.4 HTTP/1.1" 200 12110
207.46.13.213 - - [04/Oct/2022:05:01:52 -0500] "GET /portaldeninos/wp-includes/js/jquery/ui/widget.min.js?ver=1.11.4 HTTP/1.1" 200 6908
207.46.13.181 - - [04/Oct/2022:05:01:56 -0500] "GET /portaldeninos/wp-content/themes/betheme/js/plugins.js?ver=20.9.6 HTTP/1.1" 200 197151
207.46.13.181 - - [04/Oct/2022:05:01:58 -0500] "GET /portaldeninos/wp-includes/js/jquery/ui/sortable.min.js?ver=1.11.4 HTTP/1.1" 200 24899
207.46.13.181 - - [04/Oct/2022:05:01:58 -0500] "GET /portaldeninos/wp-includes/js/wp-emoji-release.min.js?ver=4.9.8 HTTP/1.1" 200 12026
