!C99Shell v. 1.0 pre-release build #13!

Software: Apache. PHP/5.5.15 

uname -a: Windows NT SVR-DMZ 6.1 build 7600 (Windows Server 2008 R2 Enterprise Edition) i586 

SYSTEM 

Safe-mode: OFF (not secure)

E:\nuevo\apache\logs\   drwxrwxrwx
Free 8.02 GB of 239.26 GB (3.35%)
Detected drives: [ a ] [ c ] [ d ] [ e ] [ f ]
Home    Back    Forward    UPDIR    Refresh    Search    Buffer    Encoder    Tools    Proc.    FTP brute    Sec.    SQL    PHP-code    Update    Feedback    Self remove    Logout    


Viewing file:     access.2022.10.05.log (2.96 MB)      -rw-rw-rw-
Select action/file-type:
(+) | (+) | (+) | Code (+) | Session (+) | (+) | SDB (+) | (+) | (+) | (+) | (+) | (+) |
172.22.2.4 - - [04/Oct/2022:23:58:47 -0500] "HEAD /BLA/boletinlegal/ HTTP/1.1" 200 -
172.22.2.4 - - [04/Oct/2022:23:59:37 -0500] "GET /BLA/boletinlegal/ HTTP/1.1" 200 58575
201.245.192.253 - - [05/Oct/2022:00:01:48 -0500] "POST /kwsrmcab/Wsrmcab  HTTP/1.1" 200 42483
216.245.221.92 - - [05/Oct/2022:00:02:59 -0500] "HEAD / HTTP/1.1" 200 -
172.22.2.4 - - [05/Oct/2022:00:04:46 -0500] "GET /BLA/boletinlegal/jurisprudencia/analisis/AnalisisT-606-15.docx HTTP/1.1" 304 -
66.249.73.127 - - [05/Oct/2022:00:05:39 -0500] "-" 408 -
207.46.13.190 - - [05/Oct/2022:00:05:40 -0500] "GET /BLA/resoluciones/AUTOS%202022/1019.pdf HTTP/1.1" 200 2294851
87.250.224.167 - - [05/Oct/2022:00:06:16 -0500] "-" 408 -
172.22.2.4 - - [05/Oct/2022:00:04:37 -0500] "HEAD /BLA/boletinlegal/ HTTP/1.1" 200 -
201.245.192.253 - - [05/Oct/2022:00:06:47 -0500] "POST /kwsrmcab/Wsrmcab  HTTP/1.1" 200 42483
172.22.2.4 - - [05/Oct/2022:00:05:27 -0500] "GET /BLA/boletinlegal/ HTTP/1.1" 200 58163
216.245.221.92 - - [05/Oct/2022:00:07:59 -0500] "HEAD / HTTP/1.1" 200 -
201.245.192.253 - - [05/Oct/2022:00:11:46 -0500] "POST /kwsrmcab/Wsrmcab  HTTP/1.1" 200 42483
172.22.2.4 - - [05/Oct/2022:00:10:27 -0500] "HEAD /BLA/boletinlegal/ HTTP/1.1" 200 -
172.22.2.4 - - [05/Oct/2022:00:11:17 -0500] "GET /BLA/boletinlegal/ HTTP/1.1" 200 58163
216.245.221.92 - - [05/Oct/2022:00:12:59 -0500] "HEAD / HTTP/1.1" 200 -
172.22.2.4 - - [05/Oct/2022:00:13:49 -0500] "GET /BLA/boletinlegal/actos.php HTTP/1.1" 200 9566
157.55.39.25 - - [05/Oct/2022:00:14:55 -0500] "GET /BLA/resoluciones/RESOLUCIONES%202005/00001089.tif HTTP/1.1" 200 153780
152.61.192.232 - - [05/Oct/2022:00:15:00 -0500] "GET / HTTP/1.1" 200 319
95.108.213.62 - - [05/Oct/2022:00:16:16 -0500] "-" 408 -
186.29.175.102 - - [05/Oct/2022:00:16:31 -0500] "GET /kwssiamovil/sm/acme/a?s=U2FsdGVkX1+DQlVMTfzg4QLt81GHcj+pNWrHJiBGYmYfgM69PU/WhYjDHtaBLr+wOFDHbhEFbicxpTxURxM5Nnpp66VG6F3GQOnOxrE6GEGXdG5/mlfsaVFtZRFs7urgnEIoi8GdkuOqVGmiYubHvKNRj74QoqfYBbJcDkvRqbiOEEjv01EoQ+YPzHdBIW6UwHzt+78ADU1mvc89p6yglG4WRqWOT2pfjBYFEntJTNUGm+dkGn0bQ07ZHlBYsD5JLT1f9Oax3TaN+DNL9DeE8w==&u=U2FsdGVkX1/poPiC2gBU9ZfYoLPlo2XQ0Xcf9yN1nPdF15Z0vPlVFOKzi2zSdyqS&y=U2FsdGVkX19Lnb3tvxKNwSHS2r2lllh+7Qq2t2OnFbe0x+5DMRZwIA7PULS/uiwM HTTP/1.1" 200 25
186.29.175.102 - - [05/Oct/2022:00:16:32 -0500] "GET /kwssiamovil/sm/acme/a?s=U2FsdGVkX19oyJJwyVd+Eg69n3frzS/nU2MzeUBJKD9gy4KbG5Om2pX4YYpfsZt4FjbhvfsHHlXwMTQeLXIB2V7pYPEIKbYGrd7oOVhbagaR3BROICU4oswMWCVDBcurpaiUKwJRDsw48TrkK/9pcNosIdQ809SkTq0YZt8rXEC1oIxhf6KmLLMff8h5EkDZKcRiLMplsAjf1v4nSd06tz50Bb7VL7ynbIQ6xxgvXtNAT8VcGqq7uS5j/TFGrBGs0/GiPFn/BmAZz6x8okB0pExRtF+zKX/tPX4lsLFj4C6eHjxFuq8gdjGfg39R5QW/EIqNnMp/yL9Vac+e6Cc19RmttOockKB8fgRg/UTy1PT3MOr4bxg3r8o8rwTQN/EXHXg9aGuCEqE6IASuZbJx5hj7F88ZQTNwk9fc9oc3otAr/G2C8CSy7H+PqV71+BQJyjiMSg7HLoiV/0KZOsz8iKHzqmCuuURV+iPCXwzkWmiJL4z+sbV9kJhBm7DSka7tcNSSH+VrZcL5Znu/qTsloIsAMgIiOafRBOmbHPLKqKw9Oh7pSjFrH9oeW0/B+bOnew/2C/f7Ih/lJlfade0F1kUWFJOuT/DdNUVoTOmNBAYdLcT+rqSxEExn2+6H9amAuaFceCRzdoXIJqJor3X8T1JcbHkephpH40XTrvHhO+Kko4gM/8NKC48d1myaejKXhyCK1dYPkhFrx55FDfXbkVD1vRBUL3scYH4r42ZU5AtKntqm5c9FtZKue0nAKa1CMjwpaFz3g7xvcszIRh/EwDjkQOhRH7KQh3ZCPVS6tZYCR/Is/00PgH1+nfLGaWGEV1IQ/irRfSiZFWLtoSP+julwlZ2Dv9eXjTEpkyuRPX/7MeMTl7KUwM17mHLjTUY8fE27jwbida+bYSFlXDyhWiF0IINliB4wlj57ovo2ItkKjDD6a4p2w+kTWRUgbRrJm7mftBEIXFdC5mrAxBEv1yOgJq4yZSgVwrr5c29BjGXKE8kKWLbyBWC9YyXVzboPRSUciakT3Ml5UeIzrheCrkPNzkeFjCi0gPts0I70tVraFtGgfzgKnLitbE0CW0z4ZPHoBw6R+4idrbssitR3aUXs7bRdRo5khUNnJPgmNaKwFRE81YH9+WzSwDW7mCsecBrUp7IF2HoQc2JD0BAfKO/t0iTg1w1/K3JmpUH9QjwIMgozERG9V7vNdWEFALGsEaToCHOK9yX7+Xn6hp9pnVqtbOYsdWt9ula+LYgWZ9KuhwsdrcnvgzlaZ8WUmAYT+jG/K7OhG5z73quUfkYnFqdmAjwC9QF+RRGY+e99PTpHdITpz1F3xdtLXaO7RrppW88448rOwjYje30JvmmPhR4r1T3nW4IVA5SfZvhlyc8gmhKkWzQ91ghtLeTGq262JjRkx7zuuunHbPileOz3Q4eGFy4V8PfDYYN6ogxtVQWk6SAmBQ1Vwd8Qz/DVLYx754uzfMW8Xuj07T2/ud18x85pqsTlaufuFic3cq3rMrA37IxUJiFbpj2GZTTlXRRJ1kr4Ia5spyyo6BaZYoyaRHUQVjBmiMRGPFdXRBw0crf8P/Xege9viAL7k8pMMlxqIKdb/Pq9C8qIQCiYQbpH1aj31ZAUDNXKqfxZFp/uCFN4Mop5XtxhzgKzS3nk228jFRnrIJmcWTa74LDUE5CgfvCbj3MuDYE79vmX2EcuLwK5NcpXkxXbSrU192SCTObq8n9HNc+pjKI9+rvjTINw6+gtOrYFHqnsfDSCsEUpdbTf99mqbHPJQ4PYOk5kkpfYdxuzB7H++2mhZS/iT1Qs/N5l5LwuAqHyPKYMukMYzI9is/hxxvHKCye43F+MLLQI66tpHqtdSYplsDFM9GkYN6SdHdfNeZVolQ527hC/VwGxSjkO+6V5Ug6uycqevXYBsgJh1wbmldipI8Ef9CgJtXA4AiLLN4Nh9bSQlP/nks/P0Z5l0GtKPExyMc6AtmY1&u=U2FsdGVkX1/poPiC2gBU9ZfYoLPlo2XQ0Xcf9yN1nPdF15Z0vPlVFOKzi2zSdyqS&y=U2FsdGVkX19Lnb3tvxKNwSHS2r2lllh+7Qq2t2OnFbe0x+5DMRZwIA7PULS/uiwM HTTP/1.1" 200 25
186.29.175.102 - - [05/Oct/2022:00:16:32 -0500] "GET /kwssiamovil/sm/acme/a?s=U2FsdGVkX1/27Vb4Bu6E4mdl30gqlrt2kCQSs0uaIZ0BfMF6K1IujK/AZ6uwawNC6uE88kzj5xOxErbSuj1MzrPb/nrO6vLSqySoTsW5N2VRLJf4AAX4/vwLnp5mLNdtDV9I/rCgjEBkfWEOmgNqPpW309TagETwG+froji1HMM=&u=U2FsdGVkX1/poPiC2gBU9ZfYoLPlo2XQ0Xcf9yN1nPdF15Z0vPlVFOKzi2zSdyqS&y=U2FsdGVkX19Lnb3tvxKNwSHS2r2lllh+7Qq2t2OnFbe0x+5DMRZwIA7PULS/uiwM HTTP/1.1" 200 25
186.29.175.102 - - [05/Oct/2022:00:16:33 -0500] "GET /kwssiamovil/sm/acme/a?s=U2FsdGVkX1/zXRjc/AhXBHUBoLHYeNcE8SNt09KI2IuPIOnSLgLulM9xFVidvOYjoVYXInoinsGllySKQ+BaPv4EFhYOaHwXe7RAwVdmYkyY8dBsLRFW9kgpdIUSXJBOmrlt/h+FSjuWCxOI0xLWc9ptpYltxGMtYj/MsQMn8iE=&u=U2FsdGVkX1/poPiC2gBU9ZfYoLPlo2XQ0Xcf9yN1nPdF15Z0vPlVFOKzi2zSdyqS&y=U2FsdGVkX19Lnb3tvxKNwSHS2r2lllh+7Qq2t2OnFbe0x+5DMRZwIA7PULS/uiwM HTTP/1.1" 200 25
186.29.175.102 - - [05/Oct/2022:00:16:33 -0500] "GET /kwssiamovil/sm/acme/a?s=U2FsdGVkX190+xm39IxAsGGRIqK7dJULVwekzfLbv59Nhoqek4I1MB654wryd+mxCgustbbHILOzCu9Krr+MM1CmauwehbHimuaiNBns9e+zmtdXWG9yzJoQyNPboqVrxMhFNg1R82B/LvhGnzwYtgNKaNTLjpZYlA7QC6jiW+0=&u=U2FsdGVkX1/poPiC2gBU9ZfYoLPlo2XQ0Xcf9yN1nPdF15Z0vPlVFOKzi2zSdyqS&y=U2FsdGVkX19Lnb3tvxKNwSHS2r2lllh+7Qq2t2OnFbe0x+5DMRZwIA7PULS/uiwM HTTP/1.1" 200 25
186.29.175.102 - - [05/Oct/2022:00:16:33 -0500] "GET /kwssiamovil/sm/acme/a?s=U2FsdGVkX1+QrQiDaZgf8zyLngZ0Dr2RM1j339MbX4tYqbu2GMRTVbfKJWFfSbdytoZD88zcjqZOIAZ9A3r66tAnqACSjIkAFBgEUw7KRioqvOVQv79v+Y6mcm5tfsqkQJcD9DxxnvSIhfdwCqB8/YQV1374Nk/LN8Xg1bMRoc6Psqq8+adjewMv8iNZiGva&u=U2FsdGVkX1/poPiC2gBU9ZfYoLPlo2XQ0Xcf9yN1nPdF15Z0vPlVFOKzi2zSdyqS&y=U2FsdGVkX19Lnb3tvxKNwSHS2r2lllh+7Qq2t2OnFbe0x+5DMRZwIA7PULS/uiwM HTTP/1.1" 200 25
201.245.192.253 - - [05/Oct/2022:00:16:45 -0500] "POST /kwsrmcab/Wsrmcab  HTTP/1.1" 200 42483
207.46.13.190 - - [05/Oct/2022:00:16:51 -0500] "GET /BLA/resoluciones/00001780.tif HTTP/1.1" 404 1018
172.22.2.4 - - [05/Oct/2022:00:16:17 -0500] "HEAD /BLA/boletinlegal/ HTTP/1.1" 200 -
216.245.221.92 - - [05/Oct/2022:00:17:59 -0500] "HEAD / HTTP/1.1" 200 -
172.22.2.4 - - [05/Oct/2022:00:17:07 -0500] "GET /BLA/boletinlegal/ HTTP/1.1" 200 57725
207.46.13.211 - - [05/Oct/2022:00:20:00 -0500] "GET /atencion-mujeres-que-reverdecen-ya-inicia-la-segunda-fase.html HTTP/1.1" 304 -
152.61.128.50 - - [05/Oct/2022:00:20:34 -0500] "GET / HTTP/1.1" 200 319
201.245.192.253 - - [05/Oct/2022:00:21:44 -0500] "POST /kwsrmcab/Wsrmcab  HTTP/1.1" 200 42483
201.245.192.253 - - [05/Oct/2022:00:22:32 -0500] "POST /kwsrmcab/Wsrmcab HTTP/1.1" 200 43161
201.245.192.253 - - [05/Oct/2022:00:22:35 -0500] "POST /kwsrmcab/Wsrmcab HTTP/1.1" 200 44997
66.249.73.100 - - [05/Oct/2022:00:22:50 -0500] "-" 408 -
216.245.221.92 - - [05/Oct/2022:00:22:59 -0500] "HEAD / HTTP/1.1" 200 -
172.22.2.4 - - [05/Oct/2022:00:22:07 -0500] "HEAD /BLA/boletinlegal/ HTTP/1.1" 200 -
172.22.2.4 - - [05/Oct/2022:00:22:57 -0500] "GET /BLA/boletinlegal/ HTTP/1.1" 200 59828
207.46.13.84 - - [05/Oct/2022:00:24:57 -0500] "GET /BLA/resoluciones/00001771.tif HTTP/1.1" 404 1018
87.250.224.171 - - [05/Oct/2022:00:26:16 -0500] "-" 408 -
201.245.192.253 - - [05/Oct/2022:00:26:43 -0500] "POST /kwsrmcab/Wsrmcab  HTTP/1.1" 200 42483
172.22.2.4 - - [05/Oct/2022:00:26:51 -0500] "GET /BLA/boletinlegal/favicon.ico HTTP/1.1" 404 1018
172.22.2.4 - - [05/Oct/2022:00:26:35 -0500] "GET /BLA/boletinlegal/ HTTP/1.1" 200 20427
172.22.2.4 - - [05/Oct/2022:00:26:35 -0500] "GET /BLA/boletinlegal/ HTTP/1.1" 200 32715
216.245.221.92 - - [05/Oct/2022:00:27:59 -0500] "HEAD / HTTP/1.1" 200 -
172.22.2.4 - - [05/Oct/2022:00:27:57 -0500] "HEAD /BLA/boletinlegal/ HTTP/1.1" 200 -
172.22.2.4 - - [05/Oct/2022:00:28:47 -0500] "GET /BLA/boletinlegal/ HTTP/1.1" 200 57725
201.245.192.253 - - [05/Oct/2022:00:31:42 -0500] "POST /kwsrmcab/Wsrmcab  HTTP/1.1" 200 42483
201.245.192.253 - - [05/Oct/2022:00:32:32 -0500] "POST /kwsrmcab/Wsrmcab HTTP/1.1" 200 43161
201.245.192.253 - - [05/Oct/2022:00:32:35 -0500] "POST /kwsrmcab/Wsrmcab HTTP/1.1" 200 44997
216.245.221.92 - - [05/Oct/2022:00:32:59 -0500] "HEAD / HTTP/1.1" 200 -
172.22.2.4 - - [05/Oct/2022:00:33:47 -0500] "HEAD /BLA/boletinlegal/ HTTP/1.1" 200 -
87.250.224.31 - - [05/Oct/2022:00:36:16 -0500] "-" 408 -
172.22.2.4 - - [05/Oct/2022:00:34:37 -0500] "GET /BLA/boletinlegal/ HTTP/1.1" 200 58163
201.245.192.253 - - [05/Oct/2022:00:36:41 -0500] "POST /kwsrmcab/Wsrmcab  HTTP/1.1" 200 42483
216.245.221.92 - - [05/Oct/2022:00:37:59 -0500] "HEAD / HTTP/1.1" 200 -
172.22.2.4 - - [05/Oct/2022:00:38:05 -0500] "GET /BLA/boletinlegal/owa/auth/logon.aspx?url=https%3a%2f%2f1%2fecp%2f HTTP/1.1" 404 1018
5.255.253.106 - - [05/Oct/2022:00:40:44 -0500] "-" 408 -
5.255.253.174 - - [05/Oct/2022:00:40:49 -0500] "-" 408 -
5.45.207.133 - - [05/Oct/2022:00:40:55 -0500] "-" 408 -
87.250.224.175 - - [05/Oct/2022:00:41:01 -0500] "-" 408 -
87.250.224.4 - - [05/Oct/2022:00:41:16 -0500] "-" 408 -
172.22.2.4 - - [05/Oct/2022:00:39:37 -0500] "HEAD /BLA/boletinlegal/ HTTP/1.1" 200 -
213.180.203.85 - - [05/Oct/2022:00:41:31 -0500] "-" 408 -
201.245.192.253 - - [05/Oct/2022:00:41:39 -0500] "POST /kwsrmcab/Wsrmcab  HTTP/1.1" 200 42483
87.250.224.37 - - [05/Oct/2022:00:42:01 -0500] "-" 408 -
172.22.2.4 - - [05/Oct/2022:00:40:27 -0500] "GET /BLA/boletinlegal/ HTTP/1.1" 200 59828
201.245.192.253 - - [05/Oct/2022:00:42:33 -0500] "POST /kwsrmcab/Wsrmcab HTTP/1.1" 200 43161
201.245.192.253 - - [05/Oct/2022:00:42:35 -0500] "POST /kwsrmcab/Wsrmcab HTTP/1.1" 200 44997
216.245.221.92 - - [05/Oct/2022:00:42:59 -0500] "HEAD / HTTP/1.1" 200 -
5.255.253.166 - - [05/Oct/2022:00:43:01 -0500] "-" 408 -
213.180.203.3 - - [05/Oct/2022:00:45:37 -0500] "-" 408 -
201.245.192.253 - - [05/Oct/2022:00:46:39 -0500] "POST /kwsrmcab/Wsrmcab  HTTP/1.1" 200 42483
207.46.13.211 - - [05/Oct/2022:00:47:03 -0500] "GET /portaldeninos/publicidad/ HTTP/1.1" 200 87569
172.22.2.4 - - [05/Oct/2022:00:45:27 -0500] "HEAD /BLA/boletinlegal/ HTTP/1.1" 200 -
87.250.224.144 - - [05/Oct/2022:00:47:37 -0500] "-" 408 -
172.22.2.4 - - [05/Oct/2022:00:46:17 -0500] "GET /BLA/boletinlegal/ HTTP/1.1" 200 54356
216.245.221.92 - - [05/Oct/2022:00:47:59 -0500] "HEAD / HTTP/1.1" 200 -
103.145.13.132 - - [05/Oct/2022:00:48:04 -0500] "GET / HTTP/1.1" 200 319
157.55.39.25 - - [05/Oct/2022:00:48:39 -0500] "GET /Publicaciones/2022EE28107.pdf HTTP/1.1" 404 227
172.22.2.4 - - [05/Oct/2022:00:50:06 -0500] "GET /BLA/boletinlegal/login HTTP/1.1" 404 1018
172.22.2.4 - - [05/Oct/2022:00:50:21 -0500] "GET /BLA/boletinlegal/ReportServer HTTP/1.1" 404 1018
87.250.224.114 - - [05/Oct/2022:00:50:37 -0500] "-" 408 -
201.245.192.253 - - [05/Oct/2022:00:51:37 -0500] "POST /kwsrmcab/Wsrmcab  HTTP/1.1" 200 42483
172.22.2.4 - - [05/Oct/2022:00:51:17 -0500] "HEAD /BLA/boletinlegal/ HTTP/1.1" 200 -
216.245.221.92 - - [05/Oct/2022:00:52:59 -0500] "HEAD / HTTP/1.1" 200 -
172.22.2.4 - - [05/Oct/2022:00:52:07 -0500] "GET /BLA/boletinlegal/ HTTP/1.1" 200 59828
87.250.224.117 - - [05/Oct/2022:00:55:43 -0500] "-" 408 -
207.46.13.190 - - [05/Oct/2022:00:55:44 -0500] "GET /BLA/resoluciones/AUTOS%202014/0820.pdf HTTP/1.1" 200 480272
201.245.192.253 - - [05/Oct/2022:00:56:36 -0500] "POST /kwsrmcab/Wsrmcab  HTTP/1.1" 200 42483
207.46.13.84 - - [05/Oct/2022:00:57:53 -0500] "GET /BLA/resoluciones/RESOLUCIONES%202001/2001%20750-799.TIF HTTP/1.1" 200 8805346
216.245.221.92 - - [05/Oct/2022:00:57:59 -0500] "HEAD / HTTP/1.1" 200 -
207.46.13.211 - - [05/Oct/2022:00:58:34 -0500] "GET /semana-ambiental-2022-del-31-de-mayo-al-5-de-junio-se-celebrara-en-bogota.html HTTP/1.1" 304 -
172.22.2.4 - - [05/Oct/2022:00:57:07 -0500] "HEAD /BLA/boletinlegal/ HTTP/1.1" 200 -
172.22.2.4 - - [05/Oct/2022:00:57:57 -0500] "GET /BLA/boletinlegal/ HTTP/1.1" 200 56376
152.61.192.232 - - [05/Oct/2022:00:59:51 -0500] "GET /arcgis/services/Calidad_del_Agua_WQI/MapServer/WMSServer?request=GetCapabilities&service=WMS HTTP/1.1" 503 1020
152.61.192.232 - - [05/Oct/2022:00:59:53 -0500] "GET /arcgis/services/Calidad_del_Agua_WQI/MapServer/WMSServer?SERVICE=WMS&REQUEST=GetCapabilities HTTP/1.1" 503 1020
152.61.192.232 - - [05/Oct/2022:00:59:53 -0500] "GET /arcgis/services/Calidad_del_Agua_WQI/MapServer/WMSServer?WMTVER=1.0.0&REQUEST=capabilities HTTP/1.1" 503 1020
172.22.2.4 - - [05/Oct/2022:01:00:37 -0500] "GET /BLA/boletinlegal/ HTTP/1.1" 200 24523
201.245.192.253 - - [05/Oct/2022:01:01:35 -0500] "POST /kwsrmcab/Wsrmcab  HTTP/1.1" 200 42483
216.245.221.92 - - [05/Oct/2022:01:02:59 -0500] "HEAD / HTTP/1.1" 200 -
152.89.196.211 - - [05/Oct/2022:01:03:03 -0500] "GET /index.php?s=/Index/\\think\\app/invokefunction&function=call_user_func_array&vars[0]=md5&vars[1][]=HelloThinkPHP21 HTTP/1.1" 404 1018
87.250.224.43 - - [05/Oct/2022:01:03:43 -0500] "-" 408 -
207.46.13.190 - - [05/Oct/2022:01:04:15 -0500] "GET /BLA/resoluciones/RESOLUCIONES%202022/0570.pdf HTTP/1.1" 200 442001
186.84.90.92 - - [05/Oct/2022:01:04:17 -0500] "GET /galeria/galeria/jquery.fancybox.css?v=2.1.5 HTTP/1.1" 200 4895
186.84.90.92 - - [05/Oct/2022:01:04:17 -0500] "GET /BLA/boletinlegal/js/jquery.scrollShow.js HTTP/1.1" 200 4586
186.84.90.92 - - [05/Oct/2022:01:04:17 -0500] "GET /galeria/galeria/jquery.fancybox.js?v=2.1.5 HTTP/1.1" 200 48706
172.22.2.4 - - [05/Oct/2022:01:02:57 -0500] "HEAD /BLA/boletinlegal/ HTTP/1.1" 200 -
172.22.2.4 - - [05/Oct/2022:01:03:47 -0500] "GET /BLA/boletinlegal/ HTTP/1.1" 200 56732
201.245.192.253 - - [05/Oct/2022:01:06:34 -0500] "POST /kwsrmcab/Wsrmcab  HTTP/1.1" 200 42483
216.245.221.92 - - [05/Oct/2022:01:07:59 -0500] "HEAD / HTTP/1.1" 200 -
172.22.2.4 - - [05/Oct/2022:01:08:47 -0500] "HEAD /BLA/boletinlegal/ HTTP/1.1" 200 -
172.22.2.4 - - [05/Oct/2022:01:09:37 -0500] "GET /BLA/boletinlegal/ HTTP/1.1" 200 56732
201.245.192.253 - - [05/Oct/2022:01:11:34 -0500] "POST /kwsrmcab/Wsrmcab  HTTP/1.1" 200 42483
152.61.128.50 - - [05/Oct/2022:01:12:00 -0500] "GET /arcgis/services/Calidad_del_Agua_WQI/MapServer/WMSServer?request=GetCapabilities&service=WMS HTTP/1.1" 503 1020
152.61.128.50 - - [05/Oct/2022:01:12:01 -0500] "GET /arcgis/services/Calidad_del_Agua_WQI/MapServer/WMSServer?SERVICE=WMS&REQUEST=GetCapabilities HTTP/1.1" 503 1020
152.61.128.50 - - [05/Oct/2022:01:12:01 -0500] "GET /arcgis/services/Calidad_del_Agua_WQI/MapServer/WMSServer?WMTVER=1.0.0&REQUEST=capabilities HTTP/1.1" 503 1020
207.46.13.89 - - [05/Oct/2022:01:12:08 -0500] "GET /BLA/resoluciones/RESOLUCIONES%202006/RES%202006%20351-400/00000397.tif HTTP/1.1" 200 106330
216.245.221.92 - - [05/Oct/2022:01:12:59 -0500] "HEAD / HTTP/1.1" 200 -
5.255.231.131 - - [05/Oct/2022:01:13:43 -0500] "-" 408 -
172.22.2.4 - - [05/Oct/2022:01:14:37 -0500] "HEAD /BLA/boletinlegal/ HTTP/1.1" 200 -
201.245.192.253 - - [05/Oct/2022:01:16:33 -0500] "POST /kwsrmcab/Wsrmcab  HTTP/1.1" 200 42483
172.22.2.4 - - [05/Oct/2022:01:15:27 -0500] "GET /BLA/boletinlegal/ HTTP/1.1" 200 54003
216.245.221.92 - - [05/Oct/2022:01:17:59 -0500] "HEAD / HTTP/1.1" 200 -
201.245.192.253 - - [05/Oct/2022:01:21:32 -0500] "POST /kwsrmcab/Wsrmcab  HTTP/1.1" 200 42483
172.22.2.4 - - [05/Oct/2022:01:20:27 -0500] "HEAD /BLA/boletinlegal/ HTTP/1.1" 200 -
207.46.13.190 - - [05/Oct/2022:01:22:27 -0500] "GET /BLA/resoluciones/AUTOS%202016/2635.pdf HTTP/1.1" 200 288273
201.245.192.253 - - [05/Oct/2022:01:22:32 -0500] "POST /kwsrmcab/Wsrmcab HTTP/1.1" 200 44851
201.245.192.253 - - [05/Oct/2022:01:22:35 -0500] "POST /kwsrmcab/Wsrmcab HTTP/1.1" 200 44987
66.249.73.127 - - [05/Oct/2022:01:22:37 -0500] "-" 408 -
172.22.2.4 - - [05/Oct/2022:01:21:17 -0500] "GET /BLA/boletinlegal/ HTTP/1.1" 200 57725
216.245.221.92 - - [05/Oct/2022:01:22:59 -0500] "HEAD / HTTP/1.1" 200 -
95.108.213.65 - - [05/Oct/2022:01:23:43 -0500] "-" 408 -
207.46.13.190 - - [05/Oct/2022:01:24:26 -0500] "GET /BLA/resoluciones/AUTOS%202016/1765.pdf HTTP/1.1" 200 289999
201.245.192.253 - - [05/Oct/2022:01:26:31 -0500] "POST /kwsrmcab/Wsrmcab  HTTP/1.1" 200 42483
157.55.39.154 - - [05/Oct/2022:01:27:30 -0500] "GET / HTTP/1.1" 200 319
172.22.2.4 - - [05/Oct/2022:01:26:17 -0500] "HEAD /BLA/boletinlegal/ HTTP/1.1" 200 -
216.245.221.92 - - [05/Oct/2022:01:27:59 -0500] "HEAD / HTTP/1.1" 200 -
172.22.2.4 - - [05/Oct/2022:01:27:07 -0500] "GET /BLA/boletinlegal/ HTTP/1.1" 200 59828
201.245.192.253 - - [05/Oct/2022:01:31:30 -0500] "POST /kwsrmcab/Wsrmcab  HTTP/1.1" 200 42483
201.245.192.253 - - [05/Oct/2022:01:32:32 -0500] "POST /kwsrmcab/Wsrmcab HTTP/1.1" 200 44851
201.245.192.253 - - [05/Oct/2022:01:32:35 -0500] "POST /kwsrmcab/Wsrmcab HTTP/1.1" 200 44987
216.245.221.92 - - [05/Oct/2022:01:32:59 -0500] "HEAD / HTTP/1.1" 200 -
95.108.213.41 - - [05/Oct/2022:01:33:47 -0500] "-" 408 -
172.22.2.4 - - [05/Oct/2022:01:32:07 -0500] "HEAD /BLA/boletinlegal/ HTTP/1.1" 200 -
172.22.2.4 - - [05/Oct/2022:01:32:57 -0500] "GET /BLA/boletinlegal/ HTTP/1.1" 200 58163
201.245.192.253 - - [05/Oct/2022:01:36:29 -0500] "POST /kwsrmcab/Wsrmcab  HTTP/1.1" 200 42483
172.22.2.4 - - [05/Oct/2022:01:35:42 -0500] "GET /BLA/boletinlegal/ HTTP/1.1" 200 62772
216.245.221.92 - - [05/Oct/2022:01:37:59 -0500] "HEAD / HTTP/1.1" 200 -
172.22.2.4 - - [05/Oct/2022:01:38:31 -0500] "GET /BLA/boletinlegal/ HTTP/1.1" 200 32715
172.22.2.4 - - [05/Oct/2022:01:37:57 -0500] "HEAD /BLA/boletinlegal/ HTTP/1.1" 200 -
172.22.2.4 - - [05/Oct/2022:01:38:47 -0500] "GET /BLA/boletinlegal/ HTTP/1.1" 200 56732
189.231.184.56 - - [05/Oct/2022:01:40:51 -0500] "-" 408 -
187.142.200.43 - - [05/Oct/2022:01:41:07 -0500] "-" 408 -
49.145.229.226 - - [05/Oct/2022:01:41:26 -0500] "-" 408 -
201.245.192.253 - - [05/Oct/2022:01:41:28 -0500] "POST /kwsrmcab/Wsrmcab  HTTP/1.1" 200 42483
179.63.42.235 - - [05/Oct/2022:01:41:38 -0500] "-" 408 -
201.245.192.253 - - [05/Oct/2022:01:42:32 -0500] "POST /kwsrmcab/Wsrmcab HTTP/1.1" 200 44851
201.245.192.253 - - [05/Oct/2022:01:42:35 -0500] "POST /kwsrmcab/Wsrmcab HTTP/1.1" 200 44987
216.245.221.92 - - [05/Oct/2022:01:42:59 -0500] "HEAD / HTTP/1.1" 200 -
87.250.224.69 - - [05/Oct/2022:01:43:42 -0500] "-" 408 -
172.22.2.4 - - [05/Oct/2022:01:43:47 -0500] "HEAD /BLA/boletinlegal/ HTTP/1.1" 200 -
172.22.2.4 - - [05/Oct/2022:01:44:37 -0500] "GET /BLA/boletinlegal/ HTTP/1.1" 200 60281
201.245.192.253 - - [05/Oct/2022:01:46:27 -0500] "POST /kwsrmcab/Wsrmcab  HTTP/1.1" 200 42483
216.245.221.92 - - [05/Oct/2022:01:47:59 -0500] "HEAD / HTTP/1.1" 200 -
172.22.2.4 - - [05/Oct/2022:01:49:37 -0500] "HEAD /BLA/boletinlegal/ HTTP/1.1" 200 -
201.245.192.253 - - [05/Oct/2022:01:51:26 -0500] "POST /kwsrmcab/Wsrmcab  HTTP/1.1" 200 42483
172.22.2.4 - - [05/Oct/2022:01:51:48 -0500] "GET /BLA/boletinlegal/owtchart/owtchart-paramlist.html HTTP/1.1" 404 1037
172.22.2.4 - - [05/Oct/2022:01:50:27 -0500] "GET /BLA/boletinlegal/ HTTP/1.1" 200 57725
66.249.73.127 - - [05/Oct/2022:01:52:48 -0500] "-" 408 -
216.245.221.92 - - [05/Oct/2022:01:52:59 -0500] "HEAD / HTTP/1.1" 200 -
87.250.224.81 - - [05/Oct/2022:01:53:42 -0500] "-" 408 -
207.46.13.190 - - [05/Oct/2022:01:54:39 -0500] "GET /BLA/resoluciones/AUTOS%202022/1483.pdf HTTP/1.1" 200 376577
201.245.192.253 - - [05/Oct/2022:01:56:25 -0500] "POST /kwsrmcab/Wsrmcab  HTTP/1.1" 200 42483
172.22.2.4 - - [05/Oct/2022:01:55:27 -0500] "HEAD /BLA/boletinlegal/ HTTP/1.1" 200 -
172.22.2.4 - - [05/Oct/2022:01:56:17 -0500] "GET /BLA/boletinlegal/ HTTP/1.1" 200 58163
216.245.221.92 - - [05/Oct/2022:01:57:59 -0500] "HEAD / HTTP/1.1" 200 -
172.22.2.4 - - [05/Oct/2022:01:58:20 -0500] "GET /BLA/boletinlegal/jurisprudencia/analisis/AnalisisT-606-15.docx HTTP/1.1" 200 26698
172.22.2.4 - - [05/Oct/2022:01:58:21 -0500] "GET /BLA/boletinlegal/apple-touch-icon-120x120-precomposed.png HTTP/1.1" 404 1140
172.22.2.4 - - [05/Oct/2022:01:58:21 -0500] "GET /BLA/boletinlegal/apple-touch-icon-120x120.png HTTP/1.1" 404 1140
172.22.2.4 - - [05/Oct/2022:01:58:21 -0500] "GET /BLA/boletinlegal/apple-touch-icon-precomposed.png HTTP/1.1" 404 1140
172.22.2.4 - - [05/Oct/2022:01:58:22 -0500] "GET /BLA/boletinlegal/apple-touch-icon.png HTTP/1.1" 404 1140
172.22.2.4 - - [05/Oct/2022:01:58:22 -0500] "GET /BLA/boletinlegal/favicon.ico HTTP/1.1" 404 1140
172.22.2.4 - - [05/Oct/2022:01:58:22 -0500] "GET /BLA/boletinlegal/apple-touch-icon-120x120-precomposed.png HTTP/1.1" 404 1140
172.22.2.4 - - [05/Oct/2022:01:58:22 -0500] "GET /BLA/boletinlegal/apple-touch-icon-120x120.png HTTP/1.1" 404 1140
172.22.2.4 - - [05/Oct/2022:01:58:22 -0500] "GET /BLA/boletinlegal/apple-touch-icon-precomposed.png HTTP/1.1" 404 1140
172.22.2.4 - - [05/Oct/2022:01:58:22 -0500] "GET /BLA/boletinlegal/apple-touch-icon.png HTTP/1.1" 404 1140
172.22.2.4 - - [05/Oct/2022:01:58:22 -0500] "GET /BLA/boletinlegal/favicon.ico HTTP/1.1" 404 1140
185.119.81.99 - - [05/Oct/2022:01:58:38 -0500] "GET /portaldeninos/wp-login.php HTTP/1.1" 200 2592
185.119.81.99 - - [05/Oct/2022:01:58:39 -0500] "POST /portaldeninos/wp-login.php HTTP/1.1" 200 3650
34.140.144.60 - - [05/Oct/2022:01:59:35 -0500] "HEAD /bogota-lanza-la-red-colaborativa-de-microsensores-para-medir-la-calidad-del-aire-en-microambientes.html HTTP/1.1" 200 -
34.140.144.60 - - [05/Oct/2022:01:59:52 -0500] "GET /bogota-lanza-la-red-colaborativa-de-microsensores-para-medir-la-calidad-del-aire-en-microambientes.html HTTP/1.1" 200 1008
201.245.192.253 - - [05/Oct/2022:02:01:24 -0500] "POST /kwsrmcab/Wsrmcab  HTTP/1.1" 200 42483
207.46.13.40 - - [05/Oct/2022:02:02:17 -0500] "GET /BLA/resoluciones/RESOLUCIONES%202022/0523.pdf HTTP/1.1" 200 356660
172.22.2.4 - - [05/Oct/2022:02:01:17 -0500] "HEAD /BLA/boletinlegal/ HTTP/1.1" 200 -
216.245.221.92 - - [05/Oct/2022:02:02:59 -0500] "HEAD / HTTP/1.1" 200 -
5.255.253.138 - - [05/Oct/2022:02:03:42 -0500] "-" 408 -
172.22.2.4 - - [05/Oct/2022:02:02:07 -0500] "GET /BLA/boletinlegal/ HTTP/1.1" 200 56376
192.241.212.186 - - [05/Oct/2022:02:04:51 -0500] "GET / HTTP/1.1" 200 319
157.55.39.202 - - [05/Oct/2022:02:05:20 -0500] "GET /BLA/resoluciones/AUTOS%202013/2914.pdf HTTP/1.1" 200 131069
201.245.192.253 - - [05/Oct/2022:02:06:23 -0500] "POST /kwsrmcab/Wsrmcab  HTTP/1.1" 200 42483
216.245.221.92 - - [05/Oct/2022:02:07:59 -0500] "HEAD / HTTP/1.1" 200 -
172.22.2.4 - - [05/Oct/2022:02:07:07 -0500] "HEAD /BLA/boletinlegal/ HTTP/1.1" 200 -
172.22.2.4 - - [05/Oct/2022:02:07:57 -0500] "GET /BLA/boletinlegal/ HTTP/1.1" 200 52493
201.245.192.253 - - [05/Oct/2022:02:11:22 -0500] "POST /kwsrmcab/Wsrmcab  HTTP/1.1" 200 42483
216.245.221.92 - - [05/Oct/2022:02:12:59 -0500] "HEAD / HTTP/1.1" 200 -
5.45.207.136 - - [05/Oct/2022:02:13:48 -0500] "-" 408 -
172.22.2.4 - - [05/Oct/2022:02:12:57 -0500] "HEAD /BLA/boletinlegal/ HTTP/1.1" 200 -
172.22.2.4 - - [05/Oct/2022:02:13:47 -0500] "GET /BLA/boletinlegal/ HTTP/1.1" 200 60281
172.22.2.4 - - [05/Oct/2022:02:15:59 -0500] "GET /BLA/boletinlegal/jurisprudencia/analisis/AnalisisT-606-15.docx HTTP/1.1" 200 26698
172.22.2.4 - - [05/Oct/2022:02:16:00 -0500] "GET /BLA/boletinlegal/apple-touch-icon-120x120-precomposed.png HTTP/1.1" 404 1140
172.22.2.4 - - [05/Oct/2022:02:16:00 -0500] "GET /BLA/boletinlegal/apple-touch-icon-120x120.png HTTP/1.1" 404 1140
172.22.2.4 - - [05/Oct/2022:02:16:00 -0500] "GET /BLA/boletinlegal/apple-touch-icon-precomposed.png HTTP/1.1" 404 1140
172.22.2.4 - - [05/Oct/2022:02:16:00 -0500] "GET /BLA/boletinlegal/apple-touch-icon.png HTTP/1.1" 404 1140
172.22.2.4 - - [05/Oct/2022:02:16:00 -0500] "GET /BLA/boletinlegal/favicon.ico HTTP/1.1" 404 1140
172.22.2.4 - - [05/Oct/2022:02:16:00 -0500] "GET /BLA/boletinlegal/apple-touch-icon-120x120-precomposed.png HTTP/1.1" 404 1140
172.22.2.4 - - [05/Oct/2022:02:16:00 -0500] "GET /BLA/boletinlegal/apple-touch-icon-120x120.png HTTP/1.1" 404 1140
172.22.2.4 - - [05/Oct/2022:02:16:00 -0500] "GET /BLA/boletinlegal/apple-touch-icon-precomposed.png HTTP/1.1" 404 1140
172.22.2.4 - - [05/Oct/2022:02:16:00 -0500] "GET /BLA/boletinlegal/apple-touch-icon.png HTTP/1.1" 404 1140
172.22.2.4 - - [05/Oct/2022:02:16:00 -0500] "GET /BLA/boletinlegal/favicon.ico HTTP/1.1" 404 1140
201.245.192.253 - - [05/Oct/2022:02:16:21 -0500] "POST /kwsrmcab/Wsrmcab  HTTP/1.1" 200 42483
207.46.13.190 - - [05/Oct/2022:02:17:22 -0500] "GET /BLA/resoluciones/00000343.tif HTTP/1.1" 404 1018
216.245.221.92 - - [05/Oct/2022:02:17:59 -0500] "HEAD / HTTP/1.1" 200 -
207.46.13.89 - - [05/Oct/2022:02:18:45 -0500] "GET /BLA/resoluciones/0805.tif HTTP/1.1" 404 1018
172.22.2.4 - - [05/Oct/2022:02:18:47 -0500] "HEAD /BLA/boletinlegal/ HTTP/1.1" 200 -
157.55.39.202 - - [05/Oct/2022:02:20:42 -0500] "GET /BLA/boletinlegal/Circulares/2019/Circular%20No.%200015%20del%2003%20de%20Octubre%20de%202019.pdf HTTP/1.1" 304 -
157.55.39.202 - - [05/Oct/2022:02:20:51 -0500] "GET / HTTP/1.1" 304 -
172.22.2.4 - - [05/Oct/2022:02:19:37 -0500] "GET /BLA/boletinlegal/ HTTP/1.1" 200 56732
201.245.192.253 - - [05/Oct/2022:02:21:20 -0500] "POST /kwsrmcab/Wsrmcab  HTTP/1.1" 200 42483
201.245.192.253 - - [05/Oct/2022:02:22:32 -0500] "GET /kwsrmcab/Wsrmcab?wsdl HTTP/1.1" 200 6948
201.245.192.253 - - [05/Oct/2022:02:22:32 -0500] "POST /kwsrmcab/Wsrmcab HTTP/1.1" 200 44843
201.245.192.253 - - [05/Oct/2022:02:22:35 -0500] "POST /kwsrmcab/Wsrmcab HTTP/1.1" 200 45160
216.245.221.92 - - [05/Oct/2022:02:22:59 -0500] "HEAD / HTTP/1.1" 200 -
87.250.224.91 - - [05/Oct/2022:02:23:48 -0500] "-" 408 -
172.22.2.4 - - [05/Oct/2022:02:24:37 -0500] "HEAD /BLA/boletinlegal/ HTTP/1.1" 200 -
201.245.192.253 - - [05/Oct/2022:02:26:18 -0500] "POST /kwsrmcab/Wsrmcab  HTTP/1.1" 200 42483
172.22.2.4 - - [05/Oct/2022:02:25:27 -0500] "GET /BLA/boletinlegal/ HTTP/1.1" 200 57725
216.245.221.92 - - [05/Oct/2022:02:27:59 -0500] "HEAD / HTTP/1.1" 200 -
201.245.192.253 - - [05/Oct/2022:02:31:18 -0500] "POST /kwsrmcab/Wsrmcab  HTTP/1.1" 200 42483
172.22.2.4 - - [05/Oct/2022:02:30:27 -0500] "HEAD /BLA/boletinlegal/ HTTP/1.1" 200 -
201.245.192.253 - - [05/Oct/2022:02:32:32 -0500] "POST /kwsrmcab/Wsrmcab HTTP/1.1" 200 44843
201.245.192.253 - - [05/Oct/2022:02:32:35 -0500] "POST /kwsrmcab/Wsrmcab HTTP/1.1" 200 45160
172.22.2.4 - - [05/Oct/2022:02:31:17 -0500] "GET /BLA/boletinlegal/ HTTP/1.1" 200 58163
216.245.221.92 - - [05/Oct/2022:02:32:58 -0500] "HEAD / HTTP/1.1" 200 -
87.250.224.167 - - [05/Oct/2022:02:34:15 -0500] "-" 408 -
201.245.192.253 - - [05/Oct/2022:02:36:18 -0500] "POST /kwsrmcab/Wsrmcab  HTTP/1.1" 200 42483
207.46.13.40 - - [05/Oct/2022:02:37:27 -0500] "GET /BLA/resoluciones/RESOLUCIONES%202000/2000%202500-2549.tif HTTP/1.1" 200 4629212
173.252.83.120 - - [05/Oct/2022:02:37:31 -0500] "GET /BLA/boletinlegal/images/screen_5.png HTTP/1.1" 200 368876
172.22.2.4 - - [05/Oct/2022:02:37:45 -0500] "GET /BLA/boletinlegal/robots.txt HTTP/1.1" 404 1038
172.22.2.4 - - [05/Oct/2022:02:36:17 -0500] "HEAD /BLA/boletinlegal/ HTTP/1.1" 200 -
216.245.221.92 - - [05/Oct/2022:02:37:58 -0500] "HEAD / HTTP/1.1" 200 -
172.22.2.4 - - [05/Oct/2022:02:37:07 -0500] "GET /BLA/boletinlegal/ HTTP/1.1" 200 54003
172.22.2.4 - - [05/Oct/2022:02:37:46 -0500] "GET /BLA/boletinlegal/index.php HTTP/1.1" 200 56376
5.188.210.227 - - [05/Oct/2022:02:40:16 -0500] "GET http://5.188.210.227/echo.php HTTP/1.1" 404 1151
201.245.192.253 - - [05/Oct/2022:02:41:17 -0500] "POST /kwsrmcab/Wsrmcab  HTTP/1.1" 200 42483
207.46.13.84 - - [05/Oct/2022:02:42:30 -0500] "GET /galeria/galeria/fotos/cusumbo4G.jpg HTTP/1.1" 200 292522
201.245.192.253 - - [05/Oct/2022:02:42:32 -0500] "POST /kwsrmcab/Wsrmcab HTTP/1.1" 200 44843
201.245.192.253 - - [05/Oct/2022:02:42:35 -0500] "POST /kwsrmcab/Wsrmcab HTTP/1.1" 200 45160
216.245.221.92 - - [05/Oct/2022:02:42:58 -0500] "HEAD / HTTP/1.1" 200 -
172.22.2.4 - - [05/Oct/2022:02:42:07 -0500] "HEAD /BLA/boletinlegal/ HTTP/1.1" 200 -
95.108.213.62 - - [05/Oct/2022:02:44:14 -0500] "-" 408 -
172.22.2.4 - - [05/Oct/2022:02:42:57 -0500] "GET /BLA/boletinlegal/ HTTP/1.1" 200 58163
201.245.192.253 - - [05/Oct/2022:02:46:16 -0500] "POST /kwsrmcab/Wsrmcab  HTTP/1.1" 200 42483
3.237.27.159 - - [05/Oct/2022:02:45:51 -0500] "GET /BLA/boletinlegal/ HTTP/1.1" 200 62772
216.245.221.92 - - [05/Oct/2022:02:47:58 -0500] "HEAD / HTTP/1.1" 200 -
172.22.2.4 - - [05/Oct/2022:02:48:17 -0500] "GET /BLA/boletinlegal/actos.php HTTP/1.1" 200 9566
172.22.2.4 - - [05/Oct/2022:02:48:17 -0500] "GET /BLA/boletinlegal/styles2.css HTTP/1.1" 200 1838
172.22.2.4 - - [05/Oct/2022:02:48:17 -0500] "GET /BLA/boletinlegal/js/ajax_actos.js HTTP/1.1" 200 1322
172.22.2.4 - - [05/Oct/2022:02:48:17 -0500] "GET /BLA/boletinlegal/niceforms-default.css HTTP/1.1" 200 6694
172.22.2.4 - - [05/Oct/2022:02:48:17 -0500] "GET /BLA/boletinlegal/style.css HTTP/1.1" 200 9406
172.22.2.4 - - [05/Oct/2022:02:48:17 -0500] "GET /BLA/boletinlegal/niceforms.js HTTP/1.1" 200 22876
172.22.2.4 - - [05/Oct/2022:02:48:17 -0500] "GET /BLA/boletinlegal/js/lib.js HTTP/1.1" 200 6474
172.22.2.4 - - [05/Oct/2022:02:48:17 -0500] "GET /BLA/boletinlegal/js/popup.js HTTP/1.1" 200 1270
172.22.2.4 - - [05/Oct/2022:02:48:17 -0500] "GET /BLA/boletinlegal/js/jquery1.js HTTP/1.1" 200 29846
172.22.2.4 - - [05/Oct/2022:02:48:17 -0500] "GET /BLA/boletinlegal/images/cabezote%20BLEGAL.jpg HTTP/1.1" 200 118164
172.22.2.4 - - [05/Oct/2022:02:48:17 -0500] "GET /BLA/boletinlegal/images/subscribe-icon-big.png HTTP/1.1" 200 47702
172.22.2.4 - - [05/Oct/2022:02:48:17 -0500] "GET /BLA/boletinlegal/images/historia.png HTTP/1.1" 200 52775
172.22.2.4 - - [05/Oct/2022:02:48:17 -0500] "GET /BLA/boletinlegal/images/registro-usuarios.png HTTP/1.1" 200 8106
172.22.2.4 - - [05/Oct/2022:02:48:17 -0500] "GET /BLA/boletinlegal/images/green-yellow-blue-pink-th.png HTTP/1.1" 200 7394
172.22.2.4 - - [05/Oct/2022:02:48:17 -0500] "GET /BLA/boletinlegal/images/tel.png HTTP/1.1" 200 14477
172.22.2.4 - - [05/Oct/2022:02:48:17 -0500] "GET /BLA/boletinlegal/images/icono-email.png HTTP/1.1" 200 5544
172.22.2.4 - - [05/Oct/2022:02:48:17 -0500] "GET /BLA/boletinlegal/images/bg_top.jpg HTTP/1.1" 200 522
172.22.2.4 - - [05/Oct/2022:02:48:17 -0500] "GET /BLA/boletinlegal/images/footer_bg.jpg HTTP/1.1" 200 586
172.22.2.4 - - [05/Oct/2022:02:48:17 -0500] "GET /BLA/boletinlegal/images/body_bg.jpg HTTP/1.1" 200 1601
172.22.2.4 - - [05/Oct/2022:02:48:17 -0500] "GET /BLA/boletinlegal/images/menu_rght.gif HTTP/1.1" 200 1627
172.22.2.4 - - [05/Oct/2022:02:48:17 -0500] "GET /BLA/boletinlegal/images/menu_lft.gif HTTP/1.1" 200 1713
172.22.2.4 - - [05/Oct/2022:02:48:17 -0500] "GET /BLA/boletinlegal/images/text.jpg HTTP/1.1" 200 568
172.22.2.4 - - [05/Oct/2022:02:48:17 -0500] "GET /BLA/boletinlegal/images/hover.jpg HTTP/1.1" 200 640
172.22.2.4 - - [05/Oct/2022:02:48:17 -0500] "GET /BLA/boletinlegal/images/menu_bg.jpg HTTP/1.1" 200 620
172.22.2.4 - - [05/Oct/2022:02:48:17 -0500] "GET /BLA/boletinlegal/images/footer_bg_l.jpg HTTP/1.1" 200 776
172.22.2.4 - - [05/Oct/2022:02:48:17 -0500] "GET /BLA/boletinlegal/img/0.png HTTP/1.1" 200 110
172.22.2.4 - - [05/Oct/2022:02:48:17 -0500] "GET /BLA/boletinlegal/img/select-left.png HTTP/1.1" 200 263
172.22.2.4 - - [05/Oct/2022:02:48:17 -0500] "GET /BLA/boletinlegal/img/select-right.png HTTP/1.1" 200 44019
172.22.2.4 - - [05/Oct/2022:02:48:17 -0500] "GET /BLA/boletinlegal/img/button-left.png HTTP/1.1" 200 57071
172.22.2.4 - - [05/Oct/2022:02:48:17 -0500] "GET /BLA/boletinlegal/img/button-right.png HTTP/1.1" 200 57878
172.22.2.4 - - [05/Oct/2022:02:48:17 -0500] "GET /BLA/boletinlegal/img/button.png HTTP/1.1" 200 43241
172.22.2.4 - - [05/Oct/2022:02:48:17 -0500] "GET /BLA/boletinlegal/favicon.ico HTTP/1.1" 404 1326
172.22.2.4 - - [05/Oct/2022:02:47:57 -0500] "HEAD /BLA/boletinlegal/ HTTP/1.1" 200 -
172.22.2.4 - - [05/Oct/2022:02:48:47 -0500] "GET /BLA/boletinlegal/ HTTP/1.1" 200 58163
201.245.192.253 - - [05/Oct/2022:02:51:15 -0500] "POST /kwsrmcab/Wsrmcab  HTTP/1.1" 200 42483
207.46.13.211 - - [05/Oct/2022:02:52:23 -0500] "GET /transportadores-de-carga-conocieron-las-opciones-para-contaminar-menos-y-enrutarse-en-la-sostenibilidad.html HTTP/1.1" 200 1003
216.245.221.92 - - [05/Oct/2022:02:52:58 -0500] "HEAD / HTTP/1.1" 200 -
87.250.224.80 - - [05/Oct/2022:02:54:14 -0500] "-" 408 -
172.22.2.4 - - [05/Oct/2022:02:53:47 -0500] "HEAD /BLA/boletinlegal/ HTTP/1.1" 200 -
157.55.39.25 - - [05/Oct/2022:02:56:03 -0500] "GET /catalogoisis/ HTTP/1.1" 200 8575
44.210.237.158 - - [05/Oct/2022:02:56:14 -0500] "GET /portaldeninos/gestion-del-riesgo-incendios-forestales/ HTTP/1.1" 200 86825
201.245.192.253 - - [05/Oct/2022:02:56:13 -0500] "POST /kwsrmcab/Wsrmcab  HTTP/1.1" 200 42483
172.22.2.4 - - [05/Oct/2022:02:54:37 -0500] "GET /BLA/boletinlegal/ HTTP/1.1" 200 56732
216.245.221.92 - - [05/Oct/2022:02:57:58 -0500] "HEAD / HTTP/1.1" 200 -
159.65.249.29 - - [05/Oct/2022:02:58:35 -0500] "\x16\x03\x01" 400 226
159.65.249.29 - - [05/Oct/2022:02:58:35 -0500] "\x16\x03\x01" 400 226
157.55.39.25 - - [05/Oct/2022:02:59:12 -0500] "GET /BLA/resoluciones/AUTOS%202018/0971.pdf HTTP/1.1" 200 267883
44.210.237.158 - - [05/Oct/2022:02:59:41 -0500] "GET /portaldeninos/que-es-cambio-climatico/ HTTP/1.1" 200 86727
157.55.39.202 - - [05/Oct/2022:03:00:14 -0500] "GET /galeria/galeria/jquery.fancybox.js?v=2.1.5 HTTP/1.1" 200 48706
201.245.192.253 - - [05/Oct/2022:03:01:13 -0500] "POST /kwsrmcab/Wsrmcab  HTTP/1.1" 200 42483
172.22.2.4 - - [05/Oct/2022:02:59:36 -0500] "HEAD /BLA/boletinlegal/ HTTP/1.1" 200 -
162.221.192.26 - - [05/Oct/2022:03:01:39 -0500] "GET /portaldeninos/ HTTP/1.1" 200 110197
172.22.2.4 - - [05/Oct/2022:03:00:27 -0500] "GET /BLA/boletinlegal/ HTTP/1.1" 200 58163
216.245.221.92 - - [05/Oct/2022:03:02:58 -0500] "HEAD / HTTP/1.1" 200 -
87.250.224.31 - - [05/Oct/2022:03:04:14 -0500] "-" 408 -
185.119.81.109 - - [05/Oct/2022:03:04:26 -0500] "GET /portaldeninos/wp-login.php HTTP/1.1" 200 2592
185.119.81.109 - - [05/Oct/2022:03:04:27 -0500] "POST /portaldeninos/wp-login.php HTTP/1.1" 200 3605
201.245.192.253 - - [05/Oct/2022:03:06:11 -0500] "POST /kwsrmcab/Wsrmcab  HTTP/1.1" 200 42483
172.22.2.4 - - [05/Oct/2022:03:05:27 -0500] "HEAD /BLA/boletinlegal/ HTTP/1.1" 200 -
172.22.2.4 - - [05/Oct/2022:03:06:17 -0500] "GET /BLA/boletinlegal/ HTTP/1.1" 200 56732
216.245.221.92 - - [05/Oct/2022:03:07:58 -0500] "HEAD / HTTP/1.1" 200 -
172.22.2.4 - - [05/Oct/2022:03:07:20 -0500] "GET /BLA/boletinlegal/ HTTP/1.1" 200 24523
157.55.39.142 - - [05/Oct/2022:03:08:06 -0500] "GET / HTTP/1.1" 200 319
201.245.192.253 - - [05/Oct/2022:03:11:09 -0500] "POST /kwsrmcab/Wsrmcab  HTTP/1.1" 200 42483
172.22.2.4 - - [05/Oct/2022:03:11:16 -0500] "HEAD /BLA/boletinlegal/ HTTP/1.1" 200 -
216.245.221.92 - - [05/Oct/2022:03:12:58 -0500] "HEAD / HTTP/1.1" 200 -
172.22.2.4 - - [05/Oct/2022:03:12:07 -0500] "GET /BLA/boletinlegal/ HTTP/1.1" 200 55630
87.250.224.121 - - [05/Oct/2022:03:14:14 -0500] "-" 408 -
185.119.81.109 - - [05/Oct/2022:03:14:56 -0500] "GET /portaldeninos/wp-login.php HTTP/1.1" 200 2592
185.119.81.109 - - [05/Oct/2022:03:14:57 -0500] "POST /portaldeninos/wp-login.php HTTP/1.1" 200 3650
207.46.13.89 - - [05/Oct/2022:03:15:30 -0500] "GET /BLA/resoluciones/00000322.tif HTTP/1.1" 404 1018
201.245.192.253 - - [05/Oct/2022:03:16:09 -0500] "POST /kwsrmcab/Wsrmcab  HTTP/1.1" 200 42483
5.255.253.106 - - [05/Oct/2022:03:16:45 -0500] "-" 408 -
5.255.253.174 - - [05/Oct/2022:03:16:51 -0500] "-" 408 -
87.250.224.35 - - [05/Oct/2022:03:16:56 -0500] "-" 408 -
5.45.207.133 - - [05/Oct/2022:03:17:02 -0500] "-" 408 -
87.250.224.4 - - [05/Oct/2022:03:17:17 -0500] "-" 408 -
87.250.224.77 - - [05/Oct/2022:03:17:32 -0500] "-" 408 -
216.245.221.92 - - [05/Oct/2022:03:17:58 -0500] "HEAD / HTTP/1.1" 200 -
213.180.203.84 - - [05/Oct/2022:03:18:02 -0500] "-" 408 -
172.22.2.4 - - [05/Oct/2022:03:17:06 -0500] "HEAD /BLA/boletinlegal/ HTTP/1.1" 200 -
213.180.203.3 - - [05/Oct/2022:03:19:02 -0500] "-" 408 -
207.46.13.190 - - [05/Oct/2022:03:19:28 -0500] "GET /BLA/resoluciones/AUTOS%202018/3303.pdf HTTP/1.1" 304 -
172.22.2.4 - - [05/Oct/2022:03:17:57 -0500] "GET /BLA/boletinlegal/ HTTP/1.1" 200 56376
5.255.253.112 - - [05/Oct/2022:03:20:02 -0500] "-" 408 -
201.245.192.253 - - [05/Oct/2022:03:21:07 -0500] "POST /kwsrmcab/Wsrmcab  HTTP/1.1" 200 42483
201.245.192.253 - - [05/Oct/2022:03:22:31 -0500] "POST /kwsrmcab/Wsrmcab HTTP/1.1" 200 44848
201.245.192.253 - - [05/Oct/2022:03:22:34 -0500] "POST /kwsrmcab/Wsrmcab HTTP/1.1" 200 45001
66.249.73.97 - - [05/Oct/2022:03:22:47 -0500] "-" 408 -
216.245.221.92 - - [05/Oct/2022:03:22:58 -0500] "HEAD / HTTP/1.1" 200 -
87.250.224.120 - - [05/Oct/2022:03:23:07 -0500] "-" 408 -
157.55.39.202 - - [05/Oct/2022:03:23:56 -0500] "GET / HTTP/1.1" 200 319
172.22.2.4 - - [05/Oct/2022:03:22:56 -0500] "HEAD /BLA/boletinlegal/ HTTP/1.1" 200 -
172.22.2.4 - - [05/Oct/2022:03:23:47 -0500] "GET /BLA/boletinlegal/ HTTP/1.1" 200 58163
87.250.224.65 - - [05/Oct/2022:03:26:07 -0500] "-" 408 -
201.245.192.253 - - [05/Oct/2022:03:26:07 -0500] "POST /kwsrmcab/Wsrmcab  HTTP/1.1" 200 42483
194.93.0.40 - - [05/Oct/2022:03:26:14 -0500] "-" 408 -
172.22.2.4 - - [05/Oct/2022:03:27:33 -0500] "GET /BLA/boletinlegal/a2billing/customer/templates/default/footer.tpl HTTP/1.1" 404 1018
216.245.221.92 - - [05/Oct/2022:03:27:58 -0500] "HEAD / HTTP/1.1" 200 -
157.55.39.202 - - [05/Oct/2022:03:28:56 -0500] "GET /BLA/boletinlegal/images/nuevo.gif HTTP/1.1" 200 26475
172.22.2.4 - - [05/Oct/2022:03:28:46 -0500] "HEAD /BLA/boletinlegal/ HTTP/1.1" 200 -
95.108.213.46 - - [05/Oct/2022:03:31:07 -0500] "-" 408 -
201.245.192.253 - - [05/Oct/2022:03:31:07 -0500] "POST /kwsrmcab/Wsrmcab  HTTP/1.1" 200 42483
172.22.2.4 - - [05/Oct/2022:03:29:37 -0500] "GET /BLA/boletinlegal/ HTTP/1.1" 200 58163
201.245.192.253 - - [05/Oct/2022:03:32:31 -0500] "POST /kwsrmcab/Wsrmcab HTTP/1.1" 200 44848
201.245.192.253 - - [05/Oct/2022:03:32:34 -0500] "POST /kwsrmcab/Wsrmcab HTTP/1.1" 200 45001
216.245.221.92 - - [05/Oct/2022:03:32:58 -0500] "HEAD / HTTP/1.1" 200 -
201.245.192.253 - - [05/Oct/2022:03:36:05 -0500] "POST /kwsrmcab/Wsrmcab  HTTP/1.1" 200 42483
172.22.2.4 - - [05/Oct/2022:03:34:36 -0500] "HEAD /BLA/boletinlegal/ HTTP/1.1" 200 -
207.46.13.190 - - [05/Oct/2022:03:36:39 -0500] "GET /BLA/resoluciones/RESOLUCIONES%202002/RES%202002%20301-350/00000345.tif HTTP/1.1" 200 107588
172.22.2.4 - - [05/Oct/2022:03:35:27 -0500] "GET /BLA/boletinlegal/ HTTP/1.1" 200 58163
216.245.221.92 - - [05/Oct/2022:03:37:58 -0500] "HEAD / HTTP/1.1" 200 -
95.108.213.65 - - [05/Oct/2022:03:39:21 -0500] "-" 408 -
69.63.184.117 - - [05/Oct/2022:03:39:30 -0500] "GET /animales-recuperados-en-san-cristobal-y-ciudad-bolivar-son-atendidos-en-el-centro-de-flora-de-la-secretaria-de-ambiente.html HTTP/1.1" 206 1056
201.245.192.253 - - [05/Oct/2022:03:41:05 -0500] "POST /kwsrmcab/Wsrmcab  HTTP/1.1" 200 42483
172.22.2.4 - - [05/Oct/2022:03:40:26 -0500] "HEAD /BLA/boletinlegal/ HTTP/1.1" 200 -
201.245.192.253 - - [05/Oct/2022:03:42:31 -0500] "POST /kwsrmcab/Wsrmcab HTTP/1.1" 200 44848
201.245.192.253 - - [05/Oct/2022:03:42:34 -0500] "POST /kwsrmcab/Wsrmcab HTTP/1.1" 200 45001
172.22.2.4 - - [05/Oct/2022:03:41:17 -0500] "GET /BLA/boletinlegal/ HTTP/1.1" 200 53290
216.245.221.92 - - [05/Oct/2022:03:42:58 -0500] "HEAD / HTTP/1.1" 200 -
66.249.73.127 - - [05/Oct/2022:03:44:11 -0500] "-" 408 -
201.245.192.253 - - [05/Oct/2022:03:46:04 -0500] "POST /kwsrmcab/Wsrmcab  HTTP/1.1" 200 42483
172.22.2.4 - - [05/Oct/2022:03:46:16 -0500] "HEAD /BLA/boletinlegal/ HTTP/1.1" 200 -
216.245.221.92 - - [05/Oct/2022:03:47:58 -0500] "HEAD / HTTP/1.1" 200 -
172.22.2.4 - - [05/Oct/2022:03:47:07 -0500] "GET /BLA/boletinlegal/ HTTP/1.1" 200 55630
5.255.231.244 - - [05/Oct/2022:03:49:21 -0500] "-" 408 -
201.245.192.253 - - [05/Oct/2022:03:51:02 -0500] "POST /kwsrmcab/Wsrmcab  HTTP/1.1" 200 42483
172.22.2.4 - - [05/Oct/2022:03:52:08 -0500] "GET /BLA/boletinlegal/.env HTTP/1.1" 404 1018
157.55.39.25 - - [05/Oct/2022:03:52:39 -0500] "GET /BLA/resoluciones/AUTOS%202022/1848.pdf HTTP/1.1" 200 488006
216.245.221.92 - - [05/Oct/2022:03:52:58 -0500] "HEAD / HTTP/1.1" 200 -
172.22.2.4 - - [05/Oct/2022:03:52:09 -0500] "POST /BLA/boletinlegal/ HTTP/1.1" 200 24523
172.22.2.4 - - [05/Oct/2022:03:52:06 -0500] "HEAD /BLA/boletinlegal/ HTTP/1.1" 200 -
172.22.2.4 - - [05/Oct/2022:03:54:11 -0500] "GET /BLA/boletinlegal/jurisprudencia/analisis/Analisis%20Jurisprudencia%20Sent%202000-00005-01.doc HTTP/1.1" 304 -
172.22.2.4 - - [05/Oct/2022:03:52:57 -0500] "GET /BLA/boletinlegal/ HTTP/1.1" 200 53290
201.245.192.253 - - [05/Oct/2022:03:56:02 -0500] "POST /kwsrmcab/Wsrmcab  HTTP/1.1" 200 42483
216.245.221.92 - - [05/Oct/2022:03:57:58 -0500] "HEAD / HTTP/1.1" 200 -
5.255.231.131 - - [05/Oct/2022:03:59:21 -0500] "-" 408 -
172.22.2.4 - - [05/Oct/2022:03:57:56 -0500] "HEAD /BLA/boletinlegal/ HTTP/1.1" 200 -
3.237.27.159 - - [05/Oct/2022:03:58:38 -0500] "GET /BLA/boletinlegal/index.php HTTP/1.1" 200 50395
172.22.2.4 - - [05/Oct/2022:03:58:47 -0500] "GET /BLA/boletinlegal/ HTTP/1.1" 200 51993
201.245.192.253 - - [05/Oct/2022:04:01:01 -0500] "POST /kwsrmcab/Wsrmcab  HTTP/1.1" 200 42483
66.249.73.97 - - [05/Oct/2022:04:02:22 -0500] "-" 408 -
216.245.221.92 - - [05/Oct/2022:04:02:58 -0500] "HEAD / HTTP/1.1" 200 -
207.46.13.89 - - [05/Oct/2022:04:04:24 -0500] "GET /BLA/resoluciones/AUTOS%202014/4038.pdf HTTP/1.1" 200 503523
157.55.39.202 - - [05/Oct/2022:04:05:00 -0500] "GET /BLA/resoluciones/AUTOS%202013/2214.pdf HTTP/1.1" 200 1115244
172.22.2.4 - - [05/Oct/2022:04:03:46 -0500] "HEAD /BLA/boletinlegal/ HTTP/1.1" 200 -
201.245.192.253 - - [05/Oct/2022:04:06:00 -0500] "POST /kwsrmcab/Wsrmcab  HTTP/1.1" 200 42483
172.22.2.4 - - [05/Oct/2022:04:04:37 -0500] "GET /BLA/boletinlegal/ HTTP/1.1" 200 53640
209.222.252.91 - - [05/Oct/2022:04:07:20 -0500] "GET /portaldeninos/ HTTP/1.1" 200 110197
216.245.221.92 - - [05/Oct/2022:04:07:58 -0500] "HEAD / HTTP/1.1" 200 -
185.119.81.109 - - [05/Oct/2022:04:08:57 -0500] "GET /portaldeninos/wp-login.php HTTP/1.1" 200 2592
185.119.81.109 - - [05/Oct/2022:04:08:58 -0500] "POST /portaldeninos/wp-login.php HTTP/1.1" 200 3670
5.45.207.72 - - [05/Oct/2022:04:09:21 -0500] "-" 408 -
201.245.192.253 - - [05/Oct/2022:04:10:58 -0500] "POST /kwsrmcab/Wsrmcab  HTTP/1.1" 200 42483
172.22.2.4 - - [05/Oct/2022:04:09:36 -0500] "HEAD /BLA/boletinlegal/ HTTP/1.1" 200 -
128.14.133.58 - - [05/Oct/2022:04:11:24 -0500] "GET / HTTP/1.1" 200 319
172.22.2.4 - - [05/Oct/2022:04:10:27 -0500] "GET /BLA/boletinlegal/ HTTP/1.1" 200 58163
157.55.39.202 - - [05/Oct/2022:04:12:31 -0500] "GET /BLA/resoluciones/00000315.tif HTTP/1.1" 404 1018
216.245.221.92 - - [05/Oct/2022:04:12:58 -0500] "HEAD / HTTP/1.1" 200 -
216.218.206.89 - - [05/Oct/2022:04:13:50 -0500] "GET /favicon.ico HTTP/1.1" 200 7782
201.245.192.253 - - [05/Oct/2022:04:15:58 -0500] "POST /kwsrmcab/Wsrmcab  HTTP/1.1" 200 42483
172.22.2.4 - - [05/Oct/2022:04:15:26 -0500] "HEAD /BLA/boletinlegal/ HTTP/1.1" 200 -
207.46.13.211 - - [05/Oct/2022:04:17:52 -0500] "GET /transportadores-de-carga-conocieron-las-opciones-para-contaminar-menos-y-enrutarse-en-la-sostenibilidad.html HTTP/1.1" 200 1003
172.22.2.4 - - [05/Oct/2022:04:16:17 -0500] "GET /BLA/boletinlegal/ HTTP/1.1" 200 58163
216.245.221.92 - - [05/Oct/2022:04:17:58 -0500] "HEAD / HTTP/1.1" 200 -
142.93.0.188 - - [05/Oct/2022:04:19:11 -0500] "GET / HTTP/1.1" 200 319
207.46.13.213 - - [05/Oct/2022:04:19:39 -0500] "GET / HTTP/1.1" 200 4720
172.22.2.4 - - [05/Oct/2022:04:19:56 -0500] "GET /BLA/boletinlegal/jurisprudencia/analisis/ANALISIST-046-99.docx HTTP/1.1" 304 -
95.108.213.41 - - [05/Oct/2022:04:20:15 -0500] "-" 408 -
201.245.192.253 - - [05/Oct/2022:04:20:57 -0500] "POST /kwsrmcab/Wsrmcab  HTTP/1.1" 200 42483
66.249.73.127 - - [05/Oct/2022:04:21:41 -0500] "-" 408 -
201.245.192.253 - - [05/Oct/2022:04:22:31 -0500] "POST /kwsrmcab/Wsrmcab HTTP/1.1" 200 44835
201.245.192.253 - - [05/Oct/2022:04:22:34 -0500] "POST /kwsrmcab/Wsrmcab HTTP/1.1" 200 45009
172.22.2.4 - - [05/Oct/2022:04:21:16 -0500] "HEAD /BLA/boletinlegal/ HTTP/1.1" 200 -
216.245.221.92 - - [05/Oct/2022:04:22:58 -0500] "HEAD / HTTP/1.1" 200 -
172.22.2.4 - - [05/Oct/2022:04:22:07 -0500] "GET /BLA/boletinlegal/ HTTP/1.1" 200 59828
3.237.27.159 - - [05/Oct/2022:04:25:07 -0500] "-" 408 -
201.245.192.253 - - [05/Oct/2022:04:25:55 -0500] "POST /kwsrmcab/Wsrmcab  HTTP/1.1" 200 42483
83.135.205.66 - - [05/Oct/2022:04:27:35 -0500] "GET /BLA/resoluciones/Notificaciones/AUTOS%202014/3198.doc HTTP/1.1" 200 736256
216.245.221.92 - - [05/Oct/2022:04:27:58 -0500] "HEAD / HTTP/1.1" 200 -
172.22.2.4 - - [05/Oct/2022:04:27:06 -0500] "HEAD /BLA/boletinlegal/ HTTP/1.1" 200 -
172.22.2.4 - - [05/Oct/2022:04:27:57 -0500] "GET /BLA/boletinlegal/ HTTP/1.1" 200 57725
87.250.224.69 - - [05/Oct/2022:04:30:15 -0500] "-" 408 -
201.245.192.253 - - [05/Oct/2022:04:30:55 -0500] "POST /kwsrmcab/Wsrmcab  HTTP/1.1" 200 42483
172.22.2.4 - - [05/Oct/2022:04:30:51 -0500] "GET /BLA/boletinlegal/ HTTP/1.1" 200 32715
157.55.39.202 - - [05/Oct/2022:04:31:42 -0500] "GET /BLA/resoluciones/RESOLUCIONES%202001/2001%20350-399.TIF HTTP/1.1" 200 11619082
201.245.192.253 - - [05/Oct/2022:04:32:31 -0500] "POST /kwsrmcab/Wsrmcab HTTP/1.1" 200 44835
201.245.192.253 - - [05/Oct/2022:04:32:34 -0500] "POST /kwsrmcab/Wsrmcab HTTP/1.1" 200 45009
172.22.2.4 - - [05/Oct/2022:04:32:52 -0500] "GET /BLA/boletinlegal/xmlrpc.php HTTP/1.1" 404 1038
44.210.237.158 - - [05/Oct/2022:04:32:52 -0500] "GET /portaldeninos/agua-y-estructura-ecologica-principal/ HTTP/1.1" 200 87488
216.245.221.92 - - [05/Oct/2022:04:32:58 -0500] "HEAD / HTTP/1.1" 200 -
44.210.237.158 - - [05/Oct/2022:04:34:22 -0500] "GET /portaldeninos/biodiversidad/ HTTP/1.1" 200 86633
172.22.2.4 - - [05/Oct/2022:04:32:56 -0500] "HEAD /BLA/boletinlegal/ HTTP/1.1" 200 -
172.22.2.4 - - [05/Oct/2022:04:33:47 -0500] "GET /BLA/boletinlegal/ HTTP/1.1" 200 54356
172.22.2.4 - - [05/Oct/2022:04:34:34 -0500] "GET /BLA/boletinlegal/ HTTP/1.1" 200 32715
44.210.237.158 - - [05/Oct/2022:04:35:29 -0500] "-" 408 -
201.245.192.253 - - [05/Oct/2022:04:35:53 -0500] "POST /kwsrmcab/Wsrmcab  HTTP/1.1" 200 42483
66.249.73.127 - - [05/Oct/2022:04:36:23 -0500] "-" 408 -
216.245.221.92 - - [05/Oct/2022:04:37:58 -0500] "HEAD / HTTP/1.1" 200 -
44.210.237.158 - - [05/Oct/2022:04:38:56 -0500] "-" 408 -
5.45.207.152 - - [05/Oct/2022:04:40:16 -0500] "-" 408 -
172.22.2.4 - - [05/Oct/2022:04:38:46 -0500] "HEAD /BLA/boletinlegal/ HTTP/1.1" 200 -
201.245.192.253 - - [05/Oct/2022:04:40:52 -0500] "POST /kwsrmcab/Wsrmcab  HTTP/1.1" 200 42483
172.22.2.4 - - [05/Oct/2022:04:39:36 -0500] "GET /BLA/boletinlegal/ HTTP/1.1" 200 58163
172.22.2.4 - - [05/Oct/2022:04:42:26 -0500] "GET /BLA/boletinlegal/jurisprudencia/analisis/AnalisisC-035-16.docx HTTP/1.1" 304 -
201.245.192.253 - - [05/Oct/2022:04:42:32 -0500] "POST /kwsrmcab/Wsrmcab HTTP/1.1" 200 44835
201.245.192.253 - - [05/Oct/2022:04:42:35 -0500] "POST /kwsrmcab/Wsrmcab HTTP/1.1" 200 45009
173.252.83.1 - - [05/Oct/2022:04:42:38 -0500] "GET /galeria/galeria/fotos/Humedal-la-conejera4G.jpg HTTP/1.1" 200 371145
216.245.221.92 - - [05/Oct/2022:04:42:58 -0500] "HEAD / HTTP/1.1" 200 -
66.249.73.127 - - [05/Oct/2022:04:43:41 -0500] "-" 408 -
201.245.192.253 - - [05/Oct/2022:04:45:51 -0500] "POST /kwsrmcab/Wsrmcab  HTTP/1.1" 200 42483
157.55.39.202 - - [05/Oct/2022:04:46:14 -0500] "GET /BLA/resoluciones/00001787.tif HTTP/1.1" 404 1018
172.22.2.4 - - [05/Oct/2022:04:44:36 -0500] "HEAD /BLA/boletinlegal/ HTTP/1.1" 200 -
157.55.39.25 - - [05/Oct/2022:04:46:31 -0500] "GET /BLA/resoluciones/RESOLUCIONES%202000/2000%202250-2299.tif HTTP/1.1" 200 4902444
172.22.2.4 - - [05/Oct/2022:04:45:26 -0500] "GET /BLA/boletinlegal/ HTTP/1.1" 200 57725
216.245.221.92 - - [05/Oct/2022:04:47:58 -0500] "HEAD / HTTP/1.1" 200 -
65.49.20.68 - - [05/Oct/2022:04:48:12 -0500] "GET / HTTP/1.1" 200 319
172.22.2.4 - - [05/Oct/2022:04:48:44 -0500] "GET /BLA/boletinlegal/Directivas/2009/Directiva%20No.%20del%2023%20de%20Diciembre%20de%202009.pdf HTTP/1.1" 304 -
172.22.2.4 - - [05/Oct/2022:04:48:45 -0500] "GET /BLA/boletinlegal/Circulares/2020/Circular%2000010%20del%2027%20de%20julio%20de%202020.pdf HTTP/1.1" 304 -
172.22.2.4 - - [05/Oct/2022:04:48:46 -0500] "GET /BLA/boletinlegal/Circulares/2012/Circular%20No.%209%20del%2021%20de%20Agosto%20de%202012.pdf HTTP/1.1" 304 -
157.55.39.202 - - [05/Oct/2022:04:49:44 -0500] "GET /BLA/resoluciones/RESOLUCIONES%202006/RES%202006%20351-400/00000356.tif HTTP/1.1" 200 356206
87.250.224.81 - - [05/Oct/2022:04:50:15 -0500] "-" 408 -
201.245.192.253 - - [05/Oct/2022:04:50:50 -0500] "POST /kwsrmcab/Wsrmcab  HTTP/1.1" 200 42483
157.55.39.25 - - [05/Oct/2022:04:51:42 -0500] "GET /BLA/resoluciones/00001792.tif HTTP/1.1" 404 1018
207.46.13.84 - - [05/Oct/2022:04:52:03 -0500] "GET /BLA/resoluciones/RESOLUCIONES%202005/RES%202005%201751-1800/00001778.tif HTTP/1.1" 200 173108
172.22.2.4 - - [05/Oct/2022:04:50:26 -0500] "HEAD /BLA/boletinlegal/ HTTP/1.1" 200 -
66.249.73.127 - - [05/Oct/2022:04:52:47 -0500] "-" 408 -
172.22.2.4 - - [05/Oct/2022:04:51:17 -0500] "GET /BLA/boletinlegal/ HTTP/1.1" 200 58163
216.245.221.92 - - [05/Oct/2022:04:52:58 -0500] "HEAD / HTTP/1.1" 200 -
65.49.20.112 - - [05/Oct/2022:04:53:18 -0500] "GET /favicon.ico HTTP/1.1" 200 7782
66.249.73.84 - - [05/Oct/2022:04:54:55 -0500] "-" 408 -
185.119.81.99 - - [05/Oct/2022:04:55:34 -0500] "GET /portaldeninos/wp-login.php HTTP/1.1" 200 2592
185.119.81.99 - - [05/Oct/2022:04:55:35 -0500] "POST /portaldeninos/wp-login.php HTTP/1.1" 200 3605
201.245.192.253 - - [05/Oct/2022:04:55:49 -0500] "POST /kwsrmcab/Wsrmcab  HTTP/1.1" 200 42483
