186.102.55.238 - - [06/Oct/2022:05:21:35 -0500] "GET /kwssiamovil/sm/acme/a?s=U2FsdGVkX1+vD43eKsqvetUhAlIfJyrp42VHX+yXMTs996nKrzqMZIsM5vBGqvk6nSFOeLeHIsIbqSUSU7iH8lUC5FMiIs2aLYf+ts/vGwfxLK/KtHDwxCsTRt2/e9AJtplcrzKiJAxvb4Dy4gFcgKG5cEPYL2QVio9JPyHtlaA=&u=U2FsdGVkX1/v9aiYcoyRDUIdiIOGKqpxaq4Bl3vfVbjrvHTZemefPl53AxdQuq/T&y=U2FsdGVkX19+OHzhUuZfUiVB6I5CNXaSdJozRGYNSVQfLMZEikBSaC5EdiDgCgLh HTTP/1.1" 200 25
186.102.55.238 - - [06/Oct/2022:05:21:36 -0500] "GET /kwssiamovil/sm/acme/a?s=U2FsdGVkX19t8YUKjypxZztFQ2dbYtJCexukM26/EpXj3LXHg3r67Z9sudeFOYRh+qHdTWLLqczjXbLesG1mXx0f73oTpH5PCOaLDGwaWGL5wBRUNC8v8drZDkAoAqueXZQ7DOjLiKgju2k8/I5rAgJ7+/bb3xmQxI24UCIhqiY=&u=U2FsdGVkX1/v9aiYcoyRDUIdiIOGKqpxaq4Bl3vfVbjrvHTZemefPl53AxdQuq/T&y=U2FsdGVkX19+OHzhUuZfUiVB6I5CNXaSdJozRGYNSVQfLMZEikBSaC5EdiDgCgLh HTTP/1.1" 200 25
186.102.55.238 - - [06/Oct/2022:05:21:36 -0500] "GET /kwssiamovil/sm/acme/a?s=U2FsdGVkX19OjeHw5dlJSuMkaFWX7viZ0EQtieWEigdFVOm4RyvXp7Qx05wEIvadD3Ko1MPAjojT+kz/zGqcDAIwzXeFBCXkO2xlkN59Yr49zjdZhfuesjvy6WYofK+heh40Sl/oSXFiPep+rZi0uKiAp86NwpnjkcplIOteqWMx20Bn5nEx6oIRCjsFYH21&u=U2FsdGVkX1/v9aiYcoyRDUIdiIOGKqpxaq4Bl3vfVbjrvHTZemefPl53AxdQuq/T&y=U2FsdGVkX19+OHzhUuZfUiVB6I5CNXaSdJozRGYNSVQfLMZEikBSaC5EdiDgCgLh HTTP/1.1" 200 25
172.22.2.4 - - [06/Oct/2022:05:20:23 -0500] "HEAD /BLA/boletinlegal/ HTTP/1.1" 200 -
201.245.192.253 - - [06/Oct/2022:05:22:26 -0500] "POST /kwsrmcab/Wsrmcab HTTP/1.1" 200 44062
201.245.192.253 - - [06/Oct/2022:05:22:29 -0500] "POST /kwsrmcab/Wsrmcab HTTP/1.1" 200 45170
66.249.73.127 - - [06/Oct/2022:05:22:42 -0500] "-" 408 -
172.22.2.4 - - [06/Oct/2022:05:21:13 -0500] "GET /BLA/boletinlegal/ HTTP/1.1" 200 58575
216.245.221.92 - - [06/Oct/2022:05:22:54 -0500] "HEAD / HTTP/1.1" 200 -
157.55.39.202 - - [06/Oct/2022:05:23:20 -0500] "GET /BLA/resoluciones/RESOLUCIONES%202022/2879.pdf HTTP/1.1" 304 -
207.46.13.89 - - [06/Oct/2022:05:25:16 -0500] "GET /BLA/resoluciones/AUTOS%202016/1474.pdf HTTP/1.1" 200 383129
201.245.192.253 - - [06/Oct/2022:05:25:55 -0500] "POST /kwsrmcab/Wsrmcab  HTTP/1.1" 200 42483
172.22.2.4 - - [06/Oct/2022:05:26:00 -0500] "GET /BLA/boletinlegal/actos.php HTTP/1.1" 200 9566
172.22.2.4 - - [06/Oct/2022:05:26:00 -0500] "GET /BLA/boletinlegal/favicon.ico HTTP/1.1" 404 1326
172.22.2.4 - - [06/Oct/2022:05:26:15 -0500] "GET /BLA/boletinlegal/consulta_actos.php?tipo=autos&no=6394&usuario=&sector=&fecha=2022&resuelve= HTTP/1.1" 200 626
172.22.2.4 - - [06/Oct/2022:05:26:19 -0500] "GET /BLA/boletinlegal/consulta_actos.php?tipo=autos&no=6394&usuario=&sector=&fecha=2022&resuelve= HTTP/1.1" 200 626
5.255.253.138 - - [06/Oct/2022:05:27:04 -0500] "-" 408 -
172.22.2.4 - - [06/Oct/2022:05:25:59 -0500] "GET /BLA/boletinlegal/ HTTP/1.1" 200 52493
172.22.2.4 - - [06/Oct/2022:05:26:13 -0500] "HEAD /BLA/boletinlegal/ HTTP/1.1" 200 -
216.245.221.92 - - [06/Oct/2022:05:27:54 -0500] "HEAD / HTTP/1.1" 200 -
172.22.2.4 - - [06/Oct/2022:05:27:03 -0500] "GET /BLA/boletinlegal/ HTTP/1.1" 200 54003
172.22.2.4 - - [06/Oct/2022:05:28:46 -0500] "GET /BLA/boletinlegal/owa/auth/logon.aspx?url=https%3a%2f%2f1%2fecp%2f HTTP/1.1" 404 1018
66.249.73.127 - - [06/Oct/2022:05:29:06 -0500] "-" 408 -
193.118.53.210 - - [06/Oct/2022:05:29:54 -0500] "GET /portaldeninos/ HTTP/1.1" 200 110197
5.255.253.106 - - [06/Oct/2022:05:30:03 -0500] "-" 408 -
5.255.253.174 - - [06/Oct/2022:05:30:09 -0500] "-" 408 -
5.45.207.133 - - [06/Oct/2022:05:30:14 -0500] "-" 408 -
87.250.224.175 - - [06/Oct/2022:05:30:20 -0500] "-" 408 -
87.250.224.4 - - [06/Oct/2022:05:30:35 -0500] "-" 408 -
213.180.203.85 - - [06/Oct/2022:05:30:50 -0500] "-" 408 -
201.245.192.253 - - [06/Oct/2022:05:30:54 -0500] "POST /kwsrmcab/Wsrmcab  HTTP/1.1" 200 42483
87.250.224.37 - - [06/Oct/2022:05:31:20 -0500] "-" 408 -
5.255.253.166 - - [06/Oct/2022:05:32:20 -0500] "-" 408 -
201.245.192.253 - - [06/Oct/2022:05:32:26 -0500] "POST /kwsrmcab/Wsrmcab HTTP/1.1" 200 44062
201.245.192.253 - - [06/Oct/2022:05:32:29 -0500] "POST /kwsrmcab/Wsrmcab HTTP/1.1" 200 45170
216.245.221.92 - - [06/Oct/2022:05:32:54 -0500] "HEAD / HTTP/1.1" 200 -
213.180.203.3 - - [06/Oct/2022:05:33:20 -0500] "-" 408 -
172.22.2.4 - - [06/Oct/2022:05:32:03 -0500] "HEAD /BLA/boletinlegal/ HTTP/1.1" 200 -
172.22.2.4 - - [06/Oct/2022:05:32:53 -0500] "GET /BLA/boletinlegal/ HTTP/1.1" 200 53640
128.1.248.42 - - [06/Oct/2022:05:34:47 -0500] "GET /portaldeninos/ HTTP/1.1" 200 110197
66.249.73.127 - - [06/Oct/2022:05:34:54 -0500] "-" 408 -
201.245.192.253 - - [06/Oct/2022:05:35:54 -0500] "POST /kwsrmcab/Wsrmcab  HTTP/1.1" 200 42483
216.245.221.92 - - [06/Oct/2022:05:37:53 -0500] "HEAD / HTTP/1.1" 200 -
87.250.224.144 - - [06/Oct/2022:05:38:03 -0500] "-" 408 -
172.22.2.4 - - [06/Oct/2022:05:37:53 -0500] "HEAD /BLA/boletinlegal/ HTTP/1.1" 200 -
172.22.2.4 - - [06/Oct/2022:05:38:43 -0500] "GET /BLA/boletinlegal/ HTTP/1.1" 200 57725
66.249.73.127 - - [06/Oct/2022:05:40:51 -0500] "-" 408 -
201.245.192.253 - - [06/Oct/2022:05:40:52 -0500] "POST /kwsrmcab/Wsrmcab  HTTP/1.1" 200 42483
87.250.224.114 - - [06/Oct/2022:05:41:39 -0500] "-" 408 -
201.245.192.253 - - [06/Oct/2022:05:42:27 -0500] "POST /kwsrmcab/Wsrmcab HTTP/1.1" 200 44062
201.245.192.253 - - [06/Oct/2022:05:42:30 -0500] "POST /kwsrmcab/Wsrmcab HTTP/1.1" 200 45170
216.245.221.92 - - [06/Oct/2022:05:42:53 -0500] "HEAD / HTTP/1.1" 200 -
186.102.55.238 - - [06/Oct/2022:05:44:13 -0500] "GET /kwssiamovil/sm/ldap/au?x=U2FsdGVkX18PjKbUCDOBuoIzYk4lPFnIe7AVvztKfY7DB5+GRBrCj5eFhlB0vmRw&y=U2FsdGVkX1/f4uHL8ygSxuxeRuCx49zl+H+xevhK0tI+QEy1lVI+oxJ5blnm/ZrC HTTP/1.1" 200 30
186.102.55.238 - - [06/Oct/2022:05:44:13 -0500] "GET /kwssiamovil/sm/acme/s?s=U2FsdGVkX1/lRWuFrGZotdVyQwRqs5RyfPKUcCeDLVPPkuF11LA0Ra8Io+UN9XO6q71B/b9IoXEK+JrOkwq8HCmlg0n7HEVPKij9Gn9TXxU=&u=U2FsdGVkX1/8IjN5uQRVmI4DMm+SODdgR2gT5CkscySVCeIPmH6OfueajYg16Cp/&y=U2FsdGVkX1/f4uHL8ygSxuxeRuCx49zl+H+xevhK0tI+QEy1lVI+oxJ5blnm/ZrC HTTP/1.1" 200 97
186.102.55.238 - - [06/Oct/2022:05:44:13 -0500] "GET /kwssiamovil/sm/acme/s?s=U2FsdGVkX1+fvzHEgh2Xdntbb66TGyGCjKOCkRAo7l3AGpEe+wAeawPBEdafoSRXSBxmNz+Y8XM1Wzj3oLOJ1pxd1Yl03oJr4wCq9STyCHOMFl/i3RsfxjZak5zHgQJbac2BadOQ9nN7c4hG4Sf5a2DKN3U5S1/4sdmKaLIkSkf7yvveCJ+zGB7C3DcNhJc7LCBxoImfeoQJpzlh5rDQ8cNyESHpHXIYUjWpRZ2hK9/PA7BGNYUsNGUae6o1nYGLt+U1/nxWSXb0t/RRTFz/HLIyX2clVe9l3faaAF9Bq6lhu4Z7YTAewyNNg+yQcn2c4cpK+jYRwg6aDi/Atlw5JK+UQ1MI3mvxo+qT/s29COzh2tY9eZOOPqc+22STKkuzG6BsHozOwxq3q8Dhwv3RPdFoodj9hdGtl59kb9WBds8/4/+ewFDo390FAo4cny8RQo3B5MYHgYs7ivjbQPmjkE8L0DxBppnAFjYqKgOouK9yVAnBoBsPcJfQMoGXBoM8E8boJxC7K2lXJhajdqMNnB/iX2FDGK99uDxVDHpxyRUM/SfQpHBNLDb6jwNphvgcFVEu5Lp29NoyxURljyYwjweBWnwZBGcMInfIMapqz2CfDnG2MPQUZoFJmJIidofj6vXWTc/5ko1cu8bYih9INJp5gNHq6Bw93T7iw4vpQDZC0UEIUjGQEIdeZ114OoCNIgXZvRNeuw+qeiMDF/k2K8c8wkaq+BajC2xzzZo4lLTXxrbSZQ7Qc/1ouVdpls4o6+LfKh1Kfv1gYq84ITHCxMb2WBDLsZ8OpFcPVEmPrnAuW0+4W5IASy7WGlZ8ujnyhcgw0UuATQjfd4scvN2FaqUWYGcNQv0BSM/GXUL3c2cQ2jCWwsv1Yqap81207U/PhPVDzGzXmU1x1lSSHq+kOaU9pwHYe82odAP8Ekvw0vROLMkyrjEfb2XnzRLfeKu5wil1FHukt8B5I6IJsjnW9jP0hWcqfIAitNW8cQ8RSoVlN9cpTG3XZxohJTm/gnwlENyQATDPDjsjZa8ktVw5EXr0lcIz+nnJ1vsb9iDmA+jaP0zzPvomL4iNgK56+mgGX1Up51qlQ8LgOMVSctbP2bXVunF6sHny6xO0ii6SW//Gv2FEN6qiKuOSdC1wHxJRMO9GBET5wYEN5xfDZPpELyzsqECT0RkmFCoK62NSplat2bpDFg7i+i5e9NU+dhLJfPgdIl9TfLX4JaremLKi5ObmGK5t/80sDpT5ruZlqam+degw2zC+rOsY83HGKOjtBF8k0vGd9ozALQFaPqv1zdLgTzo1XEv1UxUYghxdik7Iz4HOWTFsg6KGycRHEOpuz9HzQ0l9GcT47sPepUOgZooUPMY64w2XTc184qstUhx12aP1rhqZG+DQymg/Mo2mqpkHUjpD1A09n2mbvpeMwaohQeELUNh0sHEl7QYV6/k=&u=U2FsdGVkX1/8IjN5uQRVmI4DMm+SODdgR2gT5CkscySVCeIPmH6OfueajYg16Cp/&y=U2FsdGVkX1/f4uHL8ygSxuxeRuCx49zl+H+xevhK0tI+QEy1lVI+oxJ5blnm/ZrC HTTP/1.1" 200 1807
186.102.55.238 - - [06/Oct/2022:05:44:13 -0500] "GET /kwssiamovil/sm/acme/s?s=U2FsdGVkX1919vQh66HJDiHsa8fRU+wkShucGotMuPKTYO+AKrK+DQJjkuK+fQZ+DRJBlaC0ERRSEsisy6dRrpbFwzAfcY5besFILUN/5zN4Q7qzL98D0dSsqwowLLRsSmIczhD5JUJ6M3k+YraOTIhLsXy48xZZ7rCCndDM75//AZzat3s6TqychdY5+cGFomWwigF6flZUgfRCbSGQssVGZrBw8UPoLpKT/mMyPELhpChInF8+yVG4gccL0Sb4zxZiOq35En8f/3UcBDQtp50LIowdsIPoSWZu9YRhAlXh8WmdTbBErgA9QYc19t92DOwog/Qya184FnDl4QaDVzY4RPGcGj8pxgIRi0F7Bd8=&u=U2FsdGVkX1/8IjN5uQRVmI4DMm+SODdgR2gT5CkscySVCeIPmH6OfueajYg16Cp/&y=U2FsdGVkX1/f4uHL8ygSxuxeRuCx49zl+H+xevhK0tI+QEy1lVI+oxJ5blnm/ZrC HTTP/1.1" 200 196
186.102.55.238 - - [06/Oct/2022:05:44:13 -0500] "GET /kwssiamovil/sm/cjson/pre?f=1&x=U2FsdGVkX18PjKbUCDOBuoIzYk4lPFnIe7AVvztKfY7DB5+GRBrCj5eFhlB0vmRw HTTP/1.1" 200 30992
172.22.2.4 - - [06/Oct/2022:05:43:43 -0500] "HEAD /BLA/boletinlegal/ HTTP/1.1" 200 -
201.245.192.253 - - [06/Oct/2022:05:45:52 -0500] "POST /kwsrmcab/Wsrmcab  HTTP/1.1" 200 42483
172.22.2.4 - - [06/Oct/2022:05:44:33 -0500] "GET /BLA/boletinlegal/ HTTP/1.1" 200 59828
66.249.73.127 - - [06/Oct/2022:05:46:27 -0500] "-" 408 -
87.250.224.117 - - [06/Oct/2022:05:46:39 -0500] "-" 408 -
172.22.2.4 - - [06/Oct/2022:05:46:19 -0500] "GET /BLA/boletinlegal/ HTTP/1.1" 200 32715
186.102.16.218 - - [06/Oct/2022:05:47:28 -0500] "GET /si-tienes-ropa-y-calzado-que-ya-no-usas-aca-te-presentamos-seis-puntos-a-donde-los-puedes-llevar.html HTTP/1.1" 200 872
186.102.16.218 - - [06/Oct/2022:05:47:38 -0500] "GET /favicon.ico HTTP/1.1" 404 1496
216.245.221.92 - - [06/Oct/2022:05:47:53 -0500] "HEAD / HTTP/1.1" 200 -
201.245.192.253 - - [06/Oct/2022:05:50:51 -0500] "POST /kwsrmcab/Wsrmcab  HTTP/1.1" 200 42483
172.22.2.4 - - [06/Oct/2022:05:49:33 -0500] "HEAD /BLA/boletinlegal/ HTTP/1.1" 200 -
172.22.2.4 - - [06/Oct/2022:05:50:23 -0500] "GET /BLA/boletinlegal/ HTTP/1.1" 200 59828
66.249.73.127 - - [06/Oct/2022:05:52:30 -0500] "-" 408 -
216.245.221.92 - - [06/Oct/2022:05:52:53 -0500] "HEAD / HTTP/1.1" 200 -
87.250.224.43 - - [06/Oct/2022:05:54:39 -0500] "-" 408 -
186.102.55.238 - - [06/Oct/2022:05:55:43 -0500] "GET /kwssiamovil/sm/acme/a?s=U2FsdGVkX1+uUIPQniUECg/h5wNLTtKNPMaSihiqrvoORiXNPinebG7vnwk7Q4NgELN7fMA0tmJehwhQUdt2j9icHR9cZ/gWNSLUOANLNU+8NsXXit70r9dRlviBOhBu0FIGFBAUlAT67KGHaCJiEHcxuV8vnbduzOf7d+6RQyTqfK8bfLJLMc/tMNNVQTlpjarmx1SSjVrU/KWD/SSOWZY1ZqvxY62jWgOqGyEMsMcoeLjBKGOGL2c10akTu1ABg09X9UJ500Ku6wq8VhiLuQ==&u=U2FsdGVkX1/8IjN5uQRVmI4DMm+SODdgR2gT5CkscySVCeIPmH6OfueajYg16Cp/&y=U2FsdGVkX1/f4uHL8ygSxuxeRuCx49zl+H+xevhK0tI+QEy1lVI+oxJ5blnm/ZrC HTTP/1.1" 200 25
186.102.55.238 - - [06/Oct/2022:05:55:43 -0500] "GET /kwssiamovil/sm/acme/a?s=U2FsdGVkX1/F+drsBqDML/EwOcIjDCCNwv6EVMoA/502Bu1kyrt4B97r7pTkCLLihIo6jU9FQCBCIEttOxyeRJHFRAyCeiu/EDyTWT5+Vjul5di+z9jf5yIf00YAAuJwgIfZAUNNnNPr/966fM3qdg1wkeBZZfjCMGUD1GP9Ew7jSOc5tnfUFG/M1KfQ+DMUUODHJuUTtD1Nn0E7RAzCmT9+mREJiTpJaX7n3wE2x6SM6gD/lY91G1PK8mZGUWANVhcX08UfdSKlLA6Fgvc995ZP0z+Ee9MpxDbQCa2ZEr7VVmCOz05oy11N3oTcdtz4CBdBBgUT7339Baa+gtJDPMGRwwlx4OeSstmX2h8GgI+ILuMjVTDgYDEZ9aO+QUKXDdLwk2osXX8BwaF8fCqWhPG5GdHiQagCRHASK6aZB9iQ93+Go/duOiY0qqFxuIVJ3ZbuxqzIEShDltgsAeF5ZQObFKLwLTp4rUXswTD9hrUG7UY7WD4GX9PIv/GJvv4BE/+pLF/TS+MEXSGLMsYRO2RYOPGfq4xY7wN4exZIs3foryo0g1hHdsfMxRqKV+CJ4aqVr6kxwOOCyKYduMAoK7kxU3X7wbumKGLeOQH/us3Cxg6saSWYbfwLlb0B96LIMM2ZPoQuBdraM+D6/C/GlGHpigcrl8B2cegZbYSbcgCwtDM6Vr7w4SEaWkpJP8Rns8xQuANoP0FCZNExpPi5olwc3rqG+MfXeCyVTLdFyPMNy58jK/GOnmfUWQcTD3V8IH9SLd5DpOsjBQjFIbdbHvW/8GSrkmNUpifJuuiOYlgREgPimJGw2f3BQSOek6d7WM8c1Ah0ku+1U6bncuCrA3ZT46MiblB0iCkJ7XoACC6glNfwiwS/ah0uoiIRRA+QEQRgNQ2PuhKcYsw3SMo+sVpsoIDRq6MJaBxso4raFnnHTgwIhJEYuCc40+0atF8DpKAo21inLsxRVw2k7BEm1IiCtaX2X5F6OgkPpy/Dj6J15tiD0x1oACVLUIUC8ecjEGiIjpR3l4wKS+Op7c1vrvRn/xI/gFSt5VIiZfZVkPjjH5Aj6aJkVSmPGXXhZKpxGCWesacaXVO0P/+AKJ49/xP7ruovvRBncd0nazxS9Sf2eOrSov2dh8S1QFcT1z0fw+xzcsjoIft64nBJu2ezWF9DRRAnqmWGJjEhSH4TLwv9ZsCGBwOFIHRjiVI+BaPRsVnB5CSICa3arGxY4ExEGlPKEh1CUbDrJyHMHOGtwZ6jPH8v+2TdtQCpCko9JbeHmzover/CMk7B9DCfF6H9sJPwl1lWiq+rUm6NG/qTQxCeMzAuioFJyhwoQ0CKE36VWOFIPNMJIUMtTm7ScWpQN5XGu06X4dFUjxKdymnn3d0PktXQztQs+Yk6YbGoCMCN5sR5wiUltJRJ7pt3P3vhIq26ozHKyKVaTCzcFtfjAozRhx07gaEvkT2bZdkWjjhG8RQiMsPt94nfQDIVZ3DjUCc5D1NIcEdb72aDYAiilbhSJaA2OGafqqh3FZZj8S9RL/rawoeWI4uKba6glOlj/QC6qGqCADQ1qJ2WbPFqmsd9w1j1ZjIgbsMEnhaLF3vkQljNlgrHV14bvFl+hFrgzeH1uQuDbz1ffgBRZddY9EPvfyM2CGJbgJ8zNVCz34+otfWcJ4a7dF9V6OgQd5M/4TaKtKxHlEzuohXsphj6NLtQoWI2/xa5YH7kWFdg5172w5plYrUvN0eVq/m3fwtMpCBrFFkbhj64Mxt2zNWHT3eSz3Azz2FFPmhe/FOt36z14tvY4IHI8MV066ubfIion4xEifrPAcRvfbkgYMPSEps+4wa5fjCer7du4qvHGcX6iw2Za9nrmhWFrsPL66h4vual2jnGDjrsl4+GPh5UXKqn1Yc1k34bbiL41DDuUPXz7mJVUQ2+AzMQSU2toathlUpV+JkBfDroKGiq9sw4rknusfnn92sYRcnOYpR8WYjqnUB8k4g3RgyILaR2wUUiLhxE7DLl+g2u31IqhQEuZ4Wkmw9JM5aa+R0mk4XDqGhXwyJSEdZtSwck1Vc7ExdLE6qRpUb2Adsm5dbJfSBe+ngXbNdu/LwLZb/aoWwnrWQ9ids6ba5iXvtAR2WvRmxXwJh03QK9/swIkL50AczLG/KOYob1krcK0/0vtlmxSpDNDIfSrKZA1ebsA/gR65PtI+JLKFzhaXUlgQRneHpLme2GVSRiYFNhJ0ShmmQv0z7JCrQ61+Vy7aayhyKdmeu8uXzJxVekAx+JVF2joTBHYGAwwWvQGCFnkt44ujC9/SfrO/OkOawSfY53dLhp+DW0ffNHOdSgrCUxBOTnpAOkz2jqUKP7z1BGRFGzFSrc9z1ponuIW8siqfWF+YGDRkFsYvZy5XlTq7C4TAzoBySBRCGemiPMDcbwb66YWl/X+JndXjY5fDPWp3nicOdFcD8UFBDHddZndnoYWfGmTI87Jlu8D0XfbEz3MGzOQoDp59oN6+A2A60ut2lcd80LcqpeX+ht7ren3/BchcYy37Z4PbtNkecOX0lbfBVz6jARA/ONT/sqtIvUP3B2UO4SvdR19jDKlHCXYAxjr8qerQfJ7NFDhhdCyXvfKzGREkw3CjAzhBIQii8YPvbtlOgRYiH6sA==&u=U2FsdGVkX1/8IjN5uQRVmI4DMm+SODdgR2gT5CkscySVCeIPmH6OfueajYg16Cp/&y=U2FsdGVkX1/f4uHL8ygSxuxeRuCx49zl+H+xevhK0tI+QEy1lVI+oxJ5blnm/ZrC HTTP/1.1" 200 25
186.102.55.238 - - [06/Oct/2022:05:55:43 -0500] "GET /kwssiamovil/sm/acme/a?s=U2FsdGVkX1/ARURkrFtCUX5u5RcLsRIOk90bdpJox/wdwS/m8NPXU7BUXdFaOBf1g0nS0wiaOumpLaBLreqNTRnRVIEl3Q3HiNQ42BZ1yEnw8GzfzP0sbRauIXzsEAjLwA9O7Xt88j9QB4VRlA9TQj/xUnbAE8EH0jOVOg2wud8=&u=U2FsdGVkX1/8IjN5uQRVmI4DMm+SODdgR2gT5CkscySVCeIPmH6OfueajYg16Cp/&y=U2FsdGVkX1/f4uHL8ygSxuxeRuCx49zl+H+xevhK0tI+QEy1lVI+oxJ5blnm/ZrC HTTP/1.1" 200 25
186.102.55.238 - - [06/Oct/2022:05:55:44 -0500] "GET /kwssiamovil/sm/acme/a?s=U2FsdGVkX1/sl3Hh01oyMTOIysWQ9Qzc54picmzKz2EosZNR9cetzgBqNcySNzzJFPmfUASNo6eIR/QghSjtb3XPu96ELRvhLP12uts1Tl8nig94sq34E6LMMh2dz+g5SxpY9isurvUIYVdYsuHBGJkFh6XolzjY4C6rSW+nXIE=&u=U2FsdGVkX1/8IjN5uQRVmI4DMm+SODdgR2gT5CkscySVCeIPmH6OfueajYg16Cp/&y=U2FsdGVkX1/f4uHL8ygSxuxeRuCx49zl+H+xevhK0tI+QEy1lVI+oxJ5blnm/ZrC HTTP/1.1" 200 25
186.102.55.238 - - [06/Oct/2022:05:55:44 -0500] "GET /kwssiamovil/sm/acme/a?s=U2FsdGVkX1/BOxP1L350vx9FFoeMEIEdF0Mrizh+2kEmtJGuuB3YHnEaWhn42oao+FaUA3EiQ9tQzIZmqN0e/mbMntJJwCAxIEciWWyNarthy+vQ9A5eLGga9CmLg/l95bSmLqJqEB1557CWjOCu/grqAmLTSNohPiY5CvsBYKk=&u=U2FsdGVkX1/8IjN5uQRVmI4DMm+SODdgR2gT5CkscySVCeIPmH6OfueajYg16Cp/&y=U2FsdGVkX1/f4uHL8ygSxuxeRuCx49zl+H+xevhK0tI+QEy1lVI+oxJ5blnm/ZrC HTTP/1.1" 200 25
186.102.55.238 - - [06/Oct/2022:05:55:44 -0500] "GET /kwssiamovil/sm/acme/a?s=U2FsdGVkX1+JsNOFlOjTB8t+3vHPvccXLVNQREoQaLGSHRZkrRy3hwJJYS2jjbVP2b6ALNSmOlu6IGgnFg1yk3pkJx3RuV45bu2CBe7YF2HoKC7DQR/wjQs6bAZ2ChBv8nPhsL/zBbKt6aka9wmOE3aKFGJKBql9BuJbhYuJs+qyaqMUu9AR8sUef0xO7EPt&u=U2FsdGVkX1/8IjN5uQRVmI4DMm+SODdgR2gT5CkscySVCeIPmH6OfueajYg16Cp/&y=U2FsdGVkX1/f4uHL8ygSxuxeRuCx49zl+H+xevhK0tI+QEy1lVI+oxJ5blnm/ZrC HTTP/1.1" 200 25
201.245.192.253 - - [06/Oct/2022:05:55:50 -0500] "POST /kwsrmcab/Wsrmcab  HTTP/1.1" 200 42483
172.22.2.4 - - [06/Oct/2022:05:55:23 -0500] "HEAD /BLA/boletinlegal/ HTTP/1.1" 200 -
172.22.2.4 - - [06/Oct/2022:05:56:13 -0500] "GET /BLA/boletinlegal/ HTTP/1.1" 200 54003
216.245.221.92 - - [06/Oct/2022:05:57:53 -0500] "HEAD / HTTP/1.1" 200 -
66.249.73.127 - - [06/Oct/2022:05:58:17 -0500] "-" 408 -
45.79.204.46 - - [06/Oct/2022:05:59:41 -0500] "GET / HTTP/1.1" 200 319
190.24.59.47 - - [06/Oct/2022:06:00:12 -0500] "GET /si-tienes-ropa-y-calzado-que-ya-no-usas-aca-te-presentamos-seis-puntos-a-donde-los-puedes-llevar.html HTTP/1.1" 200 872
201.245.192.253 - - [06/Oct/2022:06:00:49 -0500] "POST /kwsrmcab/Wsrmcab  HTTP/1.1" 200 42483
172.22.2.4 - - [06/Oct/2022:06:01:13 -0500] "HEAD /BLA/boletinlegal/ HTTP/1.1" 200 -
216.245.221.92 - - [06/Oct/2022:06:02:53 -0500] "HEAD / HTTP/1.1" 200 -
172.22.2.4 - - [06/Oct/2022:06:02:03 -0500] "GET /BLA/boletinlegal/ HTTP/1.1" 200 57375
66.249.73.127 - - [06/Oct/2022:06:04:12 -0500] "-" 408 -
80.94.92.231 - - [06/Oct/2022:06:04:40 -0500] "GET / HTTP/1.1" 200 319
5.255.231.131 - - [06/Oct/2022:06:05:01 -0500] "-" 408 -
201.245.192.253 - - [06/Oct/2022:06:05:48 -0500] "POST /kwsrmcab/Wsrmcab  HTTP/1.1" 200 42483
216.245.221.92 - - [06/Oct/2022:06:07:53 -0500] "HEAD / HTTP/1.1" 200 -
207.46.13.40 - - [06/Oct/2022:06:08:36 -0500] "GET /BLA/resoluciones/AUTOS%202022/2104.pdf HTTP/1.1" 200 379524
172.22.2.4 - - [06/Oct/2022:06:07:02 -0500] "HEAD /BLA/boletinlegal/ HTTP/1.1" 200 -
172.22.2.4 - - [06/Oct/2022:06:07:53 -0500] "GET /BLA/boletinlegal/ HTTP/1.1" 200 57375
66.249.73.127 - - [06/Oct/2022:06:09:50 -0500] "-" 408 -
201.245.192.253 - - [06/Oct/2022:06:10:46 -0500] "POST /kwsrmcab/Wsrmcab  HTTP/1.1" 200 42483
5.255.253.106 - - [06/Oct/2022:06:12:20 -0500] "-" 408 -
5.255.253.174 - - [06/Oct/2022:06:12:25 -0500] "-" 408 -
213.180.203.84 - - [06/Oct/2022:06:12:31 -0500] "-" 408 -
5.255.253.164 - - [06/Oct/2022:06:12:36 -0500] "-" 408 -
181.49.14.98 - - [06/Oct/2022:06:12:46 -0500] "GET /inventario-de-emisiones-2020-transporte-publico-sitp-redujo-emisiones-de-pm-2-5-en-un-37.html HTTP/1.1" 200 925
87.250.224.4 - - [06/Oct/2022:06:12:51 -0500] "-" 408 -
216.245.221.92 - - [06/Oct/2022:06:12:53 -0500] "HEAD / HTTP/1.1" 200 -
213.180.203.85 - - [06/Oct/2022:06:13:06 -0500] "-" 408 -
185.119.81.109 - - [06/Oct/2022:06:13:15 -0500] "GET /portaldeninos/wp-login.php HTTP/1.1" 200 2592
185.119.81.109 - - [06/Oct/2022:06:13:16 -0500] "POST /portaldeninos/wp-login.php HTTP/1.1" 200 3605
181.130.54.32 - - [06/Oct/2022:06:13:31 -0500] "GET /si-tienes-ropa-y-calzado-que-ya-no-usas-aca-te-presentamos-seis-puntos-a-donde-los-puedes-llevar.html HTTP/1.1" 200 872
5.255.253.112 - - [06/Oct/2022:06:13:36 -0500] "-" 408 -
172.22.2.4 - - [06/Oct/2022:06:12:52 -0500] "HEAD /BLA/boletinlegal/ HTTP/1.1" 200 -
87.250.224.52 - - [06/Oct/2022:06:14:36 -0500] "-" 408 -
173.252.107.24 - - [06/Oct/2022:06:14:45 -0500] "GET /indicadores-de-fauna-silvestre-en-el-observatorio-ambiental-de-bogota.html HTTP/1.1" 206 949
181.130.54.32 - - [06/Oct/2022:06:15:12 -0500] "GET /si-tienes-ropa-y-calzado-que-ya-no-usas-aca-te-presentamos-seis-puntos-a-donde-los-puedes-llevar.html HTTP/1.1" 200 872
181.130.54.32 - - [06/Oct/2022:06:15:12 -0500] "GET /images/prendas-1_optimized.jpeg HTTP/1.1" 200 65869
172.22.2.4 - - [06/Oct/2022:06:13:43 -0500] "GET /BLA/boletinlegal/ HTTP/1.1" 200 58163
157.55.39.154 - - [06/Oct/2022:06:15:31 -0500] "GET / HTTP/1.1" 200 319
213.180.203.3 - - [06/Oct/2022:06:15:36 -0500] "-" 408 -
66.249.73.127 - - [06/Oct/2022:06:15:36 -0500] "-" 408 -
201.245.192.253 - - [06/Oct/2022:06:15:45 -0500] "POST /kwsrmcab/Wsrmcab  HTTP/1.1" 200 42483
216.245.221.92 - - [06/Oct/2022:06:17:53 -0500] "HEAD / HTTP/1.1" 200 -
172.22.2.4 - - [06/Oct/2022:06:17:46 -0500] "GET /BLA/boletinlegal/ HTTP/1.1" 200 24523
87.250.224.144 - - [06/Oct/2022:06:18:50 -0500] "-" 408 -
172.22.2.4 - - [06/Oct/2022:06:18:42 -0500] "HEAD /BLA/boletinlegal/ HTTP/1.1" 200 -
201.245.192.253 - - [06/Oct/2022:06:20:44 -0500] "POST /kwsrmcab/Wsrmcab  HTTP/1.1" 200 42483
172.22.2.4 - - [06/Oct/2022:06:19:33 -0500] "GET /BLA/boletinlegal/ HTTP/1.1" 200 58163
201.245.192.253 - - [06/Oct/2022:06:22:26 -0500] "POST /kwsrmcab/Wsrmcab HTTP/1.1" 200 44238
201.245.192.253 - - [06/Oct/2022:06:22:29 -0500] "POST /kwsrmcab/Wsrmcab HTTP/1.1" 200 45181
66.249.73.127 - - [06/Oct/2022:06:22:53 -0500] "-" 408 -
216.245.221.92 - - [06/Oct/2022:06:22:53 -0500] "HEAD / HTTP/1.1" 200 -
87.250.224.114 - - [06/Oct/2022:06:23:07 -0500] "-" 408 -
157.55.39.202 - - [06/Oct/2022:06:24:48 -0500] "GET / HTTP/1.1" 200 319
172.22.2.4 - - [06/Oct/2022:06:23:33 -0500] "GET /BLA/boletinlegal/ HTTP/1.1" 200 60874
201.245.192.253 - - [06/Oct/2022:06:25:43 -0500] "POST /kwsrmcab/Wsrmcab  HTTP/1.1" 200 42483
172.22.2.4 - - [06/Oct/2022:06:24:32 -0500] "HEAD /BLA/boletinlegal/ HTTP/1.1" 200 -
172.22.2.4 - - [06/Oct/2022:06:25:23 -0500] "GET /BLA/boletinlegal/ HTTP/1.1" 200 57725
216.245.221.92 - - [06/Oct/2022:06:27:53 -0500] "HEAD / HTTP/1.1" 200 -
87.250.224.117 - - [06/Oct/2022:06:28:07 -0500] "-" 408 -
66.249.73.127 - - [06/Oct/2022:06:29:03 -0500] "-" 408 -
172.22.2.4 - - [06/Oct/2022:06:30:43 -0500] "GET /BLA/boletinlegal/robots.txt HTTP/1.1" 404 1038
201.245.192.253 - - [06/Oct/2022:06:30:42 -0500] "POST /kwsrmcab/Wsrmcab  HTTP/1.1" 200 42483
172.22.2.4 - - [06/Oct/2022:06:30:44 -0500] "GET /BLA/boletinlegal/jurisprudencia/analisis/Analisis%20Sentencia%20T-1077,%202%20corregida.doc HTTP/1.1" 304 -
172.22.2.4 - - [06/Oct/2022:06:30:22 -0500] "HEAD /BLA/boletinlegal/ HTTP/1.1" 200 -
201.245.192.253 - - [06/Oct/2022:06:32:26 -0500] "POST /kwsrmcab/Wsrmcab HTTP/1.1" 200 44238
201.245.192.253 - - [06/Oct/2022:06:32:29 -0500] "POST /kwsrmcab/Wsrmcab HTTP/1.1" 200 45181
201.245.192.253 - - [06/Oct/2022:06:32:43 -0500] "GET /galeria/galeria/jquery.fancybox.css?v=2.1.5 HTTP/1.1" 200 4895
201.245.192.253 - - [06/Oct/2022:06:32:43 -0500] "GET /BLA/boletinlegal/js/jquery.scrollShow.js HTTP/1.1" 200 4586
201.245.192.253 - - [06/Oct/2022:06:32:43 -0500] "GET /galeria/galeria/jquery.fancybox.js?v=2.1.5 HTTP/1.1" 200 48706
172.22.2.4 - - [06/Oct/2022:06:31:13 -0500] "GET /BLA/boletinlegal/ HTTP/1.1" 200 56376
216.245.221.92 - - [06/Oct/2022:06:32:53 -0500] "HEAD / HTTP/1.1" 200 -
66.249.73.127 - - [06/Oct/2022:06:35:06 -0500] "-" 408 -
201.245.192.253 - - [06/Oct/2022:06:35:40 -0500] "POST /kwsrmcab/Wsrmcab  HTTP/1.1" 200 42483
87.250.224.43 - - [06/Oct/2022:06:36:07 -0500] "-" 408 -
172.22.2.4 - - [06/Oct/2022:06:36:12 -0500] "GET /BLA/boletinlegal/robots.txt HTTP/1.1" 404 1140
172.22.2.4 - - [06/Oct/2022:06:36:12 -0500] "HEAD /BLA/boletinlegal/ HTTP/1.1" 200 -
216.245.221.92 - - [06/Oct/2022:06:37:53 -0500] "HEAD / HTTP/1.1" 200 -
172.22.2.4 - - [06/Oct/2022:06:37:03 -0500] "GET /BLA/boletinlegal/ HTTP/1.1" 200 53640
152.89.196.211 - - [06/Oct/2022:06:39:01 -0500] "-" 408 -
198.74.59.35 - - [06/Oct/2022:06:40:07 -0500] "GET /galeria/galeria/jquery.fancybox.js?v=2.1.5 HTTP/1.1" 200 48706
198.74.59.35 - - [06/Oct/2022:06:40:07 -0500] "GET /galeria/galeria/jquery.fancybox.css?v=2.1.5 HTTP/1.1" 200 4895
198.74.59.35 - - [06/Oct/2022:06:40:07 -0500] "GET /BLA/boletinlegal/js/jquery.scrollShow.js HTTP/1.1" 200 4586
201.245.192.253 - - [06/Oct/2022:06:40:40 -0500] "POST /kwsrmcab/Wsrmcab  HTTP/1.1" 200 42483
66.249.73.127 - - [06/Oct/2022:06:40:44 -0500] "-" 408 -
201.245.192.253 - - [06/Oct/2022:06:42:26 -0500] "POST /kwsrmcab/Wsrmcab HTTP/1.1" 200 44238
201.245.192.253 - - [06/Oct/2022:06:42:29 -0500] "POST /kwsrmcab/Wsrmcab HTTP/1.1" 200 45181
216.245.221.92 - - [06/Oct/2022:06:42:53 -0500] "HEAD / HTTP/1.1" 200 -
172.22.2.4 - - [06/Oct/2022:06:42:02 -0500] "HEAD /BLA/boletinlegal/ HTTP/1.1" 200 -
191.156.228.131 - - [06/Oct/2022:06:44:32 -0500] "GET /si-tienes-ropa-y-calzado-que-ya-no-usas-aca-te-presentamos-seis-puntos-a-donde-los-puedes-llevar.html HTTP/1.1" 200 872
172.22.2.4 - - [06/Oct/2022:06:42:53 -0500] "GET /BLA/boletinlegal/ HTTP/1.1" 200 54823
201.245.192.253 - - [06/Oct/2022:06:45:39 -0500] "POST /kwsrmcab/Wsrmcab  HTTP/1.1" 200 42483
5.255.231.131 - - [06/Oct/2022:06:46:07 -0500] "-" 408 -
216.245.221.92 - - [06/Oct/2022:06:47:53 -0500] "HEAD / HTTP/1.1" 200 -
186.146.13.169 - - [06/Oct/2022:06:47:57 -0500] "GET /si-tienes-ropa-y-calzado-que-ya-no-usas-aca-te-presentamos-seis-puntos-a-donde-los-puedes-llevar.html HTTP/1.1" 200 872
66.249.73.127 - - [06/Oct/2022:06:49:15 -0500] "-" 408 -
172.22.2.4 - - [06/Oct/2022:06:47:52 -0500] "HEAD /BLA/boletinlegal/ HTTP/1.1" 200 -
172.22.2.4 - - [06/Oct/2022:06:48:43 -0500] "GET /BLA/boletinlegal/ HTTP/1.1" 200 52877
201.245.192.253 - - [06/Oct/2022:06:50:37 -0500] "POST /kwsrmcab/Wsrmcab  HTTP/1.1" 200 42483
207.46.13.40 - - [06/Oct/2022:06:52:17 -0500] "GET /BLA/resoluciones/00000342.tif HTTP/1.1" 404 1018
216.245.221.92 - - [06/Oct/2022:06:52:53 -0500] "HEAD / HTTP/1.1" 200 -
172.22.2.4 - - [06/Oct/2022:06:53:42 -0500] "HEAD /BLA/boletinlegal/ HTTP/1.1" 200 -
172.22.2.4 - - [06/Oct/2022:06:55:31 -0500] "GET /BLA/boletinlegal/ab2g HTTP/1.1" 404 1018
201.245.192.253 - - [06/Oct/2022:06:55:36 -0500] "POST /kwsrmcab/Wsrmcab  HTTP/1.1" 200 42483
95.108.213.65 - - [06/Oct/2022:06:56:07 -0500] "-" 408 -
172.22.2.4 - - [06/Oct/2022:06:54:33 -0500] "GET /BLA/boletinlegal/ HTTP/1.1" 200 57725
216.245.221.92 - - [06/Oct/2022:06:57:53 -0500] "HEAD / HTTP/1.1" 200 -
157.55.39.202 - - [06/Oct/2022:06:58:31 -0500] "GET /BLA/resoluciones/AUTOS%202011/5096.pdf HTTP/1.1" 304 -
207.46.13.84 - - [06/Oct/2022:06:58:52 -0500] "GET /BLA/resoluciones/AUTOS%202022/3707.pdf HTTP/1.1" 200 384314
186.84.20.30 - - [06/Oct/2022:07:00:09 -0500] "GET /BLA/resoluciones/dlf/dirup.png HTTP/1.1" 200 644
186.84.20.30 - - [06/Oct/2022:07:00:09 -0500] "GET /BLA/resoluciones/dlf/styles.css HTTP/1.1" 200 3049
186.84.20.30 - - [06/Oct/2022:07:00:09 -0500] "GET /BLA/resoluciones/dlf/pdf.gif HTTP/1.1" 200 272
186.84.20.30 - - [06/Oct/2022:07:00:09 -0500] "GET /BLA/resoluciones/dlf/bg.gif HTTP/1.1" 200 54
186.84.20.30 - - [06/Oct/2022:07:00:09 -0500] "GET /BLA/resoluciones/index.php?dir=RESOLUCIONES+2018%2F HTTP/1.1" 200 271266
186.84.20.30 - - [06/Oct/2022:07:00:11 -0500] "GET /BLA/resoluciones/index.php HTTP/1.1" 200 13093
186.84.20.30 - - [06/Oct/2022:07:00:11 -0500] "GET /BLA/resoluciones/dlf/folder.png HTTP/1.1" 200 410
186.84.20.30 - - [06/Oct/2022:07:00:13 -0500] "GET /BLA/resoluciones/index.php?dir=RESOLUCIONES+2021%2F HTTP/1.1" 200 425523
186.84.20.30 - - [06/Oct/2022:07:00:35 -0500] "GET /BLA/resoluciones/index.php?dir=RESOLUCIONES+2022%2F HTTP/1.1" 200 175697
201.245.192.253 - - [06/Oct/2022:07:00:34 -0500] "POST /kwsrmcab/Wsrmcab  HTTP/1.1" 200 42483
186.84.20.30 - - [06/Oct/2022:07:00:41 -0500] "GET /BLA/resoluciones/RESOLUCIONES%202022/2371.pdf HTTP/1.1" 200 960326
172.22.2.4 - - [06/Oct/2022:06:59:32 -0500] "HEAD /BLA/boletinlegal/ HTTP/1.1" 200 -
172.22.2.4 - - [06/Oct/2022:07:00:23 -0500] "GET /BLA/boletinlegal/ HTTP/1.1" 200 59828
152.89.196.211 - - [06/Oct/2022:07:02:37 -0500] "GET /_ignition/execute-solution HTTP/1.1" 404 1018
216.245.221.92 - - [06/Oct/2022:07:02:53 -0500] "HEAD / HTTP/1.1" 200 -
190.131.244.190 - - [06/Oct/2022:07:03:55 -0500] "GET /BLA/resoluciones/RESOLUCIONES%202022/0044.pdf HTTP/1.1" 200 359031
190.131.244.190 - - [06/Oct/2022:07:03:55 -0500] "GET /favicon.ico HTTP/1.1" 200 7782
190.131.244.190 - - [06/Oct/2022:07:04:08 -0500] "GET /BLA/boletinlegal/js/jquery.scrollShow.js HTTP/1.1" 200 4586
190.131.244.190 - - [06/Oct/2022:07:04:08 -0500] "GET /galeria/galeria/jquery.fancybox.js?v=2.1.5 HTTP/1.1" 200 48706
190.131.244.190 - - [06/Oct/2022:07:04:08 -0500] "GET /galeria/galeria/jquery.fancybox.css?v=2.1.5 HTTP/1.1" 200 4895
190.131.244.190 - - [06/Oct/2022:07:04:08 -0500] "GET /galeria/carrusel/Carrusel/jquery.thumbnailScroller.css HTTP/1.1" 200 2066
190.131.244.190 - - [06/Oct/2022:07:04:09 -0500] "GET /galeria/carrusel/Carrusel/jquery-ui-1.8.13.custom.min.js HTTP/1.1" 200 10800
190.131.244.190 - - [06/Oct/2022:07:04:09 -0500] "GET /galeria/carrusel/Carrusel/jquery.thumbnailScroller.js HTTP/1.1" 200 8157
190.131.244.190 - - [06/Oct/2022:07:04:09 -0500] "GET /galeria/nivo-slider/demo/banner.html HTTP/1.1" 200 5446
190.131.244.190 - - [06/Oct/2022:07:04:09 -0500] "GET /galeria/nivo-slider/themes/default/default.css HTTP/1.1" 200 1569
190.131.244.190 - - [06/Oct/2022:07:04:09 -0500] "GET /galeria/nivo-slider/themes/pascal/pascal.css HTTP/1.1" 200 2258
190.131.244.190 - - [06/Oct/2022:07:04:09 -0500] "GET /galeria/nivo-slider/themes/orman/orman.css HTTP/1.1" 200 2152
190.131.244.190 - - [06/Oct/2022:07:04:09 -0500] "GET /galeria/nivo-slider/demo/style.css HTTP/1.1" 200 2222
190.131.244.190 - - [06/Oct/2022:07:04:09 -0500] "GET /galeria/nivo-slider/nivo-slider.css HTTP/1.1" 200 1507
190.131.244.190 - - [06/Oct/2022:07:04:09 -0500] "GET /galeria/nivo-slider/demo/scripts/jquery-1.7.1.min.js HTTP/1.1" 200 93868
190.131.244.190 - - [06/Oct/2022:07:04:09 -0500] "GET /galeria/nivo-slider/jquery.nivo.slider.pack.js HTTP/1.1" 200 11561
190.131.244.190 - - [06/Oct/2022:07:04:09 -0500] "GET /galeria/nivo-slider/demo/images/bannertortuga_optimized.jpg HTTP/1.1" 200 39066
190.131.244.190 - - [06/Oct/2022:07:04:09 -0500] "GET /galeria/nivo-slider/demo/images/Bannermujeresquereverdecen.jpg HTTP/1.1" 200 46558
190.131.244.190 - - [06/Oct/2022:07:04:09 -0500] "GET /galeria/nivo-slider/themes/default/loading.gif HTTP/1.1" 200 1737
190.131.244.190 - - [06/Oct/2022:07:04:09 -0500] "GET /galeria/nivo-slider/demo/images/bannertrafico_optimized.jpg HTTP/1.1" 200 42578
190.131.244.190 - - [06/Oct/2022:07:04:09 -0500] "GET /galeria/nivo-slider/demo/images/Bannersedeelectronica.jpg HTTP/1.1" 200 40383
190.131.244.190 - - [06/Oct/2022:07:04:09 -0500] "GET /galeria/nivo-slider/demo/images/4Simple_Slider.png HTTP/1.1" 200 11722
190.131.244.190 - - [06/Oct/2022:07:04:09 -0500] "GET /galeria/nivo-slider/demo/images/bannerrutaesperanza.jpg HTTP/1.1" 200 55560
190.131.244.190 - - [06/Oct/2022:07:04:09 -0500] "GET /galeria/nivo-slider/demo/images/banneraire2021.jpg HTTP/1.1" 200 265101
190.131.244.190 - - [06/Oct/2022:07:04:09 -0500] "GET /galeria/nivo-slider/demo/images/Bannerplasticosseptiembre.jpg HTTP/1.1" 200 45633
190.131.244.190 - - [06/Oct/2022:07:04:09 -0500] "GET /galeria/nivo-slider/demo/images/bannerresiduoshospitalariosagosto.jpg HTTP/1.1" 200 36499
190.131.244.190 - - [06/Oct/2022:07:04:09 -0500] "GET /galeria/nivo-slider/demo/images/banneraccionpopularcrr68.jpg HTTP/1.1" 200 51887
190.131.244.190 - - [06/Oct/2022:07:04:09 -0500] "GET /galeria/nivo-slider/demo/images/banneraccionpopular.jpeg HTTP/1.1" 200 41707
190.131.244.190 - - [06/Oct/2022:07:04:09 -0500] "GET /galeria/nivo-slider/demo/images/bannerclases2021.jpg HTTP/1.1" 200 68230
190.131.244.190 - - [06/Oct/2022:07:04:09 -0500] "GET /galeria/nivo-slider/demo/images/bannercapacitacionesbogota.jpg HTTP/1.1" 200 42416
190.131.244.190 - - [06/Oct/2022:07:04:09 -0500] "GET /galeria/nivo-slider/demo/images/Bannerenvases.jpg HTTP/1.1" 200 37316
190.131.244.190 - - [06/Oct/2022:07:04:09 -0500] "GET /galeria/nivo-slider/demo/images/Bannervirtualescanales.jpg HTTP/1.1" 200 174544
190.131.244.190 - - [06/Oct/2022:07:04:10 -0500] "GET /galeria/nivo-slider/themes/default/arrows.png HTTP/1.1" 200 824
190.131.244.190 - - [06/Oct/2022:07:04:10 -0500] "GET /galeria/nivo-slider/themes/default/bullets.png HTTP/1.1" 200 1281
201.245.192.253 - - [06/Oct/2022:07:05:33 -0500] "POST /kwsrmcab/Wsrmcab  HTTP/1.1" 200 42483
207.46.13.89 - - [06/Oct/2022:07:06:05 -0500] "GET /BLA/resoluciones/AUTOS%202022/3247.pdf HTTP/1.1" 200 861759
95.108.213.41 - - [06/Oct/2022:07:06:07 -0500] "-" 408 -
172.22.2.4 - - [06/Oct/2022:07:05:22 -0500] "HEAD /BLA/boletinlegal/ HTTP/1.1" 200 -
186.154.34.116 - - [06/Oct/2022:07:07:20 -0500] "GET /si-tienes-ropa-y-calzado-que-ya-no-usas-aca-te-presentamos-seis-puntos-a-donde-los-puedes-llevar.html HTTP/1.1" 200 872
207.46.13.89 - - [06/Oct/2022:07:07:35 -0500] "GET /BLA/resoluciones/RESOLUCIONES%202001/2001%20400-449.TIF HTTP/1.1" 200 9262392
172.22.2.4 - - [06/Oct/2022:07:06:13 -0500] "GET /BLA/boletinlegal/ HTTP/1.1" 200 59828
216.245.221.92 - - [06/Oct/2022:07:07:53 -0500] "HEAD / HTTP/1.1" 200 -
207.46.13.89 - - [06/Oct/2022:07:08:14 -0500] "GET /BLA/resoluciones/RESOLUCIONES%202022/2798.pdf HTTP/1.1" 200 869668
201.245.192.253 - - [06/Oct/2022:07:10:33 -0500] "POST /kwsrmcab/Wsrmcab  HTTP/1.1" 200 42483
66.249.73.100 - - [06/Oct/2022:07:11:37 -0500] "-" 408 -
201.245.192.253 - - [06/Oct/2022:07:12:42 -0500] "GET /appsia/controlador HTTP/1.1" 200 4799
201.245.192.253 - - [06/Oct/2022:07:12:42 -0500] "GET /appsia/scripts/validarIngreso.js HTTP/1.1" 200 851
201.245.192.253 - - [06/Oct/2022:07:12:42 -0500] "GET /appsia/css/estilos.css HTTP/1.1" 200 4804
201.245.192.253 - - [06/Oct/2022:07:12:42 -0500] "GET /appsia/images/logo_bogota_p.png HTTP/1.1" 200 14951
201.245.192.253 - - [06/Oct/2022:07:12:42 -0500] "GET /appsia/images/cabezoteHojaVida.png HTTP/1.1" 200 32493
201.245.192.253 - - [06/Oct/2022:07:12:42 -0500] "GET /favicon.ico HTTP/1.1" 200 7782
201.245.192.253 - - [06/Oct/2022:07:12:45 -0500] "POST /appsia/controlador HTTP/1.1" 200 5437
201.245.192.253 - - [06/Oct/2022:07:12:48 -0500] "POST /appsia/controlador HTTP/1.1" 200 8688
201.245.192.253 - - [06/Oct/2022:07:12:49 -0500] "GET /appsia/images/logo_escudo.png HTTP/1.1" 200 36965
172.22.2.4 - - [06/Oct/2022:07:11:12 -0500] "HEAD /BLA/boletinlegal/ HTTP/1.1" 200 -
216.245.221.92 - - [06/Oct/2022:07:12:53 -0500] "HEAD / HTTP/1.1" 200 -
172.22.2.4 - - [06/Oct/2022:07:12:03 -0500] "GET /BLA/boletinlegal/ HTTP/1.1" 200 54356
201.245.192.253 - - [06/Oct/2022:07:15:32 -0500] "POST /kwsrmcab/Wsrmcab  HTTP/1.1" 200 42483
172.22.2.4 - - [06/Oct/2022:07:15:43 -0500] "GET /BLA/boletinlegal/Directivas/2018/Directiva%20No.%2024%20del%2027%20de%20diciembre%20de%202018.pdf HTTP/1.1" 304 -
201.245.192.253 - - [06/Oct/2022:07:16:07 -0500] "GET /appsia/controlador HTTP/1.1" 200 5437
216.245.221.92 - - [06/Oct/2022:07:17:53 -0500] "HEAD / HTTP/1.1" 200 -
191.156.55.206 - - [06/Oct/2022:07:18:12 -0500] "GET /si-tienes-ropa-y-calzado-que-ya-no-usas-aca-te-presentamos-seis-puntos-a-donde-los-puedes-llevar.html HTTP/1.1" 200 872
190.26.164.133 - - [06/Oct/2022:07:18:37 -0500] "GET /BLA/resoluciones/ HTTP/1.1" 200 13093
190.26.164.133 - - [06/Oct/2022:07:18:41 -0500] "GET /BLA/resoluciones/index.php?dir=AUTOS+2021%2F HTTP/1.1" 200 394468
172.22.2.4 - - [06/Oct/2022:07:17:02 -0500] "HEAD /BLA/boletinlegal/ HTTP/1.1" 200 -
157.55.39.25 - - [06/Oct/2022:07:19:31 -0500] "GET /BLA/resoluciones/RESOLUCIONES%202022/0144.pdf HTTP/1.1" 200 429846
172.22.2.4 - - [06/Oct/2022:07:17:53 -0500] "GET /BLA/boletinlegal/ HTTP/1.1" 200 57725
87.250.224.69 - - [06/Oct/2022:07:19:51 -0500] "-" 408 -
201.245.192.253 - - [06/Oct/2022:07:20:30 -0500] "POST /kwsrmcab/Wsrmcab  HTTP/1.1" 200 42483
201.245.192.253 - - [06/Oct/2022:07:22:26 -0500] "POST /kwsrmcab/Wsrmcab HTTP/1.1" 200 44563
201.245.192.253 - - [06/Oct/2022:07:22:29 -0500] "POST /kwsrmcab/Wsrmcab HTTP/1.1" 200 45185
216.245.221.92 - - [06/Oct/2022:07:22:53 -0500] "HEAD / HTTP/1.1" 200 -
207.46.13.40 - - [06/Oct/2022:07:23:58 -0500] "GET /sipse/faces/faces/autenticacion.xhtml HTTP/1.1" 200 12501
207.46.13.40 - - [06/Oct/2022:07:24:08 -0500] "GET /sipse/faces/javax.faces.resource/jquery/jquery-plugins.js;jsessionid=5yfYjyM0M88eKKDctHkBoJ9t.undefined?ln=primefaces&v=4.0 HTTP/1.1" 200 220526
207.46.13.84 - - [06/Oct/2022:07:24:11 -0500] "GET /sipse/faces/javax.faces.resource/theme.css?ln=primefaces-sipse HTTP/1.1" 200 50058
157.55.39.202 - - [06/Oct/2022:07:24:11 -0500] "GET /sipse/faces/javax.faces.resource/jquery/jquery.js;jsessionid=5yfYjyM0M88eKKDctHkBoJ9t.undefined?ln=primefaces&v=4.0 HTTP/1.1" 200 105384
157.55.39.25 - - [06/Oct/2022:07:24:13 -0500] "GET /sipse/js/funciones.js HTTP/1.1" 200 12592
207.46.13.89 - - [06/Oct/2022:07:24:16 -0500] "GET /sipse/css/custom_css_sg.css HTTP/1.1" 200 9694
207.46.13.190 - - [06/Oct/2022:07:24:17 -0500] "GET /sipse/css/custom_css_sg_prime_login.css HTTP/1.1" 200 443
207.46.13.84 - - [06/Oct/2022:07:24:23 -0500] "GET /sipse/js/disable_browser_buttons.js HTTP/1.1" 200 3230
172.22.2.4 - - [06/Oct/2022:07:22:52 -0500] "HEAD /BLA/boletinlegal/ HTTP/1.1" 200 -
172.22.2.4 - - [06/Oct/2022:07:25:17 -0500] "GET /BLA/boletinlegal/actos.php HTTP/1.1" 200 9566
186.154.32.41 - - [06/Oct/2022:07:25:20 -0500] "GET /BLA/resoluciones/ HTTP/1.1" 200 13093
172.22.2.4 - - [06/Oct/2022:07:23:43 -0500] "GET /BLA/boletinlegal/ HTTP/1.1" 200 58163
201.245.192.253 - - [06/Oct/2022:07:25:30 -0500] "POST /kwsrmcab/Wsrmcab  HTTP/1.1" 200 42483
173.252.79.12 - - [06/Oct/2022:07:25:56 -0500] "GET /para-prevenir-riesgo-sobre-la-ciudadania-distrito-intervendra-eucalipto-de-gran-porte-en-usaquen.html HTTP/1.1" 206 841
173.252.79.1 - - [06/Oct/2022:07:25:56 -0500] "GET /dia-de-la-ninez-la-secretaria-de-ambiente-participo-en-el-festival-de-crianza-amorosa-juego.html HTTP/1.1" 206 1025
173.252.79.10 - - [06/Oct/2022:07:25:56 -0500] "GET /en-el-diamundialdelmedioambiente-distrito-ejercito-nacional-y-comunidad-plantaron-120-arboles-en-parque-nacional.html HTTP/1.1" 206 838
173.252.79.7 - - [06/Oct/2022:07:25:56 -0500] "GET /lluvias-y-vientos-aumentan-la-probabilidad-de-caida-de-arboles-en-bogota.html HTTP/1.1" 206 730
173.252.79.1 - - [06/Oct/2022:07:25:56 -0500] "GET /importante-avance-en-la-calidad-del-agua-de-los-principales-rios-de-bogota.html HTTP/1.1" 206 1095
186.154.32.41 - - [06/Oct/2022:07:26:38 -0500] "GET /BLA/resoluciones/dlf/unknown.png HTTP/1.1" 200 266
186.154.32.41 - - [06/Oct/2022:07:26:38 -0500] "GET /BLA/resoluciones/index.php?dir=AUTOS+2021%2F HTTP/1.1" 200 394468
157.55.39.25 - - [06/Oct/2022:07:27:40 -0500] "GET /BLA/resoluciones/AUTOS%202013/0561.pdf HTTP/1.1" 200 200365
216.245.221.92 - - [06/Oct/2022:07:27:53 -0500] "HEAD / HTTP/1.1" 200 -
129.226.195.29 - - [06/Oct/2022:07:29:18 -0500] "GET /galeria/galeria/fotos/Jaboque4P.jpg HTTP/1.1" 200 27446
5.45.207.152 - - [06/Oct/2022:07:29:51 -0500] "-" 408 -
172.22.2.4 - - [06/Oct/2022:07:28:42 -0500] "HEAD /BLA/boletinlegal/ HTTP/1.1" 200 -
201.245.192.253 - - [06/Oct/2022:07:30:28 -0500] "POST /kwsrmcab/Wsrmcab  HTTP/1.1" 200 42483
172.22.2.4 - - [06/Oct/2022:07:29:33 -0500] "GET /BLA/boletinlegal/ HTTP/1.1" 200 51183
207.46.13.40 - - [06/Oct/2022:07:31:49 -0500] "GET /BLA/resoluciones/AUTOS%202014/0079.pdf HTTP/1.1" 200 430945
201.245.192.253 - - [06/Oct/2022:07:32:26 -0500] "POST /kwsrmcab/Wsrmcab HTTP/1.1" 200 44563
201.245.192.253 - - [06/Oct/2022:07:32:29 -0500] "POST /kwsrmcab/Wsrmcab HTTP/1.1" 200 45185
216.245.221.92 - - [06/Oct/2022:07:32:53 -0500] "HEAD / HTTP/1.1" 200 -
201.245.192.253 - - [06/Oct/2022:07:35:28 -0500] "POST /kwsrmcab/Wsrmcab  HTTP/1.1" 200 42483
172.22.2.4 - - [06/Oct/2022:07:34:32 -0500] "HEAD /BLA/boletinlegal/ HTTP/1.1" 200 -
172.22.2.4 - - [06/Oct/2022:07:35:23 -0500] "GET /BLA/boletinlegal/ HTTP/1.1" 200 52877
186.31.152.250 - - [06/Oct/2022:07:37:38 -0500] "GET /si-tienes-ropa-y-calzado-que-ya-no-usas-aca-te-presentamos-seis-puntos-a-donde-los-puedes-llevar.html HTTP/1.1" 200 872
216.245.221.92 - - [06/Oct/2022:07:37:53 -0500] "HEAD / HTTP/1.1" 200 -
201.245.192.253 - - [06/Oct/2022:07:38:13 -0500] "GET /appsia/controlador HTTP/1.1" 200 4799
201.245.192.253 - - [06/Oct/2022:07:38:13 -0500] "GET /appsia/css/estilos.css HTTP/1.1" 200 4804
201.245.192.253 - - [06/Oct/2022:07:38:13 -0500] "GET /appsia/scripts/validarIngreso.js HTTP/1.1" 200 851
201.245.192.253 - - [06/Oct/2022:07:38:13 -0500] "GET /appsia/images/logo_bogota_p.png HTTP/1.1" 200 14951
201.245.192.253 - - [06/Oct/2022:07:38:13 -0500] "GET /appsia/images/cabezoteHojaVida.png HTTP/1.1" 200 32493
87.250.224.81 - - [06/Oct/2022:07:39:51 -0500] "-" 408 -
40.77.191.221 - - [06/Oct/2022:07:40:07 -0500] "GET /sipse/faces/javax.faces.resource/layout/layout.css;jsessionid=5yfYjyM0M88eKKDctHkBoJ9t.undefined?ln=primefaces&v=4.0 HTTP/1.1" 200 542
40.77.191.221 - - [06/Oct/2022:07:40:07 -0500] "GET /sipse/faces/javax.faces.resource/primefaces.css;jsessionid=5yfYjyM0M88eKKDctHkBoJ9t.undefined?ln=primefaces&v=4.0 HTTP/1.1" 200 53295
40.77.191.221 - - [06/Oct/2022:07:40:07 -0500] "GET /sipse/faces/javax.faces.resource/layout/layout.js;jsessionid=5yfYjyM0M88eKKDctHkBoJ9t.undefined?ln=primefaces&v=4.0 HTTP/1.1" 200 87560
40.77.191.221 - - [06/Oct/2022:07:40:07 -0500] "GET /sipse/faces/javax.faces.resource/primefaces.js;jsessionid=5yfYjyM0M88eKKDctHkBoJ9t.undefined?ln=primefaces&v=4.0 HTTP/1.1" 200 276924
40.77.191.221 - - [06/Oct/2022:07:40:08 -0500] "GET /sipse/faces/faces/index.xhtml HTTP/1.1" 200 677
40.77.191.221 - - [06/Oct/2022:07:40:09 -0500] "GET /sipse/faces/faces/faces/autenticacion.xhtml HTTP/1.1" 200 12179
40.77.191.221 - - [06/Oct/2022:07:40:09 -0500] "GET /sipse/faces/javax.faces.resource/theme.css?ln=primefaces-sipse HTTP/1.1" 304 -
40.77.191.221 - - [06/Oct/2022:07:40:09 -0500] "GET /sipse/faces/javax.faces.resource/layout/layout.css?ln=primefaces&v=4.0 HTTP/1.1" 200 542
40.77.191.221 - - [06/Oct/2022:07:40:09 -0500] "GET /sipse/faces/javax.faces.resource/primefaces.css?ln=primefaces&v=4.0 HTTP/1.1" 200 53295
40.77.191.221 - - [06/Oct/2022:07:40:09 -0500] "GET /sipse/faces/javax.faces.resource/layout/layout.js?ln=primefaces&v=4.0 HTTP/1.1" 200 87560
40.77.191.221 - - [06/Oct/2022:07:40:09 -0500] "GET /sipse/faces/javax.faces.resource/jquery/jquery.js?ln=primefaces&v=4.0 HTTP/1.1" 200 105384
40.77.191.221 - - [06/Oct/2022:07:40:09 -0500] "GET /sipse/faces/javax.faces.resource/jquery/jquery-plugins.js?ln=primefaces&v=4.0 HTTP/1.1" 200 220526
40.77.191.221 - - [06/Oct/2022:07:40:09 -0500] "GET /sipse/faces/javax.faces.resource/primefaces.js?ln=primefaces&v=4.0 HTTP/1.1" 200 276924
40.77.191.221 - - [06/Oct/2022:07:40:10 -0500] "GET /sipse/faces/javax.faces.resource/images/ui-icons_898989_256x240.png?ln=primefaces-aristo HTTP/1.1" 200 5355
201.245.192.253 - - [06/Oct/2022:07:40:26 -0500] "POST /kwsrmcab/Wsrmcab  HTTP/1.1" 200 42483
172.22.2.4 - - [06/Oct/2022:07:40:22 -0500] "HEAD /BLA/boletinlegal/ HTTP/1.1" 200 -
199.16.157.183 - - [06/Oct/2022:07:42:12 -0500] "GET /si-tienes-ropa-y-calzado-que-ya-no-usas-aca-te-presentamos-seis-puntos-a-donde-los-puedes-llevar.html HTTP/1.1" 200 872
199.16.157.181 - - [06/Oct/2022:07:42:12 -0500] "GET /images/prendas-1_optimized.jpeg HTTP/1.1" 200 65869
181.237.165.158 - - [06/Oct/2022:07:42:15 -0500] "GET /sipse/js/disable_browser_buttons.js HTTP/1.1" 304 -
181.237.165.158 - - [06/Oct/2022:07:42:15 -0500] "GET /sipse/css/custom_css_sg_prime_login.css HTTP/1.1" 304 -
181.237.165.158 - - [06/Oct/2022:07:42:15 -0500] "GET /sipse/css/custom_css_sg.css HTTP/1.1" 304 -
181.237.165.158 - - [06/Oct/2022:07:42:15 -0500] "GET /sipse/faces/javax.faces.resource/theme.css?ln=primefaces-sipse HTTP/1.1" 304 -
181.237.165.158 - - [06/Oct/2022:07:42:15 -0500] "GET /sipse/js/funciones.js HTTP/1.1" 304 -
181.237.165.158 - - [06/Oct/2022:07:42:15 -0500] "GET /sipse/faces/javax.faces.resource/primefaces.css?ln=primefaces&v=4.0 HTTP/1.1" 304 -
181.237.165.158 - - [06/Oct/2022:07:42:15 -0500] "GET /sipse/faces/javax.faces.resource/layout/layout.css?ln=primefaces&v=4.0 HTTP/1.1" 304 -
181.237.165.158 - - [06/Oct/2022:07:42:15 -0500] "GET /sipse/faces/javax.faces.resource/jquery/jquery-plugins.js?ln=primefaces&v=4.0 HTTP/1.1" 304 -
181.237.165.158 - - [06/Oct/2022:07:42:15 -0500] "GET /sipse/faces/javax.faces.resource/primefaces.js?ln=primefaces&v=4.0 HTTP/1.1" 304 -
181.237.165.158 - - [06/Oct/2022:07:42:15 -0500] "GET /sipse/faces/javax.faces.resource/jquery/jquery.js?ln=primefaces&v=4.0 HTTP/1.1" 304 -
181.237.165.158 - - [06/Oct/2022:07:42:15 -0500] "GET /sipse/faces/javax.faces.resource/layout/layout.js?ln=primefaces&v=4.0 HTTP/1.1" 304 -
181.237.165.158 - - [06/Oct/2022:07:42:15 -0500] "GET /sipse/css/imagen/logoSDG.png HTTP/1.1" 304 -
181.237.165.158 - - [06/Oct/2022:07:42:15 -0500] "GET /sipse/css/imagen/loginimg.png HTTP/1.1" 304 -
181.237.165.158 - - [06/Oct/2022:07:42:15 -0500] "GET /sipse/faces/javax.faces.resource/images/ui-icons_898989_256x240.png?ln=primefaces-aristo HTTP/1.1" 304 -
181.237.165.158 - - [06/Oct/2022:07:42:15 -0500] "GET /sipse/faces/faces/faces/index.xhtml HTTP/1.1" 200 677
181.237.165.158 - - [06/Oct/2022:07:42:16 -0500] "GET /sipse/faces/javax.faces.resource/theme.css?ln=primefaces-sipse HTTP/1.1" 304 -
181.237.165.158 - - [06/Oct/2022:07:42:16 -0500] "GET /sipse/faces/faces/faces/faces/autenticacion.xhtml HTTP/1.1" 200 12179
181.237.165.158 - - [06/Oct/2022:07:42:16 -0500] "GET /sipse/faces/javax.faces.resource/theme.css?ln=primefaces-sipse HTTP/1.1" 304 -
181.237.165.158 - - [06/Oct/2022:07:42:16 -0500] "GET /sipse/faces/javax.faces.resource/layout/layout.css?ln=primefaces&v=4.0 HTTP/1.1" 304 -
181.237.165.158 - - [06/Oct/2022:07:42:16 -0500] "GET /sipse/faces/javax.faces.resource/primefaces.css?ln=primefaces&v=4.0 HTTP/1.1" 304 -
181.237.165.158 - - [06/Oct/2022:07:42:16 -0500] "GET /sipse/faces/javax.faces.resource/jquery/jquery-plugins.js?ln=primefaces&v=4.0 HTTP/1.1" 304 -
181.237.165.158 - - [06/Oct/2022:07:42:16 -0500] "GET /sipse/faces/javax.faces.resource/jquery/jquery.js?ln=primefaces&v=4.0 HTTP/1.1" 304 -
181.237.165.158 - - [06/Oct/2022:07:42:16 -0500] "GET /sipse/faces/javax.faces.resource/primefaces.js?ln=primefaces&v=4.0 HTTP/1.1" 304 -
181.237.165.158 - - [06/Oct/2022:07:42:16 -0500] "GET /sipse/faces/javax.faces.resource/layout/layout.js?ln=primefaces&v=4.0 HTTP/1.1" 304 -
181.237.165.158 - - [06/Oct/2022:07:42:19 -0500] "POST /sipse/faces/autenticacion.xhtml HTTP/1.1" 200 16063
181.237.165.158 - - [06/Oct/2022:07:42:19 -0500] "GET /sipse/css/custom_css_sg_prime.css HTTP/1.1" 304 -
181.237.165.158 - - [06/Oct/2022:07:42:19 -0500] "GET /sipse/faces/javax.faces.resource/theme.css?ln=primefaces-sipse HTTP/1.1" 304 -
181.237.165.158 - - [06/Oct/2022:07:42:19 -0500] "GET /sipse/faces/javax.faces.resource/primefaces.css?ln=primefaces&v=4.0 HTTP/1.1" 304 -
181.237.165.158 - - [06/Oct/2022:07:42:19 -0500] "GET /sipse/faces/javax.faces.resource/layout/layout.css?ln=primefaces&v=4.0 HTTP/1.1" 304 -
181.237.165.158 - - [06/Oct/2022:07:42:19 -0500] "GET /sipse/js/jquery.min.js HTTP/1.1" 304 -
181.237.165.158 - - [06/Oct/2022:07:42:19 -0500] "GET /sipse/faces/javax.faces.resource/jquery/jquery.js?ln=primefaces&v=4.0 HTTP/1.1" 304 -
181.237.165.158 - - [06/Oct/2022:07:42:19 -0500] "GET /sipse/faces/javax.faces.resource/jquery/jquery-plugins.js?ln=primefaces&v=4.0 HTTP/1.1" 304 -
181.237.165.158 - - [06/Oct/2022:07:42:19 -0500] "GET /sipse/faces/javax.faces.resource/primefaces.js?ln=primefaces&v=4.0 HTTP/1.1" 304 -
181.237.165.158 - - [06/Oct/2022:07:42:19 -0500] "GET /sipse/faces/javax.faces.resource/layout/layout.js?ln=primefaces&v=4.0 HTTP/1.1" 304 -
181.237.165.158 - - [06/Oct/2022:07:42:19 -0500] "GET /sipse/css/imagen/contrasena.png HTTP/1.1" 404 383
181.237.165.158 - - [06/Oct/2022:07:42:19 -0500] "GET /sipse/imagenes/cargando.gif HTTP/1.1" 304 -
181.237.165.158 - - [06/Oct/2022:07:42:19 -0500] "GET /sipse/imagenes/logoAplicacion.jpg HTTP/1.1" 304 -
181.237.165.158 - - [06/Oct/2022:07:42:19 -0500] "GET /sipse/faces/javax.faces.resource/messages/messages.png?ln=primefaces&v=4.0 HTTP/1.1" 304 -
181.237.165.158 - - [06/Oct/2022:07:42:24 -0500] "GET /sipse/faces/javax.faces.resource/images/ui-bg_flat_0_2d5972_40x100.png?ln=primefaces-aristo HTTP/1.1" 304 -
181.237.165.158 - - [06/Oct/2022:07:42:24 -0500] "POST /sipse/faces/bienvenido.xhtml HTTP/1.1" 200 1471
152.89.196.211 - - [06/Oct/2022:07:42:24 -0500] "GET / HTTP/1.1" 200 319
181.237.165.158 - - [06/Oct/2022:07:42:25 -0500] "POST /sipse/faces/bienvenido.xhtml HTTP/1.1" 200 61348
181.237.165.158 - - [06/Oct/2022:07:42:26 -0500] "GET /sipse/faces/javax.faces.resource/theme.css?ln=primefaces-sipse HTTP/1.1" 304 -
181.237.165.158 - - [06/Oct/2022:07:42:26 -0500] "GET /sipse/faces/javax.faces.resource/primefaces.css?ln=primefaces&v=4.0 HTTP/1.1" 304 -
181.237.165.158 - - [06/Oct/2022:07:42:26 -0500] "GET /sipse/faces/javax.faces.resource/layout/layout.css?ln=primefaces&v=4.0 HTTP/1.1" 304 -
181.237.165.158 - - [06/Oct/2022:07:42:26 -0500] "GET /sipse/faces/javax.faces.resource/jquery/jquery.js?ln=primefaces&v=4.0 HTTP/1.1" 304 -
181.237.165.158 - - [06/Oct/2022:07:42:26 -0500] "GET /sipse/faces/javax.faces.resource/jquery/jquery-plugins.js?ln=primefaces&v=4.0 HTTP/1.1" 304 -
181.237.165.158 - - [06/Oct/2022:07:42:26 -0500] "GET /sipse/faces/javax.faces.resource/primefaces.js?ln=primefaces&v=4.0 HTTP/1.1" 304 -
181.237.165.158 - - [06/Oct/2022:07:42:26 -0500] "GET /sipse/faces/javax.faces.resource/layout/layout.js?ln=primefaces&v=4.0 HTTP/1.1" 304 -
181.237.165.158 - - [06/Oct/2022:07:42:26 -0500] "POST /sipse/faces/presentacion/financiero/solicitudProceso/listarSolicitudProceso.xhtml HTTP/1.1" 200 1560
201.245.192.253 - - [06/Oct/2022:07:42:25 -0500] "POST /kwsrmcab/Wsrmcab HTTP/1.1" 200 44563
201.245.192.253 - - [06/Oct/2022:07:42:28 -0500] "POST /kwsrmcab/Wsrmcab HTTP/1.1" 200 45185
181.237.165.158 - - [06/Oct/2022:07:42:32 -0500] "GET /sipse/faces/javax.faces.resource/images/ui-icons_898989_256x240.png?ln=primefaces-aristo HTTP/1.1" 304 -
181.237.165.158 - - [06/Oct/2022:07:42:32 -0500] "POST /sipse/faces/presentacion/financiero/solicitudProceso/listarSolicitudProceso.xhtml HTTP/1.1" 200 135998
181.237.165.158 - - [06/Oct/2022:07:42:33 -0500] "GET /sipse/faces/javax.faces.resource/theme.css?ln=primefaces-sipse HTTP/1.1" 304 -
181.237.165.158 - - [06/Oct/2022:07:42:33 -0500] "GET /sipse/faces/javax.faces.resource/primefaces.css?ln=primefaces&v=4.0 HTTP/1.1" 304 -
181.237.165.158 - - [06/Oct/2022:07:42:33 -0500] "GET /sipse/faces/javax.faces.resource/layout/layout.css?ln=primefaces&v=4.0 HTTP/1.1" 304 -
181.237.165.158 - - [06/Oct/2022:07:42:33 -0500] "GET /sipse/faces/javax.faces.resource/jquery/jquery.js?ln=primefaces&v=4.0 HTTP/1.1" 304 -
181.237.165.158 - - [06/Oct/2022:07:42:33 -0500] "GET /sipse/faces/javax.faces.resource/jquery/jquery-plugins.js?ln=primefaces&v=4.0 HTTP/1.1" 304 -
181.237.165.158 - - [06/Oct/2022:07:42:33 -0500] "GET /sipse/faces/javax.faces.resource/primefaces.js?ln=primefaces&v=4.0 HTTP/1.1" 304 -
181.237.165.158 - - [06/Oct/2022:07:42:33 -0500] "GET /sipse/faces/javax.faces.resource/layout/layout.js?ln=primefaces&v=4.0 HTTP/1.1" 304 -
181.237.165.158 - - [06/Oct/2022:07:42:40 -0500] "POST /sipse/faces/presentacion/financiero/solicitudProceso/consultarSolicitudProceso.xhtml HTTP/1.1" 200 61671
181.237.165.158 - - [06/Oct/2022:07:42:43 -0500] "GET /sipse/faces/javax.faces.resource/theme.css?ln=primefaces-sipse HTTP/1.1" 304 -
181.237.165.158 - - [06/Oct/2022:07:42:43 -0500] "GET /sipse/faces/javax.faces.resource/primefaces.css?ln=primefaces&v=4.0 HTTP/1.1" 304 -
181.237.165.158 - - [06/Oct/2022:07:42:43 -0500] "GET /sipse/faces/javax.faces.resource/layout/layout.css?ln=primefaces&v=4.0 HTTP/1.1" 304 -
181.237.165.158 - - [06/Oct/2022:07:42:43 -0500] "GET /sipse/faces/javax.faces.resource/jquery/jquery.js?ln=primefaces&v=4.0 HTTP/1.1" 304 -
181.237.165.158 - - [06/Oct/2022:07:42:43 -0500] "GET /sipse/faces/javax.faces.resource/jquery/jquery-plugins.js?ln=primefaces&v=4.0 HTTP/1.1" 304 -
181.237.165.158 - - [06/Oct/2022:07:42:43 -0500] "GET /sipse/faces/javax.faces.resource/primefaces.js?ln=primefaces&v=4.0 HTTP/1.1" 304 -
181.237.165.158 - - [06/Oct/2022:07:42:43 -0500] "GET /sipse/faces/javax.faces.resource/layout/layout.js?ln=primefaces&v=4.0 HTTP/1.1" 304 -
