20.250.41.226 - - [06/Oct/2022:02:17:11 -0500] "GET /wp-includes/class-detect-spam.php HTTP/1.1" 404 1035
207.46.13.84 - - [06/Oct/2022:02:17:22 -0500] "GET /Residuos/lavanderias/lavanderias.html HTTP/1.1" 200 1965
20.250.41.226 - - [06/Oct/2022:02:17:34 -0500] "GET /wp-includes/wp-entry-lost.php HTTP/1.1" 404 1032
20.250.41.226 - - [06/Oct/2022:02:17:35 -0500] "GET /wp-last-entry.php HTTP/1.1" 404 1032
20.250.41.226 - - [06/Oct/2022:02:17:35 -0500] "GET /wp-class-xml.php HTTP/1.1" 404 1032
20.250.41.226 - - [06/Oct/2022:02:17:36 -0500] "GET /wp-content/wp-include-map.php HTTP/1.1" 404 1032
20.250.41.226 - - [06/Oct/2022:02:17:36 -0500] "GET /core.php HTTP/1.1" 404 1032
20.250.41.226 - - [06/Oct/2022:02:17:37 -0500] "GET /wp-content/wordpress-index-keyword.php HTTP/1.1" 404 1032
20.250.41.226 - - [06/Oct/2022:02:17:37 -0500] "GET /wp-includes/wso.php HTTP/1.1" 404 1032
20.250.41.226 - - [06/Oct/2022:02:17:38 -0500] "GET /wp-includes/class-wp-http-socket.php HTTP/1.1" 404 1032
20.250.41.226 - - [06/Oct/2022:02:17:38 -0500] "GET /wp-system-opencloud.php HTTP/1.1" 404 1032
20.250.41.226 - - [06/Oct/2022:02:17:39 -0500] "GET /wp-content/wp-file-conficg.php HTTP/1.1" 404 1032
20.250.41.226 - - [06/Oct/2022:02:17:39 -0500] "GET /wp-content/wp-files-conficg.php HTTP/1.1" 404 1032
20.250.41.226 - - [06/Oct/2022:02:17:40 -0500] "GET /wp-includes/class-wp-tanonomy.php HTTP/1.1" 404 1032
20.250.41.226 - - [06/Oct/2022:02:17:41 -0500] "GET /wp-includes/class-detect-spam.php HTTP/1.1" 404 1032
20.250.41.226 - - [06/Oct/2022:02:17:41 -0500] "GET /wp-includes/wp-license.php HTTP/1.1" 404 1032
20.250.41.226 - - [06/Oct/2022:02:17:42 -0500] "GET /wp-includes/class-wordpress-cloud.php HTTP/1.1" 404 1032
20.250.41.226 - - [06/Oct/2022:02:17:43 -0500] "GET /wp-includes/wp-shield-icon-manager.php HTTP/1.1" 404 1032
20.250.41.226 - - [06/Oct/2022:02:17:43 -0500] "GET /wp-includes/wp-info.php HTTP/1.1" 404 1032
20.250.41.226 - - [06/Oct/2022:02:17:44 -0500] "GET /wp-includes/class-wp-double.php HTTP/1.1" 404 1032
20.250.41.226 - - [06/Oct/2022:02:17:44 -0500] "GET /wp-includes/system-reboot.php HTTP/1.1" 404 1032
20.250.41.226 - - [06/Oct/2022:02:17:45 -0500] "GET /wp-includes/cwp-jespos.php HTTP/1.1" 404 1032
20.250.41.226 - - [06/Oct/2022:02:17:46 -0500] "GET /wp-includes/cwp-class-searcher.php HTTP/1.1" 404 1032
20.250.41.226 - - [06/Oct/2022:02:17:46 -0500] "GET /wp-includes/cwp-cleaner.php HTTP/1.1" 404 1032
20.250.41.226 - - [06/Oct/2022:02:17:47 -0500] "GET /wp-includes/wp-class-404-icon.php HTTP/1.1" 404 1032
20.250.41.226 - - [06/Oct/2022:02:17:47 -0500] "GET /wp-includes/wp-shield-icon-managed.php HTTP/1.1" 404 1032
20.250.41.226 - - [06/Oct/2022:02:17:47 -0500] "GET /wp-includes/class-wordpress-license.php HTTP/1.1" 404 1032
20.250.41.226 - - [06/Oct/2022:02:17:48 -0500] "GET /wp-includes/class-wp-page-icon.php HTTP/1.1" 404 1032
20.250.41.226 - - [06/Oct/2022:02:17:48 -0500] "GET /wp-includes/class-wp-post-link.php HTTP/1.1" 404 1032
20.250.41.226 - - [06/Oct/2022:02:17:48 -0500] "GET /wp-includes/wp-shiel-icon-managed.php HTTP/1.1" 404 1032
20.250.41.226 - - [06/Oct/2022:02:17:49 -0500] "GET /wp-includes/class-wp-session-href.php HTTP/1.1" 404 1032
20.250.41.226 - - [06/Oct/2022:02:17:49 -0500] "GET /wp-includes/class-json-ajax-session.php HTTP/1.1" 404 1032
20.250.41.226 - - [06/Oct/2022:02:17:50 -0500] "GET /wp-includes/wp-system-opencloud.php HTTP/1.1" 404 1032
20.250.41.226 - - [06/Oct/2022:02:17:50 -0500] "GET /wp-includes/class-db-managed.php HTTP/1.1" 404 1032
20.250.41.226 - - [06/Oct/2022:02:17:51 -0500] "GET /wp-includes/rss-meta.php HTTP/1.1" 404 1032
20.250.41.226 - - [06/Oct/2022:02:17:51 -0500] "GET /wp-includes/class-json-dependency-session.php HTTP/1.1" 404 1032
20.250.41.226 - - [06/Oct/2022:02:17:52 -0500] "GET /wp-includes/class-wp-link-loss.php HTTP/1.1" 404 1032
20.250.41.226 - - [06/Oct/2022:02:17:52 -0500] "GET /wp-includes/class-wp-xmlrpc-client.php HTTP/1.1" 404 1032
20.250.41.226 - - [06/Oct/2022:02:17:53 -0500] "GET /wp-includes/class-wp-query-href.php HTTP/1.1" 404 1032
20.250.41.226 - - [06/Oct/2022:02:17:53 -0500] "GET /wp-includes/class-wp-smtp-bar.php HTTP/1.1" 404 1032
20.250.41.226 - - [06/Oct/2022:02:17:53 -0500] "GET /wp-admin/includes/class-wp.php HTTP/1.1" 404 1032
216.245.221.92 - - [06/Oct/2022:02:17:54 -0500] "HEAD / HTTP/1.1" 200 -
157.55.39.202 - - [06/Oct/2022:02:18:53 -0500] "GET /BLA/resoluciones/RESOLUCIONES%202001/2001%20850-899.TIF HTTP/1.1" 200 9964820
207.46.13.190 - - [06/Oct/2022:02:19:15 -0500] "GET /BLA/resoluciones/RESOLUCIONES%20CONJUNTAS/Resolucion%20conjunta%20No.%20001-2017.pdf HTTP/1.1" 200 332456
46.16.225.49 - - [06/Oct/2022:02:20:34 -0500] "GET / HTTP/1.1" 200 319
172.22.2.4 - - [06/Oct/2022:02:19:33 -0500] "HEAD /BLA/boletinlegal/ HTTP/1.1" 200 -
201.245.192.253 - - [06/Oct/2022:02:21:32 -0500] "POST /kwsrmcab/Wsrmcab  HTTP/1.1" 200 42483
172.22.2.4 - - [06/Oct/2022:02:20:23 -0500] "GET /BLA/boletinlegal/ HTTP/1.1" 200 55630
201.245.192.253 - - [06/Oct/2022:02:22:27 -0500] "POST /kwsrmcab/Wsrmcab HTTP/1.1" 200 44052
201.245.192.253 - - [06/Oct/2022:02:22:30 -0500] "GET /kwsrmcab/Wsrmcab?wsdl HTTP/1.1" 200 6948
201.245.192.253 - - [06/Oct/2022:02:22:31 -0500] "POST /kwsrmcab/Wsrmcab HTTP/1.1" 200 45168
216.245.221.92 - - [06/Oct/2022:02:22:54 -0500] "HEAD / HTTP/1.1" 200 -
207.46.13.84 - - [06/Oct/2022:02:23:02 -0500] "GET /BLA/resoluciones/00000302.tif HTTP/1.1" 404 1018
207.46.13.89 - - [06/Oct/2022:02:23:09 -0500] "GET /galeria/nivo-slider/demo/images/banner%20aceite%20vegetal%20usado.jpg HTTP/1.1" 200 169350
157.55.39.202 - - [06/Oct/2022:02:25:55 -0500] "GET /BLA/resoluciones/index.php?dir=RESOLUCIONES+2007%2F HTTP/1.1" 200 35450
207.46.13.89 - - [06/Oct/2022:02:26:08 -0500] "GET /BLA/resoluciones/dlf/styles.css HTTP/1.1" 200 3049
201.245.192.253 - - [06/Oct/2022:02:26:31 -0500] "POST /kwsrmcab/Wsrmcab  HTTP/1.1" 200 42483
172.22.2.4 - - [06/Oct/2022:02:25:23 -0500] "HEAD /BLA/boletinlegal/ HTTP/1.1" 200 -
172.22.2.4 - - [06/Oct/2022:02:26:13 -0500] "GET /BLA/boletinlegal/ HTTP/1.1" 200 58163
216.245.221.92 - - [06/Oct/2022:02:27:54 -0500] "HEAD / HTTP/1.1" 200 -
207.46.13.84 - - [06/Oct/2022:02:30:34 -0500] "GET /BLA/resoluciones/RESOLUCIONES%202001/2001%20650-699.TIF HTTP/1.1" 200 7869162
201.245.192.253 - - [06/Oct/2022:02:31:30 -0500] "POST /kwsrmcab/Wsrmcab  HTTP/1.1" 200 42483
201.245.192.253 - - [06/Oct/2022:02:32:27 -0500] "POST /kwsrmcab/Wsrmcab HTTP/1.1" 200 44052
201.245.192.253 - - [06/Oct/2022:02:32:30 -0500] "POST /kwsrmcab/Wsrmcab HTTP/1.1" 200 45168
172.22.2.4 - - [06/Oct/2022:02:31:13 -0500] "HEAD /BLA/boletinlegal/ HTTP/1.1" 200 -
216.245.221.92 - - [06/Oct/2022:02:32:54 -0500] "HEAD / HTTP/1.1" 200 -
172.22.2.4 - - [06/Oct/2022:02:32:03 -0500] "GET /BLA/boletinlegal/ HTTP/1.1" 200 59828
201.245.192.253 - - [06/Oct/2022:02:36:29 -0500] "POST /kwsrmcab/Wsrmcab  HTTP/1.1" 200 42483
207.46.13.84 - - [06/Oct/2022:02:37:04 -0500] "GET /BLA/resoluciones/RESOLUCIONES%202021/2776.pdf HTTP/1.1" 304 -
172.22.2.4 - - [06/Oct/2022:02:37:42 -0500] "GET /BLA/boletinlegal/jurisprudencia/analisis/CUADRO%20ANALISIS%20SENTENCIA%20T-411%20DE%201992.doc HTTP/1.1" 200 41984
216.245.221.92 - - [06/Oct/2022:02:37:54 -0500] "HEAD / HTTP/1.1" 200 -
172.22.2.4 - - [06/Oct/2022:02:37:03 -0500] "HEAD /BLA/boletinlegal/ HTTP/1.1" 200 -
66.249.73.97 - - [06/Oct/2022:02:39:06 -0500] "-" 408 -
172.22.2.4 - - [06/Oct/2022:02:37:53 -0500] "GET /BLA/boletinlegal/ HTTP/1.1" 200 54356
69.171.249.12 - - [06/Oct/2022:02:40:42 -0500] "GET /30-tinguas-azules-volvieron-a-alzar-vuelo-en-el-humedal-jaboque-en-engativa.html HTTP/1.1" 206 1102
201.245.192.253 - - [06/Oct/2022:02:41:29 -0500] "POST /kwsrmcab/Wsrmcab  HTTP/1.1" 200 42483
201.245.192.253 - - [06/Oct/2022:02:42:27 -0500] "POST /kwsrmcab/Wsrmcab HTTP/1.1" 200 44052
201.245.192.253 - - [06/Oct/2022:02:42:30 -0500] "POST /kwsrmcab/Wsrmcab HTTP/1.1" 200 45168
216.245.221.92 - - [06/Oct/2022:02:42:54 -0500] "HEAD / HTTP/1.1" 200 -
207.46.13.211 - - [06/Oct/2022:02:43:56 -0500] "GET /transportadores-de-carga-conocieron-las-opciones-para-contaminar-menos-y-enrutarse-en-la-sostenibilidad.html HTTP/1.1" 200 1003
172.22.2.4 - - [06/Oct/2022:02:42:53 -0500] "HEAD /BLA/boletinlegal/ HTTP/1.1" 200 -
172.22.2.4 - - [06/Oct/2022:02:43:43 -0500] "GET /BLA/boletinlegal/ HTTP/1.1" 200 58163
64.62.197.122 - - [06/Oct/2022:02:45:36 -0500] "GET / HTTP/1.1" 200 319
201.245.192.253 - - [06/Oct/2022:02:46:28 -0500] "POST /kwsrmcab/Wsrmcab  HTTP/1.1" 200 42483
216.245.221.92 - - [06/Oct/2022:02:47:54 -0500] "HEAD / HTTP/1.1" 200 -
152.89.196.211 - - [06/Oct/2022:02:48:45 -0500] "GET /?XDEBUG_SESSION_START=phpstorm HTTP/1.1" 200 319
172.22.2.4 - - [06/Oct/2022:02:48:43 -0500] "HEAD /BLA/boletinlegal/ HTTP/1.1" 200 -
172.22.2.4 - - [06/Oct/2022:02:49:33 -0500] "GET /BLA/boletinlegal/ HTTP/1.1" 200 58163
201.245.192.253 - - [06/Oct/2022:02:51:27 -0500] "POST /kwsrmcab/Wsrmcab  HTTP/1.1" 200 42483
216.245.221.92 - - [06/Oct/2022:02:52:54 -0500] "HEAD / HTTP/1.1" 200 -
5.255.253.106 - - [06/Oct/2022:02:53:49 -0500] "-" 408 -
5.255.253.174 - - [06/Oct/2022:02:53:56 -0500] "-" 408 -
5.45.207.133 - - [06/Oct/2022:02:54:02 -0500] "-" 408 -
87.250.224.175 - - [06/Oct/2022:02:54:08 -0500] "-" 408 -
87.250.224.4 - - [06/Oct/2022:02:54:23 -0500] "-" 408 -
213.180.203.85 - - [06/Oct/2022:02:54:38 -0500] "-" 408 -
172.22.2.4 - - [06/Oct/2022:02:54:58 -0500] "GET /BLA/boletinlegal/actos.php HTTP/1.1" 200 9566
87.250.224.37 - - [06/Oct/2022:02:55:23 -0500] "-" 408 -
45.8.167.182 - - [06/Oct/2022:02:56:01 -0500] "HEAD /la-ciudad-realizara-el-simulacro-distrital-de-evacuacion-a-las-10-30-a-m.html HTTP/1.1" 200 -
185.232.6.156 - - [06/Oct/2022:02:56:02 -0500] "GET /la-ciudad-realizara-el-simulacro-distrital-de-evacuacion-a-las-10-30-a-m.html HTTP/1.1" 200 880
172.22.2.4 - - [06/Oct/2022:02:54:33 -0500] "HEAD /BLA/boletinlegal/ HTTP/1.1" 200 -
5.255.253.166 - - [06/Oct/2022:02:56:23 -0500] "-" 408 -
201.245.192.253 - - [06/Oct/2022:02:56:26 -0500] "POST /kwsrmcab/Wsrmcab  HTTP/1.1" 200 42483
2.56.238.77 - - [06/Oct/2022:02:57:00 -0500] "GET /la-ciudad-realizara-el-simulacro-distrital-de-evacuacion-a-las-10-30-a-m.html HTTP/1.1" 200 880
172.22.2.4 - - [06/Oct/2022:02:55:23 -0500] "GET /BLA/boletinlegal/ HTTP/1.1" 200 58163
45.8.167.254 - - [06/Oct/2022:02:57:40 -0500] "GET /images/simulacro-2_optimized.jpg HTTP/1.1" 200 123715
172.22.2.4 - - [06/Oct/2022:02:57:48 -0500] "GET /BLA/boletinlegal/Circulares/2012/Circular%20No.%207%20del%2008%20de%20Agosto%20de%202012.pdf HTTP/1.1" 304 -
216.245.221.92 - - [06/Oct/2022:02:57:54 -0500] "HEAD / HTTP/1.1" 200 -
184.105.247.238 - - [06/Oct/2022:02:59:05 -0500] "GET /favicon.ico HTTP/1.1" 200 7782
185.119.81.99 - - [06/Oct/2022:03:00:27 -0500] "GET /portaldeninos/wp-login.php HTTP/1.1" 200 2592
185.119.81.99 - - [06/Oct/2022:03:00:28 -0500] "POST /portaldeninos/wp-login.php HTTP/1.1" 200 3650
201.245.192.253 - - [06/Oct/2022:03:01:24 -0500] "POST /kwsrmcab/Wsrmcab  HTTP/1.1" 200 42483
207.46.13.40 - - [06/Oct/2022:03:01:33 -0500] "GET /BLA/resoluciones/AUTOS%202022/0156.pdf HTTP/1.1" 200 399032
172.22.2.4 - - [06/Oct/2022:03:00:23 -0500] "HEAD /BLA/boletinlegal/ HTTP/1.1" 200 -
172.22.2.4 - - [06/Oct/2022:03:01:13 -0500] "GET /BLA/boletinlegal/ HTTP/1.1" 200 55630
216.245.221.92 - - [06/Oct/2022:03:02:54 -0500] "HEAD / HTTP/1.1" 200 -
201.245.192.253 - - [06/Oct/2022:03:06:23 -0500] "POST /kwsrmcab/Wsrmcab  HTTP/1.1" 200 42483
157.55.39.142 - - [06/Oct/2022:03:07:31 -0500] "GET / HTTP/1.1" 200 319
172.22.2.4 - - [06/Oct/2022:03:06:13 -0500] "HEAD /BLA/boletinlegal/ HTTP/1.1" 200 -
216.245.221.92 - - [06/Oct/2022:03:07:54 -0500] "HEAD / HTTP/1.1" 200 -
172.22.2.4 - - [06/Oct/2022:03:07:03 -0500] "GET /BLA/boletinlegal/ HTTP/1.1" 200 58163
157.55.39.202 - - [06/Oct/2022:03:09:19 -0500] "GET /BLA/resoluciones/AUTOS%202022/5246.pdf HTTP/1.1" 200 401875
207.46.13.84 - - [06/Oct/2022:03:09:56 -0500] "GET /BLA/resoluciones/RESOLUCIONES%202007/RES%202007%20701%20AL%20800/RESOLUCION%200705%20DE%202007.pdf HTTP/1.1" 304 -
201.245.192.253 - - [06/Oct/2022:03:11:22 -0500] "POST /kwsrmcab/Wsrmcab  HTTP/1.1" 200 42483
216.245.221.92 - - [06/Oct/2022:03:12:54 -0500] "HEAD / HTTP/1.1" 200 -
172.22.2.4 - - [06/Oct/2022:03:12:25 -0500] "GET /BLA/boletinlegal/ HTTP/1.1" 200 24523
172.22.2.4 - - [06/Oct/2022:03:12:03 -0500] "HEAD /BLA/boletinlegal/ HTTP/1.1" 200 -
172.22.2.4 - - [06/Oct/2022:03:12:53 -0500] "GET /BLA/boletinlegal/ HTTP/1.1" 200 56014
196.240.58.222 - - [06/Oct/2022:03:15:50 -0500] "GET /BLA/resoluciones/RESOLUCIONES%202021/3212.pdf HTTP/1.1" 200 517049
201.245.192.253 - - [06/Oct/2022:03:16:20 -0500] "POST /kwsrmcab/Wsrmcab  HTTP/1.1" 200 42483
216.245.221.92 - - [06/Oct/2022:03:17:54 -0500] "HEAD / HTTP/1.1" 200 -
172.22.2.4 - - [06/Oct/2022:03:17:53 -0500] "HEAD /BLA/boletinlegal/ HTTP/1.1" 200 -
207.46.13.190 - - [06/Oct/2022:03:20:00 -0500] "GET /BLA/resoluciones/index.php?dir=RESOLUCIONES+2009%2F HTTP/1.1" 200 1269707
191.95.166.234 - - [06/Oct/2022:03:20:18 -0500] "GET /portaldeninos/wp-content/uploads/useanyfont/uaf.css?ver=1589905315 HTTP/1.1" 200 408
191.95.166.234 - - [06/Oct/2022:03:20:18 -0500] "GET /portaldeninos/wp-content/themes/betheme/style.css?ver=20.9.6 HTTP/1.1" 200 287
191.95.166.234 - - [06/Oct/2022:03:20:18 -0500] "GET /portaldeninos/wp-includes/js/wp-emoji-release.min.js?ver=4.9.8 HTTP/1.1" 200 12026
191.95.166.234 - - [06/Oct/2022:03:20:18 -0500] "GET /portaldeninos/wp-content/plugins/gallery-videos/CSS/Total-Soft-Gallery-Video-Widget.css?ver=4.9.8 HTTP/1.1" 200 51554
191.95.166.234 - - [06/Oct/2022:03:20:18 -0500] "GET /portaldeninos/wp-content/themes/betheme/css/shortcodes.css?ver=20.9.6 HTTP/1.1" 200 138889
191.95.166.234 - - [06/Oct/2022:03:20:18 -0500] "GET /portaldeninos/wp-content/themes/betheme/css/base.css?ver=20.9.6 HTTP/1.1" 200 57283
191.95.166.234 - - [06/Oct/2022:03:20:19 -0500] "GET /portaldeninos/wp-content/themes/betheme/assets/ui/jquery.ui.all.css?ver=20.9.6 HTTP/1.1" 200 18765
191.95.166.234 - - [06/Oct/2022:03:20:19 -0500] "GET /portaldeninos/wp-content/themes/betheme/assets/jplayer/css/jplayer.blue.monday.css?ver=20.9.6 HTTP/1.1" 200 9834
191.95.166.234 - - [06/Oct/2022:03:20:19 -0500] "GET /portaldeninos/wp-content/themes/betheme/assets/animations/animations.min.css?ver=20.9.6 HTTP/1.1" 200 58508
191.95.166.234 - - [06/Oct/2022:03:20:18 -0500] "GET /portaldeninos/wp-content/themes/betheme/css/layout.css?ver=20.9.6 HTTP/1.1" 200 116639
191.95.166.234 - - [06/Oct/2022:03:20:19 -0500] "GET /portaldeninos/wp-content/plugins/popup-maker/assets/css/site.min.css?ver=1.8.14 HTTP/1.1" 200 8260
191.95.166.234 - - [06/Oct/2022:03:20:19 -0500] "GET /portaldeninos/wp-content/plugins/google-analytics-for-wordpress/assets/js/frontend-gtag.min.js?ver=8.5.0 HTTP/1.1" 200 11801
191.95.166.234 - - [06/Oct/2022:03:20:17 -0500] "GET /portaldeninos/ HTTP/1.1" 200 110197
191.95.166.234 - - [06/Oct/2022:03:20:19 -0500] "GET /portaldeninos/wp-includes/js/jquery/jquery-migrate.min.js?ver=1.4.1 HTTP/1.1" 200 10056
191.95.166.234 - - [06/Oct/2022:03:20:19 -0500] "GET /portaldeninos/wp-content/themes/betheme/css/responsive.css?ver=20.9.6 HTTP/1.1" 200 55740
191.95.166.234 - - [06/Oct/2022:03:20:18 -0500] "GET /portaldeninos/wp-content/plugins/gallery-videos/CSS/totalsoft.css?ver=4.9.8 HTTP/1.1" 200 40622
191.95.166.234 - - [06/Oct/2022:03:20:19 -0500] "GET /portaldeninos/wp-includes/js/jquery/ui/core.min.js?ver=1.11.4 HTTP/1.1" 200 4000
191.95.166.234 - - [06/Oct/2022:03:20:19 -0500] "GET /portaldeninos/wp-content/plugins/gallery-videos/JS/modernizr.custom.js?ver=4.9.8 HTTP/1.1" 200 9019
191.95.166.234 - - [06/Oct/2022:03:20:19 -0500] "GET /portaldeninos/wp-includes/js/jquery/jquery.js?ver=1.12.4 HTTP/1.1" 200 97184
191.95.166.234 - - [06/Oct/2022:03:20:19 -0500] "GET /portaldeninos/wp-content/plugins/gallery-videos/JS/Total-Soft-Gallery-Video-Widget.js?ver=4.9.8 HTTP/1.1" 200 80264
191.95.166.234 - - [06/Oct/2022:03:20:19 -0500] "GET /portaldeninos/wp-includes/js/jquery/ui/widget.min.js?ver=1.11.4 HTTP/1.1" 200 6908
191.95.166.234 - - [06/Oct/2022:03:20:19 -0500] "GET /portaldeninos/wp-includes/js/jquery/ui/mouse.min.js?ver=1.11.4 HTTP/1.1" 200 3148
191.95.166.234 - - [06/Oct/2022:03:20:19 -0500] "GET /portaldeninos/wp-includes/js/jquery/ui/accordion.min.js?ver=1.11.4 HTTP/1.1" 200 8584
191.95.166.234 - - [06/Oct/2022:03:20:19 -0500] "GET /portaldeninos/wp-content/themes/betheme/assets/animations/animations.min.js?ver=20.9.6 HTTP/1.1" 200 1896
191.95.166.234 - - [06/Oct/2022:03:20:19 -0500] "GET /portaldeninos/wp-content/themes/betheme/js/menu.js?ver=20.9.6 HTTP/1.1" 200 2449
191.95.166.234 - - [06/Oct/2022:03:20:19 -0500] "GET /portaldeninos/wp-content/themes/betheme/fonts/mfn-icons.woff?93978679 HTTP/1.1" 200 80932
191.95.166.234 - - [06/Oct/2022:03:20:19 -0500] "GET /portaldeninos/wp-content/uploads/2019/08/Logo-Ambientic.png HTTP/1.1" 200 22941
191.95.166.234 - - [06/Oct/2022:03:20:19 -0500] "GET /portaldeninos/wp-content/uploads/2021/06/titulo-cabezote-ni%C3%B1os.png HTTP/1.1" 200 64425
191.95.166.234 - - [06/Oct/2022:03:20:19 -0500] "GET /portaldeninos/wp-content/themes/betheme/assets/jplayer/jplayer.min.js?ver=20.9.6 HTTP/1.1" 200 52702
191.95.166.234 - - [06/Oct/2022:03:20:19 -0500] "GET /portaldeninos/wp-includes/js/jquery/ui/position.min.js?ver=1.11.4 HTTP/1.1" 200 6527
191.95.166.234 - - [06/Oct/2022:03:20:19 -0500] "GET /portaldeninos/wp-includes/js/wp-embed.min.js?ver=4.9.8 HTTP/1.1" 200 1398
191.95.166.234 - - [06/Oct/2022:03:20:19 -0500] "GET /portaldeninos/wp-content/themes/betheme/js/scripts.js?ver=20.9.6 HTTP/1.1" 200 77162
191.95.166.234 - - [06/Oct/2022:03:20:19 -0500] "GET /portaldeninos/wp-content/plugins/popup-maker/assets/js/site.min.js?defer&ver=1.8.14 HTTP/1.1" 200 48457
191.95.166.234 - - [06/Oct/2022:03:20:19 -0500] "GET /portaldeninos/wp-includes/js/jquery/ui/tabs.min.js?ver=1.11.4 HTTP/1.1" 200 12110
191.95.166.234 - - [06/Oct/2022:03:20:19 -0500] "GET /portaldeninos/wp-content/uploads/2021/06/titulo-miambiente-ni%C3%B1os.png HTTP/1.1" 200 11944
191.95.166.234 - - [06/Oct/2022:03:20:19 -0500] "GET /portaldeninos/wp-includes/js/jquery/ui/sortable.min.js?ver=1.11.4 HTTP/1.1" 200 24899
191.95.166.234 - - [06/Oct/2022:03:20:19 -0500] "GET /portaldeninos/wp-content/uploads/2020/01/Frailejon-escenario.jpg HTTP/1.1" 200 357472
191.95.166.234 - - [06/Oct/2022:03:20:19 -0500] "GET /portaldeninos/wp-content/uploads/2018/10/oso.jpg HTTP/1.1" 200 305180
191.95.166.234 - - [06/Oct/2022:03:20:20 -0500] "GET /portaldeninos/wp-content/uploads/2021/06/titulo-videos-ni%C3%B1os.png HTTP/1.1" 200 10502
191.95.166.234 - - [06/Oct/2022:03:20:20 -0500] "GET /portaldeninos/wp-content/uploads/2021/06/titulo-humedales-ni%C3%B1os.png HTTP/1.1" 200 13361
191.95.166.234 - - [06/Oct/2022:03:20:20 -0500] "GET /portaldeninos/wp-content/uploads/2018/11/caneca.jpg HTTP/1.1" 200 262661
191.95.166.234 - - [06/Oct/2022:03:20:19 -0500] "GET /portaldeninos/wp-content/themes/betheme/js/plugins.js?ver=20.9.6 HTTP/1.1" 200 197151
191.95.166.234 - - [06/Oct/2022:03:20:20 -0500] "GET /portaldeninos/wp-content/uploads/2020/05/fb.jpg HTTP/1.1" 200 9893
191.95.166.234 - - [06/Oct/2022:03:20:20 -0500] "GET /portaldeninos/wp-content/uploads/2022/08/Infograf%C3%ADa-humedales-actualizada.png HTTP/1.1" 200 588022
191.95.166.234 - - [06/Oct/2022:03:20:21 -0500] "GET /portaldeninos/wp-content/uploads/2020/05/ig.jpg HTTP/1.1" 200 11470
191.95.166.234 - - [06/Oct/2022:03:20:21 -0500] "GET /portaldeninos/wp-content/uploads/2020/06/tw.jpg HTTP/1.1" 200 11056
191.95.166.234 - - [06/Oct/2022:03:20:21 -0500] "GET /portaldeninos/wp-content/uploads/2020/06/yt.jpg HTTP/1.1" 200 10577
191.95.166.234 - - [06/Oct/2022:03:20:21 -0500] "GET /portaldeninos/wp-content/themes/betheme/images/box_shadow.png HTTP/1.1" 200 108
191.95.166.234 - - [06/Oct/2022:03:20:21 -0500] "GET /portaldeninos/wp-content/themes/betheme/images/stripes/stripes_3_b.png HTTP/1.1" 200 974
191.95.166.234 - - [06/Oct/2022:03:20:19 -0500] "GET /portaldeninos/wp-content/uploads/2018/11/tigrillo.jpg HTTP/1.1" 200 402961
191.95.166.234 - - [06/Oct/2022:03:20:19 -0500] "GET /portaldeninos/wp-content/uploads/2020/01/Tierra-escenario.jpg HTTP/1.1" 200 181491
191.95.166.234 - - [06/Oct/2022:03:20:22 -0500] "GET /portaldeninos/wp-json/pum/v1/analytics/?event=open&pid=1126&_cache=1665044270762 HTTP/1.1" 204 -
172.22.2.4 - - [06/Oct/2022:03:18:43 -0500] "GET /BLA/boletinlegal/ HTTP/1.1" 200 56376
191.95.166.234 - - [06/Oct/2022:03:20:21 -0500] "GET /portaldeninos/wp-content/uploads/2022/01/Conoce-lo-que-hace-la-Secretar%C3%ADa-de-Ambiente.mp4 HTTP/1.1" 206 3569898
191.95.166.234 - - [06/Oct/2022:03:20:20 -0500] "GET /portaldeninos/wp-content/uploads/2022/08/HUmedalConejera03-1.jpg HTTP/1.1" 200 12388495
191.95.166.234 - - [06/Oct/2022:03:20:21 -0500] "GET /portaldeninos/wp-content/uploads/2019/06/CabezoteAMBIENTIC.mp4 HTTP/1.1" 206 19245718
201.245.192.253 - - [06/Oct/2022:03:21:19 -0500] "POST /kwsrmcab/Wsrmcab  HTTP/1.1" 200 42483
207.46.13.40 - - [06/Oct/2022:03:22:27 -0500] "GET /BLA/resoluciones/2002RES111.tif HTTP/1.1" 404 1018
201.245.192.253 - - [06/Oct/2022:03:22:27 -0500] "POST /kwsrmcab/Wsrmcab HTTP/1.1" 200 44355
201.245.192.253 - - [06/Oct/2022:03:22:29 -0500] "POST /kwsrmcab/Wsrmcab HTTP/1.1" 200 44844
216.245.221.92 - - [06/Oct/2022:03:22:54 -0500] "HEAD / HTTP/1.1" 200 -
191.95.166.234 - - [06/Oct/2022:03:23:09 -0500] "GET /portaldeninos/wp-content/uploads/2019/06/CabezoteAMBIENTIC.mp4 HTTP/1.1" 206 2504695
191.95.166.234 - - [06/Oct/2022:03:23:26 -0500] "GET /portaldeninos/residuos HTTP/1.1" 301 -
191.95.166.234 - - [06/Oct/2022:03:23:27 -0500] "GET /portaldeninos/residuos/ HTTP/1.1" 200 87443
191.95.166.234 - - [06/Oct/2022:03:23:28 -0500] "GET /portaldeninos/wp-content/uploads/2021/07/residuos-pagina-ni%C3%B1os.jpg HTTP/1.1" 200 316433
191.95.166.234 - - [06/Oct/2022:03:23:18 -0500] "GET /portaldeninos/wp-content/uploads/2022/01/Conoce-lo-que-hace-la-Secretar%C3%ADa-de-Ambiente.mp4 HTTP/1.1" 206 2918004
172.22.2.4 - - [06/Oct/2022:03:23:43 -0500] "HEAD /BLA/boletinlegal/ HTTP/1.1" 200 -
172.22.2.4 - - [06/Oct/2022:03:24:33 -0500] "GET /BLA/boletinlegal/ HTTP/1.1" 200 54823
201.245.192.253 - - [06/Oct/2022:03:26:18 -0500] "POST /kwsrmcab/Wsrmcab  HTTP/1.1" 200 42483
216.245.221.92 - - [06/Oct/2022:03:27:54 -0500] "HEAD / HTTP/1.1" 200 -
66.249.73.127 - - [06/Oct/2022:03:28:04 -0500] "-" 408 -
172.22.2.4 - - [06/Oct/2022:03:29:33 -0500] "HEAD /BLA/boletinlegal/ HTTP/1.1" 200 -
201.245.192.253 - - [06/Oct/2022:03:31:17 -0500] "POST /kwsrmcab/Wsrmcab  HTTP/1.1" 200 42483
172.22.2.4 - - [06/Oct/2022:03:30:23 -0500] "GET /BLA/boletinlegal/ HTTP/1.1" 200 53640
201.245.192.253 - - [06/Oct/2022:03:32:27 -0500] "POST /kwsrmcab/Wsrmcab HTTP/1.1" 200 44355
201.245.192.253 - - [06/Oct/2022:03:32:30 -0500] "POST /kwsrmcab/Wsrmcab HTTP/1.1" 200 44844
216.245.221.92 - - [06/Oct/2022:03:32:54 -0500] "HEAD / HTTP/1.1" 200 -
157.55.39.202 - - [06/Oct/2022:03:34:20 -0500] "GET /BLA/resoluciones/AUTOS%202014/0185.pdf HTTP/1.1" 200 565649
207.46.13.40 - - [06/Oct/2022:03:35:05 -0500] "GET /BLA/resoluciones/AUTOS%202014/5689.pdf HTTP/1.1" 200 452851
201.245.192.253 - - [06/Oct/2022:03:36:15 -0500] "POST /kwsrmcab/Wsrmcab  HTTP/1.1" 200 42483
157.55.39.25 - - [06/Oct/2022:03:36:42 -0500] "GET /BLA/resoluciones/AUTOS%202022/2883.pdf HTTP/1.1" 200 2253739
172.22.2.4 - - [06/Oct/2022:03:35:23 -0500] "HEAD /BLA/boletinlegal/ HTTP/1.1" 200 -
157.55.39.25 - - [06/Oct/2022:03:37:38 -0500] "GET /BLA/resoluciones/RESOLUCIONES%202022/0055.pdf HTTP/1.1" 200 1043118
172.22.2.4 - - [06/Oct/2022:03:36:13 -0500] "GET /BLA/boletinlegal/ HTTP/1.1" 200 58163
216.245.221.92 - - [06/Oct/2022:03:37:54 -0500] "HEAD / HTTP/1.1" 200 -
201.245.192.253 - - [06/Oct/2022:03:41:15 -0500] "POST /kwsrmcab/Wsrmcab  HTTP/1.1" 200 42483
201.245.192.253 - - [06/Oct/2022:03:42:27 -0500] "POST /kwsrmcab/Wsrmcab HTTP/1.1" 200 44355
201.245.192.253 - - [06/Oct/2022:03:42:30 -0500] "POST /kwsrmcab/Wsrmcab HTTP/1.1" 200 44844
172.22.2.4 - - [06/Oct/2022:03:41:13 -0500] "HEAD /BLA/boletinlegal/ HTTP/1.1" 200 -
216.245.221.92 - - [06/Oct/2022:03:42:54 -0500] "HEAD / HTTP/1.1" 200 -
66.249.73.127 - - [06/Oct/2022:03:42:54 -0500] "-" 408 -
172.22.2.4 - - [06/Oct/2022:03:42:03 -0500] "GET /BLA/boletinlegal/ HTTP/1.1" 200 59319
172.22.2.4 - - [06/Oct/2022:03:44:04 -0500] "HEAD /BLA/boletinlegal/icons/sphere1.png HTTP/1.1" 404 -
172.22.2.4 - - [06/Oct/2022:03:43:46 -0500] "GET /BLA/boletinlegal/ HTTP/1.1" 200 32715
201.245.192.253 - - [06/Oct/2022:03:46:14 -0500] "POST /kwsrmcab/Wsrmcab  HTTP/1.1" 200 42483
216.245.221.92 - - [06/Oct/2022:03:47:54 -0500] "HEAD / HTTP/1.1" 200 -
172.22.2.4 - - [06/Oct/2022:03:47:03 -0500] "HEAD /BLA/boletinlegal/ HTTP/1.1" 200 -
95.217.144.155 - - [06/Oct/2022:03:49:02 -0500] "-" 408 -
172.22.2.4 - - [06/Oct/2022:03:47:53 -0500] "GET /BLA/boletinlegal/ HTTP/1.1" 200 54823
66.249.73.127 - - [06/Oct/2022:03:49:56 -0500] "-" 408 -
201.245.192.253 - - [06/Oct/2022:03:51:13 -0500] "POST /kwsrmcab/Wsrmcab  HTTP/1.1" 200 42483
216.245.221.92 - - [06/Oct/2022:03:52:54 -0500] "HEAD / HTTP/1.1" 200 -
172.22.2.4 - - [06/Oct/2022:03:52:53 -0500] "HEAD /BLA/boletinlegal/ HTTP/1.1" 200 -
69.63.189.119 - - [06/Oct/2022:03:54:58 -0500] "GET /engativa-tendra-jornada-de-recoleccion-de-llantas-este-miercoles.html HTTP/1.1" 206 933
69.63.189.3 - - [06/Oct/2022:03:55:15 -0500] "GET /secretaria-de-ambiente-abre-inscripciones-para-la-ruta-de-emprendimiento-verde-2022.html HTTP/1.1" 206 902
172.22.2.4 - - [06/Oct/2022:03:53:43 -0500] "GET /BLA/boletinlegal/ HTTP/1.1" 200 58163
66.249.73.127 - - [06/Oct/2022:03:55:33 -0500] "-" 408 -
157.55.39.25 - - [06/Oct/2022:03:55:40 -0500] "GET /BLA/resoluciones/00000306.tif HTTP/1.1" 404 1018
69.63.189.2 - - [06/Oct/2022:03:56:07 -0500] "GET /del-22-al-26-de-noviembre-se-realizara-la-semana-ecoempresarial-en-bogota.html HTTP/1.1" 206 860
201.245.192.253 - - [06/Oct/2022:03:56:12 -0500] "POST /kwsrmcab/Wsrmcab  HTTP/1.1" 200 42483
69.63.189.120 - - [06/Oct/2022:03:56:48 -0500] "GET /secretaria-de-ambiente-abre-convocatoria-para-que-empresas-de-bogota-sean-mas-sostenibles.html HTTP/1.1" 206 907
216.245.221.92 - - [06/Oct/2022:03:57:54 -0500] "HEAD / HTTP/1.1" 200 -
112.167.82.13 - - [06/Oct/2022:03:58:30 -0500] "GET / HTTP/1.0" 200 319
172.22.2.4 - - [06/Oct/2022:03:57:04 -0500] "GET /BLA/boletinlegal/ HTTP/1.1" 200 62772
87.250.224.114 - - [06/Oct/2022:03:59:00 -0500] "-" 408 -
207.46.13.190 - - [06/Oct/2022:04:00:04 -0500] "GET /BLA/resoluciones/AUTOS%202022/1622.pdf HTTP/1.1" 200 624838
172.22.2.4 - - [06/Oct/2022:03:58:43 -0500] "HEAD /BLA/boletinlegal/ HTTP/1.1" 200 -
157.55.39.25 - - [06/Oct/2022:04:00:23 -0500] "GET /sipse/faces/javax.faces.resource/primefaces.js;jsessionid=wx-q26+w2mfns9-baikym5eb.undefined?ln=primefaces&v=4.0 HTTP/1.1" 200 276924
87.250.224.195 - - [06/Oct/2022:04:01:00 -0500] "-" 408 -
201.245.192.253 - - [06/Oct/2022:04:01:11 -0500] "POST /kwsrmcab/Wsrmcab  HTTP/1.1" 200 42483
172.22.2.4 - - [06/Oct/2022:03:59:33 -0500] "GET /BLA/boletinlegal/ HTTP/1.1" 200 59828
172.22.2.4 - - [06/Oct/2022:04:02:04 -0500] "GET /BLA/boletinlegal/actos.php HTTP/1.1" 200 9566
172.22.2.4 - - [06/Oct/2022:04:02:05 -0500] "GET /BLA/boletinlegal/favicon.ico HTTP/1.1" 404 1326
186.80.52.5 - - [06/Oct/2022:04:02:06 -0500] "GET /BLA/resoluciones/ HTTP/1.1" 200 13093
186.80.52.5 - - [06/Oct/2022:04:02:12 -0500] "GET /BLA/resoluciones/dlf/unknown.png HTTP/1.1" 200 266
186.80.52.5 - - [06/Oct/2022:04:02:12 -0500] "GET /BLA/resoluciones/index.php?dir=RESOLUCIONES+2015%2F HTTP/1.1" 200 130562
190.240.2.133 - - [06/Oct/2022:04:02:13 -0500] "GET /BLA/resoluciones/index.php?dir=RESOLUCIONES+2015%2F HTTP/1.1" 200 130562
190.240.2.133 - - [06/Oct/2022:04:02:14 -0500] "GET /BLA/resoluciones/dlf/styles.css HTTP/1.1" 200 3049
190.240.2.133 - - [06/Oct/2022:04:02:14 -0500] "GET /BLA/resoluciones/dlf/dirup.png HTTP/1.1" 200 644
190.240.2.133 - - [06/Oct/2022:04:02:14 -0500] "GET /BLA/resoluciones/dlf/pdf.gif HTTP/1.1" 200 272
190.240.2.133 - - [06/Oct/2022:04:02:14 -0500] "GET /BLA/resoluciones/dlf/unknown.png HTTP/1.1" 200 266
190.240.2.133 - - [06/Oct/2022:04:02:14 -0500] "GET /BLA/resoluciones/dlf/bg.gif HTTP/1.1" 200 54
186.80.52.5 - - [06/Oct/2022:04:02:18 -0500] "GET /BLA/resoluciones/RESOLUCIONES%202015/0545.pdf HTTP/1.1" 200 1608362
172.22.2.4 - - [06/Oct/2022:04:02:03 -0500] "GET /BLA/boletinlegal/ HTTP/1.1" 200 24523
216.245.221.92 - - [06/Oct/2022:04:02:54 -0500] "HEAD / HTTP/1.1" 200 -
207.46.13.190 - - [06/Oct/2022:04:04:15 -0500] "GET /galeria/mapa/humedal2017.jpg HTTP/1.1" 200 644667
87.250.224.117 - - [06/Oct/2022:04:04:31 -0500] "-" 408 -
201.245.192.253 - - [06/Oct/2022:04:06:10 -0500] "POST /kwsrmcab/Wsrmcab  HTTP/1.1" 200 42483
172.22.2.4 - - [06/Oct/2022:04:04:33 -0500] "HEAD /BLA/boletinlegal/ HTTP/1.1" 200 -
172.22.2.4 - - [06/Oct/2022:04:05:23 -0500] "GET /BLA/boletinlegal/ HTTP/1.1" 200 57375
157.55.39.202 - - [06/Oct/2022:04:07:23 -0500] "GET /BLA/resoluciones/AUTOS%202017/2119.pdf HTTP/1.1" 200 1238185
216.245.221.92 - - [06/Oct/2022:04:07:54 -0500] "HEAD / HTTP/1.1" 200 -
66.249.73.127 - - [06/Oct/2022:04:09:05 -0500] "-" 408 -
87.250.224.43 - - [06/Oct/2022:04:09:31 -0500] "-" 408 -
201.245.192.253 - - [06/Oct/2022:04:11:09 -0500] "POST /kwsrmcab/Wsrmcab  HTTP/1.1" 200 42483
172.22.2.4 - - [06/Oct/2022:04:10:23 -0500] "HEAD /BLA/boletinlegal/ HTTP/1.1" 200 -
172.22.2.4 - - [06/Oct/2022:04:11:13 -0500] "GET /BLA/boletinlegal/ HTTP/1.1" 200 59828
216.245.221.92 - - [06/Oct/2022:04:12:54 -0500] "HEAD / HTTP/1.1" 200 -
66.249.73.127 - - [06/Oct/2022:04:14:48 -0500] "-" 408 -
201.245.192.253 - - [06/Oct/2022:04:16:08 -0500] "POST /kwsrmcab/Wsrmcab  HTTP/1.1" 200 42483
157.55.39.25 - - [06/Oct/2022:04:16:24 -0500] "GET /BLA/resoluciones/AUTOS%202022/3382.pdf HTTP/1.1" 200 814475
172.22.2.4 - - [06/Oct/2022:04:16:13 -0500] "HEAD /BLA/boletinlegal/ HTTP/1.1" 200 -
216.245.221.92 - - [06/Oct/2022:04:17:54 -0500] "HEAD / HTTP/1.1" 200 -
5.255.231.131 - - [06/Oct/2022:04:18:34 -0500] "-" 408 -
172.22.2.4 - - [06/Oct/2022:04:17:03 -0500] "GET /BLA/boletinlegal/ HTTP/1.1" 200 59828
201.245.192.253 - - [06/Oct/2022:04:21:07 -0500] "POST /kwsrmcab/Wsrmcab  HTTP/1.1" 200 42483
66.249.73.127 - - [06/Oct/2022:04:21:10 -0500] "-" 408 -
185.119.81.109 - - [06/Oct/2022:04:22:01 -0500] "GET /portaldeninos/wp-login.php HTTP/1.1" 200 2592
185.119.81.109 - - [06/Oct/2022:04:22:02 -0500] "POST /portaldeninos/wp-login.php HTTP/1.1" 200 3605
201.245.192.253 - - [06/Oct/2022:04:22:26 -0500] "POST /kwsrmcab/Wsrmcab HTTP/1.1" 200 44210
201.245.192.253 - - [06/Oct/2022:04:22:29 -0500] "POST /kwsrmcab/Wsrmcab HTTP/1.1" 200 44999
216.245.221.92 - - [06/Oct/2022:04:22:54 -0500] "HEAD / HTTP/1.1" 200 -
172.22.2.4 - - [06/Oct/2022:04:22:03 -0500] "HEAD /BLA/boletinlegal/ HTTP/1.1" 200 -
172.22.2.4 - - [06/Oct/2022:04:22:53 -0500] "GET /BLA/boletinlegal/ HTTP/1.1" 200 60281
201.245.192.253 - - [06/Oct/2022:04:26:06 -0500] "POST /kwsrmcab/Wsrmcab  HTTP/1.1" 200 42483
152.89.196.211 - - [06/Oct/2022:04:27:48 -0500] "GET /actuator/gateway/routes HTTP/1.1" 404 1018
216.245.221.92 - - [06/Oct/2022:04:27:54 -0500] "HEAD / HTTP/1.1" 200 -
172.22.2.4 - - [06/Oct/2022:04:27:53 -0500] "HEAD /BLA/boletinlegal/ HTTP/1.1" 200 -
172.22.2.4 - - [06/Oct/2022:04:28:43 -0500] "GET /BLA/boletinlegal/ HTTP/1.1" 200 60281
201.245.192.253 - - [06/Oct/2022:04:31:05 -0500] "POST /kwsrmcab/Wsrmcab  HTTP/1.1" 200 42483
66.249.73.127 - - [06/Oct/2022:04:32:12 -0500] "-" 408 -
201.245.192.253 - - [06/Oct/2022:04:32:26 -0500] "POST /kwsrmcab/Wsrmcab HTTP/1.1" 200 44210
201.245.192.253 - - [06/Oct/2022:04:32:29 -0500] "POST /kwsrmcab/Wsrmcab HTTP/1.1" 200 44999
216.245.221.92 - - [06/Oct/2022:04:32:54 -0500] "HEAD / HTTP/1.1" 200 -
186.28.128.196 - - [06/Oct/2022:04:33:05 -0500] "GET /si-tienes-ropa-y-calzado-que-ya-no-usas-aca-te-presentamos-seis-puntos-a-donde-los-puedes-llevar.html HTTP/1.1" 200 872
95.108.213.65 - - [06/Oct/2022:04:33:19 -0500] "-" 408 -
172.22.2.4 - - [06/Oct/2022:04:33:26 -0500] "GET /BLA/boletinlegal/robots.txt HTTP/1.1" 404 1038
157.55.39.202 - - [06/Oct/2022:04:34:26 -0500] "GET /IsolucionSDA/bancoconocimiento/C/ConsultayPrestamodeDocumentos_v4/ConsultayPrestamodeDocumentos_v4.asp?IdArticulo=1955 HTTP/1.1" 404 5032
34.105.118.141 - - [06/Oct/2022:04:34:38 -0500] "GET /.env HTTP/1.1" 404 1018
34.105.118.141 - - [06/Oct/2022:04:34:38 -0500] "POST / HTTP/1.1" 200 319
172.22.2.4 - - [06/Oct/2022:04:33:28 -0500] "GET /BLA/boletinlegal/index.php HTTP/1.1" 200 53640
172.22.2.4 - - [06/Oct/2022:04:33:43 -0500] "HEAD /BLA/boletinlegal/ HTTP/1.1" 200 -
201.245.192.253 - - [06/Oct/2022:04:36:04 -0500] "POST /kwsrmcab/Wsrmcab  HTTP/1.1" 200 42483
172.22.2.4 - - [06/Oct/2022:04:34:33 -0500] "GET /BLA/boletinlegal/ HTTP/1.1" 200 56376
37.61.230.176 - - [06/Oct/2022:04:37:01 -0500] "-" 408 -
216.245.221.92 - - [06/Oct/2022:04:37:54 -0500] "HEAD / HTTP/1.1" 200 -
207.46.13.89 - - [06/Oct/2022:04:39:42 -0500] "GET /BLA/resoluciones/RESOLUCIONES%202021/0755.pdf HTTP/1.1" 200 481690
207.46.13.84 - - [06/Oct/2022:04:39:46 -0500] "GET /BLA/resoluciones/AUTOS%202013/0368.pdf HTTP/1.1" 200 608200
66.249.73.127 - - [06/Oct/2022:04:39:47 -0500] "-" 408 -
172.22.2.4 - - [06/Oct/2022:04:39:56 -0500] "GET /BLA/boletinlegal/jurisprudencia/analisis/AnalisisT-606-15.docx HTTP/1.1" 200 26698
201.245.192.253 - - [06/Oct/2022:04:41:03 -0500] "POST /kwsrmcab/Wsrmcab  HTTP/1.1" 200 42483
172.22.2.4 - - [06/Oct/2022:04:39:33 -0500] "HEAD /BLA/boletinlegal/ HTTP/1.1" 200 -
172.22.2.4 - - [06/Oct/2022:04:40:23 -0500] "GET /BLA/boletinlegal/ HTTP/1.1" 200 56376
201.245.192.253 - - [06/Oct/2022:04:42:27 -0500] "POST /kwsrmcab/Wsrmcab HTTP/1.1" 200 44210
201.245.192.253 - - [06/Oct/2022:04:42:30 -0500] "POST /kwsrmcab/Wsrmcab HTTP/1.1" 200 44999
216.245.221.92 - - [06/Oct/2022:04:42:54 -0500] "HEAD / HTTP/1.1" 200 -
95.108.213.41 - - [06/Oct/2022:04:43:19 -0500] "-" 408 -
82.149.31.213 - - [06/Oct/2022:04:45:57 -0500] "-" 408 -
66.249.73.127 - - [06/Oct/2022:04:45:59 -0500] "-" 408 -
201.245.192.253 - - [06/Oct/2022:04:46:02 -0500] "POST /kwsrmcab/Wsrmcab  HTTP/1.1" 200 42483
188.247.77.191 - - [06/Oct/2022:04:46:09 -0500] "-" 408 -
112.203.109.22 - - [06/Oct/2022:04:46:20 -0500] "-" 408 -
168.90.131.195 - - [06/Oct/2022:04:46:31 -0500] "-" 408 -
172.22.2.4 - - [06/Oct/2022:04:45:23 -0500] "HEAD /BLA/boletinlegal/ HTTP/1.1" 200 -
172.22.2.4 - - [06/Oct/2022:04:46:13 -0500] "GET /BLA/boletinlegal/ HTTP/1.1" 200 59828
216.245.221.92 - - [06/Oct/2022:04:47:54 -0500] "HEAD / HTTP/1.1" 200 -
172.22.2.4 - - [06/Oct/2022:04:49:01 -0500] "GET /BLA/boletinlegal/version HTTP/1.1" 404 1018
201.245.192.253 - - [06/Oct/2022:04:51:01 -0500] "POST /kwsrmcab/Wsrmcab  HTTP/1.1" 200 42483
207.46.13.181 - - [06/Oct/2022:04:51:38 -0500] "GET /images/Mirla%20Com%C3%BAn%20SDA%20(1)%20(1).jpeg HTTP/1.1" 404 1034
207.46.13.190 - - [06/Oct/2022:04:52:19 -0500] "GET /BLA/resoluciones/RESOLUCIONES%202002/RES%202002%20301-350/00000322.tif HTTP/1.1" 200 41948
172.22.2.4 - - [06/Oct/2022:04:51:13 -0500] "HEAD /BLA/boletinlegal/ HTTP/1.1" 200 -
216.245.221.92 - - [06/Oct/2022:04:52:54 -0500] "HEAD / HTTP/1.1" 200 -
87.250.224.69 - - [06/Oct/2022:04:53:19 -0500] "-" 408 -
172.22.2.4 - - [06/Oct/2022:04:52:03 -0500] "GET /BLA/boletinlegal/ HTTP/1.1" 200 59828
66.249.73.127 - - [06/Oct/2022:04:55:12 -0500] "-" 408 -
201.245.192.253 - - [06/Oct/2022:04:56:00 -0500] "POST /kwsrmcab/Wsrmcab  HTTP/1.1" 200 42483
157.55.39.25 - - [06/Oct/2022:04:56:45 -0500] "GET /BLA/resoluciones/AUTOS%202016/2063.pdf HTTP/1.1" 200 538808
216.245.221.92 - - [06/Oct/2022:04:57:54 -0500] "HEAD / HTTP/1.1" 200 -
172.22.2.4 - - [06/Oct/2022:04:57:03 -0500] "HEAD /BLA/boletinlegal/ HTTP/1.1" 200 -
172.22.2.4 - - [06/Oct/2022:04:57:53 -0500] "GET /BLA/boletinlegal/ HTTP/1.1" 200 60281
201.245.192.253 - - [06/Oct/2022:05:00:59 -0500] "POST /kwsrmcab/Wsrmcab  HTTP/1.1" 200 42483
186.116.224.170 - - [06/Oct/2022:05:02:08 -0500] "GET /si-tienes-ropa-y-calzado-que-ya-no-usas-aca-te-presentamos-seis-puntos-a-donde-los-puedes-llevar.html HTTP/1.1" 200 872
185.119.81.99 - - [06/Oct/2022:05:02:20 -0500] "GET /portaldeninos/wp-login.php HTTP/1.1" 200 2592
185.119.81.99 - - [06/Oct/2022:05:02:21 -0500] "POST /portaldeninos/wp-login.php HTTP/1.1" 200 3670
216.245.221.92 - - [06/Oct/2022:05:02:54 -0500] "HEAD / HTTP/1.1" 200 -
207.46.13.89 - - [06/Oct/2022:05:03:33 -0500] "GET /BLA/resoluciones/AUTOS%202022/1038.pdf HTTP/1.1" 200 395720
66.249.73.127 - - [06/Oct/2022:05:03:43 -0500] "-" 408 -
5.45.207.152 - - [06/Oct/2022:05:04:30 -0500] "-" 408 -
172.22.2.4 - - [06/Oct/2022:05:02:53 -0500] "HEAD /BLA/boletinlegal/ HTTP/1.1" 200 -
172.22.2.4 - - [06/Oct/2022:05:03:43 -0500] "GET /BLA/boletinlegal/ HTTP/1.1" 200 57725
186.102.63.198 - - [06/Oct/2022:05:05:41 -0500] "GET /kwssiamovil/sm/ldap/au?x=U2FsdGVkX18vxHm0EiDsf457ZiRYa9fogHBfYzVF+pjzOVtgLHuu5wNQRN+kyw9M&y=U2FsdGVkX18Ql6qWFWN0bCsgdDFuiNjgZ27bq1PnWArK9UNMueanEqPr8FcGIZsR HTTP/1.1" 200 30
186.102.63.198 - - [06/Oct/2022:05:05:41 -0500] "GET /kwssiamovil/sm/acme/s?s=U2FsdGVkX18icHCJoyIuLHAK9rwPzcq3EkPI3VhOFNHOkNUygse0sRzGysWG94d2Or1AH9611FvFLnm8JokQwUHXkqDgzJvHtvNfocC+oiU=&u=U2FsdGVkX1+30zifXU5g3OQ+6j/DftTQPk+HZYoNi2g=&y=U2FsdGVkX18Ql6qWFWN0bCsgdDFuiNjgZ27bq1PnWArK9UNMueanEqPr8FcGIZsR HTTP/1.1" 200 97
186.102.63.198 - - [06/Oct/2022:05:05:41 -0500] "GET /kwssiamovil/sm/acme/s?s=U2FsdGVkX19fjBbzyQZVP1go2m/f97cHA5vokV4EONyEK8wmbLo8dGqeLivwwaBHNTz6in/uxTL5eoGzLwT2/QCzKcxfepEljM5iGiruP4xwet8KPvMfpx0aFoQ5yc6OEPvfdOrLQnUohxMg+n1t1W4GiHbxowYffHA4UVb4/8tVakzW9fo3G6lKLPGJRJbaKnWcGonoDTDxNmd2nqBJMx/DsO4MdI6htKwhRqa1o7f7Qq6yO4jPqPg0n6bV5uGSqEw1N4UeyU+FOf8vDILu23Zx+slFHcQF8DlYFvM0E9HBmcbsy0FERlSuTcdDcZUOymeCLXLrghA4e6OpLzB76SvgZf20uXwkkVg3oQ0ccZODHlcYToH/qw02IrplErBo5evPJ9d1iUCNtWbuwr/kDjboouJ44Co+PpPOk/1QsFuQemyxI4wm7JgnVL8sRE9h4IVHEQCBJeBfTtbuObrzUPXuWPghm9YsEoGxa3NkDxCG3pqSxraGre3TNS7KBsEXzh/Wslmk9uPzLgT6cnunK8D3IZTQxTH5yD6LJeyMrcsDenxXoBSrbgOjvSQ3zj9IdXFyXeKD22ngnAOWYf9Om0ZFKI/eCHDVcaqRkYLfRs5Sm5UFOCUrV1Qbp5L6TUZvoMy1UjiKxyXziW/+RlFFKfnMNF/SNmMzHSVA1p8oCyCGN8CgQWSZQ+aHjx7YvfTOGo2SseusEYjK5pFwfILHePASaAZVjf9AgJEfIpnDmgsC3vMLd1MgH8hpqYWXziD2r+1zhSUF8hu9ymEQpHh/LTqn1i3k3jlFQm5BMiB9HWoGZxKKRnVf1c1bhA6Vp2P766DVzY2jXYF7YsPrmGDaPDs0EI1P5yPXghXjyn5BSiUZzmIEnBvnVKc2K8ZUUuViyABY00WDlkUmaq07DaDI2+rd4gPdK4Fdl3NNHKwwb26BJ5fdO/PyMz5ThaZ1hrYVX1agNepeNQhJbW7cWHRnibPDuEL12hl3WSTEhmMOt8KeTXVmXvhfB/44ijhThSnxWXnmVwcak7Pi3w4qGpG2I8xQ+DwKOodLgmBj0W/MFaUc380Z7mzCCSNAVbsk68PI3lgL1mOK+HjakA5/eRGvVRkre25VTbnl5ev0MOqOKVQ7DHTW1zmIhuw7ruFOO7/sfPGna98cxNxt3LLgyHFI5oy98IoJK1HqQrlUhbyCSrriGJClrqV1dvetzTDwNaT7pWYJMP9nML+9e5R/ODD2aIkzYvVdGCzDHLpb1zM+DdXkc2rTUM4VkwewuyBAXfkgJsUCeWkl//JLp5zQn/fhAf90rOg7bvWQgW5JkOfIEaJfHsymvYQ22SHjF9KCW6BBk20vavCgW4vWojToCemwgbOVOBQ4nrSrP62macLox7mZIOpmUG8AyNci5oeb1eVQ2KIBNys0plBRUPQu8tEthjfEy7bcVB1jKq21WAGVHPM=&u=U2FsdGVkX1+30zifXU5g3OQ+6j/DftTQPk+HZYoNi2g=&y=U2FsdGVkX18Ql6qWFWN0bCsgdDFuiNjgZ27bq1PnWArK9UNMueanEqPr8FcGIZsR HTTP/1.1" 200 1863
186.102.63.198 - - [06/Oct/2022:05:05:41 -0500] "GET /kwssiamovil/sm/acme/s?s=U2FsdGVkX18UUhA1ZUKjcd0CducUy9YfYDcJg13INI7T1615UhfGlgXP6w/13jMklhvWvHT6vHJrzQ/HuLrDWcpAyjaw5KeuVU6cpVD94j/8lbKqzLgfK7Dpl7+ZDwcegki8wZUek6QvdAwbkWic5QStQh0ry2A5altUo3X0giY8hZwK56RAYziYFS77R46logsP057OJ9GbA7BYlPvJo6+laKmJbHBh91GjcZxD/4UROkKe5M5uwaGLmK7ittkqjWYSvWEEM2bDsM1jzfCrVAknwppHle90avPg3Rsf5co4SAV7CqM+ut55+g03W0L56GwQuTFG31fRC1qA7twlxlcGN6k3cjRWkQso99J+bQo=&u=U2FsdGVkX1+30zifXU5g3OQ+6j/DftTQPk+HZYoNi2g=&y=U2FsdGVkX18Ql6qWFWN0bCsgdDFuiNjgZ27bq1PnWArK9UNMueanEqPr8FcGIZsR HTTP/1.1" 200 196
186.102.63.198 - - [06/Oct/2022:05:05:41 -0500] "GET /kwssiamovil/sm/cjson/pre?f=1&x=U2FsdGVkX18vxHm0EiDsf457ZiRYa9fogHBfYzVF+pjzOVtgLHuu5wNQRN+kyw9M HTTP/1.1" 200 30992
201.245.192.253 - - [06/Oct/2022:05:05:59 -0500] "POST /kwsrmcab/Wsrmcab  HTTP/1.1" 200 42483
186.102.63.198 - - [06/Oct/2022:05:06:10 -0500] "GET /kwssiamovil/sm/ldap/au?x=U2FsdGVkX1/p0DvuAW0Kel+6icUC3l4B0mR7WtUFVk+2Wkl2IVwoFfA5YmZTuO21&y=U2FsdGVkX18IBDA+I8URqm0v6xynQc878KwRKFjwpnpnrcay993zfko5rshkDFQt HTTP/1.1" 200 30
186.102.63.198 - - [06/Oct/2022:05:06:10 -0500] "GET /kwssiamovil/sm/acme/s?s=U2FsdGVkX1+YQHmv94ULe9QiNlayVtZcxfKYKyip9G0U2o3FS0JwM818kX7JX/8oo+ZvYxtwNLeJv8Z3FCZrSl5Jb/2m31aXr9JjP2WQ2q4=&u=U2FsdGVkX1+QfrwcZwZGZyEtgN3H1Hid/SVAtJjmsno=&y=U2FsdGVkX18IBDA+I8URqm0v6xynQc878KwRKFjwpnpnrcay993zfko5rshkDFQt HTTP/1.1" 200 97
186.102.63.198 - - [06/Oct/2022:05:06:10 -0500] "GET /kwssiamovil/sm/acme/s?s=U2FsdGVkX1/P01byGKXYF7ahQ0ewLhzTkva8WaKvOdyuJ0RyZ/io68rkSngA7DZtMboZwAtK7e4KmehVjdFePvZR9Tdgnx3v19pFGLuBN8bojGhNgYW8ExxXLylNlmOJdmfL12TAXwfTlGI9f3qPr+CCwODbu2acikwUekqOrMuZs251QvvcCONg4khvCr05RTQfVSCZkqZZjK7nH1v/mEzejyuDEON31q8QDl4jeacQ4hWx7lgznaEPuWctEBk4ntYybKV231rdRKFkxSDmedBNyF104W9fz08EeAoz0TVC/dFHKYfqAykt0kBwnMSiAKtWu0+8/3IOuhTcwLjXTI2sSJO/3sJy0QrPaMBa67P4lUF7jR5NfyXMctzBy9Ru5zdL6T4Y0KxOyYDNHK63zKWFXgAsFgo+AtGdvHKiWHuBm9N1rFBsRiCILH6Dw5q3+Pm49h6DG05tOpF24ZU6ToXbLPhtLAlXddQedFLo1vqOzIGgQZCGE445/UJn5KyZIo6E8NUhgSAOXw0aMLAwCxZlWbiFDIUG/6JMVKK2JDxkgcaDzmv/gQ+qU1FQihbZxkh+03/IDqrgXw+qfNOO8fHvd0bvNfFjlkV8qxmB+gAX1jlGWP0SOBa3hJQM1qeDaLCdIlWJYefVVp3q00dx2CVVjbJ5iU/K+IyGDMddhwNqMikHlnCbSBBuVDTieyxZKuPIySJBWIyDXzQMyVH4XsWqyrQ+3qizvfLfvFt96RJT0CCGaBFD912ymmRtojisQ9qbh51y6Dl3of+PCYo1xO5I7reAnFCH7suMTxO4N9AbA7kPc6R2WLRFNp74o48s3rGhxEDx/7OkdyYh+tU2lZHorKi3nFHwjG7LyNagJOnggFiebCqF5YvCgb7id5N4w1m6PJE0354mx97PWeR3tT2+G7eKSLnUBZnujXgbVXKJiQxC8zIOovCsa8v1rBzmYulX8BY1ZD5VB3paMgrR1rK11FzIiBEyhvRrGL+WNXAgglxT/MYqTIVsybx30H+tI+ugRZnTIlY0Q35TDjPB7iq3hWG3pFHd5oigg5HH7amxAjx05M2t3T18EHlexFIPQO7P4WPJ1arM+YyYT26KFqZkN54ILj6OtxLdc3jX7pJ9qNSqVKtpM4XIBoKYe0sOzjYtJ//QzttZMGgX+hKJYhV3VZRDTSISpOcjmiN3yidqTDCY3+l6pxVqt8VRuMti94CgJTPA3/KxFZN5Q8A1jO+sIXj8l5TW7YqrZcf7HlidjvJ4DZE9oKGarLjn/bjIQaqdPzov6FK+bJDRr5YqEZNT6YxVa+fL7j9JoeZuooOgCiWfaecdMd+jARuL/tpdnVXbEHFb/klHrrGcdBPCy4w0RJC7+XTB/2uDkQHMmNSvKv53kB4Maj2JbaaLCjvOoJxftjfvYsFgYswHE1oduILa7zJ4d7iy7SRklY+6BFk=&u=U2FsdGVkX1+QfrwcZwZGZyEtgN3H1Hid/SVAtJjmsno=&y=U2FsdGVkX18IBDA+I8URqm0v6xynQc878KwRKFjwpnpnrcay993zfko5rshkDFQt HTTP/1.1" 200 1863
186.102.63.198 - - [06/Oct/2022:05:06:11 -0500] "GET /kwssiamovil/sm/acme/s?s=U2FsdGVkX181h8bUYnAFi0dSwP/GraYyTo6pMWFwzMsK2or6wfCZ1QOLBaUR2fjTHWMZJzUQGQAJPC7bZTb/lId41yCiLt7PJnoWDKoqOrWR7BAwrGc9blIlrrzrdKT0eYf6K1SEcs5OvTUDYtCqEMNXz0IecWBaV8IzgxTJ3Bh74bp/RIw7vUe5OUNMviKmP92J9+mRMpD3qaXhCy+1KCMN3utHGzi6scwLOs28Ytt0na9GjTvP6XwRC1IYPPEBlxiIJpjkuQbCVTcH0oJhhy9XGhv1HRcU5jDKl71gD2Z+/oQDId+fS9ZKzCl87UES5h3U1JxioFxapuac7s3KN/5+9duqSffpUFCtLYUvbkw=&u=U2FsdGVkX1+QfrwcZwZGZyEtgN3H1Hid/SVAtJjmsno=&y=U2FsdGVkX18IBDA+I8URqm0v6xynQc878KwRKFjwpnpnrcay993zfko5rshkDFQt HTTP/1.1" 200 196
186.102.63.198 - - [06/Oct/2022:05:06:11 -0500] "GET /kwssiamovil/sm/cjson/pre?f=1&x=U2FsdGVkX1/p0DvuAW0Kel+6icUC3l4B0mR7WtUFVk+2Wkl2IVwoFfA5YmZTuO21 HTTP/1.1" 200 30992
207.46.13.89 - - [06/Oct/2022:05:06:43 -0500] "GET /sipse/faces/autenticacion.xhtml HTTP/1.1" 200 12501
207.46.13.40 - - [06/Oct/2022:05:07:26 -0500] "GET /appsia/controlador HTTP/1.1" 200 4799
186.102.63.198 - - [06/Oct/2022:05:07:35 -0500] "GET /kwssiamovil/sm/acme/u?s=U2FsdGVkX18ZDk7Ngau7hbuDWsu+ABkJaXnJz6kVoYHwtXW1hOKVW1CPDUi6k9EW3OGN39+DvWQDkJ52a7dQOLqNAj854p9Y4Ajb0F+DkVHvWqorydHZ7/E94yg8k13BbN4QUg33g/d0XSP92NT9AQ==&u=U2FsdGVkX1+QfrwcZwZGZyEtgN3H1Hid/SVAtJjmsno=&y=U2FsdGVkX18IBDA+I8URqm0v6xynQc878KwRKFjwpnpnrcay993zfko5rshkDFQt HTTP/1.1" 200 60
172.22.2.4 - - [06/Oct/2022:05:07:39 -0500] "GET /BLA/boletinlegal/actos.php HTTP/1.1" 200 9566
157.55.39.202 - - [06/Oct/2022:05:07:49 -0500] "GET /appsia/css/estilos.css HTTP/1.1" 200 4804
216.245.221.92 - - [06/Oct/2022:05:07:54 -0500] "HEAD / HTTP/1.1" 200 -
172.22.2.4 - - [06/Oct/2022:05:07:55 -0500] "GET /BLA/boletinlegal/styles2.css HTTP/1.1" 200 1838
207.46.13.84 - - [06/Oct/2022:05:07:58 -0500] "GET /appsia/scripts/validarIngreso.js HTTP/1.1" 200 851
172.22.2.4 - - [06/Oct/2022:05:08:00 -0500] "GET /BLA/boletinlegal/js/lib.js HTTP/1.1" 200 6474
172.22.2.4 - - [06/Oct/2022:05:08:00 -0500] "GET /BLA/boletinlegal/js/ajax_actos.js HTTP/1.1" 200 1322
172.22.2.4 - - [06/Oct/2022:05:08:00 -0500] "GET /BLA/boletinlegal/js/jquery1.js HTTP/1.1" 200 29846
172.22.2.4 - - [06/Oct/2022:05:08:00 -0500] "GET /BLA/boletinlegal/js/popup.js HTTP/1.1" 200 1270
172.22.2.4 - - [06/Oct/2022:05:08:10 -0500] "GET /BLA/boletinlegal/niceforms-default.css HTTP/1.1" 200 6694
172.22.2.4 - - [06/Oct/2022:05:08:10 -0500] "GET /BLA/boletinlegal/niceforms.js HTTP/1.1" 200 22876
223.71.167.164 - - [06/Oct/2022:05:08:42 -0500] "GET / HTTP/1.1" 200 319
172.22.2.4 - - [06/Oct/2022:05:09:07 -0500] "GET /BLA/boletinlegal/Circulares/2019/Circular%20No.%200003%20del%2031%20de%20Enero%20de%202019.pdf HTTP/1.1" 304 -
172.22.2.4 - - [06/Oct/2022:05:09:08 -0500] "GET /BLA/boletinlegal/Directivas/2014/Directiva%20No.%202%20del%205%20de%20Mayo%20de%202014.pdf HTTP/1.1" 200 591315
66.249.73.127 - - [06/Oct/2022:05:09:30 -0500] "-" 408 -
172.22.2.4 - - [06/Oct/2022:05:08:43 -0500] "HEAD /BLA/boletinlegal/ HTTP/1.1" 200 -
201.245.192.253 - - [06/Oct/2022:05:10:58 -0500] "POST /kwsrmcab/Wsrmcab  HTTP/1.1" 200 42483
172.22.2.4 - - [06/Oct/2022:05:09:33 -0500] "GET /BLA/boletinlegal/ HTTP/1.1" 200 59828
216.245.221.92 - - [06/Oct/2022:05:12:54 -0500] "HEAD / HTTP/1.1" 200 -
201.245.192.253 - - [06/Oct/2022:05:15:57 -0500] "POST /kwsrmcab/Wsrmcab  HTTP/1.1" 200 42483
152.89.196.211 - - [06/Oct/2022:05:16:11 -0500] "GET /vendor/phpunit/phpunit/src/Util/PHP/eval-stdin.php HTTP/1.1" 404 1018
172.22.2.4 - - [06/Oct/2022:05:14:33 -0500] "HEAD /BLA/boletinlegal/ HTTP/1.1" 200 -
87.250.224.81 - - [06/Oct/2022:05:16:31 -0500] "-" 408 -
172.22.2.4 - - [06/Oct/2022:05:15:23 -0500] "GET /BLA/boletinlegal/ HTTP/1.1" 200 55630
66.249.73.127 - - [06/Oct/2022:05:17:06 -0500] "-" 408 -
216.245.221.92 - - [06/Oct/2022:05:17:54 -0500] "HEAD / HTTP/1.1" 200 -
191.95.54.251 - - [06/Oct/2022:05:20:12 -0500] "GET /si-tienes-ropa-y-calzado-que-ya-no-usas-aca-te-presentamos-seis-puntos-a-donde-los-puedes-llevar.html HTTP/1.1" 200 872
199.16.157.183 - - [06/Oct/2022:05:20:45 -0500] "GET /distrito-academia-y-sector-privado-plantaron-100-arboles-para-conmemorar-el-dia-de-la-tierra.html HTTP/1.1" 200 1066
199.16.157.183 - - [06/Oct/2022:05:20:45 -0500] "GET /images/actividades-dia-tierra-22-abril.jpg HTTP/1.1" 200 77276
190.145.240.113 - - [06/Oct/2022:05:20:57 -0500] "GET /si-tienes-ropa-y-calzado-que-ya-no-usas-aca-te-presentamos-seis-puntos-a-donde-los-puedes-llevar.html HTTP/1.1" 200 872
201.245.192.253 - - [06/Oct/2022:05:20:56 -0500] "POST /kwsrmcab/Wsrmcab  HTTP/1.1" 200 42483
186.102.55.238 - - [06/Oct/2022:05:21:34 -0500] "GET /kwssiamovil/sm/acme/a?s=U2FsdGVkX19f3p7VK95CPj8Z5Ms/dF+DYrXX/Py15MxHjtkT59vQoPtAErfPOUJ/QifkBXKZ3GvwToSH6Jp14X27ZE9Tc1XBSzJQPBQBizwvtflN6Dn9ByD0jU1X+ZwX1l6nrzVRlHezNrvkO2KE/b63XAeBqUt9RkkpUqC9LSeCHSiUw8NPHVLfQI3PR20F9oz7GtTHUOaawt/DVrxNNnxYZar7KdfcbarvGdLa2Wq0sDbtjaNWBcyitK6tJ2MkdXx+sGZPho+eLMJE236yyw==&u=U2FsdGVkX1/v9aiYcoyRDUIdiIOGKqpxaq4Bl3vfVbjrvHTZemefPl53AxdQuq/T&y=U2FsdGVkX19+OHzhUuZfUiVB6I5CNXaSdJozRGYNSVQfLMZEikBSaC5EdiDgCgLh HTTP/1.1" 200 25
186.102.55.238 - - [06/Oct/2022:05:21:35 -0500] "GET /kwssiamovil/sm/acme/a?s=U2FsdGVkX19Zq3ZBV31VSQpyZxmeWt3MPgZxdGPHNxV8A1WykbUrZ1StR1UtEHdfiRB7IHNIIqBhy33KECWkZG+DIq0YzWkhTIBkDcxsRfGt3TKPOF+wjLF+nnI73cZIsqU4lrXrENY3tycdd9UBmyxlQRBT3wyPPNmaGEvLNHog0ZHPDuXNvIYLhNR2OH2jMSDrZOjrGgyd8RGXJ5p10eZe+US0xojPw9zN1C1V3RLUhc97epzRR+j52e178EBX21dZExZtIa7MnbY5XuRfzp5iHe8fT3yocODbtiCGXGMvrQC4I8z2J+T9cHo9POo04z4hqHdSapqn62O69l3LOImoWEQupyaAwg5R10FIaBdtdKuogOVuMB2Be9+XQaa77xeNfrwGPs0vAHT3H3ba/2CgorAzrg0SsVYh888VSVeS+eJuEQk0CDXtN1YSWbhpBaRPNQLmib/dN3MX1fbvbaREkSkPrPuU4kaez2++F6M6K8K886D9E5foUXjwLiP5vmbHweskVGzai0SnU2CvO0o1rGOMUpknQ18FQ2cdYZFwU/SPmfYU18UNZlP8M+MenqSTFZcr/6JP5fgD+neLGAAG+qhSmhkfGahlWrMe/Ve6WtjigxHcTnVo09VdRqL+mshd7vEuNP+E8uXvf5rFMfEkB0RWcPQq3zWBgi1a3G2RQ/9mGbAJQVDf6BWlmJuxTV/egLcbnvjWEDCswTGeJQjolL4pY9ZQJycEPJxYFnBPGKWyuL4laBdXd/H3Szti7UiysPNQRt7Nf9eVOJuYibNrHoskPFQhhWo8Xkz+dbSH5rTLuo3j09IPngXtFZsigzaI/RLIY3uFICtuHqlummNw4pcyNhi18UWJ394qyXvJ4kCGoASkmCj4Xyke06qFA1JdUy854wFDzhZHRggSMplyQCFQGc1EczmzjmI4zMXDZrUpDsvnzWlsbfENXo47Q1KjmlomcFkj27qc8ILFzrTrfmrGHCrNfCQPvzDJe8ThWoY6w1Iw0Gq1ZBxRpoAsQieacLHHt5eN/H0Pss3ryHjjw368wU5C/LOHG6HWHFInYwugMMQ4R+erp7MaWcQ5GSbVQZcsUC+5ez0ZCbautSVW5/8aGeAnVyCmNP+L7ZO2B+DHSH37XBYz+KFAA8ZhMEsW4mqZDHFlVjCo1puWM6i4+sG5AbbP+Y6aNssp9Ru+qSPuhGv9OKjhy//qDbSHP37bPYDDSbDHAY+EBkhb2z4asq+E8CXHz5AnzxGhtsvgSF1eYRafK3mP8oWfQMRGnKK8yBfKigiE0p+BEdn7+HW6VRg2cHow8osf3RhbgltwT70oas1KjVMqi06wxWLj+rVLLzy+lpoqtBToAME78R0mCmMdxHFvVI1HxXv4KK5Oe33IMeC3JTzRfPU5GH2C9VBNcIRrTeqAnQ1mSB/NoDVPSnj9SvsJT5hkE2aSAFjoOkNF91W0jbWgU9/F1LMh+GFyS9WuSrRUfTGi+JVw7JEZSINmCoK7Il8kK1ktfMsRMWohUcuIgEQHtohlYY7tHkRQLGt0xQi5PC9KQMRaeaUjVZa8u0p2KW0sVpok3fx9AnYLwoxjySrfB1cHNmQ+4V+ex0S1ZwedCqCXgbk9Zl4CMCLXo45CEgcBZw6up4HUWZD4ur2eRpMdHuj0HQl+tz/x4wvB45X5qTRmJLKph64gZjGjERZE7OeNlWJax/azPx9l+fTxshZxxkx7iYxCxi8zbdDWiGLVcEjTOS0lsQHrTI4DicZgL8CxPHvjot3iBoDCAKK+mOUjNROFFk5Z2YRFybSzFjFQqB5KfEQFIFchZXhSSKfQUk7nfwB7pUQndAcoizBQ8G3Sxw2QU5iZ1TpSOj4DTVOmqnIpQWrUvIUtFIyPvah33qXMiaKQGABN0SJEZJ1NUaVtN1ye0HY1Mm/aRbJGaZmnCXo1dNEXOSoxlD/LeKhAHfi+R+ZAtUzv9W1vUO6NgIcq3dgF5vx2Fr2LUbPH32TiqKEc6yVnj26MufjxGOM/wGNbUcSB1K0EVZp4HgNZtWWP9rE5DXQe42gugrb/gWxWHBBHOr1Dxu2iK8LstZIA8ZVC3S/L3e3DyOLutCUUIefgqQTUVWdDi8cwAOS3riXYWCqywhC2IbbIJS7ESNZ3MQux3tQEa64/asF6leRKAmxTuhqabHz7851xoR1J+6tkSczjmPBYPhnK/SjnJHA9INvT67A2dy4/yEZ/2/xFr0Ztv16tfl+Rl8IUhSaKMPo5CYYbPSpGvQ==&u=U2FsdGVkX1/v9aiYcoyRDUIdiIOGKqpxaq4Bl3vfVbjrvHTZemefPl53AxdQuq/T&y=U2FsdGVkX19+OHzhUuZfUiVB6I5CNXaSdJozRGYNSVQfLMZEikBSaC5EdiDgCgLh HTTP/1.1" 200 25
186.102.55.238 - - [06/Oct/2022:05:21:35 -0500] "GET /kwssiamovil/sm/acme/a?s=U2FsdGVkX1+eXpBi3e/RtVANN7EWCX6W9TfAeiGT9bFb5HFX70549IYjRpbhWb9FHehYg3UBAw4TbnSRkNs64fO976W2/KUklKq/NaRtbLC85ZWp7T9g+leNCe/o3k9ol9S11v8WX4msNhmDuPVvuQMG6Hjvhqioo0mPmTkiS4M=&u=U2FsdGVkX1/v9aiYcoyRDUIdiIOGKqpxaq4Bl3vfVbjrvHTZemefPl53AxdQuq/T&y=U2FsdGVkX19+OHzhUuZfUiVB6I5CNXaSdJozRGYNSVQfLMZEikBSaC5EdiDgCgLh HTTP/1.1" 200 25
