65.108.11.66 - - [08/Oct/2022:09:14:36 -0500] "GET /portaldeninos/wp-content/plugins/gallery-videos/JS/Total-Soft-Gallery-Video-Widget.js?ver=4.9.8 HTTP/1.1" 200 80264
65.108.11.66 - - [08/Oct/2022:09:14:36 -0500] "GET /portaldeninos/wp-includes/js/jquery/ui/sortable.min.js?ver=1.11.4 HTTP/1.1" 200 24899
65.108.11.66 - - [08/Oct/2022:09:14:37 -0500] "GET /portaldeninos/wp-content/themes/betheme/js/menu.js?ver=20.9.6 HTTP/1.1" 200 2449
65.108.11.66 - - [08/Oct/2022:09:14:37 -0500] "GET /portaldeninos/wp-content/themes/betheme/assets/animations/animations.min.js?ver=20.9.6 HTTP/1.1" 200 1896
65.108.11.66 - - [08/Oct/2022:09:14:37 -0500] "GET /portaldeninos/wp-includes/js/wp-embed.min.js?ver=4.9.8 HTTP/1.1" 200 1398
65.108.11.66 - - [08/Oct/2022:09:14:37 -0500] "GET /portaldeninos/wp-includes/js/wp-emoji-release.min.js?ver=4.9.8 HTTP/1.1" 200 12026
65.108.11.66 - - [08/Oct/2022:09:14:37 -0500] "GET /portaldeninos/wp-content/themes/betheme/assets/jplayer/jplayer.min.js?ver=20.9.6 HTTP/1.1" 200 52702
65.108.11.66 - - [08/Oct/2022:09:14:37 -0500] "GET /portaldeninos/wp-content/themes/betheme/js/scripts.js?ver=20.9.6 HTTP/1.1" 200 77162
65.108.11.66 - - [08/Oct/2022:09:14:36 -0500] "GET /portaldeninos/wp-content/themes/betheme/js/plugins.js?ver=20.9.6 HTTP/1.1" 200 197151
201.245.192.253 - - [08/Oct/2022:09:15:21 -0500] "POST /kwsrmcab/Wsrmcab  HTTP/1.1" 200 42483
201.245.192.253 - - [08/Oct/2022:09:15:32 -0500] "POST /forms/lservlet;jsessionid=ac16012b30d6ea5df428bf7241a4a856869f6bcc81b4.e3iSbxaKaheRe38KaNqMbh8Mc3f0n6jAmljGr5XDqQLvpAe HTTP/1.1" 200 2
172.22.2.4 - - [08/Oct/2022:09:15:17 -0500] "HEAD /BLA/boletinlegal/ HTTP/1.1" 200 -
201.245.192.253 - - [08/Oct/2022:09:17:32 -0500] "POST /forms/lservlet;jsessionid=ac16012b30d6ea5df428bf7241a4a856869f6bcc81b4.e3iSbxaKaheRe38KaNqMbh8Mc3f0n6jAmljGr5XDqQLvpAe HTTP/1.1" 200 2
216.245.221.92 - - [08/Oct/2022:09:17:45 -0500] "HEAD / HTTP/1.1" 200 -
172.22.2.4 - - [08/Oct/2022:09:16:07 -0500] "GET /BLA/boletinlegal/ HTTP/1.1" 200 58575
186.113.66.79 - - [08/Oct/2022:09:18:21 -0500] "GET /si-tienes-ropa-y-calzado-que-ya-no-usas-aca-te-presentamos-seis-puntos-a-donde-los-puedes-llevar.html HTTP/1.1" 200 872
207.46.13.84 - - [08/Oct/2022:09:18:27 -0500] "GET /BLA/resoluciones/2002RES122.tif HTTP/1.1" 404 1018
201.245.192.253 - - [08/Oct/2022:09:19:32 -0500] "POST /forms/lservlet;jsessionid=ac16012b30d6ea5df428bf7241a4a856869f6bcc81b4.e3iSbxaKaheRe38KaNqMbh8Mc3f0n6jAmljGr5XDqQLvpAe HTTP/1.1" 200 2
201.245.192.253 - - [08/Oct/2022:09:20:20 -0500] "POST /kwsrmcab/Wsrmcab  HTTP/1.1" 200 42483
80.94.92.231 - - [08/Oct/2022:09:21:13 -0500] "GET / HTTP/1.1" 200 319
201.245.192.253 - - [08/Oct/2022:09:21:32 -0500] "POST /forms/lservlet;jsessionid=ac16012b30d6ea5df428bf7241a4a856869f6bcc81b4.e3iSbxaKaheRe38KaNqMbh8Mc3f0n6jAmljGr5XDqQLvpAe HTTP/1.1" 200 2
69.171.231.6 - - [08/Oct/2022:09:21:44 -0500] "GET /si-tienes-ropa-y-calzado-que-ya-no-usas-aca-te-presentamos-seis-puntos-a-donde-los-puedes-llevar.html HTTP/1.1" 206 872
69.171.231.4 - - [08/Oct/2022:09:21:45 -0500] "GET /si-tienes-ropa-y-calzado-que-ya-no-usas-aca-te-presentamos-seis-puntos-a-donde-los-puedes-llevar.html HTTP/1.1" 206 872
201.245.192.253 - - [08/Oct/2022:09:22:16 -0500] "POST /kwsrmcab/Wsrmcab HTTP/1.1" 200 44875
201.245.192.253 - - [08/Oct/2022:09:22:19 -0500] "POST /kwsrmcab/Wsrmcab HTTP/1.1" 200 44509
216.245.221.92 - - [08/Oct/2022:09:22:45 -0500] "HEAD / HTTP/1.1" 200 -
172.22.2.4 - - [08/Oct/2022:09:21:07 -0500] "HEAD /BLA/boletinlegal/ HTTP/1.1" 200 -
172.22.2.4 - - [08/Oct/2022:09:23:04 -0500] "GET /BLA/boletinlegal/actos.php HTTP/1.1" 200 9566
23.100.232.233 - - [08/Oct/2022:09:23:13 -0500] "GET /bla/resoluciones/resoluciones%202022/0313.pdf HTTP/1.1" 200 392814
172.22.2.4 - - [08/Oct/2022:09:23:19 -0500] "GET /BLA/boletinlegal/consulta_actos.php?tipo=resoluciones&no=5436&usuario=&sector=&fecha=2021&resuelve= HTTP/1.1" 200 626
172.22.2.4 - - [08/Oct/2022:09:23:20 -0500] "GET /BLA/boletinlegal/consulta_actos.php?tipo=resoluciones&no=5436&usuario=&sector=&fecha=2021&resuelve= HTTP/1.1" 200 626
201.245.192.253 - - [08/Oct/2022:09:23:32 -0500] "POST /forms/lservlet;jsessionid=ac16012b30d6ea5df428bf7241a4a856869f6bcc81b4.e3iSbxaKaheRe38KaNqMbh8Mc3f0n6jAmljGr5XDqQLvpAe HTTP/1.1" 200 2
172.22.2.4 - - [08/Oct/2022:09:21:57 -0500] "GET /BLA/boletinlegal/ HTTP/1.1" 200 56376
172.22.2.4 - - [08/Oct/2022:09:24:01 -0500] "GET /BLA/boletinlegal/consulta_actos.php?tipo=resoluciones&no=5436&usuario=&sector=&fecha=2021&resuelve= HTTP/1.1" 200 626
172.22.2.4 - - [08/Oct/2022:09:24:19 -0500] "GET /BLA/boletinlegal/consulta_actos.php?tipo=autos&no=0332&usuario=&sector=&fecha=2014&resuelve= HTTP/1.1" 200 1072
186.30.89.32 - - [08/Oct/2022:09:24:58 -0500] "GET /BLA/boletinlegal/js/jquery.scrollShow.js HTTP/1.1" 200 4586
186.30.89.32 - - [08/Oct/2022:09:24:58 -0500] "GET /galeria/galeria/jquery.fancybox.css?v=2.1.5 HTTP/1.1" 200 4895
186.30.89.32 - - [08/Oct/2022:09:24:58 -0500] "GET /galeria/galeria/jquery.fancybox.js?v=2.1.5 HTTP/1.1" 200 48706
190.158.128.143 - - [08/Oct/2022:09:25:06 -0500] "GET /si-tienes-ropa-y-calzado-que-ya-no-usas-aca-te-presentamos-seis-puntos-a-donde-los-puedes-llevar.html HTTP/1.1" 200 872
201.245.192.253 - - [08/Oct/2022:09:25:19 -0500] "POST /kwsrmcab/Wsrmcab  HTTP/1.1" 200 42483
201.245.192.253 - - [08/Oct/2022:09:25:32 -0500] "POST /forms/lservlet;jsessionid=ac16012b30d6ea5df428bf7241a4a856869f6bcc81b4.e3iSbxaKaheRe38KaNqMbh8Mc3f0n6jAmljGr5XDqQLvpAe HTTP/1.1" 200 2
201.245.192.253 - - [08/Oct/2022:09:27:32 -0500] "POST /forms/lservlet;jsessionid=ac16012b30d6ea5df428bf7241a4a856869f6bcc81b4.e3iSbxaKaheRe38KaNqMbh8Mc3f0n6jAmljGr5XDqQLvpAe HTTP/1.1" 200 2
216.245.221.92 - - [08/Oct/2022:09:27:45 -0500] "HEAD / HTTP/1.1" 200 -
172.22.2.4 - - [08/Oct/2022:09:26:57 -0500] "HEAD /BLA/boletinlegal/ HTTP/1.1" 200 -
173.252.107.9 - - [08/Oct/2022:09:28:58 -0500] "GET /distrito-declara-alerta-ambiental-por-calidad-del-aire-y-apoyara-extincion-de-incendios-en-la-amazonia.html HTTP/1.1" 206 928
172.22.2.4 - - [08/Oct/2022:09:27:47 -0500] "GET /BLA/boletinlegal/ HTTP/1.1" 200 56014
201.245.192.253 - - [08/Oct/2022:09:29:32 -0500] "POST /forms/lservlet;jsessionid=ac16012b30d6ea5df428bf7241a4a856869f6bcc81b4.e3iSbxaKaheRe38KaNqMbh8Mc3f0n6jAmljGr5XDqQLvpAe HTTP/1.1" 200 2
201.245.192.253 - - [08/Oct/2022:09:30:18 -0500] "POST /kwsrmcab/Wsrmcab  HTTP/1.1" 200 42483
201.245.192.253 - - [08/Oct/2022:09:31:32 -0500] "POST /forms/lservlet;jsessionid=ac16012b30d6ea5df428bf7241a4a856869f6bcc81b4.e3iSbxaKaheRe38KaNqMbh8Mc3f0n6jAmljGr5XDqQLvpAe HTTP/1.1" 200 2
201.245.192.253 - - [08/Oct/2022:09:32:16 -0500] "POST /kwsrmcab/Wsrmcab HTTP/1.1" 200 44875
201.245.192.253 - - [08/Oct/2022:09:32:19 -0500] "POST /kwsrmcab/Wsrmcab HTTP/1.1" 200 44509
216.245.221.92 - - [08/Oct/2022:09:32:45 -0500] "HEAD / HTTP/1.1" 200 -
185.119.81.103 - - [08/Oct/2022:09:32:50 -0500] "GET /portaldeninos/wp-login.php HTTP/1.1" 200 2592
185.119.81.103 - - [08/Oct/2022:09:32:51 -0500] "POST /portaldeninos/wp-login.php HTTP/1.1" 200 3650
201.245.192.253 - - [08/Oct/2022:09:33:32 -0500] "POST /forms/lservlet;jsessionid=ac16012b30d6ea5df428bf7241a4a856869f6bcc81b4.e3iSbxaKaheRe38KaNqMbh8Mc3f0n6jAmljGr5XDqQLvpAe HTTP/1.1" 200 2
172.22.2.4 - - [08/Oct/2022:09:32:47 -0500] "HEAD /BLA/boletinlegal/ HTTP/1.1" 200 -
157.55.39.202 - - [08/Oct/2022:09:34:39 -0500] "GET /BLA/resoluciones/00000881.tif HTTP/1.1" 404 1018
172.22.2.4 - - [08/Oct/2022:09:33:37 -0500] "GET /BLA/boletinlegal/ HTTP/1.1" 200 57725
201.245.192.253 - - [08/Oct/2022:09:35:17 -0500] "POST /kwsrmcab/Wsrmcab  HTTP/1.1" 200 42483
201.245.192.253 - - [08/Oct/2022:09:35:32 -0500] "POST /forms/lservlet;jsessionid=ac16012b30d6ea5df428bf7241a4a856869f6bcc81b4.e3iSbxaKaheRe38KaNqMbh8Mc3f0n6jAmljGr5XDqQLvpAe HTTP/1.1" 200 2
23.100.232.233 - - [08/Oct/2022:09:36:05 -0500] "GET /transparencia/financiera/ejecucion%20presupuestal/vigencia%20actual/3.%20ejecucion%20de%20reservas%20marzo%202022.xlsx HTTP/1.1" 200 29026
207.46.13.213 - - [08/Oct/2022:09:36:47 -0500] "GET / HTTP/1.1" 200 4720
201.245.192.253 - - [08/Oct/2022:09:37:32 -0500] "POST /forms/lservlet;jsessionid=ac16012b30d6ea5df428bf7241a4a856869f6bcc81b4.e3iSbxaKaheRe38KaNqMbh8Mc3f0n6jAmljGr5XDqQLvpAe HTTP/1.1" 200 2
216.245.221.92 - - [08/Oct/2022:09:37:45 -0500] "HEAD / HTTP/1.1" 200 -
201.245.192.253 - - [08/Oct/2022:09:39:32 -0500] "POST /forms/lservlet;jsessionid=ac16012b30d6ea5df428bf7241a4a856869f6bcc81b4.e3iSbxaKaheRe38KaNqMbh8Mc3f0n6jAmljGr5XDqQLvpAe HTTP/1.1" 200 2
207.46.13.89 - - [08/Oct/2022:09:39:34 -0500] "GET /BLA/resoluciones/RESOLUCIONES%202021/2903.pdf HTTP/1.1" 304 -
172.22.2.4 - - [08/Oct/2022:09:38:37 -0500] "HEAD /BLA/boletinlegal/ HTTP/1.1" 200 -
201.245.192.253 - - [08/Oct/2022:09:40:16 -0500] "POST /kwsrmcab/Wsrmcab  HTTP/1.1" 200 42483
172.22.2.4 - - [08/Oct/2022:09:39:27 -0500] "GET /BLA/boletinlegal/ HTTP/1.1" 200 58163
201.245.192.253 - - [08/Oct/2022:09:41:32 -0500] "POST /forms/lservlet;jsessionid=ac16012b30d6ea5df428bf7241a4a856869f6bcc81b4.e3iSbxaKaheRe38KaNqMbh8Mc3f0n6jAmljGr5XDqQLvpAe HTTP/1.1" 200 2
201.245.192.253 - - [08/Oct/2022:09:42:16 -0500] "POST /kwsrmcab/Wsrmcab HTTP/1.1" 200 44875
201.245.192.253 - - [08/Oct/2022:09:42:19 -0500] "POST /kwsrmcab/Wsrmcab HTTP/1.1" 200 44509
216.245.221.92 - - [08/Oct/2022:09:42:45 -0500] "HEAD / HTTP/1.1" 200 -
173.252.83.23 - - [08/Oct/2022:09:43:20 -0500] "GET /galeria/galeria/fotos/diaSC7Peq.jpg HTTP/1.1" 200 18357
201.245.192.253 - - [08/Oct/2022:09:43:32 -0500] "POST /forms/lservlet;jsessionid=ac16012b30d6ea5df428bf7241a4a856869f6bcc81b4.e3iSbxaKaheRe38KaNqMbh8Mc3f0n6jAmljGr5XDqQLvpAe HTTP/1.1" 200 2
201.245.192.253 - - [08/Oct/2022:09:45:14 -0500] "POST /kwsrmcab/Wsrmcab  HTTP/1.1" 200 42483
201.245.192.253 - - [08/Oct/2022:09:45:32 -0500] "POST /forms/lservlet;jsessionid=ac16012b30d6ea5df428bf7241a4a856869f6bcc81b4.e3iSbxaKaheRe38KaNqMbh8Mc3f0n6jAmljGr5XDqQLvpAe HTTP/1.1" 200 2
172.22.2.4 - - [08/Oct/2022:09:44:27 -0500] "HEAD /BLA/boletinlegal/ HTTP/1.1" 200 -
199.16.157.183 - - [08/Oct/2022:09:46:51 -0500] "GET /atencion-mujeres-que-reverdecen-ya-inicia-la-segunda-fase.html HTTP/1.1" 200 857
199.16.157.181 - - [08/Oct/2022:09:46:51 -0500] "GET /images/Mujeres%20que%20reverdecen%201%20sept.jpeg HTTP/1.1" 200 134076
199.16.157.182 - - [08/Oct/2022:09:46:51 -0500] "GET /images/Mujeres%20que%20reverdecen%201%20sept.jpeg HTTP/1.1" 200 134076
172.22.2.4 - - [08/Oct/2022:09:45:17 -0500] "GET /BLA/boletinlegal/ HTTP/1.1" 200 59828
201.245.192.253 - - [08/Oct/2022:09:47:32 -0500] "POST /forms/lservlet;jsessionid=ac16012b30d6ea5df428bf7241a4a856869f6bcc81b4.e3iSbxaKaheRe38KaNqMbh8Mc3f0n6jAmljGr5XDqQLvpAe HTTP/1.1" 200 2
216.245.221.92 - - [08/Oct/2022:09:47:45 -0500] "HEAD / HTTP/1.1" 200 -
42.236.10.75 - - [08/Oct/2022:09:48:39 -0500] "GET / HTTP/1.1" 200 319
172.22.2.4 - - [08/Oct/2022:09:49:25 -0500] "GET /BLA/boletinlegal/consulta_actos.php?tipo=resoluciones&no=2070&usuario=&sector=&fecha=2021&resuelve= HTTP/1.1" 200 626
201.245.192.253 - - [08/Oct/2022:09:49:32 -0500] "POST /forms/lservlet;jsessionid=ac16012b30d6ea5df428bf7241a4a856869f6bcc81b4.e3iSbxaKaheRe38KaNqMbh8Mc3f0n6jAmljGr5XDqQLvpAe HTTP/1.1" 200 2
201.245.192.253 - - [08/Oct/2022:09:50:13 -0500] "POST /kwsrmcab/Wsrmcab  HTTP/1.1" 200 42483
201.245.192.253 - - [08/Oct/2022:09:51:32 -0500] "POST /forms/lservlet;jsessionid=ac16012b30d6ea5df428bf7241a4a856869f6bcc81b4.e3iSbxaKaheRe38KaNqMbh8Mc3f0n6jAmljGr5XDqQLvpAe HTTP/1.1" 200 2
172.22.2.4 - - [08/Oct/2022:09:50:17 -0500] "HEAD /BLA/boletinlegal/ HTTP/1.1" 200 -
216.245.221.92 - - [08/Oct/2022:09:52:45 -0500] "HEAD / HTTP/1.1" 200 -
172.22.2.4 - - [08/Oct/2022:09:51:07 -0500] "GET /BLA/boletinlegal/ HTTP/1.1" 200 59319
66.249.73.97 - - [08/Oct/2022:09:53:15 -0500] "-" 408 -
201.245.192.253 - - [08/Oct/2022:09:53:32 -0500] "POST /forms/lservlet;jsessionid=ac16012b30d6ea5df428bf7241a4a856869f6bcc81b4.e3iSbxaKaheRe38KaNqMbh8Mc3f0n6jAmljGr5XDqQLvpAe HTTP/1.1" 200 2
172.22.2.4 - - [08/Oct/2022:09:54:42 -0500] "GET /BLA/boletinlegal/consulta_actos.php?tipo=resoluciones&no=2070&usuario=&sector=&fecha=2021&resuelve= HTTP/1.1" 200 626
157.55.39.25 - - [08/Oct/2022:09:55:10 -0500] "GET /BLA/resoluciones/RESOLUCIONES%202002/RES%202002%20851-900/00000884.tif HTTP/1.1" 200 74786
201.245.192.253 - - [08/Oct/2022:09:55:13 -0500] "POST /kwsrmcab/Wsrmcab  HTTP/1.1" 200 42483
201.245.192.253 - - [08/Oct/2022:09:55:32 -0500] "POST /forms/lservlet;jsessionid=ac16012b30d6ea5df428bf7241a4a856869f6bcc81b4.e3iSbxaKaheRe38KaNqMbh8Mc3f0n6jAmljGr5XDqQLvpAe HTTP/1.1" 200 2
201.245.192.253 - - [08/Oct/2022:09:57:32 -0500] "POST /forms/lservlet;jsessionid=ac16012b30d6ea5df428bf7241a4a856869f6bcc81b4.e3iSbxaKaheRe38KaNqMbh8Mc3f0n6jAmljGr5XDqQLvpAe HTTP/1.1" 200 2
216.245.221.92 - - [08/Oct/2022:09:57:45 -0500] "HEAD / HTTP/1.1" 200 -
172.22.2.4 - - [08/Oct/2022:09:56:07 -0500] "HEAD /BLA/boletinlegal/ HTTP/1.1" 200 -
172.22.2.4 - - [08/Oct/2022:09:56:57 -0500] "GET /BLA/boletinlegal/ HTTP/1.1" 200 56732
172.22.2.4 - - [08/Oct/2022:09:59:13 -0500] "GET /BLA/boletinlegal/consulta_actos.php?tipo=resoluciones&no=5439&usuario=&sector=&fecha=2021&resuelve= HTTP/1.1" 200 626
172.22.2.4 - - [08/Oct/2022:09:59:16 -0500] "GET /BLA/boletinlegal/consulta_actos.php?tipo=resoluciones&no=5439&usuario=&sector=&fecha=2021&resuelve= HTTP/1.1" 200 626
172.22.2.4 - - [08/Oct/2022:09:59:17 -0500] "GET /BLA/boletinlegal/actos.php HTTP/1.1" 200 9566
172.22.2.4 - - [08/Oct/2022:09:59:29 -0500] "GET /BLA/boletinlegal/consulta_actos.php?tipo=resoluciones&no=5439&usuario=&sector=&fecha=2021&resuelve= HTTP/1.1" 200 626
201.245.192.253 - - [08/Oct/2022:09:59:32 -0500] "POST /forms/lservlet;jsessionid=ac16012b30d6ea5df428bf7241a4a856869f6bcc81b4.e3iSbxaKaheRe38KaNqMbh8Mc3f0n6jAmljGr5XDqQLvpAe HTTP/1.1" 200 2
157.55.39.202 - - [08/Oct/2022:09:59:42 -0500] "GET /BLA/resoluciones/RESOLUCIONES%202021/2987.pdf HTTP/1.1" 304 -
201.245.192.253 - - [08/Oct/2022:10:00:12 -0500] "POST /kwsrmcab/Wsrmcab  HTTP/1.1" 200 42483
201.245.192.253 - - [08/Oct/2022:10:01:32 -0500] "POST /forms/lservlet;jsessionid=ac16012b30d6ea5df428bf7241a4a856869f6bcc81b4.e3iSbxaKaheRe38KaNqMbh8Mc3f0n6jAmljGr5XDqQLvpAe HTTP/1.1" 200 2
207.46.13.190 - - [08/Oct/2022:10:02:23 -0500] "GET /BLA/resoluciones/RESOLUCIONES%202006/RES%202006%201-50/00000043.tif HTTP/1.1" 200 178026
216.245.221.92 - - [08/Oct/2022:10:02:45 -0500] "HEAD / HTTP/1.1" 200 -
201.245.192.253 - - [08/Oct/2022:10:03:32 -0500] "POST /forms/lservlet;jsessionid=ac16012b30d6ea5df428bf7241a4a856869f6bcc81b4.e3iSbxaKaheRe38KaNqMbh8Mc3f0n6jAmljGr5XDqQLvpAe HTTP/1.1" 200 2
172.22.2.4 - - [08/Oct/2022:10:01:57 -0500] "HEAD /BLA/boletinlegal/ HTTP/1.1" 200 -
172.22.2.4 - - [08/Oct/2022:10:02:47 -0500] "GET /BLA/boletinlegal/ HTTP/1.1" 200 59828
201.245.192.253 - - [08/Oct/2022:10:05:11 -0500] "POST /kwsrmcab/Wsrmcab  HTTP/1.1" 200 42483
66.249.73.127 - - [08/Oct/2022:10:05:16 -0500] "-" 408 -
201.245.192.253 - - [08/Oct/2022:10:05:32 -0500] "POST /forms/lservlet;jsessionid=ac16012b30d6ea5df428bf7241a4a856869f6bcc81b4.e3iSbxaKaheRe38KaNqMbh8Mc3f0n6jAmljGr5XDqQLvpAe HTTP/1.1" 200 2
23.100.232.233 - - [08/Oct/2022:10:05:46 -0500] "GET /galeria/galeria/jquery.fancybox.js?v=2.1.5 HTTP/1.1" 200 48706
23.100.232.233 - - [08/Oct/2022:10:05:46 -0500] "GET /galeria/galeria/jquery.fancybox.css?v=2.1.5 HTTP/1.1" 200 4895
207.46.13.89 - - [08/Oct/2022:10:05:48 -0500] "GET /Publicaciones/2022EE83623.pdf HTTP/1.1" 404 227
201.245.192.253 - - [08/Oct/2022:10:07:32 -0500] "POST /forms/lservlet;jsessionid=ac16012b30d6ea5df428bf7241a4a856869f6bcc81b4.e3iSbxaKaheRe38KaNqMbh8Mc3f0n6jAmljGr5XDqQLvpAe HTTP/1.1" 200 2
216.245.221.92 - - [08/Oct/2022:10:07:45 -0500] "HEAD / HTTP/1.1" 200 -
186.28.145.106 - - [08/Oct/2022:10:07:45 -0500] "GET /si-tienes-ropa-y-calzado-que-ya-no-usas-aca-te-presentamos-seis-puntos-a-donde-los-puedes-llevar.html HTTP/1.1" 200 872
172.22.2.4 - - [08/Oct/2022:10:07:47 -0500] "HEAD /BLA/boletinlegal/ HTTP/1.1" 200 -
201.245.192.253 - - [08/Oct/2022:10:09:32 -0500] "POST /forms/lservlet;jsessionid=ac16012b30d6ea5df428bf7241a4a856869f6bcc81b4.e3iSbxaKaheRe38KaNqMbh8Mc3f0n6jAmljGr5XDqQLvpAe HTTP/1.1" 200 2
201.245.192.253 - - [08/Oct/2022:10:10:10 -0500] "POST /kwsrmcab/Wsrmcab  HTTP/1.1" 200 42483
172.22.2.4 - - [08/Oct/2022:10:08:37 -0500] "GET /BLA/boletinlegal/ HTTP/1.1" 200 54823
207.46.13.84 - - [08/Oct/2022:10:10:53 -0500] "GET /BLA/resoluciones/00000863.tif HTTP/1.1" 404 1018
45.173.6.5 - - [08/Oct/2022:10:10:55 -0500] "GET /si-tienes-ropa-y-calzado-que-ya-no-usas-aca-te-presentamos-seis-puntos-a-donde-los-puedes-llevar.html HTTP/1.1" 200 872
200.118.63.43 - - [08/Oct/2022:10:11:06 -0500] "GET /kwssiamovil/sm/ldap/au?x=U2FsdGVkX1+YSg4Pq4XDTgqCcsfhhr3K452bxssBiJ7Hh/kJnMjlRj5KPp3xvRF4&y=U2FsdGVkX1+jIGXnuzzSWmaoxVQALNhSYubkroUsA/y3eu5L7/XoER7ETNhDpnl1 HTTP/1.1" 200 30
200.118.63.43 - - [08/Oct/2022:10:11:06 -0500] "GET /kwssiamovil/sm/acme/s?s=U2FsdGVkX1/DkoEsNDWluONS5vyf4cR6gj/a6xq529O8v5NunYL3MiSBK/CG6/EABx9A05WSg/TLssSdGxhYbWfCsLqYcwhvpY89ctdW7Ak=&u=U2FsdGVkX18AZkEJVWn0J4iolbeOwonbL7XxX0mEW5ToNCLaJuFy5VuDcZMd+LaW&y=U2FsdGVkX1+jIGXnuzzSWmaoxVQALNhSYubkroUsA/y3eu5L7/XoER7ETNhDpnl1 HTTP/1.1" 200 97
200.118.63.43 - - [08/Oct/2022:10:11:06 -0500] "GET /kwssiamovil/sm/acme/s?s=U2FsdGVkX18QZokw8MADeLc/PCwmv8b8dovht4FDpz/o3gJB5vbC5PxxdWfwsN3l6t56T7hjOn8C9RWRwTJ7eCKi9NJ3zgopw93ZHKosmdNt5NElq52SX1B373ifxp4unrr9w+tBLhNgJnWRRCO8ZHw8eFmsdorcxljApkF7g5bdXbBXh1j8IxYm66ZsUV7Rr4qJHHeCwHnlpdr5pau02noTYWBtZwrA16ziMsTlZyx4g6V3Dk13J35DdVIc6mtY6WFc3NqmuvE1SN2khjrJsi/QYAAe39TTQAIVeSid2j0uHA7X5EXzVptnREdjUXebE63LfB4umOeuXNMZsLGvMWabGU43fOALak5Y3DeAzacNQjW7Ntsc/sHGk0rKgx+nMNLBzHzSb4qNjb6q9g2Iw5pl4yNTtfhyuSjiLdA8qtwLqsGoE4SHdHzwMlNO1RGcs5AswILC5zyq1kr06mfXzayi26gHSEWGdqCvilWDgyZmm6J6xW4xDVzgXLXMw3E3i9kRUXRexpuezXrsx1QuL+kUDAPZ1ssaObEDSPYvzGi9Iz0UUhMNh+CNBudiwYBh7fZx+15m98AAcqGZ7Pr00iShapcy0auwRX8Uu+5zOn4Zf21VkleRacdd1mPoFqraFpaBF2rpiLUeioX2bTX75e9/u8qklagAf2KKjna39fHs7WH2w+BEQ/B1c4zrRzPtiZKVwBI6//k14FrBNBVqNLbqbMSxRTihsEUUr38y5nMonYv+JI2Y5t/DiAM4rVMvPl4SiwE1mlaHFY/TIGC5WB4f7OtLcqEmmdh+3I7bDiGnRdOpCZmnbGKIt8JtdD09X7DSpNZB/BuKmJKpZyN95L/4FT5w3RW+7NweeNSYFSF6m96PeclZht04yr31mC0V2wVIeVPQVvjHLMBXZQYW46FTfwZ42FrhMeZtMnX6WLoYc/4RJfPOZwqWVSfRbcafv/36KrJGIc4/3F2G708DDIzzo0E2iF7MXj9gSjrBjBHG0D9IxU9f5BNtn9YXE2u8PTbu/OxRH0JKRsZy9DSAyPllFsb/GSu9wVm+D0+w7VefIFck6YvIIhr8sWT6tfB038nEBkTfPoQRV8Micsv1yi4w3gyiVpNEwyrRqTpgKe85lPLT7s8ezkgL9zALUN9Wkh+4eONfKmExbKyHq74aVsrvw+hfscgM5HvZZdOQB8Hgqy2muX3XHRZsM9Lfyu18xN3m8Uf9Otci1QAyQYRMJzK6xVr+uWemthRSp6XvaK/qb2owbaBa9T6KdxWHDSaWJe+zVyIm6GmX1AfVvlLXumf3/eDC6gYQycPvYpmbNvLMnX56WbRPMlEj2//mGc1RFloVgbnKCZ3pndEEch3MVDGO+DGLBgOpd4LAxAtzKVhkDbK7Ns8Pi9RGzWSdVTgFkRmxGGLBzBdrEIqpFK49KJgfrJUFWqUKLDPi83t6sbc=&u=U2FsdGVkX18AZkEJVWn0J4iolbeOwonbL7XxX0mEW5ToNCLaJuFy5VuDcZMd+LaW&y=U2FsdGVkX1+jIGXnuzzSWmaoxVQALNhSYubkroUsA/y3eu5L7/XoER7ETNhDpnl1 HTTP/1.1" 200 1301
200.118.63.43 - - [08/Oct/2022:10:11:06 -0500] "GET /kwssiamovil/sm/acme/s?s=U2FsdGVkX18yyJLo+AwYy+jBhRtmwZEKfaoQLbRKU2i6YWMXQ7i1SobWpyIcMQBN3K/Q5otFIRDOFTV9z12BBX4322diDU/Y6S2SHII6/5OTVJbVGkGFixKJ3Dyxtr9nDElW/eJCTFgjjnuEfBndw5A3grWGSzxZ2FyB5DnD04MfGbtahtP83674Ysjg5WTxrEeF7UMTjKzzpmY/Cwn6KY0rdicboPMu932b2cZ/HC/tqwY1Fs4FxWN6of2p4rFWX0oG/MMAiNk5YjMtKhGJrKXKjZiuIotxMx00ALrGZkc1lQX6wo0XAPFj0HLlZxJaqJNl/6ph1+bHMV7oBpcfCzTTqq3XkLwB57AkuqgRs4E=&u=U2FsdGVkX18AZkEJVWn0J4iolbeOwonbL7XxX0mEW5ToNCLaJuFy5VuDcZMd+LaW&y=U2FsdGVkX1+jIGXnuzzSWmaoxVQALNhSYubkroUsA/y3eu5L7/XoER7ETNhDpnl1 HTTP/1.1" 200 196
200.118.63.43 - - [08/Oct/2022:10:11:07 -0500] "GET /kwssiamovil/sm/cjson/pre?f=1&x=U2FsdGVkX1+YSg4Pq4XDTgqCcsfhhr3K452bxssBiJ7Hh/kJnMjlRj5KPp3xvRF4 HTTP/1.1" 200 30992
201.245.192.253 - - [08/Oct/2022:10:11:32 -0500] "POST /forms/lservlet;jsessionid=ac16012b30d6ea5df428bf7241a4a856869f6bcc81b4.e3iSbxaKaheRe38KaNqMbh8Mc3f0n6jAmljGr5XDqQLvpAe HTTP/1.1" 200 2
198.235.24.9 - - [08/Oct/2022:10:11:34 -0500] "GET / HTTP/1.1" 200 319
216.245.221.92 - - [08/Oct/2022:10:12:45 -0500] "HEAD / HTTP/1.1" 200 -
200.118.63.43 - - [08/Oct/2022:10:13:11 -0500] "GET /kwssiamovil/sm/ldap/au?x=U2FsdGVkX1/GPHUtC4qGBwkmhjhPUnJwdeujNU9qHRGvmLAO3n4FZGtwZioKFPlJ&y=U2FsdGVkX1+a0IsK8rIc7YNOFpq6nCPCkXf2iSmQ1Sqb8ank80qTcaAPpWQEt8Jp HTTP/1.1" 200 30
200.118.63.43 - - [08/Oct/2022:10:13:11 -0500] "GET /kwssiamovil/sm/acme/s?s=U2FsdGVkX1+r9bO7O48pliXjK2BbY9H51iY8s+OCGmnwHRzeMHyvHmtlMiJZ8HthWUwOqCGJ+aPwhWrQ0BUB+/bmEPwR+twzIiveEhbVLm0=&u=U2FsdGVkX1/2la+AhkW+EsEQcfgFqRqCsFINyQ+lWNnrEGNmGXUBLfO9JuqLgC5M&y=U2FsdGVkX1+a0IsK8rIc7YNOFpq6nCPCkXf2iSmQ1Sqb8ank80qTcaAPpWQEt8Jp HTTP/1.1" 200 97
200.118.63.43 - - [08/Oct/2022:10:13:12 -0500] "GET /kwssiamovil/sm/acme/s?s=U2FsdGVkX1+aWcViPWXogPVTtSHrfbl6JGr8dzsLQHHE4D7Blejz1mOimwQxP7z5FP34tvdCisdAMNWTcWY6a1cknhin337JHqZglr6hZOwcFgGpDjg5IhR1D4qoE3WADbhJjuMoBE/lskwRNvZYRnlbdSyOfoF5dpMNNjoUGryH6OB6eOPOvTt23tjLU9sFAcvJ5Lk5whQ0/egXquKxkP7xfVqPSM+9CPGCSTflxTh2Xa/A3ew9xRJg/2z0AZAnVLwTqWTAbA7BZSJGoANh2TZp4/E1fkvATRdCML8NGceWuq8qoE3VM5i5SAzsHxsSV20uzFsCicpYbUbChPXA8KOptW8BHWerIH5XzkQ3UKPiF1ks2AWHhRUmTLk9LVPQrkBEve3/CGrv6AmYysAFlbbUZ8CJVqFb7k20LZAjjfnqAtIOuq1Go7oUHmgXUzp4Jv/pIMJYjztxRppugDFmIA373BtBjOxmyNWnczhyhJ+yXa3XG26FRIwjYLnBlraf4LNu9oDfhqqO5qB9kvxLq43vBlUfmVF2sLJESuh96csSWu+DPQitU8DOzosH+BNZLQj7HmFDJvAZf9/e5Z5WynFc06ABjK7Sj8pVf9kMKjJbqJdu4d4S1t+8tJHguEvogs/awZcLpD9rTnDuPugfW66viHHOAUvxlUIu6JMEFtTkguY4tbAyRJYPnNKS2LuCuHslbBNH+PAvdEU9zu0HM/ddaPl4ZeNGki/v7z6kOPSSZWWIl77u/FSPvOls/foolI1YwtiVcVv5409ZcGmz6PciUvoSWc7XKgkKxrxfTgpg83RCUikq7r7z8214TMZMFR4jwvitcJg4fJa93Qr/fkulnA3qrqbJ17L85Pzrfn67wtNTZbMdfi2tI7RSWcQBxZV3dRsHUBEGHh8XDfrJQQV2t9qYbg5zlVguRxBV1ZMAvDkXQnNcDy4X9UV3yXPExQhcVBhsTNkLGPZR6njFAyUPcARIyf24jEl2eX0zZP1s/yfZB/VgFhsksbg8muq2xDzgcua9u9u4Qge4j1vh3zmIcMZekYeTNzZbj4pMyg1RAy0riwomrVeNBTlNr9b+CLTmStqWf4rdA0811fYAr5zWWqmuWNZyLZ3zwOVlmRYFks3RCafQQcg0P2wDqEAk+AlYNLPRCfxeqgWiEpfjOQraYB+6MOoJm+sAEzk5FhEAvev9yocRW7DN3A/FuixQIugHWoYzUdi+VIlmrW5+zWAb5qvBFZWPUvO7Oi2b5AFGdY4IdDjVRAaT8qvWLObsVcxb828UFJZg6S+LW7masat4nzby6H2PS2k1zbl+8zgQknbPRJkHwLMFcHUKox/5T5Cj8ebadkLDJjs3ooBA3Imc+92D7Z7SqKBDn4U/TQWNIF5mCAi95VeeWkJU5rd5BfXHTPuXsy10Xa9Xw+dZH4Fcbk7MELk1utoCRiZxQmI=&u=U2FsdGVkX1/2la+AhkW+EsEQcfgFqRqCsFINyQ+lWNnrEGNmGXUBLfO9JuqLgC5M&y=U2FsdGVkX1+a0IsK8rIc7YNOFpq6nCPCkXf2iSmQ1Sqb8ank80qTcaAPpWQEt8Jp HTTP/1.1" 200 1301
200.118.63.43 - - [08/Oct/2022:10:13:12 -0500] "GET /kwssiamovil/sm/acme/s?s=U2FsdGVkX18izpgdV9YB/IUKnBi+YVN+EQs3c9GltiGoyj6SDpmQkWcoWeIuJJ7eyFyoxKfrTJ3Cc/EpQZyLWqX6UIWanjt80ZWARC5mwQspWJYxCcnk1t4RHQEdiPRCL1m/F3HUAgjqdgqiQsM0b1fusFuRjW6y3HmL86UqUNZdYpk+o/oWCvlOn2JaUxAFqjMxzJEny32dTRGTlpjZi23t1vnjiJdTbTKZoc59c4xZKGKrUZEJQ0tZzym+toHqGe9c6EL8r4D5NIhCK3Y6RMMmJ+Yd3v5onuK2IyVh1SbIVen87ghzBFKeRaDQHEsoPi4R2KyeuDzQi6rgKrIWUPLWxpcrE2kyC0q+VqAVh2M=&u=U2FsdGVkX1/2la+AhkW+EsEQcfgFqRqCsFINyQ+lWNnrEGNmGXUBLfO9JuqLgC5M&y=U2FsdGVkX1+a0IsK8rIc7YNOFpq6nCPCkXf2iSmQ1Sqb8ank80qTcaAPpWQEt8Jp HTTP/1.1" 200 196
200.118.63.43 - - [08/Oct/2022:10:13:12 -0500] "GET /kwssiamovil/sm/cjson/pre?f=1&x=U2FsdGVkX1/GPHUtC4qGBwkmhjhPUnJwdeujNU9qHRGvmLAO3n4FZGtwZioKFPlJ HTTP/1.1" 200 30992
201.245.192.253 - - [08/Oct/2022:10:13:32 -0500] "POST /forms/lservlet;jsessionid=ac16012b30d6ea5df428bf7241a4a856869f6bcc81b4.e3iSbxaKaheRe38KaNqMbh8Mc3f0n6jAmljGr5XDqQLvpAe HTTP/1.1" 200 2
3.17.65.249 - - [08/Oct/2022:10:13:32 -0500] "POST /boaform/admin/formLogin HTTP/1.1" 404 1186
147.182.155.220 - - [08/Oct/2022:10:14:22 -0500] "GET / HTTP/1.1" 200 319
201.245.192.253 - - [08/Oct/2022:10:15:08 -0500] "POST /kwsrmcab/Wsrmcab  HTTP/1.1" 200 42483
172.22.2.4 - - [08/Oct/2022:10:13:37 -0500] "HEAD /BLA/boletinlegal/ HTTP/1.1" 200 -
201.245.192.253 - - [08/Oct/2022:10:15:32 -0500] "POST /forms/lservlet;jsessionid=ac16012b30d6ea5df428bf7241a4a856869f6bcc81b4.e3iSbxaKaheRe38KaNqMbh8Mc3f0n6jAmljGr5XDqQLvpAe HTTP/1.1" 200 2
172.22.2.4 - - [08/Oct/2022:10:14:27 -0500] "GET /BLA/boletinlegal/ HTTP/1.1" 200 60281
186.155.230.206 - - [08/Oct/2022:10:16:22 -0500] "GET /galeria/galeria/jquery.fancybox.css?v=2.1.5 HTTP/1.1" 200 4895
186.155.230.206 - - [08/Oct/2022:10:16:22 -0500] "GET /BLA/boletinlegal/js/jquery.scrollShow.js HTTP/1.1" 200 4586
186.155.230.206 - - [08/Oct/2022:10:16:22 -0500] "GET /galeria/galeria/jquery.fancybox.js?v=2.1.5 HTTP/1.1" 200 48706
201.245.192.253 - - [08/Oct/2022:10:17:32 -0500] "POST /forms/lservlet;jsessionid=ac16012b30d6ea5df428bf7241a4a856869f6bcc81b4.e3iSbxaKaheRe38KaNqMbh8Mc3f0n6jAmljGr5XDqQLvpAe HTTP/1.1" 200 2
186.155.230.206 - - [08/Oct/2022:10:17:33 -0500] "GET /galeria/galeria/jquery.fancybox.js?v=2.1.5 HTTP/1.1" 200 48706
186.155.230.206 - - [08/Oct/2022:10:17:33 -0500] "GET /galeria/galeria/jquery.fancybox.css?v=2.1.5 HTTP/1.1" 200 4895
186.155.230.206 - - [08/Oct/2022:10:17:33 -0500] "GET /BLA/boletinlegal/js/jquery.scrollShow.js HTTP/1.1" 200 4586
216.245.221.92 - - [08/Oct/2022:10:17:45 -0500] "HEAD / HTTP/1.1" 200 -
185.119.81.102 - - [08/Oct/2022:10:17:51 -0500] "GET /portaldeninos/wp-login.php HTTP/1.1" 200 2592
185.119.81.102 - - [08/Oct/2022:10:17:52 -0500] "POST /portaldeninos/wp-login.php HTTP/1.1" 200 3650
201.245.192.253 - - [08/Oct/2022:10:19:32 -0500] "POST /forms/lservlet;jsessionid=ac16012b30d6ea5df428bf7241a4a856869f6bcc81b4.e3iSbxaKaheRe38KaNqMbh8Mc3f0n6jAmljGr5XDqQLvpAe HTTP/1.1" 200 2
201.245.192.253 - - [08/Oct/2022:10:20:07 -0500] "POST /kwsrmcab/Wsrmcab  HTTP/1.1" 200 42483
172.22.2.4 - - [08/Oct/2022:10:19:27 -0500] "HEAD /BLA/boletinlegal/ HTTP/1.1" 200 -
201.245.192.253 - - [08/Oct/2022:10:21:32 -0500] "POST /forms/lservlet;jsessionid=ac16012b30d6ea5df428bf7241a4a856869f6bcc81b4.e3iSbxaKaheRe38KaNqMbh8Mc3f0n6jAmljGr5XDqQLvpAe HTTP/1.1" 200 2
172.22.2.4 - - [08/Oct/2022:10:20:17 -0500] "GET /BLA/boletinlegal/ HTTP/1.1" 200 59828
186.102.57.181 - - [08/Oct/2022:10:22:16 -0500] "GET /kwssiamovil/sm/ldap/au?x=U2FsdGVkX1/Zrt2mJRUBUI6ejuQsnxLo3P3ZpHn87+CIfceiip6MzaN2Q6/wwaGg&y=U2FsdGVkX19FAttyW/oiL3+iCHC1qeDnXQ25x5I+xKrF12svOcVysU9M3mgDQXnW HTTP/1.1" 200 30
186.102.57.181 - - [08/Oct/2022:10:22:16 -0500] "GET /kwssiamovil/sm/acme/s?s=U2FsdGVkX1+pOajEi2nMOp6KUqFXppXcUcG4KQTbTMtVuWyAjTHsd6r0prrPzX/zBAXjPsuW38xd0OCAHBDey+Dd/H+rmiNkPM1aZ/FKmxE=&u=U2FsdGVkX18zzx4eLjZMzyuDL9AXzIXksbyXNeEGfmAnnPbNNuV5aLw4dFZbk1OH&y=U2FsdGVkX19FAttyW/oiL3+iCHC1qeDnXQ25x5I+xKrF12svOcVysU9M3mgDQXnW HTTP/1.1" 200 97
186.102.57.181 - - [08/Oct/2022:10:22:17 -0500] "GET /kwssiamovil/sm/acme/s?s=U2FsdGVkX19VOQHmn5O+zb7KcxDCtBo/wHDOFVI+k4iYLI6NKDCMDCZVWTZj4HyTgqKS3nEbPWXMxs5yDdZJgf4Vamkx0ehjv/kh7K4g9cUziOFRZzzQTmgQTUU4/5Vj6wFWpkpds+w3iBZf1gLH1HLlBPwvswr1TlfQGaVsuFPQhAqHOIFM7LhEVipXY6O+yxgn7MCymDDeQNBGFvJplxF/SKVjx1RhFBsW9jpfo4p28EAjLLJGgL2z3J8Yph0WkUDfR7OAcj/gYpxfDCFN7ogDYsrKGdAnqz1mVGXfqc7GnRe6v+4vJVqxCKDjUB5O3YoXYR2JmUbU3em34B5HEMIqbGd3dlkvMghVjqZHhpNRTA4S1RU20AkBQ4AYrUnY8ULREHAB+NBqsTWrBF6H6i4IF0I8atuBlL2drTF1uSxDEaGxRdRp9U1/4U7lD8Yl2omi6clvqfJEUZAYFVCJTia6pdfunSQjEcE965ZJ256b/L7Ancg20tZM88ASfcjxMvsZuLnkckZr2duRvoic1T378F5Olx048yaZ1qsOOv6yzhSG01fJT3p4wOAYEiRCiLVkBf/LtDSLKh9hKErXOCSSGfj4oNR7qGns1Dcpf7uoqXYnyA+LhtwSy6VUok2zGhf6VRLk7wQ+x6RVlIhO/lq+z6xYwuhcKS2o4CYmCG2vELgU8PP3QMOWF4L/o7jOTzKxax0eKCwxHNU2cU+0S1+VR5EcUZ+xrghGIP1EYMigMr2zON85QEFsn7CWGmg69+MYB69P/MZNx6VT42KMWw+g8jM3wBjD4Gh00lrYwjtesqwrv1x1PWQ2guWmvVbBEiBBmwJhn1XBJOBVST+vs8jH+rPu3Rc/ej3bpnTlVo4mj6s/MJSo8Fsmdy1UREcFNiX1rFM5xkXkNdaAwkRT3XXCgAlKaCwId504s4gHBkKtBfsLCHmy+T2RfhqUHgtq8TsvbHjPxuXGISEDcEm7cjUprN7K9bFQ7BQi5TYPMRem76M40iibnBD+I5KaPMqXHtgp9m48vqaQ5PCY2zkk90XOabG6mGCCFA8wwyRAV8/FU9vZJjGlDyM/s/KZPE9Qdt4NaAQxazLMRRn/ysCy10JrP0AFEzlYjC/k1hJ+AoPHgCUCh+wLt5A/DDFcpHVkrfIaXmROJgTvOmbmAZV5GEDLmqeSA2T89yLuvVHEHA9jOEj+WyNj5CO0SNqYQnB4hX1Nkx2tUsV2zLa+8fTou+HtHkDdZYy0Llz5ZaPrxQQGCIzOyZp2R2Ud3MWkxcatsFip1NPWXZ6NBSFFbaA8aV8MVpAuKwxMhuV+qWIiG4aKICeBBp3n9NfAU2nOtx67AwDa7FQHtNEn32J54TLOdXj7ehYKuTdWzE1qYoLbTQYb7j1CKax3b/OcJCzmG4IZQ4HztNGQMwEoFDSwN4u7Av7zo8aaICdeBRI++yVidSw=&u=U2FsdGVkX18zzx4eLjZMzyuDL9AXzIXksbyXNeEGfmAnnPbNNuV5aLw4dFZbk1OH&y=U2FsdGVkX19FAttyW/oiL3+iCHC1qeDnXQ25x5I+xKrF12svOcVysU9M3mgDQXnW HTTP/1.1" 200 2270
186.102.57.181 - - [08/Oct/2022:10:22:17 -0500] "GET /kwssiamovil/sm/acme/s?s=U2FsdGVkX18raAiDUH+b4kqfwg1Z6LFdlXWGxHRTeBEub2gvLyy1oUCE5Y/SlWtCyBOb4LQz5KOKwGYpJ7BsknZjXQvw7YbB49evU7B7jXmkilZgXsv4KHykqZv98HiQ/0kE4olixPM2VpN09YRfyGv1eTkChFNoXfTkldhT7LqCRYow2QZLCLdhckFC7esUK7YqyNh+W4tar4YqMM6knlXkACaIFQoeBXI/RD6Pl/1Hi4brvnRYLzR6ZxEjZbKARpT6QvHI6oJ7rjTLgcJx0VxfHS0B2EzUBL32YFtn4cyoNDaM1OEJN5kjzdgBWaZbO3Dc4G55qXzXcuPCztQpoCcqF5G3CGq9BystH36uwsQ=&u=U2FsdGVkX18zzx4eLjZMzyuDL9AXzIXksbyXNeEGfmAnnPbNNuV5aLw4dFZbk1OH&y=U2FsdGVkX19FAttyW/oiL3+iCHC1qeDnXQ25x5I+xKrF12svOcVysU9M3mgDQXnW HTTP/1.1" 200 196
201.245.192.253 - - [08/Oct/2022:10:22:15 -0500] "POST /kwsrmcab/Wsrmcab HTTP/1.1" 200 44568
186.102.57.181 - - [08/Oct/2022:10:22:17 -0500] "GET /kwssiamovil/sm/cjson/pre?f=1&x=U2FsdGVkX1/Zrt2mJRUBUI6ejuQsnxLo3P3ZpHn87+CIfceiip6MzaN2Q6/wwaGg HTTP/1.1" 200 30992
201.245.192.253 - - [08/Oct/2022:10:22:18 -0500] "POST /kwsrmcab/Wsrmcab HTTP/1.1" 200 44779
216.245.221.92 - - [08/Oct/2022:10:22:45 -0500] "HEAD / HTTP/1.1" 200 -
207.46.13.40 - - [08/Oct/2022:10:22:56 -0500] "GET /BLA/resoluciones/AUTOS%202011/2983.pdf HTTP/1.1" 200 141620
186.154.54.247 - - [08/Oct/2022:10:23:08 -0500] "GET /Publicaciones/SSFFS-15513.zip HTTP/1.1" 200 5113522
201.245.192.253 - - [08/Oct/2022:10:23:32 -0500] "POST /forms/lservlet;jsessionid=ac16012b30d6ea5df428bf7241a4a856869f6bcc81b4.e3iSbxaKaheRe38KaNqMbh8Mc3f0n6jAmljGr5XDqQLvpAe HTTP/1.1" 200 2
201.245.192.253 - - [08/Oct/2022:10:25:06 -0500] "POST /kwsrmcab/Wsrmcab  HTTP/1.1" 200 42483
201.245.192.253 - - [08/Oct/2022:10:25:32 -0500] "POST /forms/lservlet;jsessionid=ac16012b30d6ea5df428bf7241a4a856869f6bcc81b4.e3iSbxaKaheRe38KaNqMbh8Mc3f0n6jAmljGr5XDqQLvpAe HTTP/1.1" 200 2
66.249.73.97 - - [08/Oct/2022:10:26:23 -0500] "-" 408 -
172.22.2.4 - - [08/Oct/2022:10:25:17 -0500] "HEAD /BLA/boletinlegal/ HTTP/1.1" 200 -
201.245.192.253 - - [08/Oct/2022:10:27:32 -0500] "POST /forms/lservlet;jsessionid=ac16012b30d6ea5df428bf7241a4a856869f6bcc81b4.e3iSbxaKaheRe38KaNqMbh8Mc3f0n6jAmljGr5XDqQLvpAe HTTP/1.1" 200 2
216.245.221.92 - - [08/Oct/2022:10:27:45 -0500] "HEAD / HTTP/1.1" 200 -
172.22.2.4 - - [08/Oct/2022:10:26:07 -0500] "GET /BLA/boletinlegal/ HTTP/1.1" 200 59828
201.245.192.253 - - [08/Oct/2022:10:29:32 -0500] "POST /forms/lservlet;jsessionid=ac16012b30d6ea5df428bf7241a4a856869f6bcc81b4.e3iSbxaKaheRe38KaNqMbh8Mc3f0n6jAmljGr5XDqQLvpAe HTTP/1.1" 200 2
191.95.62.228 - - [08/Oct/2022:10:29:34 -0500] "GET /si-tienes-ropa-y-calzado-que-ya-no-usas-aca-te-presentamos-seis-puntos-a-donde-los-puedes-llevar.html HTTP/1.1" 200 872
172.22.2.4 - - [08/Oct/2022:10:30:06 -0500] "GET /BLA/boletinlegal/actos.php HTTP/1.1" 200 9566
201.245.192.253 - - [08/Oct/2022:10:30:05 -0500] "POST /kwsrmcab/Wsrmcab  HTTP/1.1" 200 42483
172.22.2.4 - - [08/Oct/2022:10:30:07 -0500] "GET /BLA/boletinlegal/favicon.ico HTTP/1.1" 404 1326
172.22.2.4 - - [08/Oct/2022:10:30:18 -0500] "GET /BLA/boletinlegal/consulta_actos.php?tipo=autos&no=1815&usuario=&sector=&fecha=2022&resuelve= HTTP/1.1" 200 1077
172.22.2.4 - - [08/Oct/2022:10:30:18 -0500] "GET /BLA/boletinlegal/consulta_actos.php?tipo=autos&no=1815&usuario=&sector=&fecha=2022&resuelve= HTTP/1.1" 200 1077
172.22.2.4 - - [08/Oct/2022:10:30:20 -0500] "GET /BLA/boletinlegal/consulta_actos.php?tipo=autos&no=1815&usuario=&sector=&fecha=2022&resuelve= HTTP/1.1" 200 1077
172.22.2.4 - - [08/Oct/2022:10:30:20 -0500] "GET /BLA/boletinlegal/consulta_actos.php?tipo=autos&no=1815&usuario=&sector=&fecha=2022&resuelve= HTTP/1.1" 200 1077
200.119.57.179 - - [08/Oct/2022:10:30:25 -0500] "GET /BLA/resoluciones/AUTOS%202022/1815.pdf HTTP/1.1" 200 393651
172.22.2.4 - - [08/Oct/2022:10:29:48 -0500] "GET /BLA/boletinlegal/ HTTP/1.1" 200 36811
207.46.13.84 - - [08/Oct/2022:10:30:57 -0500] "GET /BLA/resoluciones/AUTOS%202021/4487.pdf HTTP/1.1" 304 -
201.245.192.253 - - [08/Oct/2022:10:31:33 -0500] "POST /forms/lservlet;jsessionid=ac16012b30d6ea5df428bf7241a4a856869f6bcc81b4.e3iSbxaKaheRe38KaNqMbh8Mc3f0n6jAmljGr5XDqQLvpAe HTTP/1.1" 200 2
201.245.192.253 - - [08/Oct/2022:10:32:15 -0500] "POST /kwsrmcab/Wsrmcab HTTP/1.1" 200 44568
201.245.192.253 - - [08/Oct/2022:10:32:18 -0500] "POST /kwsrmcab/Wsrmcab HTTP/1.1" 200 44779
216.245.221.92 - - [08/Oct/2022:10:32:45 -0500] "HEAD / HTTP/1.1" 200 -
172.22.2.4 - - [08/Oct/2022:10:31:07 -0500] "HEAD /BLA/boletinlegal/ HTTP/1.1" 200 -
201.245.192.253 - - [08/Oct/2022:10:33:33 -0500] "POST /forms/lservlet;jsessionid=ac16012b30d6ea5df428bf7241a4a856869f6bcc81b4.e3iSbxaKaheRe38KaNqMbh8Mc3f0n6jAmljGr5XDqQLvpAe HTTP/1.1" 200 2
172.22.2.4 - - [08/Oct/2022:10:31:57 -0500] "GET /BLA/boletinlegal/ HTTP/1.1" 200 53640
201.245.192.253 - - [08/Oct/2022:10:35:04 -0500] "POST /kwsrmcab/Wsrmcab  HTTP/1.1" 200 42483
201.245.192.253 - - [08/Oct/2022:10:35:33 -0500] "POST /forms/lservlet;jsessionid=ac16012b30d6ea5df428bf7241a4a856869f6bcc81b4.e3iSbxaKaheRe38KaNqMbh8Mc3f0n6jAmljGr5XDqQLvpAe HTTP/1.1" 200 2
191.95.49.190 - - [08/Oct/2022:10:36:58 -0500] "GET /si-tienes-ropa-y-calzado-que-ya-no-usas-aca-te-presentamos-seis-puntos-a-donde-los-puedes-llevar.html HTTP/1.1" 200 872
201.245.192.253 - - [08/Oct/2022:10:37:33 -0500] "POST /forms/lservlet;jsessionid=ac16012b30d6ea5df428bf7241a4a856869f6bcc81b4.e3iSbxaKaheRe38KaNqMbh8Mc3f0n6jAmljGr5XDqQLvpAe HTTP/1.1" 200 2
216.245.221.92 - - [08/Oct/2022:10:37:45 -0500] "HEAD / HTTP/1.1" 200 -
69.171.249.5 - - [08/Oct/2022:10:38:29 -0500] "GET /images/reciclaton-mayo-3-mayo.jpg HTTP/1.1" 200 278453
172.22.2.4 - - [08/Oct/2022:10:36:57 -0500] "HEAD /BLA/boletinlegal/ HTTP/1.1" 200 -
172.22.2.4 - - [08/Oct/2022:10:37:47 -0500] "GET /BLA/boletinlegal/ HTTP/1.1" 200 58163
201.245.192.253 - - [08/Oct/2022:10:39:33 -0500] "POST /forms/lservlet;jsessionid=ac16012b30d6ea5df428bf7241a4a856869f6bcc81b4.e3iSbxaKaheRe38KaNqMbh8Mc3f0n6jAmljGr5XDqQLvpAe HTTP/1.1" 200 2
152.200.146.77 - - [08/Oct/2022:10:39:55 -0500] "GET /.well-known/change-password HTTP/1.1" 404 1018
152.200.146.77 - - [08/Oct/2022:10:39:55 -0500] "GET /favicon.ico HTTP/1.1" 200 7782
201.245.192.253 - - [08/Oct/2022:10:40:02 -0500] "POST /kwsrmcab/Wsrmcab  HTTP/1.1" 200 42483
152.200.146.77 - - [08/Oct/2022:10:40:20 -0500] "GET /.well-known/change-password HTTP/1.1" 404 1018
186.102.59.70 - - [08/Oct/2022:10:40:25 -0500] "GET /kwssiamovil/sm/ldap/au?x=U2FsdGVkX1/x1+qlMIHup6rrnSbmM11X+aOoFlDy5q18l0If2GEqbH+/xHP31IZK&y=U2FsdGVkX18qiy02+lsCdNpYthpV0Cz4gRpzHBD03EuOYqzchLAipcfOBtP64WWL HTTP/1.1" 200 31
186.102.59.70 - - [08/Oct/2022:10:40:38 -0500] "GET /kwssiamovil/sm/ldap/au?x=U2FsdGVkX1+KIU/hu20Wg/cIpCTSLxbetiCCTD0QquD8BBxU+joLcvbWN7MneSq0&y=U2FsdGVkX18AlQckY9vHaYcN3hxR/TzF4hqipl1filBnR1R9CcZXLKQQ6XQ2knD2 HTTP/1.1" 200 30
186.102.59.70 - - [08/Oct/2022:10:40:38 -0500] "GET /kwssiamovil/sm/acme/s?s=U2FsdGVkX18u3Z2QJX5zm9p+30qJryIFbXCtvIGG4BvFR0zt3bezmNiynrfDnVFAWSp/HotyrpgC8MkKwquCbInmzknfPSxoqzbUzcYcEfA=&u=U2FsdGVkX19yi6mLq2nYkfwjuKFyyZGOXgdk0MYcuBDK+lGPVxaBsgwxxzbrLjcK&y=U2FsdGVkX18AlQckY9vHaYcN3hxR/TzF4hqipl1filBnR1R9CcZXLKQQ6XQ2knD2 HTTP/1.1" 200 97
186.102.59.70 - - [08/Oct/2022:10:40:38 -0500] "GET /kwssiamovil/sm/acme/s?s=U2FsdGVkX1+BUwFLZWERR4j5ETL97FB3VUPGSNxVomYex9OQ654N2RyvDU2iveHgrJ1WnMGWXK2eyhk5qKJND782SuzkujpgLj3Idyob4T89HT0pf48FkJMtFeEyaRi3nD0rxcKuJ6lqNvrPIoYZwkhKYtXHXuyU1H6jUcus0N5FF6RIfmgLbqmnJxHprxeySNdW262fVDtIGttWijrpv3sn5P9flRSLDExQL5aiTYOlA9xY6RmUnZEC74kNuXFkKdJNHPk2xBV4c4G+7BqXYEiQubgzvI0OG68nBuDtnLhlaEkBx8aFs3nyY93Oh9/TiAtDZM86fK+oSrfUTAsrFRf83OzqrzxLb2MTEI4H0sybhzJRD0YjpPu8F5tD0I3jxHrwhhqMiSNLlan34M52NElaCOIZacVubY6rWXp/i1jiI1SzvZyfNKJdeCcyzpwLE80HU62ziJNVcS2RyrCTv1bH7Et8UcPdtsV6D00LHs0K30CD5/s8WJhRxXBbQyhB32zaAXe6AkJbh/n3n6hh0PB4VuPsx+iEkNxEJyHewIiOzKVYLmwliVZxycEMNjbltJZvQ0NJHLU9CDdCGt8cIPRIJ7Dj/GG3KFAXS2pXWBTFAAjJOpPzF+8JypP6bXi6jMgLSPS+ZICIDBuekOX3PbOkkrO+w7aWHoxsbq0bGJQMoFhm6xfB5Pxx8Kl0rBXf6l+mBAc7y3evxPeEdPAZr3lK45/+PtXvLJhdg/HJW7CCiWwgPvzwEzEHRuEKv77sYD3l778DwB1jmrmO6eU8dv/UJ8iP9NY0BzCP2ey/rH9bB0ZwlYxOl9G/q4QlkNLU0CKSrRtwjwse0xgLY+EkUtZW8uL2UJn2YhQQPyLxj8R3S5HchCqnqo7VPCaZ574eg4+nYx5JnLOU4bpopVaDsymP9oNKuy8z1CMBxPwqtc8340evnSt9C6EK7WBTsQ4gcYXRlIi7cF1dgDly+NcHh2L0o36/Y4COkPR0K52LIorWzyOYYIbwgz5JwPHtH/NfplHTSraatR5sPeIWjVo52vsCc63+Zpe9DBHUTpXgV9e26Opl9EAlvhRfxviaKaDo2nxWWjRkpIGNwy78b0WnO1VAkuCR8tL1hlIHfqqeXxprNQeJvAOcIV815OXu5EcqRdpHxd1HGKrtLr4gK3ho+i3is+SrXFyJBpY2Qv2pWqf+iyaIAxCHkAKGWszj5apAtgeXjUeN56tt64m3yn37COT4gDC+LGJNHTLAD6cjWd7DPPvfRvwcBqXqM7wmr/E7E56X7CY/flffflkaLCkWNiI1SJIy3Agf7azKNLzIcV+LDRG5jTY7VNn1BQuTIW+NvwnbuuCZF2R3F4FWReP5JiGjVX30o8qFOV6iHEvKK0a24WsnW3b3WlAqAmz/JGWkFpak7ptl0BJ/FLHU1gPWEniXGK8mxKiQZt8ubaB5KZs=&u=U2FsdGVkX19yi6mLq2nYkfwjuKFyyZGOXgdk0MYcuBDK+lGPVxaBsgwxxzbrLjcK&y=U2FsdGVkX18AlQckY9vHaYcN3hxR/TzF4hqipl1filBnR1R9CcZXLKQQ6XQ2knD2 HTTP/1.1" 200 337
186.102.59.70 - - [08/Oct/2022:10:40:38 -0500] "GET /kwssiamovil/sm/acme/s?s=U2FsdGVkX1+QYCzuMN4Mk9e0GAL1m7LoUmfMRHZKd9y/tv6BQJ5W3exzXjA6gg2LxndPJM7Ghus69zHOHEF1aNyr3Hu17p9J2Z1yFcqoFg01qThZLaJ50DH2qnwcZ1FxtUsSal8C6LtWiaJmVDIckSD8U8OrS4tPbApzs4uSj9u9tnGCkTJ6/sCQ8PuqxyRITgpoLpe/qGq2fnbnOSuwCYXBdl2CPy0JvtC7rbmRxOduHs598G/opFa9DoxNmElFy5hDCs1/Y82PhZ/WfqJct73wC8tPIUhxWq7dGL1OBGx6xProubReD7fA9qeFehBIA0mikeRPhcJ6i+6KX9+LD5pyehkgxiXb6BP1Laspz8k=&u=U2FsdGVkX19yi6mLq2nYkfwjuKFyyZGOXgdk0MYcuBDK+lGPVxaBsgwxxzbrLjcK&y=U2FsdGVkX18AlQckY9vHaYcN3hxR/TzF4hqipl1filBnR1R9CcZXLKQQ6XQ2knD2 HTTP/1.1" 200 196
186.102.59.70 - - [08/Oct/2022:10:40:38 -0500] "GET /kwssiamovil/sm/cjson/pre?f=1&x=U2FsdGVkX1+KIU/hu20Wg/cIpCTSLxbetiCCTD0QquD8BBxU+joLcvbWN7MneSq0 HTTP/1.1" 200 30992
66.249.73.127 - - [08/Oct/2022:10:40:58 -0500] "-" 408 -
201.245.192.253 - - [08/Oct/2022:10:41:33 -0500] "POST /forms/lservlet;jsessionid=ac16012b30d6ea5df428bf7241a4a856869f6bcc81b4.e3iSbxaKaheRe38KaNqMbh8Mc3f0n6jAmljGr5XDqQLvpAe HTTP/1.1" 200 2
207.46.13.89 - - [08/Oct/2022:10:41:51 -0500] "GET /BLA/resoluciones/00000021.tif HTTP/1.1" 404 1018
173.252.83.22 - - [08/Oct/2022:10:42:11 -0500] "GET /mas-de-780-asistentes-participaron-la-primera-feria-de-moda-sostenible-de-bogota.html HTTP/1.1" 206 954
173.252.83.22 - - [08/Oct/2022:10:42:12 -0500] "GET /mas-de-780-asistentes-participaron-la-primera-feria-de-moda-sostenible-de-bogota.html HTTP/1.1" 206 954
201.245.192.253 - - [08/Oct/2022:10:42:16 -0500] "POST /kwsrmcab/Wsrmcab HTTP/1.1" 200 44568
201.245.192.253 - - [08/Oct/2022:10:42:19 -0500] "POST /kwsrmcab/Wsrmcab HTTP/1.1" 200 44779
216.245.221.92 - - [08/Oct/2022:10:42:45 -0500] "HEAD / HTTP/1.1" 200 -
201.245.192.253 - - [08/Oct/2022:10:43:33 -0500] "POST /forms/lservlet;jsessionid=ac16012b30d6ea5df428bf7241a4a856869f6bcc81b4.e3iSbxaKaheRe38KaNqMbh8Mc3f0n6jAmljGr5XDqQLvpAe HTTP/1.1" 200 2
186.80.52.211 - - [08/Oct/2022:10:43:53 -0500] "GET /sipse/faces/index.xhtml HTTP/1.1" 200 677
186.80.52.211 - - [08/Oct/2022:10:43:54 -0500] "GET /sipse/faces/javax.faces.resource/theme.css?ln=primefaces-sipse HTTP/1.1" 304 -
186.80.52.211 - - [08/Oct/2022:10:43:54 -0500] "GET /sipse/faces/faces/autenticacion.xhtml HTTP/1.1" 200 12180
186.80.52.211 - - [08/Oct/2022:10:43:54 -0500] "GET /sipse/faces/javax.faces.resource/theme.css?ln=primefaces-sipse HTTP/1.1" 304 -
186.80.52.211 - - [08/Oct/2022:10:43:54 -0500] "GET /sipse/faces/javax.faces.resource/primefaces.css?ln=primefaces&v=4.0 HTTP/1.1" 304 -
186.80.52.211 - - [08/Oct/2022:10:43:54 -0500] "GET /sipse/faces/javax.faces.resource/layout/layout.css?ln=primefaces&v=4.0 HTTP/1.1" 304 -
186.80.52.211 - - [08/Oct/2022:10:43:54 -0500] "GET /sipse/faces/javax.faces.resource/jquery/jquery.js?ln=primefaces&v=4.0 HTTP/1.1" 304 -
186.80.52.211 - - [08/Oct/2022:10:43:54 -0500] "GET /sipse/faces/javax.faces.resource/jquery/jquery-plugins.js?ln=primefaces&v=4.0 HTTP/1.1" 304 -
186.80.52.211 - - [08/Oct/2022:10:43:54 -0500] "GET /sipse/faces/javax.faces.resource/layout/layout.js?ln=primefaces&v=4.0 HTTP/1.1" 304 -
186.80.52.211 - - [08/Oct/2022:10:43:54 -0500] "GET /sipse/faces/javax.faces.resource/primefaces.js?ln=primefaces&v=4.0 HTTP/1.1" 304 -
186.80.52.211 - - [08/Oct/2022:10:43:54 -0500] "GET /sipse/faces/javax.faces.resource/images/ui-icons_898989_256x240.png?ln=primefaces-aristo HTTP/1.1" 304 -
172.22.2.4 - - [08/Oct/2022:10:43:57 -0500] "GET /BLA/boletinlegal/actos.php HTTP/1.1" 200 9566
172.22.2.4 - - [08/Oct/2022:10:43:57 -0500] "GET /BLA/boletinlegal/styles2.css HTTP/1.1" 200 1838
172.22.2.4 - - [08/Oct/2022:10:43:57 -0500] "GET /BLA/boletinlegal/js/ajax_actos.js HTTP/1.1" 200 1322
172.22.2.4 - - [08/Oct/2022:10:43:57 -0500] "GET /BLA/boletinlegal/niceforms-default.css HTTP/1.1" 200 6694
172.22.2.4 - - [08/Oct/2022:10:43:57 -0500] "GET /BLA/boletinlegal/style.css HTTP/1.1" 200 9406
172.22.2.4 - - [08/Oct/2022:10:43:57 -0500] "GET /BLA/boletinlegal/niceforms.js HTTP/1.1" 200 22876
172.22.2.4 - - [08/Oct/2022:10:43:57 -0500] "GET /BLA/boletinlegal/js/lib.js HTTP/1.1" 200 6474
172.22.2.4 - - [08/Oct/2022:10:43:57 -0500] "GET /BLA/boletinlegal/js/popup.js HTTP/1.1" 200 1270
172.22.2.4 - - [08/Oct/2022:10:43:57 -0500] "GET /BLA/boletinlegal/js/jquery1.js HTTP/1.1" 200 29846
172.22.2.4 - - [08/Oct/2022:10:43:58 -0500] "GET /BLA/boletinlegal/images/cabezote%20BLEGAL.jpg HTTP/1.1" 200 118164
172.22.2.4 - - [08/Oct/2022:10:43:58 -0500] "GET /BLA/boletinlegal/images/subscribe-icon-big.png HTTP/1.1" 200 47702
172.22.2.4 - - [08/Oct/2022:10:43:58 -0500] "GET /BLA/boletinlegal/images/historia.png HTTP/1.1" 200 52775
172.22.2.4 - - [08/Oct/2022:10:43:58 -0500] "GET /BLA/boletinlegal/images/registro-usuarios.png HTTP/1.1" 200 8106
172.22.2.4 - - [08/Oct/2022:10:43:58 -0500] "GET /BLA/boletinlegal/images/green-yellow-blue-pink-th.png HTTP/1.1" 200 7394
172.22.2.4 - - [08/Oct/2022:10:43:58 -0500] "GET /BLA/boletinlegal/images/tel.png HTTP/1.1" 200 14477
172.22.2.4 - - [08/Oct/2022:10:43:58 -0500] "GET /BLA/boletinlegal/images/icono-email.png HTTP/1.1" 200 5544
172.22.2.4 - - [08/Oct/2022:10:43:58 -0500] "GET /BLA/boletinlegal/images/body_bg.jpg HTTP/1.1" 200 1601
172.22.2.4 - - [08/Oct/2022:10:43:58 -0500] "GET /BLA/boletinlegal/images/menu_lft.gif HTTP/1.1" 200 1713
172.22.2.4 - - [08/Oct/2022:10:43:58 -0500] "GET /BLA/boletinlegal/images/menu_rght.gif HTTP/1.1" 200 1627
172.22.2.4 - - [08/Oct/2022:10:43:58 -0500] "GET /BLA/boletinlegal/images/menu_bg.jpg HTTP/1.1" 200 620
172.22.2.4 - - [08/Oct/2022:10:43:58 -0500] "GET /BLA/boletinlegal/images/bg_top.jpg HTTP/1.1" 200 522
172.22.2.4 - - [08/Oct/2022:10:43:58 -0500] "GET /BLA/boletinlegal/images/hover.jpg HTTP/1.1" 200 640
172.22.2.4 - - [08/Oct/2022:10:43:58 -0500] "GET /BLA/boletinlegal/images/text.jpg HTTP/1.1" 200 568
172.22.2.4 - - [08/Oct/2022:10:43:58 -0500] "GET /BLA/boletinlegal/images/footer_bg.jpg HTTP/1.1" 200 586
186.80.52.211 - - [08/Oct/2022:10:43:58 -0500] "POST /sipse/faces/autenticacion.xhtml HTTP/1.1" 200 2221
172.22.2.4 - - [08/Oct/2022:10:43:58 -0500] "GET /BLA/boletinlegal/images/footer_bg_l.jpg HTTP/1.1" 200 776
186.80.52.211 - - [08/Oct/2022:10:43:58 -0500] "GET /sipse/faces/javax.faces.resource/messages/messages.png?ln=primefaces&v=4.0 HTTP/1.1" 304 -
172.22.2.4 - - [08/Oct/2022:10:43:58 -0500] "GET /BLA/boletinlegal/img/0.png HTTP/1.1" 200 110
172.22.2.4 - - [08/Oct/2022:10:43:58 -0500] "GET /BLA/boletinlegal/img/select-left.png HTTP/1.1" 200 263
172.22.2.4 - - [08/Oct/2022:10:43:58 -0500] "GET /BLA/boletinlegal/img/select-right.png HTTP/1.1" 200 44019
172.22.2.4 - - [08/Oct/2022:10:43:58 -0500] "GET /BLA/boletinlegal/img/button-left.png HTTP/1.1" 200 57071
172.22.2.4 - - [08/Oct/2022:10:43:58 -0500] "GET /BLA/boletinlegal/img/button.png HTTP/1.1" 200 43241
172.22.2.4 - - [08/Oct/2022:10:43:58 -0500] "GET /BLA/boletinlegal/img/button-right.png HTTP/1.1" 200 57878
172.22.2.4 - - [08/Oct/2022:10:43:58 -0500] "GET /BLA/boletinlegal/favicon.ico HTTP/1.1" 404 1326
186.80.52.211 - - [08/Oct/2022:10:43:59 -0500] "POST /sipse/faces/autenticacion.xhtml HTTP/1.1" 200 16232
186.80.52.211 - - [08/Oct/2022:10:43:59 -0500] "GET /sipse/faces/javax.faces.resource/theme.css?ln=primefaces-sipse HTTP/1.1" 304 -
186.80.52.211 - - [08/Oct/2022:10:43:59 -0500] "GET /sipse/faces/javax.faces.resource/primefaces.css?ln=primefaces&v=4.0 HTTP/1.1" 304 -
186.80.52.211 - - [08/Oct/2022:10:43:59 -0500] "GET /sipse/faces/javax.faces.resource/layout/layout.css?ln=primefaces&v=4.0 HTTP/1.1" 304 -
186.80.52.211 - - [08/Oct/2022:10:43:59 -0500] "GET /sipse/faces/javax.faces.resource/jquery/jquery.js?ln=primefaces&v=4.0 HTTP/1.1" 304 -
186.80.52.211 - - [08/Oct/2022:10:43:59 -0500] "GET /sipse/faces/javax.faces.resource/jquery/jquery-plugins.js?ln=primefaces&v=4.0 HTTP/1.1" 304 -
186.80.52.211 - - [08/Oct/2022:10:44:00 -0500] "GET /sipse/faces/javax.faces.resource/primefaces.js?ln=primefaces&v=4.0 HTTP/1.1" 304 -
186.80.52.211 - - [08/Oct/2022:10:44:00 -0500] "GET /sipse/faces/javax.faces.resource/layout/layout.js?ln=primefaces&v=4.0 HTTP/1.1" 304 -
186.80.52.211 - - [08/Oct/2022:10:44:00 -0500] "GET /sipse/css/imagen/contrasena.png HTTP/1.1" 404 383
186.80.52.211 - - [08/Oct/2022:10:44:05 -0500] "GET /sipse/faces/javax.faces.resource/images/ui-bg_flat_0_2d5972_40x100.png?ln=primefaces-aristo HTTP/1.1" 304 -
186.80.52.211 - - [08/Oct/2022:10:44:05 -0500] "POST /sipse/faces/bienvenido.xhtml HTTP/1.1" 200 2658
172.22.2.4 - - [08/Oct/2022:10:44:06 -0500] "GET /BLA/boletinlegal/consulta_actos.php?tipo=resoluciones&no=2523&usuario=&sector=&fecha=2022&resuelve= HTTP/1.1" 200 626
172.22.2.4 - - [08/Oct/2022:10:42:27 -0500] "GET /BLA/boletinlegal/ HTTP/1.1" 200 53640
186.80.52.211 - - [08/Oct/2022:10:44:07 -0500] "POST /sipse/faces/bienvenido.xhtml HTTP/1.1" 200 65819
186.80.52.211 - - [08/Oct/2022:10:44:09 -0500] "GET /sipse/faces/javax.faces.resource/primefaces.css?ln=primefaces&v=4.0 HTTP/1.1" 304 -
186.80.52.211 - - [08/Oct/2022:10:44:09 -0500] "GET /sipse/faces/javax.faces.resource/theme.css?ln=primefaces-sipse HTTP/1.1" 304 -
186.80.52.211 - - [08/Oct/2022:10:44:09 -0500] "GET /sipse/faces/javax.faces.resource/layout/layout.css?ln=primefaces&v=4.0 HTTP/1.1" 304 -
186.80.52.211 - - [08/Oct/2022:10:44:09 -0500] "GET /sipse/faces/javax.faces.resource/jquery/jquery.js?ln=primefaces&v=4.0 HTTP/1.1" 304 -
186.80.52.211 - - [08/Oct/2022:10:44:09 -0500] "GET /sipse/faces/javax.faces.resource/jquery/jquery-plugins.js?ln=primefaces&v=4.0 HTTP/1.1" 304 -
186.80.52.211 - - [08/Oct/2022:10:44:09 -0500] "GET /sipse/faces/javax.faces.resource/primefaces.js?ln=primefaces&v=4.0 HTTP/1.1" 304 -
186.80.52.211 - - [08/Oct/2022:10:44:09 -0500] "GET /sipse/faces/javax.faces.resource/layout/layout.js?ln=primefaces&v=4.0 HTTP/1.1" 304 -
172.22.2.4 - - [08/Oct/2022:10:44:09 -0500] "GET /BLA/boletinlegal/consulta_actos.php?tipo=resoluciones&no=2523&usuario=&sector=&fecha=2022&resuelve= HTTP/1.1" 200 626
186.80.52.211 - - [08/Oct/2022:10:44:09 -0500] "POST /sipse/faces/presentacion/financiero/solicitudProceso/listarSolicitudProceso.xhtml HTTP/1.1" 200 1560
172.22.2.4 - - [08/Oct/2022:10:44:12 -0500] "GET /BLA/boletinlegal/consulta_actos.php?tipo=resoluciones&no=2523&usuario=&sector=&fecha=2022&resuelve= HTTP/1.1" 200 626
172.22.2.4 - - [08/Oct/2022:10:44:16 -0500] "GET /BLA/boletinlegal/consulta_actos.php?tipo=resoluciones&no=2523&usuario=&sector=&fecha=2022&resuelve= HTTP/1.1" 200 626
172.22.2.4 - - [08/Oct/2022:10:44:21 -0500] "GET /BLA/boletinlegal/consulta_actos.php?tipo=resoluciones&no=2523&usuario=&sector=&fecha=2022&resuelve= HTTP/1.1" 200 626
172.22.2.4 - - [08/Oct/2022:10:44:22 -0500] "GET /BLA/boletinlegal/consulta_actos.php?tipo=resoluciones&no=2523&usuario=&sector=&fecha=2022&resuelve= HTTP/1.1" 200 626
172.22.2.4 - - [08/Oct/2022:10:44:22 -0500] "GET /BLA/boletinlegal/consulta_actos.php?tipo=resoluciones&no=2523&usuario=&sector=&fecha=2022&resuelve= HTTP/1.1" 200 626
172.22.2.4 - - [08/Oct/2022:10:44:22 -0500] "GET /BLA/boletinlegal/consulta_actos.php?tipo=resoluciones&no=2523&usuario=&sector=&fecha=2022&resuelve= HTTP/1.1" 200 626
172.22.2.4 - - [08/Oct/2022:10:42:47 -0500] "HEAD /BLA/boletinlegal/ HTTP/1.1" 200 -
186.80.52.211 - - [08/Oct/2022:10:44:28 -0500] "POST /sipse/faces/presentacion/financiero/solicitudProceso/listarSolicitudProceso.xhtml HTTP/1.1" 200 105379
186.80.52.211 - - [08/Oct/2022:10:44:29 -0500] "GET /sipse/faces/javax.faces.resource/theme.css?ln=primefaces-sipse HTTP/1.1" 304 -
186.80.52.211 - - [08/Oct/2022:10:44:29 -0500] "GET /sipse/faces/javax.faces.resource/primefaces.css?ln=primefaces&v=4.0 HTTP/1.1" 304 -
186.80.52.211 - - [08/Oct/2022:10:44:29 -0500] "GET /sipse/faces/javax.faces.resource/layout/layout.css?ln=primefaces&v=4.0 HTTP/1.1" 304 -
186.80.52.211 - - [08/Oct/2022:10:44:29 -0500] "GET /sipse/faces/javax.faces.resource/jquery/jquery.js?ln=primefaces&v=4.0 HTTP/1.1" 304 -
186.80.52.211 - - [08/Oct/2022:10:44:29 -0500] "GET /sipse/faces/javax.faces.resource/jquery/jquery-plugins.js?ln=primefaces&v=4.0 HTTP/1.1" 304 -
186.80.52.211 - - [08/Oct/2022:10:44:29 -0500] "GET /sipse/faces/javax.faces.resource/primefaces.js?ln=primefaces&v=4.0 HTTP/1.1" 304 -
186.80.52.211 - - [08/Oct/2022:10:44:29 -0500] "GET /sipse/faces/javax.faces.resource/layout/layout.js?ln=primefaces&v=4.0 HTTP/1.1" 304 -
186.80.52.211 - - [08/Oct/2022:10:44:35 -0500] "GET /sipse/faces/javax.faces.resource/theme.css?ln=primefaces-sipse HTTP/1.1" 304 -
186.80.52.211 - - [08/Oct/2022:10:44:35 -0500] "GET /sipse/faces/javax.faces.resource/layout/layout.css?ln=primefaces&v=4.0 HTTP/1.1" 304 -
186.80.52.211 - - [08/Oct/2022:10:44:35 -0500] "GET /sipse/faces/javax.faces.resource/primefaces.css?ln=primefaces&v=4.0 HTTP/1.1" 304 -
186.80.52.211 - - [08/Oct/2022:10:44:35 -0500] "GET /sipse/faces/javax.faces.resource/jquery/jquery.js?ln=primefaces&v=4.0 HTTP/1.1" 304 -
186.80.52.211 - - [08/Oct/2022:10:44:35 -0500] "GET /sipse/faces/javax.faces.resource/jquery/jquery-plugins.js?ln=primefaces&v=4.0 HTTP/1.1" 304 -
186.80.52.211 - - [08/Oct/2022:10:44:35 -0500] "GET /sipse/faces/javax.faces.resource/primefaces.js?ln=primefaces&v=4.0 HTTP/1.1" 304 -
186.80.52.211 - - [08/Oct/2022:10:44:35 -0500] "GET /sipse/faces/javax.faces.resource/layout/layout.js?ln=primefaces&v=4.0 HTTP/1.1" 304 -
186.80.52.211 - - [08/Oct/2022:10:44:34 -0500] "POST /sipse/faces/presentacion/financiero/solicitudProceso/consultarSolicitudProceso.xhtml HTTP/1.1" 200 69802
