186.102.59.85 - - [09/Oct/2022:10:28:49 -0500] "GET /kwssiamovil/sm/acme/a?s=U2FsdGVkX1+taw5VrCO5nGXFXWeVt4/u1vQdGzn+ANw8rQGYq2wRm7K412FMGyJ21PSq++ha/nc6bNHFivwT9N5ddrORDkwT+eZc3G8lyoQ41llNC3T+dAuZFCGv5wJlKvEOKw0hn4zZoO9D9KKPwXIXOiPKGW642QYD1ODzqPYs1DAcRs+mEkbkrYLagosPENZMGMHfMe5FbJ2zd/c9+A==&u=U2FsdGVkX19hUwZkAWfERovPhKT5OzXD8IK9FDH1CZpYa6AJrgcyBVUHlAiyCWVA&y=U2FsdGVkX1+vAj052FJqKlW3ESHqh5NLeK85ioWtm84nhy8Gl+h/TwdQFOMP62tS HTTP/1.1" 200 25
186.102.59.85 - - [09/Oct/2022:10:28:49 -0500] "GET /kwssiamovil/sm/acme/a?s=U2FsdGVkX18uQc+XDACbQ3kMizTRkybgCGAPa2ADGyqozSX2kqeT1EEwjwlri9wiB3DFT6gvEF3TLyVhBrphDopH0BC1x9ixjVE5+5p05X347duLU6u4TZjpvNhT9eaEbntqqde2/YtSHursJa0ju5saLTBviPFegNdcgsRLeQXtjsFDOroPzakWE6hpG9Fk82bbxu8Bq3au9ZzZ6F8kkQ==&u=U2FsdGVkX19hUwZkAWfERovPhKT5OzXD8IK9FDH1CZpYa6AJrgcyBVUHlAiyCWVA&y=U2FsdGVkX1+vAj052FJqKlW3ESHqh5NLeK85ioWtm84nhy8Gl+h/TwdQFOMP62tS HTTP/1.1" 200 25
186.102.59.85 - - [09/Oct/2022:10:28:50 -0500] "GET /kwssiamovil/sm/acme/a?s=U2FsdGVkX1/oBWeHyKm1thjrqyPomEr1gqOb8yn0VTA4qwiPGuzBsnKlrg9NvWWgDEr8WGNUscac5d45Y/Bz6DoBsaId5q2aeLdELffflf2E3dxNZrgK+6SCAZ3v7V06q/cmMqK9NC9Z46NWnUdthn3RuZJ4s2snLI8z5irAh3OZhFosnBldMuDfHCEt69A3&u=U2FsdGVkX19hUwZkAWfERovPhKT5OzXD8IK9FDH1CZpYa6AJrgcyBVUHlAiyCWVA&y=U2FsdGVkX1+vAj052FJqKlW3ESHqh5NLeK85ioWtm84nhy8Gl+h/TwdQFOMP62tS HTTP/1.1" 200 25
186.102.59.85 - - [09/Oct/2022:10:28:50 -0500] "GET /kwssiamovil/sm/acme/a?s=U2FsdGVkX19hy+bWEsL/M/C3l9Bs30amstW66mf6pP3PggZTdwhj2pX/iuLhRsTDwO6aSDGouQmkS+1YJZtAFtpoUKuLXwWtJTzv+eRhvrVefTLkRwnNFihrSfk1zv+vsUnxS1doedY+tq41h23aCFggoiLPkzhlxFk/72ZtMIgdY0yLrDnEUkqtxXkpyRNn5am9vroq1md2P7I8pxYWqA==&u=U2FsdGVkX19hUwZkAWfERovPhKT5OzXD8IK9FDH1CZpYa6AJrgcyBVUHlAiyCWVA&y=U2FsdGVkX1+vAj052FJqKlW3ESHqh5NLeK85ioWtm84nhy8Gl+h/TwdQFOMP62tS HTTP/1.1" 200 25
186.102.59.85 - - [09/Oct/2022:10:28:50 -0500] "GET /kwssiamovil/sm/acme/a?s=U2FsdGVkX1/fO+orQfqwKpFJiCX4ykyCupe+6+ag43gaDjVLIT24VkJH82f/CWe6eDvXSgwdh0JvvQuPn7D2PorxkuecFNqklMdniW0gAE2bPGROZocFq2HZt72TTBq2nkYEfXTBtNlsv7Hz8yYSYEFv89hvdbOx1KgSjxPiF1yykpmh683t80V5ejqvHT5u&u=U2FsdGVkX19hUwZkAWfERovPhKT5OzXD8IK9FDH1CZpYa6AJrgcyBVUHlAiyCWVA&y=U2FsdGVkX1+vAj052FJqKlW3ESHqh5NLeK85ioWtm84nhy8Gl+h/TwdQFOMP62tS HTTP/1.1" 200 25
186.102.59.85 - - [09/Oct/2022:10:28:50 -0500] "GET /kwssiamovil/sm/acme/a?s=U2FsdGVkX18Jx4yqCh7QG0O+QGxEOee5eeAkj4iyfNr4mBAOc4uveHO74zbFn9mC7VeIK97fAMXRhTWMlaTsje5j36RLp/IoIUPijQfwPM/HsYAhW6VtBTddq65KE9HSS6+8jDROo1eDDum9SJibdrvv96caym6pgjZxtWeFlJhRkqcWZAROCnJ2aPBl+e/W11kCf0AeXEEZ9JzGdcDDew==&u=U2FsdGVkX19hUwZkAWfERovPhKT5OzXD8IK9FDH1CZpYa6AJrgcyBVUHlAiyCWVA&y=U2FsdGVkX1+vAj052FJqKlW3ESHqh5NLeK85ioWtm84nhy8Gl+h/TwdQFOMP62tS HTTP/1.1" 200 25
186.102.59.85 - - [09/Oct/2022:10:28:51 -0500] "GET /kwssiamovil/sm/acme/a?s=U2FsdGVkX1/07IVripNc9raHY9N3FC1p8rHRjQD8teHmZQuXyl7LwJtxBA3ZlEaNeCR0Yp05n72AAW0C5Fncq+7R3Z6O/4lvx26Y39XMWd+nF7BymwGbpCFGupFk4MbUgHIn+ku/eRffgPu6Lqp/2y3UCRxMSHDkpT1kwy3KaDSbCpuyn+2RTDfOCRz11rFO&u=U2FsdGVkX19hUwZkAWfERovPhKT5OzXD8IK9FDH1CZpYa6AJrgcyBVUHlAiyCWVA&y=U2FsdGVkX1+vAj052FJqKlW3ESHqh5NLeK85ioWtm84nhy8Gl+h/TwdQFOMP62tS HTTP/1.1" 200 25
186.102.59.85 - - [09/Oct/2022:10:28:51 -0500] "GET /kwssiamovil/sm/acme/a?s=U2FsdGVkX18UWiG2SO+USrFZGInZnaNsOLwI3+wsJFCVFjwr0ol6CAwPnJEaGF9gn4fIE3NApNszyEdWGe3IzVQRglbDn7Hz6fa5HBXmN349QlHPO2yyZuRABW3k/Um6NVi5swxmf7qexrM6LiSTmMSwPvnzG8WOBh/i20ISK8gvWZt7hwtFCtY9k15d5cWa2lmlCwy7tIuwZ4SpwB4+5KvjQZzVpU2LIzbOEx+LQ/M=&u=U2FsdGVkX19hUwZkAWfERovPhKT5OzXD8IK9FDH1CZpYa6AJrgcyBVUHlAiyCWVA&y=U2FsdGVkX1+vAj052FJqKlW3ESHqh5NLeK85ioWtm84nhy8Gl+h/TwdQFOMP62tS HTTP/1.1" 200 25
186.102.59.85 - - [09/Oct/2022:10:28:51 -0500] "GET /kwssiamovil/sm/acme/a?s=U2FsdGVkX19cprmct2pJXH7tglspjBzm55CcKuW/aRGegpcrswc+Y91qA3chlAfIqRmzHb2VHbHpWHtd6a4kH8gRkWEMeh13iNKeIavZLfRtybHFAi2YdogCeaspiVE/HAspgtyYc8jjAsYHkC85s8uwiLXQiLcP8dJyPpT51XxghIg1CsUSKT3KlB7dkJWhLVtpHJPfW8amqMqV1Ys2ig==&u=U2FsdGVkX19hUwZkAWfERovPhKT5OzXD8IK9FDH1CZpYa6AJrgcyBVUHlAiyCWVA&y=U2FsdGVkX1+vAj052FJqKlW3ESHqh5NLeK85ioWtm84nhy8Gl+h/TwdQFOMP62tS HTTP/1.1" 200 25
186.102.59.85 - - [09/Oct/2022:10:28:51 -0500] "GET /kwssiamovil/sm/acme/a?s=U2FsdGVkX1+oM9/qMHdhmWOsLAUzzWvwvIoyPxUmtvhzixCxVwuOlEVJkXe3VmtVimgYi0bso5NzVNf2BNEsb/4XvNQQMwYp1665nRWglUlFphnR2EUzhIAc/CwcZSsBkSgEeNNEA+o0lMiH0Zw4/MTMw6eURZPKpwbnNCIyLWJk4f6q0Tg3L26jCD11oirIkg4g631JFwJmQ7go1fEPPg==&u=U2FsdGVkX19hUwZkAWfERovPhKT5OzXD8IK9FDH1CZpYa6AJrgcyBVUHlAiyCWVA&y=U2FsdGVkX1+vAj052FJqKlW3ESHqh5NLeK85ioWtm84nhy8Gl+h/TwdQFOMP62tS HTTP/1.1" 200 25
186.102.59.85 - - [09/Oct/2022:10:28:52 -0500] "GET /kwssiamovil/sm/acme/a?s=U2FsdGVkX1+J9+EoAoZK7sxUI1otKiYbk+FYIwkoZ0RoAuyl+IWqjErukt9MuMmvDVkG4OvwJhFMye4Gf+lvY7oFHLqDkh04UTOnrqtmaNLKIwdZdxqg8Mb5IlsBCs5PekM/cuzCkWU/6SyM5qRR4FW0JyERdYFe6c/sx7VClVc9bGZPgLJ7ppPm1aFDKPuHTea1lZmAA/U68fUb1mA3YQ==&u=U2FsdGVkX19hUwZkAWfERovPhKT5OzXD8IK9FDH1CZpYa6AJrgcyBVUHlAiyCWVA&y=U2FsdGVkX1+vAj052FJqKlW3ESHqh5NLeK85ioWtm84nhy8Gl+h/TwdQFOMP62tS HTTP/1.1" 200 25
157.55.39.25 - - [09/Oct/2022:10:29:27 -0500] "GET /BLA/resoluciones/00000870.tif HTTP/1.1" 404 1018
201.245.192.253 - - [09/Oct/2022:10:30:09 -0500] "POST /kwsrmcab/Wsrmcab  HTTP/1.1" 200 42483
80.94.92.231 - - [09/Oct/2022:10:30:32 -0500] "GET / HTTP/1.1" 200 319
58.87.60.223 - - [09/Oct/2022:10:32:01 -0500] "GET /galeria/galeria/fotos/3humedal-Burro3P.jpg HTTP/1.1" 200 8564
80.94.92.239 - - [09/Oct/2022:10:32:11 -0500] "GET / HTTP/1.1" 200 319
201.245.192.253 - - [09/Oct/2022:10:32:11 -0500] "POST /kwsrmcab/Wsrmcab HTTP/1.1" 200 43167
201.245.192.253 - - [09/Oct/2022:10:32:14 -0500] "POST /kwsrmcab/Wsrmcab HTTP/1.1" 200 44639
216.245.221.92 - - [09/Oct/2022:10:32:40 -0500] "HEAD / HTTP/1.1" 200 -
172.22.2.4 - - [09/Oct/2022:10:31:54 -0500] "HEAD /BLA/boletinlegal/ HTTP/1.1" 200 -
23.100.232.233 - - [09/Oct/2022:10:34:21 -0500] "GET /galeria/galeria/jquery.fancybox.css?v=2.1.5 HTTP/1.1" 200 4895
23.100.232.233 - - [09/Oct/2022:10:34:21 -0500] "GET /galeria/galeria/jquery.fancybox.js?v=2.1.5 HTTP/1.1" 200 48706
172.22.2.4 - - [09/Oct/2022:10:32:44 -0500] "GET /BLA/boletinlegal/ HTTP/1.1" 200 59828
172.22.2.4 - - [09/Oct/2022:10:34:46 -0500] "GET /BLA/boletinlegal/conceptos.php HTTP/1.1" 200 7450
172.22.2.4 - - [09/Oct/2022:10:35:03 -0500] "GET /BLA/boletinlegal/js/ajax_conceptos.js HTTP/1.1" 200 1326
172.22.2.4 - - [09/Oct/2022:10:35:04 -0500] "GET /BLA/boletinlegal/style.css HTTP/1.1" 200 9406
172.22.2.4 - - [09/Oct/2022:10:35:04 -0500] "GET /BLA/boletinlegal/styles2.css HTTP/1.1" 200 1838
172.22.2.4 - - [09/Oct/2022:10:35:08 -0500] "GET /BLA/boletinlegal/niceforms-default.css HTTP/1.1" 200 6694
172.22.2.4 - - [09/Oct/2022:10:35:08 -0500] "GET /BLA/boletinlegal/niceforms.js HTTP/1.1" 200 22876
201.245.192.253 - - [09/Oct/2022:10:35:08 -0500] "POST /kwsrmcab/Wsrmcab  HTTP/1.1" 200 42483
207.46.13.190 - - [09/Oct/2022:10:35:19 -0500] "GET /BLA/resoluciones/00000851.tif HTTP/1.1" 404 1018
172.22.2.4 - - [09/Oct/2022:10:35:34 -0500] "GET /BLA/boletinlegal/actos.php HTTP/1.1" 200 9566
172.22.2.4 - - [09/Oct/2022:10:35:34 -0500] "GET /BLA/boletinlegal/styles2.css HTTP/1.1" 200 1838
172.22.2.4 - - [09/Oct/2022:10:35:34 -0500] "GET /BLA/boletinlegal/js/ajax_actos.js HTTP/1.1" 200 1322
172.22.2.4 - - [09/Oct/2022:10:35:34 -0500] "GET /BLA/boletinlegal/niceforms-default.css HTTP/1.1" 200 6694
172.22.2.4 - - [09/Oct/2022:10:35:34 -0500] "GET /BLA/boletinlegal/style.css HTTP/1.1" 200 9406
172.22.2.4 - - [09/Oct/2022:10:35:34 -0500] "GET /BLA/boletinlegal/niceforms.js HTTP/1.1" 200 22876
172.22.2.4 - - [09/Oct/2022:10:35:34 -0500] "GET /BLA/boletinlegal/js/lib.js HTTP/1.1" 200 6474
172.22.2.4 - - [09/Oct/2022:10:35:34 -0500] "GET /BLA/boletinlegal/js/jquery1.js HTTP/1.1" 200 29846
172.22.2.4 - - [09/Oct/2022:10:35:34 -0500] "GET /BLA/boletinlegal/js/popup.js HTTP/1.1" 200 1270
172.22.2.4 - - [09/Oct/2022:10:35:34 -0500] "GET /BLA/boletinlegal/images/cabezote%20BLEGAL.jpg HTTP/1.1" 200 118164
172.22.2.4 - - [09/Oct/2022:10:35:34 -0500] "GET /BLA/boletinlegal/images/subscribe-icon-big.png HTTP/1.1" 200 47702
172.22.2.4 - - [09/Oct/2022:10:35:34 -0500] "GET /BLA/boletinlegal/images/historia.png HTTP/1.1" 200 52775
172.22.2.4 - - [09/Oct/2022:10:35:34 -0500] "GET /BLA/boletinlegal/images/registro-usuarios.png HTTP/1.1" 200 8106
172.22.2.4 - - [09/Oct/2022:10:35:34 -0500] "GET /BLA/boletinlegal/images/green-yellow-blue-pink-th.png HTTP/1.1" 200 7394
172.22.2.4 - - [09/Oct/2022:10:35:34 -0500] "GET /BLA/boletinlegal/images/tel.png HTTP/1.1" 200 14477
172.22.2.4 - - [09/Oct/2022:10:35:34 -0500] "GET /BLA/boletinlegal/images/icono-email.png HTTP/1.1" 200 5544
172.22.2.4 - - [09/Oct/2022:10:35:35 -0500] "GET /BLA/boletinlegal/images/body_bg.jpg HTTP/1.1" 200 1601
172.22.2.4 - - [09/Oct/2022:10:35:35 -0500] "GET /BLA/boletinlegal/images/menu_rght.gif HTTP/1.1" 200 1627
172.22.2.4 - - [09/Oct/2022:10:35:35 -0500] "GET /BLA/boletinlegal/images/menu_lft.gif HTTP/1.1" 200 1713
172.22.2.4 - - [09/Oct/2022:10:35:35 -0500] "GET /BLA/boletinlegal/images/bg_top.jpg HTTP/1.1" 200 522
172.22.2.4 - - [09/Oct/2022:10:35:35 -0500] "GET /BLA/boletinlegal/images/menu_bg.jpg HTTP/1.1" 200 620
172.22.2.4 - - [09/Oct/2022:10:35:35 -0500] "GET /BLA/boletinlegal/images/hover.jpg HTTP/1.1" 200 640
172.22.2.4 - - [09/Oct/2022:10:35:35 -0500] "GET /BLA/boletinlegal/images/text.jpg HTTP/1.1" 200 568
172.22.2.4 - - [09/Oct/2022:10:35:35 -0500] "GET /BLA/boletinlegal/images/footer_bg.jpg HTTP/1.1" 200 586
172.22.2.4 - - [09/Oct/2022:10:35:35 -0500] "GET /BLA/boletinlegal/images/footer_bg_l.jpg HTTP/1.1" 200 776
172.22.2.4 - - [09/Oct/2022:10:35:35 -0500] "GET /BLA/boletinlegal/img/select-left.png HTTP/1.1" 200 263
172.22.2.4 - - [09/Oct/2022:10:35:35 -0500] "GET /BLA/boletinlegal/img/select-right.png HTTP/1.1" 200 44019
172.22.2.4 - - [09/Oct/2022:10:35:35 -0500] "GET /BLA/boletinlegal/img/button-left.png HTTP/1.1" 200 57071
172.22.2.4 - - [09/Oct/2022:10:35:35 -0500] "GET /BLA/boletinlegal/img/button.png HTTP/1.1" 200 43241
172.22.2.4 - - [09/Oct/2022:10:35:35 -0500] "GET /BLA/boletinlegal/img/button-right.png HTTP/1.1" 200 57878
172.22.2.4 - - [09/Oct/2022:10:35:47 -0500] "GET /BLA/boletinlegal/consulta_actos.php?tipo=resoluciones&no=5526&usuario=&sector=&fecha=2021&resuelve= HTTP/1.1" 200 1061
207.46.13.40 - - [09/Oct/2022:10:35:53 -0500] "GET /BLA/resoluciones/2002RES117.tif HTTP/1.1" 404 1018
172.22.2.4 - - [09/Oct/2022:10:35:57 -0500] "GET /BLA/boletinlegal/consulta_actos.php?tipo=resoluciones&no=2545&usuario=&sector=&fecha=2021&resuelve= HTTP/1.1" 200 1066
172.22.2.4 - - [09/Oct/2022:10:35:58 -0500] "GET /BLA/boletinlegal/consulta_actos.php?tipo=resoluciones&no=2545&usuario=&sector=&fecha=2021&resuelve= HTTP/1.1" 200 1066
172.22.2.4 - - [09/Oct/2022:10:35:58 -0500] "GET /BLA/boletinlegal/consulta_actos.php?tipo=resoluciones&no=2545&usuario=&sector=&fecha=2021&resuelve= HTTP/1.1" 200 1066
172.22.2.4 - - [09/Oct/2022:10:35:58 -0500] "GET /BLA/boletinlegal/consulta_actos.php?tipo=resoluciones&no=2545&usuario=&sector=&fecha=2021&resuelve= HTTP/1.1" 200 1066
172.22.2.4 - - [09/Oct/2022:10:35:58 -0500] "GET /BLA/boletinlegal/consulta_actos.php?tipo=resoluciones&no=2545&usuario=&sector=&fecha=2021&resuelve= HTTP/1.1" 200 1066
172.22.2.4 - - [09/Oct/2022:10:35:58 -0500] "GET /BLA/boletinlegal/consulta_actos.php?tipo=resoluciones&no=2545&usuario=&sector=&fecha=2021&resuelve= HTTP/1.1" 200 1066
172.22.2.4 - - [09/Oct/2022:10:35:58 -0500] "GET /BLA/boletinlegal/consulta_actos.php?tipo=resoluciones&no=2545&usuario=&sector=&fecha=2021&resuelve= HTTP/1.1" 200 1066
172.22.2.4 - - [09/Oct/2022:10:35:59 -0500] "GET /BLA/boletinlegal/consulta_actos.php?tipo=resoluciones&no=2545&usuario=&sector=&fecha=2021&resuelve= HTTP/1.1" 200 1066
172.22.2.4 - - [09/Oct/2022:10:36:04 -0500] "GET /BLA/boletinlegal/actos.php HTTP/1.1" 200 9566
172.22.2.4 - - [09/Oct/2022:10:36:12 -0500] "GET /BLA/boletinlegal/consulta_actos.php?tipo=resoluciones&no=2545&usuario=&sector=&fecha=2021&resuelve= HTTP/1.1" 200 1066
172.22.2.4 - - [09/Oct/2022:10:36:29 -0500] "GET /BLA/boletinlegal/consulta_actos.php?tipo=resoluciones&no=2545&usuario=&sector=&fecha=2020&resuelve= HTTP/1.1" 200 626
172.22.2.4 - - [09/Oct/2022:10:36:32 -0500] "GET /BLA/boletinlegal/consulta_actos.php?tipo=resoluciones&no=2545&usuario=&sector=PEV&fecha=2020&resuelve= HTTP/1.1" 200 626
172.22.2.4 - - [09/Oct/2022:10:36:35 -0500] "GET /BLA/boletinlegal/consulta_actos.php?tipo=resoluciones&no=2545&usuario=&sector=PEV&fecha=2021&resuelve= HTTP/1.1" 200 626
172.22.2.4 - - [09/Oct/2022:10:36:36 -0500] "GET /BLA/boletinlegal/consulta_actos.php?tipo=resoluciones&no=2545&usuario=&sector=PEV&fecha=2021&resuelve= HTTP/1.1" 200 626
172.22.2.4 - - [09/Oct/2022:10:36:36 -0500] "GET /BLA/boletinlegal/consulta_actos.php?tipo=resoluciones&no=2545&usuario=&sector=PEV&fecha=2021&resuelve= HTTP/1.1" 200 626
172.22.2.4 - - [09/Oct/2022:10:36:36 -0500] "GET /BLA/boletinlegal/consulta_actos.php?tipo=resoluciones&no=2545&usuario=&sector=PEV&fecha=2021&resuelve= HTTP/1.1" 200 626
172.22.2.4 - - [09/Oct/2022:10:36:36 -0500] "GET /BLA/boletinlegal/consulta_actos.php?tipo=resoluciones&no=2545&usuario=&sector=PEV&fecha=2021&resuelve= HTTP/1.1" 200 626
181.32.23.180 - - [09/Oct/2022:10:36:37 -0500] "GET /BLA/resoluciones/ HTTP/1.1" 200 13093
181.32.23.180 - - [09/Oct/2022:10:36:40 -0500] "GET /BLA/resoluciones/index.php?dir=RESOLUCIONES+2021%2F HTTP/1.1" 200 425523
173.252.83.19 - - [09/Oct/2022:10:37:12 -0500] "GET /images/moda-sostenible-oct_optimized.jpg HTTP/1.1" 200 55305
128.14.225.196 - - [09/Oct/2022:10:37:33 -0500] "\x16\x03\x01" 400 226
216.245.221.92 - - [09/Oct/2022:10:37:40 -0500] "HEAD / HTTP/1.1" 200 -
128.14.225.196 - - [09/Oct/2022:10:37:44 -0500] "GET / HTTP/1.1" 200 319
181.32.23.180 - - [09/Oct/2022:10:37:48 -0500] "GET /BLA/resoluciones/RESOLUCIONES%202021/2545.pdf HTTP/1.1" 200 339495
207.46.13.190 - - [09/Oct/2022:10:37:49 -0500] "GET /Publicaciones/2022EE188776.pdf HTTP/1.1" 404 228
172.22.2.4 - - [09/Oct/2022:10:38:02 -0500] "GET /BLA/boletinlegal/consulta_actos.php?tipo=resoluciones&no=2545&usuario=&sector=PEV&fecha=2019&resuelve= HTTP/1.1" 200 626
172.22.2.4 - - [09/Oct/2022:10:38:02 -0500] "GET /BLA/boletinlegal/consulta_actos.php?tipo=resoluciones&no=2545&usuario=&sector=PEV&fecha=2019&resuelve= HTTP/1.1" 200 626
172.22.2.4 - - [09/Oct/2022:10:38:02 -0500] "GET /BLA/boletinlegal/consulta_actos.php?tipo=resoluciones&no=2545&usuario=&sector=PEV&fecha=2019&resuelve= HTTP/1.1" 200 626
172.22.2.4 - - [09/Oct/2022:10:38:03 -0500] "GET /BLA/boletinlegal/consulta_actos.php?tipo=resoluciones&no=2545&usuario=&sector=PEV&fecha=2019&resuelve= HTTP/1.1" 200 626
172.22.2.4 - - [09/Oct/2022:10:38:03 -0500] "GET /BLA/boletinlegal/consulta_actos.php?tipo=resoluciones&no=2545&usuario=&sector=PEV&fecha=2019&resuelve= HTTP/1.1" 200 626
172.22.2.4 - - [09/Oct/2022:10:38:03 -0500] "GET /BLA/boletinlegal/consulta_actos.php?tipo=resoluciones&no=2545&usuario=&sector=PEV&fecha=2019&resuelve= HTTP/1.1" 200 626
172.22.2.4 - - [09/Oct/2022:10:38:03 -0500] "GET /BLA/boletinlegal/consulta_actos.php?tipo=resoluciones&no=2545&usuario=&sector=PEV&fecha=2019&resuelve= HTTP/1.1" 200 626
172.22.2.4 - - [09/Oct/2022:10:38:04 -0500] "GET /BLA/boletinlegal/consulta_actos.php?tipo=resoluciones&no=2545&usuario=&sector=PEV&fecha=2019&resuelve= HTTP/1.1" 200 626
172.22.2.4 - - [09/Oct/2022:10:38:04 -0500] "GET /BLA/boletinlegal/consulta_actos.php?tipo=resoluciones&no=2545&usuario=&sector=PEV&fecha=2019&resuelve= HTTP/1.1" 200 626
172.22.2.4 - - [09/Oct/2022:10:38:04 -0500] "GET /BLA/boletinlegal/consulta_actos.php?tipo=resoluciones&no=2545&usuario=&sector=PEV&fecha=2019&resuelve= HTTP/1.1" 200 626
128.14.225.196 - - [09/Oct/2022:10:38:08 -0500] "GET /favicon.ico HTTP/1.1" 200 7782
128.14.225.196 - - [09/Oct/2022:10:38:33 -0500] "GET /sitemap.xml HTTP/1.1" 404 1018
172.22.2.4 - - [09/Oct/2022:10:37:44 -0500] "HEAD /BLA/boletinlegal/ HTTP/1.1" 200 -
186.102.23.81 - - [09/Oct/2022:10:39:42 -0500] "GET /kwssiamovil/sm/ldap/au?x=U2FsdGVkX1+4PAAxyG+5+yc/NEcXHei9nJyrU4ry7uWzseeY6NOjsdf7zPEXhot2W7770orEQBIKmLgXV8IGvg==&y=U2FsdGVkX1+i/CA2D09qBt/RLGxhN5EZbCGmCg0pJL17K9mABvCwYHyDkkxKbflA HTTP/1.1" 200 30
186.102.23.81 - - [09/Oct/2022:10:39:42 -0500] "GET /kwssiamovil/sm/acme/s?s=U2FsdGVkX1/zlbFjRy8YAJNdT3XeNOc4PqzanSfkSPTTeGq/pKEtaUcgJQsuN/Fo4UxYijdCSYn5l3dcIY2ExxJin2WDfTX/j5+sLcATToM=&u=U2FsdGVkX1+JyfR03yzWyObBk1H2aa8mGOFfy7tP/tLEH8Uz5fjTxcrrk8k8vaec&y=U2FsdGVkX1+i/CA2D09qBt/RLGxhN5EZbCGmCg0pJL17K9mABvCwYHyDkkxKbflA HTTP/1.1" 200 97
186.102.23.81 - - [09/Oct/2022:10:39:42 -0500] "GET /kwssiamovil/sm/acme/s?s=U2FsdGVkX1+4/i/ae274gVs74UCZoYZi95Tp1xa59n+dRer8qudSg4qjceF9XlOmYK67nZXU8Ne7YZsedmVsyZiB9boCWZ2JQe6OlMJbqzEPqwirulrYV8ad2UCIIhQoRf14JXzMYeu9T0n3ZjR9XJ5PJzbvyd5gipoX/iqvFHOlxC3Z1OzEGdAd7ZUD6l651nKHEbpn2Naco00XuCERT3+N5djjxxxXT3LQWSpP46ZtrgqiTvU6iSVdCsODQIzIwHEB/SLBF13q8aujHzx6+3XjmElCfqenvzi+rYQu8k/+mXE+ykWVq8KEfVVV1gnh3xEeRMq+jruu17ZF+RBoSZ1iCbonvi+PFbBXyH0/IIJY6xEuVjXgeHPHEYCZMpPXR1e1NSTd0hnI29lc9WHUQg9tPrtZTPCm9yQF1QuvfHMikCMbjMk1egWoaNkraza8vCZnwefSjwOxe2zdb3K0nuuqw1NUsJqk4WGD0chv7gI3u6a3JUJcXesdR78f7nsFpzkTrEFHg9drNYXF9uMhl9IFWIH2wc4TjLlp4idELDh9Xf1dvmARgXF9lCF0xFyz5oHnZ7O1O3f2pUCnT1Z2JM4zPBmCae7wu5DhvuqQyMDgVh0Yvz4zf4vN7b85uoMPeXRjV/TCNs2wv+WFFjJ09FB4AjSjNcC3PbGq7Ijs3ZFnFnNB121RcYXcejxuzp3Uan9Kr7FpE7n8Lu4bwNmboa0+mlWvf8SxeZUvC5KWFJiRzEVqixGEIIZh/gCwFGAlNzp/66ClHtRD42Ukyy/7PMXKug3PejnCi/j/z3vDOjmN5ARFBoZ41WxV/+pRrCl4K0vw/oWc1sDsVLdG0jyQxoHZg3weihMDmEzK9IvxRc/IGtiz7bx1ntQ7A5Jk8HiT8r7TFWRLnGIiY1qx/nPizzrTQBTsu+tTlddPZ66uyHEo3B3eyETyuSgKcFaVWQtZIdizn7H82FSnyipcmaQEspt12orQ4vtUPrACylWllcZoUGNhQFfOt6Qim4/22lagYvlLvoVB3yr9ocShesTv/uaDvQJ/l07pzZPBENvPzFAZna8dRCjqz0qaWL4fcv4/HllDl4bX9SsFH1TDfhH/27ZwuDyWwoih4gXiN+dU29H6N4LhjW+Aj/5ni1zSpe0cKVJwTw7X0UpyNQhRDIzrNQeGdWwHlwc/S5EQKKiyyWCIzPfSFsdH5WOchQw8wv0/EL/i6X7EOCQ5lsmVGDW0/z3/6QyDEpeHvINhxfg2YYYpMhSQPuuNUHn5ssXVZzjC3DHN1Da3Rx59MhYOqcOLRRTC314PmmmjKMmM0HQBtO5fX0NKaa0KqjqAmsC137bp2vHgm2cb+OTOYKSbyunD03fW6FmM5Fx93eL0eBIEZyxlkh2HMFXgymFFRenFcmyfX+hVT9kZZE16qvyHNse1tT8+TiVpZ0b4jZayWdCxJGI=&u=U2FsdGVkX1+JyfR03yzWyObBk1H2aa8mGOFfy7tP/tLEH8Uz5fjTxcrrk8k8vaec&y=U2FsdGVkX1+i/CA2D09qBt/RLGxhN5EZbCGmCg0pJL17K9mABvCwYHyDkkxKbflA HTTP/1.1" 200 3540
186.102.23.81 - - [09/Oct/2022:10:39:42 -0500] "GET /kwssiamovil/sm/acme/s?s=U2FsdGVkX1+37n6+kKI6MA1uR8YMELnUjxYR28HC9hZLKrFbXfz6xyBrhveA15wvAXVzNwYjb2SJk1kAG7Pgim9jVeXdF4awYeENAaVAcLU55CKy6dFKY7rXmMqL4WHBojpDhhc+y+S062tGdmUYNqb8ccQN8uhGfZQgGubKksXMpuxxyEQEsyaRCpeTIcFyYRR5JzTa/X4e8UJfofc1ewC7KVR+aUy3W1FwfQdDF5pVctQrP5QRI+OnL7QK6x6Cb9pU2bvzLpR3arxNF4EethsUrDsPRNB8A7kZQ4lqmLUmlx2B0XiHGuSZnI4gPMrXL0Q/IYM8H54uEiSfPjiaGW/l+gzTsXu9M6A6zXZhH+A=&u=U2FsdGVkX1+JyfR03yzWyObBk1H2aa8mGOFfy7tP/tLEH8Uz5fjTxcrrk8k8vaec&y=U2FsdGVkX1+i/CA2D09qBt/RLGxhN5EZbCGmCg0pJL17K9mABvCwYHyDkkxKbflA HTTP/1.1" 200 196
186.102.23.81 - - [09/Oct/2022:10:39:42 -0500] "GET /kwssiamovil/sm/cjson/pre?f=1&x=U2FsdGVkX1+4PAAxyG+5+yc/NEcXHei9nJyrU4ry7uWzseeY6NOjsdf7zPEXhot2W7770orEQBIKmLgXV8IGvg== HTTP/1.1" 200 30992
201.245.192.253 - - [09/Oct/2022:10:40:06 -0500] "POST /kwsrmcab/Wsrmcab  HTTP/1.1" 200 42483
172.22.2.4 - - [09/Oct/2022:10:38:34 -0500] "GET /BLA/boletinlegal/ HTTP/1.1" 200 59319
172.22.2.4 - - [09/Oct/2022:10:40:32 -0500] "GET /BLA/boletinlegal/owa/auth/logon.aspx HTTP/1.1" 404 1018
201.245.192.253 - - [09/Oct/2022:10:42:11 -0500] "POST /kwsrmcab/Wsrmcab HTTP/1.1" 200 43167
201.245.192.253 - - [09/Oct/2022:10:42:14 -0500] "POST /kwsrmcab/Wsrmcab HTTP/1.1" 200 44639
172.22.2.4 - - [09/Oct/2022:10:42:30 -0500] "GET /BLA/boletinlegal/ecp/Current/exporttool/microsoft.exchange.ediscovery.exporttool.application HTTP/1.1" 404 1018
216.245.221.92 - - [09/Oct/2022:10:42:40 -0500] "HEAD / HTTP/1.1" 200 -
172.22.2.4 - - [09/Oct/2022:10:43:57 -0500] "GET /BLA/boletinlegal/consulta_actos.php?tipo=resoluciones&no=2545&usuario=&sector=PEV&fecha=2018&resuelve= HTTP/1.1" 200 1158
181.32.23.180 - - [09/Oct/2022:10:43:59 -0500] "GET /BLA/resoluciones/RESOLUCIONES%202018/2545.pdf HTTP/1.1" 200 862292
23.100.232.233 - - [09/Oct/2022:10:44:53 -0500] "GET /bla/resoluciones/resoluciones%202018/3052.pdf HTTP/1.1" 200 351891
201.245.192.253 - - [09/Oct/2022:10:45:05 -0500] "POST /kwsrmcab/Wsrmcab  HTTP/1.1" 200 42483
172.22.2.4 - - [09/Oct/2022:10:45:14 -0500] "GET /BLA/boletinlegal/owa/auth/x.js HTTP/1.1" 404 1018
172.22.2.4 - - [09/Oct/2022:10:43:34 -0500] "HEAD /BLA/boletinlegal/ HTTP/1.1" 200 -
172.22.2.4 - - [09/Oct/2022:10:44:24 -0500] "GET /BLA/boletinlegal/ HTTP/1.1" 200 55630
216.245.221.92 - - [09/Oct/2022:10:47:40 -0500] "HEAD / HTTP/1.1" 200 -
201.245.192.253 - - [09/Oct/2022:10:50:04 -0500] "POST /kwsrmcab/Wsrmcab  HTTP/1.1" 200 42483
172.22.2.4 - - [09/Oct/2022:10:49:24 -0500] "HEAD /BLA/boletinlegal/ HTTP/1.1" 200 -
172.22.2.4 - - [09/Oct/2022:10:50:14 -0500] "GET /BLA/boletinlegal/ HTTP/1.1" 200 57725
216.245.221.92 - - [09/Oct/2022:10:52:40 -0500] "HEAD / HTTP/1.1" 200 -
27.115.124.38 - - [09/Oct/2022:10:52:42 -0500] "GET /galeria/galeria/jquery.fancybox.css?v=2.1.5 HTTP/1.1" 200 4895
27.115.124.45 - - [09/Oct/2022:10:52:42 -0500] "GET /galeria/carrusel/Carrusel/jquery.thumbnailScroller.css HTTP/1.1" 200 2066
27.115.124.6 - - [09/Oct/2022:10:52:42 -0500] "GET /BLA/boletinlegal/js/jquery.scrollShow.js HTTP/1.1" 200 4586
27.115.124.6 - - [09/Oct/2022:10:52:42 -0500] "GET /galeria/galeria/jquery.fancybox.js?v=2.1.5 HTTP/1.1" 200 48706
186.29.229.49 - - [09/Oct/2022:10:52:44 -0500] "GET /kwssiamovil/sm/ldap/au?x=U2FsdGVkX19fpleYu11tZtbN1rAD2q2C9UmICsZ08/cadOlM3Y1pca49od1f/phc&y=U2FsdGVkX1/C/NcvqawQfeXwQs/lFKtIiDzQLl5wEeYhdh1XhqfzGZPupVsI+/PF HTTP/1.1" 200 30
207.46.13.190 - - [09/Oct/2022:10:54:41 -0500] "GET /BLA/resoluciones/RESOLUCIONES%202022/0418.pdf HTTP/1.1" 200 345539
207.46.13.40 - - [09/Oct/2022:10:54:58 -0500] "GET /BLA/resoluciones/AUTOS%202013/1926.pdf HTTP/1.1" 200 641578
172.22.2.4 - - [09/Oct/2022:10:54:14 -0500] "GET /BLA/boletinlegal/ HTTP/1.1" 200 36811
201.245.192.253 - - [09/Oct/2022:10:55:03 -0500] "POST /kwsrmcab/Wsrmcab  HTTP/1.1" 200 42483
172.22.2.4 - - [09/Oct/2022:10:55:14 -0500] "HEAD /BLA/boletinlegal/ HTTP/1.1" 200 -
216.245.221.92 - - [09/Oct/2022:10:57:40 -0500] "HEAD / HTTP/1.1" 200 -
172.22.2.4 - - [09/Oct/2022:10:56:04 -0500] "GET /BLA/boletinlegal/ HTTP/1.1" 200 60281
186.102.14.204 - - [09/Oct/2022:10:59:14 -0500] "GET /kwssiamovil/sm/acme/a?s=U2FsdGVkX189wrYx8DNi1TlIuFG7jwD3BGDXdjbspTrAZ53pGDbxRFfV/ltINeVXYWYAlUMqmHOqL14kSqCJ7CX5ro3JSqFYlt3eDwWwoVVKfijyDe6fuv6ih5DCHiUtq8FNtS62vM10BxR8ARo71aO9KtLVVZXwoEoPwWrJQw4Pj77SfVn+VaPj34iCmpHG0jyeVJXTWLSsn2EVE5pd85dqaW6KSN7nmp8QFlpD+gc74IR8JNawq1PncGD57BTFaw+xoU+5VkywWTHCbIorTw==&u=U2FsdGVkX18JlIsmuK1dWN7k9sng0FREWFPtwztYKKQ=&y=U2FsdGVkX18CBs1LnmuLML3ASWQEDsH/JoN6mlliU1vxwpFbihVI9GGz6Cu0A9D3 HTTP/1.1" 200 26
186.102.14.204 - - [09/Oct/2022:10:59:15 -0500] "GET /kwssiamovil/sm/acme/a?s=U2FsdGVkX19VOlBl8UsK8PBoQdzbulM5pqbBsq1asZPmVOpTYTD67UTH60ODeu2a0etd6h5oz1IKwZbeTTV6DKkGqA0fsUcZsxjTF0xaeWqBu3r82bchI9xuIgchTQM7BG8tcBjpvujByohc2gP5Xqhr9+jLv5HBdiqLtDSFSqSchXAbLWPXuAkWzVcpS1S0pTpa2Sp4kPINj3sbq3WbF4NQo+8MogdhCysh3HOZv+/ib0Qq0WzoQJOJx99nWRBTzVzqyk8NCkSvXfOpqWHWZgL5qS6kQADrw412RNFWpVM0Gu6WIYREG7MEh9fFtMUReB6yWWljLF9oaI3R6jYMAWIHadTiQX8DD0GcxcjnNpTelornYWKYYU3prbUF5GRmAoN8kte6rcho1K5wiGL2uXguIAxBvTS7fEOUSAUrzedWkZ1T8B3mkw9tYMZwCDc6/RhzJhwk2xpyBRztMojGqSb8Cwk0UZn00uZgfbYSsoaFaZUA7kxYszV2/2VPKRs69ZAcZDlri6LeMYcSbyh7fBajfuAu3f4woGNk46kCuNZlgbIRh6fJysbsN7+vEl25SHd5VxHPGkXAVrLEddbXDrkU4x2t+tCHCb7arNyGRFdgxhGuVLYFu+yc9f33hzCZk40guPiz3C6LEYexW1D0MpRSeBFxm5yzZDkv+yqbpoGklcDkcYZds7Wr7ZZEER1ds9rG+obP/rsjDJB180fsvMRUTquT3C2/pmQWfX6i/x9HKrBgVW/vh24TNH9P6ZnSosf/nTg/gpK9Thc16QbH+1XdHdU25OmVUu1z1KAXAnRCGmoWsr2oheZe80lVHxhMNAqYNyWcT+pvpCzxJ1pNGl5J0XKZi5lRcBLgx+9anBN2mTamFpZa+Aqh89vTGsrdQD9RyZSDTP48U4HvU++9m1F9hwbSdfUfB21SZGiXzAEvj5UKrpIYdZM1mR2yqg0V0If1BdjbF066Gee7ztsvq6hHiiX4goj2ZCsgkV4k6TYKZpJnB2j3VlTFPCID9/cg7pnzHRITrLwuprFF1WJWY5XLoe4AMpBdJ0aoJfyoEXMtp1X84Mwx/7LD60yxa82DKsKHERkzyEtnlfcXx/2nMsfi249jJ86MMcyeBlv4kX/GYBfhR6JOH8qHmuBWOR3ntJm3AOXa45/VwtxRR3CnwZS6Q454/E21gqF0xlQShF8SyC6pd4EGHYMA/0cnp2PLD50OD6SxR6Rpl17quIBLZLF/L2uLPe7+OuQT3O3c3r4LXSRzanzqg4g/HtjFzBGDndFSA2C23ZidfvUyJfOp+CQuMzAkGQipP+3TYtxDIR/pi1Uhq08D2wT+4X3QObZUMvUuuj69CuCm7XNJxS6mI8rYWLVjaAj7QH45GVcg2VqmuHTUfnGOIW9I9Fm9c7lyT9YyTHvV5dU2n7zv8c1YtTFTKpojxdSqks3nHbMwUFOmd4NWy3hvfDZKMYOEIUCMshiRlbXrb2H2YdhyHrY44+Nq0gEPLOtmK8hAJd3stJUm1YNUYNv2u8Rwu5ybOKmRQb6B2lwE0D3FywYRnZEoqL/nG/hA2RjlF05j68GXVlnhvC9vuq7iLuOikFM83RxMfaYS4QiLqkacdsordIP8sgBkF6u0XVL6mxQgqBnb95n8KnMmdB+o9REYKVKPP67uI/ykXGLjHMHNmVy0OkRIpp5Qt2aiaRCwbzMCORuesGJQEIg24RPymeCdwJVfHjbuTwBN6hDUsFXAh+tyfPxO32uUwDksPlATART8bFfj7WM5fLuiLiEphZVSz4j9C166n9duJUWbcX4tTJyg5jdwnLPFD+upPevO2Gh8I3eMrufCMhVjl0rF8VYklE4nDPn0r5rYaw5FlqEV2JuN/+ye53QPl7u2D6F/pqVPUGRpNg+E6Dqt9i/llOisUTNa4pLWnsHjyQSQr+IhTNkCVZrq9TPkBiy4JGv/suQbQem889WOJ4XCHuATeiIG/abDhE0eLQ1tCESSXkV9GyBbx9/ecAT9mGaeH+Dlljfp4HV0cUcEMHPUTnTXJu2TFtVnYvV/qJ1CuBBl3yfPFQSffka7Y5bSUKCFXwytPKPuplzJCA6Mvc0SE9sfqKCys5p9+X4RFqy10pTC5uBqi5LRnXYfnxEmm3SFJrRHkzP4ax6QAONCizUmshG01/OyNafj2tcvdHdlmazumNUudskSZOODyglq8qpgr5c1ISWFPTM7Y0GajhsmC9KZ7VPYSZNgpPxXw34dsqFW+Ghv7gGZIGrxM7Xl69Ac+b9dxPMp4v0r1eWYJGQH/YNgB1y7xaQ6v5/8HDtsTEftISP6wGdQ8SU/plSomceRUsk9k4O3YH0AOSd5jRIwXf5VpwelGcd2AJ/COl61aJkuerI+/GfOB+m4XA==&u=U2FsdGVkX18JlIsmuK1dWN7k9sng0FREWFPtwztYKKQ=&y=U2FsdGVkX18CBs1LnmuLML3ASWQEDsH/JoN6mlliU1vxwpFbihVI9GGz6Cu0A9D3 HTTP/1.1" 200 25
186.102.14.204 - - [09/Oct/2022:10:59:15 -0500] "GET /kwssiamovil/sm/acme/a?s=U2FsdGVkX196STGTNzppQmxcOlC+xMRx8MiFCB6cKUAWLxqZ/7S5ME7aAcyvF26gNERBjrtSTwExXgGe9HhLFBAXROWzFnW+StndMqwCaPH2DfG/FDp/6+JlWP+7geEqr+vEEuMKc3GDwYqZsa6OjL9dDvtFlZgDOmL37rlUHdo=&u=U2FsdGVkX18JlIsmuK1dWN7k9sng0FREWFPtwztYKKQ=&y=U2FsdGVkX18CBs1LnmuLML3ASWQEDsH/JoN6mlliU1vxwpFbihVI9GGz6Cu0A9D3 HTTP/1.1" 200 25
186.102.14.204 - - [09/Oct/2022:10:59:15 -0500] "GET /kwssiamovil/sm/acme/a?s=U2FsdGVkX18sYNtUfk5T4cmsx6ZTyCJAUrQUdD8v0W3FdiUPbvsdw8GoTQh5YCLvnBkXHXcp+GeSmSEFj9+IQNPH2NsbTzC4PwarHDBEa6SWziI/MtqxGLG/Qwx9TGXLB7vFfiPhI8wyOBWqQbXnKseHOqaN4mIsZ2brl4AujbU=&u=U2FsdGVkX18JlIsmuK1dWN7k9sng0FREWFPtwztYKKQ=&y=U2FsdGVkX18CBs1LnmuLML3ASWQEDsH/JoN6mlliU1vxwpFbihVI9GGz6Cu0A9D3 HTTP/1.1" 200 25
186.102.14.204 - - [09/Oct/2022:10:59:16 -0500] "GET /kwssiamovil/sm/acme/a?s=U2FsdGVkX1+wo0oHChGlJXRPX/UkQaruwnuUZsXQ+/wurpQEKcfViE+//FWcs64ZygxNDGfUgH8owPJWEqa1wUac2zYieCba5OeftroogU3aEfCi08tWVzaaITTJUua60lxTe2m7foSBmNb+MAm+HKQgD9cW5ymM0pB0GOMhwb8=&u=U2FsdGVkX18JlIsmuK1dWN7k9sng0FREWFPtwztYKKQ=&y=U2FsdGVkX18CBs1LnmuLML3ASWQEDsH/JoN6mlliU1vxwpFbihVI9GGz6Cu0A9D3 HTTP/1.1" 200 25
186.102.14.204 - - [09/Oct/2022:10:59:16 -0500] "GET /kwssiamovil/sm/acme/a?s=U2FsdGVkX1+o+Phw2EMjylXlScCJjtM9JWSZ0UrVB3g57tqxb39pV6qSAYgVELsNc/RyUrjFYk3GCpKCpKTqXC1gWMf/WlvBGV2rQM5hykIxsjWSCGh+5eXIyCxORln55VU0vPF0+Ddm/LOnVtWDlgNb9HNqo5+t7DWPabKv4hSpPnMM6VG0+ROXbihQ1Nn0&u=U2FsdGVkX18JlIsmuK1dWN7k9sng0FREWFPtwztYKKQ=&y=U2FsdGVkX18CBs1LnmuLML3ASWQEDsH/JoN6mlliU1vxwpFbihVI9GGz6Cu0A9D3 HTTP/1.1" 200 25
66.249.73.97 - - [09/Oct/2022:10:59:33 -0500] "-" 408 -
185.119.81.102 - - [09/Oct/2022:10:59:35 -0500] "GET /portaldeninos/wp-login.php HTTP/1.1" 200 2592
185.119.81.102 - - [09/Oct/2022:10:59:36 -0500] "POST /portaldeninos/wp-login.php HTTP/1.1" 200 3605
207.46.13.230 - - [09/Oct/2022:10:59:57 -0500] "-" 408 -
201.245.192.253 - - [09/Oct/2022:11:00:02 -0500] "POST /kwsrmcab/Wsrmcab  HTTP/1.1" 200 42483
186.102.68.240 - - [09/Oct/2022:11:01:30 -0500] "GET /kwssiamovil/sm/acme/a?s=U2FsdGVkX1/CMHwbMCVwiQ+5I5ofG02Vv80ZMwlQHQ/0LRKR8cLpWsPWVzudC1K1HB7A9RAlczbjFglBVWwrn3YqVJJDNG3zUF+h99UxR8EP5FvLWeo+Ab0gz1VouYr2wWTjTX8KUa/WAG4oVYjNeRuXauP+hvwmCiqctu/2cUbNXUoD5+zA+ZCIS3uACx8a2v6pGk3KDjbKuj1cDeS3N9iaritlh+kHy91eZs0l5qzGLaspsR/z0Kymg5iAjy4GYMu8KDriYVsL91yfDbpv9Q==&u=U2FsdGVkX1/CxtZUk42tf1kv0vYaNAWZA6ju6XOM8ak=&y=U2FsdGVkX19lc0NEmig54dp5kcIai0W8b5yIbatAo471uwIswhZRp/FRWcK1We0a HTTP/1.1" 200 26
186.102.68.240 - - [09/Oct/2022:11:01:30 -0500] "GET /kwssiamovil/sm/acme/a?s=U2FsdGVkX19enJiT+kVyzbvPexH8UzhAiij6RYYXYAMezs22UugEb1rOnVL+pYQWJa0cTq6f4WmkNF4qTK6PXurXcA9Zx4hso0JgjL8gRYRxya3LRsf/LceUQt5gxWqo4HAdLPYBoLXgqEqRrg5Qx4HW8/gVl9Mi8nzeyI20XgaQFmmEHEDNuF1xTLPwo3aguN8rEyjK5D5NGbzDuEDQlKgGkAu0U2SzxRBrfv7sWPnenlE/PaTv1Yf0Z1CXGytR9QGs88GAH0DziLNifirNVOBy8pUasw22Rli0NZ1r2riLKCsCOJYSISI4ATKKax1SJt8+a6q8HvRkgPIluYZIQlSnqP72qjLgmm85S+dmBCqAdz3LluD3ZSLAyxQSABBN1IAyb5aTKQsAEpYWOH4WxNaT7nbKKNdEgCOk2+6uW8RlZDIfouYKrjZJy/3wm6hBJ0sn5Uh8ZUa8R7et2k3NaGSK6FjqoMrYdRzpRP/g0oYgURHeQc+YLomLlxSZI1h54XwdZyx4GDAhCvyu6/DmcUf+govKlIi41aJKgjrVVf8MBnuD6VCvsNuUtStqBnPzDO4+UNMt7KAQfluwPtvzOw+wV9yPwtrN3BD+9lDlKj1BUqkt7yasBf6JaYM9FSFycD/lDvoKulhqWdJOijw3WbGlMBiwdT9ju+X9rJ08QwMOeVph6TIpDIPgOZDJF5euTHPdth4I3BOFcGCABh4FJoaoJx8ICGVjLVTKB1Net68/+Gz+AU1WawlBOx7NKgNUuHkyD3xpFRGfNchQHR0AUsE1wAsGoBHJgHZbFnq2J+mcI1HhFeE0/vn42KsAmHXnEI3vq6R4F2nb3Br7/q/BshvGipOCsjuzpU2C04Qsz9kRsc7BS3sNKSCM+Ya7KBUY+RJBStIQSkS/RlhfhdEAww0TPRjvP5VqOHMKllsgjbdaZbUf/pgGEl4ph/LbCQhI5mI9W0PUQjZtZW7ppWwhJsYoWXjKyM6l7EbTPZFx277Ly4bc9Du8FKXqzGnFQyC1+5QlBrEeFGwRa63HkFZjz4VS6VH+a0K72/Y4cRNR8J2NGla9ooATvuzj9CCp+SoDLb06Y8tyf7xRc5HT+UABEeS2Tu02sTe1kh8BNcFlpvuKQ3gjTp7P64L4y5eey19yQ8+Fy7722hmPHQujGxwbBoZSqgKUPs4bnanCEOh/w2FjYgZy/qJqfvpzhyQeMbuDba6roTCRZ+CF6BYf/j7q7jDmwN9hwGT/8pDeyN7JTsdz1DoRvWJ5b37BGSOJQMzQ0BOBrdhIr8u/PMrxnC2+grrSdXwnY4gXg01YgoxnfjznP8XPcol2BWvOjTGZO6/oPLSfxUEx67BBocufYS2kyaFdfG/AQuqfSGmhvdtXTO9fpyq4teGDkij75kRM1vH6lHupO6sk78g4uTI+CRAgW7Pf5Ryw7098Fq+LLs5KMxqmqwYlbhpCj8aR+mWt869ldco4J1QOMwJF12ZmZESy/fkbn+oWTY1WpecWawDUpTI=&u=U2FsdGVkX1/CxtZUk42tf1kv0vYaNAWZA6ju6XOM8ak=&y=U2FsdGVkX19lc0NEmig54dp5kcIai0W8b5yIbatAo471uwIswhZRp/FRWcK1We0a HTTP/1.1" 200 25
186.102.68.240 - - [09/Oct/2022:11:01:30 -0500] "GET /kwssiamovil/sm/acme/a?s=U2FsdGVkX18CuFchsBlIeHAMCEbGWEEigWaTYUlOIuoIAV51hgQNUrrLGF+2Ezd3WoBbFcybLhzFPNKISiIYWX6bZqUO141kdqHZInQERVLcMEz2kgLjXwCFNeB8UCkcFpN5rViKbZmlJIqFMU57DvMcRrGvEbqCLAOPy3A0t5Q=&u=U2FsdGVkX1/CxtZUk42tf1kv0vYaNAWZA6ju6XOM8ak=&y=U2FsdGVkX19lc0NEmig54dp5kcIai0W8b5yIbatAo471uwIswhZRp/FRWcK1We0a HTTP/1.1" 200 25
186.102.68.240 - - [09/Oct/2022:11:01:30 -0500] "GET /kwssiamovil/sm/acme/a?s=U2FsdGVkX18v/kw8Jt1yXnNNDW8k2fEaZ0cOoLZF6LbvbXOQlei+5DlkraxJzmwvctXT+ibZVLBuP9TrC336pEhaBmhZWAczYuOSVPACMu8vknXSV8LFY8A6/FjjULBlwPznx1q8JC2yKGUM0dMnH46m4IjxRoxUiWpHIKqjqjA=&u=U2FsdGVkX1/CxtZUk42tf1kv0vYaNAWZA6ju6XOM8ak=&y=U2FsdGVkX19lc0NEmig54dp5kcIai0W8b5yIbatAo471uwIswhZRp/FRWcK1We0a HTTP/1.1" 200 25
186.102.68.240 - - [09/Oct/2022:11:01:30 -0500] "GET /kwssiamovil/sm/acme/a?s=U2FsdGVkX19vZukWLAHSu8YK3R8+djE3dtd5bp1ICln6dM+2+r9edlu6hN6+HXBPAp+ACmpxKcGzPDWeVyozIytSWvtM4zxBg0g1Rm7IDugyGsSUY4Z6TOd2zmMzyUsn+4qgvKyvqu7lwhmbK/yqskNBxxLMhmxm2tIWqi9pjm0=&u=U2FsdGVkX1/CxtZUk42tf1kv0vYaNAWZA6ju6XOM8ak=&y=U2FsdGVkX19lc0NEmig54dp5kcIai0W8b5yIbatAo471uwIswhZRp/FRWcK1We0a HTTP/1.1" 200 25
186.102.68.240 - - [09/Oct/2022:11:01:31 -0500] "GET /kwssiamovil/sm/acme/a?s=U2FsdGVkX187hO6AgwnPy8QYbeq6chw7DTTz6iUJ63fXYl1GDYDb1DIt9Q3hz0h2itiF9xgUUA5ezwJ94Atuoll5R0++5jdiIJwOOhiCGLYXEtpYu6wOPqW7RXj0enLRKi/36650a6qqV/dBnr2iJ/SIzqyV8dX7IWpkNfVRiqNPPAh3wlVKxF2srv1Uhbvc&u=U2FsdGVkX1/CxtZUk42tf1kv0vYaNAWZA6ju6XOM8ak=&y=U2FsdGVkX19lc0NEmig54dp5kcIai0W8b5yIbatAo471uwIswhZRp/FRWcK1We0a HTTP/1.1" 200 25
216.245.221.92 - - [09/Oct/2022:11:02:40 -0500] "HEAD / HTTP/1.1" 200 -
172.22.2.4 - - [09/Oct/2022:11:01:04 -0500] "HEAD /BLA/boletinlegal/ HTTP/1.1" 200 -
172.22.2.4 - - [09/Oct/2022:11:01:54 -0500] "GET /BLA/boletinlegal/ HTTP/1.1" 200 59828
201.245.192.253 - - [09/Oct/2022:11:05:02 -0500] "POST /kwsrmcab/Wsrmcab  HTTP/1.1" 200 42483
216.245.221.92 - - [09/Oct/2022:11:07:40 -0500] "HEAD / HTTP/1.1" 200 -
186.102.68.240 - - [09/Oct/2022:11:08:08 -0500] "GET /kwssiamovil/sm/acme/a?s=U2FsdGVkX19pEAKIAA8+iOUqVFSKM7aVneL9jh1APeL20MR8fteVXFzGsevTYwuUMBdBQ96ZiL2gZsJZbYyoyOE4q6qYPgeEDg535CEAwaXZGD63GUHqsBT5gxSz7fZdjziHokwOyh/ZfcOePykZMJCNDrbV6hUgPx5y9zmE29GHbdfETXHQxtdyv/x4RPpfNG9a5yM0+UPilzTfykuLcIKSP1+CdIe5GXGbmz+911cjuG/dqGvgrErTT/646CJxExd9c8ZZmk7NpR3MoIf30g==&u=U2FsdGVkX1/CxtZUk42tf1kv0vYaNAWZA6ju6XOM8ak=&y=U2FsdGVkX19lc0NEmig54dp5kcIai0W8b5yIbatAo471uwIswhZRp/FRWcK1We0a HTTP/1.1" 200 26
186.102.68.240 - - [09/Oct/2022:11:08:09 -0500] "GET /kwssiamovil/sm/acme/a?s=U2FsdGVkX1+/WIdEK85NNv549klyEhRRI7bNuG3wTuCEP+XCEb1miHazCH4kwcUwHqeY1NtTuHURUteaTDc9kNMKdJKmEnbP5HCfITqhvxNi8xCp6iObeMqL6gDBYTnA6a+b0rEfhd4NuuXqsUujm8TmNnrDVobgNyE4L7FOjqpLENo6zaB6ZG03yg99HbICH6a0xV4JJu0XWswD7K/HQBGDoJDo+VE0jgE2liT1Zpn+tHXeEuGuVxDIj3NL01VfkcvC99QcNOQD3alMxT5vxsXDKanHI+2wQTt19N8XwHMgW/Llfh7U8KZor5Ab5SF9I6aYDId59dmnKm8PChyoCqsVYnZbo9cchukFAf/d+Ph9q9bxGpy/ZH0KKqL6n4FeJOdfOwtUEtKMf7/B3dci/kvISNom9/iGGrAWV2cryJXo8mo/MMBy+CTo2pG/PaT/5lRUA+RThUc0U8JL9rYDGNyl1tYlYhg0fb4SW5wmwET13GsOI3NrwSSD1ByB7+RXc1iRZLPjETyAI7EwyERAEEWfl6GEKQkqpiyzBNeejzYNaYGNYTXVIby4ZubkaNFSODtE+WAWyCAaHMIVTbFMmseI10Ip2eKXz4fYeVtkUm2mNwcAuNciMC5p0dHQ5FYoBJT4DZetflUPRWHiOISusu+pm5Thj42d89VmKHUFxcRkN9wk/5Y8iNfFTyhILz7XEZGt94nbNywwVz4cm7uOR83oMdZVpZiKBvFZbvi7BaA0N3KELcMXnc7B9FYAYRZKY5HYRMVhxE1rdihARWF+cW+G2waUuxhq6fshDB7k92FmVsJn5Zn1Lj42aPeXaKescPDJoFLWhOkYESK5Z0Sym3o5BnEw5Zvmsr6+RsJpnj8WKMGXRMBzW/Os33nn2SIWGF7mD55IiUooEGdQA0MeZ57+pDa9r1JSl37ygrPrubeuVOkEiE39liOgp63rZOjhpdzxp/Mt7zJ3yYlt/nMZ0UXxj9Jko6BSOQlMR4nOFCM3DXj2UpuXB0RBVe52SRp9bbk6OGHMatln0256pnRPENV8zKpnuVVccYWcA0UQepovOqmWNJVWt+2JxglsvajG6rWPFdErue2Ru7J3c5EG9g9QCp5RI1U+XO0TgyDBTK/VddQPHSxZ7tLzzuqMsVbICiIlKqcu8qNGMordBXtPDZwNzcIauM6vg09P98ZqMePFeQW7qr7Co00Utk5AamANoaIJkzpQbH0gnt6LSCNbCkJOj76eiIYBdpyFVq1A3yfu2H7OLDGMXOXA5JE/67hGbxQY4w8xheqZnWzl2/NK26lD7lgr/+zO8oUZT3KaAhfbQdv11NpgaIV1WIw25cGtQPAkOBSNJ7v+AYlJgZJLxPj6jj3rGBhkjFKOsjfqC+02UgxB5Gcv/VmgSdts7OUaqiy8zFyljxnnwaZPVtsfefkMn8ELNUaGSV1dnt9wGac1l1blaGleaH78mB1eXv319LP/W7kuXlsItf8z8JD2GdGybTWsLARHHo2l52g3xJ0=&u=U2FsdGVkX1/CxtZUk42tf1kv0vYaNAWZA6ju6XOM8ak=&y=U2FsdGVkX19lc0NEmig54dp5kcIai0W8b5yIbatAo471uwIswhZRp/FRWcK1We0a HTTP/1.1" 200 25
186.102.68.240 - - [09/Oct/2022:11:08:09 -0500] "GET /kwssiamovil/sm/acme/a?s=U2FsdGVkX1/UZHEKyZzwE5OS/P7V61fLovzehhG9Wy7VXwqr0sdIoancvbgaOV2dAcPcsDltMBeeH9noBeONTVv6YWO1429LGocxS16x3Op1hcP/s72xa0H5/1wSSpd6kLneVFz9FztwH51va5Zg2VNJGRpKSt35ezCL4bnou5E=&u=U2FsdGVkX1/CxtZUk42tf1kv0vYaNAWZA6ju6XOM8ak=&y=U2FsdGVkX19lc0NEmig54dp5kcIai0W8b5yIbatAo471uwIswhZRp/FRWcK1We0a HTTP/1.1" 200 25
186.102.68.240 - - [09/Oct/2022:11:08:09 -0500] "GET /kwssiamovil/sm/acme/a?s=U2FsdGVkX1/fGCSQ1bh0hbh74p55rBVBq2Xjo6dbHAFSQP9dd1QKGaDH2QbaEzc4T1yACQTcskpdxOGtzo1JalMEDjSmzNi/KF583xpMeLWH1/GzRSoovZ9SZ1QSb348z9AWdVZJlK+O/L7IJ6xVZqZlk0biNXM2527U0/hLeak=&u=U2FsdGVkX1/CxtZUk42tf1kv0vYaNAWZA6ju6XOM8ak=&y=U2FsdGVkX19lc0NEmig54dp5kcIai0W8b5yIbatAo471uwIswhZRp/FRWcK1We0a HTTP/1.1" 200 25
186.102.68.240 - - [09/Oct/2022:11:08:09 -0500] "GET /kwssiamovil/sm/acme/a?s=U2FsdGVkX183n92QLOIEcDPHDO8ChHO7b+I5A7ZWISmQQdrRpV4YM/uv65gwQScQidxnnLrFgjudD/3CF+incfCg3m6ch9Kdzo9CNcIrVO2rKAV2CusRKL2HB4WGVEM2sCsqICwe1lwPQg1JWtfozU/yx4WeMYFXotxVd29AfNA=&u=U2FsdGVkX1/CxtZUk42tf1kv0vYaNAWZA6ju6XOM8ak=&y=U2FsdGVkX19lc0NEmig54dp5kcIai0W8b5yIbatAo471uwIswhZRp/FRWcK1We0a HTTP/1.1" 200 25
186.102.68.240 - - [09/Oct/2022:11:08:10 -0500] "GET /kwssiamovil/sm/acme/a?s=U2FsdGVkX1+SpXfkFp9Sx1l/nLvXeqPHFZdgeRH2Kq4qz8FX/XKu5K3hzND2VmUjByuejlqrLqgbk7KAyqtxDXew7342m68rYBFGlMnN/kvIaUTkdhY+K3fX9EF42GeFCe5+Cbg9LYXN5fuSiXtdSJ2ciA8SaXjcXAg5H7WU7tcHG9niYXUHITdPanOrizDE&u=U2FsdGVkX1/CxtZUk42tf1kv0vYaNAWZA6ju6XOM8ak=&y=U2FsdGVkX19lc0NEmig54dp5kcIai0W8b5yIbatAo471uwIswhZRp/FRWcK1We0a HTTP/1.1" 200 25
172.22.2.4 - - [09/Oct/2022:11:06:54 -0500] "HEAD /BLA/boletinlegal/ HTTP/1.1" 200 -
172.22.2.4 - - [09/Oct/2022:11:07:44 -0500] "GET /BLA/boletinlegal/ HTTP/1.1" 200 59828
201.245.192.253 - - [09/Oct/2022:11:10:00 -0500] "POST /kwsrmcab/Wsrmcab  HTTP/1.1" 200 42483
185.119.81.103 - - [09/Oct/2022:11:11:29 -0500] "GET /portaldeninos/wp-login.php HTTP/1.1" 200 2592
185.119.81.103 - - [09/Oct/2022:11:11:30 -0500] "POST /portaldeninos/wp-login.php HTTP/1.1" 200 3605
216.245.221.92 - - [09/Oct/2022:11:12:40 -0500] "HEAD / HTTP/1.1" 200 -
207.46.13.89 - - [09/Oct/2022:11:14:07 -0500] "GET /BLA/resoluciones/AUTOS%202022/3645.pdf HTTP/1.1" 200 386114
207.46.13.190 - - [09/Oct/2022:11:14:13 -0500] "GET /BLA/resoluciones/AUTOS%202022/3697.pdf HTTP/1.1" 200 626888
172.22.2.4 - - [09/Oct/2022:11:12:44 -0500] "HEAD /BLA/boletinlegal/ HTTP/1.1" 200 -
201.245.192.253 - - [09/Oct/2022:11:14:59 -0500] "POST /kwsrmcab/Wsrmcab  HTTP/1.1" 200 42483
172.22.2.4 - - [09/Oct/2022:11:13:34 -0500] "GET /BLA/boletinlegal/ HTTP/1.1" 200 56732
186.102.68.240 - - [09/Oct/2022:11:16:29 -0500] "GET /kwssiamovil/sm/acme/a?s=U2FsdGVkX19ihF4NXs3W8i/ynEnfZZHF/v0SXtw6H9VdGH5+R1a3VvRJinPIglEaf+JVRgjib4jqInAcabEohCC8pCq6XEuGu1HtwB9FLKkGkGDveEy9rS/FW1W3Rqado4/JGFbgBwjj/iVttii9yNshkhjp5CfFHfZMkb6B6smhPuEXvN+5uRulN08/haHV4a5jFd17d9ndURnu0jR2VDaoY7WqVKu5xaNoSRjvjsSRGBwkEIdd6cSRRYd1h3uFNgCPS6exyEh0e36i6oc9aQ==&u=U2FsdGVkX1/CxtZUk42tf1kv0vYaNAWZA6ju6XOM8ak=&y=U2FsdGVkX19lc0NEmig54dp5kcIai0W8b5yIbatAo471uwIswhZRp/FRWcK1We0a HTTP/1.1" 200 26
186.102.68.240 - - [09/Oct/2022:11:16:29 -0500] "GET /kwssiamovil/sm/acme/a?s=U2FsdGVkX1+6ucGN1TYMuzee9PqxI8NenakZn+W4UmskXdmomDmoQeuREgaHPetm/7BTwz2VrGPCb5+VFSnCwfzayPKSakl5NJ2TBad6hs/UhGjZwe3sUj1FU7uLi/NGV5qmeusrM2le/849H94H19Hu6oIuQQfPvV5057nIx394vfTaR7hDhRXmjiRjZHI2TvUgs6jZrHSS/edGlSYd8PsSPC+xuN2DyrTEicApgZqDh6Af0kaW6qTNb5d5Um+wQasS0YBQgJIYNi0/eEakLgzvXTwmgU3aooY936iM+aBmL3atZJZFiqmqhS52ZxKBFcLJOJV3hnJeg3Ax20Smsi/SJ6C16YprVvGTHm+VktcSkCksOsB43JTnQP6FF7qZlYIdMXnjoiKiEj4s4utlGN/hXf7PrwSnVwJjTxhTyQhvEfOwaHmuW+zn6m1tL0urNMz+QLqe8RowPc3IHF2FrNVyKIVIyJ6F9tTLqzvLYgzdR5Hj9Ufwb5H/mnNXWX4pCWvMB6RGmP8s4XSqcEykgbbN5BRxaOyQiQ3EVFMWsa0JUv45CZIl/LNgqVqP/n7b+9/nVmTlnYoznOundFlIIOnOblUGVzosu0UhTyXnuwPlNuXU1z8BIAw+gO7O4Ver9kf5FarPyGtFcj8z9DlhWiCrgqP/J2pvm0TsxBdMXEFDN3JpVBukWzTY3de8Pbv0nWk2vIysMbx4AfB+v1N8+G7tGyYD4BWsF7X0R8GoSWoCONmkXXOb3PYm4nRabzQ8lXItj+zDQo5cMWDklJwS0y74gPoGmdJ5ECpiscQBZjRg9+YQujKK67BcXIUu1NPjTUVx6crYx6XZntVJpuVpvSPxaBlFJi66tJ/pOGZT7oLdu8LAf1qlqF5BEAZzRNT4JmjjSWbxMPYuErGm8Xnq/AOfCHOCFmarcfV8Rq/arb3bcA+qRbYtpLFjOZby+TqEbCxD7uQ7zaPt76N7nM49TUkXIVnxaEgOJWDsNb2IHFjyav8klBltWUkkguTDUcBnFtE6ZlqGD9uR5k6UDXq16CK/W3r+WuGDTgiHjU6EHQG1a1CerMqd9KAIgqnOoixriCNC+O4CO/QOqIhRWmabZRPpwuP87we79ebxXLLRIapQ52nbyd9XxzMdFvuznjfTwVEodL7RgQkOTbqzhdbcOXuvdwXD4hqEMMek8ew+R9iAebcwdcsI+bca0zLXheFqku9W4x5WP3LDTlDiY3DySKhz+0L7QWp6oYE8OfgIiVjz46M9RXOsQkiGgbZ9nzfIK4ESR4BOng3Ng8TKkTrXCh97+rb+TTdeF2K4lq8cIRdydITTva7t5WybvguYwIr+BpRtXJP37Nial0DhA1kzRUFx0ydJqgPlmM6MR02U67X1tGY/d0BJgx14F6cTu8xwmjcmTeOmj2nTFB2zE4E0undqQTZNky2YcX7VlARHerjGUMg4kFzTm/cTNFu/VjmyW+53HLk4pGyV4O8/9hSmbZ5W1/TZPZ8sukzen64cT3ZrH25yVhdFt/q+awsLTI1f&u=U2FsdGVkX1/CxtZUk42tf1kv0vYaNAWZA6ju6XOM8ak=&y=U2FsdGVkX19lc0NEmig54dp5kcIai0W8b5yIbatAo471uwIswhZRp/FRWcK1We0a HTTP/1.1" 200 25
186.102.68.240 - - [09/Oct/2022:11:16:29 -0500] "GET /kwssiamovil/sm/acme/a?s=U2FsdGVkX18vFLpc/rtQM+Q8lmSGJMvmL4G7Q8dW8AhVCzYYf+u+TiH4YDWVE/PcWquuUKFm6d+8/KbGBtI20/PZOa5TRqqTdiPQ/CZlwg9deNDsAVjUPATGbBrJq4m/IjL/TYE77YkLTTx6hP6XwVGFHz5yaPa3mzYQeBsPraA=&u=U2FsdGVkX1/CxtZUk42tf1kv0vYaNAWZA6ju6XOM8ak=&y=U2FsdGVkX19lc0NEmig54dp5kcIai0W8b5yIbatAo471uwIswhZRp/FRWcK1We0a HTTP/1.1" 200 25
186.102.68.240 - - [09/Oct/2022:11:16:29 -0500] "GET /kwssiamovil/sm/acme/a?s=U2FsdGVkX1+JzAYFzIbtsX7AmLpOTMsBJEVqvI5eSwpDCD9gDMWAN0Lcq8g0KHMHjPOoAJlK4PYBnQ/J/AzngwfaYwifcdW38QQavF6rNSSy4tjt09K2vTb9Z67v6Gl9R92eYZhIIg1V+hNr5u34fMX+Rmi9hRCrwwneov/5kII=&u=U2FsdGVkX1/CxtZUk42tf1kv0vYaNAWZA6ju6XOM8ak=&y=U2FsdGVkX19lc0NEmig54dp5kcIai0W8b5yIbatAo471uwIswhZRp/FRWcK1We0a HTTP/1.1" 200 25
186.102.68.240 - - [09/Oct/2022:11:16:29 -0500] "GET /kwssiamovil/sm/acme/a?s=U2FsdGVkX1/ivQ/73TgxJkvRXgM/4w5ZeZotim88lc1fVdTBaBX/ukbDZpA7OEzVy5THetLFg4asM1OCsLkvCuHfIx60oYdZ0OlHtZTIXnJLQvLLHPlduIVqvyo2xHQJVPHh8wBB/Wetw9vy+SwXenOf5dZnAW5i/Ak/x0RaW9g=&u=U2FsdGVkX1/CxtZUk42tf1kv0vYaNAWZA6ju6XOM8ak=&y=U2FsdGVkX19lc0NEmig54dp5kcIai0W8b5yIbatAo471uwIswhZRp/FRWcK1We0a HTTP/1.1" 200 25
186.102.68.240 - - [09/Oct/2022:11:16:30 -0500] "GET /kwssiamovil/sm/acme/a?s=U2FsdGVkX1/wKFt6FEyPFe/a/SKRUzo7CnNQyECMnZFWZE7ybsHnbhAkBfH3LXomhFkoOhpjR/c8a0Jc/1AmgHeDULnw1tmIgjr8V+pPa7LwEp5lCaMtlbCiBTTdNYbG4c9QJOTKBElyQqK2ba1+BBllN5/zGg30XEM/OX0M+8vdyxCPRB9AZYHgEW/Upq6D&u=U2FsdGVkX1/CxtZUk42tf1kv0vYaNAWZA6ju6XOM8ak=&y=U2FsdGVkX19lc0NEmig54dp5kcIai0W8b5yIbatAo471uwIswhZRp/FRWcK1We0a HTTP/1.1" 200 25
185.119.81.103 - - [09/Oct/2022:11:16:41 -0500] "GET /portaldeninos/wp-login.php HTTP/1.1" 200 2592
185.119.81.103 - - [09/Oct/2022:11:16:42 -0500] "POST /portaldeninos/wp-login.php HTTP/1.1" 200 3670
207.46.13.40 - - [09/Oct/2022:11:17:00 -0500] "GET /BLA/resoluciones/index.php?dir=RESOLUCIONES+2005%2FRES+2005+1-50%2F HTTP/1.1" 200 12563
186.80.52.211 - - [09/Oct/2022:11:17:04 -0500] "GET /sipse/faces/index.xhtml HTTP/1.1" 200 677
186.80.52.211 - - [09/Oct/2022:11:17:04 -0500] "GET /sipse/faces/javax.faces.resource/theme.css?ln=primefaces-sipse HTTP/1.1" 304 -
186.80.52.211 - - [09/Oct/2022:11:17:04 -0500] "GET /sipse/faces/faces/autenticacion.xhtml HTTP/1.1" 200 12180
186.80.52.211 - - [09/Oct/2022:11:17:04 -0500] "GET /sipse/faces/javax.faces.resource/theme.css?ln=primefaces-sipse HTTP/1.1" 304 -
186.80.52.211 - - [09/Oct/2022:11:17:04 -0500] "GET /sipse/css/custom_css_sg_prime_login.css HTTP/1.1" 304 -
186.80.52.211 - - [09/Oct/2022:11:17:04 -0500] "GET /sipse/css/custom_css_sg.css HTTP/1.1" 304 -
186.80.52.211 - - [09/Oct/2022:11:17:04 -0500] "GET /sipse/faces/javax.faces.resource/primefaces.css?ln=primefaces&v=4.0 HTTP/1.1" 304 -
186.80.52.211 - - [09/Oct/2022:11:17:05 -0500] "GET /sipse/faces/javax.faces.resource/layout/layout.css?ln=primefaces&v=4.0 HTTP/1.1" 304 -
186.80.52.211 - - [09/Oct/2022:11:17:05 -0500] "GET /sipse/js/funciones.js HTTP/1.1" 304 -
186.80.52.211 - - [09/Oct/2022:11:17:05 -0500] "GET /sipse/js/disable_browser_buttons.js HTTP/1.1" 304 -
186.80.52.211 - - [09/Oct/2022:11:17:05 -0500] "GET /sipse/faces/javax.faces.resource/jquery/jquery.js?ln=primefaces&v=4.0 HTTP/1.1" 304 -
186.80.52.211 - - [09/Oct/2022:11:17:05 -0500] "GET /sipse/faces/javax.faces.resource/jquery/jquery-plugins.js?ln=primefaces&v=4.0 HTTP/1.1" 304 -
186.80.52.211 - - [09/Oct/2022:11:17:05 -0500] "GET /sipse/faces/javax.faces.resource/primefaces.js?ln=primefaces&v=4.0 HTTP/1.1" 304 -
186.80.52.211 - - [09/Oct/2022:11:17:05 -0500] "GET /sipse/faces/javax.faces.resource/layout/layout.js?ln=primefaces&v=4.0 HTTP/1.1" 304 -
186.80.52.211 - - [09/Oct/2022:11:17:05 -0500] "GET /sipse/css/imagen/logoSDG.png HTTP/1.1" 304 -
186.80.52.211 - - [09/Oct/2022:11:17:05 -0500] "GET /sipse/css/imagen/loginimg.png HTTP/1.1" 304 -
186.80.52.211 - - [09/Oct/2022:11:17:05 -0500] "GET /sipse/faces/javax.faces.resource/images/ui-icons_898989_256x240.png?ln=primefaces-aristo HTTP/1.1" 304 -
186.80.52.211 - - [09/Oct/2022:11:17:08 -0500] "POST /sipse/faces/autenticacion.xhtml HTTP/1.1" 200 2221
186.80.52.211 - - [09/Oct/2022:11:17:08 -0500] "GET /sipse/faces/javax.faces.resource/messages/messages.png?ln=primefaces&v=4.0 HTTP/1.1" 304 -
186.80.52.211 - - [09/Oct/2022:11:17:09 -0500] "POST /sipse/faces/autenticacion.xhtml HTTP/1.1" 200 16232
186.80.52.211 - - [09/Oct/2022:11:17:10 -0500] "GET /sipse/css/custom_css_sg_prime.css HTTP/1.1" 304 -
186.80.52.211 - - [09/Oct/2022:11:17:10 -0500] "GET /sipse/faces/javax.faces.resource/primefaces.css?ln=primefaces&v=4.0 HTTP/1.1" 304 -
186.80.52.211 - - [09/Oct/2022:11:17:10 -0500] "GET /sipse/faces/javax.faces.resource/layout/layout.css?ln=primefaces&v=4.0 HTTP/1.1" 304 -
186.80.52.211 - - [09/Oct/2022:11:17:10 -0500] "GET /sipse/faces/javax.faces.resource/theme.css?ln=primefaces-sipse HTTP/1.1" 304 -
186.80.52.211 - - [09/Oct/2022:11:17:10 -0500] "GET /sipse/js/jquery.min.js HTTP/1.1" 304 -
186.80.52.211 - - [09/Oct/2022:11:17:10 -0500] "GET /sipse/faces/javax.faces.resource/jquery/jquery.js?ln=primefaces&v=4.0 HTTP/1.1" 304 -
186.80.52.211 - - [09/Oct/2022:11:17:10 -0500] "GET /sipse/faces/javax.faces.resource/jquery/jquery-plugins.js?ln=primefaces&v=4.0 HTTP/1.1" 304 -
186.80.52.211 - - [09/Oct/2022:11:17:10 -0500] "GET /sipse/faces/javax.faces.resource/primefaces.js?ln=primefaces&v=4.0 HTTP/1.1" 304 -
186.80.52.211 - - [09/Oct/2022:11:17:10 -0500] "GET /sipse/faces/javax.faces.resource/layout/layout.js?ln=primefaces&v=4.0 HTTP/1.1" 304 -
186.80.52.211 - - [09/Oct/2022:11:17:10 -0500] "GET /sipse/imagenes/cargando.gif HTTP/1.1" 304 -
186.80.52.211 - - [09/Oct/2022:11:17:10 -0500] "GET /sipse/css/imagen/contrasena.png HTTP/1.1" 404 383
186.80.52.211 - - [09/Oct/2022:11:17:10 -0500] "GET /sipse/imagenes/logoAplicacion.jpg HTTP/1.1" 304 -
186.80.52.211 - - [09/Oct/2022:11:17:11 -0500] "GET /sipse/faces/javax.faces.resource/images/ui-bg_flat_0_2d5972_40x100.png?ln=primefaces-aristo HTTP/1.1" 304 -
186.80.52.211 - - [09/Oct/2022:11:17:11 -0500] "POST /sipse/faces/bienvenido.xhtml HTTP/1.1" 200 2658
186.80.52.211 - - [09/Oct/2022:11:17:12 -0500] "POST /sipse/faces/bienvenido.xhtml HTTP/1.1" 200 66037
186.80.52.211 - - [09/Oct/2022:11:17:14 -0500] "GET /sipse/faces/javax.faces.resource/theme.css?ln=primefaces-sipse HTTP/1.1" 304 -
186.80.52.211 - - [09/Oct/2022:11:17:14 -0500] "GET /sipse/faces/javax.faces.resource/primefaces.css?ln=primefaces&v=4.0 HTTP/1.1" 304 -
186.80.52.211 - - [09/Oct/2022:11:17:14 -0500] "GET /sipse/faces/javax.faces.resource/layout/layout.css?ln=primefaces&v=4.0 HTTP/1.1" 304 -
186.80.52.211 - - [09/Oct/2022:11:17:14 -0500] "GET /sipse/faces/javax.faces.resource/jquery/jquery.js?ln=primefaces&v=4.0 HTTP/1.1" 304 -
186.80.52.211 - - [09/Oct/2022:11:17:14 -0500] "GET /sipse/faces/javax.faces.resource/jquery/jquery-plugins.js?ln=primefaces&v=4.0 HTTP/1.1" 304 -
186.80.52.211 - - [09/Oct/2022:11:17:14 -0500] "GET /sipse/faces/javax.faces.resource/primefaces.js?ln=primefaces&v=4.0 HTTP/1.1" 304 -
186.80.52.211 - - [09/Oct/2022:11:17:14 -0500] "GET /sipse/faces/javax.faces.resource/layout/layout.js?ln=primefaces&v=4.0 HTTP/1.1" 304 -
186.80.52.211 - - [09/Oct/2022:11:17:14 -0500] "POST /sipse/faces/presentacion/financiero/solicitudProceso/listarSolicitudProceso.xhtml HTTP/1.1" 200 1560
186.80.52.211 - - [09/Oct/2022:11:17:17 -0500] "POST /sipse/faces/presentacion/financiero/solicitudProceso/listarSolicitudProceso.xhtml HTTP/1.1" 200 15328
186.80.52.211 - - [09/Oct/2022:11:17:19 -0500] "POST /sipse/faces/presentacion/financiero/solicitudProceso/listarSolicitudProceso.xhtml HTTP/1.1" 200 113437
186.80.52.211 - - [09/Oct/2022:11:17:20 -0500] "GET /sipse/faces/javax.faces.resource/layout/layout.css?ln=primefaces&v=4.0 HTTP/1.1" 304 -
186.80.52.211 - - [09/Oct/2022:11:17:20 -0500] "GET /sipse/faces/javax.faces.resource/primefaces.css?ln=primefaces&v=4.0 HTTP/1.1" 304 -
186.80.52.211 - - [09/Oct/2022:11:17:20 -0500] "GET /sipse/faces/javax.faces.resource/theme.css?ln=primefaces-sipse HTTP/1.1" 304 -
186.80.52.211 - - [09/Oct/2022:11:17:20 -0500] "GET /sipse/faces/javax.faces.resource/jquery/jquery.js?ln=primefaces&v=4.0 HTTP/1.1" 304 -
186.80.52.211 - - [09/Oct/2022:11:17:20 -0500] "GET /sipse/faces/javax.faces.resource/jquery/jquery-plugins.js?ln=primefaces&v=4.0 HTTP/1.1" 304 -
186.80.52.211 - - [09/Oct/2022:11:17:20 -0500] "GET /sipse/faces/javax.faces.resource/primefaces.js?ln=primefaces&v=4.0 HTTP/1.1" 304 -
186.80.52.211 - - [09/Oct/2022:11:17:20 -0500] "GET /sipse/faces/javax.faces.resource/layout/layout.js?ln=primefaces&v=4.0 HTTP/1.1" 304 -
186.80.52.211 - - [09/Oct/2022:11:17:21 -0500] "GET /sipse/faces/javax.faces.resource/dynamiccontent.properties?ln=primefaces&pfdrid=XjOR5%2F%2FfPAZAuY9TpWQeCiM0BhlXxYRBGKi%2FQcXXfeA%3D&pfdrid_c=false HTTP/1.1" 500 383
186.80.52.211 - - [09/Oct/2022:11:17:24 -0500] "POST /sipse/faces/presentacion/financiero/solicitudProceso/consultarSolicitudProceso.xhtml HTTP/1.1" 200 21108
186.80.52.211 - - [09/Oct/2022:11:17:24 -0500] "GET /sipse/faces/javax.faces.resource/theme.css?ln=primefaces-sipse HTTP/1.1" 304 -
186.80.52.211 - - [09/Oct/2022:11:17:24 -0500] "GET /sipse/faces/javax.faces.resource/primefaces.css?ln=primefaces&v=4.0 HTTP/1.1" 304 -
186.80.52.211 - - [09/Oct/2022:11:17:24 -0500] "GET /sipse/faces/javax.faces.resource/fileupload/fileupload.css?ln=primefaces&v=4.0 HTTP/1.1" 304 -
186.80.52.211 - - [09/Oct/2022:11:17:24 -0500] "GET /sipse/faces/javax.faces.resource/jquery/jquery-plugins.js?ln=primefaces&v=4.0 HTTP/1.1" 304 -
186.80.52.211 - - [09/Oct/2022:11:17:24 -0500] "GET /sipse/faces/javax.faces.resource/jquery/jquery.js?ln=primefaces&v=4.0 HTTP/1.1" 304 -
186.80.52.211 - - [09/Oct/2022:11:17:24 -0500] "GET /sipse/faces/javax.faces.resource/layout/layout.css?ln=primefaces&v=4.0 HTTP/1.1" 304 -
186.80.52.211 - - [09/Oct/2022:11:17:24 -0500] "GET /sipse/faces/javax.faces.resource/fileupload/fileupload.js?ln=primefaces&v=4.0 HTTP/1.1" 304 -
186.80.52.211 - - [09/Oct/2022:11:17:24 -0500] "GET /sipse/faces/javax.faces.resource/layout/layout.js?ln=primefaces&v=4.0 HTTP/1.1" 304 -
186.80.52.211 - - [09/Oct/2022:11:17:24 -0500] "GET /sipse/faces/javax.faces.resource/primefaces.js?ln=primefaces&v=4.0 HTTP/1.1" 304 -
207.46.13.89 - - [09/Oct/2022:11:17:27 -0500] "GET /BLA/resoluciones/dlf/styles.css HTTP/1.1" 200 3049
186.80.52.211 - - [09/Oct/2022:11:17:31 -0500] "GET /sipse/faces/javax.faces.resource/theme.css?ln=primefaces-sipse HTTP/1.1" 304 -
186.80.52.211 - - [09/Oct/2022:11:17:31 -0500] "GET /sipse/faces/javax.faces.resource/jquery/jquery.js?ln=primefaces&v=4.0 HTTP/1.1" 304 -
186.80.52.211 - - [09/Oct/2022:11:17:31 -0500] "GET /sipse/faces/javax.faces.resource/primefaces.css?ln=primefaces&v=4.0 HTTP/1.1" 304 -
186.80.52.211 - - [09/Oct/2022:11:17:31 -0500] "GET /sipse/faces/javax.faces.resource/jquery/jquery-plugins.js?ln=primefaces&v=4.0 HTTP/1.1" 304 -
186.80.52.211 - - [09/Oct/2022:11:17:31 -0500] "GET /sipse/faces/javax.faces.resource/layout/layout.css?ln=primefaces&v=4.0 HTTP/1.1" 304 -
186.80.52.211 - - [09/Oct/2022:11:17:31 -0500] "GET /sipse/faces/javax.faces.resource/layout/layout.js?ln=primefaces&v=4.0 HTTP/1.1" 304 -
186.80.52.211 - - [09/Oct/2022:11:17:31 -0500] "GET /sipse/faces/javax.faces.resource/primefaces.js?ln=primefaces&v=4.0 HTTP/1.1" 304 -
186.80.52.211 - - [09/Oct/2022:11:17:31 -0500] "POST /sipse/faces/presentacion/sistema/anexos/cargarAnexoSolicitudProceso.xhtml HTTP/1.1" 200 161153
186.80.52.211 - - [09/Oct/2022:11:17:32 -0500] "GET /sipse/faces/javax.faces.resource/dynamiccontent.properties?ln=primefaces&pfdrid=XjOR5%2F%2FfPAZAuY9TpWQeCiM0BhlXxYRBGKi%2FQcXXfeA%3D&pfdrid_c=false HTTP/1.1" 500 383
