186.102.79.85 - - [09/Oct/2022:08:20:26 -0500] "GET /kwssiamovil/sm/acme/u?s=U2FsdGVkX1/ksHdwx2PN2SBR8LboJ5nu0bIlNeaxiHmW47TjgcA4pD6Hq6+usJmk/t9VC1RCZ0tsCMIbfyRiLVbXfp+rBCVVMjEmqODs/Z3T40SopxzM9LJaPcAl5KOgxvAlnmMnxs2O7+kCAA7S4Q==&u=U2FsdGVkX19hUwZkAWfERovPhKT5OzXD8IK9FDH1CZpYa6AJrgcyBVUHlAiyCWVA&y=U2FsdGVkX1+vAj052FJqKlW3ESHqh5NLeK85ioWtm84nhy8Gl+h/TwdQFOMP62tS HTTP/1.1" 200 60
201.245.192.253 - - [09/Oct/2022:08:20:33 -0500] "POST /kwsrmcab/Wsrmcab  HTTP/1.1" 200 42483
157.55.39.202 - - [09/Oct/2022:08:20:46 -0500] "GET /BLA/resoluciones/00001753.tif HTTP/1.1" 404 1018
207.46.13.40 - - [09/Oct/2022:08:20:51 -0500] "GET /BLA/resoluciones/AUTOS%202022/4072.pdf HTTP/1.1" 200 751971
207.46.13.89 - - [09/Oct/2022:08:20:56 -0500] "GET /BLA/resoluciones/AUTOS%202021/2042.pdf HTTP/1.1" 304 -
201.245.192.253 - - [09/Oct/2022:08:22:11 -0500] "POST /kwsrmcab/Wsrmcab HTTP/1.1" 200 45188
201.245.192.253 - - [09/Oct/2022:08:22:14 -0500] "POST /kwsrmcab/Wsrmcab HTTP/1.1" 200 44520
216.245.221.92 - - [09/Oct/2022:08:22:40 -0500] "HEAD / HTTP/1.1" 200 -
13.58.102.180 - - [09/Oct/2022:08:23:08 -0500] "GET / HTTP/1.1" 200 319
172.22.2.4 - - [09/Oct/2022:08:23:35 -0500] "HEAD /BLA/boletinlegal/ HTTP/1.1" 200 -
201.245.192.253 - - [09/Oct/2022:08:25:33 -0500] "POST /kwsrmcab/Wsrmcab  HTTP/1.1" 200 42483
172.22.2.4 - - [09/Oct/2022:08:24:25 -0500] "GET /BLA/boletinlegal/ HTTP/1.1" 200 58163
216.245.221.92 - - [09/Oct/2022:08:27:40 -0500] "HEAD / HTTP/1.1" 200 -
186.102.79.85 - - [09/Oct/2022:08:28:05 -0500] "OPTIONS /kwssiamovil/sm/setfile/f? HTTP/1.1" 200 13
186.102.79.85 - - [09/Oct/2022:08:28:05 -0500] "POST /kwssiamovil/sm/setfile/f? HTTP/1.1" 200 381
186.102.79.85 - - [09/Oct/2022:08:28:08 -0500] "OPTIONS /kwssiamovil/sm/setfile/f? HTTP/1.1" 200 13
186.102.79.85 - - [09/Oct/2022:08:28:09 -0500] "POST /kwssiamovil/sm/setfile/f? HTTP/1.1" 200 381
186.102.79.85 - - [09/Oct/2022:08:28:12 -0500] "OPTIONS /kwssiamovil/sm/setfile/f? HTTP/1.1" 200 13
186.102.79.85 - - [09/Oct/2022:08:28:12 -0500] "POST /kwssiamovil/sm/setfile/f? HTTP/1.1" 200 381
186.102.79.85 - - [09/Oct/2022:08:28:16 -0500] "OPTIONS /kwssiamovil/sm/setfile/f? HTTP/1.1" 200 13
186.102.79.85 - - [09/Oct/2022:08:28:16 -0500] "POST /kwssiamovil/sm/setfile/f? HTTP/1.1" 200 381
186.102.79.85 - - [09/Oct/2022:08:28:26 -0500] "GET /kwssiamovil/sm/acme/a?s=U2FsdGVkX1/C2n5gM3ktdCCQ5PpJLmyB07W9A3Z2yyfcv14WJJFlXHV5uYh8YXCqiBVEkZ147zqJ1DhlQGKegzZ2WH6XQjyOXha5acRc5HObw94MagUzhUEUU1LFFy798ApW/9VGgCk+5H/faKRLzzsHzxZ7w/kfLJ20TWRLnWrRpHTtmh5V0xYOGw+Gihk8ondMetSsppgFCLMLNAR47Ih4FdBxvIxzLbYQxpOK8TsGf48YQ1UaZL0BFESUc8I2qF6m+WzXcNJfWJUM7ifB9A==&u=U2FsdGVkX19hUwZkAWfERovPhKT5OzXD8IK9FDH1CZpYa6AJrgcyBVUHlAiyCWVA&y=U2FsdGVkX1+vAj052FJqKlW3ESHqh5NLeK85ioWtm84nhy8Gl+h/TwdQFOMP62tS HTTP/1.1" 200 26
186.102.79.85 - - [09/Oct/2022:08:28:26 -0500] "GET /kwssiamovil/sm/acme/a?s=U2FsdGVkX1+jeg8L0w2sfwhD9dOaq41jenfprmnwyseAthiV8sgbfHMyC4nqpGfr0gbXSJWMQKRdVPwi1wYW3aSOri6E0Jv0fgJ4IuvHmnaeqe9F4YB6oFdN6IFCekvpkYuwU2HdwMIhB7NsGIDod3aiyQdajqf16Cm/V3zUzzpDbMt20LmipFq30Qeh8S+2XXhwvq3Bz3XgRxWtXISaOP+cdUSpSlQyvy5PX8WFynM2ng8J9j/PqGbTiC4tdGP4n+7Vjbi7Myq9nUX9Xdu2srLeon4OlvQxfo8Qx9jusxl4kkts4unAb5Kq1UxQWY1VitrlqidUuFACJtlwHqy1ejFxUBq4dVVQeDduYtM3IvgnbEXk7XciYVFzfeSrLJrioR1sU8+fpM4QnYT9o6acNKLG45JzULVmY1WCxC9uLkR1QZ8GLmOeR2rh9UOkB2M2qwdmVEe/TUDWLtSx52r77d2Ke8si0OBr7IV3g0+VrNhpjs/OlEa5ErF+jmkdwxX45bbk+WanvzPPTJJYUq9k/aP45PZNYbWTs3IwXhl1reQxmSFeeq4P45D8KzTM1rbuACyphN11RiqBHpO9AWl73DerJWYQeVmNIxyKwmzYeB0MPSZHAowO3R+hsx+zHnFD4dOH2LATpNYBNVX5zCDczEZAWVfssGOugtrCBaYAYCUY5KTx2+L6+uG9MNzEb8J2eqAxO4itDMOR0J1N/mGAhddTuTbEc1Y8dtQyQcQHbL0LFmhTI3V/zUlCXf8fUs5AYmVIQrYHrp0GmoDrfDX82RBXZjlCXSYkOCacy3hP7j39e7TlhnWYySC9PRkXDYoAYqWwDqrzVk3a07OECobBGKiEhMJ05xdR2pay1vW2YFUsh6ZZuuBqlXPXgzBS6DL+Lb/34gO5tACKCvxzltMTHlKmtfQKGKs3n0XiQGjIKh+Y9ARP4QIpiFLugUAs39nH50VUDGuCvBFogeLL9Ak9nmV0A5SyIYap/pgtXKHKdhB4c4fn7+JRKjNYsSU0tTyBDEj3DEAyCes05GRHThRg1y/usvt4JjbEJS/TzHSOFYOH9rISNK7DY/ayrjlfPepEMvLikmnDgLymsXZmaoEnYziY/X9hiiGQyPm4fyE8zsGBhF55bFIyQFh1YxnuAlvbS4rjZcWxBoDZUtW+Z+vEHdgDZ3eww891kQm93PH/kzRcL54lRJk2rfywLK21PbZp8Y6X2TRj7mHNOmZOylBGzL1CiM9K9HuWVs2YiptB0uipO8NgofoxN3IrnkDbw2NI5N0NWjVM0hILd6/G923ZCzrhLp5/i4Y86vQwS+GyJ7EGL3FTRUZ74QGIsktOhalPOZxJmGaOjI0GhQ8xfronmYSM8FR2/DgnSJ7dYxF0ovUPGo2LhtHJUBIDEc9uzbwaYRgLHDBu11+jn1mqYYzcR6vqLtuQFAAmUUmzu5OlAj8=&u=U2FsdGVkX19hUwZkAWfERovPhKT5OzXD8IK9FDH1CZpYa6AJrgcyBVUHlAiyCWVA&y=U2FsdGVkX1+vAj052FJqKlW3ESHqh5NLeK85ioWtm84nhy8Gl+h/TwdQFOMP62tS HTTP/1.1" 200 25
186.102.79.85 - - [09/Oct/2022:08:28:26 -0500] "GET /kwssiamovil/sm/acme/a?s=U2FsdGVkX1+wQdGamttCVqShKI++9MZMQC2jPUnW+lwDcIjLe7JIeqJIj+nDeQQFTnfEabf/tFREfhxLG1MolrLKdT5NOwZ5yPTE5TkOKSz/4gQ76/VQtfstQD9T83AEvZ2DuLPyoMd4BVtePu1egUbecysxW9lQbXTMAdJZTwY=&u=U2FsdGVkX19hUwZkAWfERovPhKT5OzXD8IK9FDH1CZpYa6AJrgcyBVUHlAiyCWVA&y=U2FsdGVkX1+vAj052FJqKlW3ESHqh5NLeK85ioWtm84nhy8Gl+h/TwdQFOMP62tS HTTP/1.1" 200 25
186.102.79.85 - - [09/Oct/2022:08:28:27 -0500] "GET /kwssiamovil/sm/acme/a?s=U2FsdGVkX1/AUcNtpanHJweuffM8iM4MFODpOWb/d1zvn2Yr5zojefW2m5ctpx8La6n830UbsNgt4KE3kpeE355agkjH1hARbBnHVDIctP7NYpzgQOZHd64W3AR4IY32pFjqe027lbwoStUDUlCmEc2WYwR4Fg6pn6WnMMoifsk=&u=U2FsdGVkX19hUwZkAWfERovPhKT5OzXD8IK9FDH1CZpYa6AJrgcyBVUHlAiyCWVA&y=U2FsdGVkX1+vAj052FJqKlW3ESHqh5NLeK85ioWtm84nhy8Gl+h/TwdQFOMP62tS HTTP/1.1" 200 25
186.102.79.85 - - [09/Oct/2022:08:28:27 -0500] "GET /kwssiamovil/sm/acme/a?s=U2FsdGVkX19TVmKRMDs55gRKqh61yz6K15ujEzx4+SYCWPrmvOifnBJhJ42ThKbC+Kj4wENYP0NLR4QZ7kIEZUo1KKuFT54SyfTdvQAQif979n9BZfypDeVj7ijj4fGPITpcszXxoMFCgVMKIAsIi6nq9URDcEEbDAk89igsg0Y=&u=U2FsdGVkX19hUwZkAWfERovPhKT5OzXD8IK9FDH1CZpYa6AJrgcyBVUHlAiyCWVA&y=U2FsdGVkX1+vAj052FJqKlW3ESHqh5NLeK85ioWtm84nhy8Gl+h/TwdQFOMP62tS HTTP/1.1" 200 25
186.102.79.85 - - [09/Oct/2022:08:28:27 -0500] "GET /kwssiamovil/sm/acme/a?s=U2FsdGVkX19etC+BHcAIzpTDUwHhzjWCefMVgDWZJcIjNh3p9rXNOrCWrByVlShuNSAxKrStSdueHwlIF3AAx6DrndHHAzgboOd3ySCwNfKO36Tres6LAKC42VUeslZbSzPJEZ/71PN7HlUByDDEn6/HL5GGkJ2QyromEsqu1IZiKG0Kyh4camQQMgchSPhC+M+eSlL7TWVYSdV0SgP11A==&u=U2FsdGVkX19hUwZkAWfERovPhKT5OzXD8IK9FDH1CZpYa6AJrgcyBVUHlAiyCWVA&y=U2FsdGVkX1+vAj052FJqKlW3ESHqh5NLeK85ioWtm84nhy8Gl+h/TwdQFOMP62tS HTTP/1.1" 200 25
186.102.79.85 - - [09/Oct/2022:08:28:27 -0500] "GET /kwssiamovil/sm/acme/a?s=U2FsdGVkX19LKRTY+AYYIzfrnVAK72zgsWzQq0d8FTEBRkPaLA+bC0KKLiFjlHoXK4/0D8N8nUJkOa6oFB3dgeZSosGKtanP/4FRsIEp8Z+bphKy2XW3Z/OIC7g/gwbq17q6CE49hweY4D2fhXnyVe06JG0Q0g0kU2CdXoa8oqDPEu03WozP8AMufMfyo2Q8bQXsPjIfR1p6Shh7plZAzg==&u=U2FsdGVkX19hUwZkAWfERovPhKT5OzXD8IK9FDH1CZpYa6AJrgcyBVUHlAiyCWVA&y=U2FsdGVkX1+vAj052FJqKlW3ESHqh5NLeK85ioWtm84nhy8Gl+h/TwdQFOMP62tS HTTP/1.1" 200 25
186.102.79.85 - - [09/Oct/2022:08:28:27 -0500] "GET /kwssiamovil/sm/acme/a?s=U2FsdGVkX1+0aNfVTTX+zTKLtNF5XbceLB76YCGh0JU9TRMxXlZAnxFBGQSR6Cpbf7JaQHRBjDCFny/EaLz7GXixvs8yvb7Pr70ZF5B6yPgHb2u9ULSn7harQkOJleKq8xid/eib2qsr8TeboB4KqcT5RFMHa4l/POHSXalny4huVe2NCUp+siVvUDI9jpWJtvtsIvWElNzQ2RxRmgJJRA==&u=U2FsdGVkX19hUwZkAWfERovPhKT5OzXD8IK9FDH1CZpYa6AJrgcyBVUHlAiyCWVA&y=U2FsdGVkX1+vAj052FJqKlW3ESHqh5NLeK85ioWtm84nhy8Gl+h/TwdQFOMP62tS HTTP/1.1" 200 25
186.102.79.85 - - [09/Oct/2022:08:28:28 -0500] "GET /kwssiamovil/sm/acme/a?s=U2FsdGVkX1/0tjHvbTm+qlv0v9HO/vtcOaSGY51QPurLmL0B0E8910vJG47c++4OS5xpCyJG4ltMryu1xR35YcTzc+wM+lItWQHt5kVXhACWWLaEtHiRZGSGVta4bWKsYmbIMlr5qOOt4Dspyu7mqlhk1+RKgteUnAsd0AkFYRQFhnxRHHOWQrJgzN4DEBRiQOrEVcQ7AUhmSzShmfoSsQ==&u=U2FsdGVkX19hUwZkAWfERovPhKT5OzXD8IK9FDH1CZpYa6AJrgcyBVUHlAiyCWVA&y=U2FsdGVkX1+vAj052FJqKlW3ESHqh5NLeK85ioWtm84nhy8Gl+h/TwdQFOMP62tS HTTP/1.1" 200 25
186.102.79.85 - - [09/Oct/2022:08:28:28 -0500] "GET /kwssiamovil/sm/acme/a?s=U2FsdGVkX18d8QmLwlyPeEy0BzfYw956dY4xdy5jHNqoiFY0D/3VeoDhPmk036z0RrHCh86H/FpDfm8MrKaT99g1zJZGm15En92atZg2MrMyugUx0PIc2uaww2K6EfcZ0UnErunsw9+sd0EqgvpWbnZLIzGvPb1Bd53d5aa8LEiOd/HSWAazFEDrTZjGctYg&u=U2FsdGVkX19hUwZkAWfERovPhKT5OzXD8IK9FDH1CZpYa6AJrgcyBVUHlAiyCWVA&y=U2FsdGVkX1+vAj052FJqKlW3ESHqh5NLeK85ioWtm84nhy8Gl+h/TwdQFOMP62tS HTTP/1.1" 200 25
186.102.79.85 - - [09/Oct/2022:08:28:28 -0500] "GET /kwssiamovil/sm/acme/a?s=U2FsdGVkX1/EYr+VWVj9LBaB+f64BScrzGJm+Cq+/Vz00Lj/sA6g53NWA2bLQYE+gn6pGXwBzrrZLAWoPKZ06ZvuLsCWo8HUD8qvWX1Kls4+55MDhXjkAds64buAy1uhTlSKuzK3aSjOTyvXyKmwSUEXqaKbfmeBqit/gbfQvn99WFAoZDI7dkO63Rze3rLuVrK2jhHeX4XGeeyVW4ZvhQ==&u=U2FsdGVkX19hUwZkAWfERovPhKT5OzXD8IK9FDH1CZpYa6AJrgcyBVUHlAiyCWVA&y=U2FsdGVkX1+vAj052FJqKlW3ESHqh5NLeK85ioWtm84nhy8Gl+h/TwdQFOMP62tS HTTP/1.1" 200 25
186.102.79.85 - - [09/Oct/2022:08:28:28 -0500] "GET /kwssiamovil/sm/acme/a?s=U2FsdGVkX189Hv97zN0ZemHAfz0jViR24Ke3gsMf4nlCPiL3mn2IR0HyrwbP8p3gdgU1249xMawF767yijtuJx5u5153YTPs9jAPKm5fHFp+fl7rB46O8X/FXRYom1TrYPM+GhmL7dI4TqIB62NRCVlkO38uft+EgB2sdWvf0oEs5hPB96F1MTmeBF7fA1FS&u=U2FsdGVkX19hUwZkAWfERovPhKT5OzXD8IK9FDH1CZpYa6AJrgcyBVUHlAiyCWVA&y=U2FsdGVkX1+vAj052FJqKlW3ESHqh5NLeK85ioWtm84nhy8Gl+h/TwdQFOMP62tS HTTP/1.1" 200 25
186.102.79.85 - - [09/Oct/2022:08:28:28 -0500] "GET /kwssiamovil/sm/acme/a?s=U2FsdGVkX1+CEt4vgLbU58+GnKMLwIuCl2OJ22u7PIwcmjAhK38216JmYE9eZWopxKaQq3YxUivFazpLheWrRZvR1aCxKjR9B2/3zR2CHRDOFYDQZ0MHy1i4+W3dzYTjmpI1gLodAbZPB1FtFWVF4uzhnoANsrk5smZr4G329aVke6hVAnxAGA5FH89BJ2m2XKNj2NpxdfJC56H8j6/at6Ze2XgRHBPsDGs54TwGzU8=&u=U2FsdGVkX19hUwZkAWfERovPhKT5OzXD8IK9FDH1CZpYa6AJrgcyBVUHlAiyCWVA&y=U2FsdGVkX1+vAj052FJqKlW3ESHqh5NLeK85ioWtm84nhy8Gl+h/TwdQFOMP62tS HTTP/1.1" 200 25
186.102.79.85 - - [09/Oct/2022:08:28:29 -0500] "GET /kwssiamovil/sm/acme/a?s=U2FsdGVkX19FTnXMkKI0sD/dqAiABD896BeaYhMFcddaQe0wEiVvUsue2fwn03Ouc7ogd6DglcpTPtbUC5MMCa0NTEMuEvdkO5d29Pi96Z313dbTQRVp6N47FfGNaz7jyTj17mfIsH7tbYAE5Wmqy2MSLxsQvsLFNGKUkVKGkuQWMScrg2R8klGoUWvoMmp6e9ph1KVwuIW1jZ07lZMMhA==&u=U2FsdGVkX19hUwZkAWfERovPhKT5OzXD8IK9FDH1CZpYa6AJrgcyBVUHlAiyCWVA&y=U2FsdGVkX1+vAj052FJqKlW3ESHqh5NLeK85ioWtm84nhy8Gl+h/TwdQFOMP62tS HTTP/1.1" 200 25
185.119.81.103 - - [09/Oct/2022:08:29:16 -0500] "GET /portaldeninos/wp-login.php HTTP/1.1" 200 2592
185.119.81.103 - - [09/Oct/2022:08:29:17 -0500] "POST /portaldeninos/wp-login.php HTTP/1.1" 200 3605
201.245.192.253 - - [09/Oct/2022:08:30:31 -0500] "POST /kwsrmcab/Wsrmcab  HTTP/1.1" 200 42483
172.22.2.4 - - [09/Oct/2022:08:29:25 -0500] "HEAD /BLA/boletinlegal/ HTTP/1.1" 200 -
172.22.2.4 - - [09/Oct/2022:08:30:15 -0500] "GET /BLA/boletinlegal/ HTTP/1.1" 200 58163
201.245.192.253 - - [09/Oct/2022:08:32:11 -0500] "POST /kwsrmcab/Wsrmcab HTTP/1.1" 200 45188
201.245.192.253 - - [09/Oct/2022:08:32:14 -0500] "POST /kwsrmcab/Wsrmcab HTTP/1.1" 200 44520
216.245.221.92 - - [09/Oct/2022:08:32:40 -0500] "HEAD / HTTP/1.1" 200 -
185.119.81.107 - - [09/Oct/2022:08:34:37 -0500] "GET /portaldeninos/wp-login.php HTTP/1.1" 200 2592
185.119.81.107 - - [09/Oct/2022:08:34:38 -0500] "POST /portaldeninos/wp-login.php HTTP/1.1" 200 3605
172.22.2.4 - - [09/Oct/2022:08:34:39 -0500] "GET /BLA/boletinlegal/Directivas/2009/Directiva%20No.%20del%2023%20de%20Diciembre%20de%202009.pdf HTTP/1.1" 304 -
201.245.192.253 - - [09/Oct/2022:08:35:30 -0500] "POST /kwsrmcab/Wsrmcab  HTTP/1.1" 200 42483
172.22.2.4 - - [09/Oct/2022:08:35:14 -0500] "HEAD /BLA/boletinlegal/ HTTP/1.1" 200 -
157.55.39.202 - - [09/Oct/2022:08:37:07 -0500] "GET /BLA/resoluciones/2002RES127.tif HTTP/1.1" 404 1018
216.245.221.92 - - [09/Oct/2022:08:37:40 -0500] "HEAD / HTTP/1.1" 200 -
172.22.2.4 - - [09/Oct/2022:08:36:05 -0500] "GET /BLA/boletinlegal/ HTTP/1.1" 200 58163
173.252.127.17 - - [09/Oct/2022:08:39:07 -0500] "GET /images/moda-sostenible-oct_optimized.jpg HTTP/1.1" 200 55305
172.22.2.4 - - [09/Oct/2022:08:38:05 -0500] "GET /BLA/boletinlegal/ HTTP/1.1" 200 62772
201.245.192.253 - - [09/Oct/2022:08:40:29 -0500] "POST /kwsrmcab/Wsrmcab  HTTP/1.1" 200 42483
207.46.13.181 - - [09/Oct/2022:08:40:42 -0500] "GET /portaldeninos/wp-content/uploads/2020/01/Fauna-gif.gif HTTP/1.1" 200 3779027
201.245.192.253 - - [09/Oct/2022:08:42:12 -0500] "POST /kwsrmcab/Wsrmcab HTTP/1.1" 200 45188
201.245.192.253 - - [09/Oct/2022:08:42:14 -0500] "POST /kwsrmcab/Wsrmcab HTTP/1.1" 200 44520
216.245.221.92 - - [09/Oct/2022:08:42:40 -0500] "HEAD / HTTP/1.1" 200 -
172.22.2.4 - - [09/Oct/2022:08:41:04 -0500] "HEAD /BLA/boletinlegal/ HTTP/1.1" 200 -
185.119.81.102 - - [09/Oct/2022:08:43:00 -0500] "GET /portaldeninos/wp-login.php HTTP/1.1" 200 2592
185.119.81.102 - - [09/Oct/2022:08:43:01 -0500] "POST /portaldeninos/wp-login.php HTTP/1.1" 200 3605
172.22.2.4 - - [09/Oct/2022:08:41:55 -0500] "GET /BLA/boletinlegal/ HTTP/1.1" 200 59828
157.55.39.25 - - [09/Oct/2022:08:45:07 -0500] "GET /BLA/resoluciones/00001792.tif HTTP/1.1" 404 1018
201.245.192.253 - - [09/Oct/2022:08:45:28 -0500] "POST /kwsrmcab/Wsrmcab  HTTP/1.1" 200 42483
157.55.39.25 - - [09/Oct/2022:08:46:06 -0500] "GET /BLA/resoluciones/00000317.tif HTTP/1.1" 404 1018
216.245.221.92 - - [09/Oct/2022:08:47:40 -0500] "HEAD / HTTP/1.1" 200 -
17.121.114.98 - - [09/Oct/2022:08:48:33 -0500] "-" 408 -
172.22.2.4 - - [09/Oct/2022:08:46:54 -0500] "HEAD /BLA/boletinlegal/ HTTP/1.1" 200 -
172.22.2.4 - - [09/Oct/2022:08:47:45 -0500] "GET /BLA/boletinlegal/ HTTP/1.1" 200 59828
172.22.2.4 - - [09/Oct/2022:08:50:19 -0500] "GET /BLA/boletinlegal/style.css HTTP/1.1" 200 9406
172.22.2.4 - - [09/Oct/2022:08:50:19 -0500] "GET /BLA/boletinlegal/styles2.css HTTP/1.1" 200 1838
172.22.2.4 - - [09/Oct/2022:08:50:19 -0500] "GET /BLA/boletinlegal/js/jquery.js HTTP/1.1" 200 57254
172.22.2.4 - - [09/Oct/2022:08:50:19 -0500] "GET /BLA/boletinlegal/js/jquery.scrollTo-min.js HTTP/1.1" 200 1150
172.22.2.4 - - [09/Oct/2022:08:50:19 -0500] "GET /BLA/boletinlegal/js/jquery.scrollShow.js HTTP/1.1" 200 4586
172.22.2.4 - - [09/Oct/2022:08:50:19 -0500] "GET /BLA/boletinlegal/images/cabezote%20BLEGAL.jpg HTTP/1.1" 200 118164
172.22.2.4 - - [09/Oct/2022:08:50:19 -0500] "GET /BLA/boletinlegal/images/subscribe-icon-big.png HTTP/1.1" 200 47702
172.22.2.4 - - [09/Oct/2022:08:50:19 -0500] "GET /BLA/boletinlegal/images/historia.png HTTP/1.1" 200 52775
172.22.2.4 - - [09/Oct/2022:08:50:19 -0500] "GET /BLA/boletinlegal/images/arr_l.jpg HTTP/1.1" 200 1979
172.22.2.4 - - [09/Oct/2022:08:50:19 -0500] "GET /BLA/boletinlegal/images/registro-usuarios.png HTTP/1.1" 200 8106
172.22.2.4 - - [09/Oct/2022:08:50:19 -0500] "GET /BLA/boletinlegal/images/body_bg.jpg HTTP/1.1" 200 1601
172.22.2.4 - - [09/Oct/2022:08:50:19 -0500] "GET /BLA/boletinlegal/images/menu_lft.gif HTTP/1.1" 200 1713
172.22.2.4 - - [09/Oct/2022:08:50:19 -0500] "GET /BLA/boletinlegal/images/menu_rght.gif HTTP/1.1" 200 1627
172.22.2.4 - - [09/Oct/2022:08:50:19 -0500] "GET /BLA/boletinlegal/images/bg_top.jpg HTTP/1.1" 200 522
172.22.2.4 - - [09/Oct/2022:08:50:19 -0500] "GET /BLA/boletinlegal/images/menu_bg.jpg HTTP/1.1" 200 620
172.22.2.4 - - [09/Oct/2022:08:50:19 -0500] "GET /BLA/boletinlegal/images/text.jpg HTTP/1.1" 200 568
172.22.2.4 - - [09/Oct/2022:08:50:19 -0500] "GET /BLA/boletinlegal/images/hover.jpg HTTP/1.1" 200 640
172.22.2.4 - - [09/Oct/2022:08:50:19 -0500] "GET /BLA/boletinlegal/images/screen_1.png HTTP/1.1" 200 202547
172.22.2.4 - - [09/Oct/2022:08:50:19 -0500] "GET /BLA/boletinlegal/images/launch.jpg HTTP/1.1" 200 14577
172.22.2.4 - - [09/Oct/2022:08:50:24 -0500] "GET /BLA/boletinlegal/actos.php HTTP/1.1" 200 9566
172.22.2.4 - - [09/Oct/2022:08:50:24 -0500] "GET /BLA/boletinlegal/js/ajax_actos.js HTTP/1.1" 200 1322
172.22.2.4 - - [09/Oct/2022:08:50:24 -0500] "GET /BLA/boletinlegal/niceforms-default.css HTTP/1.1" 200 6694
172.22.2.4 - - [09/Oct/2022:08:50:24 -0500] "GET /BLA/boletinlegal/niceforms.js HTTP/1.1" 200 22876
172.22.2.4 - - [09/Oct/2022:08:50:24 -0500] "GET /BLA/boletinlegal/js/lib.js HTTP/1.1" 200 6474
172.22.2.4 - - [09/Oct/2022:08:50:24 -0500] "GET /BLA/boletinlegal/js/popup.js HTTP/1.1" 200 1270
172.22.2.4 - - [09/Oct/2022:08:50:24 -0500] "GET /BLA/boletinlegal/js/jquery1.js HTTP/1.1" 200 29846
172.22.2.4 - - [09/Oct/2022:08:50:24 -0500] "GET /BLA/boletinlegal/images/green-yellow-blue-pink-th.png HTTP/1.1" 200 7394
172.22.2.4 - - [09/Oct/2022:08:50:24 -0500] "GET /BLA/boletinlegal/images/tel.png HTTP/1.1" 200 14477
172.22.2.4 - - [09/Oct/2022:08:50:24 -0500] "GET /BLA/boletinlegal/images/icono-email.png HTTP/1.1" 200 5544
172.22.2.4 - - [09/Oct/2022:08:50:24 -0500] "GET /BLA/boletinlegal/images/footer_bg.jpg HTTP/1.1" 200 586
172.22.2.4 - - [09/Oct/2022:08:50:24 -0500] "GET /BLA/boletinlegal/images/footer_bg_l.jpg HTTP/1.1" 200 776
172.22.2.4 - - [09/Oct/2022:08:50:24 -0500] "GET /BLA/boletinlegal/img/0.png HTTP/1.1" 200 110
172.22.2.4 - - [09/Oct/2022:08:50:24 -0500] "GET /BLA/boletinlegal/img/select-left.png HTTP/1.1" 200 263
172.22.2.4 - - [09/Oct/2022:08:50:24 -0500] "GET /BLA/boletinlegal/img/select-right.png HTTP/1.1" 200 44019
172.22.2.4 - - [09/Oct/2022:08:50:24 -0500] "GET /BLA/boletinlegal/img/button-left.png HTTP/1.1" 200 57071
172.22.2.4 - - [09/Oct/2022:08:50:24 -0500] "GET /BLA/boletinlegal/img/button.png HTTP/1.1" 200 43241
172.22.2.4 - - [09/Oct/2022:08:50:24 -0500] "GET /BLA/boletinlegal/img/button-right.png HTTP/1.1" 200 57878
172.22.2.4 - - [09/Oct/2022:08:50:24 -0500] "GET /BLA/boletinlegal/favicon.ico HTTP/1.1" 404 1326
201.245.192.253 - - [09/Oct/2022:08:50:27 -0500] "POST /kwsrmcab/Wsrmcab  HTTP/1.1" 200 42483
172.22.2.4 - - [09/Oct/2022:08:50:19 -0500] "GET /BLA/boletinlegal/ HTTP/1.1" 200 24523
66.249.73.97 - - [09/Oct/2022:08:51:43 -0500] "-" 408 -
216.245.221.92 - - [09/Oct/2022:08:52:40 -0500] "HEAD / HTTP/1.1" 200 -
172.22.2.4 - - [09/Oct/2022:08:54:06 -0500] "GET /BLA/boletinlegal/consulta_actos.php?tipo=resoluciones&no=1169&usuario=&sector=&fecha=2021&resuelve= HTTP/1.1" 200 1102
172.22.2.4 - - [09/Oct/2022:08:54:06 -0500] "GET /BLA/boletinlegal/images/pdf.gif HTTP/1.1" 200 567
181.53.14.142 - - [09/Oct/2022:08:54:10 -0500] "GET /BLA/resoluciones/RESOLUCIONES%202021/1169.pdf HTTP/1.1" 200 551038
181.53.14.142 - - [09/Oct/2022:08:54:11 -0500] "GET /favicon.ico HTTP/1.1" 200 7782
207.46.13.89 - - [09/Oct/2022:08:54:13 -0500] "GET /BLA/resoluciones/RESOLUCIONES%202000/2000%202350-2399.tif HTTP/1.1" 200 4845966
207.46.13.40 - - [09/Oct/2022:08:54:18 -0500] "GET /BLA/resoluciones/RESOLUCIONES%202000/2000%201600-1649.tif HTTP/1.1" 200 4758753
172.22.2.4 - - [09/Oct/2022:08:52:44 -0500] "HEAD /BLA/boletinlegal/ HTTP/1.1" 200 -
172.22.2.4 - - [09/Oct/2022:08:53:35 -0500] "GET /BLA/boletinlegal/ HTTP/1.1" 200 58163
201.245.192.253 - - [09/Oct/2022:08:55:25 -0500] "POST /kwsrmcab/Wsrmcab  HTTP/1.1" 200 42483
172.22.2.4 - - [09/Oct/2022:08:56:36 -0500] "GET /BLA/boletinlegal/consulta_actos.php?tipo=resoluciones&no=5460&usuario=&sector=&fecha=2021&resuelve= HTTP/1.1" 200 1100
181.53.14.142 - - [09/Oct/2022:08:56:41 -0500] "GET /BLA/resoluciones/RESOLUCIONES%202021/5460.pdf HTTP/1.1" 200 442744
186.102.68.240 - - [09/Oct/2022:08:57:04 -0500] "GET /kwssiamovil/sm/ldap/au?x=U2FsdGVkX1/p6ecdy/PzwUt54wpcLQaQ38o68I5kER+XinBqIHbj8Jk4RDS8zBEn&y=U2FsdGVkX19lc0NEmig54dp5kcIai0W8b5yIbatAo471uwIswhZRp/FRWcK1We0a HTTP/1.1" 200 30
186.102.68.240 - - [09/Oct/2022:08:57:04 -0500] "GET /kwssiamovil/sm/acme/s?s=U2FsdGVkX180fQ7ZwyCC3vVXiyIL2dKFTNK0qwSI1UYm+sskCC6/Ab+ujB9SMsksIIkEGiRI/KnK62ng15hm+WM5kchSUW7mUbat1BufJj4=&u=U2FsdGVkX1/CxtZUk42tf1kv0vYaNAWZA6ju6XOM8ak=&y=U2FsdGVkX19lc0NEmig54dp5kcIai0W8b5yIbatAo471uwIswhZRp/FRWcK1We0a HTTP/1.1" 200 97
186.102.68.240 - - [09/Oct/2022:08:57:04 -0500] "GET /kwssiamovil/sm/acme/s?s=U2FsdGVkX1/vHYrSTLCgJkZ0oLtrm0FO0kV5TZLfJTA8KvcSns/UbBZX2IVbcxVoHGhR/S49aY3MpzqAanwlA8eezlgo7wowYuSIP2k1J2ZVQYrg/wPGkDSItN1q8FKGUelgcgAvSuayilTxSfQCNAkabLtWyUapnF0TiTwzba9PIYOcyVXnwrbZZ/fD0TRLdxm+9MzFjdDxD01QpAzY3qgY5cEQ6ug8AGBnm1k+wFubaf3DaKx4YjNqRaX5mvbPz0wkOqQLRDyyJBGRj75KjBLj+7lOvnZ4XZQagUL6VvQvLu6dM4uhYpn+W+tixFMblNpekxB8LkRw6kIzhp5B+g+3syXXNu16UqEC0R1C9Ft6FHivxiu88LFxHTdAQk0rwMcGF9CrByYyvPqtWBz6F0BPYfRcVtMPLmY/tGU0RrIHnwSI75vdrodgMAtU1EgmsrSIrxkZG3az2YVratv4aIoVT5nvQEM/bOQ/wpMPQWkbda/tr/vbMK5rxVP5MvlYmuQHd9/WxhsXDTMg3Qxog3xaKB1qVr3ek4xfwnMibFpJ6hbzWP8bzU8LJXeXjatnq1mfHGqi5xEH4Zhdc/KRPikiGnBNrAMaTIw2Vb1+94T0BoXBjU148npUYGJmgq5F/lm2TNrGHbHGhuA0ApUqy3ZV/yEtNVt+asJAf5p6JTWFg5M+oCbu+NDDHBu/dwkanJ1VbTDF2Gv0NzYx9n2Qk+Fxs9RED+tesqaaL7NXTCM+I3l/J3S0bx0l0m0mWmEZypD1kqoews7ar8C3jHehxJIqHT/3HxvC27/qH0ep1Yis3mMSeV7juTRW1U4MLHFhVlcqOg5oWxauSYmIWza/IgbwDgAKkx+VVyZLE+6VB6nO4zV4GF0iq7KXw1pXZXzLF6Bnme6BbvTMhAUFP/xfIviT+NDo0+hdW34EbUyWN2xe/UrjJhDITRNIILWuEhMRUqgfVYZMeZjYanZtFM5uPr1Aceeh8ZlFqrc4r49Ufd1s3UkytRFx8aWlZU0v8h1h06Nfp/SoraiyW0+xte1YkLmyzuAHPxXGMqo/hhi5tTxOPL6LQr1ovDpTlDNbAnJogBaisBBBcGrO++2U3Gy+aro3q4/DDA//lq00HoRNMLopCcrzE7M99RWTJyn7vgWCpGVBEX3PhkkjXOz3q35Rh1EGUv0EEWA37Q6mmJnYsTwWpRSEdKX0aZ3zrOBKmHMQSU+LcC99lYNVfrsqWkKcMfVRIQUByJVCF22bYvBbWIa4yrVRGYT5TGSnYjn6uNUpFYhqTGpfhnATCGli4SkIF5wfcrZiQc/pEy9dOnq6KvNdWNk8e7L0mbmU404nHVV6Emkr5+yF9fuYeWeSuF/yAGYNt4o23e6d+UTsi58DN0NqmWPvLS4Jfrg0v5dOlb9fcpk9IfFYeHqCkBL8FniYcMQz/hz0Lp9GhLC+L5rB7t4=&u=U2FsdGVkX1/CxtZUk42tf1kv0vYaNAWZA6ju6XOM8ak=&y=U2FsdGVkX19lc0NEmig54dp5kcIai0W8b5yIbatAo471uwIswhZRp/FRWcK1We0a HTTP/1.1" 200 2348
186.102.68.240 - - [09/Oct/2022:08:57:04 -0500] "GET /kwssiamovil/sm/acme/s?s=U2FsdGVkX1+5rfoUjQwI1leawXCjQEtiAWjvAvlUzDEOARKxR3SeaeS4jocGjbeeuW33NF/ph4v5kgsYZ5QRGyAJ0NrvR1kKQ51jWmhxxgt5c3hXLoBcDVQKgqsroXPZjF9pWrQfpInuDoY2gklc6P45q7jnQz0xE6fpnkI+Xh/VPI4wWv2Cnzx4ZqHNfybRmjlfIeCGaw8fqi6j1KzbCJr0bwOyQ3Wh8K9yWRYqRwYNJeJNmTj5AtQqx+ss5PCqrk2DhkPtsSrnQkcXcHhP1Ote9O5054g6i5Pjv/P+byLPlBueWxv2FSaAbp5wIGJpdcMTkj4Zaa70H0PvEonyx6Z9flVE4xOjl0JxikJB8ik=&u=U2FsdGVkX1/CxtZUk42tf1kv0vYaNAWZA6ju6XOM8ak=&y=U2FsdGVkX19lc0NEmig54dp5kcIai0W8b5yIbatAo471uwIswhZRp/FRWcK1We0a HTTP/1.1" 200 196
186.102.68.240 - - [09/Oct/2022:08:57:04 -0500] "GET /kwssiamovil/sm/cjson/pre?f=1&x=U2FsdGVkX1/p6ecdy/PzwUt54wpcLQaQ38o68I5kER+XinBqIHbj8Jk4RDS8zBEn HTTP/1.1" 200 30992
216.245.221.92 - - [09/Oct/2022:08:57:40 -0500] "HEAD / HTTP/1.1" 200 -
173.252.95.16 - - [09/Oct/2022:08:58:47 -0500] "GET /images/secretaria-participantes.14-octubre.jpg HTTP/1.1" 200 102021
173.252.87.18 - - [09/Oct/2022:08:58:47 -0500] "GET /images/secretaria-participantes.14-octubre.jpg HTTP/1.1" 200 102021
172.22.2.4 - - [09/Oct/2022:08:59:59 -0500] "GET /BLA/boletinlegal/actos.php HTTP/1.1" 200 9566
172.22.2.4 - - [09/Oct/2022:08:58:34 -0500] "HEAD /BLA/boletinlegal/ HTTP/1.1" 200 -
207.46.13.40 - - [09/Oct/2022:09:00:15 -0500] "GET /BLA/resoluciones/AUTOS%202022/3596.pdf HTTP/1.1" 200 1629141
201.245.192.253 - - [09/Oct/2022:09:00:25 -0500] "POST /kwsrmcab/Wsrmcab  HTTP/1.1" 200 42483
172.22.2.4 - - [09/Oct/2022:09:00:26 -0500] "GET /BLA/boletinlegal/consulta_actos.php?tipo=resoluciones&no=2196&usuario=&sector=&fecha=2019&resuelve= HTTP/1.1" 200 1065
186.102.79.85 - - [09/Oct/2022:09:00:30 -0500] "GET /kwssiamovil/sm/acme/u?s=U2FsdGVkX1/zUH2PCD1NlRclnUC8XsqMwFjfTtjoE9/RkMWB/U2Ri1f1Jsgs1piHDXo5bpm7vr6AjKRsbp2RxhVxKLeEOFnZHCXT22I5PqIVxddFQSa/6nejWd1nSGEy/wg1RARMd78ZgDELw/T+pA==&u=U2FsdGVkX19hUwZkAWfERovPhKT5OzXD8IK9FDH1CZpYa6AJrgcyBVUHlAiyCWVA&y=U2FsdGVkX1+vAj052FJqKlW3ESHqh5NLeK85ioWtm84nhy8Gl+h/TwdQFOMP62tS HTTP/1.1" 200 60
172.22.2.4 - - [09/Oct/2022:08:59:57 -0500] "GET /BLA/boletinlegal/ HTTP/1.1" 200 24523
181.53.14.142 - - [09/Oct/2022:09:00:42 -0500] "GET /BLA/resoluciones/RESOLUCIONES%202019/2196.pdf HTTP/1.1" 200 443122
172.22.2.4 - - [09/Oct/2022:08:59:25 -0500] "GET /BLA/boletinlegal/ HTTP/1.1" 200 54356
157.55.39.202 - - [09/Oct/2022:09:01:30 -0500] "GET / HTTP/1.1" 200 319
216.245.221.92 - - [09/Oct/2022:09:02:40 -0500] "HEAD / HTTP/1.1" 200 -
173.252.79.11 - - [09/Oct/2022:09:03:51 -0500] "GET /images/jardines-verticales-4-marzo.jpg HTTP/1.1" 200 54804
172.22.2.4 - - [09/Oct/2022:09:04:02 -0500] "GET /BLA/boletinlegal/consulta_actos.php?tipo=resoluciones&no=2195&usuario=&sector=&fecha=2019&resuelve= HTTP/1.1" 200 1065
181.53.14.142 - - [09/Oct/2022:09:04:04 -0500] "GET /BLA/resoluciones/RESOLUCIONES%202019/2195.pdf HTTP/1.1" 200 519139
186.84.21.86 - - [09/Oct/2022:09:04:39 -0500] "-" 408 -
201.245.192.253 - - [09/Oct/2022:09:05:24 -0500] "POST /kwsrmcab/Wsrmcab  HTTP/1.1" 200 42483
172.22.2.4 - - [09/Oct/2022:09:04:24 -0500] "HEAD /BLA/boletinlegal/ HTTP/1.1" 200 -
172.22.2.4 - - [09/Oct/2022:09:05:15 -0500] "GET /BLA/boletinlegal/ HTTP/1.1" 200 56732
172.22.2.4 - - [09/Oct/2022:09:07:28 -0500] "GET /BLA/boletinlegal/consulta_actos.php?tipo=resoluciones&no=4469&usuario=&sector=&fecha=2021&resuelve= HTTP/1.1" 200 1104
181.53.14.142 - - [09/Oct/2022:09:07:32 -0500] "GET /BLA/resoluciones/RESOLUCIONES%202021/4469.pdf HTTP/1.1" 200 458150
216.245.221.92 - - [09/Oct/2022:09:07:40 -0500] "HEAD / HTTP/1.1" 200 -
186.29.11.8 - - [09/Oct/2022:09:07:57 -0500] "GET /POT-2013/Cartografia/32_Altura%20para%20c%C3%A1lculo%20de%20edificabilidad%20predominante%20y%20aisl.pdf HTTP/1.1" 200 3984236
186.29.11.8 - - [09/Oct/2022:09:07:57 -0500] "GET /POT-2013/Cartografia/32_Altura%20para%20c%C3%A1lculo%20de%20edificabilidad%20predominante%20y%20aisl.pdf HTTP/1.1" 200 3984236
186.29.11.8 - - [09/Oct/2022:09:07:58 -0500] "GET /apple-touch-icon-120x120-precomposed.png HTTP/1.1" 404 1120
186.29.11.8 - - [09/Oct/2022:09:07:58 -0500] "GET /apple-touch-icon-120x120.png HTTP/1.1" 404 1120
186.29.11.8 - - [09/Oct/2022:09:07:58 -0500] "GET /apple-touch-icon-precomposed.png HTTP/1.1" 404 1120
186.29.11.8 - - [09/Oct/2022:09:07:58 -0500] "GET /apple-touch-icon.png HTTP/1.1" 404 1120
186.29.11.8 - - [09/Oct/2022:09:07:58 -0500] "GET /favicon.ico HTTP/1.1" 200 7782
186.29.11.8 - - [09/Oct/2022:09:07:59 -0500] "GET /apple-touch-icon-120x120-precomposed.png HTTP/1.1" 404 1120
186.29.11.8 - - [09/Oct/2022:09:07:59 -0500] "GET /apple-touch-icon-120x120.png HTTP/1.1" 404 1120
186.29.11.8 - - [09/Oct/2022:09:07:59 -0500] "GET /apple-touch-icon-precomposed.png HTTP/1.1" 404 1120
186.29.11.8 - - [09/Oct/2022:09:07:59 -0500] "GET /apple-touch-icon.png HTTP/1.1" 404 1120
157.55.39.25 - - [09/Oct/2022:09:08:28 -0500] "GET /BLA/resoluciones/00001785.tif HTTP/1.1" 404 1018
172.22.2.4 - - [09/Oct/2022:09:10:16 -0500] "GET /BLA/boletinlegal/consulta_actos.php?tipo=resoluciones&no=3980&usuario=&sector=&fecha=2021&resuelve= HTTP/1.1" 200 1108
181.53.14.142 - - [09/Oct/2022:09:10:18 -0500] "GET /BLA/resoluciones/RESOLUCIONES%202021/3980.pdf HTTP/1.1" 200 417342
201.245.192.253 - - [09/Oct/2022:09:10:23 -0500] "POST /kwsrmcab/Wsrmcab  HTTP/1.1" 200 42483
172.22.2.4 - - [09/Oct/2022:09:10:14 -0500] "HEAD /BLA/boletinlegal/ HTTP/1.1" 200 -
216.245.221.92 - - [09/Oct/2022:09:12:40 -0500] "HEAD / HTTP/1.1" 200 -
172.22.2.4 - - [09/Oct/2022:09:11:05 -0500] "GET /BLA/boletinlegal/ HTTP/1.1" 200 57725
173.252.83.22 - - [09/Oct/2022:09:14:33 -0500] "GET /galeria/galeria/fotos/Entrenube4P.jpg HTTP/1.1" 200 10881
40.77.167.104 - - [09/Oct/2022:09:14:52 -0500] "-" 408 -
201.245.192.253 - - [09/Oct/2022:09:15:22 -0500] "POST /kwsrmcab/Wsrmcab  HTTP/1.1" 200 42483
172.22.2.4 - - [09/Oct/2022:09:15:25 -0500] "GET /BLA/boletinlegal/actos.php HTTP/1.1" 200 9566
172.22.2.4 - - [09/Oct/2022:09:15:23 -0500] "GET /BLA/boletinlegal/ HTTP/1.1" 200 24523
181.235.123.53 - - [09/Oct/2022:09:16:14 -0500] "GET /galeria/galeria/jquery.fancybox.css?v=2.1.5 HTTP/1.1" 200 4895
181.235.123.53 - - [09/Oct/2022:09:16:15 -0500] "GET /BLA/boletinlegal/js/jquery.scrollShow.js HTTP/1.1" 200 4586
181.235.123.53 - - [09/Oct/2022:09:16:15 -0500] "GET /galeria/galeria/jquery.fancybox.js?v=2.1.5 HTTP/1.1" 200 48706
172.22.2.4 - - [09/Oct/2022:09:17:10 -0500] "GET /BLA/boletinlegal/consulta_actos.php?tipo=resoluciones&no=1314&usuario=&sector=&fecha=2021&resuelve= HTTP/1.1" 200 1125
181.53.14.142 - - [09/Oct/2022:09:17:15 -0500] "GET /BLA/resoluciones/RESOLUCIONES%202021/1314.pdf HTTP/1.1" 200 569401
216.245.221.92 - - [09/Oct/2022:09:17:40 -0500] "HEAD / HTTP/1.1" 200 -
172.22.2.4 - - [09/Oct/2022:09:16:04 -0500] "HEAD /BLA/boletinlegal/ HTTP/1.1" 200 -
172.22.2.4 - - [09/Oct/2022:09:16:55 -0500] "GET /BLA/boletinlegal/ HTTP/1.1" 200 59828
172.22.2.4 - - [09/Oct/2022:09:18:46 -0500] "GET /BLA/boletinlegal/Directivas/2009/Directiva%20No.%20del%2023%20de%20Diciembre%20de%202009.pdf HTTP/1.1" 304 -
157.55.39.25 - - [09/Oct/2022:09:20:19 -0500] "GET /BLA/resoluciones/AUTOS%202011/2451.pdf HTTP/1.1" 200 135787
201.245.192.253 - - [09/Oct/2022:09:20:22 -0500] "POST /kwsrmcab/Wsrmcab  HTTP/1.1" 200 42483
172.22.2.4 - - [09/Oct/2022:09:20:34 -0500] "GET /BLA/boletinlegal/consulta_actos.php?tipo=resoluciones&no=4333&usuario=&sector=&fecha=2021&resuelve= HTTP/1.1" 200 1093
181.53.14.142 - - [09/Oct/2022:09:20:37 -0500] "GET /BLA/resoluciones/RESOLUCIONES%202021/4333.pdf HTTP/1.1" 200 463713
207.46.13.84 - - [09/Oct/2022:09:21:05 -0500] "GET /BLA/resoluciones/RESOLUCIONES%202022/0180.pdf HTTP/1.1" 200 332335
172.22.2.4 - - [09/Oct/2022:09:21:36 -0500] "GET /BLA/boletinlegal/actos.php HTTP/1.1" 200 9566
157.55.39.202 - - [09/Oct/2022:09:21:51 -0500] "GET /BLA/resoluciones/RESOLUCIONES%202000/2000%201700-1749.tif HTTP/1.1" 200 4092284
173.252.107.2 - - [09/Oct/2022:09:21:55 -0500] "GET /dia-mundial-del-medio-ambiente-con-3-500-beneficiarias-comienza-la-segunda-fase-de-mujeres-que-reverdecen.html HTTP/1.1" 206 845
173.252.107.5 - - [09/Oct/2022:09:21:55 -0500] "GET /dia-mundial-del-medio-ambiente-con-3-500-beneficiarias-comienza-la-segunda-fase-de-mujeres-que-reverdecen.html HTTP/1.1" 206 845
173.252.107.8 - - [09/Oct/2022:09:21:56 -0500] "GET /images/mujeres-reverdecen-4-junio.jpg HTTP/1.1" 200 59432
207.46.13.190 - - [09/Oct/2022:09:22:03 -0500] "GET /BLA/resoluciones/RESOLUCIONES%202005/RES%202005%201751-1800/00001758.tif HTTP/1.1" 200 210482
181.214.206.161 - - [09/Oct/2022:09:22:09 -0500] "HEAD / HTTP/1.1" 200 -
201.245.192.253 - - [09/Oct/2022:09:22:11 -0500] "POST /kwsrmcab/Wsrmcab HTTP/1.1" 200 45010
201.245.192.253 - - [09/Oct/2022:09:22:14 -0500] "POST /kwsrmcab/Wsrmcab HTTP/1.1" 200 44371
216.245.221.92 - - [09/Oct/2022:09:22:40 -0500] "HEAD / HTTP/1.1" 200 -
172.22.2.4 - - [09/Oct/2022:09:21:54 -0500] "HEAD /BLA/boletinlegal/ HTTP/1.1" 200 -
207.46.13.84 - - [09/Oct/2022:09:24:24 -0500] "GET /BLA/resoluciones/RESOLUCIONES%202002/RES%202002%20101-150/2002RES128.tif HTTP/1.1" 200 380384
172.22.2.4 - - [09/Oct/2022:09:22:45 -0500] "GET /BLA/boletinlegal/ HTTP/1.1" 200 59828
201.245.192.253 - - [09/Oct/2022:09:25:20 -0500] "POST /kwsrmcab/Wsrmcab  HTTP/1.1" 200 42483
172.22.2.4 - - [09/Oct/2022:09:26:09 -0500] "GET /BLA/boletinlegal/consulta_actos.php?tipo=resoluciones&no=4755&usuario=&sector=&fecha=2021&resuelve= HTTP/1.1" 200 1094
181.53.14.142 - - [09/Oct/2022:09:26:17 -0500] "GET /BLA/resoluciones/RESOLUCIONES%202021/4755.pdf HTTP/1.1" 200 781546
216.245.221.92 - - [09/Oct/2022:09:27:40 -0500] "HEAD / HTTP/1.1" 200 -
172.22.2.4 - - [09/Oct/2022:09:27:44 -0500] "HEAD /BLA/boletinlegal/ HTTP/1.1" 200 -
172.22.2.4 - - [09/Oct/2022:09:28:35 -0500] "GET /BLA/boletinlegal/ HTTP/1.1" 200 56732
201.245.192.253 - - [09/Oct/2022:09:30:19 -0500] "POST /kwsrmcab/Wsrmcab  HTTP/1.1" 200 42483
207.46.13.40 - - [09/Oct/2022:09:31:40 -0500] "GET /BLA/boletinlegal/Directivas/2022/DIRECTIVA%20No.%2000002%20DEL%2022%20DE%20JUNIO%20DEL%202022.pdf HTTP/1.1" 304 -
201.245.192.253 - - [09/Oct/2022:09:32:12 -0500] "POST /kwsrmcab/Wsrmcab HTTP/1.1" 200 45010
201.245.192.253 - - [09/Oct/2022:09:32:14 -0500] "POST /kwsrmcab/Wsrmcab HTTP/1.1" 200 44371
216.245.221.92 - - [09/Oct/2022:09:32:40 -0500] "HEAD / HTTP/1.1" 200 -
78.142.18.92 - - [09/Oct/2022:09:35:11 -0500] "CONNECT google.com:443 HTTP/1.1" 405 938
172.22.2.4 - - [09/Oct/2022:09:33:34 -0500] "HEAD /BLA/boletinlegal/ HTTP/1.1" 200 -
201.245.192.253 - - [09/Oct/2022:09:35:18 -0500] "POST /kwsrmcab/Wsrmcab  HTTP/1.1" 200 42483
186.102.22.1 - - [09/Oct/2022:09:35:46 -0500] "GET /kwssiamovil/sm/ldap/au?x=U2FsdGVkX188zdVEppDIiVYgIrL/Mc+GguQUO6/BLTDpk8nYuxmQjMWkUiyIQ3s5&y=U2FsdGVkX1+xuYi3U1M09nIVDJ77RIFvup2+jbAGgk8bNAPuf0k89y3TRUqgFQI8 HTTP/1.1" 200 30
186.102.22.1 - - [09/Oct/2022:09:35:46 -0500] "GET /kwssiamovil/sm/acme/s?s=U2FsdGVkX1+JeALbvmtMYNwY8xEPekPQrI1T/i//fp3eaYaxWAtvLXH7iNG9lyXKSY5pe44Tl19zGx2utLxi8Hay6lJDRE3pq/RdLn+KTTY=&u=U2FsdGVkX1/unn+A02NJsm+H1TDj/qNAIijzzOCAeBwJO3vbRU3/DRt7rUxHfGOT&y=U2FsdGVkX1+xuYi3U1M09nIVDJ77RIFvup2+jbAGgk8bNAPuf0k89y3TRUqgFQI8 HTTP/1.1" 200 97
186.102.22.1 - - [09/Oct/2022:09:35:46 -0500] "GET /kwssiamovil/sm/acme/s?s=U2FsdGVkX18x1YBRo1DoNedEE1OjQT8D6gjxw1tolsKTMbn1yncBUN0iQaxOcm9CuF3SRHoSnSqXBCJQq2UIYLpsGtDG+cvnfbk40YLuxYjvef2n7sjFEBqUskXdEUZKSLrJ67ibNLHMi7YfIViQf8HoV7VIfKnWeeGz9twREb/FfhEpTB+yIgq/m8brYj8P3thVm/2Tg11YHlq5OXUnHZHi1ZPcSjXioLTn1iD8quGmJ+q2q/jU6RCsqzeUHL2SSS+x0LI7jDbIQcDN24Hujl4bls+rPUP154nJJDhMDrMKBNEWNNiOBoZDRTVDhMBhCAy4sstfc+WP3Vluy7zeZXBEV6/ULGlqYqxLpwY5UClRnCFC7YJe+RQ76vpxVbFn9Npp6MtG8EGd7cwsGUWQDixs5gdOwQ87CZ+R3WC3oOP+l4qDsBvf8Aph7X98RMpgTtHllftxZJ6GJU+jXpiJLiQKOSAuZ+e4DD06uHBumkpTmrXnR3osSRG0vTnhYDDkaLSJSJ6o+dtoYylpD0Ete3/7nKIwIkspRF/z5hNkoQPnnFEHnmBq75f2XTzI3Az8NzS3tmzUHM85HnD9GILEeAwpjuWYku/tMaNRvLzd2M/0z8avcrg3dFpxecDeDA/DFd/r2fsLYOahWqc3iOAmlhMONGQUW9JNZ5ILoJLYhWyAi7EewvNiNv6mfTc4+cD8nqSrd5k37bADVw1dfen9y36LB8RgovDO6eXWzbRiDu2q6sidDKefrYzc5mExkl8fDqqFiYP4O5xUQ6d3W+5IhT3QZbEBUEYHQHNKrkzm3pSuqX4riPjpJHvM4pHyk/cyZQ6FAZ0e/u/3CaWxXf0KjI5NKppmpwApcETrdz3IM5II8sZUoyJgKNM0usmdO5jBFaPSrSlSE8T8lUp6CCqsIwCim1vpr8ur/BvI3Cl3U4qWcX1BTPN8u+BjvYM5Ar5o2mAclmRxjPMdBmscJmPuclfj7j/RrUxZxmwFsPp8AQcKlIz/MQSOip5REMniJsg4xnwBiNqXZ5zUI0B5MZ7PDQRQgqHo6h5OHm9NIk04o8YuRcB4lSVvD2rEvwrVk0wbjDQkZDK6599MQhX1ZOlA9VQ3Ku5xFBVIkxsvwv9bkgtrWR5pF5XZvz1yEI3bLXu1uAyei+N+11rSYSVO9hxoDRrqS+kMCvTC9v7by14CcCb+0w7zfN2YoUmQb+3kYbkl9ArPYh3oEtYZhtphzYaxLRuI9dywHrvUBtn0DhuVfFgVSnBH2zgtEmipzQSClMqurs+fqB0ycfN73ILryPTjwoK4I0X2ddSgHnf2oNKLgx4GA8pp2DQVk3NFm0eODOPCRZP99HpY1OtKk7PIFp+OhTfQlpf2tetca1cvAKaVycTzIjNPHgitO0MBPtmlDv8GQTZeN79O/1zMy/n8wqLsv6WF+BqmNVHAkD2uazFnfPg=&u=U2FsdGVkX1/unn+A02NJsm+H1TDj/qNAIijzzOCAeBwJO3vbRU3/DRt7rUxHfGOT&y=U2FsdGVkX1+xuYi3U1M09nIVDJ77RIFvup2+jbAGgk8bNAPuf0k89y3TRUqgFQI8 HTTP/1.1" 200 903
186.102.22.1 - - [09/Oct/2022:09:35:46 -0500] "GET /kwssiamovil/sm/acme/s?s=U2FsdGVkX18UGammlx9qrWDfHNgVQxGnnjD+2JTcWcjetOWQuPoZZYDyG6YGFO8zRFK+1xa554wYMIxsMYFPAugaQ0c/sxV9qimY5EJ9tpCBUf55585zT7xu+fclKge0xyGI2VnP22HhR59k50helQ==&u=U2FsdGVkX1/unn+A02NJsm+H1TDj/qNAIijzzOCAeBwJO3vbRU3/DRt7rUxHfGOT&y=U2FsdGVkX1+xuYi3U1M09nIVDJ77RIFvup2+jbAGgk8bNAPuf0k89y3TRUqgFQI8 HTTP/1.1" 200 92
186.102.22.1 - - [09/Oct/2022:09:35:46 -0500] "GET /kwssiamovil/sm/acme/s?s=U2FsdGVkX1/MVrJkgBzxmWpeeHH5Eg7M37Z+LEN1WQthwVoblR1pkCZ4gTBsLky4udaGzjII/xUwZFSr7W1EXXLni7j5P8aIiVrL/dX2lmzlHhMNEo9fbmOfjTR8mPGDlFov7NaNyo0b6MLmj5iaVRnaQTQ4uTEOsTY+ybwj0Fo66T6TOJr6qx1vhe7dXmzTHVh1VrT0KOLGTgZkbEgld+2X8LqgCcL7mSlDIaYwnTGKokqsjdNmSOsXyHWl8mXKrViU1y+MD4vZG7E4yqlyiapgXivgdD3LPYeBjM7JMvvsk/+mC0QFIhnRAAtqBJu7OtU7gwJMqF6d2FKY/uTct9gD9QgT1Zo6JZtyhMucN6Q=&u=U2FsdGVkX1/unn+A02NJsm+H1TDj/qNAIijzzOCAeBwJO3vbRU3/DRt7rUxHfGOT&y=U2FsdGVkX1+xuYi3U1M09nIVDJ77RIFvup2+jbAGgk8bNAPuf0k89y3TRUqgFQI8 HTTP/1.1" 200 1011
186.102.22.1 - - [09/Oct/2022:09:35:47 -0500] "GET /kwssiamovil/sm/cjson/pre?f=17&x=U2FsdGVkX188zdVEppDIiVYgIrL/Mc+GguQUO6/BLTDpk8nYuxmQjMWkUiyIQ3s5 HTTP/1.1" 200 12729
186.102.22.1 - - [09/Oct/2022:09:35:47 -0500] "GET /kwssiamovil/sm/cjson/pre?f=6&x=U2FsdGVkX188zdVEppDIiVYgIrL/Mc+GguQUO6/BLTDpk8nYuxmQjMWkUiyIQ3s5 HTTP/1.1" 200 34953
186.102.22.1 - - [09/Oct/2022:09:35:47 -0500] "GET /kwssiamovil/sm/cjson/pre?f=8&x=U2FsdGVkX188zdVEppDIiVYgIrL/Mc+GguQUO6/BLTDpk8nYuxmQjMWkUiyIQ3s5 HTTP/1.1" 200 36025
186.102.22.1 - - [09/Oct/2022:09:35:47 -0500] "GET /kwssiamovil/sm/cjson/pre?f=4&x=U2FsdGVkX188zdVEppDIiVYgIrL/Mc+GguQUO6/BLTDpk8nYuxmQjMWkUiyIQ3s5 HTTP/1.1" 200 33589
186.102.22.1 - - [09/Oct/2022:09:35:47 -0500] "GET /kwssiamovil/sm/cjson/pre?f=7&x=U2FsdGVkX188zdVEppDIiVYgIrL/Mc+GguQUO6/BLTDpk8nYuxmQjMWkUiyIQ3s5 HTTP/1.1" 200 93139
186.102.22.1 - - [09/Oct/2022:09:35:47 -0500] "GET /kwssiamovil/sm/cjson/pre?f=3&x=U2FsdGVkX188zdVEppDIiVYgIrL/Mc+GguQUO6/BLTDpk8nYuxmQjMWkUiyIQ3s5 HTTP/1.1" 200 94838
186.102.22.1 - - [09/Oct/2022:09:35:47 -0500] "GET /kwssiamovil/sm/cjson/pre?f=5&x=U2FsdGVkX188zdVEppDIiVYgIrL/Mc+GguQUO6/BLTDpk8nYuxmQjMWkUiyIQ3s5 HTTP/1.1" 200 96715
172.22.2.4 - - [09/Oct/2022:09:34:25 -0500] "GET /BLA/boletinlegal/ HTTP/1.1" 200 58163
216.245.221.92 - - [09/Oct/2022:09:37:40 -0500] "HEAD / HTTP/1.1" 200 -
186.102.59.85 - - [09/Oct/2022:09:37:58 -0500] "OPTIONS /kwssiamovil/sm/setfile/f? HTTP/1.1" 200 13
186.102.59.85 - - [09/Oct/2022:09:37:59 -0500] "POST /kwssiamovil/sm/setfile/f? HTTP/1.1" 200 381
186.102.59.85 - - [09/Oct/2022:09:38:04 -0500] "OPTIONS /kwssiamovil/sm/setfile/f? HTTP/1.1" 200 13
186.102.59.85 - - [09/Oct/2022:09:38:04 -0500] "POST /kwssiamovil/sm/setfile/f? HTTP/1.1" 200 381
186.102.59.85 - - [09/Oct/2022:09:38:09 -0500] "OPTIONS /kwssiamovil/sm/setfile/f? HTTP/1.1" 200 13
186.102.59.85 - - [09/Oct/2022:09:38:09 -0500] "POST /kwssiamovil/sm/setfile/f? HTTP/1.1" 200 381
186.102.59.85 - - [09/Oct/2022:09:38:14 -0500] "OPTIONS /kwssiamovil/sm/setfile/f? HTTP/1.1" 200 13
186.102.59.85 - - [09/Oct/2022:09:38:14 -0500] "POST /kwssiamovil/sm/setfile/f? HTTP/1.1" 200 381
186.102.59.85 - - [09/Oct/2022:09:38:19 -0500] "OPTIONS /kwssiamovil/sm/setfile/f? HTTP/1.1" 200 13
186.102.59.85 - - [09/Oct/2022:09:38:19 -0500] "POST /kwssiamovil/sm/setfile/f? HTTP/1.1" 200 381
207.46.13.89 - - [09/Oct/2022:09:39:08 -0500] "GET /BLA/resoluciones/RESOLUCIONES%202021/2903.pdf HTTP/1.1" 304 -
201.245.192.253 - - [09/Oct/2022:09:40:17 -0500] "POST /kwsrmcab/Wsrmcab  HTTP/1.1" 200 42483
172.22.2.4 - - [09/Oct/2022:09:39:24 -0500] "HEAD /BLA/boletinlegal/ HTTP/1.1" 200 -
172.22.2.4 - - [09/Oct/2022:09:40:15 -0500] "GET /BLA/boletinlegal/ HTTP/1.1" 200 53290
201.245.192.253 - - [09/Oct/2022:09:42:11 -0500] "POST /kwsrmcab/Wsrmcab HTTP/1.1" 200 45010
201.245.192.253 - - [09/Oct/2022:09:42:14 -0500] "POST /kwsrmcab/Wsrmcab HTTP/1.1" 200 44371
216.245.221.92 - - [09/Oct/2022:09:42:40 -0500] "HEAD / HTTP/1.1" 200 -
186.83.196.197 - - [09/Oct/2022:09:44:38 -0500] "GET /si-tienes-ropa-y-calzado-que-ya-no-usas-aca-te-presentamos-seis-puntos-a-donde-los-puedes-llevar.html HTTP/1.1" 200 872
201.245.192.253 - - [09/Oct/2022:09:45:16 -0500] "POST /kwsrmcab/Wsrmcab  HTTP/1.1" 200 42483
172.22.2.4 - - [09/Oct/2022:09:45:14 -0500] "HEAD /BLA/boletinlegal/ HTTP/1.1" 200 -
216.245.221.92 - - [09/Oct/2022:09:47:40 -0500] "HEAD / HTTP/1.1" 200 -
172.22.2.4 - - [09/Oct/2022:09:46:05 -0500] "GET /BLA/boletinlegal/ HTTP/1.1" 200 53640
185.119.81.107 - - [09/Oct/2022:09:48:13 -0500] "GET /portaldeninos/wp-login.php HTTP/1.1" 200 2592
185.119.81.107 - - [09/Oct/2022:09:48:14 -0500] "POST /portaldeninos/wp-login.php HTTP/1.1" 200 3650
201.245.192.253 - - [09/Oct/2022:09:50:15 -0500] "POST /kwsrmcab/Wsrmcab  HTTP/1.1" 200 42483
216.245.221.92 - - [09/Oct/2022:09:52:40 -0500] "HEAD / HTTP/1.1" 200 -
172.22.2.4 - - [09/Oct/2022:09:51:04 -0500] "HEAD /BLA/boletinlegal/ HTTP/1.1" 200 -
172.22.2.4 - - [09/Oct/2022:09:51:55 -0500] "GET /BLA/boletinlegal/ HTTP/1.1" 200 58575
173.252.79.5 - - [09/Oct/2022:09:53:38 -0500] "GET /images/moda-sostenible-oct_optimized.jpg HTTP/1.1" 200 55305
201.245.192.253 - - [09/Oct/2022:09:55:15 -0500] "POST /kwsrmcab/Wsrmcab  HTTP/1.1" 200 42483
216.245.221.92 - - [09/Oct/2022:09:57:40 -0500] "HEAD / HTTP/1.1" 200 -
172.22.2.4 - - [09/Oct/2022:09:56:54 -0500] "HEAD /BLA/boletinlegal/ HTTP/1.1" 200 -
172.22.2.4 - - [09/Oct/2022:09:57:44 -0500] "GET /BLA/boletinlegal/ HTTP/1.1" 200 59828
201.245.192.253 - - [09/Oct/2022:10:00:14 -0500] "POST /kwsrmcab/Wsrmcab  HTTP/1.1" 200 42483
216.245.221.92 - - [09/Oct/2022:10:02:40 -0500] "HEAD / HTTP/1.1" 200 -
172.22.2.4 - - [09/Oct/2022:10:02:44 -0500] "HEAD /BLA/boletinlegal/ HTTP/1.1" 200 -
172.22.2.4 - - [09/Oct/2022:10:03:34 -0500] "GET /BLA/boletinlegal/ HTTP/1.1" 200 55630
201.245.192.253 - - [09/Oct/2022:10:05:14 -0500] "POST /kwsrmcab/Wsrmcab  HTTP/1.1" 200 42483
173.252.107.4 - - [09/Oct/2022:10:06:59 -0500] "GET /barrios-unidos-tendra-su-jornada-de-reciclaton.html HTTP/1.1" 206 1039
216.245.221.92 - - [09/Oct/2022:10:07:40 -0500] "HEAD / HTTP/1.1" 200 -
172.22.2.4 - - [09/Oct/2022:10:08:34 -0500] "HEAD /BLA/boletinlegal/ HTTP/1.1" 200 -
201.245.192.253 - - [09/Oct/2022:10:10:13 -0500] "POST /kwsrmcab/Wsrmcab  HTTP/1.1" 200 42483
172.22.2.4 - - [09/Oct/2022:10:09:24 -0500] "GET /BLA/boletinlegal/ HTTP/1.1" 200 54356
186.102.14.204 - - [09/Oct/2022:10:11:54 -0500] "GET /kwssiamovil/sm/acme/a?s=U2FsdGVkX1/hJA3HTuXWVEKAnXAQ0qORYFEqITPkyPXsOifL+XNvEPgUEZGDR2rXr1K8LuT17a2sOBvai2lYk4mcg4J7WLHIzjCvrlm9+hUaKTVdU+8ALEQATIwrdUqrA/H3X1nKmZjAv0CewkOgyMV+Vw1YPELpowWRY1ySgA/ku8uQ+oDbYO7s7r1Pm0pFsy9vmkR7WsFGD5c3oOh+JkyrU8VWOYdzbE2aInGJGfbIa1tIPU7mjRrfAgMF6f8KpHrNqhwvSrnzph+gVVF3bA==&u=U2FsdGVkX18JlIsmuK1dWN7k9sng0FREWFPtwztYKKQ=&y=U2FsdGVkX18CBs1LnmuLML3ASWQEDsH/JoN6mlliU1vxwpFbihVI9GGz6Cu0A9D3 HTTP/1.1" 200 26
186.102.14.204 - - [09/Oct/2022:10:11:54 -0500] "GET /kwssiamovil/sm/acme/a?s=U2FsdGVkX1+x5VCGCp/jkW8J99qmegdE0AY7DcVI5FwDuJu8DTjyDCU2mK/B9SNGO/5EXILKtZ9t1W+fmmS3DTJalL8KbOTqhVF8PMiG7mQUkxp0MR6r+pDW75v31MS5Iy7WxEoKOmcaf3gqVXrBbLUW+KnCDQuIOt+rSnQu88LjQ9H9GXEqkoA+L67Y2OAnNwxLw8hLO6Kx+UPLimLhFMwSTxEmwN2b9O78vCPNjYifpa4jvXRcP6VYJaDM3mMD3JVdrfzLmwTfcRkd8bPyZlGA0PnIXLbRUoaa524L9pgxEAyf/VNeloY1E76aK1c7T+jUbeKlW2ESYGeaKwD/uzMSEexRI5DjV4dE+srulSv9A2LxPhq929LQg4G8MzXlkt60+sq6Ay+VSY9YDVnbU78s55zTmgJNCnd3kn//5KFQHsYpsDzCS4GDFPK9iD9Ba0EwhN/3LpEELgE1ViCt9ZVCE1iG6nLBf2ttdhVdIItSqWtDa6WwNG/rUET9DOBHHvDXNxjfd+j48BZ5rhPPe+ub4Nvsy/r9P9rW7l5uLNshCSRBW5XkXxqqRyn8saDHZS6nPemAmmF+e+Dm1BvZu2dKYlnUARbtNmwdjCUo/fHZCCZKjvSOZ/6BuxJtP5BPwcAV/VJejFhETas+6k0vNBRH792R85NU5ZEZyeijSf10BX5mSDVzsyDoBgv8P4n2xAJHWOyGy5AGX0MIFKe8/L7ATeRlOaM5aH33ROl9raXjzBDaAOfWtddJr5bSvVa84msU6T5BG23qYgXt1/Alh0XqL4d1pWMc6Y2BvOAf7s1MAKnMnTApF0v8EjjHLH0ZkoHSjo2mhMWVPE+xdP/PK7WQEBxVA75Lgc5Y2cQtWkqd98rxHOjVseXnPct9pMXb2b0MlvlAOKcid5fFnQ1GHaoix960jRRjJPgGIy2Eu4nnclUvX2SzRKr9wE/afLqOsSPq5YvWCKYbl0danhjshGuW/OuTxcz89Ho22SaVJrt0LVufm8bTk/NbSPqp6nbIbLu0+isj/kiY4iBhnS+NuZr2BQSx3PK+A3+n8mFepmVbXiFfZde7fAoJdG3P7sgeI0FLuZQ3MKL56/qBfPV9cpdYzJllIaaOqVP+nveV+StVCG4TFjoi6dD7PCewO2wXBcqPUhx1g1+g3x6byhnXYQOExQa0hO1c/jYNOAnbG34jFgUZo/uwo1gN1SUouEiMygB+ve2P33QHXo8SvmSE9joYjfvBb8iDipXfRD2/YmVIUaNdkk61E3x4XpCfdW3SrGFaBxFfWd0fFI4IOkLvPiiS8NFP+IWhS5P5REdWVY9nK2NXvT8aXh+MegfYDFY32c4+HwJ20wAHWbpOAG1UsUgDfOtc/leA7UGSA9VTjBHXXt66pu+G5PHjRyx+uHfWgH5Do7iC5BTJ06uDhRN+pdzzMIcUICRq5R6B3qwcw9fjTEVYyXStmZtuV2NPgF53TDi7L/oVPdvshz5zUWGAig0IJucBQJBflKCraxbeFMuscmUyAU2Ey5J06E75d1ONsf+G94ZmFROMloA84DKqsR75e8PllQjCo1avfu9fUk2RqwJX2wn8LKSxBsSC8Q+QPSV7Nl8Qt0kjfC2piejdQA4/FTuX53hSD7gi6oG2fhhtDqxl1h9RjT4II+hs1b4r8MPsbQXkltTp0sXpLwF/90ZFE7NGagwiznm6oVg38ffUhpkLXZZ/A2dMH6srkoXzkyEOxv/gEGFZKxicmiqLTCkY2NBIjjL70dKM9z2ycR8cN5MyBNXT+W1zlR2tHQ2lneJtfRDz1X0PY86mJi+KiLMLPTzJvfMZqi/fjuJUCfs=&u=U2FsdGVkX18JlIsmuK1dWN7k9sng0FREWFPtwztYKKQ=&y=U2FsdGVkX18CBs1LnmuLML3ASWQEDsH/JoN6mlliU1vxwpFbihVI9GGz6Cu0A9D3 HTTP/1.1" 200 25
186.102.14.204 - - [09/Oct/2022:10:11:54 -0500] "GET /kwssiamovil/sm/acme/a?s=U2FsdGVkX1/su693VqrTeyY2bYbNuYmiJg/YYEmJUbfEq4jlP0MXGy5A3G7KqCbXUj6+xIE+r3iXgBSm0Hat2FI0GX+Fuxzq3h0R+vCnQAcz4vg+/WsQvcyffy+usReMLxUwN+Keg0UmIIeJdfqmbOiPNnRzoMSBRtF9hBvEi/4=&u=U2FsdGVkX18JlIsmuK1dWN7k9sng0FREWFPtwztYKKQ=&y=U2FsdGVkX18CBs1LnmuLML3ASWQEDsH/JoN6mlliU1vxwpFbihVI9GGz6Cu0A9D3 HTTP/1.1" 200 25
186.102.14.204 - - [09/Oct/2022:10:11:55 -0500] "GET /kwssiamovil/sm/acme/a?s=U2FsdGVkX1/YjU0kyd0HtYLXg0D7EOQbbKtMCSXfynXb1OlbQINGxQX9OqlAhvW3nHrNMy6BDswr5RjsTKVPNAoaop9fzpuD4AGr3/KLBP3w5FUTNSUW1gA2b56tI7IIkvyOtHLgOdKby0QlfSG6kN10FmDPEO77y1Wu2AH4hc8=&u=U2FsdGVkX18JlIsmuK1dWN7k9sng0FREWFPtwztYKKQ=&y=U2FsdGVkX18CBs1LnmuLML3ASWQEDsH/JoN6mlliU1vxwpFbihVI9GGz6Cu0A9D3 HTTP/1.1" 200 25
186.102.14.204 - - [09/Oct/2022:10:11:55 -0500] "GET /kwssiamovil/sm/acme/a?s=U2FsdGVkX1+kNY+SFYJ3FZspmYD8PaiHavW9luyez3+KyrPWSoJHPsM9LGZLrsib4mcnUogFux3kg1C5XbDKc0816Ur7Inm3JWes9nlr4jdXoRzz8UJpkDUwPqGUUcorqoeZfcq95d8+0oTy/KYX8VQGrcmExDLhx1saFKTqXvo=&u=U2FsdGVkX18JlIsmuK1dWN7k9sng0FREWFPtwztYKKQ=&y=U2FsdGVkX18CBs1LnmuLML3ASWQEDsH/JoN6mlliU1vxwpFbihVI9GGz6Cu0A9D3 HTTP/1.1" 200 25
186.102.14.204 - - [09/Oct/2022:10:11:55 -0500] "GET /kwssiamovil/sm/acme/a?s=U2FsdGVkX18lbOsHEGfYG4yGf+Ur0oTIJI6L/q8BZPQXsbDUGVJCqmZAL6cLqC+wwLGV+yU5iKbCGlKQeXLI+st/wycUjTZ9beD+VoqNn4hp9H/8KW1pOX95Jpo5Nyxjs7v1VUrIgSXyZiD2TgOJ23Z7GOtW9/iRySyKhlHTXuPpc68+U/R5fudvWfdRfV+Z&u=U2FsdGVkX18JlIsmuK1dWN7k9sng0FREWFPtwztYKKQ=&y=U2FsdGVkX18CBs1LnmuLML3ASWQEDsH/JoN6mlliU1vxwpFbihVI9GGz6Cu0A9D3 HTTP/1.1" 200 25
216.245.221.92 - - [09/Oct/2022:10:12:40 -0500] "HEAD / HTTP/1.1" 200 -
66.249.73.86 - - [09/Oct/2022:10:14:33 -0500] "-" 408 -
207.46.13.89 - - [09/Oct/2022:10:15:01 -0500] "GET /BLA/resoluciones/RESOLUCIONES%202005/RES%202005%201751-1800/00001775.tif HTTP/1.1" 200 172282
201.245.192.253 - - [09/Oct/2022:10:15:12 -0500] "POST /kwsrmcab/Wsrmcab  HTTP/1.1" 200 42483
172.22.2.4 - - [09/Oct/2022:10:14:24 -0500] "HEAD /BLA/boletinlegal/ HTTP/1.1" 200 -
172.22.2.4 - - [09/Oct/2022:10:15:15 -0500] "GET /BLA/boletinlegal/ HTTP/1.1" 200 59828
207.46.13.40 - - [09/Oct/2022:10:17:14 -0500] "GET /BLA/resoluciones/AUTOS%202011/3866.pdf HTTP/1.1" 304 -
216.245.221.92 - - [09/Oct/2022:10:17:40 -0500] "HEAD / HTTP/1.1" 200 -
157.55.39.202 - - [09/Oct/2022:10:17:47 -0500] "GET /BLA/resoluciones/RESOLUCIONES%202000/2000%202450-2499.tif HTTP/1.1" 200 4743204
207.46.13.89 - - [09/Oct/2022:10:18:41 -0500] "GET /BLA/resoluciones/AUTOS%202014/4107.pdf HTTP/1.1" 200 333661
201.245.192.253 - - [09/Oct/2022:10:20:11 -0500] "POST /kwsrmcab/Wsrmcab  HTTP/1.1" 200 42483
172.22.2.4 - - [09/Oct/2022:10:20:14 -0500] "HEAD /BLA/boletinlegal/ HTTP/1.1" 200 -
201.245.192.253 - - [09/Oct/2022:10:22:11 -0500] "POST /kwsrmcab/Wsrmcab HTTP/1.1" 200 43167
201.245.192.253 - - [09/Oct/2022:10:22:14 -0500] "POST /kwsrmcab/Wsrmcab HTTP/1.1" 200 44639
216.245.221.92 - - [09/Oct/2022:10:22:40 -0500] "HEAD / HTTP/1.1" 200 -
172.22.2.4 - - [09/Oct/2022:10:21:05 -0500] "GET /BLA/boletinlegal/ HTTP/1.1" 200 58163
173.252.79.116 - - [09/Oct/2022:10:23:54 -0500] "GET /images/jardines-verticales-plantas-24-mayo.jpg HTTP/1.1" 200 148288
69.171.249.11 - - [09/Oct/2022:10:23:55 -0500] "GET /images/eficiencia-energetica-11-marzo.jpg HTTP/1.1" 200 46478
201.245.192.253 - - [09/Oct/2022:10:25:10 -0500] "POST /kwsrmcab/Wsrmcab  HTTP/1.1" 200 42483
216.245.221.92 - - [09/Oct/2022:10:27:40 -0500] "HEAD / HTTP/1.1" 200 -
172.22.2.4 - - [09/Oct/2022:10:26:04 -0500] "HEAD /BLA/boletinlegal/ HTTP/1.1" 200 -
173.252.95.23 - - [09/Oct/2022:10:27:46 -0500] "GET /images/Junio%2002-experiencias-jardines-verticales-sda.jpeg HTTP/1.1" 200 31171
172.22.2.4 - - [09/Oct/2022:10:26:54 -0500] "GET /BLA/boletinlegal/ HTTP/1.1" 200 58163
186.102.59.85 - - [09/Oct/2022:10:28:47 -0500] "GET /kwssiamovil/sm/acme/a?s=U2FsdGVkX18gTmbqBKskoiWS924KR7G/hAaMf0gNMqPYbxUwVqWk8IBBrD6HOhUaLXWwLKYfiCanrkObHTp24OPRmVHIaIf6zY8fuOs6kwMe6X0Tl7TC4SfjLBeQCd3I8kLlnbpn0IrxW8K3XEGyLFDLI+Gu+C1lA7/Q/rPuJcIljyRWM1xpa0Vfgd3pkuQU154R/bUtgfyEZQK48kI0Xn3DcnD9s3bksCgNpmOTAie1GzIJvKPC/FrTGQxTG6XuOYOreTdWGog4jLCJhbQXvQ==&u=U2FsdGVkX19hUwZkAWfERovPhKT5OzXD8IK9FDH1CZpYa6AJrgcyBVUHlAiyCWVA&y=U2FsdGVkX1+vAj052FJqKlW3ESHqh5NLeK85ioWtm84nhy8Gl+h/TwdQFOMP62tS HTTP/1.1" 200 26
186.102.59.85 - - [09/Oct/2022:10:28:48 -0500] "GET /kwssiamovil/sm/acme/a?s=U2FsdGVkX18T89Nq6hmk8RSFsYIGAGXDQVVihyRFrJrWkQCDMRC0eae3t7vKdwhJ+Sgk2ydwzYyCjJ8w2Fe5SvG09Baiq6DCUAAQ1aoaROHGb5M9Mb0O9WIydB58gYi75w2Ims/OJv/nKfL8jB7vMbUV8mQ3kGIAQAnZclxSnIM28vDctUzO886JYGv5H5C5d54DLPYIW8CMwbxd8As7jM7zRDrcdwheVoLRsHOZs4stkn2xB4M86flM5WwsxNXdVGgGS7Wp9zqzDsP8fz42RvfGmWxhj/9S479CDOQYoc2aDf8i1TfURo8K0fSHZVZjWXrl14ce/My+3uT1sDCYa0XMwyDLT0AWIaNriAPFIWoBJx5ey3TjdJoetV56jTCFHjFQJzHa4bfbEeWoKG4DVNEmTdHrgn2IPWEcrRmbztF0orIvs3O4sGlN0JAsTiXESwpPU1L5Ci8yjMIKcXP/4TIHdr0rH992zbkC/NEys8Xy1cPDK9u1pNvsmggxiRsPmoK4FOi1fhpr64be2fstQ8+ahymvfwXXu/3s8nvNCioi8r7nmdnK0F469Lf7Hc/i5Hrx8jbg+kH2lkDYjvP5Si5GYZDipf4JmACj0jqDeHvl4NRp/4lEFW9NcOSKIQp12GUnFlW6B8SwbGX+LNw5Ay5pygZOTWYohv+A3kZ8CPYz57lPwfu0ZFaj3P/CqHN6IHcM7+WEEIK4j1VeUhp6hJrT9rEmXxbgSzZLfMdKiPFhq/HgdY51oKckxBGnJeXe7A60RniyGq4q9P70B9w21mcrGzYt0TjuIpQ2wz6IMkDTQgkrRo/QvxSkhEwi8A1O51UPuNkldfdftpsQo5T8yt1TxUgyKLzGeBoLVPby7cm6ZA0AMdUX6VKOwu6yDoZNzJJr3lwImwLxx6rLM8/HUvPPavugUMWl/gOWgkwkRHAomon9Bup80qiQe19jzU2ErPJ+30JXKGiybihzMbmpT3HgzvkFXJtodsF2Fr4S0cWYA2WnjfJt5MfVG2IyhjeC6fK8iVNldqUyXuron1kNwUmnC5bwIjGyJu6NQbt7ej6emmbRjU7w/qBa72kXyQsaIqJ1CPs/xm3vZ8c4bxT/9H/UV2tDz0r7mSlJu2582EQCWpdGZVdEue/SreFh+h6/gWIViCLBS8QYB4xcSzo9vElR8aPnRz9orE4IHCqfWGm1sZqbYB9VEZg7qTMKFAs/N6ZFDlrtP6gHLvPmCffxbD6mG4XnyJp/otwIlTjpvPW1y0bAUpzMG/LGV2bRV+mvSo/WHFfwCUgXGy6UkTUzAUi1TGHpFa1LRxrEQT/wMGuUoM26gjWB+yKSA4g4V1mmOa0VJ4BtTQRilnMzqG6ihjyS0iAgJ70Rk/YLsSDoRNZEHgbKHNZCKa0eMOfmHYniApKm3YY4gTPZnCIAbd1/9ldkLasL1Q37BbTLk+2FNgHg6L7ulccPinTelCChTvS0cJZEePabIyUwKcOd49xTX1JxvF/8a/x+ssRRnSp77nP7TYJIDypOkMIvWP6NbF14XT+2oKupSTttUHao84otO/ivFo8t8YA/Zo4AmL7aNXcGOhpdKNjaLFGijs0ScMNsiJURuFbLpR80W0mYaNfm0U/JVssOK0IkCNIZOG5L1iIuAQjdGcZkNHp26VLFWHSd6qxcuyVOzoql9mA7bKqh3pePv2UURbq+GxDHaDDdQGSPR920QAB41WKX0EWnIkn1AndmaKlv43H0tY96gmb4vANz+1MIzdZJf6YsyXPmovF9kQ+ukR9qbSTz/T6qifX+Vm2LeDSN91j6QXztlrV+fBmhuG7gw0vweoQLCXSl28iv2dlSTVPxGWMRNrhQP7vRiF4TfXoqqHFdySnkUGqoYxZDH4Wdw07VzwYPlcIjzR3nfodtFndjRBJ4CHTfvrLi9iEsmHHVoG+I8pAKPgep+HNW6rJgLc2YcG7fpFTu7NEMNrnA7O7Birrcs3q9SRWv&u=U2FsdGVkX19hUwZkAWfERovPhKT5OzXD8IK9FDH1CZpYa6AJrgcyBVUHlAiyCWVA&y=U2FsdGVkX1+vAj052FJqKlW3ESHqh5NLeK85ioWtm84nhy8Gl+h/TwdQFOMP62tS HTTP/1.1" 200 25
186.102.59.85 - - [09/Oct/2022:10:28:48 -0500] "GET /kwssiamovil/sm/acme/a?s=U2FsdGVkX1/blgZERb0+vMh4+ocQ++nWctbqEctBorZnukdADtC7682XNOB2qYt8cmrne4+J+nsJhcIZwyP88wcZa+XVT0ZltKl056yUtvesnVX9RA9XiVBshDw12+0/mpnxATF1/+aMoQk0QDApR5bLY3M2uuTDcTI1AP7aqmg=&u=U2FsdGVkX19hUwZkAWfERovPhKT5OzXD8IK9FDH1CZpYa6AJrgcyBVUHlAiyCWVA&y=U2FsdGVkX1+vAj052FJqKlW3ESHqh5NLeK85ioWtm84nhy8Gl+h/TwdQFOMP62tS HTTP/1.1" 200 25
186.102.59.85 - - [09/Oct/2022:10:28:48 -0500] "GET /kwssiamovil/sm/acme/a?s=U2FsdGVkX1+uZ5BTUu11g7mdPMNrWAyW35yYlJTgcdPn4yh1vrj6cJye/LCRSK3jNDLrKXQ3AaDFe/Q2dBdZDP2vUntV58apGY2asSMUf6udGwEWaSs53nKCUmTABajQ1SQAm0hx2KYh8WEmXNZGUcFS73Cpb4hY+WkMajtMqM0=&u=U2FsdGVkX19hUwZkAWfERovPhKT5OzXD8IK9FDH1CZpYa6AJrgcyBVUHlAiyCWVA&y=U2FsdGVkX1+vAj052FJqKlW3ESHqh5NLeK85ioWtm84nhy8Gl+h/TwdQFOMP62tS HTTP/1.1" 200 25
186.102.59.85 - - [09/Oct/2022:10:28:49 -0500] "GET /kwssiamovil/sm/acme/a?s=U2FsdGVkX1/MF5j+kLWW1ECgloasDaPxl9M5uG9n/9kV3CgsER92g4tySshc/2rz3XXkUCN4hNqvcylbY+nI43E8E7h322m+bE2+XNQCHJ5RCuvnmVyo5dQTva3YVnha7D984459m4r0FdhwyMF+GpUED0sHd6a7C7YS6SVLUPc=&u=U2FsdGVkX19hUwZkAWfERovPhKT5OzXD8IK9FDH1CZpYa6AJrgcyBVUHlAiyCWVA&y=U2FsdGVkX1+vAj052FJqKlW3ESHqh5NLeK85ioWtm84nhy8Gl+h/TwdQFOMP62tS HTTP/1.1" 200 25
