190.27.151.122 - - [13/Oct/2022:09:09:41 -0500] "GET /sipse/faces/javax.faces.resource/layout/layout.css?ln=primefaces&v=4.0 HTTP/1.1" 304 -
190.27.151.122 - - [13/Oct/2022:09:09:41 -0500] "GET /sipse/faces/javax.faces.resource/primefaces.js?ln=primefaces&v=4.0 HTTP/1.1" 304 -
190.27.151.122 - - [13/Oct/2022:09:09:41 -0500] "GET /sipse/faces/javax.faces.resource/jquery/jquery-plugins.js?ln=primefaces&v=4.0 HTTP/1.1" 304 -
190.27.151.122 - - [13/Oct/2022:09:09:41 -0500] "GET /sipse/faces/javax.faces.resource/layout/layout.js?ln=primefaces&v=4.0 HTTP/1.1" 304 -
190.27.151.122 - - [13/Oct/2022:09:09:41 -0500] "GET /sipse/faces/javax.faces.resource/spacer/dot_clear.gif?ln=primefaces&v=4.0 HTTP/1.1" 304 -
190.27.151.122 - - [13/Oct/2022:09:09:41 -0500] "GET /sipse/faces/javax.faces.resource/images/ui-icons_898989_256x240.png?ln=primefaces-aristo HTTP/1.1" 304 -
190.27.151.122 - - [13/Oct/2022:09:09:41 -0500] "GET /sipse/faces/javax.faces.resource/messages/messages.png?ln=primefaces&v=4.0 HTTP/1.1" 304 -
201.245.192.253 - - [13/Oct/2022:09:09:49 -0500] "POST /sipse/faces/presentacion/proyectos/proyecto/presupuesto/presupuestoEntreActividades/resumen.xhtml HTTP/1.1" 200 2954
191.156.51.193 - - [13/Oct/2022:09:09:50 -0500] "POST /sipse/faces/presentacion/financiero/solicitudProceso/listarSolicitudProceso.xhtml HTTP/1.1" 200 116497
190.27.151.122 - - [13/Oct/2022:09:09:52 -0500] "GET /sipse/faces/javax.faces.resource/images/ui-bg_flat_0_2d5972_40x100.png?ln=primefaces-aristo HTTP/1.1" 304 -
186.102.45.229 - - [13/Oct/2022:09:09:53 -0500] "GET /kwssiamovil/sm/acme/a?s=U2FsdGVkX1+OsHM/fu7xbPDZh3Rw89nSitXcRDyTlG9lfxzwrPB9ozuWaf66ylUDKlI5KivuAmXYIVG+QvbO+b3qSPrk2gEnce28d+d59JTNqyjY2GbP0ni/ntYFsHYeV1BmMrFjm77KvlRTHfSWg8x76oH7GL+u2JrRjimPH9JQiyV1eK3CfqKpfdnWvigKEzbWEi7ty005/L669ZGl/LVHRnLs2nLVwvhK+RoLhUWCe8D5doq1XqV0WkLJIMc6LQe9xBu69CuXkvF2lC+icQ==&u=U2FsdGVkX18dCh7kZv3TpTtkj9gI9kjBP8CfJytwZOU=&y=U2FsdGVkX18CLu1KDmB33gBG0DGJsb7sDSAqLPAyNd7XWrCMilRpnXUzVIpQRIwc HTTP/1.1" 200 26
186.102.45.229 - - [13/Oct/2022:09:09:53 -0500] "GET /kwssiamovil/sm/acme/a?s=U2FsdGVkX1+BP+Tlwb74nsZDoaVFa99bX41RVQxFqWJponqVgbWg3slusTQe2KS8rn4nYUhqOavWNLyMLrSqOC/Kog4m5RSydhiRdIfOinVP90JYqq1fWTXQCdR6LBnbFXWaUg2OWSvGgBo+NG3+jtjbKQKurhPUm+WpYR8nMWyWJAH9EacdKqPEjQzzdW5DIzJ0d7p2sYMbvYuHySF+8iVP6qln7M7Z90ge6rqQ8llyAhj3iLWQ2uotmsgG339AXXzf4VEp3zfcdEp79x9WWSfuRHzTexoUHsMMgK34Nde5UPmMlTYe9USw2oqzkrHDYm5YwiwFfEdqvZKRh59xXHvTVEKpQE+L0iSE+Lo5wTr9Cb1qVPWDUqLsHZ9c1NdBoROrwLpNsfoaLpphumnVcIcFE9iryA386Ls0zaicVzKTJ2VwmO8i1t3U/YpTkTeIvK8Lqe811sQ4QO8rW74Ap7OwhzcyDtDdEjMKZJBTl4oRKgjOGlJaW+cOA8QkWM6eOsqfeC+qfEojhGnamYhNrOIqP7NjcFaZS3VfiMG14z8qZ56e/zAv06a0wHwGPqkMIG6DOHEejkKRWEzdzIYfL1LkC6dhBXr0Itq++OScLnvjcviHEaLWVmwCz0+VmdtgXfRefl5kTIbMwyMWf75o1A/DBCQbepeNtciiJp2OKmF3knsWkTlxI8nW7RVNh9X0sx+wxnVdrkszzQlBy1jEOOdzF2hx9ROBqe4FVVXemzY+k5z7FrLZeSv6QtBbl4Ld8eMKf0Feron0aJUNcKM8guWov0+8KW+fM0ZHKGcTxauycPlC5VlowSSzxizVZlvZ2l9ywBUurpdihg7r2x94DOAO3I7neQC0lzl+S3yYl364rFkPNXvM39Qrgo4ZVNAAOAp4zz2e2mppfOUy7dHWL5HbyeF0Sb7y2wuxfEAiiNmal6MCf1ICFVvWXdxnpsBr01rhGo1MQN6aPZ66xvO+hWwLp4fveui5MKXzZ/YxGWxG9xC70gLhdo5XTvUsrecYymPZW/BCEWFTfNPfIJPWmaTX1yQHeQ4j2o6JbGZJPrpwPy17v3kyLXj723LrCOvvmJhlXo+NHc7jLRlO9kfqlWKwvob/Hn4j3/ZzYhVviAT2fnm9QrOcw2NcnhSH6TB138rGg99pBrUhmQmDelmN9QFB4BR2DjIYZfC5H2UvVCw/ZCQdY1ZhTD7sF6y5M5bzOTzI8QjlkZoyNwHOjldjj9nNUtesdJKD9F5vlebh/vttnr0sXzF5s5PB1pb6fGqBrsAGFbi3vQO7uRmaM/fRwQrwclHdzKh6BinAkcR3W2w6mIysnNvkKHEpruBWqKW+uYQdjYjCNuSFwjudYMWdhinvOjNVM2KFKV17HhsA+m9sbCDcVjrzsGrV5BV0feBhRvA7SI5XY4KCUg9vrIBmwXXoTK0qIXiYwYNoWUbd9SltXIS9neHmyz8p68tzrZadDRxKXU/CbeyCWIDwP4/6FbX2ZcR8ds6ovrGx4U7AJJK4rJDWAVUJXsM20GGjphSEGnNC1TS425ITlLhx3Ck5TGhSrCkhZodoqgbl2rQxep6avSFjeRqwhcpYW+dd7rbwKju/Mq+OvkTl/0+hqLwiRRXXJHV3jGGwmIAT0PsPPCf8K9ueZZh2wwo7o+g/8Sf0cAayCW/2Iz4tFrAqKRxT6BRcWUZMJNYmWG5uWhUY3njSyxQKFpU6pw0Wqfb+Vi79lVG1jsIG4/ayV0A1igJhfTiYvA7HJVhlH6ZupZQBKEJBgnh44eJaZGk1nKKAVkg3tvpoKPfN+5c5KJwtcGsaQ/Q2bRahz8nF4Zvet2X9tDCU6aHMLbMNX+TCp8/qPkHl7snmHhMK8K2Z/qXd80ZKtA==&u=U2FsdGVkX18dCh7kZv3TpTtkj9gI9kjBP8CfJytwZOU=&y=U2FsdGVkX18CLu1KDmB33gBG0DGJsb7sDSAqLPAyNd7XWrCMilRpnXUzVIpQRIwc HTTP/1.1" 200 25
186.102.45.229 - - [13/Oct/2022:09:09:53 -0500] "GET /kwssiamovil/sm/acme/a?s=U2FsdGVkX19/GMJRusv8OJzlK6hC6gFwKZo5T6HuxgInUZTonMmh7Rq8n2y42iQGi+Ipg1Syuvno4RlRTWklgQAQMylBexQgpA2Z7CmbDcdO+dHeVKixBgAsZFeQOV4ej3hHp/RiwAexkYR9nCyluGUmug5PE3p0nMrxNTHc77I=&u=U2FsdGVkX18dCh7kZv3TpTtkj9gI9kjBP8CfJytwZOU=&y=U2FsdGVkX18CLu1KDmB33gBG0DGJsb7sDSAqLPAyNd7XWrCMilRpnXUzVIpQRIwc HTTP/1.1" 200 26
186.102.45.229 - - [13/Oct/2022:09:09:53 -0500] "GET /kwssiamovil/sm/acme/a?s=U2FsdGVkX18KsWwIC+CiNdKUwJ9tbeUaSkVH2IjDf8AL6uCqpXwcQDSFSofse3mav49xuHNDw5lmQV7CHZuNJllEvuoOPADKxkX10Jv/B4lizXiweKxh9DJfanCDQXb94tUMS0d04UoPih5QIP5N4gl6sF/YWfmGvy5Qkv3KsRU=&u=U2FsdGVkX18dCh7kZv3TpTtkj9gI9kjBP8CfJytwZOU=&y=U2FsdGVkX18CLu1KDmB33gBG0DGJsb7sDSAqLPAyNd7XWrCMilRpnXUzVIpQRIwc HTTP/1.1" 200 25
186.102.45.229 - - [13/Oct/2022:09:09:54 -0500] "GET /kwssiamovil/sm/acme/a?s=U2FsdGVkX19iz2BdcfmJsoWYkSNETw6JNtLsCv4ExYKOx47zU5W0AicihkSq7/P6PlbKlCse3khEgHcZ2F5kjc0Ki0ZrBjIjaJpZ8r/ld60HFFVh1steTi2RjRL5u1CVkMtZ2q7+tDz5pSb/DKyEUcA+QSy2fqd2ursaZi13RjY=&u=U2FsdGVkX18dCh7kZv3TpTtkj9gI9kjBP8CfJytwZOU=&y=U2FsdGVkX18CLu1KDmB33gBG0DGJsb7sDSAqLPAyNd7XWrCMilRpnXUzVIpQRIwc HTTP/1.1" 200 25
186.102.45.229 - - [13/Oct/2022:09:09:54 -0500] "GET /kwssiamovil/sm/acme/a?s=U2FsdGVkX18ip1IZqvrnxwYEU7eBtSPfCLvJhuE7hFDHb083rHRGfqFfAVeUaC+F+VGKrcXPsmUoyvcYlopQ2nq333eRYVjyiyQQeT3VRODu7Y9Nr5xk5QbBMLTb7fsHcE9OQScg7fO4IyklnVBtD8IrQM0eQXkpDWw2rz0r06O+U8A3tBfiEkLcS5YfvQSF&u=U2FsdGVkX18dCh7kZv3TpTtkj9gI9kjBP8CfJytwZOU=&y=U2FsdGVkX18CLu1KDmB33gBG0DGJsb7sDSAqLPAyNd7XWrCMilRpnXUzVIpQRIwc HTTP/1.1" 200 25
186.102.45.229 - - [13/Oct/2022:09:09:54 -0500] "GET /kwssiamovil/sm/acme/a?s=U2FsdGVkX1+TL7fhrA4p5rguU9n7ZkcovwTp1aihkgtvsqYlRfVOCjEK+dxBzrBw+GHHhkX4oD9BhDw1FFIN6wEkmSZEn4nN60Kb22qSXNv1Tu0OGwJo7QR9rG3hpwtPQMBj1nFKKwjoUYhIgd9CEmI7f+6xZVmkncFFG+Ph0DO86Pins7ge42custUPGAcJrVEJbM2J/LkJRW1JdWj/yw==&u=U2FsdGVkX18dCh7kZv3TpTtkj9gI9kjBP8CfJytwZOU=&y=U2FsdGVkX18CLu1KDmB33gBG0DGJsb7sDSAqLPAyNd7XWrCMilRpnXUzVIpQRIwc HTTP/1.1" 200 25
186.102.45.229 - - [13/Oct/2022:09:09:54 -0500] "GET /kwssiamovil/sm/acme/a?s=U2FsdGVkX1/ozsxzwSLxzd2LGwNRh4mu5WFQDX706zZjI2OCl9y4gcUZJsPO8+iUuJRPSZdvoEAovK+MnE6Jhp2qK/2r7E51fTt4vR3vl6QcJgmM23SSotciBPRKuCdgQ/M5+uLiNhFC14dj7dSA0GF1E5fmrOxEnaiPJr0kaBc=&u=U2FsdGVkX18dCh7kZv3TpTtkj9gI9kjBP8CfJytwZOU=&y=U2FsdGVkX18CLu1KDmB33gBG0DGJsb7sDSAqLPAyNd7XWrCMilRpnXUzVIpQRIwc HTTP/1.1" 200 26
190.27.151.122 - - [13/Oct/2022:09:09:52 -0500] "POST /sipse/faces/presentacion/proyectos/proyecto/actividad/crearActividad.xhtml HTTP/1.1" 200 144026
190.27.151.122 - - [13/Oct/2022:09:09:55 -0500] "GET /sipse/faces/javax.faces.resource/jquery/jquery.js?ln=primefaces&v=4.0 HTTP/1.1" 304 -
190.27.151.122 - - [13/Oct/2022:09:09:55 -0500] "GET /sipse/faces/javax.faces.resource/jquery/jquery-plugins.js?ln=primefaces&v=4.0 HTTP/1.1" 304 -
190.27.151.122 - - [13/Oct/2022:09:09:55 -0500] "GET /sipse/faces/javax.faces.resource/primefaces.js?ln=primefaces&v=4.0 HTTP/1.1" 304 -
190.27.151.122 - - [13/Oct/2022:09:09:55 -0500] "GET /sipse/faces/javax.faces.resource/layout/layout.js?ln=primefaces&v=4.0 HTTP/1.1" 304 -
191.156.51.193 - - [13/Oct/2022:09:09:56 -0500] "GET /sipse/faces/javax.faces.resource/theme.css?ln=primefaces-sipse HTTP/1.1" 304 -
191.156.62.225 - - [13/Oct/2022:09:09:57 -0500] "GET /sipse/faces/javax.faces.resource/jquery/jquery.js?ln=primefaces&v=4.0 HTTP/1.1" 304 -
191.156.53.105 - - [13/Oct/2022:09:09:57 -0500] "GET /sipse/faces/javax.faces.resource/primefaces.css?ln=primefaces&v=4.0 HTTP/1.1" 304 -
191.156.58.180 - - [13/Oct/2022:09:09:57 -0500] "GET /sipse/faces/javax.faces.resource/layout/layout.css?ln=primefaces&v=4.0 HTTP/1.1" 304 -
191.156.58.180 - - [13/Oct/2022:09:09:57 -0500] "GET /sipse/faces/javax.faces.resource/jquery/jquery-plugins.js?ln=primefaces&v=4.0 HTTP/1.1" 304 -
191.156.58.180 - - [13/Oct/2022:09:09:57 -0500] "GET /sipse/faces/javax.faces.resource/primefaces.js?ln=primefaces&v=4.0 HTTP/1.1" 304 -
191.156.58.180 - - [13/Oct/2022:09:09:57 -0500] "GET /sipse/faces/javax.faces.resource/layout/layout.js?ln=primefaces&v=4.0 HTTP/1.1" 304 -
190.27.151.122 - - [13/Oct/2022:09:09:59 -0500] "POST /sipse/faces/presentacion/proyectos/proyecto/meta/meta.xhtml HTTP/1.1" 200 6060
201.245.192.253 - - [13/Oct/2022:09:10:02 -0500] "POST /sipse/faces/presentacion/proyectos/proyecto/presupuesto/presupuestoEntreActividades/resumen.xhtml HTTP/1.1" 200 2954
201.245.192.253 - - [13/Oct/2022:09:10:13 -0500] "POST /sipse/faces/presentacion/proyectos/proyecto/presupuesto/presupuestoEntreActividades/resumen.xhtml HTTP/1.1" 200 2958
190.27.151.122 - - [13/Oct/2022:09:10:13 -0500] "POST /sipse/faces/presentacion/proyectos/proyecto/meta/meta.xhtml HTTP/1.1" 200 173071
190.27.151.122 - - [13/Oct/2022:09:10:14 -0500] "GET /sipse/faces/javax.faces.resource/jquery/jquery.js?ln=primefaces&v=4.0 HTTP/1.1" 304 -
190.27.151.122 - - [13/Oct/2022:09:10:14 -0500] "GET /sipse/faces/javax.faces.resource/jquery/jquery-plugins.js?ln=primefaces&v=4.0 HTTP/1.1" 304 -
190.27.151.122 - - [13/Oct/2022:09:10:15 -0500] "GET /sipse/faces/javax.faces.resource/primefaces.js?ln=primefaces&v=4.0 HTTP/1.1" 304 -
190.27.151.122 - - [13/Oct/2022:09:10:15 -0500] "GET /sipse/faces/javax.faces.resource/layout/layout.js?ln=primefaces&v=4.0 HTTP/1.1" 304 -
172.22.2.4 - - [13/Oct/2022:09:08:44 -0500] "GET /BLA/boletinlegal/ HTTP/1.1" 200 54823
201.245.192.253 - - [13/Oct/2022:09:10:27 -0500] "POST /sipse/faces/presentacion/proyectos/proyecto/presupuesto/presupuestoEntreActividades/resumen.xhtml HTTP/1.1" 200 2950
190.27.151.122 - - [13/Oct/2022:09:10:33 -0500] "POST /sipse/faces/presentacion/proyectos/proyecto/actividad/crearActividad.xhtml HTTP/1.1" 200 2556
190.27.151.122 - - [13/Oct/2022:09:10:36 -0500] "POST /sipse/faces/presentacion/proyectos/proyecto/actividad/crearActividad.xhtml HTTP/1.1" 200 2580
201.245.192.253 - - [13/Oct/2022:09:10:37 -0500] "POST /sipse/faces/presentacion/proyectos/proyecto/presupuesto/presupuestoEntreActividades/resumen.xhtml HTTP/1.1" 200 2954
190.27.151.122 - - [13/Oct/2022:09:10:38 -0500] "POST /sipse/faces/presentacion/proyectos/proyecto/actividad/crearActividad.xhtml HTTP/1.1" 200 2584
190.27.151.122 - - [13/Oct/2022:09:10:42 -0500] "POST /sipse/faces/presentacion/proyectos/proyecto/actividad/crearActividad.xhtml HTTP/1.1" 200 2596
190.27.151.122 - - [13/Oct/2022:09:10:44 -0500] "POST /sipse/faces/presentacion/proyectos/proyecto/actividad/crearActividad.xhtml HTTP/1.1" 200 2608
190.27.151.122 - - [13/Oct/2022:09:10:50 -0500] "POST /sipse/faces/presentacion/proyectos/proyecto/actividad/crearActividad.xhtml HTTP/1.1" 200 2616
201.245.192.253 - - [13/Oct/2022:09:10:53 -0500] "POST /sipse/faces/presentacion/proyectos/proyecto/presupuesto/presupuestoEntreActividades/resumen.xhtml HTTP/1.1" 200 2951
190.27.151.122 - - [13/Oct/2022:09:11:01 -0500] "POST /sipse/faces/presentacion/proyectos/proyecto/actividad/crearActividad.xhtml HTTP/1.1" 200 2616
190.27.151.122 - - [13/Oct/2022:09:11:05 -0500] "POST /sipse/faces/presentacion/proyectos/proyecto/actividad/crearActividad.xhtml HTTP/1.1" 200 7311
190.27.151.122 - - [13/Oct/2022:09:11:06 -0500] "POST /sipse/faces/presentacion/proyectos/proyecto/actividad/crearActividad.xhtml HTTP/1.1" 200 7322
186.102.22.209 - - [13/Oct/2022:09:11:06 -0500] "GET /kwssiamovil/sm/acme/s?s=U2FsdGVkX1+DKNDHVwUyVh0X9xHQTFgT/rPY//mD0FEfnOvh9VeGNI8m2u30fGQVt49XbrkzHHdJnRojEssB4+7lHeM7O7Ok850btW/fmr1o9lW5pCy/Mc7NwRytqDcInBaILbQzduSYI96X+VJ+HXOUO1KUhyS206jRAyk3jnxSi+VxfVi0o84Ei+JLHSPle4tAGCvWpJzY1EKrBQEq0YgqUENMOebLZknAqXzRAHGxWMT/zIBeDrkYF5wsPQ1wyUp2zpFylmhhOX0je5hCTm4lRe/III9cvj9TjOvBvYlJMnEOJp0f8H8hqAXB8fxyUu3gH6r9/EeLU6gG/THtkKRfcnraPwz+Wqy7Rc4ZBiPrHBOTHjpat8fFMsasPJDy&u=U2FsdGVkX18jnGhKdWOCZrg7Iq+uv4XZVnewO+LnW3I=&y=U2FsdGVkX1/VPSOBOenMiCLQC2QNBl45EgjVQffK+GjD8qe2Azb4Znpada4yyjda HTTP/1.1" 200 91
186.102.22.209 - - [13/Oct/2022:09:11:07 -0500] "GET /kwssiamovil/sm/acme/s?s=U2FsdGVkX1/jyjibMeTV8ZgivRe2McruWMPIz9safIus3ESxz9RnpAd03PH9QeDIZ0Txm2ooxUukSaS6KoQzzPGb7W6dJUnyIHBIi4N96EG9wvxhUzyK/80vuX/d6w1LGuR8zzK0/oP9RMgCiJJJpGaWjnJILWoo+qZcvggl1e1b1Y91ZeWs169bvrCiC1c+9KdlmnHhdMoBzrKuhTLFg2NRdTYJk8f7HuyL690HhdPFgCKos7HhuZl1wJrynFDbYg+oGUfsJO0HqbDFGwjLtLJGMKJE/TIfERZLBzG7owB2nrOiTMJlMezACw0W3eaKL7YXjaos9zi2Sw1Ipsbxd4o8RXh+Yhj7ttw+Y9A8sgHR4ZpdqSreuhRAx8utD/nSMZWaJYsvNv6AAV6GbHoy7Vijul7CKpAaLyqan8arxr2EyaXGk9g1BAHrFcRFPlN5pE1YeoWjAWIbDK76FXng3Q==&u=U2FsdGVkX18jnGhKdWOCZrg7Iq+uv4XZVnewO+LnW3I=&y=U2FsdGVkX1/VPSOBOenMiCLQC2QNBl45EgjVQffK+GjD8qe2Azb4Znpada4yyjda HTTP/1.1" 200 91
186.102.22.209 - - [13/Oct/2022:09:11:07 -0500] "OPTIONS /kwssiamovil/sm/setfile/f? HTTP/1.1" 200 13
190.27.151.122 - - [13/Oct/2022:09:11:07 -0500] "POST /sipse/faces/presentacion/proyectos/proyecto/actividad/crearActividad.xhtml HTTP/1.1" 200 7334
181.50.138.22 - - [13/Oct/2022:09:11:08 -0500] "GET /kwssiamovil/sm/acme/a?s=U2FsdGVkX1+Glau/TmQiVvIjSREZd3UbRQz7iPnUviCbtnHyUg8JTAKSpVl4aRaLAWmsn9nrFgJHoeMbvG/0B9OYM5gFqp5wqxxYKdx3lBhsDkbTchkmqJq5kEeGJxNBdRMAuu2aGptAeNNriRK20zWJmmj3lSDBnc3y48w8KNt/Gmp1vqTETz5jHj0KItHQJugKJ19li8SFQhZsGwc/GsaVTIc9dPLeaoFHBnbZI2tgo2XbE2U5tBmNhZReF0SzFLWaowJHhC4H+7NbXkOimw==&u=U2FsdGVkX1/UeioabBU8H4eU4PyuqTH91WsewXzRVio=&y=U2FsdGVkX19xd8/1pHXcDh2wu/o7DA8vv7eWkRHC6pOnLZLmvvYG6+gZ1IniFPWZ HTTP/1.1" 200 26
190.27.151.122 - - [13/Oct/2022:09:11:08 -0500] "POST /sipse/faces/presentacion/proyectos/proyecto/actividad/crearActividad.xhtml HTTP/1.1" 200 36905
190.27.151.122 - - [13/Oct/2022:09:11:09 -0500] "GET /sipse/faces/javax.faces.resource/jquery/jquery.js?ln=primefaces&v=4.0 HTTP/1.1" 304 -
190.27.151.122 - - [13/Oct/2022:09:11:09 -0500] "GET /sipse/faces/javax.faces.resource/jquery/jquery-plugins.js?ln=primefaces&v=4.0 HTTP/1.1" 304 -
190.27.151.122 - - [13/Oct/2022:09:11:09 -0500] "GET /sipse/faces/javax.faces.resource/primefaces.js?ln=primefaces&v=4.0 HTTP/1.1" 304 -
190.27.151.122 - - [13/Oct/2022:09:11:10 -0500] "GET /sipse/faces/javax.faces.resource/layout/layout.js?ln=primefaces&v=4.0 HTTP/1.1" 304 -
181.50.138.22 - - [13/Oct/2022:09:11:10 -0500] "GET /kwssiamovil/sm/acme/a?s=U2FsdGVkX19aUINhktIakm1bKBMVOb2Dwc6USi59D4qRJ/i/SKRTud74DJuUu27mYzH78e6r3dr+b9VbzRQ5kmy8NakF8ufXVPxPywXeUn9dQ0siKq/Tqx0cZWjFr0RPEq8palvCptIQJNDvsNmI0bE0nOW0I0stO1dSmBVhtUrY70YPjXRoNkJ8KnHlhn5X8DXKdEKAyAeSjEjCwMxMS8D5651AMXP6MtEcTdQVzmzEYF+vnLgUjw0HIDyAD+gfbSXFaR4bIA0mJ5h4IxO+W4s1q1FyI9F41KMYwiYLXLDtt7y1BIl0CzPBzIOfHLrBNqmqGDi4iHIOoaEgX9qmVxGLoPIMHYn7i7xY+3BYQkIRXy7TX/A10dnIgXAl8ROwgcu/w8OoNTNCqcp3SEYZ0rhQ7rI9IQwTbz/p2hv61kR/Zrel8zBzeaivRz3abLVIzQQMiql8F24SlUfMSrlzO7P+TwIfEAIMIUnS9piBLPBq4uVuZthUoy5MP5dr95gGidUaDCHMMYuiyUmuANuS9MXOeL+hymgkn4bsOqTMGpfArHwuf6vu+Ms59io9b374u+bubqok50ZMN5xjuie3wbJZKFrE52UjV1gxgYIxZHLpHnsJ7B/zA1vU0nosxO8WarFWh1XoCNaDNWtgxI4VrMRdFTg5UazZuk0N6BYrZl3d9QAh00NgQdpPo5+Kv8zkE70xwy7fuYdLCDpdCRW2cq0cWyjbhbh2R8G1VngFl8LQjgFH6HTHFEskEH5Zgm90yNQ0374M1X7CUC81pCAkEIgIcV1kMWolfRm/wIOkgueJeQtG9lQHQiMitHCbdMZZdVEQwkP2Lq9H6yY7UI1uEbcAYU15gLtjHZK5k0kiYxxAE8VlN4TKNPGmdf197U9lBWT028QBpl3q9JfWmty+ZpUFEg2wVE+6oBXiIXGxZiL9qWvXWJvv082wbdUS5JQgkMuNsbn7BpfaPTzstiJyBkthSZHVxOiAS296wMeEB6Dy2KFeo9tvAM7CtWtBksWq+0yLYGA1TiHSteMgRc3HtkOha9nh37N0iqILotog8DlKUNYt+47eRhe0zoKF7He1aci8onk2vJRl5gNK9NVdMjlkjQiwelJM2OFHWJwY2HPe+k0USCwyeTKyf8z5jPhet6RChH2N6ptrYy6/8Zdhixf5GBBkk6TRRI4BwomhuJb2IjE5bgk/gWXeL0ftzTlLKAN3YmP2v2K6edS4AzVEfLg/vX/ocXvlIh1k15uqkF77QeZz4wwai/gSejZRdLsbW+SufE1oiSegkx0ooqJBhD0G4WG8U8ZGdix98seXwGVv+EgBBU+eBAZCc4HFmrS6ek9gS1X0ba4TqJJvST9Ta0c53tVcy2uCscg6SjfKNNckgkFvFzU/ZDlA34CxX3g08xqmgJA4NgCPoFxYSDE2+XY68WuMFzy52bYR6ksUWQD1oadVBgcl9yoygIeaUz1RjzdFXC1sGQIMW6S0rmCRUqLAvSHld8nec8MhY4ocjy60xRkVUb3/GJ0rXuROXXBALRTsjn/YB1JU2/N7QcZKFCasXxE1+XoM2a+dp+rq5l4uThh38T1Bk/krPuDP1FRcArkIuBxb86fkhS5B4073S8B/npOg3hlB8SEUOKo4qUE=&u=U2FsdGVkX1/UeioabBU8H4eU4PyuqTH91WsewXzRVio=&y=U2FsdGVkX19xd8/1pHXcDh2wu/o7DA8vv7eWkRHC6pOnLZLmvvYG6+gZ1IniFPWZ HTTP/1.1" 200 25
201.245.192.253 - - [13/Oct/2022:09:11:10 -0500] "POST /sipse/faces/presentacion/proyectos/proyecto/presupuesto/presupuestoEntreActividades/resumen.xhtml HTTP/1.1" 200 2955
181.50.138.22 - - [13/Oct/2022:09:11:10 -0500] "GET /kwssiamovil/sm/acme/a?s=U2FsdGVkX1+ftOi5TNl7lRYBA6tVy022VPMrFfDbAHhPP+AZhMg31tDS08V951mizO/vQjXHRWjy6cBROX0TSx1+awcmpWqoOXjo0WjzOgMllmbOygY03vlmJRTHY+mUa0epeYnAQOzCFrpaT1wCmUKYMRBMqkBcTjnkKAQmhp8=&u=U2FsdGVkX1/UeioabBU8H4eU4PyuqTH91WsewXzRVio=&y=U2FsdGVkX19xd8/1pHXcDh2wu/o7DA8vv7eWkRHC6pOnLZLmvvYG6+gZ1IniFPWZ HTTP/1.1" 200 26
181.50.138.22 - - [13/Oct/2022:09:11:11 -0500] "GET /kwssiamovil/sm/acme/a?s=U2FsdGVkX1+M45X88C8HQPzDHL0sOJMZOwsHW6ITylVSN2SQi0ru8c3PFXFJSJze6ujLWWOCs+Bq+SwgEjKAgNBp4NkhSs6hfH/Emeay00Vo2nMidQAw9kgLb3KbM0LbZVQ4YsDi6OMO61agpnZvAeyR/+5k8xML//JuFthNgT0=&u=U2FsdGVkX1/UeioabBU8H4eU4PyuqTH91WsewXzRVio=&y=U2FsdGVkX19xd8/1pHXcDh2wu/o7DA8vv7eWkRHC6pOnLZLmvvYG6+gZ1IniFPWZ HTTP/1.1" 200 25
181.50.138.22 - - [13/Oct/2022:09:11:11 -0500] "GET /kwssiamovil/sm/acme/a?s=U2FsdGVkX183XDkaYQwkANZ4C+mq+OrqCKB+OipnE2aOyj+qKCEPemZXDfFobKwO6JGH0KKRcW3MG90Ff4R/K+zEsNs61XJJjRfJELijoOqFMlG0cdtfKCdfVeeJ60mys1GY74i4awMap0dxeru5uLTS/bQvCAKcr0ab3Mb4muU=&u=U2FsdGVkX1/UeioabBU8H4eU4PyuqTH91WsewXzRVio=&y=U2FsdGVkX19xd8/1pHXcDh2wu/o7DA8vv7eWkRHC6pOnLZLmvvYG6+gZ1IniFPWZ HTTP/1.1" 200 25
181.50.138.22 - - [13/Oct/2022:09:11:11 -0500] "GET /kwssiamovil/sm/acme/a?s=U2FsdGVkX1+Mps1xKhEvhD79jX8AlcQIs3FW7h7NVfm6Pn67sy71PuZykBPGkfVOV7Apd42NlDTJcxw816IY7tYC+A7vbpgcmnuBR7nbWIEyMZlo+ELu2+vhSN+sWAk7T/kFgZXRNjB2U1ZRIcsnopC9Jj+sTgs4t6MM2FKawiPAPQA5mm4PVPOIyY4pCccY&u=U2FsdGVkX1/UeioabBU8H4eU4PyuqTH91WsewXzRVio=&y=U2FsdGVkX19xd8/1pHXcDh2wu/o7DA8vv7eWkRHC6pOnLZLmvvYG6+gZ1IniFPWZ HTTP/1.1" 200 25
190.27.151.122 - - [13/Oct/2022:09:11:15 -0500] "POST /sipse/faces/presentacion/proyectos/proyecto/actividad/ponderacionVertical.xhtml HTTP/1.1" 200 17959
186.102.22.209 - - [13/Oct/2022:09:11:07 -0500] "POST /kwssiamovil/sm/setfile/f? HTTP/1.1" 200 381
186.102.22.209 - - [13/Oct/2022:09:11:17 -0500] "OPTIONS /kwssiamovil/sm/setfile/f? HTTP/1.1" 200 13
190.27.151.122 - - [13/Oct/2022:09:11:17 -0500] "POST /sipse/faces/presentacion/proyectos/proyecto/actividad/ponderacionVertical.xhtml HTTP/1.1" 200 17959
186.102.22.209 - - [13/Oct/2022:09:11:17 -0500] "POST /kwssiamovil/sm/setfile/f? HTTP/1.1" 200 381
186.102.22.209 - - [13/Oct/2022:09:11:20 -0500] "OPTIONS /kwssiamovil/sm/setfile/f? HTTP/1.1" 200 13
190.27.151.122 - - [13/Oct/2022:09:11:21 -0500] "POST /sipse/faces/presentacion/proyectos/proyecto/actividad/ponderacionVertical.xhtml HTTP/1.1" 200 17965
186.102.22.209 - - [13/Oct/2022:09:11:20 -0500] "POST /kwssiamovil/sm/setfile/f? HTTP/1.1" 200 381
190.27.151.122 - - [13/Oct/2022:09:11:23 -0500] "POST /sipse/faces/presentacion/proyectos/proyecto/actividad/ponderacionVertical.xhtml HTTP/1.1" 200 178980
190.27.151.122 - - [13/Oct/2022:09:11:23 -0500] "GET /sipse/faces/javax.faces.resource/layout/layout.css?ln=primefaces&v=4.0 HTTP/1.1" 304 -
190.27.151.122 - - [13/Oct/2022:09:11:23 -0500] "GET /sipse/faces/javax.faces.resource/theme.css?ln=primefaces-sipse HTTP/1.1" 304 -
190.27.151.122 - - [13/Oct/2022:09:11:23 -0500] "GET /sipse/faces/javax.faces.resource/jquery/jquery.js?ln=primefaces&v=4.0 HTTP/1.1" 304 -
190.27.151.122 - - [13/Oct/2022:09:11:23 -0500] "GET /sipse/faces/javax.faces.resource/primefaces.js?ln=primefaces&v=4.0 HTTP/1.1" 304 -
190.27.151.122 - - [13/Oct/2022:09:11:23 -0500] "GET /sipse/faces/javax.faces.resource/jquery/jquery-plugins.js?ln=primefaces&v=4.0 HTTP/1.1" 304 -
190.27.151.122 - - [13/Oct/2022:09:11:23 -0500] "GET /sipse/faces/javax.faces.resource/primefaces.css?ln=primefaces&v=4.0 HTTP/1.1" 304 -
190.27.151.122 - - [13/Oct/2022:09:11:23 -0500] "GET /sipse/faces/javax.faces.resource/layout/layout.js?ln=primefaces&v=4.0 HTTP/1.1" 304 -
190.27.151.122 - - [13/Oct/2022:09:11:24 -0500] "GET /sipse/faces/javax.faces.resource/spacer/dot_clear.gif?ln=primefaces&v=4.0 HTTP/1.1" 304 -
190.27.151.122 - - [13/Oct/2022:09:11:24 -0500] "GET /sipse/faces/javax.faces.resource/images/ui-icons_898989_256x240.png?ln=primefaces-aristo HTTP/1.1" 304 -
190.27.151.122 - - [13/Oct/2022:09:11:24 -0500] "GET /sipse/faces/javax.faces.resource/messages/messages.png?ln=primefaces&v=4.0 HTTP/1.1" 304 -
186.102.22.209 - - [13/Oct/2022:09:11:24 -0500] "OPTIONS /kwssiamovil/sm/setfile/f? HTTP/1.1" 200 13
186.102.22.209 - - [13/Oct/2022:09:11:24 -0500] "POST /kwssiamovil/sm/setfile/f? HTTP/1.1" 200 381
186.102.22.209 - - [13/Oct/2022:09:11:27 -0500] "OPTIONS /kwssiamovil/sm/setfile/f? HTTP/1.1" 200 13
186.102.22.209 - - [13/Oct/2022:09:11:27 -0500] "POST /kwssiamovil/sm/setfile/f? HTTP/1.1" 200 381
186.102.22.209 - - [13/Oct/2022:09:11:28 -0500] "GET /kwssiamovil/sm/acme/s?s=U2FsdGVkX1/N4jaTBWhEVztmvBfSxFsnM5rsbAEFon+RH3t6jCyXEd2hBs6nT5DUzccGGodVbmhvNCS+kAGWM2oUGSR7WsqfM1gPKUQR+Ullcjqulwn+GMAUE85lCk2SOFw6Iq/qeQ8LdmiFBOYM4nKzaCdCAzCupoHbb+lYCp1wKlt9s7nj2kfcdt+jkZ4v8HZIJSjXrdNlWWzAXFTBtnC2jGZ6deMfG2mBaNhcdbRIF1ZXB+qkUc1mhSEv6gbjMCL2IujN2GJnFv0zfnXW/8FdyQzc19OZc5DPvh36i0L/8KqTojjBNjhWTskA5klqBDpWeNqYNVlzzC4iFDe3ZeQl5N6hw9ZdbT7dW5aSC/hWqFcAo7Csa2OpNyAno8UB&u=U2FsdGVkX18jnGhKdWOCZrg7Iq+uv4XZVnewO+LnW3I=&y=U2FsdGVkX1/VPSOBOenMiCLQC2QNBl45EgjVQffK+GjD8qe2Azb4Znpada4yyjda HTTP/1.1" 200 91
186.102.22.209 - - [13/Oct/2022:09:11:28 -0500] "GET /kwssiamovil/sm/acme/s?s=U2FsdGVkX1/eT4MB5x5p8wliRx435w+4sMGCjP5bbK/KytM4KljPElTxoPrP9MZ9a76XU4jE8eBSamGs9uLXnFrdvuBGrE6MIms7AeA0+W2bMS70xBzmXNpzFC7T9fGirLDHYihfMgYozferrYr4xskpJBVjj5ndS1Ar6HubTYGrHlCGZijDnRsYapL40sZHKbSEZuVeV7wESHk5IDvpgvugJSfQvn77mHx6WMb6eWaNYrgUGY+h4O4o6yBngYa+Sx7Np4Kt0rdEJmCU/AotOQYZNOG/BYWOcUYWGnKCcTtiXzKRfvz+pcQevRtHFyS4SwqQizizA8wPimVJpqih4LpGWvoThFzL4OOrv/UhjA0Nel1k0sGQmF4774tinvWxeH9QOT2hsFlYkV65h43d4VcISZq6QxAaW/spGs7W8e4b42sJoMpq2NmrOj46d7GBG2eug2hAcKDJdlMuhdu63A==&u=U2FsdGVkX18jnGhKdWOCZrg7Iq+uv4XZVnewO+LnW3I=&y=U2FsdGVkX1/VPSOBOenMiCLQC2QNBl45EgjVQffK+GjD8qe2Azb4Znpada4yyjda HTTP/1.1" 200 91
201.245.192.253 - - [13/Oct/2022:09:11:33 -0500] "POST /sipse/faces/presentacion/proyectos/proyecto/presupuesto/presupuestoEntreActividades/resumen.xhtml HTTP/1.1" 200 2951
190.27.151.122 - - [13/Oct/2022:09:11:38 -0500] "GET /sipse/faces/javax.faces.resource/images/ui-bg_flat_0_2d5972_40x100.png?ln=primefaces-aristo HTTP/1.1" 304 -
190.27.151.122 - - [13/Oct/2022:09:11:38 -0500] "POST /sipse/faces/presentacion/proyectos/proyecto/actividad/crearActividad.xhtml HTTP/1.1" 200 144036
190.27.151.122 - - [13/Oct/2022:09:11:40 -0500] "GET /sipse/faces/javax.faces.resource/jquery/jquery.js?ln=primefaces&v=4.0 HTTP/1.1" 304 -
190.27.151.122 - - [13/Oct/2022:09:11:40 -0500] "GET /sipse/faces/javax.faces.resource/jquery/jquery-plugins.js?ln=primefaces&v=4.0 HTTP/1.1" 304 -
190.27.151.122 - - [13/Oct/2022:09:11:40 -0500] "GET /sipse/faces/javax.faces.resource/primefaces.js?ln=primefaces&v=4.0 HTTP/1.1" 304 -
186.102.22.209 - - [13/Oct/2022:09:11:41 -0500] "GET /kwssiamovil/sm/acme/a?s=U2FsdGVkX18664ngnhOJtxA/6xpmgy12ZdT28MdIhgROB2MunKc+eGxl7LKA+NOhH8pdt2T3njmToOO/SqjmDJ7Pk4AEh+iicbqx9oBn0Wx8PuoomTSJN3i2urGKaO5j1Nu99MWyL66I/rXFUHujwxG6v1dfctPljgIzMPcrdWc5XovIYQvLvxA/e3Z++cdnlRGbMiXCZN9sFHTbM6dCkSMlPr9qUEG+0pmEQG/cA4BrquFebxiWDX9XGQqHkiVlA8HyW8J9UTdHQ4gki4dphA==&u=U2FsdGVkX18jnGhKdWOCZrg7Iq+uv4XZVnewO+LnW3I=&y=U2FsdGVkX1/VPSOBOenMiCLQC2QNBl45EgjVQffK+GjD8qe2Azb4Znpada4yyjda HTTP/1.1" 200 26
190.27.151.122 - - [13/Oct/2022:09:11:41 -0500] "GET /sipse/faces/javax.faces.resource/layout/layout.js?ln=primefaces&v=4.0 HTTP/1.1" 304 -
186.102.22.209 - - [13/Oct/2022:09:11:41 -0500] "GET /kwssiamovil/sm/acme/u?s=U2FsdGVkX18duAa/TtpUzVOY8pRstjlJCndh4BWx2mkHjsdAIk8MroS30+UC9WWrEDAZLM4ENtWoYjl2LhcCddpgjZuhQfBgCPvxaoiKkWCFx+fq9zBnB78NmNKhO/8oiZkmHzKe02BArK1nzPzFiA==&u=U2FsdGVkX18jnGhKdWOCZrg7Iq+uv4XZVnewO+LnW3I=&y=U2FsdGVkX1/VPSOBOenMiCLQC2QNBl45EgjVQffK+GjD8qe2Azb4Znpada4yyjda HTTP/1.1" 200 60
186.102.22.209 - - [13/Oct/2022:09:11:41 -0500] "GET /kwssiamovil/sm/acme/a?s=U2FsdGVkX1+pKSZHDAIw/OJjfYt3ZbioNSPCUl6d9HkCmHWylEm3PQQBAOoSYMpbt/Ozj6C1WXDHBbON3WHTCn5dujdHRa7r0kiyCqVs9v3U9hKsTMUqcIaSjEvMZz01DSiJ9sDr90KW6iJzp1OnH9j9jKrYdIfYYQCezmic/1go49eoi2c2HEwH82y1ETsdz1GwPQf+5EtHKaIHASfyx6mXAVZJv8oQRw+YaATHLzbkb3RiSWZlkMNW33g3OMMb&u=U2FsdGVkX18jnGhKdWOCZrg7Iq+uv4XZVnewO+LnW3I=&y=U2FsdGVkX1/VPSOBOenMiCLQC2QNBl45EgjVQffK+GjD8qe2Azb4Znpada4yyjda HTTP/1.1" 200 25
186.102.22.209 - - [13/Oct/2022:09:11:41 -0500] "GET /kwssiamovil/sm/acme/a?s=U2FsdGVkX18ViVk6AePMS27xS/Ay7cl9Ojl03Goo+tnr24mvBvdLrRPBcsM7f42MQexvqj0XeB74YDvcWBEPj/Rk4W2/OadU2U2mHpXS8trEsSZhaYuAOwD+iHEl8HGMV146ypaNBD+/phwLLzIFurs/3aWrZWqgSR+TiK2OfdyGTIW5cmntkJp2rYXUb4ZP09tUeFHgsRgBEy5ZV1Ps/GW0sOT47xvopwyuqANSoah3xcts6aSnIdmncTEQwOHS&u=U2FsdGVkX18jnGhKdWOCZrg7Iq+uv4XZVnewO+LnW3I=&y=U2FsdGVkX1/VPSOBOenMiCLQC2QNBl45EgjVQffK+GjD8qe2Azb4Znpada4yyjda HTTP/1.1" 200 25
186.102.22.209 - - [13/Oct/2022:09:11:42 -0500] "GET /kwssiamovil/sm/acme/a?s=U2FsdGVkX18Kdj0Hbu2jmOFlaCm0+PpF84qCzyyjr9TC9sPF8mx9NNZbaH+NQEVuVTL/Bv0yy4QgeQ+SDv3vX7A1B+v1h/TNspNm3B+kRLonKsef+EDKXi9yv4N9nlBeSs3VStitbCdKq0euopUTi71p8CqbT4WVhubhEtyRSzzOCvpuOyebv7VvS5z8DPfqN5y7iN+86lI4gKtNLdbzeQtQ4OwkiBFYaZ8JNb9iQs8=&u=U2FsdGVkX18jnGhKdWOCZrg7Iq+uv4XZVnewO+LnW3I=&y=U2FsdGVkX1/VPSOBOenMiCLQC2QNBl45EgjVQffK+GjD8qe2Azb4Znpada4yyjda HTTP/1.1" 200 25
186.102.22.209 - - [13/Oct/2022:09:11:42 -0500] "GET /kwssiamovil/sm/acme/u?s=U2FsdGVkX1/HlVFYj9laFf50RD05mWlm7TTeB1EPSNdqTCCMWYmtyHRjUT8M6/hNx2o9h+s6JI69PZ9hUpeU1Cr9PhzIARl447hNytYUVu8Ub+hJbVi01WOIfIMSX8xiVwhBLu20gO5sPsNGL0ihQMSC1z91VrUOzfeDbdp8KIW5wRYp7IEqm0bqD9k3jetJb7yTKxWF4mdu+lunTfbjmGnXlRxQ+ZsTbhQBr7aAYR3vYt70V004vWosD5xUmBSsTeADoXfK1q26u3A2nyhlzfTKTbgoHVZhsHhNh+DrpKVGtCI5ob351XFxPXepbU7IcBipZRMZUzqOY119js149LUbZBU27FsDrohPGii6LNSTvnPX7+gDqmxd89zN8Mf6eotWuCd/6ng/uNPvvRXBbWISt8cQxvWpjNl/+jRm6NeHbm3VF8t6cwE8WYyHID1d0OjgxJkNECtc0YoHdN909oRLtWWvEg2lU7KlO3D05MSNi1QE5ZE6PQ0T6SAMVtmVW4hK0W4qJMU2sMnVZhxmx1Vjx11JiutTxH5OofK1BnTipOGFxx2YKX+kt+6limSgsy6Nq0GIn7LZ0U3Ia+zkd0CqNxPt0LIKltaIwHKfs+wa5/uvOWVRCHcqgoAHu/EoKy7M2JfGeKN8DvW4C+V0ShDEDTT+y0anvxEdnWeMIxVIL7USxZWNNSYvFiqE21DvP+3PIWfo8awr7DtWlLH3jv28kzkRkdu9+iK13F7aEjF78i6wpVCPjPD9etHjoC6Zxczm53BdQthJATNEHqPmPKsYJWmLfXAFgpzFEpo9ykLCLNYx0jgOclmVHc8fk6yXjmKXy06UiUwzrK/TDep540UU/azWs789UjoYd1qkPiS7HcYgMVpBq6aNyJ9bUYWHCfComC7gYGaYK6mLGkWvBwQkDlJEddlcAFLLU6ubMF38r7hrK10Q1fXyZRm9ywAApb9gJKKOhX/Q/siZVC/I5mKbliWtsLcokybxW9XXphPdV2DI+CrwLQW+xHMm0OIsuTgFP0VKweKq62hPkT4WuXKEdMyc6EF3d2wZXGMBJKdNJFHT6H5Pkng3FhytKCWaGD65bDSRXqlf5Eep6hZt1kQx9H8Z0vMlwCcsg0rPsN0RIZtnRND9fTxJVMXafOEne6sDdUIp95JjfXiLJNBmkP1J52230xfVr9UnUwZFw+yzHLMZ40fv+/ZwMOm4Yw2b71cMg6Uf+MU5oebJ5o4d8zYxs9Lnn2s1bDPh/GS9PlhizNDhL96QEoI1Rlu95xt793iocfwtx7IqxzPzpt5yYomN71tw+xsNQimt27oKg8XnQ15IP9tdZEXO9aVTdKeV6TVKOIFUsZUWHoJjTYI9gJH/mXUFwo4R1W+5zZQ2tneYt2izzgmKXYU8Ngzu4nKRkWKuvXpKzdQ08LLhesltKTl/IxbA6gIDXDQ3ZUmphvmEMHiFWpGSiiIv36S7UgwWBIRo7ZqO2V8uZUXAGES930AF5IjEbqbDjk7vF8+vxx8=&u=U2FsdGVkX18jnGhKdWOCZrg7Iq+uv4XZVnewO+LnW3I=&y=U2FsdGVkX1/VPSOBOenMiCLQC2QNBl45EgjVQffK+GjD8qe2Azb4Znpada4yyjda HTTP/1.1" 200 60
186.102.22.209 - - [13/Oct/2022:09:11:42 -0500] "GET /kwssiamovil/sm/acme/a?s=U2FsdGVkX1/rnvad/cGb+9c8KR1kHcYIPmZqa+4LNhGDR5lR8byPNSpjNWD85uxAv9ZYcqoVUg3vLLlIzXf7jFtzSk4cy6+QzuPmsVE9hhhUvy7oO7LfFoBo3TpETyjNJroQT32qVe5CHcuafWJdinGWuHr4R7vMx0Kp818+L0eXDv1VMKj4eMR1VgjQFmowUErwwiy8Bss55BTmCY1qdUC/lm2VmXYEVLS1KaDYo5oOhUgc2ykQ6MwAqvQT8FHm&u=U2FsdGVkX18jnGhKdWOCZrg7Iq+uv4XZVnewO+LnW3I=&y=U2FsdGVkX1/VPSOBOenMiCLQC2QNBl45EgjVQffK+GjD8qe2Azb4Znpada4yyjda HTTP/1.1" 200 25
186.102.22.209 - - [13/Oct/2022:09:11:42 -0500] "GET /kwssiamovil/sm/acme/a?s=U2FsdGVkX18lLu5C+P5g4HiKNgPmyGPGInvCZDLrz6F0T4DORwynAS5VWjCrkCWmTMTS642VbTUCJeei0gt89TVk2xrEGRNwBumsF9O6VLLVsApyD5lTMedx7tnxyiGXqZmDEjU5IRJIkvPNn+Ddns2e5IcS6bdZdoYIZzIPeIo1Oya65+C662caR9ZFurRV9D/HeYZwrlq4FHhC5l69NA==&u=U2FsdGVkX18jnGhKdWOCZrg7Iq+uv4XZVnewO+LnW3I=&y=U2FsdGVkX1/VPSOBOenMiCLQC2QNBl45EgjVQffK+GjD8qe2Azb4Znpada4yyjda HTTP/1.1" 200 25
186.102.22.209 - - [13/Oct/2022:09:11:42 -0500] "GET /kwssiamovil/sm/acme/a?s=U2FsdGVkX19vuVJqsBNFVokb5alAWRQs93wEqW7sQRb1Zq+9UKYk6ZGeWngdBLaqZf1PbPyUKlwnwZCwULDEExgz0Il0RdkyQBvgxLtErbaVNRtrXAVBIUn9VTlxCUqcxjl0gyk7nb4P7uxATENqjnqnEFkPTYsJcOb6VkWAaL8=&u=U2FsdGVkX18jnGhKdWOCZrg7Iq+uv4XZVnewO+LnW3I=&y=U2FsdGVkX1/VPSOBOenMiCLQC2QNBl45EgjVQffK+GjD8qe2Azb4Znpada4yyjda HTTP/1.1" 200 26
186.102.22.209 - - [13/Oct/2022:09:11:43 -0500] "GET /kwssiamovil/sm/acme/a?s=U2FsdGVkX1/GmWfBo1PEz5C+InawQhkJTwwxdHjC1zqECOzyp3n85vQiK65l4msKN7pSbIsiWYZxsRSOS6+rBMDrOPwm4ptUd+6qQK+Gx3L6apg5wKOkxW4EJf04u1/MTs51YwW5nPv5wN70ODxop46XTTF+tMUWGgPhT/iC/QyhGp9J4+hIRatfZN/mx5H4F3mQ9hxPbaWGCclD+44SLpRfEUtGKhZGJtbtJejpDgw=&u=U2FsdGVkX18jnGhKdWOCZrg7Iq+uv4XZVnewO+LnW3I=&y=U2FsdGVkX1/VPSOBOenMiCLQC2QNBl45EgjVQffK+GjD8qe2Azb4Znpada4yyjda HTTP/1.1" 200 25
186.102.22.209 - - [13/Oct/2022:09:11:43 -0500] "GET /kwssiamovil/sm/acme/a?s=U2FsdGVkX1+ytkiJsfx6JsL12FxrspXGh6/m1cS7Q3RlalMBzRxTanlXLZfoHj6ZQOgmDZFpHmJB9RNVm2dsWdIwZ1Po0KNqaAkgY3ToX95O91MP6UneS3XAs4RBB6l1LX49JxbgNkXDAmH6/9ZnX1eLsb+6lUIFz2A8ssRLb/lEqPFwd7/oMCAq/BClrl3K&u=U2FsdGVkX18jnGhKdWOCZrg7Iq+uv4XZVnewO+LnW3I=&y=U2FsdGVkX1/VPSOBOenMiCLQC2QNBl45EgjVQffK+GjD8qe2Azb4Znpada4yyjda HTTP/1.1" 200 23
186.102.22.209 - - [13/Oct/2022:09:11:43 -0500] "GET /kwssiamovil/sm/acme/a?s=U2FsdGVkX198ujbiuDHjLaZKYXYRHKRQmCpSeH4QV4Ng0Obo991JplgsRhOWE/ijqR/6AutrvLsRGvOXWHvtuQgyFhYR31QhrQkk3j8suBAR/6870DZSTpuUmuiFkERsVhMFuDmLVDSJ75gLy3c31bFGBVWZKQuz7LXaYKDkbNhHqdpAdcQlUDgLvxDTXL+tBG1VKXS/He9a2doDJPDkFkFEJlfXKd/W9wB2knpl43fkK02wnkVObu60n70un9kjKDvchsIrUI+ElTtMe0heQym4JJwpp0kFxTIHtKH78kMbHE5TFU0OgCTzNNPKo602+D8HTol6qsYzCQbYGcvp8zQ/iMA0paSD4QKJo3jECoB5RNu1OsWsb6ItuRbEfYT/wKT3rfgOdA7wSm5VD9lmsw==&u=U2FsdGVkX18jnGhKdWOCZrg7Iq+uv4XZVnewO+LnW3I=&y=U2FsdGVkX1/VPSOBOenMiCLQC2QNBl45EgjVQffK+GjD8qe2Azb4Znpada4yyjda HTTP/1.1" 200 23
186.102.22.209 - - [13/Oct/2022:09:11:43 -0500] "GET /kwssiamovil/sm/acme/a?s=U2FsdGVkX1/WmzXsixFREQRJVsUMzc8eANX5h6H6GAGas20YARJkl7/jNZP0awwCfnZAnfd1GaB+JyOhibEYBtwf4F0LrTg1BW6n4Km90VJHpw4kdi+4+MGSXHkKVE6w9JLjOvmzol4VtjUDZK3bKkhrgcO/P+NuDEpXz58q0EPtF6LbM4dZ7rsOA7yoeV7qIEwWhsvtEwpWQGq2dMGpa70Uw/+nT8O4GzrOGVn5Fi8=&u=U2FsdGVkX18jnGhKdWOCZrg7Iq+uv4XZVnewO+LnW3I=&y=U2FsdGVkX1/VPSOBOenMiCLQC2QNBl45EgjVQffK+GjD8qe2Azb4Znpada4yyjda HTTP/1.1" 200 25
186.102.22.209 - - [13/Oct/2022:09:11:43 -0500] "GET /kwssiamovil/sm/acme/a?s=U2FsdGVkX18bMTXnnKEvVeGc/wRYj8a1XDLk3mGC4zhTqgcurfuwRetANSU9rWtBd7ISwFl86hKnCLmpDyvU69JFS0DpdkfsmAnYOvJcyLoJdprp/YsbjWGeDeIS/g76PA1ksZu5UajXfGDc56kujkF4OruIjQZbGkxaS+y6zs5BYMlHZcvjw8Dz2q24D3EiwJW1Cvcr0iH65scTtNaf9QugLqVvOrEYXD59o4FR/4KZVpEMa/TeT75DLVxncyT3Qis859/RbMvhZiZNYrYqUv+eH/n7gD43LraODI0CPwf9HM4JwYjblgBfbVXe6ZbRdvg6mgEdohAUCuA8zSgkpgNFJwaxHNLZG0+9E2r6WTA=&u=U2FsdGVkX18jnGhKdWOCZrg7Iq+uv4XZVnewO+LnW3I=&y=U2FsdGVkX1/VPSOBOenMiCLQC2QNBl45EgjVQffK+GjD8qe2Azb4Znpada4yyjda HTTP/1.1" 200 25
186.102.22.209 - - [13/Oct/2022:09:11:44 -0500] "GET /kwssiamovil/sm/acme/a?s=U2FsdGVkX19kILyYrreJkLdL6ZH9dhzrx80QHKaNlKKjCaVo80B9k5oMrANXyHWUwGbdY/3DBtqx9JrebGFerqWHNPVId+Thd03OWmcwdLoMjukoRlWY4vsbFgQxCM/IyHUFwjwCbQP/NITiBmcz8uJC7AMsC0+q8j3+PpiuLCNJ2CJF6VrmO2bp0PIzcu0mDHbPk22tgF3pkfvr1B6jpcQFnuQbqOFsgE4L7CiPyzQ=&u=U2FsdGVkX18jnGhKdWOCZrg7Iq+uv4XZVnewO+LnW3I=&y=U2FsdGVkX1/VPSOBOenMiCLQC2QNBl45EgjVQffK+GjD8qe2Azb4Znpada4yyjda HTTP/1.1" 200 25
186.102.22.209 - - [13/Oct/2022:09:11:44 -0500] "GET /kwssiamovil/sm/acme/a?s=U2FsdGVkX19dqcOQclIHb7rgnZu/tFcbcSUDmmd65G0RrJo9xlbw9mN2562fLkIiri+hSRs1HOyAxHbFAdP5WYKuPouBCCaJHSj75vZtmM4ZpRcGgFL6hkvUGXvT/THRF4QCxqeBqiOGlNrEbQ5hVqnh4583JaBdR1/Tv++7SqCk9KGWb72NqsYnR2J0y1K0r67xwRKOJE61S395Jc5uGA==&u=U2FsdGVkX18jnGhKdWOCZrg7Iq+uv4XZVnewO+LnW3I=&y=U2FsdGVkX1/VPSOBOenMiCLQC2QNBl45EgjVQffK+GjD8qe2Azb4Znpada4yyjda HTTP/1.1" 200 25
186.102.22.209 - - [13/Oct/2022:09:11:44 -0500] "GET /kwssiamovil/sm/acme/a?s=U2FsdGVkX18IbhQlNvzDPu82bQYRDmE/3oyCTIFoWqcMZBd5rjsxdccyEtpqeTPjWehJwrznD2mQfn326gx82iH9gQsuPa0mexRimOYKkt/kpoe986Q2lkp4fsQKTtGg8pCXm1cCXq9gieUKW4m/o41qYout0kXAPE9eGcs3701pjVsowXtJqyB3botqeCGtekaGP1cIV41tivE3HbS6tbWAu6o3HSWsyu/eXFPoYh0=&u=U2FsdGVkX18jnGhKdWOCZrg7Iq+uv4XZVnewO+LnW3I=&y=U2FsdGVkX1/VPSOBOenMiCLQC2QNBl45EgjVQffK+GjD8qe2Azb4Znpada4yyjda HTTP/1.1" 200 25
186.102.22.209 - - [13/Oct/2022:09:11:44 -0500] "GET /kwssiamovil/sm/acme/a?s=U2FsdGVkX18PBZahC3mfJknsuEsn2GnsnLOok61xmZoEwSLzvNJNAMkUWVObizhlXh51ilJAYsfVcmVywfj3VeeIWtEfWHJ359X3tflOcFdvkj2hL2R/RAYS4hOs3xB9dMZg6zaymsO8XuoWtfDxU0mC+AOokgqm2QtbG6cahV293MilIShpL9Dg9hRbg58A7jA4D9kUTw9p7646lLTp/syjq2OfZrLRoO0ATraZurI=&u=U2FsdGVkX18jnGhKdWOCZrg7Iq+uv4XZVnewO+LnW3I=&y=U2FsdGVkX1/VPSOBOenMiCLQC2QNBl45EgjVQffK+GjD8qe2Azb4Znpada4yyjda HTTP/1.1" 200 25
201.245.192.253 - - [13/Oct/2022:09:11:45 -0500] "POST /sipse/faces/presentacion/proyectos/proyecto/presupuesto/presupuestoEntreActividades/resumen.xhtml HTTP/1.1" 200 2955
190.27.151.122 - - [13/Oct/2022:09:11:45 -0500] "POST /sipse/faces/presentacion/proyectos/proyecto/meta/meta.xhtml HTTP/1.1" 200 9281
201.245.192.253 - - [13/Oct/2022:09:11:56 -0500] "POST /sipse/faces/presentacion/proyectos/proyecto/presupuesto/presupuestoEntreActividades/resumen.xhtml HTTP/1.1" 200 2951
190.27.151.122 - - [13/Oct/2022:09:12:12 -0500] "POST /sipse/faces/presentacion/proyectos/proyecto/meta/meta.xhtml HTTP/1.1" 200 73928
190.27.151.122 - - [13/Oct/2022:09:12:12 -0500] "GET /sipse/faces/javax.faces.resource/theme.css?ln=primefaces-sipse HTTP/1.1" 304 -
190.27.151.122 - - [13/Oct/2022:09:12:12 -0500] "GET /sipse/faces/javax.faces.resource/primefaces.css?ln=primefaces&v=4.0 HTTP/1.1" 304 -
190.27.151.122 - - [13/Oct/2022:09:12:12 -0500] "GET /sipse/faces/javax.faces.resource/layout/layout.css?ln=primefaces&v=4.0 HTTP/1.1" 304 -
190.27.151.122 - - [13/Oct/2022:09:12:12 -0500] "GET /sipse/faces/javax.faces.resource/jquery/jquery.js?ln=primefaces&v=4.0 HTTP/1.1" 304 -
190.27.151.122 - - [13/Oct/2022:09:12:12 -0500] "GET /sipse/faces/javax.faces.resource/jquery/jquery-plugins.js?ln=primefaces&v=4.0 HTTP/1.1" 304 -
190.27.151.122 - - [13/Oct/2022:09:12:12 -0500] "GET /sipse/faces/javax.faces.resource/primefaces.js?ln=primefaces&v=4.0 HTTP/1.1" 304 -
190.27.151.122 - - [13/Oct/2022:09:12:12 -0500] "GET /sipse/faces/javax.faces.resource/layout/layout.js?ln=primefaces&v=4.0 HTTP/1.1" 304 -
190.27.151.122 - - [13/Oct/2022:09:12:13 -0500] "GET /sipse/faces/javax.faces.resource/spacer/dot_clear.gif?ln=primefaces&v=4.0 HTTP/1.1" 304 -
190.27.151.122 - - [13/Oct/2022:09:12:13 -0500] "GET /sipse/faces/javax.faces.resource/images/ui-icons_898989_256x240.png?ln=primefaces-aristo HTTP/1.1" 304 -
190.27.151.122 - - [13/Oct/2022:09:12:13 -0500] "GET /sipse/faces/javax.faces.resource/images/ui-bg_flat_0_2d5972_40x100.png?ln=primefaces-aristo HTTP/1.1" 304 -
190.27.151.122 - - [13/Oct/2022:09:12:13 -0500] "POST /sipse/faces/presentacion/proyectos/proyecto/proyecto.xhtml HTTP/1.1" 200 3441
216.245.221.92 - - [13/Oct/2022:09:12:25 -0500] "HEAD / HTTP/1.1" 200 -
181.50.138.22 - - [13/Oct/2022:09:12:32 -0500] "GET /kwssiamovil/sm/acme/u?s=U2FsdGVkX1+vdu4rS9OE+v4RK47P2OMhAkjoHABp1RWrMdP9C34o7LJFFSB8S8FKONp2k/xX8eewlcr3L0tJRoA+r9M9AAkD63fN70yUaDPWf+s+pPlsGdzRiFb4Ttw0eRbg6H96Pe1mZcVMBspauQ==&u=U2FsdGVkX1/UeioabBU8H4eU4PyuqTH91WsewXzRVio=&y=U2FsdGVkX19xd8/1pHXcDh2wu/o7DA8vv7eWkRHC6pOnLZLmvvYG6+gZ1IniFPWZ HTTP/1.1" 200 60
186.102.22.209 - - [13/Oct/2022:09:12:48 -0500] "GET /kwssiamovil/sm/ldap/au?x=U2FsdGVkX1/O6kcatNzupxHn7f6HJkvnrwm1LeFx835LK4SdhFFJyMZnXXkv2ZVr&y=U2FsdGVkX19Y1bzlsqblzduQGwMsnn8leo2uAaPfKCCnBuGxMuYquyITTlzKhAVM HTTP/1.1" 200 30
186.102.22.209 - - [13/Oct/2022:09:12:48 -0500] "GET /kwssiamovil/sm/acme/s?s=U2FsdGVkX1/LogXG3P+HlmPzjtRRZVX47qZF8GXWuzhY1QrYXJtXRGA7gA2ywFRkRk/qina8HDFeZbZPRv04tUXJNwOwjGpC3VvPPb/aHdc=&u=U2FsdGVkX18Za69plJ/1P4aitbTy80Y8AFzWW7YQ6vo=&y=U2FsdGVkX19Y1bzlsqblzduQGwMsnn8leo2uAaPfKCCnBuGxMuYquyITTlzKhAVM HTTP/1.1" 200 97
186.102.22.209 - - [13/Oct/2022:09:12:48 -0500] "GET /kwssiamovil/sm/acme/s?s=U2FsdGVkX18w6PpGTAS1yH3BS1+8wlwvxRaMHFOxM1iXaFFZ5lBZFofo0yFcJ4X8toO6qKk3mtY9SqRW678aSb5im5IKlZcC3K3pJxn9KVq9KSNOOKkU3B46Fxm8I3kpST12cIV90GraMnR6W2IuGsPk32n22Chb6PH2dILfNoihPxOCkBO6lxsQibaia9X7z5fqoWbYn5oJVt/SY/7qbZuGAwtkXoQz4YahVyigYwbJkiPFWdp+lTOZzHvTvmEAtIxloONNfDX4+Dh7tbI6UlDJUHHcTMZGYGDqZ8Wus82pznqptpWcduDcU1Ox7yCSihFagnYyGU7DTP1MZ84vH3wPqc/Ov0DXCqd8Lxh4dKltzFQvLPnehBCgSPUJyx09nNQa53xaQ0qYFJVvA2f2qfpdm4UeYZlNN+HUzU8goyNlMx9SSdTTqA7Rtmmkpbt7qbJTLVdC+Ej2NkUAmmtCnmHkRDA6jVLjcCKnsovc0gFfPQw1RELTchY6m7SygFgxHHw3Ksr6NC+Gd76oeTDhg10pjddloA7zyLcvO9ZkvjVKw8Ru9wGhCr7akjDcY2J64/nKaoVafAE5KCEdeTG6lryxM1nbLe00dXObYnEvh3NbQSUN0T2YsUYV8JAjq6cVldlb/QD9zG3Qv3MKNHE3F8i6KEnJ8i0PtTCo3NXuumYQKVCUqfmAAr8wyClJNHU3CA097YtdnqE+MhLq49K5uOiURUoGEbM76OhtE/IjOis6e7DImzyBNRiNrlItcadnxC49eQPy9ooPaB/m4nzCbX6qjuAwpn5fi4xMWuLzgX5y29BPyY2F6hiCLehYG2vERMRXAFCJK9VMYigWmr1mdnEin7z8fj2PWKKgUYLLweC/0l6e1iLwlnFW9a5d0egAacL2vuRBI24/uS2FTKuqau+MyYIO6ZCOEu7fGk5LAn1YZDNP17oWUmPwDSomFbMWzc2/xxH74+Yi6VMfJ9CtCzc0mF/RQH3Zrt4OMWAGfHvl+hrvBMV7K5IvJYUcB+SAmwH27KrCqBqFzjhYPhwzAum5YzUCSgd5FQ3PrnqqAOBOkLeHBFNCSMkshLznkWHRLLkaSVAhdrZkh0xUmaEDHfFlFply2UT7dH84QzwelC/cjLRcdMSTipBmXGq/Ksf7KrgKZBdsZ1jgV8LRDxHZRLathpf4w/JmsXCJDCB5eCr0n6hZ0xplXBT9jUv+8KR1apsvbSiC+o/Yo9yYbUYYp/fucrj+lYeOs6Y6kmN+Yz1rp8MBj/XEQ+T7Pvgsacyi4vVLakbimYYVQII2rdooGuYKpXOEev6it8ibNmPUMiTjOm0cGUDcVIgn3LFBovpWaX8MZ8Ka33M9jvkpRwcdNWAok+OXUXWUGvM/K2SIdyxewZ4n7l5OW5FmsC1pYxLgaJj7WT1yhyyZPRbrCfjU7RQQNiwc/ZcDe2nxJdEMcxI=&u=U2FsdGVkX18Za69plJ/1P4aitbTy80Y8AFzWW7YQ6vo=&y=U2FsdGVkX19Y1bzlsqblzduQGwMsnn8leo2uAaPfKCCnBuGxMuYquyITTlzKhAVM HTTP/1.1" 200 1890
186.102.22.209 - - [13/Oct/2022:09:12:48 -0500] "GET /kwssiamovil/sm/acme/s?s=U2FsdGVkX1+easa7KmiVx20urugNihYbim0tF9X/gvtwHQq85kqFJo3qrMWBMJkDC7r6hYM1CAz/duLVGvELt1xUlkwZwsAqXhYu67PPYlNx8KJNGEMlu/yHmqX1wHzjyTadakkvTf8icJFZY6HkdwYziLPnxwjpSqlwwsX65gnd6qD9AyY0dfiyYDgDONls24weByoMI63FIoWjVUOcnq9k9ATaGTCBVNZjFY7BfFxir1+Hbik9pdtXEcqoxvxXavYZWbMWmGx7KjLc7x/zat/H8b34WafdOqNRF1MmW/AU2nIq3R8CpQDXxfr1Rt2PH6Dalk0UgXEYUZ/2OOWlLw==&u=U2FsdGVkX18Za69plJ/1P4aitbTy80Y8AFzWW7YQ6vo=&y=U2FsdGVkX19Y1bzlsqblzduQGwMsnn8leo2uAaPfKCCnBuGxMuYquyITTlzKhAVM HTTP/1.1" 200 327
201.245.192.253 - - [13/Oct/2022:09:12:48 -0500] "POST /sipse/faces/presentacion/financiero/solicitudProceso/consultarSolicitudProceso.xhtml HTTP/1.1" 200 87289
186.102.22.209 - - [13/Oct/2022:09:12:48 -0500] "GET /kwssiamovil/sm/cjson/pre?f=9&x=U2FsdGVkX1/O6kcatNzupxHn7f6HJkvnrwm1LeFx835LK4SdhFFJyMZnXXkv2ZVr HTTP/1.1" 200 25142
186.102.22.209 - - [13/Oct/2022:09:12:49 -0500] "GET /kwssiamovil/sm/cjson/pre?f=18&x=U2FsdGVkX1/O6kcatNzupxHn7f6HJkvnrwm1LeFx835LK4SdhFFJyMZnXXkv2ZVr HTTP/1.1" 200 32849
190.27.151.122 - - [13/Oct/2022:09:12:52 -0500] "POST /sipse/faces/presentacion/proyectos/proyecto/proyecto.xhtml HTTP/1.1" 200 136994
190.27.151.122 - - [13/Oct/2022:09:12:54 -0500] "GET /sipse/faces/javax.faces.resource/jquery/jquery.js?ln=primefaces&v=4.0 HTTP/1.1" 304 -
190.27.151.122 - - [13/Oct/2022:09:12:54 -0500] "GET /sipse/faces/javax.faces.resource/jquery/jquery-plugins.js?ln=primefaces&v=4.0 HTTP/1.1" 304 -
190.27.151.122 - - [13/Oct/2022:09:12:54 -0500] "GET /sipse/faces/javax.faces.resource/primefaces.js?ln=primefaces&v=4.0 HTTP/1.1" 304 -
190.27.151.122 - - [13/Oct/2022:09:12:54 -0500] "GET /sipse/faces/javax.faces.resource/layout/layout.js?ln=primefaces&v=4.0 HTTP/1.1" 304 -
190.27.151.122 - - [13/Oct/2022:09:13:03 -0500] "POST /sipse/faces/presentacion/proyectos/proyecto/meta/meta.xhtml HTTP/1.1" 200 173071
190.27.151.122 - - [13/Oct/2022:09:13:03 -0500] "GET /sipse/faces/javax.faces.resource/jquery/jquery.js?ln=primefaces&v=4.0 HTTP/1.1" 304 -
190.27.151.122 - - [13/Oct/2022:09:13:04 -0500] "GET /sipse/faces/javax.faces.resource/jquery/jquery-plugins.js?ln=primefaces&v=4.0 HTTP/1.1" 304 -
190.27.151.122 - - [13/Oct/2022:09:13:04 -0500] "GET /sipse/faces/javax.faces.resource/primefaces.js?ln=primefaces&v=4.0 HTTP/1.1" 304 -
190.27.151.122 - - [13/Oct/2022:09:13:04 -0500] "GET /sipse/faces/javax.faces.resource/layout/layout.js?ln=primefaces&v=4.0 HTTP/1.1" 304 -
190.27.151.122 - - [13/Oct/2022:09:13:28 -0500] "POST /sipse/faces/presentacion/proyectos/proyecto/actividad/crearActividad.xhtml HTTP/1.1" 200 2552
190.27.151.122 - - [13/Oct/2022:09:13:31 -0500] "POST /sipse/faces/presentacion/proyectos/proyecto/actividad/crearActividad.xhtml HTTP/1.1" 200 2576
190.27.151.122 - - [13/Oct/2022:09:13:48 -0500] "POST /sipse/faces/presentacion/proyectos/proyecto/actividad/crearActividad.xhtml HTTP/1.1" 200 2588
190.27.151.122 - - [13/Oct/2022:09:13:59 -0500] "POST /sipse/faces/presentacion/proyectos/proyecto/actividad/crearActividad.xhtml HTTP/1.1" 200 2600
190.27.151.122 - - [13/Oct/2022:09:14:00 -0500] "POST /sipse/faces/presentacion/proyectos/proyecto/actividad/crearActividad.xhtml HTTP/1.1" 200 2612
181.48.168.109 - - [13/Oct/2022:09:14:09 -0500] "GET /catalogoisis/ HTTP/1.1" 200 8575
181.48.168.109 - - [13/Oct/2022:09:14:09 -0500] "GET /catalogoisis/Css/Busqueda.css HTTP/1.1" 200 1995
181.48.168.109 - - [13/Oct/2022:09:14:09 -0500] "GET /catalogoisis/Js/AceptarLimpiar.js HTTP/1.1" 200 331
181.48.168.109 - - [13/Oct/2022:09:14:09 -0500] "GET /catalogoisis/Js/Cookies.js HTTP/1.1" 200 1369
181.48.168.109 - - [13/Oct/2022:09:14:09 -0500] "GET /catalogoisis/Js/CriterioCombinada.js HTTP/1.1" 200 1843
181.48.168.109 - - [13/Oct/2022:09:14:09 -0500] "GET /catalogoisis/Js/LimpiarCombinada.js HTTP/1.1" 200 207
181.48.168.109 - - [13/Oct/2022:09:14:09 -0500] "GET /catalogoisis/Js/Remote.js HTTP/1.1" 200 436
181.48.168.109 - - [13/Oct/2022:09:14:09 -0500] "GET /catalogoisis/Js/Go.js HTTP/1.1" 200 364
181.48.168.109 - - [13/Oct/2022:09:14:09 -0500] "GET /catalogoisis/Js/Numero.js HTTP/1.1" 200 398
181.48.168.109 - - [13/Oct/2022:09:14:09 -0500] "GET /catalogoisis/Js/Enter.js HTTP/1.1" 200 1208
181.48.168.109 - - [13/Oct/2022:09:14:09 -0500] "GET /catalogoisis/imagenes/br1c1.gif HTTP/1.1" 200 172
181.48.168.109 - - [13/Oct/2022:09:14:09 -0500] "GET /catalogoisis/imagenes/Turnbo1.gif HTTP/1.1" 200 227
181.48.168.109 - - [13/Oct/2022:09:14:09 -0500] "GET /catalogoisis/imagenes/br1c3.gif HTTP/1.1" 200 302
181.48.168.109 - - [13/Oct/2022:09:14:09 -0500] "GET /catalogoisis/imagenes/aceptar1.gif HTTP/1.1" 200 604
181.48.168.109 - - [13/Oct/2022:09:14:09 -0500] "GET /catalogoisis/imagenes/limpiar1.gif HTTP/1.1" 200 606
181.48.168.109 - - [13/Oct/2022:09:14:09 -0500] "GET /catalogoisis/imagenes/br3c1.gif HTTP/1.1" 200 177
181.48.168.109 - - [13/Oct/2022:09:14:09 -0500] "GET /catalogoisis/imagenes/Header.gif HTTP/1.1" 200 30313
181.48.168.109 - - [13/Oct/2022:09:14:09 -0500] "GET /catalogoisis/imagenes/br3c2.gif HTTP/1.1" 200 285
181.48.168.109 - - [13/Oct/2022:09:14:09 -0500] "GET /catalogoisis/imagenes/br3c3.gif HTTP/1.1" 200 186
181.48.168.109 - - [13/Oct/2022:09:14:09 -0500] "GET /catalogoisis/imagenes/br1c2.gif HTTP/1.1" 200 297
181.48.168.109 - - [13/Oct/2022:09:14:09 -0500] "GET /catalogoisis/imagenes/br2c1.gif HTTP/1.1" 200 297
181.48.168.109 - - [13/Oct/2022:09:14:09 -0500] "GET /catalogoisis/imagenes/br2c3.gif HTTP/1.1" 200 416
181.48.168.109 - - [13/Oct/2022:09:14:09 -0500] "GET /catalogoisis/imagenes/br2c2.gif HTTP/1.1" 200 302
181.48.168.109 - - [13/Oct/2022:09:14:09 -0500] "GET /favicon.ico HTTP/1.1" 200 7782
201.245.192.253 - - [13/Oct/2022:09:14:22 -0500] "POST /sipse/faces/presentacion/proyectos/proyecto/presupuesto/presupuestoEntreActividades/resumen.xhtml HTTP/1.1" 200 2955
207.46.13.190 - - [13/Oct/2022:09:14:26 -0500] "GET /forest/ HTTP/1.1" 200 12041
201.245.192.253 - - [13/Oct/2022:09:14:31 -0500] "POST /sipse/faces/presentacion/proyectos/proyecto/presupuesto/presupuestoEntreActividades/resumen.xhtml HTTP/1.1" 200 2955
201.245.192.253 - - [13/Oct/2022:09:14:30 -0500] "POST /kwsrmcab/Wsrmcab  HTTP/1.1" 200 44061
201.245.192.253 - - [13/Oct/2022:09:14:47 -0500] "POST /sipse/faces/presentacion/proyectos/proyecto/presupuesto/presupuestoEntreActividades/resumen.xhtml HTTP/1.1" 200 2959
66.249.73.127 - - [13/Oct/2022:09:14:55 -0500] "-" 408 -
172.22.2.4 - - [13/Oct/2022:09:13:42 -0500] "HEAD /BLA/boletinlegal/ HTTP/1.1" 200 -
190.27.151.122 - - [13/Oct/2022:09:15:32 -0500] "POST /sipse/faces/presentacion/proyectos/proyecto/actividad/crearActividad.xhtml HTTP/1.1" 200 2616
201.245.192.253 - - [13/Oct/2022:09:15:33 -0500] "POST /sipse/faces/presentacion/proyectos/proyecto/presupuesto/presupuestoEntreActividades/resumen.xhtml HTTP/1.1" 200 2980
201.245.192.253 - - [13/Oct/2022:09:15:33 -0500] "POST /sipse/faces/presentacion/proyectos/proyecto/presupuesto/presupuestoEntreActividades/resumen.xhtml HTTP/1.1" 200 2984
201.245.192.253 - - [13/Oct/2022:09:15:34 -0500] "POST /sipse/faces/presentacion/proyectos/proyecto/presupuesto/presupuestoEntreActividades/resumen.xhtml HTTP/1.1" 200 2980
201.245.192.253 - - [13/Oct/2022:09:15:36 -0500] "POST /sipse/faces/presentacion/proyectos/proyecto/presupuesto/presupuestoEntreActividades/resumen.xhtml HTTP/1.1" 200 2984
201.245.192.253 - - [13/Oct/2022:09:15:37 -0500] "POST /sipse/faces/presentacion/proyectos/proyecto/presupuesto/presupuestoEntreActividades/resumen.xhtml HTTP/1.1" 200 2980
201.245.192.253 - - [13/Oct/2022:09:15:38 -0500] "POST /sipse/faces/presentacion/proyectos/proyecto/presupuesto/presupuestoEntreActividades/resumen.xhtml HTTP/1.1" 200 2988
201.245.192.253 - - [13/Oct/2022:09:15:44 -0500] "POST /sipse/faces/presentacion/proyectos/proyecto/presupuesto/presupuestoEntreActividades/resumen.xhtml HTTP/1.1" 200 2980
201.245.192.253 - - [13/Oct/2022:09:15:45 -0500] "POST /sipse/faces/presentacion/proyectos/proyecto/presupuesto/presupuestoEntreActividades/resumen.xhtml HTTP/1.1" 200 2984
201.245.192.253 - - [13/Oct/2022:09:15:45 -0500] "POST /sipse/faces/presentacion/proyectos/proyecto/presupuesto/presupuestoEntreActividades/resumen.xhtml HTTP/1.1" 200 2980
201.245.192.253 - - [13/Oct/2022:09:15:47 -0500] "POST /sipse/faces/presentacion/proyectos/proyecto/presupuesto/presupuestoEntreActividades/resumen.xhtml HTTP/1.1" 200 4096
201.245.192.253 - - [13/Oct/2022:09:15:49 -0500] "POST /sipse/faces/presentacion/proyectos/proyecto/presupuesto/presupuestoEntreActividades/resumen.xhtml HTTP/1.1" 200 4092
201.245.192.253 - - [13/Oct/2022:09:15:51 -0500] "POST /sipse/faces/presentacion/proyectos/proyecto/presupuesto/presupuestoEntreActividades/resumen.xhtml HTTP/1.1" 200 2984
190.27.151.122 - - [13/Oct/2022:09:15:51 -0500] "POST /sipse/faces/presentacion/proyectos/proyecto/actividad/crearActividad.xhtml HTTP/1.1" 200 7311
190.27.151.122 - - [13/Oct/2022:09:15:52 -0500] "POST /sipse/faces/presentacion/proyectos/proyecto/actividad/crearActividad.xhtml HTTP/1.1" 200 7322
190.27.151.122 - - [13/Oct/2022:09:15:54 -0500] "POST /sipse/faces/presentacion/proyectos/proyecto/actividad/crearActividad.xhtml HTTP/1.1" 200 7334
190.27.151.122 - - [13/Oct/2022:09:15:55 -0500] "POST /sipse/faces/presentacion/proyectos/proyecto/actividad/crearActividad.xhtml HTTP/1.1" 200 51061
190.27.151.122 - - [13/Oct/2022:09:15:55 -0500] "GET /sipse/faces/javax.faces.resource/jquery/jquery.js?ln=primefaces&v=4.0 HTTP/1.1" 304 -
190.27.151.122 - - [13/Oct/2022:09:15:55 -0500] "GET /sipse/faces/javax.faces.resource/jquery/jquery-plugins.js?ln=primefaces&v=4.0 HTTP/1.1" 304 -
190.27.151.122 - - [13/Oct/2022:09:15:56 -0500] "GET /sipse/faces/javax.faces.resource/primefaces.js?ln=primefaces&v=4.0 HTTP/1.1" 304 -
190.27.151.122 - - [13/Oct/2022:09:15:56 -0500] "GET /sipse/faces/javax.faces.resource/layout/layout.js?ln=primefaces&v=4.0 HTTP/1.1" 304 -
201.245.192.253 - - [13/Oct/2022:09:16:02 -0500] "POST /sipse/faces/presentacion/proyectos/proyecto/presupuesto/presupuestoEntreActividades/resumen.xhtml HTTP/1.1" 200 4092
190.27.151.122 - - [13/Oct/2022:09:16:03 -0500] "POST /sipse/faces/presentacion/proyectos/proyecto/actividad/ponderacionVertical.xhtml HTTP/1.1" 200 32116
190.27.151.122 - - [13/Oct/2022:09:16:05 -0500] "POST /sipse/faces/presentacion/proyectos/proyecto/actividad/ponderacionVertical.xhtml HTTP/1.1" 200 32122
190.27.151.122 - - [13/Oct/2022:09:16:06 -0500] "POST /sipse/faces/presentacion/proyectos/proyecto/actividad/ponderacionVertical.xhtml HTTP/1.1" 200 178920
190.27.151.122 - - [13/Oct/2022:09:16:07 -0500] "GET /sipse/faces/javax.faces.resource/theme.css?ln=primefaces-sipse HTTP/1.1" 304 -
190.27.151.122 - - [13/Oct/2022:09:16:07 -0500] "GET /sipse/faces/javax.faces.resource/primefaces.css?ln=primefaces&v=4.0 HTTP/1.1" 304 -
190.27.151.122 - - [13/Oct/2022:09:16:07 -0500] "GET /sipse/faces/javax.faces.resource/jquery/jquery-plugins.js?ln=primefaces&v=4.0 HTTP/1.1" 304 -
190.27.151.122 - - [13/Oct/2022:09:16:07 -0500] "GET /sipse/faces/javax.faces.resource/jquery/jquery.js?ln=primefaces&v=4.0 HTTP/1.1" 304 -
190.27.151.122 - - [13/Oct/2022:09:16:07 -0500] "GET /sipse/faces/javax.faces.resource/layout/layout.css?ln=primefaces&v=4.0 HTTP/1.1" 304 -
190.27.151.122 - - [13/Oct/2022:09:16:07 -0500] "GET /sipse/faces/javax.faces.resource/primefaces.js?ln=primefaces&v=4.0 HTTP/1.1" 304 -
190.27.151.122 - - [13/Oct/2022:09:16:07 -0500] "GET /sipse/faces/javax.faces.resource/layout/layout.js?ln=primefaces&v=4.0 HTTP/1.1" 304 -
190.27.151.122 - - [13/Oct/2022:09:16:07 -0500] "GET /sipse/faces/javax.faces.resource/spacer/dot_clear.gif?ln=primefaces&v=4.0 HTTP/1.1" 304 -
190.27.151.122 - - [13/Oct/2022:09:16:07 -0500] "GET /sipse/faces/javax.faces.resource/images/ui-icons_898989_256x240.png?ln=primefaces-aristo HTTP/1.1" 304 -
190.27.151.122 - - [13/Oct/2022:09:16:07 -0500] "GET /sipse/faces/javax.faces.resource/messages/messages.png?ln=primefaces&v=4.0 HTTP/1.1" 304 -
172.22.2.4 - - [13/Oct/2022:09:14:32 -0500] "GET /BLA/boletinlegal/ HTTP/1.1" 200 57725
201.245.192.253 - - [13/Oct/2022:09:16:14 -0500] "POST /sipse/faces/presentacion/proyectos/proyecto/presupuesto/presupuestoEntreActividades/resumen.xhtml HTTP/1.1" 200 2984
201.245.192.253 - - [13/Oct/2022:09:16:16 -0500] "POST /sipse/faces/presentacion/proyectos/proyecto/presupuesto/presupuestoEntreActividades/resumen.xhtml HTTP/1.1" 200 3842
201.245.192.253 - - [13/Oct/2022:09:16:21 -0500] "POST /sipse/faces/presentacion/proyectos/proyecto/presupuesto/presupuestoEntreActividades/resumen.xhtml HTTP/1.1" 200 3172
201.245.192.253 - - [13/Oct/2022:09:16:21 -0500] "POST /sipse/faces/presentacion/proyectos/proyecto/presupuesto/presupuestoEntreActividades/resumen.xhtml HTTP/1.1" 200 2980
